2024-02-02T15:19:12.947+0000 7f1b9b200700 1 -- 172.21.15.1:0/359562764 --> [v2:172.21.15.1:6800/395498296,v1:172.21.15.1:6801/395498296] -- mgr_command(tid 0: {"prefix": "orch apply", "service_type": "mgr", "unmanaged": true, "target": ["mon-mgr", ""]}) v1 -- 0x7f1b94103f60 con 0x7f1b740383a0
2024-02-02T15:19:13.236 INFO:teuthology.orchestra.run.smithi001.stdout:/usr/bin/ceph: stderr
2024-02-02T15:19:12.952+0000 7f1b90c00700 1 -- 172.21.15.1:0/359562764 <== mgr.14122 v2:172.21.15.1:6800/395498296 1 ==== mgr_command_reply(tid 0: 0 ) v1 ==== 8+0+24 (secure 0 0 0) 0x7f1b94103f60 con 0x7f1b740383a0
2024-02-02T15:19:13.236 INFO:teuthology.orchestra.run.smithi001.stdout:/usr/bin/ceph: stderr
2024-02-02T15:19:12.954+0000 7f1b9b200700 1 -- 172.21.15.1:0/359562764 >> [v2:172.21.15.1:6800/395498296,v1:172.21.15.1:6801/395498296] conn(0x7f1b740383a0 msgr2=0x7f1b7403a860 secure :-1 s=STATE_CONNECTION_ESTABLISHED l=1).mark_down
2024-02-02T15:19:13.237 INFO:teuthology.orchestra.run.smithi001.stdout:/usr/bin/ceph: stderr
2024-02-02T15:19:12.954+0000 7f1b9b200700 1 --2- 172.21.15.1:0/359562764 >> [v2:172.21.15.1:6800/395498296,v1:172.21.15.1:6801/395498296] conn(0x7f1b740383a0 0x7f1b7403a860 secure :-1 s=READY pgs=13 cs=0 l=1 rev1=1 crypto rx=0x7f1b7c006fd0 tx=0x7f1b7c006e40 comp rx=0 tx=0).stop
2024-02-02T15:19:13.237 INFO:teuthology.orchestra.run.smithi001.stdout:/usr/bin/ceph: stderr
2024-02-02T15:19:12.954+0000 7f1b9b200700 1 -- 172.21.15.1:0/359562764 >> [v2:172.21.15.1:3300/0,v1:172.21.15.1:6789/0] conn(0x7f1b9407be60 msgr2=0x7f1b9419c580 secure :-1 s=STATE_CONNECTION_ESTABLISHED l=1).mark_down
2024-02-02T15:19:13.237 INFO:teuthology.orchestra.run.smithi001.stdout:/usr/bin/ceph: stderr
2024-02-02T15:19:12.954+0000 7f1b9b200700 1 --2- 172.21.15.1:0/359562764 >> [v2:172.21.15.1:3300/0,v1:172.21.15.1:6789/0] conn(0x7f1b9407be60 0x7f1b9419c580 secure :-1 s=READY pgs=52 cs=0 l=1 rev1=1 crypto rx=0x7f1b84003f00 tx=0x7f1b84011a30 comp rx=0 tx=0).stop
2024-02-02T15:19:13.237 INFO:teuthology.orchestra.run.smithi001.stdout:/usr/bin/ceph: stderr
2024-02-02T15:19:12.954+0000 7f1b9b200700 1 -- 172.21.15.1:0/359562764 shutdown_connections
2024-02-02T15:19:13.237 INFO:teuthology.orchestra.run.smithi001.stdout:/usr/bin/ceph: stderr
2024-02-02T15:19:12.954+0000 7f1b9b200700 1 --2- 172.21.15.1:0/359562764 >> [v2:172.21.15.1:6800/395498296,v1:172.21.15.1:6801/395498296] conn(0x7f1b740383a0 0x7f1b7403a860 unknown :-1 s=CLOSED pgs=13 cs=0 l=1 rev1=1 crypto rx=0 tx=0 comp rx=0 tx=0).stop
2024-02-02T15:19:13.237 INFO:teuthology.orchestra.run.smithi001.stdout:/usr/bin/ceph: stderr
2024-02-02T15:19:12.954+0000 7f1b9b200700 1 --2- 172.21.15.1:0/359562764 >> [v2:172.21.15.1:3300/0,v1:172.21.15.1:6789/0] conn(0x7f1b9407be60 0x7f1b9419c580 unknown :-1 s=CLOSED pgs=52 cs=0 l=1 rev1=1 crypto rx=0 tx=0 comp rx=0 tx=0).stop
2024-02-02T15:19:13.237 INFO:teuthology.orchestra.run.smithi001.stdout:/usr/bin/ceph: stderr
2024-02-02T15:19:12.954+0000 7f1b9b200700 1 -- 172.21.15.1:0/359562764 >> 172.21.15.1:0/359562764 conn(0x7f1b94101c20 msgr2=0x7f1b94103340 unknown :-1 s=STATE_NONE l=0).mark_down
2024-02-02T15:19:13.237 INFO:teuthology.orchestra.run.smithi001.stdout:/usr/bin/ceph: stderr
2024-02-02T15:19:12.954+0000 7f1b9b200700 1 -- 172.21.15.1:0/359562764 shutdown_connections
2024-02-02T15:19:13.237 INFO:teuthology.orchestra.run.smithi001.stdout:/usr/bin/ceph: stderr
2024-02-02T15:19:12.954+0000 7f1b9b200700 1 -- 172.21.15.1:0/359562764 wait complete.
2024-02-02T15:19:14.338 INFO:teuthology.orchestra.run.smithi001.stdout:/usr/bin/ceph: stderr
2024-02-02T15:19:13.747+0000 7f40fe200700 1 Processor -- start
2024-02-02T15:19:14.338 INFO:teuthology.orchestra.run.smithi001.stdout:/usr/bin/ceph: stderr
2024-02-02T15:19:13.747+0000 7f40fe200700 1 -- start start
2024-02-02T15:19:14.338 INFO:teuthology.orchestra.run.smithi001.stdout:/usr/bin/ceph: stderr
2024-02-02T15:19:13.747+0000 7f40fe200700 1 --2- >> [v2:172.21.15.1:3300/0,v1:172.21.15.1:6789/0] conn(0x7f40f807be40 0x7f40f807a2a0 unknown :-1 s=NONE pgs=0 cs=0 l=0 rev1=0 crypto rx=0 tx=0 comp rx=0 tx=0).connect
2024-02-02T15:19:14.338 INFO:teuthology.orchestra.run.smithi001.stdout:/usr/bin/ceph: stderr
2024-02-02T15:19:13.747+0000 7f40fe200700 1 -- --> [v2:172.21.15.1:3300/0,v1:172.21.15.1:6789/0] -- mon_getmap magic: 0 v1 -- 0x7f40f807a870 con 0x7f40f807be40
2024-02-02T15:19:14.338 INFO:teuthology.orchestra.run.smithi001.stdout:/usr/bin/ceph: stderr
2024-02-02T15:19:13.748+0000 7f40f7400700 1 --2- >> [v2:172.21.15.1:3300/0,v1:172.21.15.1:6789/0] conn(0x7f40f807be40 0x7f40f807a2a0 unknown :-1 s=BANNER_CONNECTING pgs=0 cs=0 l=0 rev1=0 crypto rx=0 tx=0 comp rx=0 tx=0)._handle_peer_banner_payload supported=3 required=0
2024-02-02T15:19:14.338 INFO:teuthology.orchestra.run.smithi001.stdout:/usr/bin/ceph: stderr
2024-02-02T15:19:13.748+0000 7f40f7400700 1 --2- >> [v2:172.21.15.1:3300/0,v1:172.21.15.1:6789/0] conn(0x7f40f807be40 0x7f40f807a2a0 unknown :-1 s=HELLO_CONNECTING pgs=0 cs=0 l=0 rev1=1 crypto rx=0 tx=0 comp rx=0 tx=0).handle_hello peer v2:172.21.15.1:3300/0 says I am v2:172.21.15.1:59788/0 (socket says 172.21.15.1:59788)
2024-02-02T15:19:14.338 INFO:teuthology.orchestra.run.smithi001.stdout:/usr/bin/ceph: stderr
2024-02-02T15:19:13.748+0000 7f40f7400700 1 -- 172.21.15.1:0/889506477 learned_addr learned my addr 172.21.15.1:0/889506477 (peer_addr_for_me v2:172.21.15.1:0/0)
2024-02-02T15:19:14.338 INFO:teuthology.orchestra.run.smithi001.stdout:/usr/bin/ceph: stderr
2024-02-02T15:19:13.748+0000 7f40f7400700 1 -- 172.21.15.1:0/889506477 --> [v2:172.21.15.1:3300/0,v1:172.21.15.1:6789/0] -- mon_subscribe({config=0+,monmap=0+}) v3 -- 0x7f40f807a9b0 con 0x7f40f807be40
2024-02-02T15:19:14.338 INFO:teuthology.orchestra.run.smithi001.stdout:/usr/bin/ceph: stderr
2024-02-02T15:19:13.748+0000 7f40f7400700 1 --2- 172.21.15.1:0/889506477 >> [v2:172.21.15.1:3300/0,v1:172.21.15.1:6789/0] conn(0x7f40f807be40 0x7f40f807a2a0 secure :-1 s=READY pgs=53 cs=0 l=1 rev1=1 crypto rx=0x7f40e80098a0 tx=0x7f40e8009bb0 comp rx=0 tx=0).ready entity=mon.0 client_cookie=35fbead683fe602d server_cookie=0 in_seq=0 out_seq=0
2024-02-02T15:19:14.338 INFO:teuthology.orchestra.run.smithi001.stdout:/usr/bin/ceph: stderr
2024-02-02T15:19:13.749+0000 7f40f6000700 1 -- 172.21.15.1:0/889506477 <== mon.0 v2:172.21.15.1:3300/0 1 ==== mon_map magic: 0 v1 ==== 205+0+0 (secure 0 0 0) 0x7f40e8004160 con 0x7f40f807be40
2024-02-02T15:19:14.338 INFO:teuthology.orchestra.run.smithi001.stdout:/usr/bin/ceph: stderr
2024-02-02T15:19:13.749+0000 7f40f6000700 1 -- 172.21.15.1:0/889506477 <== mon.0 v2:172.21.15.1:3300/0 2 ==== config(26 keys) v1 ==== 1105+0+0 (secure 0 0 0) 0x7f40e80042c0 con 0x7f40f807be40
2024-02-02T15:19:14.339 INFO:teuthology.orchestra.run.smithi001.stdout:/usr/bin/ceph: stderr
2024-02-02T15:19:13.749+0000 7f40f6000700 1 -- 172.21.15.1:0/889506477 <== mon.0 v2:172.21.15.1:3300/0 3 ==== mon_map magic: 0 v1 ==== 205+0+0 (secure 0 0 0) 0x7f40e80119b0 con 0x7f40f807be40
2024-02-02T15:19:14.339 INFO:teuthology.orchestra.run.smithi001.stdout:/usr/bin/ceph: stderr
2024-02-02T15:19:13.749+0000 7f40fe200700 1 -- 172.21.15.1:0/889506477 >> [v2:172.21.15.1:3300/0,v1:172.21.15.1:6789/0] conn(0x7f40f807be40 msgr2=0x7f40f807a2a0 secure :-1 s=STATE_CONNECTION_ESTABLISHED l=1).mark_down
2024-02-02T15:19:14.339 INFO:teuthology.orchestra.run.smithi001.stdout:/usr/bin/ceph: stderr
2024-02-02T15:19:13.749+0000 7f40fe200700 1 --2- 172.21.15.1:0/889506477 >> [v2:172.21.15.1:3300/0,v1:172.21.15.1:6789/0] conn(0x7f40f807be40 0x7f40f807a2a0 secure :-1 s=READY pgs=53 cs=0 l=1 rev1=1 crypto rx=0x7f40e80098a0 tx=0x7f40e8009bb0 comp rx=0 tx=0).stop
2024-02-02T15:19:14.339 INFO:teuthology.orchestra.run.smithi001.stdout:/usr/bin/ceph: stderr
2024-02-02T15:19:13.749+0000 7f40fe200700 1 -- 172.21.15.1:0/889506477 shutdown_connections
2024-02-02T15:19:14.339 INFO:teuthology.orchestra.run.smithi001.stdout:/usr/bin/ceph: stderr
2024-02-02T15:19:13.749+0000 7f40fe200700 1 --2- 172.21.15.1:0/889506477 >> [v2:172.21.15.1:3300/0,v1:172.21.15.1:6789/0] conn(0x7f40f807be40 0x7f40f807a2a0 unknown :-1 s=CLOSED pgs=53 cs=0 l=1 rev1=1 crypto rx=0 tx=0 comp rx=0 tx=0).stop
2024-02-02T15:19:14.339 INFO:teuthology.orchestra.run.smithi001.stdout:/usr/bin/ceph: stderr
2024-02-02T15:19:13.749+0000 7f40fe200700 1 -- 172.21.15.1:0/889506477 >> 172.21.15.1:0/889506477 conn(0x7f40f8101c20 msgr2=0x7f40f8104040 unknown :-1 s=STATE_NONE l=0).mark_down
2024-02-02T15:19:14.339 INFO:teuthology.orchestra.run.smithi001.stdout:/usr/bin/ceph: stderr
2024-02-02T15:19:13.749+0000 7f40fe200700 1 -- 172.21.15.1:0/889506477 shutdown_connections
2024-02-02T15:19:14.339 INFO:teuthology.orchestra.run.smithi001.stdout:/usr/bin/ceph: stderr
2024-02-02T15:19:13.749+0000 7f40fe200700 1 -- 172.21.15.1:0/889506477 wait complete.
2024-02-02T15:19:14.339 INFO:teuthology.orchestra.run.smithi001.stdout:/usr/bin/ceph: stderr
2024-02-02T15:19:13.751+0000 7f40fe200700 1 Processor -- start
2024-02-02T15:19:14.339 INFO:teuthology.orchestra.run.smithi001.stdout:/usr/bin/ceph: stderr
2024-02-02T15:19:13.751+0000 7f40fe200700 1 -- start start
2024-02-02T15:19:14.339 INFO:teuthology.orchestra.run.smithi001.stdout:/usr/bin/ceph: stderr
2024-02-02T15:19:13.751+0000 7f40fe200700 1 --2- >> [v2:172.21.15.1:3300/0,v1:172.21.15.1:6789/0] conn(0x7f40f807be40 0x7f40f819c570 unknown :-1 s=NONE pgs=0 cs=0 l=1 rev1=0 crypto rx=0 tx=0 comp rx=0 tx=0).connect
2024-02-02T15:19:14.339 INFO:teuthology.orchestra.run.smithi001.stdout:/usr/bin/ceph: stderr
2024-02-02T15:19:13.752+0000 7f40fe200700 1 -- --> [v2:172.21.15.1:3300/0,v1:172.21.15.1:6789/0] -- mon_getmap magic: 0 v1 -- 0x7f40f819cab0 con 0x7f40f807be40
2024-02-02T15:19:14.339 INFO:teuthology.orchestra.run.smithi001.stdout:/usr/bin/ceph: stderr
2024-02-02T15:19:13.752+0000 7f40f7400700 1 --2- >> [v2:172.21.15.1:3300/0,v1:172.21.15.1:6789/0] conn(0x7f40f807be40 0x7f40f819c570 unknown :-1 s=BANNER_CONNECTING pgs=0 cs=0 l=1 rev1=0 crypto rx=0 tx=0 comp rx=0 tx=0)._handle_peer_banner_payload supported=3 required=0
2024-02-02T15:19:14.340 INFO:teuthology.orchestra.run.smithi001.stdout:/usr/bin/ceph: stderr
2024-02-02T15:19:13.752+0000 7f40f7400700 1 --2- >> [v2:172.21.15.1:3300/0,v1:172.21.15.1:6789/0] conn(0x7f40f807be40 0x7f40f819c570 unknown :-1 s=HELLO_CONNECTING pgs=0 cs=0 l=1 rev1=1 crypto rx=0 tx=0 comp rx=0 tx=0).handle_hello peer v2:172.21.15.1:3300/0 says I am v2:172.21.15.1:59794/0 (socket says 172.21.15.1:59794)
2024-02-02T15:19:14.340 INFO:teuthology.orchestra.run.smithi001.stdout:/usr/bin/ceph: stderr
2024-02-02T15:19:13.752+0000 7f40f7400700 1 -- 172.21.15.1:0/1271526557 learned_addr learned my addr 172.21.15.1:0/1271526557 (peer_addr_for_me v2:172.21.15.1:0/0)
2024-02-02T15:19:14.340 INFO:teuthology.orchestra.run.smithi001.stdout:/usr/bin/ceph: stderr
2024-02-02T15:19:13.752+0000 7f40f7400700 1 -- 172.21.15.1:0/1271526557 --> [v2:172.21.15.1:3300/0,v1:172.21.15.1:6789/0] -- mon_subscribe({config=0+,monmap=0+}) v3 -- 0x7f40e8009550 con 0x7f40f807be40
2024-02-02T15:19:14.340 INFO:teuthology.orchestra.run.smithi001.stdout:/usr/bin/ceph: stderr
2024-02-02T15:19:13.752+0000 7f40f7400700 1 --2- 172.21.15.1:0/1271526557 >> [v2:172.21.15.1:3300/0,v1:172.21.15.1:6789/0] conn(0x7f40f807be40 0x7f40f819c570 secure :-1 s=READY pgs=54 cs=0 l=1 rev1=1 crypto rx=0x7f40e8003f00 tx=0x7f40e8011a30 comp rx=0 tx=0).ready entity=mon.0 client_cookie=0 server_cookie=0 in_seq=0 out_seq=0
2024-02-02T15:19:14.340 INFO:teuthology.orchestra.run.smithi001.stdout:/usr/bin/ceph: stderr
2024-02-02T15:19:13.752+0000 7f40efe00700 1 -- 172.21.15.1:0/1271526557 <== mon.0 v2:172.21.15.1:3300/0 1 ==== mon_map magic: 0 v1 ==== 205+0+0 (secure 0 0 0) 0x7f40e8003b20 con 0x7f40f807be40
2024-02-02T15:19:14.340 INFO:teuthology.orchestra.run.smithi001.stdout:/usr/bin/ceph: stderr
2024-02-02T15:19:13.753+0000 7f40efe00700 1 -- 172.21.15.1:0/1271526557 <== mon.0 v2:172.21.15.1:3300/0 2 ==== config(26 keys) v1 ==== 1105+0+0 (secure 0 0 0) 0x7f40e8003c80 con 0x7f40f807be40
2024-02-02T15:19:14.340 INFO:teuthology.orchestra.run.smithi001.stdout:/usr/bin/ceph: stderr
2024-02-02T15:19:13.753+0000 7f40efe00700 1 -- 172.21.15.1:0/1271526557 <== mon.0 v2:172.21.15.1:3300/0 3 ==== mon_map magic: 0 v1 ==== 205+0+0 (secure 0 0 0) 0x7f40e8019770 con 0x7f40f807be40
2024-02-02T15:19:14.340 INFO:teuthology.orchestra.run.smithi001.stdout:/usr/bin/ceph: stderr
2024-02-02T15:19:13.753+0000 7f40fe200700 1 -- 172.21.15.1:0/1271526557 --> [v2:172.21.15.1:3300/0,v1:172.21.15.1:6789/0] -- mon_subscribe({mgrmap=0+}) v3 -- 0x7f40f819ccb0 con 0x7f40f807be40
2024-02-02T15:19:14.340 INFO:teuthology.orchestra.run.smithi001.stdout:/usr/bin/ceph: stderr
2024-02-02T15:19:13.753+0000 7f40fe200700 1 -- 172.21.15.1:0/1271526557 --> [v2:172.21.15.1:3300/0,v1:172.21.15.1:6789/0] -- mon_subscribe({osdmap=0}) v3 -- 0x7f40f819d0d0 con 0x7f40f807be40
2024-02-02T15:19:14.340 INFO:teuthology.orchestra.run.smithi001.stdout:/usr/bin/ceph: stderr
2024-02-02T15:19:13.754+0000 7f40fe200700 1 -- 172.21.15.1:0/1271526557 --> [v2:172.21.15.1:3300/0,v1:172.21.15.1:6789/0] -- mon_command({"prefix": "get_command_descriptions"} v 0) v1 -- 0x7f40f810ca20 con 0x7f40f807be40
2024-02-02T15:19:14.340 INFO:teuthology.orchestra.run.smithi001.stdout:/usr/bin/ceph: stderr
2024-02-02T15:19:13.754+0000 7f40efe00700 1 -- 172.21.15.1:0/1271526557 <== mon.0 v2:172.21.15.1:3300/0 4 ==== mgrmap(e 8) v1 ==== 45268+0+0 (secure 0 0 0) 0x7f40e801ab60 con 0x7f40f807be40
2024-02-02T15:19:14.340 INFO:teuthology.orchestra.run.smithi001.stdout:/usr/bin/ceph: stderr
2024-02-02T15:19:13.754+0000 7f40efe00700 1 --2- 172.21.15.1:0/1271526557 >> [v2:172.21.15.1:6800/395498296,v1:172.21.15.1:6801/395498296] conn(0x7f40d8038350 0x7f40d803a810 unknown :-1 s=NONE pgs=0 cs=0 l=1 rev1=0 crypto rx=0 tx=0 comp rx=0 tx=0).connect
2024-02-02T15:19:14.340 INFO:teuthology.orchestra.run.smithi001.stdout:/usr/bin/ceph: stderr
2024-02-02T15:19:13.754+0000 7f40efe00700 1 -- 172.21.15.1:0/1271526557 <== mon.0 v2:172.21.15.1:3300/0 5 ==== osd_map(2..2 src has 1..2) v4 ==== 940+0+0 (secure 0 0 0) 0x7f40e804c4f0 con 0x7f40f807be40
2024-02-02T15:19:14.341 INFO:teuthology.orchestra.run.smithi001.stdout:/usr/bin/ceph: stderr
2024-02-02T15:19:13.754+0000 7f40f6a00700 1 --2- 172.21.15.1:0/1271526557 >> [v2:172.21.15.1:6800/395498296,v1:172.21.15.1:6801/395498296] conn(0x7f40d8038350 0x7f40d803a810 unknown :-1 s=BANNER_CONNECTING pgs=0 cs=0 l=1 rev1=0 crypto rx=0 tx=0 comp rx=0 tx=0)._handle_peer_banner_payload supported=3 required=0
2024-02-02T15:19:14.341 INFO:teuthology.orchestra.run.smithi001.stdout:/usr/bin/ceph: stderr
2024-02-02T15:19:13.755+0000 7f40f6a00700 1 --2- 172.21.15.1:0/1271526557 >> [v2:172.21.15.1:6800/395498296,v1:172.21.15.1:6801/395498296] conn(0x7f40d8038350 0x7f40d803a810 secure :-1 s=READY pgs=14 cs=0 l=1 rev1=1 crypto rx=0x7f40e0006fd0 tx=0x7f40e0006e40 comp rx=0 tx=0).ready entity=mgr.14122 client_cookie=0 server_cookie=0 in_seq=0 out_seq=0
2024-02-02T15:19:14.341 INFO:teuthology.orchestra.run.smithi001.stdout:/usr/bin/ceph: stderr
2024-02-02T15:19:13.759+0000 7f40efe00700 1 -- 172.21.15.1:0/1271526557 <== mon.0 v2:172.21.15.1:3300/0 6 ==== mon_command_ack([{"prefix": "get_command_descriptions"}]=0 v0) v1 ==== 72+0+180467 (secure 0 0 0) 0x7f40e801a430 con 0x7f40f807be40
2024-02-02T15:19:14.341 INFO:teuthology.orchestra.run.smithi001.stdout:/usr/bin/ceph: stderr
2024-02-02T15:19:13.979+0000 7f40fe200700 1 -- 172.21.15.1:0/1271526557 --> [v2:172.21.15.1:3300/0,v1:172.21.15.1:6789/0] -- mon_command([{prefix=config set, name=mgr/cephadm/container_init}] v 0) v1 -- 0x7f40f810cc10 con 0x7f40f807be40
2024-02-02T15:19:14.341 INFO:teuthology.orchestra.run.smithi001.stdout:/usr/bin/ceph: stderr
2024-02-02T15:19:13.983+0000 7f40efe00700 1 -- 172.21.15.1:0/1271526557 <== mon.0 v2:172.21.15.1:3300/0 7 ==== mon_command_ack([{prefix=config set, name=mgr/cephadm/container_init}]=0 v7)=0 v7) v1 ==== 142+0+0 (secure 0 0 0) 0x7f40e802db40 con 0x7f40f807be40
2024-02-02T15:19:14.341 INFO:teuthology.orchestra.run.smithi001.stdout:/usr/bin/ceph: stderr
2024-02-02T15:19:13.986+0000 7f40fe200700 1 -- 172.21.15.1:0/1271526557 >> [v2:172.21.15.1:6800/395498296,v1:172.21.15.1:6801/395498296] conn(0x7f40d8038350 msgr2=0x7f40d803a810 secure :-1 s=STATE_CONNECTION_ESTABLISHED l=1).mark_down
2024-02-02T15:19:14.341 INFO:teuthology.orchestra.run.smithi001.stdout:/usr/bin/ceph: stderr
2024-02-02T15:19:13.986+0000 7f40fe200700 1 --2- 172.21.15.1:0/1271526557 >> [v2:172.21.15.1:6800/395498296,v1:172.21.15.1:6801/395498296] conn(0x7f40d8038350 0x7f40d803a810 secure :-1 s=READY pgs=14 cs=0 l=1 rev1=1 crypto rx=0x7f40e0006fd0 tx=0x7f40e0006e40 comp rx=0 tx=0).stop
2024-02-02T15:19:14.341 INFO:teuthology.orchestra.run.smithi001.stdout:/usr/bin/ceph: stderr
2024-02-02T15:19:13.986+0000 7f40fe200700 1 -- 172.21.15.1:0/1271526557 >> [v2:172.21.15.1:3300/0,v1:172.21.15.1:6789/0] conn(0x7f40f807be40 msgr2=0x7f40f819c570 secure :-1 s=STATE_CONNECTION_ESTABLISHED l=1).mark_down
2024-02-02T15:19:14.341 INFO:teuthology.orchestra.run.smithi001.stdout:/usr/bin/ceph: stderr
2024-02-02T15:19:13.986+0000 7f40fe200700 1 --2- 172.21.15.1:0/1271526557 >> [v2:172.21.15.1:3300/0,v1:172.21.15.1:6789/0] conn(0x7f40f807be40 0x7f40f819c570 secure :-1 s=READY pgs=54 cs=0 l=1 rev1=1 crypto rx=0x7f40e8003f00 tx=0x7f40e8011a30 comp rx=0 tx=0).stop
2024-02-02T15:19:14.341 INFO:teuthology.orchestra.run.smithi001.stdout:/usr/bin/ceph: stderr
2024-02-02T15:19:13.986+0000 7f40fe200700 1 -- 172.21.15.1:0/1271526557 shutdown_connections
2024-02-02T15:19:14.341 INFO:teuthology.orchestra.run.smithi001.stdout:/usr/bin/ceph: stderr
2024-02-02T15:19:13.986+0000 7f40fe200700 1 --2- 172.21.15.1:0/1271526557 >> [v2:172.21.15.1:6800/395498296,v1:172.21.15.1:6801/395498296] conn(0x7f40d8038350 0x7f40d803a810 unknown :-1 s=CLOSED pgs=14 cs=0 l=1 rev1=1 crypto rx=0 tx=0 comp rx=0 tx=0).stop
2024-02-02T15:19:14.341 INFO:teuthology.orchestra.run.smithi001.stdout:/usr/bin/ceph: stderr
2024-02-02T15:19:13.986+0000 7f40fe200700 1 --2- 172.21.15.1:0/1271526557 >> [v2:172.21.15.1:3300/0,v1:172.21.15.1:6789/0] conn(0x7f40f807be40 0x7f40f819c570 unknown :-1 s=CLOSED pgs=54 cs=0 l=1 rev1=1 crypto rx=0 tx=0 comp rx=0 tx=0).stop
2024-02-02T15:19:14.341 INFO:teuthology.orchestra.run.smithi001.stdout:/usr/bin/ceph: stderr
2024-02-02T15:19:13.986+0000 7f40fe200700 1 -- 172.21.15.1:0/1271526557 >> 172.21.15.1:0/1271526557 conn(0x7f40f8101c20 msgr2=0x7f40f81032f0 unknown :-1 s=STATE_NONE l=0).mark_down
2024-02-02T15:19:14.341 INFO:teuthology.orchestra.run.smithi001.stdout:/usr/bin/ceph: stderr
2024-02-02T15:19:13.986+0000 7f40fe200700 1 -- 172.21.15.1:0/1271526557 shutdown_connections
2024-02-02T15:19:14.342 INFO:teuthology.orchestra.run.smithi001.stdout:/usr/bin/ceph: stderr
2024-02-02T15:19:13.986+0000 7f40fe200700 1 -- 172.21.15.1:0/1271526557 wait complete.
2024-02-02T15:19:14.342 INFO:journalctl@ceph.mon.a.smithi001.stdout:Feb 02 15:19:13 smithi001 ceph-mon[35470]: from='client.14146 -' entity='client.admin' cmd=[{"prefix": "orch apply", "service_type": "mgr", "unmanaged": true, "target": ["mon-mgr", ""]}]: dispatch
2024-02-02T15:19:14.342 INFO:journalctl@ceph.mon.a.smithi001.stdout:Feb 02 15:19:13 smithi001 ceph-mon[35470]: Saving service mgr spec with placement count:2
2024-02-02T15:19:14.342 INFO:journalctl@ceph.mon.a.smithi001.stdout:Feb 02 15:19:13 smithi001 ceph-mon[35470]: from='mgr.14122 172.21.15.1:0/954154330' entity='mgr.x'
2024-02-02T15:19:14.342 INFO:journalctl@ceph.mon.a.smithi001.stdout:Feb 02 15:19:13 smithi001 ceph-mon[35470]: from='mgr.14122 172.21.15.1:0/954154330' entity='mgr.x'
2024-02-02T15:19:15.233 INFO:journalctl@ceph.mon.a.smithi001.stdout:Feb 02 15:19:14 smithi001 ceph-mon[35470]: from='client.? 172.21.15.1:0/1271526557' entity='client.admin'
2024-02-02T15:19:15.390 INFO:teuthology.orchestra.run.smithi001.stdout:/usr/bin/ceph: stderr
2024-02-02T15:19:14.776+0000 7f6f7e400700 1 Processor -- start
2024-02-02T15:19:15.390 INFO:teuthology.orchestra.run.smithi001.stdout:/usr/bin/ceph: stderr
2024-02-02T15:19:14.776+0000 7f6f7e400700 1 -- start start
2024-02-02T15:19:15.390 INFO:teuthology.orchestra.run.smithi001.stdout:/usr/bin/ceph: stderr
2024-02-02T15:19:14.776+0000 7f6f7e400700 1 --2- >> [v2:172.21.15.1:3300/0,v1:172.21.15.1:6789/0] conn(0x7f6f78106620 0x7f6f78106a40 unknown :-1 s=NONE pgs=0 cs=0 l=0 rev1=0 crypto rx=0 tx=0 comp rx=0 tx=0).connect
2024-02-02T15:19:15.390 INFO:teuthology.orchestra.run.smithi001.stdout:/usr/bin/ceph: stderr
2024-02-02T15:19:14.776+0000 7f6f7e400700 1 -- --> [v2:172.21.15.1:3300/0,v1:172.21.15.1:6789/0] -- mon_getmap magic: 0 v1 -- 0x7f6f78107010 con 0x7f6f78106620
2024-02-02T15:19:15.390 INFO:teuthology.orchestra.run.smithi001.stdout:/usr/bin/ceph: stderr
2024-02-02T15:19:14.777+0000 7f6f77400700 1 --2- >> [v2:172.21.15.1:3300/0,v1:172.21.15.1:6789/0] conn(0x7f6f78106620 0x7f6f78106a40 unknown :-1 s=BANNER_CONNECTING pgs=0 cs=0 l=0 rev1=0 crypto rx=0 tx=0 comp rx=0 tx=0)._handle_peer_banner_payload supported=3 required=0
2024-02-02T15:19:15.390 INFO:teuthology.orchestra.run.smithi001.stdout:/usr/bin/ceph: stderr
2024-02-02T15:19:14.777+0000 7f6f77400700 1 --2- >> [v2:172.21.15.1:3300/0,v1:172.21.15.1:6789/0] conn(0x7f6f78106620 0x7f6f78106a40 unknown :-1 s=HELLO_CONNECTING pgs=0 cs=0 l=0 rev1=1 crypto rx=0 tx=0 comp rx=0 tx=0).handle_hello peer v2:172.21.15.1:3300/0 says I am v2:172.21.15.1:59800/0 (socket says 172.21.15.1:59800)
2024-02-02T15:19:15.390 INFO:teuthology.orchestra.run.smithi001.stdout:/usr/bin/ceph: stderr
2024-02-02T15:19:14.777+0000 7f6f77400700 1 -- 172.21.15.1:0/1576124839 learned_addr learned my addr 172.21.15.1:0/1576124839 (peer_addr_for_me v2:172.21.15.1:0/0)
2024-02-02T15:19:15.391 INFO:teuthology.orchestra.run.smithi001.stdout:/usr/bin/ceph: stderr
2024-02-02T15:19:14.777+0000 7f6f77400700 1 -- 172.21.15.1:0/1576124839 --> [v2:172.21.15.1:3300/0,v1:172.21.15.1:6789/0] -- mon_subscribe({config=0+,monmap=0+}) v3 -- 0x7f6f78107820 con 0x7f6f78106620
2024-02-02T15:19:15.391 INFO:teuthology.orchestra.run.smithi001.stdout:/usr/bin/ceph: stderr
2024-02-02T15:19:14.778+0000 7f6f77400700 1 --2- 172.21.15.1:0/1576124839 >> [v2:172.21.15.1:3300/0,v1:172.21.15.1:6789/0] conn(0x7f6f78106620 0x7f6f78106a40 secure :-1 s=READY pgs=55 cs=0 l=1 rev1=1 crypto rx=0x7f6f680098a0 tx=0x7f6f68009bb0 comp rx=0 tx=0).ready entity=mon.0 client_cookie=acfb9f47c3405fcb server_cookie=0 in_seq=0 out_seq=0
2024-02-02T15:19:15.391 INFO:teuthology.orchestra.run.smithi001.stdout:/usr/bin/ceph: stderr
2024-02-02T15:19:14.778+0000 7f6f76000700 1 -- 172.21.15.1:0/1576124839 <== mon.0 v2:172.21.15.1:3300/0 1 ==== mon_map magic: 0 v1 ==== 205+0+0 (secure 0 0 0) 0x7f6f68004160 con 0x7f6f78106620
2024-02-02T15:19:15.391 INFO:teuthology.orchestra.run.smithi001.stdout:/usr/bin/ceph: stderr
2024-02-02T15:19:14.778+0000 7f6f76000700 1 -- 172.21.15.1:0/1576124839 <== mon.0 v2:172.21.15.1:3300/0 2 ==== config(26 keys) v1 ==== 1105+0+0 (secure 0 0 0) 0x7f6f680042c0 con 0x7f6f78106620
2024-02-02T15:19:15.391 INFO:teuthology.orchestra.run.smithi001.stdout:/usr/bin/ceph: stderr
2024-02-02T15:19:14.778+0000 7f6f76000700 1 -- 172.21.15.1:0/1576124839 <== mon.0 v2:172.21.15.1:3300/0 3 ==== mon_map magic: 0 v1 ==== 205+0+0 (secure 0 0 0) 0x7f6f680119b0 con 0x7f6f78106620
2024-02-02T15:19:15.391 INFO:teuthology.orchestra.run.smithi001.stdout:/usr/bin/ceph: stderr
2024-02-02T15:19:14.779+0000 7f6f7e400700 1 -- 172.21.15.1:0/1576124839 >> [v2:172.21.15.1:3300/0,v1:172.21.15.1:6789/0] conn(0x7f6f78106620 msgr2=0x7f6f78106a40 secure :-1 s=STATE_CONNECTION_ESTABLISHED l=1).mark_down
2024-02-02T15:19:15.391 INFO:teuthology.orchestra.run.smithi001.stdout:/usr/bin/ceph: stderr
2024-02-02T15:19:14.779+0000 7f6f7e400700 1 --2- 172.21.15.1:0/1576124839 >> [v2:172.21.15.1:3300/0,v1:172.21.15.1:6789/0] conn(0x7f6f78106620 0x7f6f78106a40 secure :-1 s=READY pgs=55 cs=0 l=1 rev1=1 crypto rx=0x7f6f680098a0 tx=0x7f6f68009bb0 comp rx=0 tx=0).stop
2024-02-02T15:19:15.391 INFO:teuthology.orchestra.run.smithi001.stdout:/usr/bin/ceph: stderr
2024-02-02T15:19:14.779+0000 7f6f7e400700 1 -- 172.21.15.1:0/1576124839 shutdown_connections
2024-02-02T15:19:15.391 INFO:teuthology.orchestra.run.smithi001.stdout:/usr/bin/ceph: stderr
2024-02-02T15:19:14.779+0000 7f6f7e400700 1 --2- 172.21.15.1:0/1576124839 >> [v2:172.21.15.1:3300/0,v1:172.21.15.1:6789/0] conn(0x7f6f78106620 0x7f6f78106a40 unknown :-1 s=CLOSED pgs=55 cs=0 l=1 rev1=1 crypto rx=0 tx=0 comp rx=0 tx=0).stop
2024-02-02T15:19:15.391 INFO:teuthology.orchestra.run.smithi001.stdout:/usr/bin/ceph: stderr
2024-02-02T15:19:14.779+0000 7f6f7e400700 1 -- 172.21.15.1:0/1576124839 >> 172.21.15.1:0/1576124839 conn(0x7f6f78101c20 msgr2=0x7f6f78104040 unknown :-1 s=STATE_NONE l=0).mark_down
2024-02-02T15:19:15.391 INFO:teuthology.orchestra.run.smithi001.stdout:/usr/bin/ceph: stderr
2024-02-02T15:19:14.779+0000 7f6f7e400700 1 -- 172.21.15.1:0/1576124839 shutdown_connections
2024-02-02T15:19:15.391 INFO:teuthology.orchestra.run.smithi001.stdout:/usr/bin/ceph: stderr
2024-02-02T15:19:14.779+0000 7f6f7e400700 1 -- 172.21.15.1:0/1576124839 wait complete.
2024-02-02T15:19:15.391 INFO:teuthology.orchestra.run.smithi001.stdout:/usr/bin/ceph: stderr
2024-02-02T15:19:14.780+0000 7f6f7e400700 1 Processor -- start
2024-02-02T15:19:15.391 INFO:teuthology.orchestra.run.smithi001.stdout:/usr/bin/ceph: stderr
2024-02-02T15:19:14.780+0000 7f6f7e400700 1 -- start start
2024-02-02T15:19:15.392 INFO:teuthology.orchestra.run.smithi001.stdout:/usr/bin/ceph: stderr
2024-02-02T15:19:14.781+0000 7f6f7e400700 1 --2- >> [v2:172.21.15.1:3300/0,v1:172.21.15.1:6789/0] conn(0x7f6f78106620 0x7f6f7807bc30 unknown :-1 s=NONE pgs=0 cs=0 l=1 rev1=0 crypto rx=0 tx=0 comp rx=0 tx=0).connect
2024-02-02T15:19:15.392 INFO:teuthology.orchestra.run.smithi001.stdout:/usr/bin/ceph: stderr
2024-02-02T15:19:14.781+0000 7f6f7e400700 1 -- --> [v2:172.21.15.1:3300/0,v1:172.21.15.1:6789/0] -- mon_getmap magic: 0 v1 -- 0x7f6f7807c170 con 0x7f6f78106620
2024-02-02T15:19:15.392 INFO:teuthology.orchestra.run.smithi001.stdout:/usr/bin/ceph: stderr
2024-02-02T15:19:14.781+0000 7f6f77400700 1 --2- >> [v2:172.21.15.1:3300/0,v1:172.21.15.1:6789/0] conn(0x7f6f78106620 0x7f6f7807bc30 unknown :-1 s=BANNER_CONNECTING pgs=0 cs=0 l=1 rev1=0 crypto rx=0 tx=0 comp rx=0 tx=0)._handle_peer_banner_payload supported=3 required=0
2024-02-02T15:19:15.392 INFO:teuthology.orchestra.run.smithi001.stdout:/usr/bin/ceph: stderr
2024-02-02T15:19:14.781+0000 7f6f77400700 1 --2- >> [v2:172.21.15.1:3300/0,v1:172.21.15.1:6789/0] conn(0x7f6f78106620 0x7f6f7807bc30 unknown :-1 s=HELLO_CONNECTING pgs=0 cs=0 l=1 rev1=1 crypto rx=0 tx=0 comp rx=0 tx=0).handle_hello peer v2:172.21.15.1:3300/0 says I am v2:172.21.15.1:59812/0 (socket says 172.21.15.1:59812)
2024-02-02T15:19:15.392 INFO:teuthology.orchestra.run.smithi001.stdout:/usr/bin/ceph: stderr
2024-02-02T15:19:14.781+0000 7f6f77400700 1 -- 172.21.15.1:0/983783824 learned_addr learned my addr 172.21.15.1:0/983783824 (peer_addr_for_me v2:172.21.15.1:0/0)
2024-02-02T15:19:15.392 INFO:teuthology.orchestra.run.smithi001.stdout:/usr/bin/ceph: stderr
2024-02-02T15:19:14.781+0000 7f6f77400700 1 -- 172.21.15.1:0/983783824 --> [v2:172.21.15.1:3300/0,v1:172.21.15.1:6789/0] -- mon_subscribe({config=0+,monmap=0+}) v3 -- 0x7f6f68009550 con 0x7f6f78106620
2024-02-02T15:19:15.392 INFO:teuthology.orchestra.run.smithi001.stdout:/usr/bin/ceph: stderr
2024-02-02T15:19:14.781+0000 7f6f77400700 1 --2- 172.21.15.1:0/983783824 >> [v2:172.21.15.1:3300/0,v1:172.21.15.1:6789/0] conn(0x7f6f78106620 0x7f6f7807bc30 secure :-1 s=READY pgs=56 cs=0 l=1 rev1=1 crypto rx=0x7f6f68003e60 tx=0x7f6f68011a30 comp rx=0 tx=0).ready entity=mon.0 client_cookie=0 server_cookie=0 in_seq=0 out_seq=0
2024-02-02T15:19:15.392 INFO:teuthology.orchestra.run.smithi001.stdout:/usr/bin/ceph: stderr
2024-02-02T15:19:14.782+0000 7f6f6fe00700 1 -- 172.21.15.1:0/983783824 <== mon.0 v2:172.21.15.1:3300/0 1 ==== mon_map magic: 0 v1 ==== 205+0+0 (secure 0 0 0) 0x7f6f68003a60 con 0x7f6f78106620
2024-02-02T15:19:15.392 INFO:teuthology.orchestra.run.smithi001.stdout:/usr/bin/ceph: stderr
2024-02-02T15:19:14.782+0000 7f6f6fe00700 1 -- 172.21.15.1:0/983783824 <== mon.0 v2:172.21.15.1:3300/0 2 ==== config(26 keys) v1 ==== 1105+0+0 (secure 0 0 0) 0x7f6f68003bc0 con 0x7f6f78106620
2024-02-02T15:19:15.392 INFO:teuthology.orchestra.run.smithi001.stdout:/usr/bin/ceph: stderr
2024-02-02T15:19:14.782+0000 7f6f7e400700 1 -- 172.21.15.1:0/983783824 --> [v2:172.21.15.1:3300/0,v1:172.21.15.1:6789/0] -- mon_subscribe({mgrmap=0+}) v3 -- 0x7f6f7807a280 con 0x7f6f78106620
2024-02-02T15:19:15.392 INFO:teuthology.orchestra.run.smithi001.stdout:/usr/bin/ceph: stderr
2024-02-02T15:19:14.782+0000 7f6f6fe00700 1 -- 172.21.15.1:0/983783824 <== mon.0 v2:172.21.15.1:3300/0 3 ==== mon_map magic: 0 v1 ==== 205+0+0 (secure 0 0 0) 0x7f6f680196c0 con 0x7f6f78106620
2024-02-02T15:19:15.392 INFO:teuthology.orchestra.run.smithi001.stdout:/usr/bin/ceph: stderr
2024-02-02T15:19:14.782+0000 7f6f7e400700 1 -- 172.21.15.1:0/983783824 --> [v2:172.21.15.1:3300/0,v1:172.21.15.1:6789/0] -- mon_subscribe({osdmap=0}) v3 -- 0x7f6f7807a6a0 con 0x7f6f78106620
2024-02-02T15:19:15.392 INFO:teuthology.orchestra.run.smithi001.stdout:/usr/bin/ceph: stderr
2024-02-02T15:19:14.783+0000 7f6f7e400700 1 -- 172.21.15.1:0/983783824 --> [v2:172.21.15.1:3300/0,v1:172.21.15.1:6789/0] -- mon_command({"prefix": "get_command_descriptions"} v 0) v1 -- 0x7f6f7810aa50 con 0x7f6f78106620
2024-02-02T15:19:15.392 INFO:teuthology.orchestra.run.smithi001.stdout:/usr/bin/ceph: stderr
2024-02-02T15:19:14.783+0000 7f6f6fe00700 1 -- 172.21.15.1:0/983783824 <== mon.0 v2:172.21.15.1:3300/0 4 ==== mgrmap(e 8) v1 ==== 45268+0+0 (secure 0 0 0) 0x7f6f6801ab60 con 0x7f6f78106620
2024-02-02T15:19:15.393 INFO:teuthology.orchestra.run.smithi001.stdout:/usr/bin/ceph: stderr
2024-02-02T15:19:14.784+0000 7f6f6fe00700 1 --2- 172.21.15.1:0/983783824 >> [v2:172.21.15.1:6800/395498296,v1:172.21.15.1:6801/395498296] conn(0x7f6f580382e0 0x7f6f5803a7a0 unknown :-1 s=NONE pgs=0 cs=0 l=1 rev1=0 crypto rx=0 tx=0 comp rx=0 tx=0).connect
2024-02-02T15:19:15.393 INFO:teuthology.orchestra.run.smithi001.stdout:/usr/bin/ceph: stderr
2024-02-02T15:19:14.784+0000 7f6f6fe00700 1 -- 172.21.15.1:0/983783824 <== mon.0 v2:172.21.15.1:3300/0 5 ==== osd_map(2..2 src has 1..2) v4 ==== 940+0+0 (secure 0 0 0) 0x7f6f6804c420 con 0x7f6f78106620
2024-02-02T15:19:15.393 INFO:teuthology.orchestra.run.smithi001.stdout:/usr/bin/ceph: stderr
2024-02-02T15:19:14.784+0000 7f6f76a00700 1 --2- 172.21.15.1:0/983783824 >> [v2:172.21.15.1:6800/395498296,v1:172.21.15.1:6801/395498296] conn(0x7f6f580382e0 0x7f6f5803a7a0 unknown :-1 s=BANNER_CONNECTING pgs=0 cs=0 l=1 rev1=0 crypto rx=0 tx=0 comp rx=0 tx=0)._handle_peer_banner_payload supported=3 required=0
2024-02-02T15:19:15.393 INFO:teuthology.orchestra.run.smithi001.stdout:/usr/bin/ceph: stderr
2024-02-02T15:19:14.785+0000 7f6f76a00700 1 --2- 172.21.15.1:0/983783824 >> [v2:172.21.15.1:6800/395498296,v1:172.21.15.1:6801/395498296] conn(0x7f6f580382e0 0x7f6f5803a7a0 secure :-1 s=READY pgs=15 cs=0 l=1 rev1=1 crypto rx=0x7f6f60006fd0 tx=0x7f6f60006e40 comp rx=0 tx=0).ready entity=mgr.14122 client_cookie=0 server_cookie=0 in_seq=0 out_seq=0
2024-02-02T15:19:15.393 INFO:teuthology.orchestra.run.smithi001.stdout:/usr/bin/ceph: stderr
2024-02-02T15:19:14.789+0000 7f6f6fe00700 1 -- 172.21.15.1:0/983783824 <== mon.0 v2:172.21.15.1:3300/0 6 ==== mon_command_ack([{"prefix": "get_command_descriptions"}]=0 v0) v1 ==== 72+0+180467 (secure 0 0 0) 0x7f6f68010790 con 0x7f6f78106620
2024-02-02T15:19:15.393 INFO:teuthology.orchestra.run.smithi001.stdout:/usr/bin/ceph: stderr
2024-02-02T15:19:15.021+0000 7f6f7e400700 1 -- 172.21.15.1:0/983783824 --> [v2:172.21.15.1:3300/0,v1:172.21.15.1:6789/0] -- mon_command([{prefix=config set, name=mgr/dashboard/ssl_server_port}] v 0) v1 -- 0x7f6f7810ac70 con 0x7f6f78106620
2024-02-02T15:19:15.393 INFO:teuthology.orchestra.run.smithi001.stdout:/usr/bin/ceph: stderr
2024-02-02T15:19:15.024+0000 7f6f6fe00700 1 -- 172.21.15.1:0/983783824 <== mon.0 v2:172.21.15.1:3300/0 7 ==== mon_command_ack([{prefix=config set, name=mgr/dashboard/ssl_server_port}]=0 v8)=0 v8) v1 ==== 130+0+0 (secure 0 0 0) 0x7f6f68010380 con 0x7f6f78106620
2024-02-02T15:19:15.393 INFO:teuthology.orchestra.run.smithi001.stdout:/usr/bin/ceph: stderr
2024-02-02T15:19:15.027+0000 7f6f7e400700 1 -- 172.21.15.1:0/983783824 >> [v2:172.21.15.1:6800/395498296,v1:172.21.15.1:6801/395498296] conn(0x7f6f580382e0 msgr2=0x7f6f5803a7a0 secure :-1 s=STATE_CONNECTION_ESTABLISHED l=1).mark_down
2024-02-02T15:19:15.393 INFO:teuthology.orchestra.run.smithi001.stdout:/usr/bin/ceph: stderr
2024-02-02T15:19:15.027+0000 7f6f7e400700 1 --2- 172.21.15.1:0/983783824 >> [v2:172.21.15.1:6800/395498296,v1:172.21.15.1:6801/395498296] conn(0x7f6f580382e0 0x7f6f5803a7a0 secure :-1 s=READY pgs=15 cs=0 l=1 rev1=1 crypto rx=0x7f6f60006fd0 tx=0x7f6f60006e40 comp rx=0 tx=0).stop
2024-02-02T15:19:15.393 INFO:teuthology.orchestra.run.smithi001.stdout:/usr/bin/ceph: stderr
2024-02-02T15:19:15.027+0000 7f6f7e400700 1 -- 172.21.15.1:0/983783824 >> [v2:172.21.15.1:3300/0,v1:172.21.15.1:6789/0] conn(0x7f6f78106620 msgr2=0x7f6f7807bc30 secure :-1 s=STATE_CONNECTION_ESTABLISHED l=1).mark_down
2024-02-02T15:19:15.393 INFO:teuthology.orchestra.run.smithi001.stdout:/usr/bin/ceph: stderr
2024-02-02T15:19:15.027+0000 7f6f7e400700 1 --2- 172.21.15.1:0/983783824 >> [v2:172.21.15.1:3300/0,v1:172.21.15.1:6789/0] conn(0x7f6f78106620 0x7f6f7807bc30 secure :-1 s=READY pgs=56 cs=0 l=1 rev1=1 crypto rx=0x7f6f68003e60 tx=0x7f6f68011a30 comp rx=0 tx=0).stop
2024-02-02T15:19:15.393 INFO:teuthology.orchestra.run.smithi001.stdout:/usr/bin/ceph: stderr
2024-02-02T15:19:15.027+0000 7f6f7e400700 1 -- 172.21.15.1:0/983783824 shutdown_connections
2024-02-02T15:19:15.393 INFO:teuthology.orchestra.run.smithi001.stdout:/usr/bin/ceph: stderr
2024-02-02T15:19:15.027+0000 7f6f7e400700 1 --2- 172.21.15.1:0/983783824 >> [v2:172.21.15.1:6800/395498296,v1:172.21.15.1:6801/395498296] conn(0x7f6f580382e0 0x7f6f5803a7a0 unknown :-1 s=CLOSED pgs=15 cs=0 l=1 rev1=1 crypto rx=0 tx=0 comp rx=0 tx=0).stop
2024-02-02T15:19:15.393 INFO:teuthology.orchestra.run.smithi001.stdout:/usr/bin/ceph: stderr
2024-02-02T15:19:15.027+0000 7f6f7e400700 1 --2- 172.21.15.1:0/983783824 >> [v2:172.21.15.1:3300/0,v1:172.21.15.1:6789/0] conn(0x7f6f78106620 0x7f6f7807bc30 unknown :-1 s=CLOSED pgs=56 cs=0 l=1 rev1=1 crypto rx=0 tx=0 comp rx=0 tx=0).stop
2024-02-02T15:19:15.394 INFO:teuthology.orchestra.run.smithi001.stdout:/usr/bin/ceph: stderr
2024-02-02T15:19:15.027+0000 7f6f7e400700 1 -- 172.21.15.1:0/983783824 >> 172.21.15.1:0/983783824 conn(0x7f6f78101c20 msgr2=0x7f6f78103310 unknown :-1 s=STATE_NONE l=0).mark_down
2024-02-02T15:19:15.394 INFO:teuthology.orchestra.run.smithi001.stdout:/usr/bin/ceph: stderr
2024-02-02T15:19:15.027+0000 7f6f7e400700 1 -- 172.21.15.1:0/983783824 shutdown_connections
2024-02-02T15:19:15.394 INFO:teuthology.orchestra.run.smithi001.stdout:/usr/bin/ceph: stderr
2024-02-02T15:19:15.027+0000 7f6f7e400700 1 -- 172.21.15.1:0/983783824 wait complete.
2024-02-02T15:19:15.394 INFO:teuthology.orchestra.run.smithi001.stdout:Enabling the dashboard module...
2024-02-02T15:19:16.313 INFO:journalctl@ceph.mon.a.smithi001.stdout:Feb 02 15:19:16 smithi001 ceph-mon[35470]: from='client.? 172.21.15.1:0/983783824' entity='client.admin'
2024-02-02T15:19:16.313 INFO:journalctl@ceph.mon.a.smithi001.stdout:Feb 02 15:19:16 smithi001 ceph-mon[35470]: from='mgr.14122 172.21.15.1:0/954154330' entity='mgr.x'
2024-02-02T15:19:17.286 INFO:journalctl@ceph.mon.a.smithi001.stdout:Feb 02 15:19:17 smithi001 ceph-mon[35470]: from='client.? 172.21.15.1:0/3061579861' entity='client.admin' cmd=[{"prefix": "mgr module enable", "module": "dashboard"}]: dispatch
2024-02-02T15:19:17.286 INFO:journalctl@ceph.mgr.x.smithi001.stdout:Feb 02 15:19:17 smithi001 ceph-371a409c-c1de-11ee-95b6-87774f69a715-mgr-x[35723]: ignoring --setuser ceph since I am not root
2024-02-02T15:19:17.286 INFO:journalctl@ceph.mgr.x.smithi001.stdout:Feb 02 15:19:17 smithi001 ceph-371a409c-c1de-11ee-95b6-87774f69a715-mgr-x[35723]: ignoring --setgroup ceph since I am not root
2024-02-02T15:19:17.433 INFO:teuthology.orchestra.run.smithi001.stdout:/usr/bin/ceph: stderr
2024-02-02T15:19:15.809+0000 7f2e0d600700 1 Processor -- start
2024-02-02T15:19:17.433 INFO:teuthology.orchestra.run.smithi001.stdout:/usr/bin/ceph: stderr
2024-02-02T15:19:15.810+0000 7f2e0d600700 1 -- start start
2024-02-02T15:19:17.434 INFO:teuthology.orchestra.run.smithi001.stdout:/usr/bin/ceph: stderr
2024-02-02T15:19:15.810+0000 7f2e0d600700 1 --2- >> [v2:172.21.15.1:3300/0,v1:172.21.15.1:6789/0] conn(0x7f2e08106620 0x7f2e08106a40 unknown :-1 s=NONE pgs=0 cs=0 l=0 rev1=0 crypto rx=0 tx=0 comp rx=0 tx=0).connect
2024-02-02T15:19:17.434 INFO:teuthology.orchestra.run.smithi001.stdout:/usr/bin/ceph: stderr
2024-02-02T15:19:15.810+0000 7f2e0d600700 1 -- --> [v2:172.21.15.1:3300/0,v1:172.21.15.1:6789/0] -- mon_getmap magic: 0 v1 -- 0x7f2e08107010 con 0x7f2e08106620
2024-02-02T15:19:17.434 INFO:teuthology.orchestra.run.smithi001.stdout:/usr/bin/ceph: stderr
2024-02-02T15:19:15.810+0000 7f2e06a00700 1 --2- >> [v2:172.21.15.1:3300/0,v1:172.21.15.1:6789/0] conn(0x7f2e08106620 0x7f2e08106a40 unknown :-1 s=BANNER_CONNECTING pgs=0 cs=0 l=0 rev1=0 crypto rx=0 tx=0 comp rx=0 tx=0)._handle_peer_banner_payload supported=3 required=0
2024-02-02T15:19:17.434 INFO:teuthology.orchestra.run.smithi001.stdout:/usr/bin/ceph: stderr
2024-02-02T15:19:15.810+0000 7f2e06a00700 1 --2- >> [v2:172.21.15.1:3300/0,v1:172.21.15.1:6789/0] conn(0x7f2e08106620 0x7f2e08106a40 unknown :-1 s=HELLO_CONNECTING pgs=0 cs=0 l=0 rev1=1 crypto rx=0 tx=0 comp rx=0 tx=0).handle_hello peer v2:172.21.15.1:3300/0 says I am v2:172.21.15.1:59820/0 (socket says 172.21.15.1:59820)
2024-02-02T15:19:17.434 INFO:teuthology.orchestra.run.smithi001.stdout:/usr/bin/ceph: stderr
2024-02-02T15:19:15.810+0000 7f2e06a00700 1 -- 172.21.15.1:0/3550401208 learned_addr learned my addr 172.21.15.1:0/3550401208 (peer_addr_for_me v2:172.21.15.1:0/0)
2024-02-02T15:19:17.434 INFO:teuthology.orchestra.run.smithi001.stdout:/usr/bin/ceph: stderr
2024-02-02T15:19:15.811+0000 7f2e06a00700 1 -- 172.21.15.1:0/3550401208 --> [v2:172.21.15.1:3300/0,v1:172.21.15.1:6789/0] -- mon_subscribe({config=0+,monmap=0+}) v3 -- 0x7f2e08107820 con 0x7f2e08106620
2024-02-02T15:19:17.434 INFO:teuthology.orchestra.run.smithi001.stdout:/usr/bin/ceph: stderr
2024-02-02T15:19:15.811+0000 7f2e06a00700 1 --2- 172.21.15.1:0/3550401208 >> [v2:172.21.15.1:3300/0,v1:172.21.15.1:6789/0] conn(0x7f2e08106620 0x7f2e08106a40 secure :-1 s=READY pgs=57 cs=0 l=1 rev1=1 crypto rx=0x7f2df80098a0 tx=0x7f2df8009bb0 comp rx=0 tx=0).ready entity=mon.0 client_cookie=6621eb92615b7f35 server_cookie=0 in_seq=0 out_seq=0
2024-02-02T15:19:17.434 INFO:teuthology.orchestra.run.smithi001.stdout:/usr/bin/ceph: stderr
2024-02-02T15:19:15.811+0000 7f2e05600700 1 -- 172.21.15.1:0/3550401208 <== mon.0 v2:172.21.15.1:3300/0 1 ==== mon_map magic: 0 v1 ==== 205+0+0 (secure 0 0 0) 0x7f2df8004160 con 0x7f2e08106620
2024-02-02T15:19:17.434 INFO:teuthology.orchestra.run.smithi001.stdout:/usr/bin/ceph: stderr
2024-02-02T15:19:15.811+0000 7f2e05600700 1 -- 172.21.15.1:0/3550401208 <== mon.0 v2:172.21.15.1:3300/0 2 ==== config(26 keys) v1 ==== 1105+0+0 (secure 0 0 0) 0x7f2df80042c0 con 0x7f2e08106620
2024-02-02T15:19:17.434 INFO:teuthology.orchestra.run.smithi001.stdout:/usr/bin/ceph: stderr
2024-02-02T15:19:15.811+0000 7f2e05600700 1 -- 172.21.15.1:0/3550401208 <== mon.0 v2:172.21.15.1:3300/0 3 ==== mon_map magic: 0 v1 ==== 205+0+0 (secure 0 0 0) 0x7f2df80119b0 con 0x7f2e08106620
2024-02-02T15:19:17.434 INFO:teuthology.orchestra.run.smithi001.stdout:/usr/bin/ceph: stderr
2024-02-02T15:19:15.812+0000 7f2e0d600700 1 -- 172.21.15.1:0/3550401208 >> [v2:172.21.15.1:3300/0,v1:172.21.15.1:6789/0] conn(0x7f2e08106620 msgr2=0x7f2e08106a40 secure :-1 s=STATE_CONNECTION_ESTABLISHED l=1).mark_down
2024-02-02T15:19:17.434 INFO:teuthology.orchestra.run.smithi001.stdout:/usr/bin/ceph: stderr
2024-02-02T15:19:15.812+0000 7f2e0d600700 1 --2- 172.21.15.1:0/3550401208 >> [v2:172.21.15.1:3300/0,v1:172.21.15.1:6789/0] conn(0x7f2e08106620 0x7f2e08106a40 secure :-1 s=READY pgs=57 cs=0 l=1 rev1=1 crypto rx=0x7f2df80098a0 tx=0x7f2df8009bb0 comp rx=0 tx=0).stop
2024-02-02T15:19:17.434 INFO:teuthology.orchestra.run.smithi001.stdout:/usr/bin/ceph: stderr
2024-02-02T15:19:15.812+0000 7f2e0d600700 1 -- 172.21.15.1:0/3550401208 shutdown_connections
2024-02-02T15:19:17.434 INFO:teuthology.orchestra.run.smithi001.stdout:/usr/bin/ceph: stderr
2024-02-02T15:19:15.812+0000 7f2e0d600700 1 --2- 172.21.15.1:0/3550401208 >> [v2:172.21.15.1:3300/0,v1:172.21.15.1:6789/0] conn(0x7f2e08106620 0x7f2e08106a40 unknown :-1 s=CLOSED pgs=57 cs=0 l=1 rev1=1 crypto rx=0 tx=0 comp rx=0 tx=0).stop
2024-02-02T15:19:17.435 INFO:teuthology.orchestra.run.smithi001.stdout:/usr/bin/ceph: stderr
2024-02-02T15:19:15.812+0000 7f2e0d600700 1 -- 172.21.15.1:0/3550401208 >> 172.21.15.1:0/3550401208 conn(0x7f2e08101c20 msgr2=0x7f2e08104040 unknown :-1 s=STATE_NONE l=0).mark_down
2024-02-02T15:19:17.435 INFO:teuthology.orchestra.run.smithi001.stdout:/usr/bin/ceph: stderr
2024-02-02T15:19:15.812+0000 7f2e0d600700 1 -- 172.21.15.1:0/3550401208 shutdown_connections
2024-02-02T15:19:17.435 INFO:teuthology.orchestra.run.smithi001.stdout:/usr/bin/ceph: stderr
2024-02-02T15:19:15.812+0000 7f2e0d600700 1 -- 172.21.15.1:0/3550401208 wait complete.
2024-02-02T15:19:17.435 INFO:teuthology.orchestra.run.smithi001.stdout:/usr/bin/ceph: stderr
2024-02-02T15:19:15.813+0000 7f2e0d600700 1 Processor -- start
2024-02-02T15:19:17.435 INFO:teuthology.orchestra.run.smithi001.stdout:/usr/bin/ceph: stderr
2024-02-02T15:19:15.814+0000 7f2e0d600700 1 -- start start
2024-02-02T15:19:17.435 INFO:teuthology.orchestra.run.smithi001.stdout:/usr/bin/ceph: stderr
2024-02-02T15:19:15.814+0000 7f2e0d600700 1 --2- >> [v2:172.21.15.1:3300/0,v1:172.21.15.1:6789/0] conn(0x7f2e08106620 0x7f2e0807bc30 unknown :-1 s=NONE pgs=0 cs=0 l=1 rev1=0 crypto rx=0 tx=0 comp rx=0 tx=0).connect
2024-02-02T15:19:17.435 INFO:teuthology.orchestra.run.smithi001.stdout:/usr/bin/ceph: stderr
2024-02-02T15:19:15.814+0000 7f2e0d600700 1 -- --> [v2:172.21.15.1:3300/0,v1:172.21.15.1:6789/0] -- mon_getmap magic: 0 v1 -- 0x7f2e0807c170 con 0x7f2e08106620
2024-02-02T15:19:17.435 INFO:teuthology.orchestra.run.smithi001.stdout:/usr/bin/ceph: stderr
2024-02-02T15:19:15.814+0000 7f2e06a00700 1 --2- >> [v2:172.21.15.1:3300/0,v1:172.21.15.1:6789/0] conn(0x7f2e08106620 0x7f2e0807bc30 unknown :-1 s=BANNER_CONNECTING pgs=0 cs=0 l=1 rev1=0 crypto rx=0 tx=0 comp rx=0 tx=0)._handle_peer_banner_payload supported=3 required=0
2024-02-02T15:19:17.435 INFO:teuthology.orchestra.run.smithi001.stdout:/usr/bin/ceph: stderr
2024-02-02T15:19:15.814+0000 7f2e06a00700 1 --2- >> [v2:172.21.15.1:3300/0,v1:172.21.15.1:6789/0] conn(0x7f2e08106620 0x7f2e0807bc30 unknown :-1 s=HELLO_CONNECTING pgs=0 cs=0 l=1 rev1=1 crypto rx=0 tx=0 comp rx=0 tx=0).handle_hello peer v2:172.21.15.1:3300/0 says I am v2:172.21.15.1:59822/0 (socket says 172.21.15.1:59822)
2024-02-02T15:19:17.435 INFO:teuthology.orchestra.run.smithi001.stdout:/usr/bin/ceph: stderr
2024-02-02T15:19:15.814+0000 7f2e06a00700 1 -- 172.21.15.1:0/3061579861 learned_addr learned my addr 172.21.15.1:0/3061579861 (peer_addr_for_me v2:172.21.15.1:0/0)
2024-02-02T15:19:17.435 INFO:teuthology.orchestra.run.smithi001.stdout:/usr/bin/ceph: stderr
2024-02-02T15:19:15.815+0000 7f2e06a00700 1 -- 172.21.15.1:0/3061579861 --> [v2:172.21.15.1:3300/0,v1:172.21.15.1:6789/0] -- mon_subscribe({config=0+,monmap=0+}) v3 -- 0x7f2df8009550 con 0x7f2e08106620
2024-02-02T15:19:17.435 INFO:teuthology.orchestra.run.smithi001.stdout:/usr/bin/ceph: stderr
2024-02-02T15:19:15.815+0000 7f2e06a00700 1 --2- 172.21.15.1:0/3061579861 >> [v2:172.21.15.1:3300/0,v1:172.21.15.1:6789/0] conn(0x7f2e08106620 0x7f2e0807bc30 secure :-1 s=READY pgs=58 cs=0 l=1 rev1=1 crypto rx=0x7f2df8003e60 tx=0x7f2df8011a30 comp rx=0 tx=0).ready entity=mon.0 client_cookie=0 server_cookie=0 in_seq=0 out_seq=0
2024-02-02T15:19:17.435 INFO:teuthology.orchestra.run.smithi001.stdout:/usr/bin/ceph: stderr
2024-02-02T15:19:15.815+0000 7f2dff400700 1 -- 172.21.15.1:0/3061579861 <== mon.0 v2:172.21.15.1:3300/0 1 ==== mon_map magic: 0 v1 ==== 205+0+0 (secure 0 0 0) 0x7f2df8003a60 con 0x7f2e08106620
2024-02-02T15:19:17.435 INFO:teuthology.orchestra.run.smithi001.stdout:/usr/bin/ceph: stderr
2024-02-02T15:19:15.816+0000 7f2dff400700 1 -- 172.21.15.1:0/3061579861 <== mon.0 v2:172.21.15.1:3300/0 2 ==== config(26 keys) v1 ==== 1105+0+0 (secure 0 0 0) 0x7f2df8003bc0 con 0x7f2e08106620
2024-02-02T15:19:17.436 INFO:teuthology.orchestra.run.smithi001.stdout:/usr/bin/ceph: stderr
2024-02-02T15:19:15.816+0000 7f2dff400700 1 -- 172.21.15.1:0/3061579861 <== mon.0 v2:172.21.15.1:3300/0 3 ==== mon_map magic: 0 v1 ==== 205+0+0 (secure 0 0 0) 0x7f2df80196c0 con 0x7f2e08106620
2024-02-02T15:19:17.436 INFO:teuthology.orchestra.run.smithi001.stdout:/usr/bin/ceph: stderr
2024-02-02T15:19:15.816+0000 7f2e0d600700 1 -- 172.21.15.1:0/3061579861 --> [v2:172.21.15.1:3300/0,v1:172.21.15.1:6789/0] -- mon_subscribe({mgrmap=0+}) v3 -- 0x7f2e0807a280 con 0x7f2e08106620
2024-02-02T15:19:17.436 INFO:teuthology.orchestra.run.smithi001.stdout:/usr/bin/ceph: stderr
2024-02-02T15:19:15.816+0000 7f2e0d600700 1 -- 172.21.15.1:0/3061579861 --> [v2:172.21.15.1:3300/0,v1:172.21.15.1:6789/0] -- mon_subscribe({osdmap=0}) v3 -- 0x7f2e0807a6a0 con 0x7f2e08106620
2024-02-02T15:19:17.436 INFO:teuthology.orchestra.run.smithi001.stdout:/usr/bin/ceph: stderr
2024-02-02T15:19:15.817+0000 7f2e0d600700 1 -- 172.21.15.1:0/3061579861 --> [v2:172.21.15.1:3300/0,v1:172.21.15.1:6789/0] -- mon_command({"prefix": "get_command_descriptions"} v 0) v1 -- 0x7f2e0810aa50 con 0x7f2e08106620
2024-02-02T15:19:17.436 INFO:teuthology.orchestra.run.smithi001.stdout:/usr/bin/ceph: stderr
2024-02-02T15:19:15.817+0000 7f2dff400700 1 -- 172.21.15.1:0/3061579861 <== mon.0 v2:172.21.15.1:3300/0 4 ==== mgrmap(e 8) v1 ==== 45268+0+0 (secure 0 0 0) 0x7f2df801ab60 con 0x7f2e08106620
2024-02-02T15:19:17.436 INFO:teuthology.orchestra.run.smithi001.stdout:/usr/bin/ceph: stderr
2024-02-02T15:19:15.818+0000 7f2dff400700 1 --2- 172.21.15.1:0/3061579861 >> [v2:172.21.15.1:6800/395498296,v1:172.21.15.1:6801/395498296] conn(0x7f2de8038330 0x7f2de803a7f0 unknown :-1 s=NONE pgs=0 cs=0 l=1 rev1=0 crypto rx=0 tx=0 comp rx=0 tx=0).connect
2024-02-02T15:19:17.436 INFO:teuthology.orchestra.run.smithi001.stdout:/usr/bin/ceph: stderr
2024-02-02T15:19:15.818+0000 7f2dff400700 1 -- 172.21.15.1:0/3061579861 <== mon.0 v2:172.21.15.1:3300/0 5 ==== osd_map(2..2 src has 1..2) v4 ==== 940+0+0 (secure 0 0 0) 0x7f2df804c4e0 con 0x7f2e08106620
2024-02-02T15:19:17.436 INFO:teuthology.orchestra.run.smithi001.stdout:/usr/bin/ceph: stderr
2024-02-02T15:19:15.818+0000 7f2e06000700 1 --2- 172.21.15.1:0/3061579861 >> [v2:172.21.15.1:6800/395498296,v1:172.21.15.1:6801/395498296] conn(0x7f2de8038330 0x7f2de803a7f0 unknown :-1 s=BANNER_CONNECTING pgs=0 cs=0 l=1 rev1=0 crypto rx=0 tx=0 comp rx=0 tx=0)._handle_peer_banner_payload supported=3 required=0
2024-02-02T15:19:17.436 INFO:teuthology.orchestra.run.smithi001.stdout:/usr/bin/ceph: stderr
2024-02-02T15:19:15.819+0000 7f2e06000700 1 --2- 172.21.15.1:0/3061579861 >> [v2:172.21.15.1:6800/395498296,v1:172.21.15.1:6801/395498296] conn(0x7f2de8038330 0x7f2de803a7f0 secure :-1 s=READY pgs=16 cs=0 l=1 rev1=1 crypto rx=0x7f2df0006fd0 tx=0x7f2df0006e40 comp rx=0 tx=0).ready entity=mgr.14122 client_cookie=0 server_cookie=0 in_seq=0 out_seq=0
2024-02-02T15:19:17.436 INFO:teuthology.orchestra.run.smithi001.stdout:/usr/bin/ceph: stderr
2024-02-02T15:19:15.823+0000 7f2dff400700 1 -- 172.21.15.1:0/3061579861 <== mon.0 v2:172.21.15.1:3300/0 6 ==== mon_command_ack([{"prefix": "get_command_descriptions"}]=0 v0) v1 ==== 72+0+180467 (secure 0 0 0) 0x7f2df8010790 con 0x7f2e08106620
2024-02-02T15:19:17.436 INFO:teuthology.orchestra.run.smithi001.stdout:/usr/bin/ceph: stderr
2024-02-02T15:19:16.109+0000 7f2e0d600700 1 -- 172.21.15.1:0/3061579861 --> [v2:172.21.15.1:3300/0,v1:172.21.15.1:6789/0] -- mon_command({"prefix": "mgr module enable", "module": "dashboard"} v 0) v1 -- 0x7f2e0810ac70 con 0x7f2e08106620
2024-02-02T15:19:17.436 INFO:teuthology.orchestra.run.smithi001.stdout:/usr/bin/ceph: stderr
2024-02-02T15:19:17.029+0000 7f2dff400700 1 -- 172.21.15.1:0/3061579861 <== mon.0 v2:172.21.15.1:3300/0 7 ==== mgrmap(e 9) v1 ==== 45281+0+0 (secure 0 0 0) 0x7f2df801a430 con 0x7f2e08106620
2024-02-02T15:19:17.437 INFO:teuthology.orchestra.run.smithi001.stdout:/usr/bin/ceph: stderr
2024-02-02T15:19:17.031+0000 7f2dff400700 1 -- 172.21.15.1:0/3061579861 <== mon.0 v2:172.21.15.1:3300/0 8 ==== mon_command_ack([{"prefix": "mgr module enable", "module": "dashboard"}]=0 v9) v1 ==== 88+0+0 (secure 0 0 0) 0x7f2df801a950 con 0x7f2e08106620
2024-02-02T15:19:17.437 INFO:teuthology.orchestra.run.smithi001.stdout:/usr/bin/ceph: stderr
2024-02-02T15:19:17.034+0000 7f2e0d600700 1 -- 172.21.15.1:0/3061579861 >> [v2:172.21.15.1:6800/395498296,v1:172.21.15.1:6801/395498296] conn(0x7f2de8038330 msgr2=0x7f2de803a7f0 secure :-1 s=STATE_CONNECTION_ESTABLISHED l=1).mark_down
2024-02-02T15:19:17.437 INFO:teuthology.orchestra.run.smithi001.stdout:/usr/bin/ceph: stderr
2024-02-02T15:19:17.034+0000 7f2e0d600700 1 --2- 172.21.15.1:0/3061579861 >> [v2:172.21.15.1:6800/395498296,v1:172.21.15.1:6801/395498296] conn(0x7f2de8038330 0x7f2de803a7f0 secure :-1 s=READY pgs=16 cs=0 l=1 rev1=1 crypto rx=0x7f2df0006fd0 tx=0x7f2df0006e40 comp rx=0 tx=0).stop
2024-02-02T15:19:17.437 INFO:teuthology.orchestra.run.smithi001.stdout:/usr/bin/ceph: stderr
2024-02-02T15:19:17.034+0000 7f2e0d600700 1 -- 172.21.15.1:0/3061579861 >> [v2:172.21.15.1:3300/0,v1:172.21.15.1:6789/0] conn(0x7f2e08106620 msgr2=0x7f2e0807bc30 secure :-1 s=STATE_CONNECTION_ESTABLISHED l=1).mark_down
