2024-02-14T12:53:01.996 INFO:teuthology.orchestra.run.smithi151.stdout:/usr/bin/ceph: stdout "num_objects": 0,
2024-02-14T12:53:01.996 INFO:teuthology.orchestra.run.smithi151.stdout:/usr/bin/ceph: stdout "data_bytes": 0,
2024-02-14T12:53:01.996 INFO:teuthology.orchestra.run.smithi151.stdout:/usr/bin/ceph: stdout "bytes_used": 0,
2024-02-14T12:53:01.997 INFO:teuthology.orchestra.run.smithi151.stdout:/usr/bin/ceph: stdout "bytes_avail": 0,
2024-02-14T12:53:01.997 INFO:teuthology.orchestra.run.smithi151.stdout:/usr/bin/ceph: stdout "bytes_total": 0
2024-02-14T12:53:01.997 INFO:teuthology.orchestra.run.smithi151.stdout:/usr/bin/ceph: stdout },
2024-02-14T12:53:01.997 INFO:teuthology.orchestra.run.smithi151.stdout:/usr/bin/ceph: stdout "fsmap": {
2024-02-14T12:53:01.997 INFO:teuthology.orchestra.run.smithi151.stdout:/usr/bin/ceph: stdout "epoch": 1,
2024-02-14T12:53:01.997 INFO:teuthology.orchestra.run.smithi151.stdout:/usr/bin/ceph: stdout "by_rank": [],
2024-02-14T12:53:01.997 INFO:teuthology.orchestra.run.smithi151.stdout:/usr/bin/ceph: stdout "up:standby": 0
2024-02-14T12:53:01.997 INFO:teuthology.orchestra.run.smithi151.stdout:/usr/bin/ceph: stdout },
2024-02-14T12:53:01.997 INFO:teuthology.orchestra.run.smithi151.stdout:/usr/bin/ceph: stdout "mgrmap": {
2024-02-14T12:53:01.997 INFO:teuthology.orchestra.run.smithi151.stdout:/usr/bin/ceph: stdout "available": true,
2024-02-14T12:53:01.997 INFO:teuthology.orchestra.run.smithi151.stdout:/usr/bin/ceph: stdout "num_standbys": 0,
2024-02-14T12:53:01.997 INFO:teuthology.orchestra.run.smithi151.stdout:/usr/bin/ceph: stdout "modules": [
2024-02-14T12:53:01.998 INFO:teuthology.orchestra.run.smithi151.stdout:/usr/bin/ceph: stdout "iostat",
2024-02-14T12:53:01.998 INFO:teuthology.orchestra.run.smithi151.stdout:/usr/bin/ceph: stdout "nfs",
2024-02-14T12:53:01.998 INFO:teuthology.orchestra.run.smithi151.stdout:/usr/bin/ceph: stdout "restful"
2024-02-14T12:53:01.998 INFO:teuthology.orchestra.run.smithi151.stdout:/usr/bin/ceph: stdout ],
2024-02-14T12:53:01.998 INFO:teuthology.orchestra.run.smithi151.stdout:/usr/bin/ceph: stdout "services": {}
2024-02-14T12:53:01.998 INFO:teuthology.orchestra.run.smithi151.stdout:/usr/bin/ceph: stdout },
2024-02-14T12:53:01.998 INFO:teuthology.orchestra.run.smithi151.stdout:/usr/bin/ceph: stdout "servicemap": {
2024-02-14T12:53:01.998 INFO:teuthology.orchestra.run.smithi151.stdout:/usr/bin/ceph: stdout "epoch": 1,
2024-02-14T12:53:01.998 INFO:teuthology.orchestra.run.smithi151.stdout:/usr/bin/ceph: stdout "modified": "2024-02-14T12:52:38.155731+0000",
2024-02-14T12:53:01.998 INFO:teuthology.orchestra.run.smithi151.stdout:/usr/bin/ceph: stdout "services": {}
2024-02-14T12:53:01.998 INFO:teuthology.orchestra.run.smithi151.stdout:/usr/bin/ceph: stdout },
2024-02-14T12:53:01.998 INFO:teuthology.orchestra.run.smithi151.stdout:/usr/bin/ceph: stdout "progress_events": {}
2024-02-14T12:53:01.998 INFO:teuthology.orchestra.run.smithi151.stdout:/usr/bin/ceph: stdout }
2024-02-14T12:53:01.999 INFO:teuthology.orchestra.run.smithi151.stdout:/usr/bin/ceph: stderr
2024-02-14T12:53:00.720+0000 7f366ac72700 1 Processor -- start
2024-02-14T12:53:01.999 INFO:teuthology.orchestra.run.smithi151.stdout:/usr/bin/ceph: stderr
2024-02-14T12:53:00.720+0000 7f366ac72700 1 -- start start
2024-02-14T12:53:01.999 INFO:teuthology.orchestra.run.smithi151.stdout:/usr/bin/ceph: stderr
2024-02-14T12:53:00.720+0000 7f366ac72700 1 --2- >> [v2:172.21.15.151:3300/0,v1:172.21.15.151:6789/0] conn(0x7f366407cec0 0x7f366407b320 unknown :-1 s=NONE pgs=0 cs=0 l=0 rev1=0 crypto rx=0 tx=0 comp rx=0 tx=0).connect
2024-02-14T12:53:01.999 INFO:teuthology.orchestra.run.smithi151.stdout:/usr/bin/ceph: stderr
2024-02-14T12:53:00.720+0000 7f366ac72700 1 -- --> [v2:172.21.15.151:3300/0,v1:172.21.15.151:6789/0] -- mon_getmap magic: 0 v1 -- 0x7f366407b8f0 con 0x7f366407cec0
2024-02-14T12:53:01.999 INFO:teuthology.orchestra.run.smithi151.stdout:/usr/bin/ceph: stderr
2024-02-14T12:53:00.720+0000 7f3668a0e700 1 --2- >> [v2:172.21.15.151:3300/0,v1:172.21.15.151:6789/0] conn(0x7f366407cec0 0x7f366407b320 unknown :-1 s=BANNER_CONNECTING pgs=0 cs=0 l=0 rev1=0 crypto rx=0 tx=0 comp rx=0 tx=0)._handle_peer_banner_payload supported=3 required=0
2024-02-14T12:53:01.999 INFO:teuthology.orchestra.run.smithi151.stdout:/usr/bin/ceph: stderr
2024-02-14T12:53:00.720+0000 7f3668a0e700 1 --2- >> [v2:172.21.15.151:3300/0,v1:172.21.15.151:6789/0] conn(0x7f366407cec0 0x7f366407b320 unknown :-1 s=HELLO_CONNECTING pgs=0 cs=0 l=0 rev1=1 crypto rx=0 tx=0 comp rx=0 tx=0).handle_hello peer v2:172.21.15.151:3300/0 says I am v2:172.21.15.151:46990/0 (socket says 172.21.15.151:46990)
2024-02-14T12:53:01.999 INFO:teuthology.orchestra.run.smithi151.stdout:/usr/bin/ceph: stderr
2024-02-14T12:53:00.720+0000 7f3668a0e700 1 -- 172.21.15.151:0/4045944792 learned_addr learned my addr 172.21.15.151:0/4045944792 (peer_addr_for_me v2:172.21.15.151:0/0)
2024-02-14T12:53:01.999 INFO:teuthology.orchestra.run.smithi151.stdout:/usr/bin/ceph: stderr
2024-02-14T12:53:00.721+0000 7f3668a0e700 1 -- 172.21.15.151:0/4045944792 --> [v2:172.21.15.151:3300/0,v1:172.21.15.151:6789/0] -- mon_subscribe({config=0+,monmap=0+}) v3 -- 0x7f366407ba30 con 0x7f366407cec0
2024-02-14T12:53:01.999 INFO:teuthology.orchestra.run.smithi151.stdout:/usr/bin/ceph: stderr
2024-02-14T12:53:00.721+0000 7f3668a0e700 1 --2- 172.21.15.151:0/4045944792 >> [v2:172.21.15.151:3300/0,v1:172.21.15.151:6789/0] conn(0x7f366407cec0 0x7f366407b320 secure :-1 s=READY pgs=16 cs=0 l=1 rev1=1 crypto rx=0x7f36580098a0 tx=0x7f3658009bb0 comp rx=0 tx=0).ready entity=mon.0 client_cookie=9acfa187ffafb3a7 server_cookie=0 in_seq=0 out_seq=0
2024-02-14T12:53:01.999 INFO:teuthology.orchestra.run.smithi151.stdout:/usr/bin/ceph: stderr
2024-02-14T12:53:00.721+0000 7f36637fe700 1 -- 172.21.15.151:0/4045944792 <== mon.0 v2:172.21.15.151:3300/0 1 ==== mon_map magic: 0 v1 ==== 205+0+0 (secure 0 0 0) 0x7f3658004160 con 0x7f366407cec0
2024-02-14T12:53:01.999 INFO:teuthology.orchestra.run.smithi151.stdout:/usr/bin/ceph: stderr
2024-02-14T12:53:00.721+0000 7f36637fe700 1 -- 172.21.15.151:0/4045944792 <== mon.0 v2:172.21.15.151:3300/0 2 ==== config(28 keys) v1 ==== 1143+0+0 (secure 0 0 0) 0x7f36580042c0 con 0x7f366407cec0
2024-02-14T12:53:01.999 INFO:teuthology.orchestra.run.smithi151.stdout:/usr/bin/ceph: stderr
2024-02-14T12:53:00.721+0000 7f36637fe700 1 -- 172.21.15.151:0/4045944792 <== mon.0 v2:172.21.15.151:3300/0 3 ==== mon_map magic: 0 v1 ==== 205+0+0 (secure 0 0 0) 0x7f3658011b70 con 0x7f366407cec0
2024-02-14T12:53:01.999 INFO:teuthology.orchestra.run.smithi151.stdout:/usr/bin/ceph: stderr
2024-02-14T12:53:00.721+0000 7f366ac72700 1 -- 172.21.15.151:0/4045944792 >> [v2:172.21.15.151:3300/0,v1:172.21.15.151:6789/0] conn(0x7f366407cec0 msgr2=0x7f366407b320 secure :-1 s=STATE_CONNECTION_ESTABLISHED l=1).mark_down
2024-02-14T12:53:01.999 INFO:teuthology.orchestra.run.smithi151.stdout:/usr/bin/ceph: stderr
2024-02-14T12:53:00.721+0000 7f366ac72700 1 --2- 172.21.15.151:0/4045944792 >> [v2:172.21.15.151:3300/0,v1:172.21.15.151:6789/0] conn(0x7f366407cec0 0x7f366407b320 secure :-1 s=READY pgs=16 cs=0 l=1 rev1=1 crypto rx=0x7f36580098a0 tx=0x7f3658009bb0 comp rx=0 tx=0).stop
2024-02-14T12:53:02.000 INFO:teuthology.orchestra.run.smithi151.stdout:/usr/bin/ceph: stderr
2024-02-14T12:53:00.722+0000 7f366ac72700 1 -- 172.21.15.151:0/4045944792 shutdown_connections
2024-02-14T12:53:02.000 INFO:teuthology.orchestra.run.smithi151.stdout:/usr/bin/ceph: stderr
2024-02-14T12:53:00.722+0000 7f366ac72700 1 --2- 172.21.15.151:0/4045944792 >> [v2:172.21.15.151:3300/0,v1:172.21.15.151:6789/0] conn(0x7f366407cec0 0x7f366407b320 unknown :-1 s=CLOSED pgs=16 cs=0 l=1 rev1=1 crypto rx=0 tx=0 comp rx=0 tx=0).stop
2024-02-14T12:53:02.000 INFO:teuthology.orchestra.run.smithi151.stdout:/usr/bin/ceph: stderr
2024-02-14T12:53:00.722+0000 7f366ac72700 1 -- 172.21.15.151:0/4045944792 >> 172.21.15.151:0/4045944792 conn(0x7f3664102f70 msgr2=0x7f3664105390 unknown :-1 s=STATE_NONE l=0).mark_down
2024-02-14T12:53:02.000 INFO:teuthology.orchestra.run.smithi151.stdout:/usr/bin/ceph: stderr
2024-02-14T12:53:00.722+0000 7f366ac72700 1 -- 172.21.15.151:0/4045944792 shutdown_connections
2024-02-14T12:53:02.000 INFO:teuthology.orchestra.run.smithi151.stdout:/usr/bin/ceph: stderr
2024-02-14T12:53:00.722+0000 7f366ac72700 1 -- 172.21.15.151:0/4045944792 wait complete.
2024-02-14T12:53:02.000 INFO:teuthology.orchestra.run.smithi151.stdout:/usr/bin/ceph: stderr
2024-02-14T12:53:00.722+0000 7f366ac72700 1 Processor -- start
2024-02-14T12:53:02.000 INFO:teuthology.orchestra.run.smithi151.stdout:/usr/bin/ceph: stderr
2024-02-14T12:53:00.722+0000 7f366ac72700 1 -- start start
2024-02-14T12:53:02.000 INFO:teuthology.orchestra.run.smithi151.stdout:/usr/bin/ceph: stderr
2024-02-14T12:53:00.722+0000 7f366ac72700 1 --2- >> [v2:172.21.15.151:3300/0,v1:172.21.15.151:6789/0] conn(0x7f366407cec0 0x7f366419d8b0 unknown :-1 s=NONE pgs=0 cs=0 l=1 rev1=0 crypto rx=0 tx=0 comp rx=0 tx=0).connect
2024-02-14T12:53:02.000 INFO:teuthology.orchestra.run.smithi151.stdout:/usr/bin/ceph: stderr
2024-02-14T12:53:00.722+0000 7f366ac72700 1 -- --> [v2:172.21.15.151:3300/0,v1:172.21.15.151:6789/0] -- mon_getmap magic: 0 v1 -- 0x7f366419ddf0 con 0x7f366407cec0
2024-02-14T12:53:02.000 INFO:teuthology.orchestra.run.smithi151.stdout:/usr/bin/ceph: stderr
2024-02-14T12:53:00.722+0000 7f3668a0e700 1 --2- >> [v2:172.21.15.151:3300/0,v1:172.21.15.151:6789/0] conn(0x7f366407cec0 0x7f366419d8b0 unknown :-1 s=BANNER_CONNECTING pgs=0 cs=0 l=1 rev1=0 crypto rx=0 tx=0 comp rx=0 tx=0)._handle_peer_banner_payload supported=3 required=0
2024-02-14T12:53:02.000 INFO:teuthology.orchestra.run.smithi151.stdout:/usr/bin/ceph: stderr
2024-02-14T12:53:00.723+0000 7f3668a0e700 1 --2- >> [v2:172.21.15.151:3300/0,v1:172.21.15.151:6789/0] conn(0x7f366407cec0 0x7f366419d8b0 unknown :-1 s=HELLO_CONNECTING pgs=0 cs=0 l=1 rev1=1 crypto rx=0 tx=0 comp rx=0 tx=0).handle_hello peer v2:172.21.15.151:3300/0 says I am v2:172.21.15.151:46996/0 (socket says 172.21.15.151:46996)
2024-02-14T12:53:02.000 INFO:teuthology.orchestra.run.smithi151.stdout:/usr/bin/ceph: stderr
2024-02-14T12:53:00.723+0000 7f3668a0e700 1 -- 172.21.15.151:0/2778533996 learned_addr learned my addr 172.21.15.151:0/2778533996 (peer_addr_for_me v2:172.21.15.151:0/0)
2024-02-14T12:53:02.001 INFO:teuthology.orchestra.run.smithi151.stdout:/usr/bin/ceph: stderr
2024-02-14T12:53:00.723+0000 7f3668a0e700 1 -- 172.21.15.151:0/2778533996 --> [v2:172.21.15.151:3300/0,v1:172.21.15.151:6789/0] -- mon_subscribe({config=0+,monmap=0+}) v3 -- 0x7f3658009550 con 0x7f366407cec0
2024-02-14T12:53:02.001 INFO:teuthology.orchestra.run.smithi151.stdout:/usr/bin/ceph: stderr
2024-02-14T12:53:00.723+0000 7f3668a0e700 1 --2- 172.21.15.151:0/2778533996 >> [v2:172.21.15.151:3300/0,v1:172.21.15.151:6789/0] conn(0x7f366407cec0 0x7f366419d8b0 secure :-1 s=READY pgs=17 cs=0 l=1 rev1=1 crypto rx=0x7f3658011670 tx=0x7f3658011bf0 comp rx=0 tx=0).ready entity=mon.0 client_cookie=0 server_cookie=0 in_seq=0 out_seq=0
2024-02-14T12:53:02.001 INFO:teuthology.orchestra.run.smithi151.stdout:/usr/bin/ceph: stderr
2024-02-14T12:53:00.723+0000 7f3661ffb700 1 -- 172.21.15.151:0/2778533996 <== mon.0 v2:172.21.15.151:3300/0 1 ==== mon_map magic: 0 v1 ==== 205+0+0 (secure 0 0 0) 0x7f36580039f0 con 0x7f366407cec0
2024-02-14T12:53:02.001 INFO:teuthology.orchestra.run.smithi151.stdout:/usr/bin/ceph: stderr
2024-02-14T12:53:00.723+0000 7f3661ffb700 1 -- 172.21.15.151:0/2778533996 <== mon.0 v2:172.21.15.151:3300/0 2 ==== config(28 keys) v1 ==== 1143+0+0 (secure 0 0 0) 0x7f3658003b50 con 0x7f366407cec0
2024-02-14T12:53:02.001 INFO:teuthology.orchestra.run.smithi151.stdout:/usr/bin/ceph: stderr
2024-02-14T12:53:00.723+0000 7f366ac72700 1 -- 172.21.15.151:0/2778533996 --> [v2:172.21.15.151:3300/0,v1:172.21.15.151:6789/0] -- mon_subscribe({mgrmap=0+}) v3 -- 0x7f366419dff0 con 0x7f366407cec0
2024-02-14T12:53:02.001 INFO:teuthology.orchestra.run.smithi151.stdout:/usr/bin/ceph: stderr
2024-02-14T12:53:00.723+0000 7f3661ffb700 1 -- 172.21.15.151:0/2778533996 <== mon.0 v2:172.21.15.151:3300/0 3 ==== mon_map magic: 0 v1 ==== 205+0+0 (secure 0 0 0) 0x7f365801a690 con 0x7f366407cec0
2024-02-14T12:53:02.001 INFO:teuthology.orchestra.run.smithi151.stdout:/usr/bin/ceph: stderr
2024-02-14T12:53:00.723+0000 7f366ac72700 1 -- 172.21.15.151:0/2778533996 --> [v2:172.21.15.151:3300/0,v1:172.21.15.151:6789/0] -- mon_subscribe({osdmap=0}) v3 -- 0x7f366419e490 con 0x7f366407cec0
2024-02-14T12:53:02.001 INFO:teuthology.orchestra.run.smithi151.stdout:/usr/bin/ceph: stderr
2024-02-14T12:53:00.724+0000 7f3661ffb700 1 -- 172.21.15.151:0/2778533996 <== mon.0 v2:172.21.15.151:3300/0 4 ==== mgrmap(e 3) v1 ==== 45815+0+0 (secure 0 0 0) 0x7f365801a950 con 0x7f366407cec0
2024-02-14T12:53:02.001 INFO:teuthology.orchestra.run.smithi151.stdout:/usr/bin/ceph: stderr
2024-02-14T12:53:00.724+0000 7f366ac72700 1 -- 172.21.15.151:0/2778533996 --> [v2:172.21.15.151:3300/0,v1:172.21.15.151:6789/0] -- mon_command({"prefix": "get_command_descriptions"} v 0) v1 -- 0x7f366410dd50 con 0x7f366407cec0
2024-02-14T12:53:02.001 INFO:teuthology.orchestra.run.smithi151.stdout:/usr/bin/ceph: stderr
2024-02-14T12:53:00.724+0000 7f3661ffb700 1 --2- 172.21.15.151:0/2778533996 >> [v2:172.21.15.151:6800/690191387,v1:172.21.15.151:6801/690191387] conn(0x7f3654038d30 0x7f365403b1f0 unknown :-1 s=NONE pgs=0 cs=0 l=1 rev1=0 crypto rx=0 tx=0 comp rx=0 tx=0).connect
2024-02-14T12:53:02.001 INFO:teuthology.orchestra.run.smithi151.stdout:/usr/bin/ceph: stderr
2024-02-14T12:53:00.724+0000 7f3661ffb700 1 -- 172.21.15.151:0/2778533996 <== mon.0 v2:172.21.15.151:3300/0 5 ==== osd_map(1..1 src has 1..1) v4 ==== 725+0+0 (secure 0 0 0) 0x7f365804ce70 con 0x7f366407cec0
2024-02-14T12:53:02.001 INFO:teuthology.orchestra.run.smithi151.stdout:/usr/bin/ceph: stderr
2024-02-14T12:53:00.724+0000 7f3663fff700 1 --2- 172.21.15.151:0/2778533996 >> [v2:172.21.15.151:6800/690191387,v1:172.21.15.151:6801/690191387] conn(0x7f3654038d30 0x7f365403b1f0 unknown :-1 s=BANNER_CONNECTING pgs=0 cs=0 l=1 rev1=0 crypto rx=0 tx=0 comp rx=0 tx=0)._handle_peer_banner_payload supported=3 required=0
2024-02-14T12:53:02.001 INFO:teuthology.orchestra.run.smithi151.stdout:/usr/bin/ceph: stderr
2024-02-14T12:53:00.725+0000 7f3663fff700 1 --2- 172.21.15.151:0/2778533996 >> [v2:172.21.15.151:6800/690191387,v1:172.21.15.151:6801/690191387] conn(0x7f3654038d30 0x7f365403b1f0 secure :-1 s=READY pgs=6 cs=0 l=1 rev1=1 crypto rx=0x7f3650006fd0 tx=0x7f3650006e40 comp rx=0 tx=0).ready entity=mgr.14100 client_cookie=0 server_cookie=0 in_seq=0 out_seq=0
2024-02-14T12:53:02.002 INFO:teuthology.orchestra.run.smithi151.stdout:/usr/bin/ceph: stderr
2024-02-14T12:53:00.729+0000 7f3661ffb700 1 -- 172.21.15.151:0/2778533996 <== mon.0 v2:172.21.15.151:3300/0 6 ==== mon_command_ack([{"prefix": "get_command_descriptions"}]=0 v0) v1 ==== 72+0+183564 (secure 0 0 0) 0x7f3658018a40 con 0x7f366407cec0
2024-02-14T12:53:02.002 INFO:teuthology.orchestra.run.smithi151.stdout:/usr/bin/ceph: stderr
2024-02-14T12:53:00.998+0000 7f366ac72700 1 -- 172.21.15.151:0/2778533996 --> [v2:172.21.15.151:3300/0,v1:172.21.15.151:6789/0] -- mon_command({"prefix": "status", "format": "json-pretty"} v 0) v1 -- 0x7f36641a1260 con 0x7f366407cec0
2024-02-14T12:53:02.002 INFO:teuthology.orchestra.run.smithi151.stdout:/usr/bin/ceph: stderr
2024-02-14T12:53:00.998+0000 7f3661ffb700 1 -- 172.21.15.151:0/2778533996 <== mon.0 v2:172.21.15.151:3300/0 7 ==== mon_command_ack([{"prefix": "status", "format": "json-pretty"}]=0 v0) v1 ==== 79+0+1239 (secure 0 0 0) 0x7f3658018350 con 0x7f366407cec0
2024-02-14T12:53:02.002 INFO:teuthology.orchestra.run.smithi151.stdout:/usr/bin/ceph: stderr
2024-02-14T12:53:01.000+0000 7f366ac72700 1 -- 172.21.15.151:0/2778533996 >> [v2:172.21.15.151:6800/690191387,v1:172.21.15.151:6801/690191387] conn(0x7f3654038d30 msgr2=0x7f365403b1f0 secure :-1 s=STATE_CONNECTION_ESTABLISHED l=1).mark_down
2024-02-14T12:53:02.002 INFO:teuthology.orchestra.run.smithi151.stdout:/usr/bin/ceph: stderr
2024-02-14T12:53:01.000+0000 7f366ac72700 1 --2- 172.21.15.151:0/2778533996 >> [v2:172.21.15.151:6800/690191387,v1:172.21.15.151:6801/690191387] conn(0x7f3654038d30 0x7f365403b1f0 secure :-1 s=READY pgs=6 cs=0 l=1 rev1=1 crypto rx=0x7f3650006fd0 tx=0x7f3650006e40 comp rx=0 tx=0).stop
2024-02-14T12:53:02.002 INFO:teuthology.orchestra.run.smithi151.stdout:/usr/bin/ceph: stderr
2024-02-14T12:53:01.000+0000 7f366ac72700 1 -- 172.21.15.151:0/2778533996 >> [v2:172.21.15.151:3300/0,v1:172.21.15.151:6789/0] conn(0x7f366407cec0 msgr2=0x7f366419d8b0 secure :-1 s=STATE_CONNECTION_ESTABLISHED l=1).mark_down
2024-02-14T12:53:02.002 INFO:teuthology.orchestra.run.smithi151.stdout:/usr/bin/ceph: stderr
2024-02-14T12:53:01.000+0000 7f366ac72700 1 --2- 172.21.15.151:0/2778533996 >> [v2:172.21.15.151:3300/0,v1:172.21.15.151:6789/0] conn(0x7f366407cec0 0x7f366419d8b0 secure :-1 s=READY pgs=17 cs=0 l=1 rev1=1 crypto rx=0x7f3658011670 tx=0x7f3658011bf0 comp rx=0 tx=0).stop
2024-02-14T12:53:02.002 INFO:teuthology.orchestra.run.smithi151.stdout:/usr/bin/ceph: stderr
2024-02-14T12:53:01.000+0000 7f366ac72700 1 -- 172.21.15.151:0/2778533996 shutdown_connections
2024-02-14T12:53:02.002 INFO:teuthology.orchestra.run.smithi151.stdout:/usr/bin/ceph: stderr
2024-02-14T12:53:01.000+0000 7f366ac72700 1 --2- 172.21.15.151:0/2778533996 >> [v2:172.21.15.151:6800/690191387,v1:172.21.15.151:6801/690191387] conn(0x7f3654038d30 0x7f365403b1f0 unknown :-1 s=CLOSED pgs=6 cs=0 l=1 rev1=1 crypto rx=0 tx=0 comp rx=0 tx=0).stop
2024-02-14T12:53:02.002 INFO:teuthology.orchestra.run.smithi151.stdout:/usr/bin/ceph: stderr
2024-02-14T12:53:01.000+0000 7f366ac72700 1 --2- 172.21.15.151:0/2778533996 >> [v2:172.21.15.151:3300/0,v1:172.21.15.151:6789/0] conn(0x7f366407cec0 0x7f366419d8b0 unknown :-1 s=CLOSED pgs=17 cs=0 l=1 rev1=1 crypto rx=0 tx=0 comp rx=0 tx=0).stop
2024-02-14T12:53:02.002 INFO:teuthology.orchestra.run.smithi151.stdout:/usr/bin/ceph: stderr
2024-02-14T12:53:01.000+0000 7f366ac72700 1 -- 172.21.15.151:0/2778533996 >> 172.21.15.151:0/2778533996 conn(0x7f3664102f70 msgr2=0x7f3664103aa0 unknown :-1 s=STATE_NONE l=0).mark_down
2024-02-14T12:53:02.002 INFO:teuthology.orchestra.run.smithi151.stdout:/usr/bin/ceph: stderr
2024-02-14T12:53:01.000+0000 7f366ac72700 1 -- 172.21.15.151:0/2778533996 shutdown_connections
2024-02-14T12:53:02.002 INFO:teuthology.orchestra.run.smithi151.stdout:/usr/bin/ceph: stderr
2024-02-14T12:53:01.000+0000 7f366ac72700 1 -- 172.21.15.151:0/2778533996 wait complete.
2024-02-14T12:53:02.002 INFO:teuthology.orchestra.run.smithi151.stdout:mgr is available
2024-02-14T12:53:02.919 INFO:journalctl@ceph.mon.a.smithi151.stdout:Feb 14 12:53:02 smithi151 ceph-mon[32973]: from='client.? 172.21.15.151:0/1802861877' entity='client.admin' cmd=[{"prefix": "config assimilate-conf"}]: dispatch
2024-02-14T12:53:03.232 INFO:teuthology.orchestra.run.smithi151.stdout:/usr/bin/ceph: stdout
2024-02-14T12:53:03.232 INFO:teuthology.orchestra.run.smithi151.stdout:/usr/bin/ceph: stdout [global]
2024-02-14T12:53:03.232 INFO:teuthology.orchestra.run.smithi151.stdout:/usr/bin/ceph: stdout fsid = d31c6f58-cb37-11ee-95b9-87774f69a715
2024-02-14T12:53:03.232 INFO:teuthology.orchestra.run.smithi151.stdout:/usr/bin/ceph: stdout mon_osd_allow_pg_remap = true
2024-02-14T12:53:03.232 INFO:teuthology.orchestra.run.smithi151.stdout:/usr/bin/ceph: stdout mon_osd_allow_primary_affinity = true
2024-02-14T12:53:03.233 INFO:teuthology.orchestra.run.smithi151.stdout:/usr/bin/ceph: stdout mon_warn_on_no_sortbitwise = false
2024-02-14T12:53:03.233 INFO:teuthology.orchestra.run.smithi151.stdout:/usr/bin/ceph: stdout osd_crush_chooseleaf_type = 0
2024-02-14T12:53:03.233 INFO:teuthology.orchestra.run.smithi151.stdout:/usr/bin/ceph: stdout
2024-02-14T12:53:03.233 INFO:teuthology.orchestra.run.smithi151.stdout:/usr/bin/ceph: stdout [mgr]
2024-02-14T12:53:03.233 INFO:teuthology.orchestra.run.smithi151.stdout:/usr/bin/ceph: stdout mgr/telemetry/nag = false
2024-02-14T12:53:03.233 INFO:teuthology.orchestra.run.smithi151.stdout:/usr/bin/ceph: stdout
2024-02-14T12:53:03.233 INFO:teuthology.orchestra.run.smithi151.stdout:/usr/bin/ceph: stdout [osd]
2024-02-14T12:53:03.233 INFO:teuthology.orchestra.run.smithi151.stdout:/usr/bin/ceph: stdout mon_osd_backfillfull_ratio = 0.85
2024-02-14T12:53:03.233 INFO:teuthology.orchestra.run.smithi151.stdout:/usr/bin/ceph: stdout mon_osd_full_ratio = 0.9
2024-02-14T12:53:03.233 INFO:teuthology.orchestra.run.smithi151.stdout:/usr/bin/ceph: stdout mon_osd_nearfull_ratio = 0.8
2024-02-14T12:53:03.233 INFO:teuthology.orchestra.run.smithi151.stdout:/usr/bin/ceph: stdout osd_map_max_advance = 10
2024-02-14T12:53:03.233 INFO:teuthology.orchestra.run.smithi151.stdout:/usr/bin/ceph: stdout osd_sloppy_crc = true
2024-02-14T12:53:03.233 INFO:teuthology.orchestra.run.smithi151.stdout:/usr/bin/ceph: stderr
2024-02-14T12:53:02.419+0000 7fef3db86700 1 Processor -- start
2024-02-14T12:53:03.233 INFO:teuthology.orchestra.run.smithi151.stdout:/usr/bin/ceph: stderr
2024-02-14T12:53:02.419+0000 7fef3db86700 1 -- start start
2024-02-14T12:53:03.234 INFO:teuthology.orchestra.run.smithi151.stdout:/usr/bin/ceph: stderr
2024-02-14T12:53:02.419+0000 7fef3db86700 1 --2- >> [v2:172.21.15.151:3300/0,v1:172.21.15.151:6789/0] conn(0x7fef38106780 0x7fef38106ba0 unknown :-1 s=NONE pgs=0 cs=0 l=0 rev1=0 crypto rx=0 tx=0 comp rx=0 tx=0).connect
2024-02-14T12:53:03.234 INFO:teuthology.orchestra.run.smithi151.stdout:/usr/bin/ceph: stderr
2024-02-14T12:53:02.419+0000 7fef3db86700 1 -- --> [v2:172.21.15.151:3300/0,v1:172.21.15.151:6789/0] -- mon_getmap magic: 0 v1 -- 0x7fef38107170 con 0x7fef38106780
2024-02-14T12:53:03.234 INFO:teuthology.orchestra.run.smithi151.stdout:/usr/bin/ceph: stderr
2024-02-14T12:53:02.420+0000 7fef377fe700 1 --2- >> [v2:172.21.15.151:3300/0,v1:172.21.15.151:6789/0] conn(0x7fef38106780 0x7fef38106ba0 unknown :-1 s=BANNER_CONNECTING pgs=0 cs=0 l=0 rev1=0 crypto rx=0 tx=0 comp rx=0 tx=0)._handle_peer_banner_payload supported=3 required=0
2024-02-14T12:53:03.234 INFO:teuthology.orchestra.run.smithi151.stdout:/usr/bin/ceph: stderr
2024-02-14T12:53:02.420+0000 7fef377fe700 1 --2- >> [v2:172.21.15.151:3300/0,v1:172.21.15.151:6789/0] conn(0x7fef38106780 0x7fef38106ba0 unknown :-1 s=HELLO_CONNECTING pgs=0 cs=0 l=0 rev1=1 crypto rx=0 tx=0 comp rx=0 tx=0).handle_hello peer v2:172.21.15.151:3300/0 says I am v2:172.21.15.151:47008/0 (socket says 172.21.15.151:47008)
2024-02-14T12:53:03.234 INFO:teuthology.orchestra.run.smithi151.stdout:/usr/bin/ceph: stderr
2024-02-14T12:53:02.420+0000 7fef377fe700 1 -- 172.21.15.151:0/919644087 learned_addr learned my addr 172.21.15.151:0/919644087 (peer_addr_for_me v2:172.21.15.151:0/0)
2024-02-14T12:53:03.234 INFO:teuthology.orchestra.run.smithi151.stdout:/usr/bin/ceph: stderr
2024-02-14T12:53:02.420+0000 7fef377fe700 1 -- 172.21.15.151:0/919644087 --> [v2:172.21.15.151:3300/0,v1:172.21.15.151:6789/0] -- mon_subscribe({config=0+,monmap=0+}) v3 -- 0x7fef38107980 con 0x7fef38106780
2024-02-14T12:53:03.234 INFO:teuthology.orchestra.run.smithi151.stdout:/usr/bin/ceph: stderr
2024-02-14T12:53:02.420+0000 7fef377fe700 1 --2- 172.21.15.151:0/919644087 >> [v2:172.21.15.151:3300/0,v1:172.21.15.151:6789/0] conn(0x7fef38106780 0x7fef38106ba0 secure :-1 s=READY pgs=18 cs=0 l=1 rev1=1 crypto rx=0x7fef280098a0 tx=0x7fef28009bb0 comp rx=0 tx=0).ready entity=mon.0 client_cookie=284173caa12cc4a0 server_cookie=0 in_seq=0 out_seq=0
2024-02-14T12:53:03.234 INFO:teuthology.orchestra.run.smithi151.stdout:/usr/bin/ceph: stderr
2024-02-14T12:53:02.420+0000 7fef367fc700 1 -- 172.21.15.151:0/919644087 <== mon.0 v2:172.21.15.151:3300/0 1 ==== mon_map magic: 0 v1 ==== 205+0+0 (secure 0 0 0) 0x7fef28004160 con 0x7fef38106780
2024-02-14T12:53:03.234 INFO:teuthology.orchestra.run.smithi151.stdout:/usr/bin/ceph: stderr
2024-02-14T12:53:02.420+0000 7fef367fc700 1 -- 172.21.15.151:0/919644087 <== mon.0 v2:172.21.15.151:3300/0 2 ==== config(28 keys) v1 ==== 1143+0+0 (secure 0 0 0) 0x7fef280042c0 con 0x7fef38106780
2024-02-14T12:53:03.234 INFO:teuthology.orchestra.run.smithi151.stdout:/usr/bin/ceph: stderr
2024-02-14T12:53:02.420+0000 7fef367fc700 1 -- 172.21.15.151:0/919644087 <== mon.0 v2:172.21.15.151:3300/0 3 ==== mon_map magic: 0 v1 ==== 205+0+0 (secure 0 0 0) 0x7fef28011b70 con 0x7fef38106780
2024-02-14T12:53:03.234 INFO:teuthology.orchestra.run.smithi151.stdout:/usr/bin/ceph: stderr
2024-02-14T12:53:02.421+0000 7fef3db86700 1 -- 172.21.15.151:0/919644087 >> [v2:172.21.15.151:3300/0,v1:172.21.15.151:6789/0] conn(0x7fef38106780 msgr2=0x7fef38106ba0 secure :-1 s=STATE_CONNECTION_ESTABLISHED l=1).mark_down
2024-02-14T12:53:03.234 INFO:teuthology.orchestra.run.smithi151.stdout:/usr/bin/ceph: stderr
2024-02-14T12:53:02.421+0000 7fef3db86700 1 --2- 172.21.15.151:0/919644087 >> [v2:172.21.15.151:3300/0,v1:172.21.15.151:6789/0] conn(0x7fef38106780 0x7fef38106ba0 secure :-1 s=READY pgs=18 cs=0 l=1 rev1=1 crypto rx=0x7fef280098a0 tx=0x7fef28009bb0 comp rx=0 tx=0).stop
2024-02-14T12:53:03.234 INFO:teuthology.orchestra.run.smithi151.stdout:/usr/bin/ceph: stderr
2024-02-14T12:53:02.421+0000 7fef3db86700 1 -- 172.21.15.151:0/919644087 shutdown_connections
2024-02-14T12:53:03.235 INFO:teuthology.orchestra.run.smithi151.stdout:/usr/bin/ceph: stderr
2024-02-14T12:53:02.421+0000 7fef3db86700 1 --2- 172.21.15.151:0/919644087 >> [v2:172.21.15.151:3300/0,v1:172.21.15.151:6789/0] conn(0x7fef38106780 0x7fef38106ba0 unknown :-1 s=CLOSED pgs=18 cs=0 l=1 rev1=1 crypto rx=0 tx=0 comp rx=0 tx=0).stop
2024-02-14T12:53:03.235 INFO:teuthology.orchestra.run.smithi151.stdout:/usr/bin/ceph: stderr
2024-02-14T12:53:02.421+0000 7fef3db86700 1 -- 172.21.15.151:0/919644087 >> 172.21.15.151:0/919644087 conn(0x7fef38101e20 msgr2=0x7fef38104240 unknown :-1 s=STATE_NONE l=0).mark_down
2024-02-14T12:53:03.235 INFO:teuthology.orchestra.run.smithi151.stdout:/usr/bin/ceph: stderr
2024-02-14T12:53:02.421+0000 7fef3db86700 1 -- 172.21.15.151:0/919644087 shutdown_connections
2024-02-14T12:53:03.235 INFO:teuthology.orchestra.run.smithi151.stdout:/usr/bin/ceph: stderr
2024-02-14T12:53:02.421+0000 7fef3db86700 1 -- 172.21.15.151:0/919644087 wait complete.
2024-02-14T12:53:03.235 INFO:teuthology.orchestra.run.smithi151.stdout:/usr/bin/ceph: stderr
2024-02-14T12:53:02.421+0000 7fef3db86700 1 Processor -- start
2024-02-14T12:53:03.235 INFO:teuthology.orchestra.run.smithi151.stdout:/usr/bin/ceph: stderr
2024-02-14T12:53:02.422+0000 7fef3db86700 1 -- start start
2024-02-14T12:53:03.235 INFO:teuthology.orchestra.run.smithi151.stdout:/usr/bin/ceph: stderr
2024-02-14T12:53:02.422+0000 7fef3db86700 1 --2- >> [v2:172.21.15.151:3300/0,v1:172.21.15.151:6789/0] conn(0x7fef38106780 0x7fef3819d8f0 unknown :-1 s=NONE pgs=0 cs=0 l=1 rev1=0 crypto rx=0 tx=0 comp rx=0 tx=0).connect
2024-02-14T12:53:03.235 INFO:teuthology.orchestra.run.smithi151.stdout:/usr/bin/ceph: stderr
2024-02-14T12:53:02.422+0000 7fef3db86700 1 -- --> [v2:172.21.15.151:3300/0,v1:172.21.15.151:6789/0] -- mon_getmap magic: 0 v1 -- 0x7fef3819de30 con 0x7fef38106780
2024-02-14T12:53:03.235 INFO:teuthology.orchestra.run.smithi151.stdout:/usr/bin/ceph: stderr
2024-02-14T12:53:02.422+0000 7fef377fe700 1 --2- >> [v2:172.21.15.151:3300/0,v1:172.21.15.151:6789/0] conn(0x7fef38106780 0x7fef3819d8f0 unknown :-1 s=BANNER_CONNECTING pgs=0 cs=0 l=1 rev1=0 crypto rx=0 tx=0 comp rx=0 tx=0)._handle_peer_banner_payload supported=3 required=0
2024-02-14T12:53:03.235 INFO:teuthology.orchestra.run.smithi151.stdout:/usr/bin/ceph: stderr
2024-02-14T12:53:02.422+0000 7fef377fe700 1 --2- >> [v2:172.21.15.151:3300/0,v1:172.21.15.151:6789/0] conn(0x7fef38106780 0x7fef3819d8f0 unknown :-1 s=HELLO_CONNECTING pgs=0 cs=0 l=1 rev1=1 crypto rx=0 tx=0 comp rx=0 tx=0).handle_hello peer v2:172.21.15.151:3300/0 says I am v2:172.21.15.151:47014/0 (socket says 172.21.15.151:47014)
2024-02-14T12:53:03.235 INFO:teuthology.orchestra.run.smithi151.stdout:/usr/bin/ceph: stderr
2024-02-14T12:53:02.422+0000 7fef377fe700 1 -- 172.21.15.151:0/1802861877 learned_addr learned my addr 172.21.15.151:0/1802861877 (peer_addr_for_me v2:172.21.15.151:0/0)
2024-02-14T12:53:03.235 INFO:teuthology.orchestra.run.smithi151.stdout:/usr/bin/ceph: stderr
2024-02-14T12:53:02.422+0000 7fef377fe700 1 -- 172.21.15.151:0/1802861877 --> [v2:172.21.15.151:3300/0,v1:172.21.15.151:6789/0] -- mon_subscribe({config=0+,monmap=0+}) v3 -- 0x7fef28009550 con 0x7fef38106780
2024-02-14T12:53:03.235 INFO:teuthology.orchestra.run.smithi151.stdout:/usr/bin/ceph: stderr
2024-02-14T12:53:02.422+0000 7fef377fe700 1 --2- 172.21.15.151:0/1802861877 >> [v2:172.21.15.151:3300/0,v1:172.21.15.151:6789/0] conn(0x7fef38106780 0x7fef3819d8f0 secure :-1 s=READY pgs=19 cs=0 l=1 rev1=1 crypto rx=0x7fef28000c00 tx=0x7fef28011bf0 comp rx=0 tx=0).ready entity=mon.0 client_cookie=0 server_cookie=0 in_seq=0 out_seq=0
2024-02-14T12:53:03.235 INFO:teuthology.orchestra.run.smithi151.stdout:/usr/bin/ceph: stderr
2024-02-14T12:53:02.422+0000 7fef34ff9700 1 -- 172.21.15.151:0/1802861877 <== mon.0 v2:172.21.15.151:3300/0 1 ==== mon_map magic: 0 v1 ==== 205+0+0 (secure 0 0 0) 0x7fef28003aa0 con 0x7fef38106780
2024-02-14T12:53:03.236 INFO:teuthology.orchestra.run.smithi151.stdout:/usr/bin/ceph: stderr
2024-02-14T12:53:02.423+0000 7fef3db86700 1 -- 172.21.15.151:0/1802861877 --> [v2:172.21.15.151:3300/0,v1:172.21.15.151:6789/0] -- mon_subscribe({mgrmap=0+}) v3 -- 0x7fef3819e030 con 0x7fef38106780
2024-02-14T12:53:03.236 INFO:teuthology.orchestra.run.smithi151.stdout:/usr/bin/ceph: stderr
2024-02-14T12:53:02.423+0000 7fef34ff9700 1 -- 172.21.15.151:0/1802861877 <== mon.0 v2:172.21.15.151:3300/0 2 ==== config(28 keys) v1 ==== 1143+0+0 (secure 0 0 0) 0x7fef28003c00 con 0x7fef38106780
2024-02-14T12:53:03.236 INFO:teuthology.orchestra.run.smithi151.stdout:/usr/bin/ceph: stderr
2024-02-14T12:53:02.423+0000 7fef34ff9700 1 -- 172.21.15.151:0/1802861877 <== mon.0 v2:172.21.15.151:3300/0 3 ==== mon_map magic: 0 v1 ==== 205+0+0 (secure 0 0 0) 0x7fef28024930 con 0x7fef38106780
2024-02-14T12:53:03.236 INFO:teuthology.orchestra.run.smithi151.stdout:/usr/bin/ceph: stderr
2024-02-14T12:53:02.423+0000 7fef3db86700 1 -- 172.21.15.151:0/1802861877 --> [v2:172.21.15.151:3300/0,v1:172.21.15.151:6789/0] -- mon_subscribe({osdmap=0}) v3 -- 0x7fef3819e4d0 con 0x7fef38106780
2024-02-14T12:53:03.236 INFO:teuthology.orchestra.run.smithi151.stdout:/usr/bin/ceph: stderr
2024-02-14T12:53:02.424+0000 7fef34ff9700 1 -- 172.21.15.151:0/1802861877 <== mon.0 v2:172.21.15.151:3300/0 4 ==== mgrmap(e 3) v1 ==== 45815+0+0 (secure 0 0 0) 0x7fef2802d3f0 con 0x7fef38106780
2024-02-14T12:53:03.236 INFO:teuthology.orchestra.run.smithi151.stdout:/usr/bin/ceph: stderr
2024-02-14T12:53:02.424+0000 7fef34ff9700 1 --2- 172.21.15.151:0/1802861877 >> [v2:172.21.15.151:6800/690191387,v1:172.21.15.151:6801/690191387] conn(0x7fef20038d70 0x7fef2003b230 unknown :-1 s=NONE pgs=0 cs=0 l=1 rev1=0 crypto rx=0 tx=0 comp rx=0 tx=0).connect
2024-02-14T12:53:03.236 INFO:teuthology.orchestra.run.smithi151.stdout:/usr/bin/ceph: stderr
2024-02-14T12:53:02.424+0000 7fef3db86700 1 -- 172.21.15.151:0/1802861877 --> [v2:172.21.15.151:3300/0,v1:172.21.15.151:6789/0] -- mon_command({"prefix": "get_command_descriptions"} v 0) v1 -- 0x7fef38197c20 con 0x7fef38106780
2024-02-14T12:53:03.236 INFO:teuthology.orchestra.run.smithi151.stdout:/usr/bin/ceph: stderr
2024-02-14T12:53:02.424+0000 7fef34ff9700 1 -- 172.21.15.151:0/1802861877 <== mon.0 v2:172.21.15.151:3300/0 5 ==== osd_map(1..1 src has 1..1) v4 ==== 725+0+0 (secure 0 0 0) 0x7fef2804ccf0 con 0x7fef38106780
2024-02-14T12:53:03.236 INFO:teuthology.orchestra.run.smithi151.stdout:/usr/bin/ceph: stderr
2024-02-14T12:53:02.424+0000 7fef36ffd700 1 --2- 172.21.15.151:0/1802861877 >> [v2:172.21.15.151:6800/690191387,v1:172.21.15.151:6801/690191387] conn(0x7fef20038d70 0x7fef2003b230 unknown :-1 s=BANNER_CONNECTING pgs=0 cs=0 l=1 rev1=0 crypto rx=0 tx=0 comp rx=0 tx=0)._handle_peer_banner_payload supported=3 required=0
2024-02-14T12:53:03.236 INFO:teuthology.orchestra.run.smithi151.stdout:/usr/bin/ceph: stderr
2024-02-14T12:53:02.424+0000 7fef36ffd700 1 --2- 172.21.15.151:0/1802861877 >> [v2:172.21.15.151:6800/690191387,v1:172.21.15.151:6801/690191387] conn(0x7fef20038d70 0x7fef2003b230 secure :-1 s=READY pgs=7 cs=0 l=1 rev1=1 crypto rx=0x7fef2c006fd0 tx=0x7fef2c006e40 comp rx=0 tx=0).ready entity=mgr.14100 client_cookie=0 server_cookie=0 in_seq=0 out_seq=0
2024-02-14T12:53:03.236 INFO:teuthology.orchestra.run.smithi151.stdout:/usr/bin/ceph: stderr
2024-02-14T12:53:02.429+0000 7fef34ff9700 1 -- 172.21.15.151:0/1802861877 <== mon.0 v2:172.21.15.151:3300/0 6 ==== mon_command_ack([{"prefix": "get_command_descriptions"}]=0 v0) v1 ==== 72+0+183564 (secure 0 0 0) 0x7fef28010740 con 0x7fef38106780
2024-02-14T12:53:03.236 INFO:teuthology.orchestra.run.smithi151.stdout:/usr/bin/ceph: stderr
2024-02-14T12:53:02.620+0000 7fef3db86700 1 -- 172.21.15.151:0/1802861877 --> [v2:172.21.15.151:3300/0,v1:172.21.15.151:6789/0] -- mon_command({"prefix": "config assimilate-conf"} v 0) v1 -- 0x7fef3802d820 con 0x7fef38106780
2024-02-14T12:53:03.236 INFO:teuthology.orchestra.run.smithi151.stdout:/usr/bin/ceph: stderr
2024-02-14T12:53:02.621+0000 7fef34ff9700 1 -- 172.21.15.151:0/1802861877 <== mon.0 v2:172.21.15.151:3300/0 7 ==== mon_command_ack([{"prefix": "config assimilate-conf"}]=0 v3) v1 ==== 70+0+373 (secure 0 0 0) 0x7fef2801c0d0 con 0x7fef38106780
2024-02-14T12:53:03.237 INFO:teuthology.orchestra.run.smithi151.stdout:/usr/bin/ceph: stderr
2024-02-14T12:53:02.623+0000 7fef3db86700 1 -- 172.21.15.151:0/1802861877 >> [v2:172.21.15.151:6800/690191387,v1:172.21.15.151:6801/690191387] conn(0x7fef20038d70 msgr2=0x7fef2003b230 secure :-1 s=STATE_CONNECTION_ESTABLISHED l=1).mark_down
2024-02-14T12:53:03.237 INFO:teuthology.orchestra.run.smithi151.stdout:/usr/bin/ceph: stderr
2024-02-14T12:53:02.623+0000 7fef3db86700 1 --2- 172.21.15.151:0/1802861877 >> [v2:172.21.15.151:6800/690191387,v1:172.21.15.151:6801/690191387] conn(0x7fef20038d70 0x7fef2003b230 secure :-1 s=READY pgs=7 cs=0 l=1 rev1=1 crypto rx=0x7fef2c006fd0 tx=0x7fef2c006e40 comp rx=0 tx=0).stop
2024-02-14T12:53:03.237 INFO:teuthology.orchestra.run.smithi151.stdout:/usr/bin/ceph: stderr
2024-02-14T12:53:02.623+0000 7fef3db86700 1 -- 172.21.15.151:0/1802861877 >> [v2:172.21.15.151:3300/0,v1:172.21.15.151:6789/0] conn(0x7fef38106780 msgr2=0x7fef3819d8f0 secure :-1 s=STATE_CONNECTION_ESTABLISHED l=1).mark_down
2024-02-14T12:53:03.237 INFO:teuthology.orchestra.run.smithi151.stdout:/usr/bin/ceph: stderr
2024-02-14T12:53:02.623+0000 7fef3db86700 1 --2- 172.21.15.151:0/1802861877 >> [v2:172.21.15.151:3300/0,v1:172.21.15.151:6789/0] conn(0x7fef38106780 0x7fef3819d8f0 secure :-1 s=READY pgs=19 cs=0 l=1 rev1=1 crypto rx=0x7fef28000c00 tx=0x7fef28011bf0 comp rx=0 tx=0).stop
2024-02-14T12:53:03.237 INFO:teuthology.orchestra.run.smithi151.stdout:/usr/bin/ceph: stderr
2024-02-14T12:53:02.623+0000 7fef3db86700 1 -- 172.21.15.151:0/1802861877 shutdown_connections
2024-02-14T12:53:03.237 INFO:teuthology.orchestra.run.smithi151.stdout:/usr/bin/ceph: stderr
2024-02-14T12:53:02.623+0000 7fef3db86700 1 --2- 172.21.15.151:0/1802861877 >> [v2:172.21.15.151:6800/690191387,v1:172.21.15.151:6801/690191387] conn(0x7fef20038d70 0x7fef2003b230 unknown :-1 s=CLOSED pgs=7 cs=0 l=1 rev1=1 crypto rx=0 tx=0 comp rx=0 tx=0).stop
2024-02-14T12:53:03.237 INFO:teuthology.orchestra.run.smithi151.stdout:/usr/bin/ceph: stderr
2024-02-14T12:53:02.623+0000 7fef3db86700 1 --2- 172.21.15.151:0/1802861877 >> [v2:172.21.15.151:3300/0,v1:172.21.15.151:6789/0] conn(0x7fef38106780 0x7fef3819d8f0 unknown :-1 s=CLOSED pgs=19 cs=0 l=1 rev1=1 crypto rx=0 tx=0 comp rx=0 tx=0).stop
2024-02-14T12:53:03.237 INFO:teuthology.orchestra.run.smithi151.stdout:/usr/bin/ceph: stderr
2024-02-14T12:53:02.623+0000 7fef3db86700 1 -- 172.21.15.151:0/1802861877 >> 172.21.15.151:0/1802861877 conn(0x7fef38101e20 msgr2=0x7fef38102ce0 unknown :-1 s=STATE_NONE l=0).mark_down
2024-02-14T12:53:03.237 INFO:teuthology.orchestra.run.smithi151.stdout:/usr/bin/ceph: stderr
2024-02-14T12:53:02.623+0000 7fef3db86700 1 -- 172.21.15.151:0/1802861877 shutdown_connections
2024-02-14T12:53:03.237 INFO:teuthology.orchestra.run.smithi151.stdout:/usr/bin/ceph: stderr
2024-02-14T12:53:02.623+0000 7fef3db86700 1 -- 172.21.15.151:0/1802861877 wait complete.
2024-02-14T12:53:03.237 INFO:teuthology.orchestra.run.smithi151.stdout:Enabling cephadm module...
2024-02-14T12:53:03.844 INFO:journalctl@ceph.mon.a.smithi151.stdout:Feb 14 12:53:03 smithi151 ceph-mon[32973]: mgrmap e4: x(active, since 3s)
2024-02-14T12:53:05.008 INFO:journalctl@ceph.mon.a.smithi151.stdout:Feb 14 12:53:04 smithi151 ceph-mon[32973]: from='client.? 172.21.15.151:0/2849188217' entity='client.admin' cmd=[{"prefix": "mgr module enable", "module": "cephadm"}]: dispatch
2024-02-14T12:53:05.009 INFO:journalctl@ceph.mgr.x.smithi151.stdout:Feb 14 12:53:04 smithi151 ceph-d31c6f58-cb37-11ee-95b9-87774f69a715-mgr-x[33204]: ignoring --setuser ceph since I am not root
2024-02-14T12:53:05.009 INFO:journalctl@ceph.mgr.x.smithi151.stdout:Feb 14 12:53:04 smithi151 ceph-d31c6f58-cb37-11ee-95b9-87774f69a715-mgr-x[33204]: ignoring --setgroup ceph since I am not root
2024-02-14T12:53:05.289 INFO:teuthology.orchestra.run.smithi151.stdout:/usr/bin/ceph: stderr
2024-02-14T12:53:03.618+0000 7fb8bfa9d700 1 Processor -- start
2024-02-14T12:53:05.290 INFO:teuthology.orchestra.run.smithi151.stdout:/usr/bin/ceph: stderr
2024-02-14T12:53:03.619+0000 7fb8bfa9d700 1 -- start start
2024-02-14T12:53:05.290 INFO:teuthology.orchestra.run.smithi151.stdout:/usr/bin/ceph: stderr
2024-02-14T12:53:03.619+0000 7fb8bfa9d700 1 --2- >> [v2:172.21.15.151:3300/0,v1:172.21.15.151:6789/0] conn(0x7fb8b8105b80 0x7fb8b8105fa0 unknown :-1 s=NONE pgs=0 cs=0 l=0 rev1=0 crypto rx=0 tx=0 comp rx=0 tx=0).connect
2024-02-14T12:53:05.290 INFO:teuthology.orchestra.run.smithi151.stdout:/usr/bin/ceph: stderr
2024-02-14T12:53:03.619+0000 7fb8bfa9d700 1 -- --> [v2:172.21.15.151:3300/0,v1:172.21.15.151:6789/0] -- mon_getmap magic: 0 v1 -- 0x7fb8b8106570 con 0x7fb8b8105b80
2024-02-14T12:53:05.290 INFO:teuthology.orchestra.run.smithi151.stdout:/usr/bin/ceph: stderr
2024-02-14T12:53:03.619+0000 7fb8bd839700 1 --2- >> [v2:172.21.15.151:3300/0,v1:172.21.15.151:6789/0] conn(0x7fb8b8105b80 0x7fb8b8105fa0 unknown :-1 s=BANNER_CONNECTING pgs=0 cs=0 l=0 rev1=0 crypto rx=0 tx=0 comp rx=0 tx=0)._handle_peer_banner_payload supported=3 required=0
2024-02-14T12:53:05.290 INFO:teuthology.orchestra.run.smithi151.stdout:/usr/bin/ceph: stderr
2024-02-14T12:53:03.619+0000 7fb8bd839700 1 --2- >> [v2:172.21.15.151:3300/0,v1:172.21.15.151:6789/0] conn(0x7fb8b8105b80 0x7fb8b8105fa0 unknown :-1 s=HELLO_CONNECTING pgs=0 cs=0 l=0 rev1=1 crypto rx=0 tx=0 comp rx=0 tx=0).handle_hello peer v2:172.21.15.151:3300/0 says I am v2:172.21.15.151:47022/0 (socket says 172.21.15.151:47022)
2024-02-14T12:53:05.290 INFO:teuthology.orchestra.run.smithi151.stdout:/usr/bin/ceph: stderr
2024-02-14T12:53:03.619+0000 7fb8bd839700 1 -- 172.21.15.151:0/3076317252 learned_addr learned my addr 172.21.15.151:0/3076317252 (peer_addr_for_me v2:172.21.15.151:0/0)
2024-02-14T12:53:05.290 INFO:teuthology.orchestra.run.smithi151.stdout:/usr/bin/ceph: stderr
2024-02-14T12:53:03.619+0000 7fb8bd839700 1 -- 172.21.15.151:0/3076317252 --> [v2:172.21.15.151:3300/0,v1:172.21.15.151:6789/0] -- mon_subscribe({config=0+,monmap=0+}) v3 -- 0x7fb8b81066b0 con 0x7fb8b8105b80
2024-02-14T12:53:05.291 INFO:teuthology.orchestra.run.smithi151.stdout:/usr/bin/ceph: stderr
2024-02-14T12:53:03.619+0000 7fb8bd839700 1 --2- 172.21.15.151:0/3076317252 >> [v2:172.21.15.151:3300/0,v1:172.21.15.151:6789/0] conn(0x7fb8b8105b80 0x7fb8b8105fa0 secure :-1 s=READY pgs=20 cs=0 l=1 rev1=1 crypto rx=0x7fb8b40098a0 tx=0x7fb8b4009bb0 comp rx=0 tx=0).ready entity=mon.0 client_cookie=aaf09e868aaf62e9 server_cookie=0 in_seq=0 out_seq=0
2024-02-14T12:53:05.291 INFO:teuthology.orchestra.run.smithi151.stdout:/usr/bin/ceph: stderr
2024-02-14T12:53:03.620+0000 7fb8bc837700 1 -- 172.21.15.151:0/3076317252 <== mon.0 v2:172.21.15.151:3300/0 1 ==== mon_map magic: 0 v1 ==== 205+0+0 (secure 0 0 0) 0x7fb8b4004160 con 0x7fb8b8105b80
2024-02-14T12:53:05.291 INFO:teuthology.orchestra.run.smithi151.stdout:/usr/bin/ceph: stderr
2024-02-14T12:53:03.620+0000 7fb8bc837700 1 -- 172.21.15.151:0/3076317252 <== mon.0 v2:172.21.15.151:3300/0 2 ==== config(28 keys) v1 ==== 1143+0+0 (secure 0 0 0) 0x7fb8b40042c0 con 0x7fb8b8105b80
2024-02-14T12:53:05.291 INFO:teuthology.orchestra.run.smithi151.stdout:/usr/bin/ceph: stderr
2024-02-14T12:53:03.620+0000 7fb8bc837700 1 -- 172.21.15.151:0/3076317252 <== mon.0 v2:172.21.15.151:3300/0 3 ==== mon_map magic: 0 v1 ==== 205+0+0 (secure 0 0 0) 0x7fb8b4011b70 con 0x7fb8b8105b80
2024-02-14T12:53:05.291 INFO:teuthology.orchestra.run.smithi151.stdout:/usr/bin/ceph: stderr
2024-02-14T12:53:03.620+0000 7fb8bfa9d700 1 -- 172.21.15.151:0/3076317252 >> [v2:172.21.15.151:3300/0,v1:172.21.15.151:6789/0] conn(0x7fb8b8105b80 msgr2=0x7fb8b8105fa0 secure :-1 s=STATE_CONNECTION_ESTABLISHED l=1).mark_down
2024-02-14T12:53:05.291 INFO:teuthology.orchestra.run.smithi151.stdout:/usr/bin/ceph: stderr
2024-02-14T12:53:03.620+0000 7fb8bfa9d700 1 --2- 172.21.15.151:0/3076317252 >> [v2:172.21.15.151:3300/0,v1:172.21.15.151:6789/0] conn(0x7fb8b8105b80 0x7fb8b8105fa0 secure :-1 s=READY pgs=20 cs=0 l=1 rev1=1 crypto rx=0x7fb8b40098a0 tx=0x7fb8b4009bb0 comp rx=0 tx=0).stop
2024-02-14T12:53:05.292 INFO:teuthology.orchestra.run.smithi151.stdout:/usr/bin/ceph: stderr
2024-02-14T12:53:03.620+0000 7fb8bfa9d700 1 -- 172.21.15.151:0/3076317252 shutdown_connections
2024-02-14T12:53:05.292 INFO:teuthology.orchestra.run.smithi151.stdout:/usr/bin/ceph: stderr
2024-02-14T12:53:03.620+0000 7fb8bfa9d700 1 --2- 172.21.15.151:0/3076317252 >> [v2:172.21.15.151:3300/0,v1:172.21.15.151:6789/0] conn(0x7fb8b8105b80 0x7fb8b8105fa0 unknown :-1 s=CLOSED pgs=20 cs=0 l=1 rev1=1 crypto rx=0 tx=0 comp rx=0 tx=0).stop
2024-02-14T12:53:05.292 INFO:teuthology.orchestra.run.smithi151.stdout:/usr/bin/ceph: stderr
2024-02-14T12:53:03.620+0000 7fb8bfa9d700 1 -- 172.21.15.151:0/3076317252 >> 172.21.15.151:0/3076317252 conn(0x7fb8b81015c0 msgr2=0x7fb8b81039e0 unknown :-1 s=STATE_NONE l=0).mark_down
2024-02-14T12:53:05.292 INFO:teuthology.orchestra.run.smithi151.stdout:/usr/bin/ceph: stderr
2024-02-14T12:53:03.620+0000 7fb8bfa9d700 1 -- 172.21.15.151:0/3076317252 shutdown_connections
2024-02-14T12:53:05.292 INFO:teuthology.orchestra.run.smithi151.stdout:/usr/bin/ceph: stderr
2024-02-14T12:53:03.620+0000 7fb8bfa9d700 1 -- 172.21.15.151:0/3076317252 wait complete.
2024-02-14T12:53:05.293 INFO:teuthology.orchestra.run.smithi151.stdout:/usr/bin/ceph: stderr
2024-02-14T12:53:03.621+0000 7fb8bfa9d700 1 Processor -- start
2024-02-14T12:53:05.293 INFO:teuthology.orchestra.run.smithi151.stdout:/usr/bin/ceph: stderr
2024-02-14T12:53:03.621+0000 7fb8bfa9d700 1 -- start start
2024-02-14T12:53:05.293 INFO:teuthology.orchestra.run.smithi151.stdout:/usr/bin/ceph: stderr
2024-02-14T12:53:03.621+0000 7fb8bfa9d700 1 --2- >> [v2:172.21.15.151:3300/0,v1:172.21.15.151:6789/0] conn(0x7fb8b8105b80 0x7fb8b819b6b0 unknown :-1 s=NONE pgs=0 cs=0 l=1 rev1=0 crypto rx=0 tx=0 comp rx=0 tx=0).connect
2024-02-14T12:53:05.293 INFO:teuthology.orchestra.run.smithi151.stdout:/usr/bin/ceph: stderr
2024-02-14T12:53:03.621+0000 7fb8bfa9d700 1 -- --> [v2:172.21.15.151:3300/0,v1:172.21.15.151:6789/0] -- mon_getmap magic: 0 v1 -- 0x7fb8b819bbf0 con 0x7fb8b8105b80
2024-02-14T12:53:05.293 INFO:teuthology.orchestra.run.smithi151.stdout:/usr/bin/ceph: stderr
2024-02-14T12:53:03.621+0000 7fb8bd839700 1 --2- >> [v2:172.21.15.151:3300/0,v1:172.21.15.151:6789/0] conn(0x7fb8b8105b80 0x7fb8b819b6b0 unknown :-1 s=BANNER_CONNECTING pgs=0 cs=0 l=1 rev1=0 crypto rx=0 tx=0 comp rx=0 tx=0)._handle_peer_banner_payload supported=3 required=0
2024-02-14T12:53:05.293 INFO:teuthology.orchestra.run.smithi151.stdout:/usr/bin/ceph: stderr
2024-02-14T12:53:03.621+0000 7fb8bd839700 1 --2- >> [v2:172.21.15.151:3300/0,v1:172.21.15.151:6789/0] conn(0x7fb8b8105b80 0x7fb8b819b6b0 unknown :-1 s=HELLO_CONNECTING pgs=0 cs=0 l=1 rev1=1 crypto rx=0 tx=0 comp rx=0 tx=0).handle_hello peer v2:172.21.15.151:3300/0 says I am v2:172.21.15.151:47034/0 (socket says 172.21.15.151:47034)
2024-02-14T12:53:05.294 INFO:teuthology.orchestra.run.smithi151.stdout:/usr/bin/ceph: stderr
2024-02-14T12:53:03.621+0000 7fb8bd839700 1 -- 172.21.15.151:0/2849188217 learned_addr learned my addr 172.21.15.151:0/2849188217 (peer_addr_for_me v2:172.21.15.151:0/0)
2024-02-14T12:53:05.294 INFO:teuthology.orchestra.run.smithi151.stdout:/usr/bin/ceph: stderr
2024-02-14T12:53:03.621+0000 7fb8bd839700 1 -- 172.21.15.151:0/2849188217 --> [v2:172.21.15.151:3300/0,v1:172.21.15.151:6789/0] -- mon_subscribe({config=0+,monmap=0+}) v3 -- 0x7fb8b4009550 con 0x7fb8b8105b80
2024-02-14T12:53:05.294 INFO:teuthology.orchestra.run.smithi151.stdout:/usr/bin/ceph: stderr
2024-02-14T12:53:03.621+0000 7fb8bd839700 1 --2- 172.21.15.151:0/2849188217 >> [v2:172.21.15.151:3300/0,v1:172.21.15.151:6789/0] conn(0x7fb8b8105b80 0x7fb8b819b6b0 secure :-1 s=READY pgs=21 cs=0 l=1 rev1=1 crypto rx=0x7fb8b4011670 tx=0x7fb8b4011bf0 comp rx=0 tx=0).ready entity=mon.0 client_cookie=0 server_cookie=0 in_seq=0 out_seq=0
2024-02-14T12:53:05.294 INFO:teuthology.orchestra.run.smithi151.stdout:/usr/bin/ceph: stderr
2024-02-14T12:53:03.622+0000 7fb8aeffd700 1 -- 172.21.15.151:0/2849188217 <== mon.0 v2:172.21.15.151:3300/0 1 ==== mon_map magic: 0 v1 ==== 205+0+0 (secure 0 0 0) 0x7fb8b40039f0 con 0x7fb8b8105b80
2024-02-14T12:53:05.294 INFO:teuthology.orchestra.run.smithi151.stdout:/usr/bin/ceph: stderr
2024-02-14T12:53:03.622+0000 7fb8aeffd700 1 -- 172.21.15.151:0/2849188217 <== mon.0 v2:172.21.15.151:3300/0 2 ==== config(28 keys) v1 ==== 1143+0+0 (secure 0 0 0) 0x7fb8b4003b50 con 0x7fb8b8105b80
2024-02-14T12:53:05.294 INFO:teuthology.orchestra.run.smithi151.stdout:/usr/bin/ceph: stderr
2024-02-14T12:53:03.622+0000 7fb8bfa9d700 1 -- 172.21.15.151:0/2849188217 --> [v2:172.21.15.151:3300/0,v1:172.21.15.151:6789/0] -- mon_subscribe({mgrmap=0+}) v3 -- 0x7fb8b819bdf0 con 0x7fb8b8105b80
2024-02-14T12:53:05.295 INFO:teuthology.orchestra.run.smithi151.stdout:/usr/bin/ceph: stderr
2024-02-14T12:53:03.622+0000 7fb8aeffd700 1 -- 172.21.15.151:0/2849188217 <== mon.0 v2:172.21.15.151:3300/0 3 ==== mon_map magic: 0 v1 ==== 205+0+0 (secure 0 0 0) 0x7fb8b401a690 con 0x7fb8b8105b80
2024-02-14T12:53:05.295 INFO:teuthology.orchestra.run.smithi151.stdout:/usr/bin/ceph: stderr
2024-02-14T12:53:03.622+0000 7fb8bfa9d700 1 -- 172.21.15.151:0/2849188217 --> [v2:172.21.15.151:3300/0,v1:172.21.15.151:6789/0] -- mon_subscribe({osdmap=0}) v3 -- 0x7fb8b819c290 con 0x7fb8b8105b80
2024-02-14T12:53:05.295 INFO:teuthology.orchestra.run.smithi151.stdout:/usr/bin/ceph: stderr
2024-02-14T12:53:03.622+0000 7fb8aeffd700 1 -- 172.21.15.151:0/2849188217 <== mon.0 v2:172.21.15.151:3300/0 4 ==== mgrmap(e 4) v1 ==== 45921+0+0 (secure 0 0 0) 0x7fb8b401a9d0 con 0x7fb8b8105b80
2024-02-14T12:53:05.295 INFO:teuthology.orchestra.run.smithi151.stdout:/usr/bin/ceph: stderr
2024-02-14T12:53:03.622+0000 7fb8bfa9d700 1 -- 172.21.15.151:0/2849188217 --> [v2:172.21.15.151:3300/0,v1:172.21.15.151:6789/0] -- mon_command({"prefix": "get_command_descriptions"} v 0) v1 -- 0x7fb8b810be30 con 0x7fb8b8105b80
2024-02-14T12:53:05.295 INFO:teuthology.orchestra.run.smithi151.stdout:/usr/bin/ceph: stderr
2024-02-14T12:53:03.623+0000 7fb8aeffd700 1 --2- 172.21.15.151:0/2849188217 >> [v2:172.21.15.151:6800/690191387,v1:172.21.15.151:6801/690191387] conn(0x7fb8a4038e40 0x7fb8a403b300 unknown :-1 s=NONE pgs=0 cs=0 l=1 rev1=0 crypto rx=0 tx=0 comp rx=0 tx=0).connect
2024-02-14T12:53:05.296 INFO:teuthology.orchestra.run.smithi151.stdout:/usr/bin/ceph: stderr
2024-02-14T12:53:03.623+0000 7fb8aeffd700 1 -- 172.21.15.151:0/2849188217 <== mon.0 v2:172.21.15.151:3300/0 5 ==== osd_map(1..1 src has 1..1) v4 ==== 725+0+0 (secure 0 0 0) 0x7fb8b404d1c0 con 0x7fb8b8105b80
2024-02-14T12:53:05.296 INFO:teuthology.orchestra.run.smithi151.stdout:/usr/bin/ceph: stderr
2024-02-14T12:53:03.623+0000 7fb8bd038700 1 --2- 172.21.15.151:0/2849188217 >> [v2:172.21.15.151:6800/690191387,v1:172.21.15.151:6801/690191387] conn(0x7fb8a4038e40 0x7fb8a403b300 unknown :-1 s=BANNER_CONNECTING pgs=0 cs=0 l=1 rev1=0 crypto rx=0 tx=0 comp rx=0 tx=0)._handle_peer_banner_payload supported=3 required=0
2024-02-14T12:53:05.296 INFO:teuthology.orchestra.run.smithi151.stdout:/usr/bin/ceph: stderr
2024-02-14T12:53:03.623+0000 7fb8bd038700 1 --2- 172.21.15.151:0/2849188217 >> [v2:172.21.15.151:6800/690191387,v1:172.21.15.151:6801/690191387] conn(0x7fb8a4038e40 0x7fb8a403b300 secure :-1 s=READY pgs=8 cs=0 l=1 rev1=1 crypto rx=0x7fb8a8006fd0 tx=0x7fb8a8006e40 comp rx=0 tx=0).ready entity=mgr.14100 client_cookie=0 server_cookie=0 in_seq=0 out_seq=0
2024-02-14T12:53:05.296 INFO:teuthology.orchestra.run.smithi151.stdout:/usr/bin/ceph: stderr
2024-02-14T12:53:03.628+0000 7fb8aeffd700 1 -- 172.21.15.151:0/2849188217 <== mon.0 v2:172.21.15.151:3300/0 6 ==== mon_command_ack([{"prefix": "get_command_descriptions"}]=0 v0) v1 ==== 72+0+183564 (secure 0 0 0) 0x7fb8b401ac80 con 0x7fb8b8105b80
2024-02-14T12:53:05.297 INFO:teuthology.orchestra.run.smithi151.stdout:/usr/bin/ceph: stderr
2024-02-14T12:53:03.878+0000 7fb8bfa9d700 1 -- 172.21.15.151:0/2849188217 --> [v2:172.21.15.151:3300/0,v1:172.21.15.151:6789/0] -- mon_command({"prefix": "mgr module enable", "module": "cephadm"} v 0) v1 -- 0x7fb8b819f040 con 0x7fb8b8105b80
2024-02-14T12:53:05.297 INFO:teuthology.orchestra.run.smithi151.stdout:/usr/bin/ceph: stderr
2024-02-14T12:53:04.699+0000 7fb8aeffd700 1 -- 172.21.15.151:0/2849188217 <== mon.0 v2:172.21.15.151:3300/0 7 ==== mon_command_ack([{"prefix": "mgr module enable", "module": "cephadm"}]=0 v5) v1 ==== 86+0+0 (secure 0 0 0) 0x7fb8b4018be0 con 0x7fb8b8105b80
2024-02-14T12:53:05.297 INFO:teuthology.orchestra.run.smithi151.stdout:/usr/bin/ceph: stderr
