2024-02-14T12:53:15.995+0000 7f1d8b1c4700 1 -- 172.21.15.151:0/2711918117 --> [v2:172.21.15.151:3300/0,v1:172.21.15.151:6789/0] -- mon_subscribe({osdmap=0}) v3 -- 0x7f1d841904e0 con 0x7f1d841067a0
2024-02-14T12:53:17.108 INFO:teuthology.orchestra.run.smithi151.stdout:/usr/bin/ceph: stderr
2024-02-14T12:53:15.996+0000 7f1d81ffb700 1 -- 172.21.15.151:0/2711918117 <== mon.0 v2:172.21.15.151:3300/0 4 ==== mgrmap(e 8) v1 ==== 45932+0+0 (secure 0 0 0) 0x7f1d78024430 con 0x7f1d841067a0
2024-02-14T12:53:17.108 INFO:teuthology.orchestra.run.smithi151.stdout:/usr/bin/ceph: stderr
2024-02-14T12:53:15.996+0000 7f1d8b1c4700 1 -- 172.21.15.151:0/2711918117 --> [v2:172.21.15.151:3300/0,v1:172.21.15.151:6789/0] -- mon_command({"prefix": "get_command_descriptions"} v 0) v1 -- 0x7f1d8410abd0 con 0x7f1d841067a0
2024-02-14T12:53:17.109 INFO:teuthology.orchestra.run.smithi151.stdout:/usr/bin/ceph: stderr
2024-02-14T12:53:15.996+0000 7f1d81ffb700 1 --2- 172.21.15.151:0/2711918117 >> [v2:172.21.15.151:6800/3736005619,v1:172.21.15.151:6801/3736005619] conn(0x7f1d74038e90 0x7f1d7403b350 unknown :-1 s=NONE pgs=0 cs=0 l=1 rev1=0 crypto rx=0 tx=0 comp rx=0 tx=0).connect
2024-02-14T12:53:17.109 INFO:teuthology.orchestra.run.smithi151.stdout:/usr/bin/ceph: stderr
2024-02-14T12:53:15.996+0000 7f1d81ffb700 1 -- 172.21.15.151:0/2711918117 <== mon.0 v2:172.21.15.151:3300/0 5 ==== osd_map(2..2 src has 1..2) v4 ==== 940+0+0 (secure 0 0 0) 0x7f1d7804d090 con 0x7f1d841067a0
2024-02-14T12:53:17.109 INFO:teuthology.orchestra.run.smithi151.stdout:/usr/bin/ceph: stderr
2024-02-14T12:53:15.996+0000 7f1d83fff700 1 --2- 172.21.15.151:0/2711918117 >> [v2:172.21.15.151:6800/3736005619,v1:172.21.15.151:6801/3736005619] conn(0x7f1d74038e90 0x7f1d7403b350 unknown :-1 s=BANNER_CONNECTING pgs=0 cs=0 l=1 rev1=0 crypto rx=0 tx=0 comp rx=0 tx=0)._handle_peer_banner_payload supported=3 required=0
2024-02-14T12:53:17.109 INFO:teuthology.orchestra.run.smithi151.stdout:/usr/bin/ceph: stderr
2024-02-14T12:53:15.996+0000 7f1d83fff700 1 --2- 172.21.15.151:0/2711918117 >> [v2:172.21.15.151:6800/3736005619,v1:172.21.15.151:6801/3736005619] conn(0x7f1d74038e90 0x7f1d7403b350 secure :-1 s=READY pgs=9 cs=0 l=1 rev1=1 crypto rx=0x7f1d70006fd0 tx=0x7f1d70006e40 comp rx=0 tx=0).ready entity=mgr.14118 client_cookie=0 server_cookie=0 in_seq=0 out_seq=0
2024-02-14T12:53:17.109 INFO:teuthology.orchestra.run.smithi151.stdout:/usr/bin/ceph: stderr
2024-02-14T12:53:16.001+0000 7f1d81ffb700 1 -- 172.21.15.151:0/2711918117 <== mon.0 v2:172.21.15.151:3300/0 6 ==== mon_command_ack([{"prefix": "get_command_descriptions"}]=0 v0) v1 ==== 72+0+183564 (secure 0 0 0) 0x7f1d78018530 con 0x7f1d841067a0
2024-02-14T12:53:17.109 INFO:teuthology.orchestra.run.smithi151.stdout:/usr/bin/ceph: stderr
2024-02-14T12:53:16.194+0000 7f1d8b1c4700 1 -- 172.21.15.151:0/2711918117 --> [v2:172.21.15.151:6800/3736005619,v1:172.21.15.151:6801/3736005619] -- mgr_command(tid 0: {"prefix": "cephadm generate-key", "target": ["mon-mgr", ""]}) v1 -- 0x7f1d84195500 con 0x7f1d74038e90
2024-02-14T12:53:17.109 INFO:teuthology.orchestra.run.smithi151.stdout:/usr/bin/ceph: stderr
2024-02-14T12:53:16.553+0000 7f1d81ffb700 1 -- 172.21.15.151:0/2711918117 <== mgr.14118 v2:172.21.15.151:6800/3736005619 1 ==== mgr_command_reply(tid 0: 0 ) v1 ==== 8+0+0 (secure 0 0 0) 0x7f1d84195500 con 0x7f1d74038e90
2024-02-14T12:53:17.109 INFO:teuthology.orchestra.run.smithi151.stdout:/usr/bin/ceph: stderr
2024-02-14T12:53:16.555+0000 7f1d8b1c4700 1 -- 172.21.15.151:0/2711918117 >> [v2:172.21.15.151:6800/3736005619,v1:172.21.15.151:6801/3736005619] conn(0x7f1d74038e90 msgr2=0x7f1d7403b350 secure :-1 s=STATE_CONNECTION_ESTABLISHED l=1).mark_down
2024-02-14T12:53:17.109 INFO:teuthology.orchestra.run.smithi151.stdout:/usr/bin/ceph: stderr
2024-02-14T12:53:16.555+0000 7f1d8b1c4700 1 --2- 172.21.15.151:0/2711918117 >> [v2:172.21.15.151:6800/3736005619,v1:172.21.15.151:6801/3736005619] conn(0x7f1d74038e90 0x7f1d7403b350 secure :-1 s=READY pgs=9 cs=0 l=1 rev1=1 crypto rx=0x7f1d70006fd0 tx=0x7f1d70006e40 comp rx=0 tx=0).stop
2024-02-14T12:53:17.109 INFO:teuthology.orchestra.run.smithi151.stdout:/usr/bin/ceph: stderr
2024-02-14T12:53:16.555+0000 7f1d8b1c4700 1 -- 172.21.15.151:0/2711918117 >> [v2:172.21.15.151:3300/0,v1:172.21.15.151:6789/0] conn(0x7f1d841067a0 msgr2=0x7f1d84191910 secure :-1 s=STATE_CONNECTION_ESTABLISHED l=1).mark_down
2024-02-14T12:53:17.109 INFO:teuthology.orchestra.run.smithi151.stdout:/usr/bin/ceph: stderr
2024-02-14T12:53:16.555+0000 7f1d8b1c4700 1 --2- 172.21.15.151:0/2711918117 >> [v2:172.21.15.151:3300/0,v1:172.21.15.151:6789/0] conn(0x7f1d841067a0 0x7f1d84191910 secure :-1 s=READY pgs=40 cs=0 l=1 rev1=1 crypto rx=0x7f1d78011670 tx=0x7f1d78011bf0 comp rx=0 tx=0).stop
2024-02-14T12:53:17.110 INFO:teuthology.orchestra.run.smithi151.stdout:/usr/bin/ceph: stderr
2024-02-14T12:53:16.555+0000 7f1d8b1c4700 1 -- 172.21.15.151:0/2711918117 shutdown_connections
2024-02-14T12:53:17.110 INFO:teuthology.orchestra.run.smithi151.stdout:/usr/bin/ceph: stderr
2024-02-14T12:53:16.555+0000 7f1d8b1c4700 1 --2- 172.21.15.151:0/2711918117 >> [v2:172.21.15.151:6800/3736005619,v1:172.21.15.151:6801/3736005619] conn(0x7f1d74038e90 0x7f1d7403b350 unknown :-1 s=CLOSED pgs=9 cs=0 l=1 rev1=1 crypto rx=0 tx=0 comp rx=0 tx=0).stop
2024-02-14T12:53:17.110 INFO:teuthology.orchestra.run.smithi151.stdout:/usr/bin/ceph: stderr
2024-02-14T12:53:16.555+0000 7f1d8b1c4700 1 --2- 172.21.15.151:0/2711918117 >> [v2:172.21.15.151:3300/0,v1:172.21.15.151:6789/0] conn(0x7f1d841067a0 0x7f1d84191910 unknown :-1 s=CLOSED pgs=40 cs=0 l=1 rev1=1 crypto rx=0 tx=0 comp rx=0 tx=0).stop
2024-02-14T12:53:17.110 INFO:teuthology.orchestra.run.smithi151.stdout:/usr/bin/ceph: stderr
2024-02-14T12:53:16.555+0000 7f1d8b1c4700 1 -- 172.21.15.151:0/2711918117 >> 172.21.15.151:0/2711918117 conn(0x7f1d84101e20 msgr2=0x7f1d84102ca0 unknown :-1 s=STATE_NONE l=0).mark_down
2024-02-14T12:53:17.110 INFO:teuthology.orchestra.run.smithi151.stdout:/usr/bin/ceph: stderr
2024-02-14T12:53:16.555+0000 7f1d8b1c4700 1 -- 172.21.15.151:0/2711918117 shutdown_connections
2024-02-14T12:53:17.110 INFO:teuthology.orchestra.run.smithi151.stdout:/usr/bin/ceph: stderr
2024-02-14T12:53:16.555+0000 7f1d8b1c4700 1 -- 172.21.15.151:0/2711918117 wait complete.
2024-02-14T12:53:17.757 INFO:journalctl@ceph.mon.a.smithi151.stdout:Feb 14 12:53:17 smithi151 ceph-mon[32973]: from='client.14134 -' entity='client.admin' cmd=[{"prefix": "cephadm generate-key", "target": ["mon-mgr", ""]}]: dispatch
2024-02-14T12:53:17.758 INFO:journalctl@ceph.mon.a.smithi151.stdout:Feb 14 12:53:17 smithi151 ceph-mon[32973]: Generating ssh key...
2024-02-14T12:53:17.758 INFO:journalctl@ceph.mon.a.smithi151.stdout:Feb 14 12:53:17 smithi151 ceph-mon[32973]: from='mgr.14118 172.21.15.151:0/4213476580' entity='mgr.x'
2024-02-14T12:53:17.758 INFO:journalctl@ceph.mon.a.smithi151.stdout:Feb 14 12:53:17 smithi151 ceph-mon[32973]: from='mgr.14118 172.21.15.151:0/4213476580' entity='mgr.x'
2024-02-14T12:53:18.365 INFO:teuthology.orchestra.run.smithi151.stdout:/usr/bin/ceph: stdout ssh-rsa AAAAB3NzaC1yc2EAAAADAQABAAABgQDh43tsrFKi2ca9X8CB+pZjqCIsM6OsB21c6xLnf34uizJWyIbvcfB2bfjUPjdTcXzUdf3c9m0UJpICDA08LScDA1GwUqrrAFrlwpDM+maKXrH7+MlHPjXgbDInJylHeRr2KBy5He0KlTj+i6dxYasmQQhbOZebC4PfjvyoNaC36uPCDMoPTvk4Ww34DCSRdZTQohGTYolamiLWFFY83RFoMSpszPQnWGDriEHscZMPmbPttrjA5/Ny/51uORPuOUNOFaYw0vO9PVCJwXLs2sGFsw8oQ30NXcBxXvXqg0FNlJflWtdcmWlDKZGbOUZS2+nPXemNqKBKXmuBQgZETXcoqBLRba5oKy8MkiZxT7x3ZIQZOqEAmfhRrLdZx+6fqe2zMqs/GGo5h4wvwDcmzCMYYwc3ofu2j4KYEo2ipD38uwDwD5aSTseort/dm1BH+R200zMogGWd2Lf4eeKTMhIjZNF50kQDkJFBY3li0ppiGmltEWyanl3nD151/EscQfs= ceph-d31c6f58-cb37-11ee-95b9-87774f69a715
2024-02-14T12:53:18.365 INFO:teuthology.orchestra.run.smithi151.stdout:/usr/bin/ceph: stderr
2024-02-14T12:53:17.509+0000 7f9d144b1700 1 Processor -- start
2024-02-14T12:53:18.365 INFO:teuthology.orchestra.run.smithi151.stdout:/usr/bin/ceph: stderr
2024-02-14T12:53:17.509+0000 7f9d144b1700 1 -- start start
2024-02-14T12:53:18.365 INFO:teuthology.orchestra.run.smithi151.stdout:/usr/bin/ceph: stderr
2024-02-14T12:53:17.510+0000 7f9d144b1700 1 --2- >> [v2:172.21.15.151:3300/0,v1:172.21.15.151:6789/0] conn(0x7f9d0c1067a0 0x7f9d0c106bc0 unknown :-1 s=NONE pgs=0 cs=0 l=0 rev1=0 crypto rx=0 tx=0 comp rx=0 tx=0).connect
2024-02-14T12:53:18.365 INFO:teuthology.orchestra.run.smithi151.stdout:/usr/bin/ceph: stderr
2024-02-14T12:53:17.510+0000 7f9d144b1700 1 -- --> [v2:172.21.15.151:3300/0,v1:172.21.15.151:6789/0] -- mon_getmap magic: 0 v1 -- 0x7f9d0c107190 con 0x7f9d0c1067a0
2024-02-14T12:53:18.365 INFO:teuthology.orchestra.run.smithi151.stdout:/usr/bin/ceph: stderr
2024-02-14T12:53:17.510+0000 7f9d1224d700 1 --2- >> [v2:172.21.15.151:3300/0,v1:172.21.15.151:6789/0] conn(0x7f9d0c1067a0 0x7f9d0c106bc0 unknown :-1 s=BANNER_CONNECTING pgs=0 cs=0 l=0 rev1=0 crypto rx=0 tx=0 comp rx=0 tx=0)._handle_peer_banner_payload supported=3 required=0
2024-02-14T12:53:18.365 INFO:teuthology.orchestra.run.smithi151.stdout:/usr/bin/ceph: stderr
2024-02-14T12:53:17.510+0000 7f9d1224d700 1 --2- >> [v2:172.21.15.151:3300/0,v1:172.21.15.151:6789/0] conn(0x7f9d0c1067a0 0x7f9d0c106bc0 unknown :-1 s=HELLO_CONNECTING pgs=0 cs=0 l=0 rev1=1 crypto rx=0 tx=0 comp rx=0 tx=0).handle_hello peer v2:172.21.15.151:3300/0 says I am v2:172.21.15.151:53366/0 (socket says 172.21.15.151:53366)
2024-02-14T12:53:18.366 INFO:teuthology.orchestra.run.smithi151.stdout:/usr/bin/ceph: stderr
2024-02-14T12:53:17.510+0000 7f9d1224d700 1 -- 172.21.15.151:0/1619015195 learned_addr learned my addr 172.21.15.151:0/1619015195 (peer_addr_for_me v2:172.21.15.151:0/0)
2024-02-14T12:53:18.366 INFO:teuthology.orchestra.run.smithi151.stdout:/usr/bin/ceph: stderr
2024-02-14T12:53:17.510+0000 7f9d1224d700 1 -- 172.21.15.151:0/1619015195 --> [v2:172.21.15.151:3300/0,v1:172.21.15.151:6789/0] -- mon_subscribe({config=0+,monmap=0+}) v3 -- 0x7f9d0c1079a0 con 0x7f9d0c1067a0
2024-02-14T12:53:18.366 INFO:teuthology.orchestra.run.smithi151.stdout:/usr/bin/ceph: stderr
2024-02-14T12:53:17.510+0000 7f9d1224d700 1 --2- 172.21.15.151:0/1619015195 >> [v2:172.21.15.151:3300/0,v1:172.21.15.151:6789/0] conn(0x7f9d0c1067a0 0x7f9d0c106bc0 secure :-1 s=READY pgs=41 cs=0 l=1 rev1=1 crypto rx=0x7f9d080098a0 tx=0x7f9d08009bb0 comp rx=0 tx=0).ready entity=mon.0 client_cookie=f11aa5d6d494be99 server_cookie=0 in_seq=0 out_seq=0
2024-02-14T12:53:18.366 INFO:teuthology.orchestra.run.smithi151.stdout:/usr/bin/ceph: stderr
2024-02-14T12:53:17.510+0000 7f9d1124b700 1 -- 172.21.15.151:0/1619015195 <== mon.0 v2:172.21.15.151:3300/0 1 ==== mon_map magic: 0 v1 ==== 205+0+0 (secure 0 0 0) 0x7f9d08004160 con 0x7f9d0c1067a0
2024-02-14T12:53:18.366 INFO:teuthology.orchestra.run.smithi151.stdout:/usr/bin/ceph: stderr
2024-02-14T12:53:17.510+0000 7f9d1124b700 1 -- 172.21.15.151:0/1619015195 <== mon.0 v2:172.21.15.151:3300/0 2 ==== config(28 keys) v1 ==== 1143+0+0 (secure 0 0 0) 0x7f9d080042c0 con 0x7f9d0c1067a0
2024-02-14T12:53:18.366 INFO:teuthology.orchestra.run.smithi151.stdout:/usr/bin/ceph: stderr
2024-02-14T12:53:17.510+0000 7f9d1124b700 1 -- 172.21.15.151:0/1619015195 <== mon.0 v2:172.21.15.151:3300/0 3 ==== mon_map magic: 0 v1 ==== 205+0+0 (secure 0 0 0) 0x7f9d08011b70 con 0x7f9d0c1067a0
2024-02-14T12:53:18.366 INFO:teuthology.orchestra.run.smithi151.stdout:/usr/bin/ceph: stderr
2024-02-14T12:53:17.511+0000 7f9d144b1700 1 -- 172.21.15.151:0/1619015195 >> [v2:172.21.15.151:3300/0,v1:172.21.15.151:6789/0] conn(0x7f9d0c1067a0 msgr2=0x7f9d0c106bc0 secure :-1 s=STATE_CONNECTION_ESTABLISHED l=1).mark_down
2024-02-14T12:53:18.366 INFO:teuthology.orchestra.run.smithi151.stdout:/usr/bin/ceph: stderr
2024-02-14T12:53:17.511+0000 7f9d144b1700 1 --2- 172.21.15.151:0/1619015195 >> [v2:172.21.15.151:3300/0,v1:172.21.15.151:6789/0] conn(0x7f9d0c1067a0 0x7f9d0c106bc0 secure :-1 s=READY pgs=41 cs=0 l=1 rev1=1 crypto rx=0x7f9d080098a0 tx=0x7f9d08009bb0 comp rx=0 tx=0).stop
2024-02-14T12:53:18.366 INFO:teuthology.orchestra.run.smithi151.stdout:/usr/bin/ceph: stderr
2024-02-14T12:53:17.511+0000 7f9d144b1700 1 -- 172.21.15.151:0/1619015195 shutdown_connections
2024-02-14T12:53:18.366 INFO:teuthology.orchestra.run.smithi151.stdout:/usr/bin/ceph: stderr
2024-02-14T12:53:17.511+0000 7f9d144b1700 1 --2- 172.21.15.151:0/1619015195 >> [v2:172.21.15.151:3300/0,v1:172.21.15.151:6789/0] conn(0x7f9d0c1067a0 0x7f9d0c106bc0 unknown :-1 s=CLOSED pgs=41 cs=0 l=1 rev1=1 crypto rx=0 tx=0 comp rx=0 tx=0).stop
2024-02-14T12:53:18.366 INFO:teuthology.orchestra.run.smithi151.stdout:/usr/bin/ceph: stderr
2024-02-14T12:53:17.511+0000 7f9d144b1700 1 -- 172.21.15.151:0/1619015195 >> 172.21.15.151:0/1619015195 conn(0x7f9d0c101e20 msgr2=0x7f9d0c104240 unknown :-1 s=STATE_NONE l=0).mark_down
2024-02-14T12:53:18.366 INFO:teuthology.orchestra.run.smithi151.stdout:/usr/bin/ceph: stderr
2024-02-14T12:53:17.511+0000 7f9d144b1700 1 -- 172.21.15.151:0/1619015195 shutdown_connections
2024-02-14T12:53:18.366 INFO:teuthology.orchestra.run.smithi151.stdout:/usr/bin/ceph: stderr
2024-02-14T12:53:17.511+0000 7f9d144b1700 1 -- 172.21.15.151:0/1619015195 wait complete.
2024-02-14T12:53:18.366 INFO:teuthology.orchestra.run.smithi151.stdout:/usr/bin/ceph: stderr
2024-02-14T12:53:17.512+0000 7f9d144b1700 1 Processor -- start
2024-02-14T12:53:18.367 INFO:teuthology.orchestra.run.smithi151.stdout:/usr/bin/ceph: stderr
2024-02-14T12:53:17.512+0000 7f9d144b1700 1 -- start start
2024-02-14T12:53:18.367 INFO:teuthology.orchestra.run.smithi151.stdout:/usr/bin/ceph: stderr
2024-02-14T12:53:17.512+0000 7f9d144b1700 1 --2- >> [v2:172.21.15.151:3300/0,v1:172.21.15.151:6789/0] conn(0x7f9d0c1067a0 0x7f9d0c19b6c0 unknown :-1 s=NONE pgs=0 cs=0 l=1 rev1=0 crypto rx=0 tx=0 comp rx=0 tx=0).connect
2024-02-14T12:53:18.367 INFO:teuthology.orchestra.run.smithi151.stdout:/usr/bin/ceph: stderr
2024-02-14T12:53:17.512+0000 7f9d144b1700 1 -- --> [v2:172.21.15.151:3300/0,v1:172.21.15.151:6789/0] -- mon_getmap magic: 0 v1 -- 0x7f9d0c19bc00 con 0x7f9d0c1067a0
2024-02-14T12:53:18.367 INFO:teuthology.orchestra.run.smithi151.stdout:/usr/bin/ceph: stderr
2024-02-14T12:53:17.512+0000 7f9d1224d700 1 --2- >> [v2:172.21.15.151:3300/0,v1:172.21.15.151:6789/0] conn(0x7f9d0c1067a0 0x7f9d0c19b6c0 unknown :-1 s=BANNER_CONNECTING pgs=0 cs=0 l=1 rev1=0 crypto rx=0 tx=0 comp rx=0 tx=0)._handle_peer_banner_payload supported=3 required=0
2024-02-14T12:53:18.367 INFO:teuthology.orchestra.run.smithi151.stdout:/usr/bin/ceph: stderr
2024-02-14T12:53:17.512+0000 7f9d1224d700 1 --2- >> [v2:172.21.15.151:3300/0,v1:172.21.15.151:6789/0] conn(0x7f9d0c1067a0 0x7f9d0c19b6c0 unknown :-1 s=HELLO_CONNECTING pgs=0 cs=0 l=1 rev1=1 crypto rx=0 tx=0 comp rx=0 tx=0).handle_hello peer v2:172.21.15.151:3300/0 says I am v2:172.21.15.151:53372/0 (socket says 172.21.15.151:53372)
2024-02-14T12:53:18.367 INFO:teuthology.orchestra.run.smithi151.stdout:/usr/bin/ceph: stderr
2024-02-14T12:53:17.512+0000 7f9d1224d700 1 -- 172.21.15.151:0/3747296707 learned_addr learned my addr 172.21.15.151:0/3747296707 (peer_addr_for_me v2:172.21.15.151:0/0)
2024-02-14T12:53:18.367 INFO:teuthology.orchestra.run.smithi151.stdout:/usr/bin/ceph: stderr
2024-02-14T12:53:17.512+0000 7f9d1224d700 1 -- 172.21.15.151:0/3747296707 --> [v2:172.21.15.151:3300/0,v1:172.21.15.151:6789/0] -- mon_subscribe({config=0+,monmap=0+}) v3 -- 0x7f9d08009550 con 0x7f9d0c1067a0
2024-02-14T12:53:18.367 INFO:teuthology.orchestra.run.smithi151.stdout:/usr/bin/ceph: stderr
2024-02-14T12:53:17.513+0000 7f9d1224d700 1 --2- 172.21.15.151:0/3747296707 >> [v2:172.21.15.151:3300/0,v1:172.21.15.151:6789/0] conn(0x7f9d0c1067a0 0x7f9d0c19b6c0 secure :-1 s=READY pgs=42 cs=0 l=1 rev1=1 crypto rx=0x7f9d08011670 tx=0x7f9d08011bf0 comp rx=0 tx=0).ready entity=mon.0 client_cookie=0 server_cookie=0 in_seq=0 out_seq=0
2024-02-14T12:53:18.367 INFO:teuthology.orchestra.run.smithi151.stdout:/usr/bin/ceph: stderr
2024-02-14T12:53:17.513+0000 7f9d037fe700 1 -- 172.21.15.151:0/3747296707 <== mon.0 v2:172.21.15.151:3300/0 1 ==== mon_map magic: 0 v1 ==== 205+0+0 (secure 0 0 0) 0x7f9d080039f0 con 0x7f9d0c1067a0
2024-02-14T12:53:18.367 INFO:teuthology.orchestra.run.smithi151.stdout:/usr/bin/ceph: stderr
2024-02-14T12:53:17.513+0000 7f9d037fe700 1 -- 172.21.15.151:0/3747296707 <== mon.0 v2:172.21.15.151:3300/0 2 ==== config(28 keys) v1 ==== 1143+0+0 (secure 0 0 0) 0x7f9d08003b50 con 0x7f9d0c1067a0
2024-02-14T12:53:18.367 INFO:teuthology.orchestra.run.smithi151.stdout:/usr/bin/ceph: stderr
2024-02-14T12:53:17.513+0000 7f9d144b1700 1 -- 172.21.15.151:0/3747296707 --> [v2:172.21.15.151:3300/0,v1:172.21.15.151:6789/0] -- mon_subscribe({mgrmap=0+}) v3 -- 0x7f9d0c19be00 con 0x7f9d0c1067a0
2024-02-14T12:53:18.367 INFO:teuthology.orchestra.run.smithi151.stdout:/usr/bin/ceph: stderr
2024-02-14T12:53:17.513+0000 7f9d037fe700 1 -- 172.21.15.151:0/3747296707 <== mon.0 v2:172.21.15.151:3300/0 3 ==== mon_map magic: 0 v1 ==== 205+0+0 (secure 0 0 0) 0x7f9d0801a690 con 0x7f9d0c1067a0
2024-02-14T12:53:18.367 INFO:teuthology.orchestra.run.smithi151.stdout:/usr/bin/ceph: stderr
2024-02-14T12:53:17.513+0000 7f9d144b1700 1 -- 172.21.15.151:0/3747296707 --> [v2:172.21.15.151:3300/0,v1:172.21.15.151:6789/0] -- mon_subscribe({osdmap=0}) v3 -- 0x7f9d0c19c2a0 con 0x7f9d0c1067a0
2024-02-14T12:53:18.367 INFO:teuthology.orchestra.run.smithi151.stdout:/usr/bin/ceph: stderr
2024-02-14T12:53:17.514+0000 7f9d037fe700 1 -- 172.21.15.151:0/3747296707 <== mon.0 v2:172.21.15.151:3300/0 4 ==== mgrmap(e 8) v1 ==== 45932+0+0 (secure 0 0 0) 0x7f9d0801a950 con 0x7f9d0c1067a0
2024-02-14T12:53:18.367 INFO:teuthology.orchestra.run.smithi151.stdout:/usr/bin/ceph: stderr
2024-02-14T12:53:17.514+0000 7f9d037fe700 1 --2- 172.21.15.151:0/3747296707 >> [v2:172.21.15.151:6800/3736005619,v1:172.21.15.151:6801/3736005619] conn(0x7f9cf8038e90 0x7f9cf803b350 unknown :-1 s=NONE pgs=0 cs=0 l=1 rev1=0 crypto rx=0 tx=0 comp rx=0 tx=0).connect
2024-02-14T12:53:18.368 INFO:teuthology.orchestra.run.smithi151.stdout:/usr/bin/ceph: stderr
2024-02-14T12:53:17.514+0000 7f9d037fe700 1 -- 172.21.15.151:0/3747296707 <== mon.0 v2:172.21.15.151:3300/0 5 ==== osd_map(2..2 src has 1..2) v4 ==== 940+0+0 (secure 0 0 0) 0x7f9d0804d2e0 con 0x7f9d0c1067a0
2024-02-14T12:53:18.368 INFO:teuthology.orchestra.run.smithi151.stdout:/usr/bin/ceph: stderr
2024-02-14T12:53:17.514+0000 7f9d11a4c700 1 --2- 172.21.15.151:0/3747296707 >> [v2:172.21.15.151:6800/3736005619,v1:172.21.15.151:6801/3736005619] conn(0x7f9cf8038e90 0x7f9cf803b350 unknown :-1 s=BANNER_CONNECTING pgs=0 cs=0 l=1 rev1=0 crypto rx=0 tx=0 comp rx=0 tx=0)._handle_peer_banner_payload supported=3 required=0
2024-02-14T12:53:18.368 INFO:teuthology.orchestra.run.smithi151.stdout:/usr/bin/ceph: stderr
2024-02-14T12:53:17.514+0000 7f9d144b1700 1 -- 172.21.15.151:0/3747296707 --> [v2:172.21.15.151:3300/0,v1:172.21.15.151:6789/0] -- mon_command({"prefix": "get_command_descriptions"} v 0) v1 -- 0x7f9d0c195840 con 0x7f9d0c1067a0
2024-02-14T12:53:18.368 INFO:teuthology.orchestra.run.smithi151.stdout:/usr/bin/ceph: stderr
2024-02-14T12:53:17.515+0000 7f9d11a4c700 1 --2- 172.21.15.151:0/3747296707 >> [v2:172.21.15.151:6800/3736005619,v1:172.21.15.151:6801/3736005619] conn(0x7f9cf8038e90 0x7f9cf803b350 secure :-1 s=READY pgs=10 cs=0 l=1 rev1=1 crypto rx=0x7f9cfc006fd0 tx=0x7f9cfc006e40 comp rx=0 tx=0).ready entity=mgr.14118 client_cookie=0 server_cookie=0 in_seq=0 out_seq=0
2024-02-14T12:53:18.368 INFO:teuthology.orchestra.run.smithi151.stdout:/usr/bin/ceph: stderr
2024-02-14T12:53:17.519+0000 7f9d037fe700 1 -- 172.21.15.151:0/3747296707 <== mon.0 v2:172.21.15.151:3300/0 6 ==== mon_command_ack([{"prefix": "get_command_descriptions"}]=0 v0) v1 ==== 72+0+183564 (secure 0 0 0) 0x7f9d08022330 con 0x7f9d0c1067a0
2024-02-14T12:53:18.368 INFO:teuthology.orchestra.run.smithi151.stdout:/usr/bin/ceph: stderr
2024-02-14T12:53:17.722+0000 7f9d144b1700 1 -- 172.21.15.151:0/3747296707 --> [v2:172.21.15.151:6800/3736005619,v1:172.21.15.151:6801/3736005619] -- mgr_command(tid 0: {"prefix": "cephadm get-pub-key", "target": ["mon-mgr", ""]}) v1 -- 0x7f9d0c02d880 con 0x7f9cf8038e90
2024-02-14T12:53:18.368 INFO:teuthology.orchestra.run.smithi151.stdout:/usr/bin/ceph: stderr
2024-02-14T12:53:17.723+0000 7f9d037fe700 1 -- 172.21.15.151:0/3747296707 <== mgr.14118 v2:172.21.15.151:6800/3736005619 1 ==== mgr_command_reply(tid 0: 0 ) v1 ==== 8+0+595 (secure 0 0 0) 0x7f9d0c02d880 con 0x7f9cf8038e90
2024-02-14T12:53:18.368 INFO:teuthology.orchestra.run.smithi151.stdout:/usr/bin/ceph: stderr
2024-02-14T12:53:17.725+0000 7f9d144b1700 1 -- 172.21.15.151:0/3747296707 >> [v2:172.21.15.151:6800/3736005619,v1:172.21.15.151:6801/3736005619] conn(0x7f9cf8038e90 msgr2=0x7f9cf803b350 secure :-1 s=STATE_CONNECTION_ESTABLISHED l=1).mark_down
2024-02-14T12:53:18.368 INFO:teuthology.orchestra.run.smithi151.stdout:/usr/bin/ceph: stderr
2024-02-14T12:53:17.725+0000 7f9d144b1700 1 --2- 172.21.15.151:0/3747296707 >> [v2:172.21.15.151:6800/3736005619,v1:172.21.15.151:6801/3736005619] conn(0x7f9cf8038e90 0x7f9cf803b350 secure :-1 s=READY pgs=10 cs=0 l=1 rev1=1 crypto rx=0x7f9cfc006fd0 tx=0x7f9cfc006e40 comp rx=0 tx=0).stop
2024-02-14T12:53:18.368 INFO:teuthology.orchestra.run.smithi151.stdout:/usr/bin/ceph: stderr
2024-02-14T12:53:17.725+0000 7f9d144b1700 1 -- 172.21.15.151:0/3747296707 >> [v2:172.21.15.151:3300/0,v1:172.21.15.151:6789/0] conn(0x7f9d0c1067a0 msgr2=0x7f9d0c19b6c0 secure :-1 s=STATE_CONNECTION_ESTABLISHED l=1).mark_down
2024-02-14T12:53:18.368 INFO:teuthology.orchestra.run.smithi151.stdout:/usr/bin/ceph: stderr
2024-02-14T12:53:17.725+0000 7f9d144b1700 1 --2- 172.21.15.151:0/3747296707 >> [v2:172.21.15.151:3300/0,v1:172.21.15.151:6789/0] conn(0x7f9d0c1067a0 0x7f9d0c19b6c0 secure :-1 s=READY pgs=42 cs=0 l=1 rev1=1 crypto rx=0x7f9d08011670 tx=0x7f9d08011bf0 comp rx=0 tx=0).stop
2024-02-14T12:53:18.369 INFO:teuthology.orchestra.run.smithi151.stdout:/usr/bin/ceph: stderr
2024-02-14T12:53:17.725+0000 7f9d144b1700 1 -- 172.21.15.151:0/3747296707 shutdown_connections
2024-02-14T12:53:18.369 INFO:teuthology.orchestra.run.smithi151.stdout:/usr/bin/ceph: stderr
2024-02-14T12:53:17.725+0000 7f9d144b1700 1 --2- 172.21.15.151:0/3747296707 >> [v2:172.21.15.151:6800/3736005619,v1:172.21.15.151:6801/3736005619] conn(0x7f9cf8038e90 0x7f9cf803b350 unknown :-1 s=CLOSED pgs=10 cs=0 l=1 rev1=1 crypto rx=0 tx=0 comp rx=0 tx=0).stop
2024-02-14T12:53:18.369 INFO:teuthology.orchestra.run.smithi151.stdout:/usr/bin/ceph: stderr
2024-02-14T12:53:17.725+0000 7f9d144b1700 1 --2- 172.21.15.151:0/3747296707 >> [v2:172.21.15.151:3300/0,v1:172.21.15.151:6789/0] conn(0x7f9d0c1067a0 0x7f9d0c19b6c0 unknown :-1 s=CLOSED pgs=42 cs=0 l=1 rev1=1 crypto rx=0 tx=0 comp rx=0 tx=0).stop
2024-02-14T12:53:18.369 INFO:teuthology.orchestra.run.smithi151.stdout:/usr/bin/ceph: stderr
2024-02-14T12:53:17.725+0000 7f9d144b1700 1 -- 172.21.15.151:0/3747296707 >> 172.21.15.151:0/3747296707 conn(0x7f9d0c101e20 msgr2=0x7f9d0c102ca0 unknown :-1 s=STATE_NONE l=0).mark_down
2024-02-14T12:53:18.369 INFO:teuthology.orchestra.run.smithi151.stdout:/usr/bin/ceph: stderr
2024-02-14T12:53:17.726+0000 7f9d144b1700 1 -- 172.21.15.151:0/3747296707 shutdown_connections
2024-02-14T12:53:18.369 INFO:teuthology.orchestra.run.smithi151.stdout:/usr/bin/ceph: stderr
2024-02-14T12:53:17.726+0000 7f9d144b1700 1 -- 172.21.15.151:0/3747296707 wait complete.
2024-02-14T12:53:18.369 INFO:teuthology.orchestra.run.smithi151.stdout:Wrote public SSH key to /home/ubuntu/cephtest/ceph.pub
2024-02-14T12:53:18.369 INFO:teuthology.orchestra.run.smithi151.stdout:Adding key to root@localhost authorized_keys...
2024-02-14T12:53:18.369 INFO:teuthology.orchestra.run.smithi151.stdout:Adding host smithi151...
2024-02-14T12:53:18.717 INFO:journalctl@ceph.mon.a.smithi151.stdout:Feb 14 12:53:18 smithi151 ceph-mon[32973]: from='client.14136 -' entity='client.admin' cmd=[{"prefix": "cephadm get-pub-key", "target": ["mon-mgr", ""]}]: dispatch
2024-02-14T12:53:19.834 INFO:journalctl@ceph.mon.a.smithi151.stdout:Feb 14 12:53:19 smithi151 ceph-mon[32973]: from='client.14138 -' entity='client.admin' cmd=[{"prefix": "orch host add", "hostname": "smithi151", "addr": "172.21.15.151", "target": ["mon-mgr", ""]}]: dispatch
2024-02-14T12:53:19.834 INFO:journalctl@ceph.mon.a.smithi151.stdout:Feb 14 12:53:19 smithi151 ceph-mon[32973]: Deploying cephadm binary to smithi151
2024-02-14T12:53:23.814 INFO:teuthology.orchestra.run.smithi151.stdout:/usr/bin/ceph: stdout Added host 'smithi151' with addr '172.21.15.151'
2024-02-14T12:53:23.815 INFO:teuthology.orchestra.run.smithi151.stdout:/usr/bin/ceph: stderr
2024-02-14T12:53:18.751+0000 7fc42d7cb700 1 Processor -- start
2024-02-14T12:53:23.815 INFO:teuthology.orchestra.run.smithi151.stdout:/usr/bin/ceph: stderr
2024-02-14T12:53:18.751+0000 7fc42d7cb700 1 -- start start
2024-02-14T12:53:23.815 INFO:teuthology.orchestra.run.smithi151.stdout:/usr/bin/ceph: stderr
2024-02-14T12:53:18.751+0000 7fc42d7cb700 1 --2- >> [v2:172.21.15.151:3300/0,v1:172.21.15.151:6789/0] conn(0x7fc428108340 0x7fc42810a730 unknown :-1 s=NONE pgs=0 cs=0 l=0 rev1=0 crypto rx=0 tx=0 comp rx=0 tx=0).connect
2024-02-14T12:53:23.815 INFO:teuthology.orchestra.run.smithi151.stdout:/usr/bin/ceph: stderr
2024-02-14T12:53:18.751+0000 7fc42d7cb700 1 -- --> [v2:172.21.15.151:3300/0,v1:172.21.15.151:6789/0] -- mon_getmap magic: 0 v1 -- 0x7fc42807ae50 con 0x7fc428108340
2024-02-14T12:53:23.815 INFO:teuthology.orchestra.run.smithi151.stdout:/usr/bin/ceph: stderr
2024-02-14T12:53:18.752+0000 7fc426ffd700 1 --2- >> [v2:172.21.15.151:3300/0,v1:172.21.15.151:6789/0] conn(0x7fc428108340 0x7fc42810a730 unknown :-1 s=BANNER_CONNECTING pgs=0 cs=0 l=0 rev1=0 crypto rx=0 tx=0 comp rx=0 tx=0)._handle_peer_banner_payload supported=3 required=0
2024-02-14T12:53:23.815 INFO:teuthology.orchestra.run.smithi151.stdout:/usr/bin/ceph: stderr
2024-02-14T12:53:18.752+0000 7fc426ffd700 1 --2- >> [v2:172.21.15.151:3300/0,v1:172.21.15.151:6789/0] conn(0x7fc428108340 0x7fc42810a730 unknown :-1 s=HELLO_CONNECTING pgs=0 cs=0 l=0 rev1=1 crypto rx=0 tx=0 comp rx=0 tx=0).handle_hello peer v2:172.21.15.151:3300/0 says I am v2:172.21.15.151:60720/0 (socket says 172.21.15.151:60720)
2024-02-14T12:53:23.815 INFO:teuthology.orchestra.run.smithi151.stdout:/usr/bin/ceph: stderr
2024-02-14T12:53:18.752+0000 7fc426ffd700 1 -- 172.21.15.151:0/972786697 learned_addr learned my addr 172.21.15.151:0/972786697 (peer_addr_for_me v2:172.21.15.151:0/0)
2024-02-14T12:53:23.815 INFO:teuthology.orchestra.run.smithi151.stdout:/usr/bin/ceph: stderr
2024-02-14T12:53:18.752+0000 7fc426ffd700 1 -- 172.21.15.151:0/972786697 --> [v2:172.21.15.151:3300/0,v1:172.21.15.151:6789/0] -- mon_subscribe({config=0+,monmap=0+}) v3 -- 0x7fc42810ac70 con 0x7fc428108340
2024-02-14T12:53:23.815 INFO:teuthology.orchestra.run.smithi151.stdout:/usr/bin/ceph: stderr
2024-02-14T12:53:18.752+0000 7fc426ffd700 1 --2- 172.21.15.151:0/972786697 >> [v2:172.21.15.151:3300/0,v1:172.21.15.151:6789/0] conn(0x7fc428108340 0x7fc42810a730 secure :-1 s=READY pgs=43 cs=0 l=1 rev1=1 crypto rx=0x7fc4180098a0 tx=0x7fc418009bb0 comp rx=0 tx=0).ready entity=mon.0 client_cookie=f4aada6aa72b6f63 server_cookie=0 in_seq=0 out_seq=0
2024-02-14T12:53:23.815 INFO:teuthology.orchestra.run.smithi151.stdout:/usr/bin/ceph: stderr
2024-02-14T12:53:18.752+0000 7fc4267fc700 1 -- 172.21.15.151:0/972786697 <== mon.0 v2:172.21.15.151:3300/0 1 ==== mon_map magic: 0 v1 ==== 205+0+0 (secure 0 0 0) 0x7fc418004160 con 0x7fc428108340
2024-02-14T12:53:23.815 INFO:teuthology.orchestra.run.smithi151.stdout:/usr/bin/ceph: stderr
2024-02-14T12:53:18.752+0000 7fc4267fc700 1 -- 172.21.15.151:0/972786697 <== mon.0 v2:172.21.15.151:3300/0 2 ==== config(28 keys) v1 ==== 1143+0+0 (secure 0 0 0) 0x7fc4180042c0 con 0x7fc428108340
2024-02-14T12:53:23.815 INFO:teuthology.orchestra.run.smithi151.stdout:/usr/bin/ceph: stderr
2024-02-14T12:53:18.752+0000 7fc4267fc700 1 -- 172.21.15.151:0/972786697 <== mon.0 v2:172.21.15.151:3300/0 3 ==== mon_map magic: 0 v1 ==== 205+0+0 (secure 0 0 0) 0x7fc418011b70 con 0x7fc428108340
2024-02-14T12:53:23.815 INFO:teuthology.orchestra.run.smithi151.stdout:/usr/bin/ceph: stderr
2024-02-14T12:53:18.753+0000 7fc42d7cb700 1 -- 172.21.15.151:0/972786697 >> [v2:172.21.15.151:3300/0,v1:172.21.15.151:6789/0] conn(0x7fc428108340 msgr2=0x7fc42810a730 secure :-1 s=STATE_CONNECTION_ESTABLISHED l=1).mark_down
2024-02-14T12:53:23.816 INFO:teuthology.orchestra.run.smithi151.stdout:/usr/bin/ceph: stderr
2024-02-14T12:53:18.753+0000 7fc42d7cb700 1 --2- 172.21.15.151:0/972786697 >> [v2:172.21.15.151:3300/0,v1:172.21.15.151:6789/0] conn(0x7fc428108340 0x7fc42810a730 secure :-1 s=READY pgs=43 cs=0 l=1 rev1=1 crypto rx=0x7fc4180098a0 tx=0x7fc418009bb0 comp rx=0 tx=0).stop
2024-02-14T12:53:23.816 INFO:teuthology.orchestra.run.smithi151.stdout:/usr/bin/ceph: stderr
2024-02-14T12:53:18.753+0000 7fc42d7cb700 1 -- 172.21.15.151:0/972786697 shutdown_connections
2024-02-14T12:53:23.816 INFO:teuthology.orchestra.run.smithi151.stdout:/usr/bin/ceph: stderr
2024-02-14T12:53:18.753+0000 7fc42d7cb700 1 --2- 172.21.15.151:0/972786697 >> [v2:172.21.15.151:3300/0,v1:172.21.15.151:6789/0] conn(0x7fc428108340 0x7fc42810a730 unknown :-1 s=CLOSED pgs=43 cs=0 l=1 rev1=1 crypto rx=0 tx=0 comp rx=0 tx=0).stop
2024-02-14T12:53:23.816 INFO:teuthology.orchestra.run.smithi151.stdout:/usr/bin/ceph: stderr
2024-02-14T12:53:18.753+0000 7fc42d7cb700 1 -- 172.21.15.151:0/972786697 >> 172.21.15.151:0/972786697 conn(0x7fc428101e10 msgr2=0x7fc428104230 unknown :-1 s=STATE_NONE l=0).mark_down
2024-02-14T12:53:23.816 INFO:teuthology.orchestra.run.smithi151.stdout:/usr/bin/ceph: stderr
2024-02-14T12:53:18.753+0000 7fc42d7cb700 1 -- 172.21.15.151:0/972786697 shutdown_connections
2024-02-14T12:53:23.816 INFO:teuthology.orchestra.run.smithi151.stdout:/usr/bin/ceph: stderr
2024-02-14T12:53:18.753+0000 7fc42d7cb700 1 -- 172.21.15.151:0/972786697 wait complete.
2024-02-14T12:53:23.816 INFO:teuthology.orchestra.run.smithi151.stdout:/usr/bin/ceph: stderr
2024-02-14T12:53:18.753+0000 7fc42d7cb700 1 Processor -- start
2024-02-14T12:53:23.816 INFO:teuthology.orchestra.run.smithi151.stdout:/usr/bin/ceph: stderr
2024-02-14T12:53:18.754+0000 7fc42d7cb700 1 -- start start
2024-02-14T12:53:23.816 INFO:teuthology.orchestra.run.smithi151.stdout:/usr/bin/ceph: stderr
2024-02-14T12:53:18.754+0000 7fc42d7cb700 1 --2- >> [v2:172.21.15.151:3300/0,v1:172.21.15.151:6789/0] conn(0x7fc428108340 0x7fc42819b650 unknown :-1 s=NONE pgs=0 cs=0 l=1 rev1=0 crypto rx=0 tx=0 comp rx=0 tx=0).connect
2024-02-14T12:53:23.816 INFO:teuthology.orchestra.run.smithi151.stdout:/usr/bin/ceph: stderr
2024-02-14T12:53:18.754+0000 7fc42d7cb700 1 -- --> [v2:172.21.15.151:3300/0,v1:172.21.15.151:6789/0] -- mon_getmap magic: 0 v1 -- 0x7fc42819bb90 con 0x7fc428108340
2024-02-14T12:53:23.816 INFO:teuthology.orchestra.run.smithi151.stdout:/usr/bin/ceph: stderr
2024-02-14T12:53:18.754+0000 7fc426ffd700 1 --2- >> [v2:172.21.15.151:3300/0,v1:172.21.15.151:6789/0] conn(0x7fc428108340 0x7fc42819b650 unknown :-1 s=BANNER_CONNECTING pgs=0 cs=0 l=1 rev1=0 crypto rx=0 tx=0 comp rx=0 tx=0)._handle_peer_banner_payload supported=3 required=0
2024-02-14T12:53:23.816 INFO:teuthology.orchestra.run.smithi151.stdout:/usr/bin/ceph: stderr
2024-02-14T12:53:18.754+0000 7fc426ffd700 1 --2- >> [v2:172.21.15.151:3300/0,v1:172.21.15.151:6789/0] conn(0x7fc428108340 0x7fc42819b650 unknown :-1 s=HELLO_CONNECTING pgs=0 cs=0 l=1 rev1=1 crypto rx=0 tx=0 comp rx=0 tx=0).handle_hello peer v2:172.21.15.151:3300/0 says I am v2:172.21.15.151:60722/0 (socket says 172.21.15.151:60722)
2024-02-14T12:53:23.816 INFO:teuthology.orchestra.run.smithi151.stdout:/usr/bin/ceph: stderr
2024-02-14T12:53:18.754+0000 7fc426ffd700 1 -- 172.21.15.151:0/185680996 learned_addr learned my addr 172.21.15.151:0/185680996 (peer_addr_for_me v2:172.21.15.151:0/0)
2024-02-14T12:53:23.817 INFO:teuthology.orchestra.run.smithi151.stdout:/usr/bin/ceph: stderr
2024-02-14T12:53:18.754+0000 7fc426ffd700 1 -- 172.21.15.151:0/185680996 --> [v2:172.21.15.151:3300/0,v1:172.21.15.151:6789/0] -- mon_subscribe({config=0+,monmap=0+}) v3 -- 0x7fc418009550 con 0x7fc428108340
2024-02-14T12:53:23.817 INFO:teuthology.orchestra.run.smithi151.stdout:/usr/bin/ceph: stderr
2024-02-14T12:53:18.754+0000 7fc426ffd700 1 --2- 172.21.15.151:0/185680996 >> [v2:172.21.15.151:3300/0,v1:172.21.15.151:6789/0] conn(0x7fc428108340 0x7fc42819b650 secure :-1 s=READY pgs=44 cs=0 l=1 rev1=1 crypto rx=0x7fc418011670 tx=0x7fc418011bf0 comp rx=0 tx=0).ready entity=mon.0 client_cookie=0 server_cookie=0 in_seq=0 out_seq=0
2024-02-14T12:53:23.817 INFO:teuthology.orchestra.run.smithi151.stdout:/usr/bin/ceph: stderr
2024-02-14T12:53:18.754+0000 7fc424ff9700 1 -- 172.21.15.151:0/185680996 <== mon.0 v2:172.21.15.151:3300/0 1 ==== mon_map magic: 0 v1 ==== 205+0+0 (secure 0 0 0) 0x7fc4180039f0 con 0x7fc428108340
2024-02-14T12:53:23.817 INFO:teuthology.orchestra.run.smithi151.stdout:/usr/bin/ceph: stderr
2024-02-14T12:53:18.754+0000 7fc42d7cb700 1 -- 172.21.15.151:0/185680996 --> [v2:172.21.15.151:3300/0,v1:172.21.15.151:6789/0] -- mon_subscribe({mgrmap=0+}) v3 -- 0x7fc42819bd90 con 0x7fc428108340
2024-02-14T12:53:23.817 INFO:teuthology.orchestra.run.smithi151.stdout:/usr/bin/ceph: stderr
2024-02-14T12:53:18.754+0000 7fc424ff9700 1 -- 172.21.15.151:0/185680996 <== mon.0 v2:172.21.15.151:3300/0 2 ==== config(28 keys) v1 ==== 1143+0+0 (secure 0 0 0) 0x7fc418003b50 con 0x7fc428108340
2024-02-14T12:53:23.817 INFO:teuthology.orchestra.run.smithi151.stdout:/usr/bin/ceph: stderr
2024-02-14T12:53:18.754+0000 7fc424ff9700 1 -- 172.21.15.151:0/185680996 <== mon.0 v2:172.21.15.151:3300/0 3 ==== mon_map magic: 0 v1 ==== 205+0+0 (secure 0 0 0) 0x7fc41801a6d0 con 0x7fc428108340
2024-02-14T12:53:23.817 INFO:teuthology.orchestra.run.smithi151.stdout:/usr/bin/ceph: stderr
2024-02-14T12:53:18.754+0000 7fc42d7cb700 1 -- 172.21.15.151:0/185680996 --> [v2:172.21.15.151:3300/0,v1:172.21.15.151:6789/0] -- mon_subscribe({osdmap=0}) v3 -- 0x7fc42819c230 con 0x7fc428108340
2024-02-14T12:53:23.817 INFO:teuthology.orchestra.run.smithi151.stdout:/usr/bin/ceph: stderr
2024-02-14T12:53:18.755+0000 7fc424ff9700 1 -- 172.21.15.151:0/185680996 <== mon.0 v2:172.21.15.151:3300/0 4 ==== mgrmap(e 8) v1 ==== 45932+0+0 (secure 0 0 0) 0x7fc418024430 con 0x7fc428108340
2024-02-14T12:53:23.817 INFO:teuthology.orchestra.run.smithi151.stdout:/usr/bin/ceph: stderr
2024-02-14T12:53:18.755+0000 7fc42d7cb700 1 -- 172.21.15.151:0/185680996 --> [v2:172.21.15.151:3300/0,v1:172.21.15.151:6789/0] -- mon_command({"prefix": "get_command_descriptions"} v 0) v1 -- 0x7fc42810bad0 con 0x7fc428108340
2024-02-14T12:53:23.817 INFO:teuthology.orchestra.run.smithi151.stdout:/usr/bin/ceph: stderr
2024-02-14T12:53:18.756+0000 7fc424ff9700 1 --2- 172.21.15.151:0/185680996 >> [v2:172.21.15.151:6800/3736005619,v1:172.21.15.151:6801/3736005619] conn(0x7fc414038e90 0x7fc41403b350 unknown :-1 s=NONE pgs=0 cs=0 l=1 rev1=0 crypto rx=0 tx=0 comp rx=0 tx=0).connect
2024-02-14T12:53:23.817 INFO:teuthology.orchestra.run.smithi151.stdout:/usr/bin/ceph: stderr
2024-02-14T12:53:18.756+0000 7fc424ff9700 1 -- 172.21.15.151:0/185680996 <== mon.0 v2:172.21.15.151:3300/0 5 ==== osd_map(2..2 src has 1..2) v4 ==== 940+0+0 (secure 0 0 0) 0x7fc41804d0c0 con 0x7fc428108340
2024-02-14T12:53:23.817 INFO:teuthology.orchestra.run.smithi151.stdout:/usr/bin/ceph: stderr
2024-02-14T12:53:18.756+0000 7fc41e7fc700 1 --2- 172.21.15.151:0/185680996 >> [v2:172.21.15.151:6800/3736005619,v1:172.21.15.151:6801/3736005619] conn(0x7fc414038e90 0x7fc41403b350 unknown :-1 s=BANNER_CONNECTING pgs=0 cs=0 l=1 rev1=0 crypto rx=0 tx=0 comp rx=0 tx=0)._handle_peer_banner_payload supported=3 required=0
2024-02-14T12:53:23.817 INFO:teuthology.orchestra.run.smithi151.stdout:/usr/bin/ceph: stderr
2024-02-14T12:53:18.756+0000 7fc41e7fc700 1 --2- 172.21.15.151:0/185680996 >> [v2:172.21.15.151:6800/3736005619,v1:172.21.15.151:6801/3736005619] conn(0x7fc414038e90 0x7fc41403b350 secure :-1 s=READY pgs=11 cs=0 l=1 rev1=1 crypto rx=0x7fc410006fd0 tx=0x7fc410006e40 comp rx=0 tx=0).ready entity=mgr.14118 client_cookie=0 server_cookie=0 in_seq=0 out_seq=0
2024-02-14T12:53:23.817 INFO:teuthology.orchestra.run.smithi151.stdout:/usr/bin/ceph: stderr
2024-02-14T12:53:18.760+0000 7fc424ff9700 1 -- 172.21.15.151:0/185680996 <== mon.0 v2:172.21.15.151:3300/0 6 ==== mon_command_ack([{"prefix": "get_command_descriptions"}]=0 v0) v1 ==== 72+0+183564 (secure 0 0 0) 0x7fc418018530 con 0x7fc428108340
2024-02-14T12:53:23.817 INFO:teuthology.orchestra.run.smithi151.stdout:/usr/bin/ceph: stderr
2024-02-14T12:53:18.958+0000 7fc42d7cb700 1 -- 172.21.15.151:0/185680996 --> [v2:172.21.15.151:6800/3736005619,v1:172.21.15.151:6801/3736005619] -- mgr_command(tid 0: {"prefix": "orch host add", "hostname": "smithi151", "addr": "172.21.15.151", "target": ["mon-mgr", ""]}) v1 -- 0x7fc428102fa0 con 0x7fc414038e90
2024-02-14T12:53:23.818 INFO:teuthology.orchestra.run.smithi151.stdout:/usr/bin/ceph: stderr
2024-02-14T12:53:23.225+0000 7fc424ff9700 1 -- 172.21.15.151:0/185680996 <== mgr.14118 v2:172.21.15.151:6800/3736005619 1 ==== mgr_command_reply(tid 0: 0 ) v1 ==== 8+0+49 (secure 0 0 0) 0x7fc428102fa0 con 0x7fc414038e90
2024-02-14T12:53:23.818 INFO:teuthology.orchestra.run.smithi151.stdout:/usr/bin/ceph: stderr
2024-02-14T12:53:23.227+0000 7fc42d7cb700 1 -- 172.21.15.151:0/185680996 >> [v2:172.21.15.151:6800/3736005619,v1:172.21.15.151:6801/3736005619] conn(0x7fc414038e90 msgr2=0x7fc41403b350 secure :-1 s=STATE_CONNECTION_ESTABLISHED l=1).mark_down
2024-02-14T12:53:23.818 INFO:teuthology.orchestra.run.smithi151.stdout:/usr/bin/ceph: stderr
2024-02-14T12:53:23.227+0000 7fc42d7cb700 1 --2- 172.21.15.151:0/185680996 >> [v2:172.21.15.151:6800/3736005619,v1:172.21.15.151:6801/3736005619] conn(0x7fc414038e90 0x7fc41403b350 secure :-1 s=READY pgs=11 cs=0 l=1 rev1=1 crypto rx=0x7fc410006fd0 tx=0x7fc410006e40 comp rx=0 tx=0).stop
2024-02-14T12:53:23.818 INFO:teuthology.orchestra.run.smithi151.stdout:/usr/bin/ceph: stderr
2024-02-14T12:53:23.227+0000 7fc42d7cb700 1 -- 172.21.15.151:0/185680996 >> [v2:172.21.15.151:3300/0,v1:172.21.15.151:6789/0] conn(0x7fc428108340 msgr2=0x7fc42819b650 secure :-1 s=STATE_CONNECTION_ESTABLISHED l=1).mark_down
2024-02-14T12:53:23.818 INFO:teuthology.orchestra.run.smithi151.stdout:/usr/bin/ceph: stderr
2024-02-14T12:53:23.227+0000 7fc42d7cb700 1 --2- 172.21.15.151:0/185680996 >> [v2:172.21.15.151:3300/0,v1:172.21.15.151:6789/0] conn(0x7fc428108340 0x7fc42819b650 secure :-1 s=READY pgs=44 cs=0 l=1 rev1=1 crypto rx=0x7fc418011670 tx=0x7fc418011bf0 comp rx=0 tx=0).stop
2024-02-14T12:53:23.818 INFO:teuthology.orchestra.run.smithi151.stdout:/usr/bin/ceph: stderr
2024-02-14T12:53:23.227+0000 7fc42d7cb700 1 -- 172.21.15.151:0/185680996 shutdown_connections
2024-02-14T12:53:23.818 INFO:teuthology.orchestra.run.smithi151.stdout:/usr/bin/ceph: stderr
2024-02-14T12:53:23.227+0000 7fc42d7cb700 1 --2- 172.21.15.151:0/185680996 >> [v2:172.21.15.151:6800/3736005619,v1:172.21.15.151:6801/3736005619] conn(0x7fc414038e90 0x7fc41403b350 unknown :-1 s=CLOSED pgs=11 cs=0 l=1 rev1=1 crypto rx=0 tx=0 comp rx=0 tx=0).stop
2024-02-14T12:53:23.818 INFO:teuthology.orchestra.run.smithi151.stdout:/usr/bin/ceph: stderr
2024-02-14T12:53:23.227+0000 7fc42d7cb700 1 --2- 172.21.15.151:0/185680996 >> [v2:172.21.15.151:3300/0,v1:172.21.15.151:6789/0] conn(0x7fc428108340 0x7fc42819b650 unknown :-1 s=CLOSED pgs=44 cs=0 l=1 rev1=1 crypto rx=0 tx=0 comp rx=0 tx=0).stop
2024-02-14T12:53:23.818 INFO:teuthology.orchestra.run.smithi151.stdout:/usr/bin/ceph: stderr
2024-02-14T12:53:23.227+0000 7fc42d7cb700 1 -- 172.21.15.151:0/185680996 >> 172.21.15.151:0/185680996 conn(0x7fc428101e10 msgr2=0x7fc428102890 unknown :-1 s=STATE_NONE l=0).mark_down
2024-02-14T12:53:23.818 INFO:teuthology.orchestra.run.smithi151.stdout:/usr/bin/ceph: stderr
2024-02-14T12:53:23.227+0000 7fc42d7cb700 1 -- 172.21.15.151:0/185680996 shutdown_connections
2024-02-14T12:53:23.818 INFO:teuthology.orchestra.run.smithi151.stdout:/usr/bin/ceph: stderr
2024-02-14T12:53:23.227+0000 7fc42d7cb700 1 -- 172.21.15.151:0/185680996 wait complete.
2024-02-14T12:53:23.818 INFO:teuthology.orchestra.run.smithi151.stdout:Deploying unmanaged mon service...
2024-02-14T12:53:24.344 INFO:journalctl@ceph.mon.a.smithi151.stdout:Feb 14 12:53:24 smithi151 ceph-mon[32973]: from='mgr.14118 172.21.15.151:0/4213476580' entity='mgr.x'
2024-02-14T12:53:24.344 INFO:journalctl@ceph.mon.a.smithi151.stdout:Feb 14 12:53:24 smithi151 ceph-mon[32973]: Added host smithi151
2024-02-14T12:53:24.345 INFO:journalctl@ceph.mon.a.smithi151.stdout:Feb 14 12:53:24 smithi151 ceph-mon[32973]: from='mgr.14118 172.21.15.151:0/4213476580' entity='mgr.x' cmd=[{"prefix": "config dump", "format": "json"}]: dispatch
2024-02-14T12:53:25.689 INFO:journalctl@ceph.mon.a.smithi151.stdout:Feb 14 12:53:25 smithi151 ceph-mon[32973]: from='client.14140 -' entity='client.admin' cmd=[{"prefix": "orch apply", "service_type": "mon", "unmanaged": true, "target": ["mon-mgr", ""]}]: dispatch
2024-02-14T12:53:25.689 INFO:journalctl@ceph.mon.a.smithi151.stdout:Feb 14 12:53:25 smithi151 ceph-mon[32973]: Saving service mon spec with placement count:5
2024-02-14T12:53:25.689 INFO:journalctl@ceph.mon.a.smithi151.stdout:Feb 14 12:53:25 smithi151 ceph-mon[32973]: from='mgr.14118 172.21.15.151:0/4213476580' entity='mgr.x'
2024-02-14T12:53:25.990 INFO:teuthology.orchestra.run.smithi151.stdout:/usr/bin/ceph: stdout Scheduled mon update...
2024-02-14T12:53:25.990 INFO:teuthology.orchestra.run.smithi151.stdout:/usr/bin/ceph: stderr
2024-02-14T12:53:24.160+0000 7faece14e700 1 Processor -- start
2024-02-14T12:53:25.990 INFO:teuthology.orchestra.run.smithi151.stdout:/usr/bin/ceph: stderr
2024-02-14T12:53:24.160+0000 7faece14e700 1 -- start start
2024-02-14T12:53:25.990 INFO:teuthology.orchestra.run.smithi151.stdout:/usr/bin/ceph: stderr
2024-02-14T12:53:24.160+0000 7faece14e700 1 --2- >> [v2:172.21.15.151:3300/0,v1:172.21.15.151:6789/0] conn(0x7faec8106ce0 0x7faec8107100 unknown :-1 s=NONE pgs=0 cs=0 l=0 rev1=0 crypto rx=0 tx=0 comp rx=0 tx=0).connect
2024-02-14T12:53:25.990 INFO:teuthology.orchestra.run.smithi151.stdout:/usr/bin/ceph: stderr
2024-02-14T12:53:24.160+0000 7faece14e700 1 -- --> [v2:172.21.15.151:3300/0,v1:172.21.15.151:6789/0] -- mon_getmap magic: 0 v1 -- 0x7faec81076d0 con 0x7faec8106ce0
2024-02-14T12:53:25.991 INFO:teuthology.orchestra.run.smithi151.stdout:/usr/bin/ceph: stderr
2024-02-14T12:53:24.161+0000 7faec77fe700 1 --2- >> [v2:172.21.15.151:3300/0,v1:172.21.15.151:6789/0] conn(0x7faec8106ce0 0x7faec8107100 unknown :-1 s=BANNER_CONNECTING pgs=0 cs=0 l=0 rev1=0 crypto rx=0 tx=0 comp rx=0 tx=0)._handle_peer_banner_payload supported=3 required=0
2024-02-14T12:53:25.991 INFO:teuthology.orchestra.run.smithi151.stdout:/usr/bin/ceph: stderr
2024-02-14T12:53:24.161+0000 7faec77fe700 1 --2- >> [v2:172.21.15.151:3300/0,v1:172.21.15.151:6789/0] conn(0x7faec8106ce0 0x7faec8107100 unknown :-1 s=HELLO_CONNECTING pgs=0 cs=0 l=0 rev1=1 crypto rx=0 tx=0 comp rx=0 tx=0).handle_hello peer v2:172.21.15.151:3300/0 says I am v2:172.21.15.151:60734/0 (socket says 172.21.15.151:60734)
2024-02-14T12:53:25.991 INFO:teuthology.orchestra.run.smithi151.stdout:/usr/bin/ceph: stderr
2024-02-14T12:53:24.161+0000 7faec77fe700 1 -- 172.21.15.151:0/3940422266 learned_addr learned my addr 172.21.15.151:0/3940422266 (peer_addr_for_me v2:172.21.15.151:0/0)
2024-02-14T12:53:25.991 INFO:teuthology.orchestra.run.smithi151.stdout:/usr/bin/ceph: stderr
2024-02-14T12:53:24.161+0000 7faec77fe700 1 -- 172.21.15.151:0/3940422266 --> [v2:172.21.15.151:3300/0,v1:172.21.15.151:6789/0] -- mon_subscribe({config=0+,monmap=0+}) v3 -- 0x7faec8107a00 con 0x7faec8106ce0
2024-02-14T12:53:25.991 INFO:teuthology.orchestra.run.smithi151.stdout:/usr/bin/ceph: stderr
2024-02-14T12:53:24.161+0000 7faec77fe700 1 --2- 172.21.15.151:0/3940422266 >> [v2:172.21.15.151:3300/0,v1:172.21.15.151:6789/0] conn(0x7faec8106ce0 0x7faec8107100 secure :-1 s=READY pgs=45 cs=0 l=1 rev1=1 crypto rx=0x7faeb80098a0 tx=0x7faeb8009bb0 comp rx=0 tx=0).ready entity=mon.0 client_cookie=644ac0c5be4278b5 server_cookie=0 in_seq=0 out_seq=0
2024-02-14T12:53:25.991 INFO:teuthology.orchestra.run.smithi151.stdout:/usr/bin/ceph: stderr
2024-02-14T12:53:24.161+0000 7faec6ffd700 1 -- 172.21.15.151:0/3940422266 <== mon.0 v2:172.21.15.151:3300/0 1 ==== mon_map magic: 0 v1 ==== 205+0+0 (secure 0 0 0) 0x7faeb8004160 con 0x7faec8106ce0
2024-02-14T12:53:25.991 INFO:teuthology.orchestra.run.smithi151.stdout:/usr/bin/ceph: stderr
2024-02-14T12:53:24.161+0000 7faec6ffd700 1 -- 172.21.15.151:0/3940422266 <== mon.0 v2:172.21.15.151:3300/0 2 ==== config(28 keys) v1 ==== 1143+0+0 (secure 0 0 0) 0x7faeb80042c0 con 0x7faec8106ce0
2024-02-14T12:53:25.991 INFO:teuthology.orchestra.run.smithi151.stdout:/usr/bin/ceph: stderr
2024-02-14T12:53:24.161+0000 7faec6ffd700 1 -- 172.21.15.151:0/3940422266 <== mon.0 v2:172.21.15.151:3300/0 3 ==== mon_map magic: 0 v1 ==== 205+0+0 (secure 0 0 0) 0x7faeb8011b70 con 0x7faec8106ce0
2024-02-14T12:53:25.991 INFO:teuthology.orchestra.run.smithi151.stdout:/usr/bin/ceph: stderr
2024-02-14T12:53:24.162+0000 7faece14e700 1 -- 172.21.15.151:0/3940422266 >> [v2:172.21.15.151:3300/0,v1:172.21.15.151:6789/0] conn(0x7faec8106ce0 msgr2=0x7faec8107100 secure :-1 s=STATE_CONNECTION_ESTABLISHED l=1).mark_down
2024-02-14T12:53:25.991 INFO:teuthology.orchestra.run.smithi151.stdout:/usr/bin/ceph: stderr
2024-02-14T12:53:24.162+0000 7faece14e700 1 --2- 172.21.15.151:0/3940422266 >> [v2:172.21.15.151:3300/0,v1:172.21.15.151:6789/0] conn(0x7faec8106ce0 0x7faec8107100 secure :-1 s=READY pgs=45 cs=0 l=1 rev1=1 crypto rx=0x7faeb80098a0 tx=0x7faeb8009bb0 comp rx=0 tx=0).stop
2024-02-14T12:53:25.991 INFO:teuthology.orchestra.run.smithi151.stdout:/usr/bin/ceph: stderr
2024-02-14T12:53:24.162+0000 7faece14e700 1 -- 172.21.15.151:0/3940422266 shutdown_connections
2024-02-14T12:53:25.991 INFO:teuthology.orchestra.run.smithi151.stdout:/usr/bin/ceph: stderr
2024-02-14T12:53:24.162+0000 7faece14e700 1 --2- 172.21.15.151:0/3940422266 >> [v2:172.21.15.151:3300/0,v1:172.21.15.151:6789/0] conn(0x7faec8106ce0 0x7faec8107100 unknown :-1 s=CLOSED pgs=45 cs=0 l=1 rev1=1 crypto rx=0 tx=0 comp rx=0 tx=0).stop
2024-02-14T12:53:25.991 INFO:teuthology.orchestra.run.smithi151.stdout:/usr/bin/ceph: stderr
2024-02-14T12:53:24.162+0000 7faece14e700 1 -- 172.21.15.151:0/3940422266 >> 172.21.15.151:0/3940422266 conn(0x7faec8101580 msgr2=0x7faec81039a0 unknown :-1 s=STATE_NONE l=0).mark_down
2024-02-14T12:53:25.991 INFO:teuthology.orchestra.run.smithi151.stdout:/usr/bin/ceph: stderr
2024-02-14T12:53:24.162+0000 7faece14e700 1 -- 172.21.15.151:0/3940422266 shutdown_connections
2024-02-14T12:53:25.992 INFO:teuthology.orchestra.run.smithi151.stdout:/usr/bin/ceph: stderr
2024-02-14T12:53:24.162+0000 7faece14e700 1 -- 172.21.15.151:0/3940422266 wait complete.
2024-02-14T12:53:25.992 INFO:teuthology.orchestra.run.smithi151.stdout:/usr/bin/ceph: stderr
2024-02-14T12:53:24.162+0000 7faece14e700 1 Processor -- start
2024-02-14T12:53:25.992 INFO:teuthology.orchestra.run.smithi151.stdout:/usr/bin/ceph: stderr
2024-02-14T12:53:24.163+0000 7faece14e700 1 -- start start
2024-02-14T12:53:25.992 INFO:teuthology.orchestra.run.smithi151.stdout:/usr/bin/ceph: stderr
2024-02-14T12:53:24.163+0000 7faece14e700 1 --2- >> [v2:172.21.15.151:3300/0,v1:172.21.15.151:6789/0] conn(0x7faec8106ce0 0x7faec819a580 unknown :-1 s=NONE pgs=0 cs=0 l=1 rev1=0 crypto rx=0 tx=0 comp rx=0 tx=0).connect
2024-02-14T12:53:25.992 INFO:teuthology.orchestra.run.smithi151.stdout:/usr/bin/ceph: stderr
2024-02-14T12:53:24.163+0000 7faece14e700 1 -- --> [v2:172.21.15.151:3300/0,v1:172.21.15.151:6789/0] -- mon_getmap magic: 0 v1 -- 0x7faec819aac0 con 0x7faec8106ce0
2024-02-14T12:53:25.992 INFO:teuthology.orchestra.run.smithi151.stdout:/usr/bin/ceph: stderr
2024-02-14T12:53:24.163+0000 7faec77fe700 1 --2- >> [v2:172.21.15.151:3300/0,v1:172.21.15.151:6789/0] conn(0x7faec8106ce0 0x7faec819a580 unknown :-1 s=BANNER_CONNECTING pgs=0 cs=0 l=1 rev1=0 crypto rx=0 tx=0 comp rx=0 tx=0)._handle_peer_banner_payload supported=3 required=0
2024-02-14T12:53:25.992 INFO:teuthology.orchestra.run.smithi151.stdout:/usr/bin/ceph: stderr
2024-02-14T12:53:24.163+0000 7faec77fe700 1 --2- >> [v2:172.21.15.151:3300/0,v1:172.21.15.151:6789/0] conn(0x7faec8106ce0 0x7faec819a580 unknown :-1 s=HELLO_CONNECTING pgs=0 cs=0 l=1 rev1=1 crypto rx=0 tx=0 comp rx=0 tx=0).handle_hello peer v2:172.21.15.151:3300/0 says I am v2:172.21.15.151:60750/0 (socket says 172.21.15.151:60750)
2024-02-14T12:53:25.992 INFO:teuthology.orchestra.run.smithi151.stdout:/usr/bin/ceph: stderr
2024-02-14T12:53:24.163+0000 7faec77fe700 1 -- 172.21.15.151:0/1280277507 learned_addr learned my addr 172.21.15.151:0/1280277507 (peer_addr_for_me v2:172.21.15.151:0/0)
2024-02-14T12:53:25.992 INFO:teuthology.orchestra.run.smithi151.stdout:/usr/bin/ceph: stderr
2024-02-14T12:53:24.163+0000 7faec77fe700 1 -- 172.21.15.151:0/1280277507 --> [v2:172.21.15.151:3300/0,v1:172.21.15.151:6789/0] -- mon_subscribe({config=0+,monmap=0+}) v3 -- 0x7faeb8009550 con 0x7faec8106ce0
2024-02-14T12:53:25.992 INFO:teuthology.orchestra.run.smithi151.stdout:/usr/bin/ceph: stderr
2024-02-14T12:53:24.163+0000 7faec77fe700 1 --2- 172.21.15.151:0/1280277507 >> [v2:172.21.15.151:3300/0,v1:172.21.15.151:6789/0] conn(0x7faec8106ce0 0x7faec819a580 secure :-1 s=READY pgs=46 cs=0 l=1 rev1=1 crypto rx=0x7faeb8011670 tx=0x7faeb8011bf0 comp rx=0 tx=0).ready entity=mon.0 client_cookie=0 server_cookie=0 in_seq=0 out_seq=0
2024-02-14T12:53:25.992 INFO:teuthology.orchestra.run.smithi151.stdout:/usr/bin/ceph: stderr
2024-02-14T12:53:24.163+0000 7faec57fa700 1 -- 172.21.15.151:0/1280277507 <== mon.0 v2:172.21.15.151:3300/0 1 ==== mon_map magic: 0 v1 ==== 205+0+0 (secure 0 0 0) 0x7faeb80039f0 con 0x7faec8106ce0
2024-02-14T12:53:25.992 INFO:teuthology.orchestra.run.smithi151.stdout:/usr/bin/ceph: stderr
2024-02-14T12:53:24.163+0000 7faec57fa700 1 -- 172.21.15.151:0/1280277507 <== mon.0 v2:172.21.15.151:3300/0 2 ==== config(28 keys) v1 ==== 1143+0+0 (secure 0 0 0) 0x7faeb8003b50 con 0x7faec8106ce0
