2024-02-14T12:59:51.418 INFO:teuthology.orchestra.run.smithi012.stdout:/usr/bin/ceph: stderr
2024-02-14T12:59:50.524+0000 7f75d0bcc700 1 -- start start
2024-02-14T12:59:51.418 INFO:teuthology.orchestra.run.smithi012.stdout:/usr/bin/ceph: stderr
2024-02-14T12:59:50.524+0000 7f75d0bcc700 1 --2- >> [v2:172.21.15.12:3300/0,v1:172.21.15.12:6789/0] conn(0x7f75cc108160 0x7f75cc10a550 unknown :-1 s=NONE pgs=0 cs=0 l=0 rev1=0 crypto rx=0 tx=0 comp rx=0 tx=0).connect
2024-02-14T12:59:51.418 INFO:teuthology.orchestra.run.smithi012.stdout:/usr/bin/ceph: stderr
2024-02-14T12:59:50.524+0000 7f75d0bcc700 1 -- --> [v2:172.21.15.12:3300/0,v1:172.21.15.12:6789/0] -- mon_getmap magic: 0 v1 -- 0x7f75cc0754c0 con 0x7f75cc108160
2024-02-14T12:59:51.418 INFO:teuthology.orchestra.run.smithi012.stdout:/usr/bin/ceph: stderr
2024-02-14T12:59:50.525+0000 7f75ca59c700 1 --2- >> [v2:172.21.15.12:3300/0,v1:172.21.15.12:6789/0] conn(0x7f75cc108160 0x7f75cc10a550 unknown :-1 s=BANNER_CONNECTING pgs=0 cs=0 l=0 rev1=0 crypto rx=0 tx=0 comp rx=0 tx=0)._handle_peer_banner_payload supported=3 required=0
2024-02-14T12:59:51.418 INFO:teuthology.orchestra.run.smithi012.stdout:/usr/bin/ceph: stderr
2024-02-14T12:59:50.525+0000 7f75ca59c700 1 --2- >> [v2:172.21.15.12:3300/0,v1:172.21.15.12:6789/0] conn(0x7f75cc108160 0x7f75cc10a550 unknown :-1 s=HELLO_CONNECTING pgs=0 cs=0 l=0 rev1=1 crypto rx=0 tx=0 comp rx=0 tx=0).handle_hello peer v2:172.21.15.12:3300/0 says I am v2:172.21.15.12:48548/0 (socket says 172.21.15.12:48548)
2024-02-14T12:59:51.418 INFO:teuthology.orchestra.run.smithi012.stdout:/usr/bin/ceph: stderr
2024-02-14T12:59:50.525+0000 7f75ca59c700 1 -- 172.21.15.12:0/531111726 learned_addr learned my addr 172.21.15.12:0/531111726 (peer_addr_for_me v2:172.21.15.12:0/0)
2024-02-14T12:59:51.418 INFO:teuthology.orchestra.run.smithi012.stdout:/usr/bin/ceph: stderr
2024-02-14T12:59:50.525+0000 7f75ca59c700 1 -- 172.21.15.12:0/531111726 --> [v2:172.21.15.12:3300/0,v1:172.21.15.12:6789/0] -- mon_subscribe({config=0+,monmap=0+}) v3 -- 0x7f75cc10aa90 con 0x7f75cc108160
2024-02-14T12:59:51.418 INFO:teuthology.orchestra.run.smithi012.stdout:/usr/bin/ceph: stderr
2024-02-14T12:59:50.525+0000 7f75ca59c700 1 --2- 172.21.15.12:0/531111726 >> [v2:172.21.15.12:3300/0,v1:172.21.15.12:6789/0] conn(0x7f75cc108160 0x7f75cc10a550 secure :-1 s=READY pgs=66 cs=0 l=1 rev1=1 crypto rx=0x7f75bc0098a0 tx=0x7f75bc009bb0 comp rx=0 tx=0).ready entity=mon.0 client_cookie=9f05618438776c76 server_cookie=0 in_seq=0 out_seq=0
2024-02-14T12:59:51.418 INFO:teuthology.orchestra.run.smithi012.stdout:/usr/bin/ceph: stderr
2024-02-14T12:59:50.525+0000 7f75c959a700 1 -- 172.21.15.12:0/531111726 <== mon.0 v2:172.21.15.12:3300/0 1 ==== mon_map magic: 0 v1 ==== 205+0+0 (secure 0 0 0) 0x7f75bc004160 con 0x7f75cc108160
2024-02-14T12:59:51.418 INFO:teuthology.orchestra.run.smithi012.stdout:/usr/bin/ceph: stderr
2024-02-14T12:59:50.525+0000 7f75c959a700 1 -- 172.21.15.12:0/531111726 <== mon.0 v2:172.21.15.12:3300/0 2 ==== config(27 keys) v1 ==== 1140+0+0 (secure 0 0 0) 0x7f75bc0042c0 con 0x7f75cc108160
2024-02-14T12:59:51.418 INFO:teuthology.orchestra.run.smithi012.stdout:/usr/bin/ceph: stderr
2024-02-14T12:59:50.525+0000 7f75c959a700 1 -- 172.21.15.12:0/531111726 <== mon.0 v2:172.21.15.12:3300/0 3 ==== mon_map magic: 0 v1 ==== 205+0+0 (secure 0 0 0) 0x7f75bc011a80 con 0x7f75cc108160
2024-02-14T12:59:51.418 INFO:teuthology.orchestra.run.smithi012.stdout:/usr/bin/ceph: stderr
2024-02-14T12:59:50.526+0000 7f75d0bcc700 1 -- 172.21.15.12:0/531111726 >> [v2:172.21.15.12:3300/0,v1:172.21.15.12:6789/0] conn(0x7f75cc108160 msgr2=0x7f75cc10a550 secure :-1 s=STATE_CONNECTION_ESTABLISHED l=1).mark_down
2024-02-14T12:59:51.418 INFO:teuthology.orchestra.run.smithi012.stdout:/usr/bin/ceph: stderr
2024-02-14T12:59:50.526+0000 7f75d0bcc700 1 --2- 172.21.15.12:0/531111726 >> [v2:172.21.15.12:3300/0,v1:172.21.15.12:6789/0] conn(0x7f75cc108160 0x7f75cc10a550 secure :-1 s=READY pgs=66 cs=0 l=1 rev1=1 crypto rx=0x7f75bc0098a0 tx=0x7f75bc009bb0 comp rx=0 tx=0).stop
2024-02-14T12:59:51.419 INFO:teuthology.orchestra.run.smithi012.stdout:/usr/bin/ceph: stderr
2024-02-14T12:59:50.526+0000 7f75d0bcc700 1 -- 172.21.15.12:0/531111726 shutdown_connections
2024-02-14T12:59:51.419 INFO:teuthology.orchestra.run.smithi012.stdout:/usr/bin/ceph: stderr
2024-02-14T12:59:50.526+0000 7f75d0bcc700 1 --2- 172.21.15.12:0/531111726 >> [v2:172.21.15.12:3300/0,v1:172.21.15.12:6789/0] conn(0x7f75cc108160 0x7f75cc10a550 unknown :-1 s=CLOSED pgs=66 cs=0 l=1 rev1=1 crypto rx=0 tx=0 comp rx=0 tx=0).stop
2024-02-14T12:59:51.419 INFO:teuthology.orchestra.run.smithi012.stdout:/usr/bin/ceph: stderr
2024-02-14T12:59:50.526+0000 7f75d0bcc700 1 -- 172.21.15.12:0/531111726 >> 172.21.15.12:0/531111726 conn(0x7f75cc101b70 msgr2=0x7f75cc103f90 unknown :-1 s=STATE_NONE l=0).mark_down
2024-02-14T12:59:51.419 INFO:teuthology.orchestra.run.smithi012.stdout:/usr/bin/ceph: stderr
2024-02-14T12:59:50.526+0000 7f75d0bcc700 1 -- 172.21.15.12:0/531111726 shutdown_connections
2024-02-14T12:59:51.419 INFO:teuthology.orchestra.run.smithi012.stdout:/usr/bin/ceph: stderr
2024-02-14T12:59:50.526+0000 7f75d0bcc700 1 -- 172.21.15.12:0/531111726 wait complete.
2024-02-14T12:59:51.419 INFO:teuthology.orchestra.run.smithi012.stdout:/usr/bin/ceph: stderr
2024-02-14T12:59:50.527+0000 7f75d0bcc700 1 Processor -- start
2024-02-14T12:59:51.419 INFO:teuthology.orchestra.run.smithi012.stdout:/usr/bin/ceph: stderr
2024-02-14T12:59:50.527+0000 7f75d0bcc700 1 -- start start
2024-02-14T12:59:51.419 INFO:teuthology.orchestra.run.smithi012.stdout:/usr/bin/ceph: stderr
2024-02-14T12:59:50.527+0000 7f75d0bcc700 1 --2- >> [v2:172.21.15.12:3300/0,v1:172.21.15.12:6789/0] conn(0x7f75cc108160 0x7f75cc19b3a0 unknown :-1 s=NONE pgs=0 cs=0 l=1 rev1=0 crypto rx=0 tx=0 comp rx=0 tx=0).connect
2024-02-14T12:59:51.419 INFO:teuthology.orchestra.run.smithi012.stdout:/usr/bin/ceph: stderr
2024-02-14T12:59:50.527+0000 7f75d0bcc700 1 -- --> [v2:172.21.15.12:3300/0,v1:172.21.15.12:6789/0] -- mon_getmap magic: 0 v1 -- 0x7f75cc19b8e0 con 0x7f75cc108160
2024-02-14T12:59:51.419 INFO:teuthology.orchestra.run.smithi012.stdout:/usr/bin/ceph: stderr
2024-02-14T12:59:50.527+0000 7f75ca59c700 1 --2- >> [v2:172.21.15.12:3300/0,v1:172.21.15.12:6789/0] conn(0x7f75cc108160 0x7f75cc19b3a0 unknown :-1 s=BANNER_CONNECTING pgs=0 cs=0 l=1 rev1=0 crypto rx=0 tx=0 comp rx=0 tx=0)._handle_peer_banner_payload supported=3 required=0
2024-02-14T12:59:51.419 INFO:teuthology.orchestra.run.smithi012.stdout:/usr/bin/ceph: stderr
2024-02-14T12:59:50.527+0000 7f75ca59c700 1 --2- >> [v2:172.21.15.12:3300/0,v1:172.21.15.12:6789/0] conn(0x7f75cc108160 0x7f75cc19b3a0 unknown :-1 s=HELLO_CONNECTING pgs=0 cs=0 l=1 rev1=1 crypto rx=0 tx=0 comp rx=0 tx=0).handle_hello peer v2:172.21.15.12:3300/0 says I am v2:172.21.15.12:48564/0 (socket says 172.21.15.12:48564)
2024-02-14T12:59:51.419 INFO:teuthology.orchestra.run.smithi012.stdout:/usr/bin/ceph: stderr
2024-02-14T12:59:50.527+0000 7f75ca59c700 1 -- 172.21.15.12:0/901786918 learned_addr learned my addr 172.21.15.12:0/901786918 (peer_addr_for_me v2:172.21.15.12:0/0)
2024-02-14T12:59:51.419 INFO:teuthology.orchestra.run.smithi012.stdout:/usr/bin/ceph: stderr
2024-02-14T12:59:50.528+0000 7f75ca59c700 1 -- 172.21.15.12:0/901786918 --> [v2:172.21.15.12:3300/0,v1:172.21.15.12:6789/0] -- mon_subscribe({config=0+,monmap=0+}) v3 -- 0x7f75bc009550 con 0x7f75cc108160
2024-02-14T12:59:51.419 INFO:teuthology.orchestra.run.smithi012.stdout:/usr/bin/ceph: stderr
2024-02-14T12:59:50.528+0000 7f75ca59c700 1 --2- 172.21.15.12:0/901786918 >> [v2:172.21.15.12:3300/0,v1:172.21.15.12:6789/0] conn(0x7f75cc108160 0x7f75cc19b3a0 secure :-1 s=READY pgs=67 cs=0 l=1 rev1=1 crypto rx=0x7f75bc011740 tx=0x7f75bc011b00 comp rx=0 tx=0).ready entity=mon.0 client_cookie=0 server_cookie=0 in_seq=0 out_seq=0
2024-02-14T12:59:51.419 INFO:teuthology.orchestra.run.smithi012.stdout:/usr/bin/ceph: stderr
2024-02-14T12:59:50.528+0000 7f75bb7fe700 1 -- 172.21.15.12:0/901786918 <== mon.0 v2:172.21.15.12:3300/0 1 ==== mon_map magic: 0 v1 ==== 205+0+0 (secure 0 0 0) 0x7f75bc003b20 con 0x7f75cc108160
2024-02-14T12:59:51.420 INFO:teuthology.orchestra.run.smithi012.stdout:/usr/bin/ceph: stderr
2024-02-14T12:59:50.528+0000 7f75d0bcc700 1 -- 172.21.15.12:0/901786918 --> [v2:172.21.15.12:3300/0,v1:172.21.15.12:6789/0] -- mon_subscribe({mgrmap=0+}) v3 -- 0x7f75cc19bae0 con 0x7f75cc108160
2024-02-14T12:59:51.420 INFO:teuthology.orchestra.run.smithi012.stdout:/usr/bin/ceph: stderr
2024-02-14T12:59:50.528+0000 7f75bb7fe700 1 -- 172.21.15.12:0/901786918 <== mon.0 v2:172.21.15.12:3300/0 2 ==== config(27 keys) v1 ==== 1140+0+0 (secure 0 0 0) 0x7f75bc01a910 con 0x7f75cc108160
2024-02-14T12:59:51.420 INFO:teuthology.orchestra.run.smithi012.stdout:/usr/bin/ceph: stderr
2024-02-14T12:59:50.528+0000 7f75bb7fe700 1 -- 172.21.15.12:0/901786918 <== mon.0 v2:172.21.15.12:3300/0 3 ==== mon_map magic: 0 v1 ==== 205+0+0 (secure 0 0 0) 0x7f75bc0248c0 con 0x7f75cc108160
2024-02-14T12:59:51.420 INFO:teuthology.orchestra.run.smithi012.stdout:/usr/bin/ceph: stderr
2024-02-14T12:59:50.528+0000 7f75d0bcc700 1 -- 172.21.15.12:0/901786918 --> [v2:172.21.15.12:3300/0,v1:172.21.15.12:6789/0] -- mon_subscribe({osdmap=0}) v3 -- 0x7f75cc19bf80 con 0x7f75cc108160
2024-02-14T12:59:51.420 INFO:teuthology.orchestra.run.smithi012.stdout:/usr/bin/ceph: stderr
2024-02-14T12:59:50.529+0000 7f75bb7fe700 1 -- 172.21.15.12:0/901786918 <== mon.0 v2:172.21.15.12:3300/0 4 ==== mgrmap(e 11) v1 ==== 45839+0+0 (secure 0 0 0) 0x7f75bc02d3f0 con 0x7f75cc108160
2024-02-14T12:59:51.420 INFO:teuthology.orchestra.run.smithi012.stdout:/usr/bin/ceph: stderr
2024-02-14T12:59:50.529+0000 7f75d0bcc700 1 -- 172.21.15.12:0/901786918 --> [v2:172.21.15.12:3300/0,v1:172.21.15.12:6789/0] -- mon_command({"prefix": "get_command_descriptions"} v 0) v1 -- 0x7f75cc10b8d0 con 0x7f75cc108160
2024-02-14T12:59:51.420 INFO:teuthology.orchestra.run.smithi012.stdout:/usr/bin/ceph: stderr
2024-02-14T12:59:50.529+0000 7f75bb7fe700 1 --2- 172.21.15.12:0/901786918 >> [v2:172.21.15.12:6800/1684027624,v1:172.21.15.12:6801/1684027624] conn(0x7f75b4038e10 0x7f75b403b2d0 unknown :-1 s=NONE pgs=0 cs=0 l=1 rev1=0 crypto rx=0 tx=0 comp rx=0 tx=0).connect
2024-02-14T12:59:51.420 INFO:teuthology.orchestra.run.smithi012.stdout:/usr/bin/ceph: stderr
2024-02-14T12:59:50.529+0000 7f75bb7fe700 1 -- 172.21.15.12:0/901786918 <== mon.0 v2:172.21.15.12:3300/0 5 ==== osd_map(3..3 src has 1..3) v4 ==== 1155+0+0 (secure 0 0 0) 0x7f75bc04d320 con 0x7f75cc108160
2024-02-14T12:59:51.420 INFO:teuthology.orchestra.run.smithi012.stdout:/usr/bin/ceph: stderr
2024-02-14T12:59:50.529+0000 7f75c9d9b700 1 --2- 172.21.15.12:0/901786918 >> [v2:172.21.15.12:6800/1684027624,v1:172.21.15.12:6801/1684027624] conn(0x7f75b4038e10 0x7f75b403b2d0 unknown :-1 s=BANNER_CONNECTING pgs=0 cs=0 l=1 rev1=0 crypto rx=0 tx=0 comp rx=0 tx=0)._handle_peer_banner_payload supported=3 required=0
2024-02-14T12:59:51.420 INFO:teuthology.orchestra.run.smithi012.stdout:/usr/bin/ceph: stderr
2024-02-14T12:59:50.529+0000 7f75c9d9b700 1 --2- 172.21.15.12:0/901786918 >> [v2:172.21.15.12:6800/1684027624,v1:172.21.15.12:6801/1684027624] conn(0x7f75b4038e10 0x7f75b403b2d0 secure :-1 s=READY pgs=7 cs=0 l=1 rev1=1 crypto rx=0x7f75c0006fd0 tx=0x7f75c0006e40 comp rx=0 tx=0).ready entity=mgr.14148 client_cookie=0 server_cookie=0 in_seq=0 out_seq=0
2024-02-14T12:59:51.420 INFO:teuthology.orchestra.run.smithi012.stdout:/usr/bin/ceph: stderr
2024-02-14T12:59:50.534+0000 7f75bb7fe700 1 -- 172.21.15.12:0/901786918 <== mon.0 v2:172.21.15.12:3300/0 6 ==== mon_command_ack([{"prefix": "get_command_descriptions"}]=0 v0) v1 ==== 72+0+183564 (secure 0 0 0) 0x7f75bc010a70 con 0x7f75cc108160
2024-02-14T12:59:51.420 INFO:teuthology.orchestra.run.smithi012.stdout:/usr/bin/ceph: stderr
2024-02-14T12:59:50.742+0000 7f75d0bcc700 1 -- 172.21.15.12:0/901786918 --> [v2:172.21.15.12:6800/1684027624,v1:172.21.15.12:6801/1684027624] -- mgr_command(tid 0: {"prefix": "dashboard create-self-signed-cert", "target": ["mon-mgr", ""]}) v1 -- 0x7f75cc102cd0 con 0x7f75b4038e10
2024-02-14T12:59:51.420 INFO:teuthology.orchestra.run.smithi012.stdout:/usr/bin/ceph: stderr
2024-02-14T12:59:50.792+0000 7f75bb7fe700 1 -- 172.21.15.12:0/901786918 <== mon.0 v2:172.21.15.12:3300/0 7 ==== mgrmap(e 12) v1 ==== 45945+0+0 (secure 0 0 0) 0x7f75bc021d40 con 0x7f75cc108160
2024-02-14T12:59:51.420 INFO:teuthology.orchestra.run.smithi012.stdout:/usr/bin/ceph: stderr
2024-02-14T12:59:50.827+0000 7f75bb7fe700 1 -- 172.21.15.12:0/901786918 <== mgr.14148 v2:172.21.15.12:6800/1684027624 1 ==== mgr_command_reply(tid 0: 0 ) v1 ==== 8+0+32 (secure 0 0 0) 0x7f75cc102cd0 con 0x7f75b4038e10
2024-02-14T12:59:51.421 INFO:teuthology.orchestra.run.smithi012.stdout:/usr/bin/ceph: stderr
2024-02-14T12:59:50.829+0000 7f75d0bcc700 1 -- 172.21.15.12:0/901786918 >> [v2:172.21.15.12:6800/1684027624,v1:172.21.15.12:6801/1684027624] conn(0x7f75b4038e10 msgr2=0x7f75b403b2d0 secure :-1 s=STATE_CONNECTION_ESTABLISHED l=1).mark_down
2024-02-14T12:59:51.421 INFO:teuthology.orchestra.run.smithi012.stdout:/usr/bin/ceph: stderr
2024-02-14T12:59:50.829+0000 7f75d0bcc700 1 --2- 172.21.15.12:0/901786918 >> [v2:172.21.15.12:6800/1684027624,v1:172.21.15.12:6801/1684027624] conn(0x7f75b4038e10 0x7f75b403b2d0 secure :-1 s=READY pgs=7 cs=0 l=1 rev1=1 crypto rx=0x7f75c0006fd0 tx=0x7f75c0006e40 comp rx=0 tx=0).stop
2024-02-14T12:59:51.421 INFO:teuthology.orchestra.run.smithi012.stdout:/usr/bin/ceph: stderr
2024-02-14T12:59:50.829+0000 7f75d0bcc700 1 -- 172.21.15.12:0/901786918 >> [v2:172.21.15.12:3300/0,v1:172.21.15.12:6789/0] conn(0x7f75cc108160 msgr2=0x7f75cc19b3a0 secure :-1 s=STATE_CONNECTION_ESTABLISHED l=1).mark_down
2024-02-14T12:59:51.421 INFO:teuthology.orchestra.run.smithi012.stdout:/usr/bin/ceph: stderr
2024-02-14T12:59:50.829+0000 7f75d0bcc700 1 --2- 172.21.15.12:0/901786918 >> [v2:172.21.15.12:3300/0,v1:172.21.15.12:6789/0] conn(0x7f75cc108160 0x7f75cc19b3a0 secure :-1 s=READY pgs=67 cs=0 l=1 rev1=1 crypto rx=0x7f75bc011740 tx=0x7f75bc011b00 comp rx=0 tx=0).stop
2024-02-14T12:59:51.421 INFO:teuthology.orchestra.run.smithi012.stdout:/usr/bin/ceph: stderr
2024-02-14T12:59:50.829+0000 7f75d0bcc700 1 -- 172.21.15.12:0/901786918 shutdown_connections
2024-02-14T12:59:51.421 INFO:teuthology.orchestra.run.smithi012.stdout:/usr/bin/ceph: stderr
2024-02-14T12:59:50.829+0000 7f75d0bcc700 1 --2- 172.21.15.12:0/901786918 >> [v2:172.21.15.12:6800/1684027624,v1:172.21.15.12:6801/1684027624] conn(0x7f75b4038e10 0x7f75b403b2d0 unknown :-1 s=CLOSED pgs=7 cs=0 l=1 rev1=1 crypto rx=0 tx=0 comp rx=0 tx=0).stop
2024-02-14T12:59:51.421 INFO:teuthology.orchestra.run.smithi012.stdout:/usr/bin/ceph: stderr
2024-02-14T12:59:50.829+0000 7f75d0bcc700 1 --2- 172.21.15.12:0/901786918 >> [v2:172.21.15.12:3300/0,v1:172.21.15.12:6789/0] conn(0x7f75cc108160 0x7f75cc19b3a0 unknown :-1 s=CLOSED pgs=67 cs=0 l=1 rev1=1 crypto rx=0 tx=0 comp rx=0 tx=0).stop
2024-02-14T12:59:51.421 INFO:teuthology.orchestra.run.smithi012.stdout:/usr/bin/ceph: stderr
2024-02-14T12:59:50.829+0000 7f75d0bcc700 1 -- 172.21.15.12:0/901786918 >> 172.21.15.12:0/901786918 conn(0x7f75cc101b70 msgr2=0x7f75cc1025c0 unknown :-1 s=STATE_NONE l=0).mark_down
2024-02-14T12:59:51.421 INFO:teuthology.orchestra.run.smithi012.stdout:/usr/bin/ceph: stderr
2024-02-14T12:59:50.829+0000 7f75d0bcc700 1 -- 172.21.15.12:0/901786918 shutdown_connections
2024-02-14T12:59:51.421 INFO:teuthology.orchestra.run.smithi012.stdout:/usr/bin/ceph: stderr
2024-02-14T12:59:50.829+0000 7f75d0bcc700 1 -- 172.21.15.12:0/901786918 wait complete.
2024-02-14T12:59:51.421 INFO:teuthology.orchestra.run.smithi012.stdout:Creating initial admin user...
2024-02-14T12:59:51.967 INFO:journalctl@ceph.mon.a.smithi012.stdout:Feb 14 12:59:51 smithi012 ceph-mon[32370]: from='client.14160 -' entity='client.admin' cmd=[{"prefix": "dashboard create-self-signed-cert", "target": ["mon-mgr", ""]}]: dispatch
2024-02-14T12:59:51.967 INFO:journalctl@ceph.mon.a.smithi012.stdout:Feb 14 12:59:51 smithi012 ceph-mon[32370]: mgrmap e12: x(active, since 2s)
2024-02-14T12:59:51.967 INFO:journalctl@ceph.mon.a.smithi012.stdout:Feb 14 12:59:51 smithi012 ceph-mon[32370]: from='mgr.14148 172.21.15.12:0/3044730930' entity='mgr.x'
2024-02-14T12:59:51.967 INFO:journalctl@ceph.mon.a.smithi012.stdout:Feb 14 12:59:51 smithi012 ceph-mon[32370]: from='mgr.14148 172.21.15.12:0/3044730930' entity='mgr.x'
2024-02-14T12:59:51.967 INFO:journalctl@ceph.mon.a.smithi012.stdout:Feb 14 12:59:51 smithi012 ceph-mon[32370]: from='mgr.14148 172.21.15.12:0/3044730930' entity='mgr.x'
2024-02-14T12:59:52.967 INFO:journalctl@ceph.mon.a.smithi012.stdout:Feb 14 12:59:52 smithi012 ceph-mon[32370]: from='client.14162 -' entity='client.admin' cmd=[{"prefix": "dashboard ac-user-create", "username": "admin", "rolename": "administrator", "force_password": true, "pwd_update_required": true, "target": ["mon-mgr", ""]}]: dispatch
2024-02-14T12:59:52.967 INFO:journalctl@ceph.mon.a.smithi012.stdout:Feb 14 12:59:52 smithi012 ceph-mon[32370]: from='mgr.14148 172.21.15.12:0/3044730930' entity='mgr.x'
2024-02-14T12:59:52.987 INFO:teuthology.orchestra.run.smithi012.stdout:/usr/bin/ceph: stdout {"username": "admin", "password": "$2b$12$/hrP26P7GhmEXsn0vJ7kCeUefucXOJmU6vEyUEau3Tw1v.bR8K13u", "roles": ["administrator"], "name": null, "email": null, "lastUpdate": 1707915592, "enabled": true, "pwdExpirationDate": null, "pwdUpdateRequired": true}
2024-02-14T12:59:52.987 INFO:teuthology.orchestra.run.smithi012.stdout:/usr/bin/ceph: stderr
2024-02-14T12:59:51.814+0000 7f54c1f9c700 1 Processor -- start
2024-02-14T12:59:52.987 INFO:teuthology.orchestra.run.smithi012.stdout:/usr/bin/ceph: stderr
2024-02-14T12:59:51.815+0000 7f54c1f9c700 1 -- start start
2024-02-14T12:59:52.987 INFO:teuthology.orchestra.run.smithi012.stdout:/usr/bin/ceph: stderr
2024-02-14T12:59:51.815+0000 7f54c1f9c700 1 --2- >> [v2:172.21.15.12:3300/0,v1:172.21.15.12:6789/0] conn(0x7f54bc1065b0 0x7f54bc1069d0 unknown :-1 s=NONE pgs=0 cs=0 l=0 rev1=0 crypto rx=0 tx=0 comp rx=0 tx=0).connect
2024-02-14T12:59:52.987 INFO:teuthology.orchestra.run.smithi012.stdout:/usr/bin/ceph: stderr
2024-02-14T12:59:51.815+0000 7f54c1f9c700 1 -- --> [v2:172.21.15.12:3300/0,v1:172.21.15.12:6789/0] -- mon_getmap magic: 0 v1 -- 0x7f54bc106fa0 con 0x7f54bc1065b0
2024-02-14T12:59:52.987 INFO:teuthology.orchestra.run.smithi012.stdout:/usr/bin/ceph: stderr
2024-02-14T12:59:51.815+0000 7f54bb7fe700 1 --2- >> [v2:172.21.15.12:3300/0,v1:172.21.15.12:6789/0] conn(0x7f54bc1065b0 0x7f54bc1069d0 unknown :-1 s=BANNER_CONNECTING pgs=0 cs=0 l=0 rev1=0 crypto rx=0 tx=0 comp rx=0 tx=0)._handle_peer_banner_payload supported=3 required=0
2024-02-14T12:59:52.987 INFO:teuthology.orchestra.run.smithi012.stdout:/usr/bin/ceph: stderr
2024-02-14T12:59:51.815+0000 7f54bb7fe700 1 --2- >> [v2:172.21.15.12:3300/0,v1:172.21.15.12:6789/0] conn(0x7f54bc1065b0 0x7f54bc1069d0 unknown :-1 s=HELLO_CONNECTING pgs=0 cs=0 l=0 rev1=1 crypto rx=0 tx=0 comp rx=0 tx=0).handle_hello peer v2:172.21.15.12:3300/0 says I am v2:172.21.15.12:48574/0 (socket says 172.21.15.12:48574)
2024-02-14T12:59:52.987 INFO:teuthology.orchestra.run.smithi012.stdout:/usr/bin/ceph: stderr
2024-02-14T12:59:51.815+0000 7f54bb7fe700 1 -- 172.21.15.12:0/4007857527 learned_addr learned my addr 172.21.15.12:0/4007857527 (peer_addr_for_me v2:172.21.15.12:0/0)
2024-02-14T12:59:52.987 INFO:teuthology.orchestra.run.smithi012.stdout:/usr/bin/ceph: stderr
2024-02-14T12:59:51.815+0000 7f54bb7fe700 1 -- 172.21.15.12:0/4007857527 --> [v2:172.21.15.12:3300/0,v1:172.21.15.12:6789/0] -- mon_subscribe({config=0+,monmap=0+}) v3 -- 0x7f54bc1077b0 con 0x7f54bc1065b0
2024-02-14T12:59:52.987 INFO:teuthology.orchestra.run.smithi012.stdout:/usr/bin/ceph: stderr
2024-02-14T12:59:51.815+0000 7f54bb7fe700 1 --2- 172.21.15.12:0/4007857527 >> [v2:172.21.15.12:3300/0,v1:172.21.15.12:6789/0] conn(0x7f54bc1065b0 0x7f54bc1069d0 secure :-1 s=READY pgs=68 cs=0 l=1 rev1=1 crypto rx=0x7f54ac00bb40 tx=0x7f54ac00be50 comp rx=0 tx=0).ready entity=mon.0 client_cookie=5c58621a6bc1507b server_cookie=0 in_seq=0 out_seq=0
2024-02-14T12:59:52.987 INFO:teuthology.orchestra.run.smithi012.stdout:/usr/bin/ceph: stderr
2024-02-14T12:59:51.815+0000 7f54ba7fc700 1 -- 172.21.15.12:0/4007857527 <== mon.0 v2:172.21.15.12:3300/0 1 ==== mon_map magic: 0 v1 ==== 205+0+0 (secure 0 0 0) 0x7f54ac00dbe0 con 0x7f54bc1065b0
2024-02-14T12:59:52.987 INFO:teuthology.orchestra.run.smithi012.stdout:/usr/bin/ceph: stderr
2024-02-14T12:59:51.816+0000 7f54ba7fc700 1 -- 172.21.15.12:0/4007857527 <== mon.0 v2:172.21.15.12:3300/0 2 ==== config(27 keys) v1 ==== 1140+0+0 (secure 0 0 0) 0x7f54ac004510 con 0x7f54bc1065b0
2024-02-14T12:59:52.987 INFO:teuthology.orchestra.run.smithi012.stdout:/usr/bin/ceph: stderr
2024-02-14T12:59:51.816+0000 7f54ba7fc700 1 -- 172.21.15.12:0/4007857527 <== mon.0 v2:172.21.15.12:3300/0 3 ==== mon_map magic: 0 v1 ==== 205+0+0 (secure 0 0 0) 0x7f54ac010470 con 0x7f54bc1065b0
2024-02-14T12:59:52.988 INFO:teuthology.orchestra.run.smithi012.stdout:/usr/bin/ceph: stderr
2024-02-14T12:59:51.816+0000 7f54c1f9c700 1 -- 172.21.15.12:0/4007857527 >> [v2:172.21.15.12:3300/0,v1:172.21.15.12:6789/0] conn(0x7f54bc1065b0 msgr2=0x7f54bc1069d0 secure :-1 s=STATE_CONNECTION_ESTABLISHED l=1).mark_down
2024-02-14T12:59:52.988 INFO:teuthology.orchestra.run.smithi012.stdout:/usr/bin/ceph: stderr
2024-02-14T12:59:51.816+0000 7f54c1f9c700 1 --2- 172.21.15.12:0/4007857527 >> [v2:172.21.15.12:3300/0,v1:172.21.15.12:6789/0] conn(0x7f54bc1065b0 0x7f54bc1069d0 secure :-1 s=READY pgs=68 cs=0 l=1 rev1=1 crypto rx=0x7f54ac00bb40 tx=0x7f54ac00be50 comp rx=0 tx=0).stop
2024-02-14T12:59:52.988 INFO:teuthology.orchestra.run.smithi012.stdout:/usr/bin/ceph: stderr
2024-02-14T12:59:51.816+0000 7f54c1f9c700 1 -- 172.21.15.12:0/4007857527 shutdown_connections
2024-02-14T12:59:52.988 INFO:teuthology.orchestra.run.smithi012.stdout:/usr/bin/ceph: stderr
2024-02-14T12:59:51.816+0000 7f54c1f9c700 1 --2- 172.21.15.12:0/4007857527 >> [v2:172.21.15.12:3300/0,v1:172.21.15.12:6789/0] conn(0x7f54bc1065b0 0x7f54bc1069d0 unknown :-1 s=CLOSED pgs=68 cs=0 l=1 rev1=1 crypto rx=0 tx=0 comp rx=0 tx=0).stop
2024-02-14T12:59:52.988 INFO:teuthology.orchestra.run.smithi012.stdout:/usr/bin/ceph: stderr
2024-02-14T12:59:51.816+0000 7f54c1f9c700 1 -- 172.21.15.12:0/4007857527 >> 172.21.15.12:0/4007857527 conn(0x7f54bc101bd0 msgr2=0x7f54bc103ff0 unknown :-1 s=STATE_NONE l=0).mark_down
2024-02-14T12:59:52.988 INFO:teuthology.orchestra.run.smithi012.stdout:/usr/bin/ceph: stderr
2024-02-14T12:59:51.816+0000 7f54c1f9c700 1 -- 172.21.15.12:0/4007857527 shutdown_connections
2024-02-14T12:59:52.988 INFO:teuthology.orchestra.run.smithi012.stdout:/usr/bin/ceph: stderr
2024-02-14T12:59:51.816+0000 7f54c1f9c700 1 -- 172.21.15.12:0/4007857527 wait complete.
2024-02-14T12:59:52.988 INFO:teuthology.orchestra.run.smithi012.stdout:/usr/bin/ceph: stderr
2024-02-14T12:59:51.817+0000 7f54c1f9c700 1 Processor -- start
2024-02-14T12:59:52.988 INFO:teuthology.orchestra.run.smithi012.stdout:/usr/bin/ceph: stderr
2024-02-14T12:59:51.817+0000 7f54c1f9c700 1 -- start start
2024-02-14T12:59:52.988 INFO:teuthology.orchestra.run.smithi012.stdout:/usr/bin/ceph: stderr
2024-02-14T12:59:51.817+0000 7f54c1f9c700 1 --2- >> [v2:172.21.15.12:3300/0,v1:172.21.15.12:6789/0] conn(0x7f54bc1065b0 0x7f54bc19d640 unknown :-1 s=NONE pgs=0 cs=0 l=1 rev1=0 crypto rx=0 tx=0 comp rx=0 tx=0).connect
2024-02-14T12:59:52.988 INFO:teuthology.orchestra.run.smithi012.stdout:/usr/bin/ceph: stderr
2024-02-14T12:59:51.817+0000 7f54c1f9c700 1 -- --> [v2:172.21.15.12:3300/0,v1:172.21.15.12:6789/0] -- mon_getmap magic: 0 v1 -- 0x7f54bc19db80 con 0x7f54bc1065b0
2024-02-14T12:59:52.988 INFO:teuthology.orchestra.run.smithi012.stdout:/usr/bin/ceph: stderr
2024-02-14T12:59:51.817+0000 7f54bb7fe700 1 --2- >> [v2:172.21.15.12:3300/0,v1:172.21.15.12:6789/0] conn(0x7f54bc1065b0 0x7f54bc19d640 unknown :-1 s=BANNER_CONNECTING pgs=0 cs=0 l=1 rev1=0 crypto rx=0 tx=0 comp rx=0 tx=0)._handle_peer_banner_payload supported=3 required=0
2024-02-14T12:59:52.988 INFO:teuthology.orchestra.run.smithi012.stdout:/usr/bin/ceph: stderr
2024-02-14T12:59:51.817+0000 7f54bb7fe700 1 --2- >> [v2:172.21.15.12:3300/0,v1:172.21.15.12:6789/0] conn(0x7f54bc1065b0 0x7f54bc19d640 unknown :-1 s=HELLO_CONNECTING pgs=0 cs=0 l=1 rev1=1 crypto rx=0 tx=0 comp rx=0 tx=0).handle_hello peer v2:172.21.15.12:3300/0 says I am v2:172.21.15.12:48590/0 (socket says 172.21.15.12:48590)
2024-02-14T12:59:52.989 INFO:teuthology.orchestra.run.smithi012.stdout:/usr/bin/ceph: stderr
2024-02-14T12:59:51.817+0000 7f54bb7fe700 1 -- 172.21.15.12:0/6564222 learned_addr learned my addr 172.21.15.12:0/6564222 (peer_addr_for_me v2:172.21.15.12:0/0)
2024-02-14T12:59:52.989 INFO:teuthology.orchestra.run.smithi012.stdout:/usr/bin/ceph: stderr
2024-02-14T12:59:51.817+0000 7f54bb7fe700 1 -- 172.21.15.12:0/6564222 --> [v2:172.21.15.12:3300/0,v1:172.21.15.12:6789/0] -- mon_subscribe({config=0+,monmap=0+}) v3 -- 0x7f54ac00b7f0 con 0x7f54bc1065b0
2024-02-14T12:59:52.989 INFO:teuthology.orchestra.run.smithi012.stdout:/usr/bin/ceph: stderr
2024-02-14T12:59:51.818+0000 7f54bb7fe700 1 --2- 172.21.15.12:0/6564222 >> [v2:172.21.15.12:3300/0,v1:172.21.15.12:6789/0] conn(0x7f54bc1065b0 0x7f54bc19d640 secure :-1 s=READY pgs=69 cs=0 l=1 rev1=1 crypto rx=0x7f54ac006fa0 tx=0x7f54ac003d40 comp rx=0 tx=0).ready entity=mon.0 client_cookie=0 server_cookie=0 in_seq=0 out_seq=0
2024-02-14T12:59:52.989 INFO:teuthology.orchestra.run.smithi012.stdout:/usr/bin/ceph: stderr
2024-02-14T12:59:51.818+0000 7f54b8ff9700 1 -- 172.21.15.12:0/6564222 <== mon.0 v2:172.21.15.12:3300/0 1 ==== mon_map magic: 0 v1 ==== 205+0+0 (secure 0 0 0) 0x7f54ac004230 con 0x7f54bc1065b0
2024-02-14T12:59:52.989 INFO:teuthology.orchestra.run.smithi012.stdout:/usr/bin/ceph: stderr
2024-02-14T12:59:51.818+0000 7f54c1f9c700 1 -- 172.21.15.12:0/6564222 --> [v2:172.21.15.12:3300/0,v1:172.21.15.12:6789/0] -- mon_subscribe({mgrmap=0+}) v3 -- 0x7f54bc19dd80 con 0x7f54bc1065b0
2024-02-14T12:59:52.989 INFO:teuthology.orchestra.run.smithi012.stdout:/usr/bin/ceph: stderr
2024-02-14T12:59:51.818+0000 7f54b8ff9700 1 -- 172.21.15.12:0/6564222 <== mon.0 v2:172.21.15.12:3300/0 2 ==== config(27 keys) v1 ==== 1140+0+0 (secure 0 0 0) 0x7f54ac004390 con 0x7f54bc1065b0
2024-02-14T12:59:52.989 INFO:teuthology.orchestra.run.smithi012.stdout:/usr/bin/ceph: stderr
2024-02-14T12:59:51.818+0000 7f54b8ff9700 1 -- 172.21.15.12:0/6564222 <== mon.0 v2:172.21.15.12:3300/0 3 ==== mon_map magic: 0 v1 ==== 205+0+0 (secure 0 0 0) 0x7f54ac019c40 con 0x7f54bc1065b0
2024-02-14T12:59:52.989 INFO:teuthology.orchestra.run.smithi012.stdout:/usr/bin/ceph: stderr
2024-02-14T12:59:51.818+0000 7f54c1f9c700 1 -- 172.21.15.12:0/6564222 --> [v2:172.21.15.12:3300/0,v1:172.21.15.12:6789/0] -- mon_subscribe({osdmap=0}) v3 -- 0x7f54bc19e1c0 con 0x7f54bc1065b0
2024-02-14T12:59:52.989 INFO:teuthology.orchestra.run.smithi012.stdout:/usr/bin/ceph: stderr
2024-02-14T12:59:51.819+0000 7f54b8ff9700 1 -- 172.21.15.12:0/6564222 <== mon.0 v2:172.21.15.12:3300/0 4 ==== mgrmap(e 12) v1 ==== 45945+0+0 (secure 0 0 0) 0x7f54ac010730 con 0x7f54bc1065b0
2024-02-14T12:59:52.989 INFO:teuthology.orchestra.run.smithi012.stdout:/usr/bin/ceph: stderr
2024-02-14T12:59:51.819+0000 7f54c1f9c700 1 -- 172.21.15.12:0/6564222 --> [v2:172.21.15.12:3300/0,v1:172.21.15.12:6789/0] -- mon_command({"prefix": "get_command_descriptions"} v 0) v1 -- 0x7f54bc079fe0 con 0x7f54bc1065b0
2024-02-14T12:59:52.989 INFO:teuthology.orchestra.run.smithi012.stdout:/usr/bin/ceph: stderr
2024-02-14T12:59:51.819+0000 7f54b8ff9700 1 --2- 172.21.15.12:0/6564222 >> [v2:172.21.15.12:6800/1684027624,v1:172.21.15.12:6801/1684027624] conn(0x7f54a4038ee0 0x7f54a403b3a0 unknown :-1 s=NONE pgs=0 cs=0 l=1 rev1=0 crypto rx=0 tx=0 comp rx=0 tx=0).connect
2024-02-14T12:59:52.989 INFO:teuthology.orchestra.run.smithi012.stdout:/usr/bin/ceph: stderr
2024-02-14T12:59:51.819+0000 7f54b8ff9700 1 -- 172.21.15.12:0/6564222 <== mon.0 v2:172.21.15.12:3300/0 5 ==== osd_map(3..3 src has 1..3) v4 ==== 1155+0+0 (secure 0 0 0) 0x7f54ac04d2c0 con 0x7f54bc1065b0
2024-02-14T12:59:52.989 INFO:teuthology.orchestra.run.smithi012.stdout:/usr/bin/ceph: stderr
2024-02-14T12:59:51.819+0000 7f54baffd700 1 --2- 172.21.15.12:0/6564222 >> [v2:172.21.15.12:6800/1684027624,v1:172.21.15.12:6801/1684027624] conn(0x7f54a4038ee0 0x7f54a403b3a0 unknown :-1 s=BANNER_CONNECTING pgs=0 cs=0 l=1 rev1=0 crypto rx=0 tx=0 comp rx=0 tx=0)._handle_peer_banner_payload supported=3 required=0
2024-02-14T12:59:52.989 INFO:teuthology.orchestra.run.smithi012.stdout:/usr/bin/ceph: stderr
2024-02-14T12:59:51.819+0000 7f54baffd700 1 --2- 172.21.15.12:0/6564222 >> [v2:172.21.15.12:6800/1684027624,v1:172.21.15.12:6801/1684027624] conn(0x7f54a4038ee0 0x7f54a403b3a0 secure :-1 s=READY pgs=8 cs=0 l=1 rev1=1 crypto rx=0x7f54b0006fd0 tx=0x7f54b0006e40 comp rx=0 tx=0).ready entity=mgr.14148 client_cookie=0 server_cookie=0 in_seq=0 out_seq=0
2024-02-14T12:59:52.990 INFO:teuthology.orchestra.run.smithi012.stdout:/usr/bin/ceph: stderr
2024-02-14T12:59:51.824+0000 7f54b8ff9700 1 -- 172.21.15.12:0/6564222 <== mon.0 v2:172.21.15.12:3300/0 6 ==== mon_command_ack([{"prefix": "get_command_descriptions"}]=0 v0) v1 ==== 72+0+183564 (secure 0 0 0) 0x7f54ac0193f0 con 0x7f54bc1065b0
2024-02-14T12:59:52.990 INFO:teuthology.orchestra.run.smithi012.stdout:/usr/bin/ceph: stderr
2024-02-14T12:59:52.060+0000 7f54c1f9c700 1 -- 172.21.15.12:0/6564222 --> [v2:172.21.15.12:6800/1684027624,v1:172.21.15.12:6801/1684027624] -- mgr_command(tid 0: {"prefix": "dashboard ac-user-create", "username": "admin", "rolename": "administrator", "force_password": true, "pwd_update_required": true, "target": ["mon-mgr", ""]}) v1 -- 0x7f54bc1a0bc0 con 0x7f54a4038ee0
2024-02-14T12:59:52.990 INFO:teuthology.orchestra.run.smithi012.stdout:/usr/bin/ceph: stderr
2024-02-14T12:59:52.309+0000 7f54b8ff9700 1 -- 172.21.15.12:0/6564222 <== mgr.14148 v2:172.21.15.12:6800/1684027624 1 ==== mgr_command_reply(tid 0: 0 ) v1 ==== 8+0+252 (secure 0 0 0) 0x7f54bc1a0bc0 con 0x7f54a4038ee0
2024-02-14T12:59:52.990 INFO:teuthology.orchestra.run.smithi012.stdout:/usr/bin/ceph: stderr
2024-02-14T12:59:52.312+0000 7f54c1f9c700 1 -- 172.21.15.12:0/6564222 >> [v2:172.21.15.12:6800/1684027624,v1:172.21.15.12:6801/1684027624] conn(0x7f54a4038ee0 msgr2=0x7f54a403b3a0 secure :-1 s=STATE_CONNECTION_ESTABLISHED l=1).mark_down
2024-02-14T12:59:52.990 INFO:teuthology.orchestra.run.smithi012.stdout:/usr/bin/ceph: stderr
2024-02-14T12:59:52.312+0000 7f54c1f9c700 1 --2- 172.21.15.12:0/6564222 >> [v2:172.21.15.12:6800/1684027624,v1:172.21.15.12:6801/1684027624] conn(0x7f54a4038ee0 0x7f54a403b3a0 secure :-1 s=READY pgs=8 cs=0 l=1 rev1=1 crypto rx=0x7f54b0006fd0 tx=0x7f54b0006e40 comp rx=0 tx=0).stop
2024-02-14T12:59:52.990 INFO:teuthology.orchestra.run.smithi012.stdout:/usr/bin/ceph: stderr
2024-02-14T12:59:52.312+0000 7f54c1f9c700 1 -- 172.21.15.12:0/6564222 >> [v2:172.21.15.12:3300/0,v1:172.21.15.12:6789/0] conn(0x7f54bc1065b0 msgr2=0x7f54bc19d640 secure :-1 s=STATE_CONNECTION_ESTABLISHED l=1).mark_down
2024-02-14T12:59:52.990 INFO:teuthology.orchestra.run.smithi012.stdout:/usr/bin/ceph: stderr
2024-02-14T12:59:52.312+0000 7f54c1f9c700 1 --2- 172.21.15.12:0/6564222 >> [v2:172.21.15.12:3300/0,v1:172.21.15.12:6789/0] conn(0x7f54bc1065b0 0x7f54bc19d640 secure :-1 s=READY pgs=69 cs=0 l=1 rev1=1 crypto rx=0x7f54ac006fa0 tx=0x7f54ac003d40 comp rx=0 tx=0).stop
2024-02-14T12:59:52.990 INFO:teuthology.orchestra.run.smithi012.stdout:/usr/bin/ceph: stderr
2024-02-14T12:59:52.312+0000 7f54c1f9c700 1 -- 172.21.15.12:0/6564222 shutdown_connections
2024-02-14T12:59:52.990 INFO:teuthology.orchestra.run.smithi012.stdout:/usr/bin/ceph: stderr
2024-02-14T12:59:52.312+0000 7f54c1f9c700 1 --2- 172.21.15.12:0/6564222 >> [v2:172.21.15.12:6800/1684027624,v1:172.21.15.12:6801/1684027624] conn(0x7f54a4038ee0 0x7f54a403b3a0 unknown :-1 s=CLOSED pgs=8 cs=0 l=1 rev1=1 crypto rx=0 tx=0 comp rx=0 tx=0).stop
2024-02-14T12:59:52.990 INFO:teuthology.orchestra.run.smithi012.stdout:/usr/bin/ceph: stderr
2024-02-14T12:59:52.312+0000 7f54c1f9c700 1 --2- 172.21.15.12:0/6564222 >> [v2:172.21.15.12:3300/0,v1:172.21.15.12:6789/0] conn(0x7f54bc1065b0 0x7f54bc19d640 unknown :-1 s=CLOSED pgs=69 cs=0 l=1 rev1=1 crypto rx=0 tx=0 comp rx=0 tx=0).stop
2024-02-14T12:59:52.990 INFO:teuthology.orchestra.run.smithi012.stdout:/usr/bin/ceph: stderr
2024-02-14T12:59:52.312+0000 7f54c1f9c700 1 -- 172.21.15.12:0/6564222 >> 172.21.15.12:0/6564222 conn(0x7f54bc101bd0 msgr2=0x7f54bc18f9d0 unknown :-1 s=STATE_NONE l=0).mark_down
2024-02-14T12:59:52.990 INFO:teuthology.orchestra.run.smithi012.stdout:/usr/bin/ceph: stderr
2024-02-14T12:59:52.312+0000 7f54c1f9c700 1 -- 172.21.15.12:0/6564222 shutdown_connections
2024-02-14T12:59:52.990 INFO:teuthology.orchestra.run.smithi012.stdout:/usr/bin/ceph: stderr
2024-02-14T12:59:52.312+0000 7f54c1f9c700 1 -- 172.21.15.12:0/6564222 wait complete.
2024-02-14T12:59:52.990 INFO:teuthology.orchestra.run.smithi012.stdout:Fetching dashboard port number...
2024-02-14T12:59:54.581 INFO:journalctl@ceph.mon.a.smithi012.stdout:Feb 14 12:59:54 smithi012 ceph-mon[32370]: from='client.? 172.21.15.12:0/4193035946' entity='client.admin' cmd=[{"prefix": "config get", "who": "mgr", "key": "mgr/dashboard/ssl_server_port"}]: dispatch
2024-02-14T12:59:54.590 INFO:teuthology.orchestra.run.smithi012.stdout:/usr/bin/ceph: stdout 8443
2024-02-14T12:59:54.590 INFO:teuthology.orchestra.run.smithi012.stdout:/usr/bin/ceph: stderr
2024-02-14T12:59:53.404+0000 7fd2ec4a0700 1 Processor -- start
2024-02-14T12:59:54.590 INFO:teuthology.orchestra.run.smithi012.stdout:/usr/bin/ceph: stderr
2024-02-14T12:59:53.404+0000 7fd2ec4a0700 1 -- start start
2024-02-14T12:59:54.590 INFO:teuthology.orchestra.run.smithi012.stdout:/usr/bin/ceph: stderr
2024-02-14T12:59:53.404+0000 7fd2ec4a0700 1 --2- >> [v2:172.21.15.12:3300/0,v1:172.21.15.12:6789/0] conn(0x7fd2e4106590 0x7fd2e41069b0 unknown :-1 s=NONE pgs=0 cs=0 l=0 rev1=0 crypto rx=0 tx=0 comp rx=0 tx=0).connect
2024-02-14T12:59:54.590 INFO:teuthology.orchestra.run.smithi012.stdout:/usr/bin/ceph: stderr
2024-02-14T12:59:53.404+0000 7fd2ec4a0700 1 -- --> [v2:172.21.15.12:3300/0,v1:172.21.15.12:6789/0] -- mon_getmap magic: 0 v1 -- 0x7fd2e4106f80 con 0x7fd2e4106590
2024-02-14T12:59:54.590 INFO:teuthology.orchestra.run.smithi012.stdout:/usr/bin/ceph: stderr
2024-02-14T12:59:53.405+0000 7fd2ea23c700 1 --2- >> [v2:172.21.15.12:3300/0,v1:172.21.15.12:6789/0] conn(0x7fd2e4106590 0x7fd2e41069b0 unknown :-1 s=BANNER_CONNECTING pgs=0 cs=0 l=0 rev1=0 crypto rx=0 tx=0 comp rx=0 tx=0)._handle_peer_banner_payload supported=3 required=0
2024-02-14T12:59:54.591 INFO:teuthology.orchestra.run.smithi012.stdout:/usr/bin/ceph: stderr
2024-02-14T12:59:53.405+0000 7fd2ea23c700 1 --2- >> [v2:172.21.15.12:3300/0,v1:172.21.15.12:6789/0] conn(0x7fd2e4106590 0x7fd2e41069b0 unknown :-1 s=HELLO_CONNECTING pgs=0 cs=0 l=0 rev1=1 crypto rx=0 tx=0 comp rx=0 tx=0).handle_hello peer v2:172.21.15.12:3300/0 says I am v2:172.21.15.12:48604/0 (socket says 172.21.15.12:48604)
2024-02-14T12:59:54.591 INFO:teuthology.orchestra.run.smithi012.stdout:/usr/bin/ceph: stderr
2024-02-14T12:59:53.405+0000 7fd2ea23c700 1 -- 172.21.15.12:0/1330981695 learned_addr learned my addr 172.21.15.12:0/1330981695 (peer_addr_for_me v2:172.21.15.12:0/0)
2024-02-14T12:59:54.591 INFO:teuthology.orchestra.run.smithi012.stdout:/usr/bin/ceph: stderr
2024-02-14T12:59:53.405+0000 7fd2ea23c700 1 -- 172.21.15.12:0/1330981695 --> [v2:172.21.15.12:3300/0,v1:172.21.15.12:6789/0] -- mon_subscribe({config=0+,monmap=0+}) v3 -- 0x7fd2e4107790 con 0x7fd2e4106590
2024-02-14T12:59:54.591 INFO:teuthology.orchestra.run.smithi012.stdout:/usr/bin/ceph: stderr
2024-02-14T12:59:53.405+0000 7fd2ea23c700 1 --2- 172.21.15.12:0/1330981695 >> [v2:172.21.15.12:3300/0,v1:172.21.15.12:6789/0] conn(0x7fd2e4106590 0x7fd2e41069b0 secure :-1 s=READY pgs=70 cs=0 l=1 rev1=1 crypto rx=0x7fd2d40098a0 tx=0x7fd2d4009bb0 comp rx=0 tx=0).ready entity=mon.0 client_cookie=917d6c44bcaafbba server_cookie=0 in_seq=0 out_seq=0
2024-02-14T12:59:54.591 INFO:teuthology.orchestra.run.smithi012.stdout:/usr/bin/ceph: stderr
2024-02-14T12:59:53.405+0000 7fd2e923a700 1 -- 172.21.15.12:0/1330981695 <== mon.0 v2:172.21.15.12:3300/0 1 ==== mon_map magic: 0 v1 ==== 205+0+0 (secure 0 0 0) 0x7fd2d4004160 con 0x7fd2e4106590
2024-02-14T12:59:54.591 INFO:teuthology.orchestra.run.smithi012.stdout:/usr/bin/ceph: stderr
2024-02-14T12:59:53.405+0000 7fd2e923a700 1 -- 172.21.15.12:0/1330981695 <== mon.0 v2:172.21.15.12:3300/0 2 ==== config(27 keys) v1 ==== 1140+0+0 (secure 0 0 0) 0x7fd2d40042c0 con 0x7fd2e4106590
2024-02-14T12:59:54.591 INFO:teuthology.orchestra.run.smithi012.stdout:/usr/bin/ceph: stderr
2024-02-14T12:59:53.405+0000 7fd2e923a700 1 -- 172.21.15.12:0/1330981695 <== mon.0 v2:172.21.15.12:3300/0 3 ==== mon_map magic: 0 v1 ==== 205+0+0 (secure 0 0 0) 0x7fd2d4011a80 con 0x7fd2e4106590
2024-02-14T12:59:54.591 INFO:teuthology.orchestra.run.smithi012.stdout:/usr/bin/ceph: stderr
2024-02-14T12:59:53.406+0000 7fd2ec4a0700 1 -- 172.21.15.12:0/1330981695 >> [v2:172.21.15.12:3300/0,v1:172.21.15.12:6789/0] conn(0x7fd2e4106590 msgr2=0x7fd2e41069b0 secure :-1 s=STATE_CONNECTION_ESTABLISHED l=1).mark_down
2024-02-14T12:59:54.591 INFO:teuthology.orchestra.run.smithi012.stdout:/usr/bin/ceph: stderr
2024-02-14T12:59:53.406+0000 7fd2ec4a0700 1 --2- 172.21.15.12:0/1330981695 >> [v2:172.21.15.12:3300/0,v1:172.21.15.12:6789/0] conn(0x7fd2e4106590 0x7fd2e41069b0 secure :-1 s=READY pgs=70 cs=0 l=1 rev1=1 crypto rx=0x7fd2d40098a0 tx=0x7fd2d4009bb0 comp rx=0 tx=0).stop
2024-02-14T12:59:54.591 INFO:teuthology.orchestra.run.smithi012.stdout:/usr/bin/ceph: stderr
2024-02-14T12:59:53.406+0000 7fd2ec4a0700 1 -- 172.21.15.12:0/1330981695 shutdown_connections
2024-02-14T12:59:54.591 INFO:teuthology.orchestra.run.smithi012.stdout:/usr/bin/ceph: stderr
2024-02-14T12:59:53.406+0000 7fd2ec4a0700 1 --2- 172.21.15.12:0/1330981695 >> [v2:172.21.15.12:3300/0,v1:172.21.15.12:6789/0] conn(0x7fd2e4106590 0x7fd2e41069b0 unknown :-1 s=CLOSED pgs=70 cs=0 l=1 rev1=1 crypto rx=0 tx=0 comp rx=0 tx=0).stop
2024-02-14T12:59:54.591 INFO:teuthology.orchestra.run.smithi012.stdout:/usr/bin/ceph: stderr
2024-02-14T12:59:53.406+0000 7fd2ec4a0700 1 -- 172.21.15.12:0/1330981695 >> 172.21.15.12:0/1330981695 conn(0x7fd2e4101b70 msgr2=0x7fd2e4103f90 unknown :-1 s=STATE_NONE l=0).mark_down
2024-02-14T12:59:54.591 INFO:teuthology.orchestra.run.smithi012.stdout:/usr/bin/ceph: stderr
2024-02-14T12:59:53.406+0000 7fd2ec4a0700 1 -- 172.21.15.12:0/1330981695 shutdown_connections
2024-02-14T12:59:54.591 INFO:teuthology.orchestra.run.smithi012.stdout:/usr/bin/ceph: stderr
2024-02-14T12:59:53.406+0000 7fd2ec4a0700 1 -- 172.21.15.12:0/1330981695 wait complete.
2024-02-14T12:59:54.592 INFO:teuthology.orchestra.run.smithi012.stdout:/usr/bin/ceph: stderr
2024-02-14T12:59:53.407+0000 7fd2ec4a0700 1 Processor -- start
2024-02-14T12:59:54.592 INFO:teuthology.orchestra.run.smithi012.stdout:/usr/bin/ceph: stderr
2024-02-14T12:59:53.407+0000 7fd2ec4a0700 1 -- start start
2024-02-14T12:59:54.592 INFO:teuthology.orchestra.run.smithi012.stdout:/usr/bin/ceph: stderr
2024-02-14T12:59:53.407+0000 7fd2ec4a0700 1 --2- >> [v2:172.21.15.12:3300/0,v1:172.21.15.12:6789/0] conn(0x7fd2e4106590 0x7fd2e4191700 unknown :-1 s=NONE pgs=0 cs=0 l=1 rev1=0 crypto rx=0 tx=0 comp rx=0 tx=0).connect
2024-02-14T12:59:54.592 INFO:teuthology.orchestra.run.smithi012.stdout:/usr/bin/ceph: stderr
2024-02-14T12:59:53.407+0000 7fd2ec4a0700 1 -- --> [v2:172.21.15.12:3300/0,v1:172.21.15.12:6789/0] -- mon_getmap magic: 0 v1 -- 0x7fd2e4191c40 con 0x7fd2e4106590
2024-02-14T12:59:54.592 INFO:teuthology.orchestra.run.smithi012.stdout:/usr/bin/ceph: stderr
2024-02-14T12:59:53.407+0000 7fd2ea23c700 1 --2- >> [v2:172.21.15.12:3300/0,v1:172.21.15.12:6789/0] conn(0x7fd2e4106590 0x7fd2e4191700 unknown :-1 s=BANNER_CONNECTING pgs=0 cs=0 l=1 rev1=0 crypto rx=0 tx=0 comp rx=0 tx=0)._handle_peer_banner_payload supported=3 required=0
2024-02-14T12:59:54.592 INFO:teuthology.orchestra.run.smithi012.stdout:/usr/bin/ceph: stderr
2024-02-14T12:59:53.407+0000 7fd2ea23c700 1 --2- >> [v2:172.21.15.12:3300/0,v1:172.21.15.12:6789/0] conn(0x7fd2e4106590 0x7fd2e4191700 unknown :-1 s=HELLO_CONNECTING pgs=0 cs=0 l=1 rev1=1 crypto rx=0 tx=0 comp rx=0 tx=0).handle_hello peer v2:172.21.15.12:3300/0 says I am v2:172.21.15.12:48612/0 (socket says 172.21.15.12:48612)
2024-02-14T12:59:54.592 INFO:teuthology.orchestra.run.smithi012.stdout:/usr/bin/ceph: stderr
2024-02-14T12:59:53.407+0000 7fd2ea23c700 1 -- 172.21.15.12:0/4193035946 learned_addr learned my addr 172.21.15.12:0/4193035946 (peer_addr_for_me v2:172.21.15.12:0/0)
2024-02-14T12:59:54.592 INFO:teuthology.orchestra.run.smithi012.stdout:/usr/bin/ceph: stderr
2024-02-14T12:59:53.407+0000 7fd2ea23c700 1 -- 172.21.15.12:0/4193035946 --> [v2:172.21.15.12:3300/0,v1:172.21.15.12:6789/0] -- mon_subscribe({config=0+,monmap=0+}) v3 -- 0x7fd2d4009550 con 0x7fd2e4106590
2024-02-14T12:59:54.592 INFO:teuthology.orchestra.run.smithi012.stdout:/usr/bin/ceph: stderr
2024-02-14T12:59:53.407+0000 7fd2ea23c700 1 --2- 172.21.15.12:0/4193035946 >> [v2:172.21.15.12:3300/0,v1:172.21.15.12:6789/0] conn(0x7fd2e4106590 0x7fd2e4191700 secure :-1 s=READY pgs=71 cs=0 l=1 rev1=1 crypto rx=0x7fd2d4011740 tx=0x7fd2d4011b00 comp rx=0 tx=0).ready entity=mon.0 client_cookie=0 server_cookie=0 in_seq=0 out_seq=0
2024-02-14T12:59:54.592 INFO:teuthology.orchestra.run.smithi012.stdout:/usr/bin/ceph: stderr
2024-02-14T12:59:53.408+0000 7fd2db7fe700 1 -- 172.21.15.12:0/4193035946 <== mon.0 v2:172.21.15.12:3300/0 1 ==== mon_map magic: 0 v1 ==== 205+0+0 (secure 0 0 0) 0x7fd2d40039e0 con 0x7fd2e4106590
2024-02-14T12:59:54.592 INFO:teuthology.orchestra.run.smithi012.stdout:/usr/bin/ceph: stderr
2024-02-14T12:59:53.408+0000 7fd2db7fe700 1 -- 172.21.15.12:0/4193035946 <== mon.0 v2:172.21.15.12:3300/0 2 ==== config(27 keys) v1 ==== 1140+0+0 (secure 0 0 0) 0x7fd2d4003b40 con 0x7fd2e4106590
2024-02-14T12:59:54.593 INFO:teuthology.orchestra.run.smithi012.stdout:/usr/bin/ceph: stderr
2024-02-14T12:59:53.408+0000 7fd2ec4a0700 1 -- 172.21.15.12:0/4193035946 --> [v2:172.21.15.12:3300/0,v1:172.21.15.12:6789/0] -- mon_subscribe({mgrmap=0+}) v3 -- 0x7fd2e418fe30 con 0x7fd2e4106590
2024-02-14T12:59:54.593 INFO:teuthology.orchestra.run.smithi012.stdout:/usr/bin/ceph: stderr
2024-02-14T12:59:53.408+0000 7fd2db7fe700 1 -- 172.21.15.12:0/4193035946 <== mon.0 v2:172.21.15.12:3300/0 3 ==== mon_map magic: 0 v1 ==== 205+0+0 (secure 0 0 0) 0x7fd2d4024740 con 0x7fd2e4106590
2024-02-14T12:59:54.593 INFO:teuthology.orchestra.run.smithi012.stdout:/usr/bin/ceph: stderr
2024-02-14T12:59:53.408+0000 7fd2ec4a0700 1 -- 172.21.15.12:0/4193035946 --> [v2:172.21.15.12:3300/0,v1:172.21.15.12:6789/0] -- mon_subscribe({osdmap=0}) v3 -- 0x7fd2e41902d0 con 0x7fd2e4106590
2024-02-14T12:59:54.593 INFO:teuthology.orchestra.run.smithi012.stdout:/usr/bin/ceph: stderr
2024-02-14T12:59:53.409+0000 7fd2db7fe700 1 -- 172.21.15.12:0/4193035946 <== mon.0 v2:172.21.15.12:3300/0 4 ==== mgrmap(e 12) v1 ==== 45945+0+0 (secure 0 0 0) 0x7fd2d401a430 con 0x7fd2e4106590
2024-02-14T12:59:54.593 INFO:teuthology.orchestra.run.smithi012.stdout:/usr/bin/ceph: stderr
2024-02-14T12:59:53.409+0000 7fd2ec4a0700 1 -- 172.21.15.12:0/4193035946 --> [v2:172.21.15.12:3300/0,v1:172.21.15.12:6789/0] -- mon_command({"prefix": "get_command_descriptions"} v 0) v1 -- 0x7fd2e410a9c0 con 0x7fd2e4106590
2024-02-14T12:59:54.593 INFO:teuthology.orchestra.run.smithi012.stdout:/usr/bin/ceph: stderr
2024-02-14T12:59:53.409+0000 7fd2db7fe700 1 --2- 172.21.15.12:0/4193035946 >> [v2:172.21.15.12:6800/1684027624,v1:172.21.15.12:6801/1684027624] conn(0x7fd2d0038f90 0x7fd2d003b450 unknown :-1 s=NONE pgs=0 cs=0 l=1 rev1=0 crypto rx=0 tx=0 comp rx=0 tx=0).connect
2024-02-14T12:59:54.593 INFO:teuthology.orchestra.run.smithi012.stdout:/usr/bin/ceph: stderr
2024-02-14T12:59:53.409+0000 7fd2db7fe700 1 -- 172.21.15.12:0/4193035946 <== mon.0 v2:172.21.15.12:3300/0 5 ==== osd_map(3..3 src has 1..3) v4 ==== 1155+0+0 (secure 0 0 0) 0x7fd2d404d240 con 0x7fd2e4106590
2024-02-14T12:59:54.593 INFO:teuthology.orchestra.run.smithi012.stdout:/usr/bin/ceph: stderr
2024-02-14T12:59:53.409+0000 7fd2e9a3b700 1 --2- 172.21.15.12:0/4193035946 >> [v2:172.21.15.12:6800/1684027624,v1:172.21.15.12:6801/1684027624] conn(0x7fd2d0038f90 0x7fd2d003b450 unknown :-1 s=BANNER_CONNECTING pgs=0 cs=0 l=1 rev1=0 crypto rx=0 tx=0 comp rx=0 tx=0)._handle_peer_banner_payload supported=3 required=0
2024-02-14T12:59:54.593 INFO:teuthology.orchestra.run.smithi012.stdout:/usr/bin/ceph: stderr
2024-02-14T12:59:53.410+0000 7fd2e9a3b700 1 --2- 172.21.15.12:0/4193035946 >> [v2:172.21.15.12:6800/1684027624,v1:172.21.15.12:6801/1684027624] conn(0x7fd2d0038f90 0x7fd2d003b450 secure :-1 s=READY pgs=9 cs=0 l=1 rev1=1 crypto rx=0x7fd2e0006fd0 tx=0x7fd2e0006e40 comp rx=0 tx=0).ready entity=mgr.14148 client_cookie=0 server_cookie=0 in_seq=0 out_seq=0
2024-02-14T12:59:54.593 INFO:teuthology.orchestra.run.smithi012.stdout:/usr/bin/ceph: stderr
2024-02-14T12:59:53.414+0000 7fd2db7fe700 1 -- 172.21.15.12:0/4193035946 <== mon.0 v2:172.21.15.12:3300/0 6 ==== mon_command_ack([{"prefix": "get_command_descriptions"}]=0 v0) v1 ==== 72+0+183564 (secure 0 0 0) 0x7fd2d4010380 con 0x7fd2e4106590
2024-02-14T12:59:54.593 INFO:teuthology.orchestra.run.smithi012.stdout:/usr/bin/ceph: stderr
2024-02-14T12:59:53.621+0000 7fd2ec4a0700 1 -- 172.21.15.12:0/4193035946 --> [v2:172.21.15.12:3300/0,v1:172.21.15.12:6789/0] -- mon_command({"prefix": "config get", "who": "mgr", "key": "mgr/dashboard/ssl_server_port"} v 0) v1 -- 0x7fd2e4195220 con 0x7fd2e4106590
2024-02-14T12:59:54.593 INFO:teuthology.orchestra.run.smithi012.stdout:/usr/bin/ceph: stderr
2024-02-14T12:59:53.621+0000 7fd2db7fe700 1 -- 172.21.15.12:0/4193035946 <== mon.0 v2:172.21.15.12:3300/0 7 ==== mon_command_ack([{"prefix": "config get", "who": "mgr", "key": "mgr/dashboard/ssl_server_port"}]=0 v8) v1 ==== 112+0+5 (secure 0 0 0) 0x7fd2d4018be0 con 0x7fd2e4106590
2024-02-14T12:59:54.593 INFO:teuthology.orchestra.run.smithi012.stdout:/usr/bin/ceph: stderr
2024-02-14T12:59:53.623+0000 7fd2ec4a0700 1 -- 172.21.15.12:0/4193035946 >> [v2:172.21.15.12:6800/1684027624,v1:172.21.15.12:6801/1684027624] conn(0x7fd2d0038f90 msgr2=0x7fd2d003b450 secure :-1 s=STATE_CONNECTION_ESTABLISHED l=1).mark_down
2024-02-14T12:59:54.593 INFO:teuthology.orchestra.run.smithi012.stdout:/usr/bin/ceph: stderr
2024-02-14T12:59:53.623+0000 7fd2ec4a0700 1 --2- 172.21.15.12:0/4193035946 >> [v2:172.21.15.12:6800/1684027624,v1:172.21.15.12:6801/1684027624] conn(0x7fd2d0038f90 0x7fd2d003b450 secure :-1 s=READY pgs=9 cs=0 l=1 rev1=1 crypto rx=0x7fd2e0006fd0 tx=0x7fd2e0006e40 comp rx=0 tx=0).stop
2024-02-14T12:59:54.594 INFO:teuthology.orchestra.run.smithi012.stdout:/usr/bin/ceph: stderr
2024-02-14T12:59:53.623+0000 7fd2ec4a0700 1 -- 172.21.15.12:0/4193035946 >> [v2:172.21.15.12:3300/0,v1:172.21.15.12:6789/0] conn(0x7fd2e4106590 msgr2=0x7fd2e4191700 secure :-1 s=STATE_CONNECTION_ESTABLISHED l=1).mark_down
2024-02-14T12:59:54.594 INFO:teuthology.orchestra.run.smithi012.stdout:/usr/bin/ceph: stderr
2024-02-14T12:59:53.623+0000 7fd2ec4a0700 1 --2- 172.21.15.12:0/4193035946 >> [v2:172.21.15.12:3300/0,v1:172.21.15.12:6789/0] conn(0x7fd2e4106590 0x7fd2e4191700 secure :-1 s=READY pgs=71 cs=0 l=1 rev1=1 crypto rx=0x7fd2d4011740 tx=0x7fd2d4011b00 comp rx=0 tx=0).stop
2024-02-14T12:59:54.594 INFO:teuthology.orchestra.run.smithi012.stdout:/usr/bin/ceph: stderr
2024-02-14T12:59:53.623+0000 7fd2ec4a0700 1 -- 172.21.15.12:0/4193035946 shutdown_connections
2024-02-14T12:59:54.594 INFO:teuthology.orchestra.run.smithi012.stdout:/usr/bin/ceph: stderr
2024-02-14T12:59:53.623+0000 7fd2ec4a0700 1 --2- 172.21.15.12:0/4193035946 >> [v2:172.21.15.12:6800/1684027624,v1:172.21.15.12:6801/1684027624] conn(0x7fd2d0038f90 0x7fd2d003b450 unknown :-1 s=CLOSED pgs=9 cs=0 l=1 rev1=1 crypto rx=0 tx=0 comp rx=0 tx=0).stop
2024-02-14T12:59:54.594 INFO:teuthology.orchestra.run.smithi012.stdout:/usr/bin/ceph: stderr
2024-02-14T12:59:53.623+0000 7fd2ec4a0700 1 --2- 172.21.15.12:0/4193035946 >> [v2:172.21.15.12:3300/0,v1:172.21.15.12:6789/0] conn(0x7fd2e4106590 0x7fd2e4191700 unknown :-1 s=CLOSED pgs=71 cs=0 l=1 rev1=1 crypto rx=0 tx=0 comp rx=0 tx=0).stop
2024-02-14T12:59:54.594 INFO:teuthology.orchestra.run.smithi012.stdout:/usr/bin/ceph: stderr
2024-02-14T12:59:53.623+0000 7fd2ec4a0700 1 -- 172.21.15.12:0/4193035946 >> 172.21.15.12:0/4193035946 conn(0x7fd2e4101b70 msgr2=0x7fd2e41029a0 unknown :-1 s=STATE_NONE l=0).mark_down
2024-02-14T12:59:54.594 INFO:teuthology.orchestra.run.smithi012.stdout:/usr/bin/ceph: stderr
2024-02-14T12:59:53.623+0000 7fd2ec4a0700 1 -- 172.21.15.12:0/4193035946 shutdown_connections
2024-02-14T12:59:54.594 INFO:teuthology.orchestra.run.smithi012.stdout:/usr/bin/ceph: stderr
2024-02-14T12:59:53.623+0000 7fd2ec4a0700 1 -- 172.21.15.12:0/4193035946 wait complete.
2024-02-14T12:59:54.598 INFO:teuthology.orchestra.run.smithi012.stdout:Non-zero exit code 1 from systemctl is-enabled firewalld.service
2024-02-14T12:59:54.598 INFO:teuthology.orchestra.run.smithi012.stdout:systemctl: stdout disabled
2024-02-14T12:59:54.606 INFO:teuthology.orchestra.run.smithi012.stdout:Non-zero exit code 3 from systemctl is-active firewalld.service
2024-02-14T12:59:54.606 INFO:teuthology.orchestra.run.smithi012.stdout:systemctl: stdout inactive
2024-02-14T12:59:54.606 INFO:teuthology.orchestra.run.smithi012.stdout:firewalld.service is not enabled
2024-02-14T12:59:54.607 INFO:teuthology.orchestra.run.smithi012.stdout:Not possible to open ports <[8443]>. firewalld.service is not available
2024-02-14T12:59:54.609 INFO:teuthology.orchestra.run.smithi012.stdout:Ceph Dashboard is now available at:
2024-02-14T12:59:54.609 INFO:teuthology.orchestra.run.smithi012.stdout:
2024-02-14T12:59:54.609 INFO:teuthology.orchestra.run.smithi012.stdout: URL: https://smithi012.front.sepia.ceph.com:8443/
