2024-02-14T12:59:27.583+0000 7f6e56a81700 1 --2- 172.21.15.12:0/1094527946 >> [v2:172.21.15.12:6800/955464513,v1:172.21.15.12:6801/955464513] conn(0x7f6e40038f30 0x7f6e4003b3f0 unknown :-1 s=CLOSED pgs=10 cs=0 l=1 rev1=1 crypto rx=0 tx=0 comp rx=0 tx=0).stop
2024-02-14T12:59:28.120 INFO:teuthology.orchestra.run.smithi012.stdout:/usr/bin/ceph: stderr
2024-02-14T12:59:27.583+0000 7f6e56a81700 1 --2- 172.21.15.12:0/1094527946 >> [v2:172.21.15.12:3300/0,v1:172.21.15.12:6789/0] conn(0x7f6e50106590 0x7f6e5019b460 unknown :-1 s=CLOSED pgs=40 cs=0 l=1 rev1=1 crypto rx=0 tx=0 comp rx=0 tx=0).stop
2024-02-14T12:59:28.120 INFO:teuthology.orchestra.run.smithi012.stdout:/usr/bin/ceph: stderr
2024-02-14T12:59:27.583+0000 7f6e56a81700 1 -- 172.21.15.12:0/1094527946 >> 172.21.15.12:0/1094527946 conn(0x7f6e50101b70 msgr2=0x7f6e50102a00 unknown :-1 s=STATE_NONE l=0).mark_down
2024-02-14T12:59:28.120 INFO:teuthology.orchestra.run.smithi012.stdout:/usr/bin/ceph: stderr
2024-02-14T12:59:27.583+0000 7f6e56a81700 1 -- 172.21.15.12:0/1094527946 shutdown_connections
2024-02-14T12:59:28.120 INFO:teuthology.orchestra.run.smithi012.stdout:/usr/bin/ceph: stderr
2024-02-14T12:59:27.583+0000 7f6e56a81700 1 -- 172.21.15.12:0/1094527946 wait complete.
2024-02-14T12:59:28.120 INFO:teuthology.orchestra.run.smithi012.stdout:Wrote public SSH key to /home/ubuntu/cephtest/ceph.pub
2024-02-14T12:59:28.120 INFO:teuthology.orchestra.run.smithi012.stdout:Adding key to root@localhost authorized_keys...
2024-02-14T12:59:28.120 INFO:teuthology.orchestra.run.smithi012.stdout:Adding host smithi012...
2024-02-14T12:59:28.717 INFO:journalctl@ceph.mon.a.smithi012.stdout:Feb 14 12:59:28 smithi012 ceph-mon[32370]: from='client.14134 -' entity='client.admin' cmd=[{"prefix": "cephadm get-pub-key", "target": ["mon-mgr", ""]}]: dispatch
2024-02-14T12:59:29.962 INFO:journalctl@ceph.mon.a.smithi012.stdout:Feb 14 12:59:29 smithi012 ceph-mon[32370]: from='client.14136 -' entity='client.admin' cmd=[{"prefix": "orch host add", "hostname": "smithi012", "addr": "172.21.15.12", "target": ["mon-mgr", ""]}]: dispatch
2024-02-14T12:59:29.963 INFO:journalctl@ceph.mon.a.smithi012.stdout:Feb 14 12:59:29 smithi012 ceph-mon[32370]: Deploying cephadm binary to smithi012
2024-02-14T12:59:33.773 INFO:teuthology.orchestra.run.smithi012.stdout:/usr/bin/ceph: stdout Added host 'smithi012' with addr '172.21.15.12'
2024-02-14T12:59:33.774 INFO:teuthology.orchestra.run.smithi012.stdout:/usr/bin/ceph: stderr
2024-02-14T12:59:28.549+0000 7fb1f10cb700 1 Processor -- start
2024-02-14T12:59:33.774 INFO:teuthology.orchestra.run.smithi012.stdout:/usr/bin/ceph: stderr
2024-02-14T12:59:28.549+0000 7fb1f10cb700 1 -- start start
2024-02-14T12:59:33.774 INFO:teuthology.orchestra.run.smithi012.stdout:/usr/bin/ceph: stderr
2024-02-14T12:59:28.550+0000 7fb1f10cb700 1 --2- >> [v2:172.21.15.12:3300/0,v1:172.21.15.12:6789/0] conn(0x7fb1ec108100 0x7fb1ec10a4f0 unknown :-1 s=NONE pgs=0 cs=0 l=0 rev1=0 crypto rx=0 tx=0 comp rx=0 tx=0).connect
2024-02-14T12:59:33.774 INFO:teuthology.orchestra.run.smithi012.stdout:/usr/bin/ceph: stderr
2024-02-14T12:59:28.550+0000 7fb1f10cb700 1 -- --> [v2:172.21.15.12:3300/0,v1:172.21.15.12:6789/0] -- mon_getmap magic: 0 v1 -- 0x7fb1ec075520 con 0x7fb1ec108100
2024-02-14T12:59:33.774 INFO:teuthology.orchestra.run.smithi012.stdout:/usr/bin/ceph: stderr
2024-02-14T12:59:28.550+0000 7fb1ead9d700 1 --2- >> [v2:172.21.15.12:3300/0,v1:172.21.15.12:6789/0] conn(0x7fb1ec108100 0x7fb1ec10a4f0 unknown :-1 s=BANNER_CONNECTING pgs=0 cs=0 l=0 rev1=0 crypto rx=0 tx=0 comp rx=0 tx=0)._handle_peer_banner_payload supported=3 required=0
2024-02-14T12:59:33.774 INFO:teuthology.orchestra.run.smithi012.stdout:/usr/bin/ceph: stderr
2024-02-14T12:59:28.550+0000 7fb1ead9d700 1 --2- >> [v2:172.21.15.12:3300/0,v1:172.21.15.12:6789/0] conn(0x7fb1ec108100 0x7fb1ec10a4f0 unknown :-1 s=HELLO_CONNECTING pgs=0 cs=0 l=0 rev1=1 crypto rx=0 tx=0 comp rx=0 tx=0).handle_hello peer v2:172.21.15.12:3300/0 says I am v2:172.21.15.12:40952/0 (socket says 172.21.15.12:40952)
2024-02-14T12:59:33.774 INFO:teuthology.orchestra.run.smithi012.stdout:/usr/bin/ceph: stderr
2024-02-14T12:59:28.550+0000 7fb1ead9d700 1 -- 172.21.15.12:0/3169933606 learned_addr learned my addr 172.21.15.12:0/3169933606 (peer_addr_for_me v2:172.21.15.12:0/0)
2024-02-14T12:59:33.774 INFO:teuthology.orchestra.run.smithi012.stdout:/usr/bin/ceph: stderr
2024-02-14T12:59:28.550+0000 7fb1ead9d700 1 -- 172.21.15.12:0/3169933606 --> [v2:172.21.15.12:3300/0,v1:172.21.15.12:6789/0] -- mon_subscribe({config=0+,monmap=0+}) v3 -- 0x7fb1ec10aa30 con 0x7fb1ec108100
2024-02-14T12:59:33.774 INFO:teuthology.orchestra.run.smithi012.stdout:/usr/bin/ceph: stderr
2024-02-14T12:59:28.550+0000 7fb1ead9d700 1 --2- 172.21.15.12:0/3169933606 >> [v2:172.21.15.12:3300/0,v1:172.21.15.12:6789/0] conn(0x7fb1ec108100 0x7fb1ec10a4f0 secure :-1 s=READY pgs=41 cs=0 l=1 rev1=1 crypto rx=0x7fb1dc0098a0 tx=0x7fb1dc009bb0 comp rx=0 tx=0).ready entity=mon.0 client_cookie=b670d56679d3eb75 server_cookie=0 in_seq=0 out_seq=0
2024-02-14T12:59:33.774 INFO:teuthology.orchestra.run.smithi012.stdout:/usr/bin/ceph: stderr
2024-02-14T12:59:28.550+0000 7fb1e9d9b700 1 -- 172.21.15.12:0/3169933606 <== mon.0 v2:172.21.15.12:3300/0 1 ==== mon_map magic: 0 v1 ==== 205+0+0 (secure 0 0 0) 0x7fb1dc004160 con 0x7fb1ec108100
2024-02-14T12:59:33.774 INFO:teuthology.orchestra.run.smithi012.stdout:/usr/bin/ceph: stderr
2024-02-14T12:59:28.550+0000 7fb1e9d9b700 1 -- 172.21.15.12:0/3169933606 <== mon.0 v2:172.21.15.12:3300/0 2 ==== config(27 keys) v1 ==== 1109+0+0 (secure 0 0 0) 0x7fb1dc0042c0 con 0x7fb1ec108100
2024-02-14T12:59:33.774 INFO:teuthology.orchestra.run.smithi012.stdout:/usr/bin/ceph: stderr
2024-02-14T12:59:28.550+0000 7fb1e9d9b700 1 -- 172.21.15.12:0/3169933606 <== mon.0 v2:172.21.15.12:3300/0 3 ==== mon_map magic: 0 v1 ==== 205+0+0 (secure 0 0 0) 0x7fb1dc011ac0 con 0x7fb1ec108100
2024-02-14T12:59:33.774 INFO:teuthology.orchestra.run.smithi012.stdout:/usr/bin/ceph: stderr
2024-02-14T12:59:28.551+0000 7fb1f10cb700 1 -- 172.21.15.12:0/3169933606 >> [v2:172.21.15.12:3300/0,v1:172.21.15.12:6789/0] conn(0x7fb1ec108100 msgr2=0x7fb1ec10a4f0 secure :-1 s=STATE_CONNECTION_ESTABLISHED l=1).mark_down
2024-02-14T12:59:33.774 INFO:teuthology.orchestra.run.smithi012.stdout:/usr/bin/ceph: stderr
2024-02-14T12:59:28.551+0000 7fb1f10cb700 1 --2- 172.21.15.12:0/3169933606 >> [v2:172.21.15.12:3300/0,v1:172.21.15.12:6789/0] conn(0x7fb1ec108100 0x7fb1ec10a4f0 secure :-1 s=READY pgs=41 cs=0 l=1 rev1=1 crypto rx=0x7fb1dc0098a0 tx=0x7fb1dc009bb0 comp rx=0 tx=0).stop
2024-02-14T12:59:33.775 INFO:teuthology.orchestra.run.smithi012.stdout:/usr/bin/ceph: stderr
2024-02-14T12:59:28.551+0000 7fb1f10cb700 1 -- 172.21.15.12:0/3169933606 shutdown_connections
2024-02-14T12:59:33.775 INFO:teuthology.orchestra.run.smithi012.stdout:/usr/bin/ceph: stderr
2024-02-14T12:59:28.551+0000 7fb1f10cb700 1 --2- 172.21.15.12:0/3169933606 >> [v2:172.21.15.12:3300/0,v1:172.21.15.12:6789/0] conn(0x7fb1ec108100 0x7fb1ec10a4f0 unknown :-1 s=CLOSED pgs=41 cs=0 l=1 rev1=1 crypto rx=0 tx=0 comp rx=0 tx=0).stop
2024-02-14T12:59:33.775 INFO:teuthology.orchestra.run.smithi012.stdout:/usr/bin/ceph: stderr
2024-02-14T12:59:28.551+0000 7fb1f10cb700 1 -- 172.21.15.12:0/3169933606 >> 172.21.15.12:0/3169933606 conn(0x7fb1ec101b70 msgr2=0x7fb1ec103f90 unknown :-1 s=STATE_NONE l=0).mark_down
2024-02-14T12:59:33.775 INFO:teuthology.orchestra.run.smithi012.stdout:/usr/bin/ceph: stderr
2024-02-14T12:59:28.551+0000 7fb1f10cb700 1 -- 172.21.15.12:0/3169933606 shutdown_connections
2024-02-14T12:59:33.775 INFO:teuthology.orchestra.run.smithi012.stdout:/usr/bin/ceph: stderr
2024-02-14T12:59:28.551+0000 7fb1f10cb700 1 -- 172.21.15.12:0/3169933606 wait complete.
2024-02-14T12:59:33.775 INFO:teuthology.orchestra.run.smithi012.stdout:/usr/bin/ceph: stderr
2024-02-14T12:59:28.552+0000 7fb1f10cb700 1 Processor -- start
2024-02-14T12:59:33.775 INFO:teuthology.orchestra.run.smithi012.stdout:/usr/bin/ceph: stderr
2024-02-14T12:59:28.552+0000 7fb1f10cb700 1 -- start start
2024-02-14T12:59:33.775 INFO:teuthology.orchestra.run.smithi012.stdout:/usr/bin/ceph: stderr
2024-02-14T12:59:28.552+0000 7fb1f10cb700 1 --2- >> [v2:172.21.15.12:3300/0,v1:172.21.15.12:6789/0] conn(0x7fb1ec108100 0x7fb1ec19b420 unknown :-1 s=NONE pgs=0 cs=0 l=1 rev1=0 crypto rx=0 tx=0 comp rx=0 tx=0).connect
2024-02-14T12:59:33.775 INFO:teuthology.orchestra.run.smithi012.stdout:/usr/bin/ceph: stderr
2024-02-14T12:59:28.552+0000 7fb1f10cb700 1 -- --> [v2:172.21.15.12:3300/0,v1:172.21.15.12:6789/0] -- mon_getmap magic: 0 v1 -- 0x7fb1ec19b960 con 0x7fb1ec108100
2024-02-14T12:59:33.775 INFO:teuthology.orchestra.run.smithi012.stdout:/usr/bin/ceph: stderr
2024-02-14T12:59:28.552+0000 7fb1ead9d700 1 --2- >> [v2:172.21.15.12:3300/0,v1:172.21.15.12:6789/0] conn(0x7fb1ec108100 0x7fb1ec19b420 unknown :-1 s=BANNER_CONNECTING pgs=0 cs=0 l=1 rev1=0 crypto rx=0 tx=0 comp rx=0 tx=0)._handle_peer_banner_payload supported=3 required=0
2024-02-14T12:59:33.775 INFO:teuthology.orchestra.run.smithi012.stdout:/usr/bin/ceph: stderr
2024-02-14T12:59:28.552+0000 7fb1ead9d700 1 --2- >> [v2:172.21.15.12:3300/0,v1:172.21.15.12:6789/0] conn(0x7fb1ec108100 0x7fb1ec19b420 unknown :-1 s=HELLO_CONNECTING pgs=0 cs=0 l=1 rev1=1 crypto rx=0 tx=0 comp rx=0 tx=0).handle_hello peer v2:172.21.15.12:3300/0 says I am v2:172.21.15.12:40958/0 (socket says 172.21.15.12:40958)
2024-02-14T12:59:33.775 INFO:teuthology.orchestra.run.smithi012.stdout:/usr/bin/ceph: stderr
2024-02-14T12:59:28.552+0000 7fb1ead9d700 1 -- 172.21.15.12:0/1355555354 learned_addr learned my addr 172.21.15.12:0/1355555354 (peer_addr_for_me v2:172.21.15.12:0/0)
2024-02-14T12:59:33.776 INFO:teuthology.orchestra.run.smithi012.stdout:/usr/bin/ceph: stderr
2024-02-14T12:59:28.553+0000 7fb1ead9d700 1 -- 172.21.15.12:0/1355555354 --> [v2:172.21.15.12:3300/0,v1:172.21.15.12:6789/0] -- mon_subscribe({config=0+,monmap=0+}) v3 -- 0x7fb1dc009550 con 0x7fb1ec108100
2024-02-14T12:59:33.776 INFO:teuthology.orchestra.run.smithi012.stdout:/usr/bin/ceph: stderr
2024-02-14T12:59:28.553+0000 7fb1ead9d700 1 --2- 172.21.15.12:0/1355555354 >> [v2:172.21.15.12:3300/0,v1:172.21.15.12:6789/0] conn(0x7fb1ec108100 0x7fb1ec19b420 secure :-1 s=READY pgs=42 cs=0 l=1 rev1=1 crypto rx=0x7fb1dc009130 tx=0x7fb1dc011b40 comp rx=0 tx=0).ready entity=mon.0 client_cookie=0 server_cookie=0 in_seq=0 out_seq=0
2024-02-14T12:59:33.776 INFO:teuthology.orchestra.run.smithi012.stdout:/usr/bin/ceph: stderr
2024-02-14T12:59:28.553+0000 7fb1d3fff700 1 -- 172.21.15.12:0/1355555354 <== mon.0 v2:172.21.15.12:3300/0 1 ==== mon_map magic: 0 v1 ==== 205+0+0 (secure 0 0 0) 0x7fb1dc003aa0 con 0x7fb1ec108100
2024-02-14T12:59:33.776 INFO:teuthology.orchestra.run.smithi012.stdout:/usr/bin/ceph: stderr
2024-02-14T12:59:28.553+0000 7fb1f10cb700 1 -- 172.21.15.12:0/1355555354 --> [v2:172.21.15.12:3300/0,v1:172.21.15.12:6789/0] -- mon_subscribe({mgrmap=0+}) v3 -- 0x7fb1ec19bb60 con 0x7fb1ec108100
2024-02-14T12:59:33.776 INFO:teuthology.orchestra.run.smithi012.stdout:/usr/bin/ceph: stderr
2024-02-14T12:59:28.553+0000 7fb1d3fff700 1 -- 172.21.15.12:0/1355555354 <== mon.0 v2:172.21.15.12:3300/0 2 ==== config(27 keys) v1 ==== 1109+0+0 (secure 0 0 0) 0x7fb1dc003c00 con 0x7fb1ec108100
2024-02-14T12:59:33.776 INFO:teuthology.orchestra.run.smithi012.stdout:/usr/bin/ceph: stderr
2024-02-14T12:59:28.553+0000 7fb1d3fff700 1 -- 172.21.15.12:0/1355555354 <== mon.0 v2:172.21.15.12:3300/0 3 ==== mon_map magic: 0 v1 ==== 205+0+0 (secure 0 0 0) 0x7fb1dc024800 con 0x7fb1ec108100
2024-02-14T12:59:33.776 INFO:teuthology.orchestra.run.smithi012.stdout:/usr/bin/ceph: stderr
2024-02-14T12:59:28.553+0000 7fb1f10cb700 1 -- 172.21.15.12:0/1355555354 --> [v2:172.21.15.12:3300/0,v1:172.21.15.12:6789/0] -- mon_subscribe({osdmap=0}) v3 -- 0x7fb1ec19c000 con 0x7fb1ec108100
2024-02-14T12:59:33.776 INFO:teuthology.orchestra.run.smithi012.stdout:/usr/bin/ceph: stderr
2024-02-14T12:59:28.554+0000 7fb1d3fff700 1 -- 172.21.15.12:0/1355555354 <== mon.0 v2:172.21.15.12:3300/0 4 ==== mgrmap(e 8) v1 ==== 45932+0+0 (secure 0 0 0) 0x7fb1dc024a70 con 0x7fb1ec108100
2024-02-14T12:59:33.776 INFO:teuthology.orchestra.run.smithi012.stdout:/usr/bin/ceph: stderr
2024-02-14T12:59:28.554+0000 7fb1f10cb700 1 -- 172.21.15.12:0/1355555354 --> [v2:172.21.15.12:3300/0,v1:172.21.15.12:6789/0] -- mon_command({"prefix": "get_command_descriptions"} v 0) v1 -- 0x7fb1ec10b890 con 0x7fb1ec108100
2024-02-14T12:59:33.776 INFO:teuthology.orchestra.run.smithi012.stdout:/usr/bin/ceph: stderr
2024-02-14T12:59:28.554+0000 7fb1d3fff700 1 --2- 172.21.15.12:0/1355555354 >> [v2:172.21.15.12:6800/955464513,v1:172.21.15.12:6801/955464513] conn(0x7fb1d4038f30 0x7fb1d403b3f0 unknown :-1 s=NONE pgs=0 cs=0 l=1 rev1=0 crypto rx=0 tx=0 comp rx=0 tx=0).connect
2024-02-14T12:59:33.776 INFO:teuthology.orchestra.run.smithi012.stdout:/usr/bin/ceph: stderr
2024-02-14T12:59:28.554+0000 7fb1d3fff700 1 -- 172.21.15.12:0/1355555354 <== mon.0 v2:172.21.15.12:3300/0 5 ==== osd_map(2..2 src has 1..2) v4 ==== 940+0+0 (secure 0 0 0) 0x7fb1dc04d130 con 0x7fb1ec108100
2024-02-14T12:59:33.776 INFO:teuthology.orchestra.run.smithi012.stdout:/usr/bin/ceph: stderr
2024-02-14T12:59:28.554+0000 7fb1ea59c700 1 --2- 172.21.15.12:0/1355555354 >> [v2:172.21.15.12:6800/955464513,v1:172.21.15.12:6801/955464513] conn(0x7fb1d4038f30 0x7fb1d403b3f0 unknown :-1 s=BANNER_CONNECTING pgs=0 cs=0 l=1 rev1=0 crypto rx=0 tx=0 comp rx=0 tx=0)._handle_peer_banner_payload supported=3 required=0
2024-02-14T12:59:33.776 INFO:teuthology.orchestra.run.smithi012.stdout:/usr/bin/ceph: stderr
2024-02-14T12:59:28.555+0000 7fb1ea59c700 1 --2- 172.21.15.12:0/1355555354 >> [v2:172.21.15.12:6800/955464513,v1:172.21.15.12:6801/955464513] conn(0x7fb1d4038f30 0x7fb1d403b3f0 secure :-1 s=READY pgs=11 cs=0 l=1 rev1=1 crypto rx=0x7fb1e0006fd0 tx=0x7fb1e0006e40 comp rx=0 tx=0).ready entity=mgr.14116 client_cookie=0 server_cookie=0 in_seq=0 out_seq=0
2024-02-14T12:59:33.777 INFO:teuthology.orchestra.run.smithi012.stdout:/usr/bin/ceph: stderr
2024-02-14T12:59:28.559+0000 7fb1d3fff700 1 -- 172.21.15.12:0/1355555354 <== mon.0 v2:172.21.15.12:3300/0 6 ==== mon_command_ack([{"prefix": "get_command_descriptions"}]=0 v0) v1 ==== 72+0+183564 (secure 0 0 0) 0x7fb1dc024d20 con 0x7fb1ec108100
2024-02-14T12:59:33.777 INFO:teuthology.orchestra.run.smithi012.stdout:/usr/bin/ceph: stderr
2024-02-14T12:59:28.765+0000 7fb1f10cb700 1 -- 172.21.15.12:0/1355555354 --> [v2:172.21.15.12:6800/955464513,v1:172.21.15.12:6801/955464513] -- mgr_command(tid 0: {"prefix": "orch host add", "hostname": "smithi012", "addr": "172.21.15.12", "target": ["mon-mgr", ""]}) v1 -- 0x7fb1ec102d50 con 0x7fb1d4038f30
2024-02-14T12:59:33.777 INFO:teuthology.orchestra.run.smithi012.stdout:/usr/bin/ceph: stderr
2024-02-14T12:59:33.180+0000 7fb1d3fff700 1 -- 172.21.15.12:0/1355555354 <== mgr.14116 v2:172.21.15.12:6800/955464513 1 ==== mgr_command_reply(tid 0: 0 ) v1 ==== 8+0+48 (secure 0 0 0) 0x7fb1ec102d50 con 0x7fb1d4038f30
2024-02-14T12:59:33.777 INFO:teuthology.orchestra.run.smithi012.stdout:/usr/bin/ceph: stderr
2024-02-14T12:59:33.183+0000 7fb1f10cb700 1 -- 172.21.15.12:0/1355555354 >> [v2:172.21.15.12:6800/955464513,v1:172.21.15.12:6801/955464513] conn(0x7fb1d4038f30 msgr2=0x7fb1d403b3f0 secure :-1 s=STATE_CONNECTION_ESTABLISHED l=1).mark_down
2024-02-14T12:59:33.777 INFO:teuthology.orchestra.run.smithi012.stdout:/usr/bin/ceph: stderr
2024-02-14T12:59:33.183+0000 7fb1f10cb700 1 --2- 172.21.15.12:0/1355555354 >> [v2:172.21.15.12:6800/955464513,v1:172.21.15.12:6801/955464513] conn(0x7fb1d4038f30 0x7fb1d403b3f0 secure :-1 s=READY pgs=11 cs=0 l=1 rev1=1 crypto rx=0x7fb1e0006fd0 tx=0x7fb1e0006e40 comp rx=0 tx=0).stop
2024-02-14T12:59:33.777 INFO:teuthology.orchestra.run.smithi012.stdout:/usr/bin/ceph: stderr
2024-02-14T12:59:33.183+0000 7fb1f10cb700 1 -- 172.21.15.12:0/1355555354 >> [v2:172.21.15.12:3300/0,v1:172.21.15.12:6789/0] conn(0x7fb1ec108100 msgr2=0x7fb1ec19b420 secure :-1 s=STATE_CONNECTION_ESTABLISHED l=1).mark_down
2024-02-14T12:59:33.777 INFO:teuthology.orchestra.run.smithi012.stdout:/usr/bin/ceph: stderr
2024-02-14T12:59:33.183+0000 7fb1f10cb700 1 --2- 172.21.15.12:0/1355555354 >> [v2:172.21.15.12:3300/0,v1:172.21.15.12:6789/0] conn(0x7fb1ec108100 0x7fb1ec19b420 secure :-1 s=READY pgs=42 cs=0 l=1 rev1=1 crypto rx=0x7fb1dc009130 tx=0x7fb1dc011b40 comp rx=0 tx=0).stop
2024-02-14T12:59:33.777 INFO:teuthology.orchestra.run.smithi012.stdout:/usr/bin/ceph: stderr
2024-02-14T12:59:33.183+0000 7fb1f10cb700 1 -- 172.21.15.12:0/1355555354 shutdown_connections
2024-02-14T12:59:33.777 INFO:teuthology.orchestra.run.smithi012.stdout:/usr/bin/ceph: stderr
2024-02-14T12:59:33.183+0000 7fb1f10cb700 1 --2- 172.21.15.12:0/1355555354 >> [v2:172.21.15.12:6800/955464513,v1:172.21.15.12:6801/955464513] conn(0x7fb1d4038f30 0x7fb1d403b3f0 unknown :-1 s=CLOSED pgs=11 cs=0 l=1 rev1=1 crypto rx=0 tx=0 comp rx=0 tx=0).stop
2024-02-14T12:59:33.777 INFO:teuthology.orchestra.run.smithi012.stdout:/usr/bin/ceph: stderr
2024-02-14T12:59:33.183+0000 7fb1f10cb700 1 --2- 172.21.15.12:0/1355555354 >> [v2:172.21.15.12:3300/0,v1:172.21.15.12:6789/0] conn(0x7fb1ec108100 0x7fb1ec19b420 unknown :-1 s=CLOSED pgs=42 cs=0 l=1 rev1=1 crypto rx=0 tx=0 comp rx=0 tx=0).stop
2024-02-14T12:59:33.777 INFO:teuthology.orchestra.run.smithi012.stdout:/usr/bin/ceph: stderr
2024-02-14T12:59:33.183+0000 7fb1f10cb700 1 -- 172.21.15.12:0/1355555354 >> 172.21.15.12:0/1355555354 conn(0x7fb1ec101b70 msgr2=0x7fb1ec102640 unknown :-1 s=STATE_NONE l=0).mark_down
2024-02-14T12:59:33.777 INFO:teuthology.orchestra.run.smithi012.stdout:/usr/bin/ceph: stderr
2024-02-14T12:59:33.183+0000 7fb1f10cb700 1 -- 172.21.15.12:0/1355555354 shutdown_connections
2024-02-14T12:59:33.777 INFO:teuthology.orchestra.run.smithi012.stdout:/usr/bin/ceph: stderr
2024-02-14T12:59:33.183+0000 7fb1f10cb700 1 -- 172.21.15.12:0/1355555354 wait complete.
2024-02-14T12:59:33.777 INFO:teuthology.orchestra.run.smithi012.stdout:Deploying unmanaged mon service...
2024-02-14T12:59:34.440 INFO:journalctl@ceph.mon.a.smithi012.stdout:Feb 14 12:59:34 smithi012 ceph-mon[32370]: from='mgr.14116 172.21.15.12:0/1974266109' entity='mgr.x'
2024-02-14T12:59:34.440 INFO:journalctl@ceph.mon.a.smithi012.stdout:Feb 14 12:59:34 smithi012 ceph-mon[32370]: Added host smithi012
2024-02-14T12:59:34.440 INFO:journalctl@ceph.mon.a.smithi012.stdout:Feb 14 12:59:34 smithi012 ceph-mon[32370]: from='mgr.14116 172.21.15.12:0/1974266109' entity='mgr.x' cmd=[{"prefix": "config dump", "format": "json"}]: dispatch
2024-02-14T12:59:35.717 INFO:journalctl@ceph.mon.a.smithi012.stdout:Feb 14 12:59:35 smithi012 ceph-mon[32370]: from='client.14138 -' entity='client.admin' cmd=[{"prefix": "orch apply", "service_type": "mon", "unmanaged": true, "target": ["mon-mgr", ""]}]: dispatch
2024-02-14T12:59:35.717 INFO:journalctl@ceph.mon.a.smithi012.stdout:Feb 14 12:59:35 smithi012 ceph-mon[32370]: Saving service mon spec with placement count:5
2024-02-14T12:59:35.717 INFO:journalctl@ceph.mon.a.smithi012.stdout:Feb 14 12:59:35 smithi012 ceph-mon[32370]: from='mgr.14116 172.21.15.12:0/1974266109' entity='mgr.x'
2024-02-14T12:59:36.057 INFO:teuthology.orchestra.run.smithi012.stdout:/usr/bin/ceph: stdout Scheduled mon update...
2024-02-14T12:59:36.057 INFO:teuthology.orchestra.run.smithi012.stdout:/usr/bin/ceph: stderr
2024-02-14T12:59:34.255+0000 7f9a83f75700 1 Processor -- start
2024-02-14T12:59:36.057 INFO:teuthology.orchestra.run.smithi012.stdout:/usr/bin/ceph: stderr
2024-02-14T12:59:34.255+0000 7f9a83f75700 1 -- start start
2024-02-14T12:59:36.057 INFO:teuthology.orchestra.run.smithi012.stdout:/usr/bin/ceph: stderr
2024-02-14T12:59:34.255+0000 7f9a83f75700 1 --2- >> [v2:172.21.15.12:3300/0,v1:172.21.15.12:6789/0] conn(0x7f9a7c1076b0 0x7f9a7c107ad0 unknown :-1 s=NONE pgs=0 cs=0 l=0 rev1=0 crypto rx=0 tx=0 comp rx=0 tx=0).connect
2024-02-14T12:59:36.057 INFO:teuthology.orchestra.run.smithi012.stdout:/usr/bin/ceph: stderr
2024-02-14T12:59:34.255+0000 7f9a83f75700 1 -- --> [v2:172.21.15.12:3300/0,v1:172.21.15.12:6789/0] -- mon_getmap magic: 0 v1 -- 0x7f9a7c1080a0 con 0x7f9a7c1076b0
2024-02-14T12:59:36.057 INFO:teuthology.orchestra.run.smithi012.stdout:/usr/bin/ceph: stderr
2024-02-14T12:59:34.255+0000 7f9a81d11700 1 --2- >> [v2:172.21.15.12:3300/0,v1:172.21.15.12:6789/0] conn(0x7f9a7c1076b0 0x7f9a7c107ad0 unknown :-1 s=BANNER_CONNECTING pgs=0 cs=0 l=0 rev1=0 crypto rx=0 tx=0 comp rx=0 tx=0)._handle_peer_banner_payload supported=3 required=0
2024-02-14T12:59:36.057 INFO:teuthology.orchestra.run.smithi012.stdout:/usr/bin/ceph: stderr
2024-02-14T12:59:34.255+0000 7f9a81d11700 1 --2- >> [v2:172.21.15.12:3300/0,v1:172.21.15.12:6789/0] conn(0x7f9a7c1076b0 0x7f9a7c107ad0 unknown :-1 s=HELLO_CONNECTING pgs=0 cs=0 l=0 rev1=1 crypto rx=0 tx=0 comp rx=0 tx=0).handle_hello peer v2:172.21.15.12:3300/0 says I am v2:172.21.15.12:59488/0 (socket says 172.21.15.12:59488)
2024-02-14T12:59:36.057 INFO:teuthology.orchestra.run.smithi012.stdout:/usr/bin/ceph: stderr
2024-02-14T12:59:34.255+0000 7f9a81d11700 1 -- 172.21.15.12:0/3198192899 learned_addr learned my addr 172.21.15.12:0/3198192899 (peer_addr_for_me v2:172.21.15.12:0/0)
2024-02-14T12:59:36.058 INFO:teuthology.orchestra.run.smithi012.stdout:/usr/bin/ceph: stderr
2024-02-14T12:59:34.256+0000 7f9a81d11700 1 -- 172.21.15.12:0/3198192899 --> [v2:172.21.15.12:3300/0,v1:172.21.15.12:6789/0] -- mon_subscribe({config=0+,monmap=0+}) v3 -- 0x7f9a7c108860 con 0x7f9a7c1076b0
2024-02-14T12:59:36.058 INFO:teuthology.orchestra.run.smithi012.stdout:/usr/bin/ceph: stderr
2024-02-14T12:59:34.256+0000 7f9a81d11700 1 --2- 172.21.15.12:0/3198192899 >> [v2:172.21.15.12:3300/0,v1:172.21.15.12:6789/0] conn(0x7f9a7c1076b0 0x7f9a7c107ad0 secure :-1 s=READY pgs=43 cs=0 l=1 rev1=1 crypto rx=0x7f9a740098a0 tx=0x7f9a74009bb0 comp rx=0 tx=0).ready entity=mon.0 client_cookie=f45cb79514c21cdc server_cookie=0 in_seq=0 out_seq=0
2024-02-14T12:59:36.058 INFO:teuthology.orchestra.run.smithi012.stdout:/usr/bin/ceph: stderr
2024-02-14T12:59:34.256+0000 7f9a80d0f700 1 -- 172.21.15.12:0/3198192899 <== mon.0 v2:172.21.15.12:3300/0 1 ==== mon_map magic: 0 v1 ==== 205+0+0 (secure 0 0 0) 0x7f9a74004160 con 0x7f9a7c1076b0
2024-02-14T12:59:36.058 INFO:teuthology.orchestra.run.smithi012.stdout:/usr/bin/ceph: stderr
2024-02-14T12:59:34.256+0000 7f9a80d0f700 1 -- 172.21.15.12:0/3198192899 <== mon.0 v2:172.21.15.12:3300/0 2 ==== config(27 keys) v1 ==== 1109+0+0 (secure 0 0 0) 0x7f9a740042c0 con 0x7f9a7c1076b0
2024-02-14T12:59:36.058 INFO:teuthology.orchestra.run.smithi012.stdout:/usr/bin/ceph: stderr
2024-02-14T12:59:34.256+0000 7f9a80d0f700 1 -- 172.21.15.12:0/3198192899 <== mon.0 v2:172.21.15.12:3300/0 3 ==== mon_map magic: 0 v1 ==== 205+0+0 (secure 0 0 0) 0x7f9a74011ac0 con 0x7f9a7c1076b0
2024-02-14T12:59:36.058 INFO:teuthology.orchestra.run.smithi012.stdout:/usr/bin/ceph: stderr
2024-02-14T12:59:34.256+0000 7f9a83f75700 1 -- 172.21.15.12:0/3198192899 >> [v2:172.21.15.12:3300/0,v1:172.21.15.12:6789/0] conn(0x7f9a7c1076b0 msgr2=0x7f9a7c107ad0 secure :-1 s=STATE_CONNECTION_ESTABLISHED l=1).mark_down
2024-02-14T12:59:36.058 INFO:teuthology.orchestra.run.smithi012.stdout:/usr/bin/ceph: stderr
2024-02-14T12:59:34.256+0000 7f9a83f75700 1 --2- 172.21.15.12:0/3198192899 >> [v2:172.21.15.12:3300/0,v1:172.21.15.12:6789/0] conn(0x7f9a7c1076b0 0x7f9a7c107ad0 secure :-1 s=READY pgs=43 cs=0 l=1 rev1=1 crypto rx=0x7f9a740098a0 tx=0x7f9a74009bb0 comp rx=0 tx=0).stop
2024-02-14T12:59:36.058 INFO:teuthology.orchestra.run.smithi012.stdout:/usr/bin/ceph: stderr
2024-02-14T12:59:34.256+0000 7f9a83f75700 1 -- 172.21.15.12:0/3198192899 shutdown_connections
2024-02-14T12:59:36.058 INFO:teuthology.orchestra.run.smithi012.stdout:/usr/bin/ceph: stderr
2024-02-14T12:59:34.256+0000 7f9a83f75700 1 --2- 172.21.15.12:0/3198192899 >> [v2:172.21.15.12:3300/0,v1:172.21.15.12:6789/0] conn(0x7f9a7c1076b0 0x7f9a7c107ad0 unknown :-1 s=CLOSED pgs=43 cs=0 l=1 rev1=1 crypto rx=0 tx=0 comp rx=0 tx=0).stop
2024-02-14T12:59:36.058 INFO:teuthology.orchestra.run.smithi012.stdout:/usr/bin/ceph: stderr
2024-02-14T12:59:34.256+0000 7f9a83f75700 1 -- 172.21.15.12:0/3198192899 >> 172.21.15.12:0/3198192899 conn(0x7f9a7c102d30 msgr2=0x7f9a7c105150 unknown :-1 s=STATE_NONE l=0).mark_down
2024-02-14T12:59:36.058 INFO:teuthology.orchestra.run.smithi012.stdout:/usr/bin/ceph: stderr
2024-02-14T12:59:34.257+0000 7f9a83f75700 1 -- 172.21.15.12:0/3198192899 shutdown_connections
2024-02-14T12:59:36.058 INFO:teuthology.orchestra.run.smithi012.stdout:/usr/bin/ceph: stderr
2024-02-14T12:59:34.257+0000 7f9a83f75700 1 -- 172.21.15.12:0/3198192899 wait complete.
2024-02-14T12:59:36.059 INFO:teuthology.orchestra.run.smithi012.stdout:/usr/bin/ceph: stderr
2024-02-14T12:59:34.257+0000 7f9a83f75700 1 Processor -- start
2024-02-14T12:59:36.059 INFO:teuthology.orchestra.run.smithi012.stdout:/usr/bin/ceph: stderr
2024-02-14T12:59:34.257+0000 7f9a83f75700 1 -- start start
2024-02-14T12:59:36.059 INFO:teuthology.orchestra.run.smithi012.stdout:/usr/bin/ceph: stderr
2024-02-14T12:59:34.257+0000 7f9a83f75700 1 --2- >> [v2:172.21.15.12:3300/0,v1:172.21.15.12:6789/0] conn(0x7f9a7c1076b0 0x7f9a7c19b410 unknown :-1 s=NONE pgs=0 cs=0 l=1 rev1=0 crypto rx=0 tx=0 comp rx=0 tx=0).connect
2024-02-14T12:59:36.059 INFO:teuthology.orchestra.run.smithi012.stdout:/usr/bin/ceph: stderr
2024-02-14T12:59:34.257+0000 7f9a83f75700 1 -- --> [v2:172.21.15.12:3300/0,v1:172.21.15.12:6789/0] -- mon_getmap magic: 0 v1 -- 0x7f9a7c19b950 con 0x7f9a7c1076b0
2024-02-14T12:59:36.059 INFO:teuthology.orchestra.run.smithi012.stdout:/usr/bin/ceph: stderr
2024-02-14T12:59:34.257+0000 7f9a81d11700 1 --2- >> [v2:172.21.15.12:3300/0,v1:172.21.15.12:6789/0] conn(0x7f9a7c1076b0 0x7f9a7c19b410 unknown :-1 s=BANNER_CONNECTING pgs=0 cs=0 l=1 rev1=0 crypto rx=0 tx=0 comp rx=0 tx=0)._handle_peer_banner_payload supported=3 required=0
2024-02-14T12:59:36.059 INFO:teuthology.orchestra.run.smithi012.stdout:/usr/bin/ceph: stderr
2024-02-14T12:59:34.258+0000 7f9a81d11700 1 --2- >> [v2:172.21.15.12:3300/0,v1:172.21.15.12:6789/0] conn(0x7f9a7c1076b0 0x7f9a7c19b410 unknown :-1 s=HELLO_CONNECTING pgs=0 cs=0 l=1 rev1=1 crypto rx=0 tx=0 comp rx=0 tx=0).handle_hello peer v2:172.21.15.12:3300/0 says I am v2:172.21.15.12:59492/0 (socket says 172.21.15.12:59492)
2024-02-14T12:59:36.059 INFO:teuthology.orchestra.run.smithi012.stdout:/usr/bin/ceph: stderr
2024-02-14T12:59:34.258+0000 7f9a81d11700 1 -- 172.21.15.12:0/1398027163 learned_addr learned my addr 172.21.15.12:0/1398027163 (peer_addr_for_me v2:172.21.15.12:0/0)
2024-02-14T12:59:36.059 INFO:teuthology.orchestra.run.smithi012.stdout:/usr/bin/ceph: stderr
2024-02-14T12:59:34.258+0000 7f9a81d11700 1 -- 172.21.15.12:0/1398027163 --> [v2:172.21.15.12:3300/0,v1:172.21.15.12:6789/0] -- mon_subscribe({config=0+,monmap=0+}) v3 -- 0x7f9a74009550 con 0x7f9a7c1076b0
2024-02-14T12:59:36.059 INFO:teuthology.orchestra.run.smithi012.stdout:/usr/bin/ceph: stderr
2024-02-14T12:59:34.258+0000 7f9a81d11700 1 --2- 172.21.15.12:0/1398027163 >> [v2:172.21.15.12:3300/0,v1:172.21.15.12:6789/0] conn(0x7f9a7c1076b0 0x7f9a7c19b410 secure :-1 s=READY pgs=44 cs=0 l=1 rev1=1 crypto rx=0x7f9a74003f70 tx=0x7f9a74011b40 comp rx=0 tx=0).ready entity=mon.0 client_cookie=0 server_cookie=0 in_seq=0 out_seq=0
2024-02-14T12:59:36.059 INFO:teuthology.orchestra.run.smithi012.stdout:/usr/bin/ceph: stderr
2024-02-14T12:59:34.258+0000 7f9a72ffd700 1 -- 172.21.15.12:0/1398027163 <== mon.0 v2:172.21.15.12:3300/0 1 ==== mon_map magic: 0 v1 ==== 205+0+0 (secure 0 0 0) 0x7f9a740039f0 con 0x7f9a7c1076b0
2024-02-14T12:59:36.059 INFO:teuthology.orchestra.run.smithi012.stdout:/usr/bin/ceph: stderr
2024-02-14T12:59:34.258+0000 7f9a72ffd700 1 -- 172.21.15.12:0/1398027163 <== mon.0 v2:172.21.15.12:3300/0 2 ==== config(27 keys) v1 ==== 1109+0+0 (secure 0 0 0) 0x7f9a74003b50 con 0x7f9a7c1076b0
2024-02-14T12:59:36.059 INFO:teuthology.orchestra.run.smithi012.stdout:/usr/bin/ceph: stderr
2024-02-14T12:59:34.258+0000 7f9a83f75700 1 -- 172.21.15.12:0/1398027163 --> [v2:172.21.15.12:3300/0,v1:172.21.15.12:6789/0] -- mon_subscribe({mgrmap=0+}) v3 -- 0x7f9a7c19bb50 con 0x7f9a7c1076b0
2024-02-14T12:59:36.059 INFO:teuthology.orchestra.run.smithi012.stdout:/usr/bin/ceph: stderr
2024-02-14T12:59:34.258+0000 7f9a72ffd700 1 -- 172.21.15.12:0/1398027163 <== mon.0 v2:172.21.15.12:3300/0 3 ==== mon_map magic: 0 v1 ==== 205+0+0 (secure 0 0 0) 0x7f9a7401a690 con 0x7f9a7c1076b0
2024-02-14T12:59:36.059 INFO:teuthology.orchestra.run.smithi012.stdout:/usr/bin/ceph: stderr
2024-02-14T12:59:34.258+0000 7f9a83f75700 1 -- 172.21.15.12:0/1398027163 --> [v2:172.21.15.12:3300/0,v1:172.21.15.12:6789/0] -- mon_subscribe({osdmap=0}) v3 -- 0x7f9a7c19bff0 con 0x7f9a7c1076b0
2024-02-14T12:59:36.060 INFO:teuthology.orchestra.run.smithi012.stdout:/usr/bin/ceph: stderr
2024-02-14T12:59:34.259+0000 7f9a72ffd700 1 -- 172.21.15.12:0/1398027163 <== mon.0 v2:172.21.15.12:3300/0 4 ==== mgrmap(e 8) v1 ==== 45932+0+0 (secure 0 0 0) 0x7f9a7401a900 con 0x7f9a7c1076b0
2024-02-14T12:59:36.060 INFO:teuthology.orchestra.run.smithi012.stdout:/usr/bin/ceph: stderr
2024-02-14T12:59:34.259+0000 7f9a72ffd700 1 --2- 172.21.15.12:0/1398027163 >> [v2:172.21.15.12:6800/955464513,v1:172.21.15.12:6801/955464513] conn(0x7f9a68038ee0 0x7f9a6803b3a0 unknown :-1 s=NONE pgs=0 cs=0 l=1 rev1=0 crypto rx=0 tx=0 comp rx=0 tx=0).connect
2024-02-14T12:59:36.060 INFO:teuthology.orchestra.run.smithi012.stdout:/usr/bin/ceph: stderr
2024-02-14T12:59:34.259+0000 7f9a72ffd700 1 -- 172.21.15.12:0/1398027163 <== mon.0 v2:172.21.15.12:3300/0 5 ==== osd_map(2..2 src has 1..2) v4 ==== 940+0+0 (secure 0 0 0) 0x7f9a7404d1e0 con 0x7f9a7c1076b0
2024-02-14T12:59:36.060 INFO:teuthology.orchestra.run.smithi012.stdout:/usr/bin/ceph: stderr
2024-02-14T12:59:34.259+0000 7f9a83f75700 1 -- 172.21.15.12:0/1398027163 --> [v2:172.21.15.12:3300/0,v1:172.21.15.12:6789/0] -- mon_command({"prefix": "get_command_descriptions"} v 0) v1 -- 0x7f9a7c10ba90 con 0x7f9a7c1076b0
2024-02-14T12:59:36.060 INFO:teuthology.orchestra.run.smithi012.stdout:/usr/bin/ceph: stderr
2024-02-14T12:59:34.259+0000 7f9a81510700 1 --2- 172.21.15.12:0/1398027163 >> [v2:172.21.15.12:6800/955464513,v1:172.21.15.12:6801/955464513] conn(0x7f9a68038ee0 0x7f9a6803b3a0 unknown :-1 s=BANNER_CONNECTING pgs=0 cs=0 l=1 rev1=0 crypto rx=0 tx=0 comp rx=0 tx=0)._handle_peer_banner_payload supported=3 required=0
2024-02-14T12:59:36.060 INFO:teuthology.orchestra.run.smithi012.stdout:/usr/bin/ceph: stderr
2024-02-14T12:59:34.259+0000 7f9a81510700 1 --2- 172.21.15.12:0/1398027163 >> [v2:172.21.15.12:6800/955464513,v1:172.21.15.12:6801/955464513] conn(0x7f9a68038ee0 0x7f9a6803b3a0 secure :-1 s=READY pgs=12 cs=0 l=1 rev1=1 crypto rx=0x7f9a6c006fd0 tx=0x7f9a6c006e40 comp rx=0 tx=0).ready entity=mgr.14116 client_cookie=0 server_cookie=0 in_seq=0 out_seq=0
2024-02-14T12:59:36.060 INFO:teuthology.orchestra.run.smithi012.stdout:/usr/bin/ceph: stderr
2024-02-14T12:59:34.264+0000 7f9a72ffd700 1 -- 172.21.15.12:0/1398027163 <== mon.0 v2:172.21.15.12:3300/0 6 ==== mon_command_ack([{"prefix": "get_command_descriptions"}]=0 v0) v1 ==== 72+0+183564 (secure 0 0 0) 0x7f9a74018c20 con 0x7f9a7c1076b0
2024-02-14T12:59:36.060 INFO:teuthology.orchestra.run.smithi012.stdout:/usr/bin/ceph: stderr
2024-02-14T12:59:34.482+0000 7f9a83f75700 1 -- 172.21.15.12:0/1398027163 --> [v2:172.21.15.12:6800/955464513,v1:172.21.15.12:6801/955464513] -- mgr_command(tid 0: {"prefix": "orch apply", "service_type": "mon", "unmanaged": true, "target": ["mon-mgr", ""]}) v1 -- 0x7f9a7c103f00 con 0x7f9a68038ee0
2024-02-14T12:59:36.060 INFO:teuthology.orchestra.run.smithi012.stdout:/usr/bin/ceph: stderr
2024-02-14T12:59:34.488+0000 7f9a72ffd700 1 -- 172.21.15.12:0/1398027163 <== mgr.14116 v2:172.21.15.12:6800/955464513 1 ==== mgr_command_reply(tid 0: 0 ) v1 ==== 8+0+24 (secure 0 0 0) 0x7f9a7c103f00 con 0x7f9a68038ee0
2024-02-14T12:59:36.060 INFO:teuthology.orchestra.run.smithi012.stdout:/usr/bin/ceph: stderr
2024-02-14T12:59:34.491+0000 7f9a83f75700 1 -- 172.21.15.12:0/1398027163 >> [v2:172.21.15.12:6800/955464513,v1:172.21.15.12:6801/955464513] conn(0x7f9a68038ee0 msgr2=0x7f9a6803b3a0 secure :-1 s=STATE_CONNECTION_ESTABLISHED l=1).mark_down
2024-02-14T12:59:36.060 INFO:teuthology.orchestra.run.smithi012.stdout:/usr/bin/ceph: stderr
2024-02-14T12:59:34.491+0000 7f9a83f75700 1 --2- 172.21.15.12:0/1398027163 >> [v2:172.21.15.12:6800/955464513,v1:172.21.15.12:6801/955464513] conn(0x7f9a68038ee0 0x7f9a6803b3a0 secure :-1 s=READY pgs=12 cs=0 l=1 rev1=1 crypto rx=0x7f9a6c006fd0 tx=0x7f9a6c006e40 comp rx=0 tx=0).stop
2024-02-14T12:59:36.060 INFO:teuthology.orchestra.run.smithi012.stdout:/usr/bin/ceph: stderr
2024-02-14T12:59:34.491+0000 7f9a83f75700 1 -- 172.21.15.12:0/1398027163 >> [v2:172.21.15.12:3300/0,v1:172.21.15.12:6789/0] conn(0x7f9a7c1076b0 msgr2=0x7f9a7c19b410 secure :-1 s=STATE_CONNECTION_ESTABLISHED l=1).mark_down
2024-02-14T12:59:36.060 INFO:teuthology.orchestra.run.smithi012.stdout:/usr/bin/ceph: stderr
2024-02-14T12:59:34.491+0000 7f9a83f75700 1 --2- 172.21.15.12:0/1398027163 >> [v2:172.21.15.12:3300/0,v1:172.21.15.12:6789/0] conn(0x7f9a7c1076b0 0x7f9a7c19b410 secure :-1 s=READY pgs=44 cs=0 l=1 rev1=1 crypto rx=0x7f9a74003f70 tx=0x7f9a74011b40 comp rx=0 tx=0).stop
2024-02-14T12:59:36.061 INFO:teuthology.orchestra.run.smithi012.stdout:/usr/bin/ceph: stderr
2024-02-14T12:59:34.491+0000 7f9a83f75700 1 -- 172.21.15.12:0/1398027163 shutdown_connections
2024-02-14T12:59:36.061 INFO:teuthology.orchestra.run.smithi012.stdout:/usr/bin/ceph: stderr
2024-02-14T12:59:34.491+0000 7f9a83f75700 1 --2- 172.21.15.12:0/1398027163 >> [v2:172.21.15.12:6800/955464513,v1:172.21.15.12:6801/955464513] conn(0x7f9a68038ee0 0x7f9a6803b3a0 unknown :-1 s=CLOSED pgs=12 cs=0 l=1 rev1=1 crypto rx=0 tx=0 comp rx=0 tx=0).stop
2024-02-14T12:59:36.061 INFO:teuthology.orchestra.run.smithi012.stdout:/usr/bin/ceph: stderr
2024-02-14T12:59:34.491+0000 7f9a83f75700 1 --2- 172.21.15.12:0/1398027163 >> [v2:172.21.15.12:3300/0,v1:172.21.15.12:6789/0] conn(0x7f9a7c1076b0 0x7f9a7c19b410 unknown :-1 s=CLOSED pgs=44 cs=0 l=1 rev1=1 crypto rx=0 tx=0 comp rx=0 tx=0).stop
2024-02-14T12:59:36.061 INFO:teuthology.orchestra.run.smithi012.stdout:/usr/bin/ceph: stderr
2024-02-14T12:59:34.491+0000 7f9a83f75700 1 -- 172.21.15.12:0/1398027163 >> 172.21.15.12:0/1398027163 conn(0x7f9a7c102d30 msgr2=0x7f9a7c1037f0 unknown :-1 s=STATE_NONE l=0).mark_down
2024-02-14T12:59:36.061 INFO:teuthology.orchestra.run.smithi012.stdout:/usr/bin/ceph: stderr
2024-02-14T12:59:34.491+0000 7f9a83f75700 1 -- 172.21.15.12:0/1398027163 shutdown_connections
2024-02-14T12:59:36.061 INFO:teuthology.orchestra.run.smithi012.stdout:/usr/bin/ceph: stderr
2024-02-14T12:59:34.491+0000 7f9a83f75700 1 -- 172.21.15.12:0/1398027163 wait complete.
2024-02-14T12:59:36.061 INFO:teuthology.orchestra.run.smithi012.stdout:Deploying unmanaged mgr service...
2024-02-14T12:59:36.717 INFO:journalctl@ceph.mon.a.smithi012.stdout:Feb 14 12:59:36 smithi012 ceph-mon[32370]: from='mgr.14116 172.21.15.12:0/1974266109' entity='mgr.x'
2024-02-14T12:59:36.717 INFO:journalctl@ceph.mon.a.smithi012.stdout:Feb 14 12:59:36 smithi012 ceph-mon[32370]: from='mgr.14116 172.21.15.12:0/1974266109' entity='mgr.x'
2024-02-14T12:59:37.304 INFO:teuthology.orchestra.run.smithi012.stdout:/usr/bin/ceph: stdout Scheduled mgr update...
2024-02-14T12:59:37.304 INFO:teuthology.orchestra.run.smithi012.stdout:/usr/bin/ceph: stderr
2024-02-14T12:59:36.505+0000 7f37adaba700 1 Processor -- start
2024-02-14T12:59:37.304 INFO:teuthology.orchestra.run.smithi012.stdout:/usr/bin/ceph: stderr
2024-02-14T12:59:36.505+0000 7f37adaba700 1 -- start start
2024-02-14T12:59:37.304 INFO:teuthology.orchestra.run.smithi012.stdout:/usr/bin/ceph: stderr
2024-02-14T12:59:36.505+0000 7f37adaba700 1 --2- >> [v2:172.21.15.12:3300/0,v1:172.21.15.12:6789/0] conn(0x7f37a8108160 0x7f37a810a550 unknown :-1 s=NONE pgs=0 cs=0 l=0 rev1=0 crypto rx=0 tx=0 comp rx=0 tx=0).connect
2024-02-14T12:59:37.304 INFO:teuthology.orchestra.run.smithi012.stdout:/usr/bin/ceph: stderr
2024-02-14T12:59:36.505+0000 7f37adaba700 1 -- --> [v2:172.21.15.12:3300/0,v1:172.21.15.12:6789/0] -- mon_getmap magic: 0 v1 -- 0x7f37a80754c0 con 0x7f37a8108160
2024-02-14T12:59:37.304 INFO:teuthology.orchestra.run.smithi012.stdout:/usr/bin/ceph: stderr
2024-02-14T12:59:36.505+0000 7f37a77fe700 1 --2- >> [v2:172.21.15.12:3300/0,v1:172.21.15.12:6789/0] conn(0x7f37a8108160 0x7f37a810a550 unknown :-1 s=BANNER_CONNECTING pgs=0 cs=0 l=0 rev1=0 crypto rx=0 tx=0 comp rx=0 tx=0)._handle_peer_banner_payload supported=3 required=0
2024-02-14T12:59:37.305 INFO:teuthology.orchestra.run.smithi012.stdout:/usr/bin/ceph: stderr
2024-02-14T12:59:36.505+0000 7f37a77fe700 1 --2- >> [v2:172.21.15.12:3300/0,v1:172.21.15.12:6789/0] conn(0x7f37a8108160 0x7f37a810a550 unknown :-1 s=HELLO_CONNECTING pgs=0 cs=0 l=0 rev1=1 crypto rx=0 tx=0 comp rx=0 tx=0).handle_hello peer v2:172.21.15.12:3300/0 says I am v2:172.21.15.12:59494/0 (socket says 172.21.15.12:59494)
2024-02-14T12:59:37.305 INFO:teuthology.orchestra.run.smithi012.stdout:/usr/bin/ceph: stderr
2024-02-14T12:59:36.505+0000 7f37a77fe700 1 -- 172.21.15.12:0/3267179006 learned_addr learned my addr 172.21.15.12:0/3267179006 (peer_addr_for_me v2:172.21.15.12:0/0)
2024-02-14T12:59:37.305 INFO:teuthology.orchestra.run.smithi012.stdout:/usr/bin/ceph: stderr
2024-02-14T12:59:36.505+0000 7f37a77fe700 1 -- 172.21.15.12:0/3267179006 --> [v2:172.21.15.12:3300/0,v1:172.21.15.12:6789/0] -- mon_subscribe({config=0+,monmap=0+}) v3 -- 0x7f37a810aa90 con 0x7f37a8108160
2024-02-14T12:59:37.305 INFO:teuthology.orchestra.run.smithi012.stdout:/usr/bin/ceph: stderr
2024-02-14T12:59:36.505+0000 7f37a77fe700 1 --2- 172.21.15.12:0/3267179006 >> [v2:172.21.15.12:3300/0,v1:172.21.15.12:6789/0] conn(0x7f37a8108160 0x7f37a810a550 secure :-1 s=READY pgs=45 cs=0 l=1 rev1=1 crypto rx=0x7f37980098a0 tx=0x7f3798009bb0 comp rx=0 tx=0).ready entity=mon.0 client_cookie=351e8f6b7e3a315c server_cookie=0 in_seq=0 out_seq=0
2024-02-14T12:59:37.305 INFO:teuthology.orchestra.run.smithi012.stdout:/usr/bin/ceph: stderr
2024-02-14T12:59:36.506+0000 7f37a67fc700 1 -- 172.21.15.12:0/3267179006 <== mon.0 v2:172.21.15.12:3300/0 1 ==== mon_map magic: 0 v1 ==== 205+0+0 (secure 0 0 0) 0x7f3798004160 con 0x7f37a8108160
2024-02-14T12:59:37.305 INFO:teuthology.orchestra.run.smithi012.stdout:/usr/bin/ceph: stderr
2024-02-14T12:59:36.506+0000 7f37a67fc700 1 -- 172.21.15.12:0/3267179006 <== mon.0 v2:172.21.15.12:3300/0 2 ==== config(27 keys) v1 ==== 1140+0+0 (secure 0 0 0) 0x7f37980042c0 con 0x7f37a8108160
2024-02-14T12:59:37.305 INFO:teuthology.orchestra.run.smithi012.stdout:/usr/bin/ceph: stderr
2024-02-14T12:59:36.506+0000 7f37a67fc700 1 -- 172.21.15.12:0/3267179006 <== mon.0 v2:172.21.15.12:3300/0 3 ==== mon_map magic: 0 v1 ==== 205+0+0 (secure 0 0 0) 0x7f3798011a80 con 0x7f37a8108160
2024-02-14T12:59:37.305 INFO:teuthology.orchestra.run.smithi012.stdout:/usr/bin/ceph: stderr
2024-02-14T12:59:36.506+0000 7f37adaba700 1 -- 172.21.15.12:0/3267179006 >> [v2:172.21.15.12:3300/0,v1:172.21.15.12:6789/0] conn(0x7f37a8108160 msgr2=0x7f37a810a550 secure :-1 s=STATE_CONNECTION_ESTABLISHED l=1).mark_down
2024-02-14T12:59:37.305 INFO:teuthology.orchestra.run.smithi012.stdout:/usr/bin/ceph: stderr
2024-02-14T12:59:36.506+0000 7f37adaba700 1 --2- 172.21.15.12:0/3267179006 >> [v2:172.21.15.12:3300/0,v1:172.21.15.12:6789/0] conn(0x7f37a8108160 0x7f37a810a550 secure :-1 s=READY pgs=45 cs=0 l=1 rev1=1 crypto rx=0x7f37980098a0 tx=0x7f3798009bb0 comp rx=0 tx=0).stop
2024-02-14T12:59:37.305 INFO:teuthology.orchestra.run.smithi012.stdout:/usr/bin/ceph: stderr
2024-02-14T12:59:36.506+0000 7f37adaba700 1 -- 172.21.15.12:0/3267179006 shutdown_connections
2024-02-14T12:59:37.305 INFO:teuthology.orchestra.run.smithi012.stdout:/usr/bin/ceph: stderr
2024-02-14T12:59:36.506+0000 7f37adaba700 1 --2- 172.21.15.12:0/3267179006 >> [v2:172.21.15.12:3300/0,v1:172.21.15.12:6789/0] conn(0x7f37a8108160 0x7f37a810a550 unknown :-1 s=CLOSED pgs=45 cs=0 l=1 rev1=1 crypto rx=0 tx=0 comp rx=0 tx=0).stop
2024-02-14T12:59:37.305 INFO:teuthology.orchestra.run.smithi012.stdout:/usr/bin/ceph: stderr
2024-02-14T12:59:36.506+0000 7f37adaba700 1 -- 172.21.15.12:0/3267179006 >> 172.21.15.12:0/3267179006 conn(0x7f37a8101b70 msgr2=0x7f37a8103f90 unknown :-1 s=STATE_NONE l=0).mark_down
2024-02-14T12:59:37.305 INFO:teuthology.orchestra.run.smithi012.stdout:/usr/bin/ceph: stderr
2024-02-14T12:59:36.506+0000 7f37adaba700 1 -- 172.21.15.12:0/3267179006 shutdown_connections
2024-02-14T12:59:37.305 INFO:teuthology.orchestra.run.smithi012.stdout:/usr/bin/ceph: stderr
2024-02-14T12:59:36.506+0000 7f37adaba700 1 -- 172.21.15.12:0/3267179006 wait complete.
2024-02-14T12:59:37.306 INFO:teuthology.orchestra.run.smithi012.stdout:/usr/bin/ceph: stderr
2024-02-14T12:59:36.507+0000 7f37adaba700 1 Processor -- start
2024-02-14T12:59:37.306 INFO:teuthology.orchestra.run.smithi012.stdout:/usr/bin/ceph: stderr
2024-02-14T12:59:36.507+0000 7f37adaba700 1 -- start start
2024-02-14T12:59:37.306 INFO:teuthology.orchestra.run.smithi012.stdout:/usr/bin/ceph: stderr
2024-02-14T12:59:36.507+0000 7f37adaba700 1 --2- >> [v2:172.21.15.12:3300/0,v1:172.21.15.12:6789/0] conn(0x7f37a8108160 0x7f37a819b3a0 unknown :-1 s=NONE pgs=0 cs=0 l=1 rev1=0 crypto rx=0 tx=0 comp rx=0 tx=0).connect
2024-02-14T12:59:37.306 INFO:teuthology.orchestra.run.smithi012.stdout:/usr/bin/ceph: stderr
2024-02-14T12:59:36.507+0000 7f37adaba700 1 -- --> [v2:172.21.15.12:3300/0,v1:172.21.15.12:6789/0] -- mon_getmap magic: 0 v1 -- 0x7f37a819b8e0 con 0x7f37a8108160
2024-02-14T12:59:37.306 INFO:teuthology.orchestra.run.smithi012.stdout:/usr/bin/ceph: stderr
2024-02-14T12:59:36.507+0000 7f37a77fe700 1 --2- >> [v2:172.21.15.12:3300/0,v1:172.21.15.12:6789/0] conn(0x7f37a8108160 0x7f37a819b3a0 unknown :-1 s=BANNER_CONNECTING pgs=0 cs=0 l=1 rev1=0 crypto rx=0 tx=0 comp rx=0 tx=0)._handle_peer_banner_payload supported=3 required=0
2024-02-14T12:59:37.306 INFO:teuthology.orchestra.run.smithi012.stdout:/usr/bin/ceph: stderr
2024-02-14T12:59:36.508+0000 7f37a77fe700 1 --2- >> [v2:172.21.15.12:3300/0,v1:172.21.15.12:6789/0] conn(0x7f37a8108160 0x7f37a819b3a0 unknown :-1 s=HELLO_CONNECTING pgs=0 cs=0 l=1 rev1=1 crypto rx=0 tx=0 comp rx=0 tx=0).handle_hello peer v2:172.21.15.12:3300/0 says I am v2:172.21.15.12:59496/0 (socket says 172.21.15.12:59496)
2024-02-14T12:59:37.306 INFO:teuthology.orchestra.run.smithi012.stdout:/usr/bin/ceph: stderr
2024-02-14T12:59:36.508+0000 7f37a77fe700 1 -- 172.21.15.12:0/2498379406 learned_addr learned my addr 172.21.15.12:0/2498379406 (peer_addr_for_me v2:172.21.15.12:0/0)
2024-02-14T12:59:37.306 INFO:teuthology.orchestra.run.smithi012.stdout:/usr/bin/ceph: stderr
2024-02-14T12:59:36.508+0000 7f37a77fe700 1 -- 172.21.15.12:0/2498379406 --> [v2:172.21.15.12:3300/0,v1:172.21.15.12:6789/0] -- mon_subscribe({config=0+,monmap=0+}) v3 -- 0x7f3798009550 con 0x7f37a8108160
2024-02-14T12:59:37.306 INFO:teuthology.orchestra.run.smithi012.stdout:/usr/bin/ceph: stderr
2024-02-14T12:59:36.508+0000 7f37a77fe700 1 --2- 172.21.15.12:0/2498379406 >> [v2:172.21.15.12:3300/0,v1:172.21.15.12:6789/0] conn(0x7f37a8108160 0x7f37a819b3a0 secure :-1 s=READY pgs=46 cs=0 l=1 rev1=1 crypto rx=0x7f3798011740 tx=0x7f3798011b00 comp rx=0 tx=0).ready entity=mon.0 client_cookie=0 server_cookie=0 in_seq=0 out_seq=0
2024-02-14T12:59:37.306 INFO:teuthology.orchestra.run.smithi012.stdout:/usr/bin/ceph: stderr
2024-02-14T12:59:36.508+0000 7f37a4ff9700 1 -- 172.21.15.12:0/2498379406 <== mon.0 v2:172.21.15.12:3300/0 1 ==== mon_map magic: 0 v1 ==== 205+0+0 (secure 0 0 0) 0x7f3798003b20 con 0x7f37a8108160
2024-02-14T12:59:37.306 INFO:teuthology.orchestra.run.smithi012.stdout:/usr/bin/ceph: stderr
2024-02-14T12:59:36.508+0000 7f37a4ff9700 1 -- 172.21.15.12:0/2498379406 <== mon.0 v2:172.21.15.12:3300/0 2 ==== config(27 keys) v1 ==== 1140+0+0 (secure 0 0 0) 0x7f379801a910 con 0x7f37a8108160
2024-02-14T12:59:37.306 INFO:teuthology.orchestra.run.smithi012.stdout:/usr/bin/ceph: stderr
2024-02-14T12:59:36.508+0000 7f37adaba700 1 -- 172.21.15.12:0/2498379406 --> [v2:172.21.15.12:3300/0,v1:172.21.15.12:6789/0] -- mon_subscribe({mgrmap=0+}) v3 -- 0x7f37a819bae0 con 0x7f37a8108160
2024-02-14T12:59:37.306 INFO:teuthology.orchestra.run.smithi012.stdout:/usr/bin/ceph: stderr
2024-02-14T12:59:36.508+0000 7f37a4ff9700 1 -- 172.21.15.12:0/2498379406 <== mon.0 v2:172.21.15.12:3300/0 3 ==== mon_map magic: 0 v1 ==== 205+0+0 (secure 0 0 0) 0x7f37980248c0 con 0x7f37a8108160
2024-02-14T12:59:37.306 INFO:teuthology.orchestra.run.smithi012.stdout:/usr/bin/ceph: stderr
2024-02-14T12:59:36.508+0000 7f37adaba700 1 -- 172.21.15.12:0/2498379406 --> [v2:172.21.15.12:3300/0,v1:172.21.15.12:6789/0] -- mon_subscribe({osdmap=0}) v3 -- 0x7f37a819bf80 con 0x7f37a8108160
2024-02-14T12:59:37.307 INFO:teuthology.orchestra.run.smithi012.stdout:/usr/bin/ceph: stderr
2024-02-14T12:59:36.509+0000 7f37a4ff9700 1 -- 172.21.15.12:0/2498379406 <== mon.0 v2:172.21.15.12:3300/0 4 ==== mgrmap(e 8) v1 ==== 45932+0+0 (secure 0 0 0) 0x7f379802d3f0 con 0x7f37a8108160
2024-02-14T12:59:37.307 INFO:teuthology.orchestra.run.smithi012.stdout:/usr/bin/ceph: stderr
2024-02-14T12:59:36.509+0000 7f37adaba700 1 -- 172.21.15.12:0/2498379406 --> [v2:172.21.15.12:3300/0,v1:172.21.15.12:6789/0] -- mon_command({"prefix": "get_command_descriptions"} v 0) v1 -- 0x7f37a810b8d0 con 0x7f37a8108160
2024-02-14T12:59:37.307 INFO:teuthology.orchestra.run.smithi012.stdout:/usr/bin/ceph: stderr
2024-02-14T12:59:36.509+0000 7f37a4ff9700 1 --2- 172.21.15.12:0/2498379406 >> [v2:172.21.15.12:6800/955464513,v1:172.21.15.12:6801/955464513] conn(0x7f3790038ee0 0x7f379003b3a0 unknown :-1 s=NONE pgs=0 cs=0 l=1 rev1=0 crypto rx=0 tx=0 comp rx=0 tx=0).connect
2024-02-14T12:59:37.307 INFO:teuthology.orchestra.run.smithi012.stdout:/usr/bin/ceph: stderr
2024-02-14T12:59:36.510+0000 7f37a4ff9700 1 -- 172.21.15.12:0/2498379406 <== mon.0 v2:172.21.15.12:3300/0 5 ==== osd_map(2..2 src has 1..2) v4 ==== 940+0+0 (secure 0 0 0) 0x7f379804d3e0 con 0x7f37a8108160
2024-02-14T12:59:37.307 INFO:teuthology.orchestra.run.smithi012.stdout:/usr/bin/ceph: stderr
2024-02-14T12:59:36.510+0000 7f37a6ffd700 1 --2- 172.21.15.12:0/2498379406 >> [v2:172.21.15.12:6800/955464513,v1:172.21.15.12:6801/955464513] conn(0x7f3790038ee0 0x7f379003b3a0 unknown :-1 s=BANNER_CONNECTING pgs=0 cs=0 l=1 rev1=0 crypto rx=0 tx=0 comp rx=0 tx=0)._handle_peer_banner_payload supported=3 required=0
2024-02-14T12:59:37.307 INFO:teuthology.orchestra.run.smithi012.stdout:/usr/bin/ceph: stderr
2024-02-14T12:59:36.510+0000 7f37a6ffd700 1 --2- 172.21.15.12:0/2498379406 >> [v2:172.21.15.12:6800/955464513,v1:172.21.15.12:6801/955464513] conn(0x7f3790038ee0 0x7f379003b3a0 secure :-1 s=READY pgs=13 cs=0 l=1 rev1=1 crypto rx=0x7f379c006fd0 tx=0x7f379c006e40 comp rx=0 tx=0).ready entity=mgr.14116 client_cookie=0 server_cookie=0 in_seq=0 out_seq=0
2024-02-14T12:59:37.307 INFO:teuthology.orchestra.run.smithi012.stdout:/usr/bin/ceph: stderr
2024-02-14T12:59:36.515+0000 7f37a4ff9700 1 -- 172.21.15.12:0/2498379406 <== mon.0 v2:172.21.15.12:3300/0 6 ==== mon_command_ack([{"prefix": "get_command_descriptions"}]=0 v0) v1 ==== 72+0+183564 (secure 0 0 0) 0x7f3798010970 con 0x7f37a8108160
2024-02-14T12:59:37.307 INFO:teuthology.orchestra.run.smithi012.stdout:/usr/bin/ceph: stderr
2024-02-14T12:59:36.734+0000 7f37adaba700 1 -- 172.21.15.12:0/2498379406 --> [v2:172.21.15.12:6800/955464513,v1:172.21.15.12:6801/955464513] -- mgr_command(tid 0: {"prefix": "orch apply", "service_type": "mgr", "unmanaged": true, "target": ["mon-mgr", ""]}) v1 -- 0x7f37a819e8c0 con 0x7f3790038ee0
2024-02-14T12:59:37.307 INFO:teuthology.orchestra.run.smithi012.stdout:/usr/bin/ceph: stderr
2024-02-14T12:59:36.741+0000 7f37a4ff9700 1 -- 172.21.15.12:0/2498379406 <== mgr.14116 v2:172.21.15.12:6800/955464513 1 ==== mgr_command_reply(tid 0: 0 ) v1 ==== 8+0+24 (secure 0 0 0) 0x7f37a819e8c0 con 0x7f3790038ee0
2024-02-14T12:59:37.307 INFO:teuthology.orchestra.run.smithi012.stdout:/usr/bin/ceph: stderr
2024-02-14T12:59:36.743+0000 7f37adaba700 1 -- 172.21.15.12:0/2498379406 >> [v2:172.21.15.12:6800/955464513,v1:172.21.15.12:6801/955464513] conn(0x7f3790038ee0 msgr2=0x7f379003b3a0 secure :-1 s=STATE_CONNECTION_ESTABLISHED l=1).mark_down
2024-02-14T12:59:37.307 INFO:teuthology.orchestra.run.smithi012.stdout:/usr/bin/ceph: stderr
2024-02-14T12:59:36.743+0000 7f37adaba700 1 --2- 172.21.15.12:0/2498379406 >> [v2:172.21.15.12:6800/955464513,v1:172.21.15.12:6801/955464513] conn(0x7f3790038ee0 0x7f379003b3a0 secure :-1 s=READY pgs=13 cs=0 l=1 rev1=1 crypto rx=0x7f379c006fd0 tx=0x7f379c006e40 comp rx=0 tx=0).stop
2024-02-14T12:59:37.307 INFO:teuthology.orchestra.run.smithi012.stdout:/usr/bin/ceph: stderr
2024-02-14T12:59:36.743+0000 7f37adaba700 1 -- 172.21.15.12:0/2498379406 >> [v2:172.21.15.12:3300/0,v1:172.21.15.12:6789/0] conn(0x7f37a8108160 msgr2=0x7f37a819b3a0 secure :-1 s=STATE_CONNECTION_ESTABLISHED l=1).mark_down
2024-02-14T12:59:37.307 INFO:teuthology.orchestra.run.smithi012.stdout:/usr/bin/ceph: stderr
2024-02-14T12:59:36.743+0000 7f37adaba700 1 --2- 172.21.15.12:0/2498379406 >> [v2:172.21.15.12:3300/0,v1:172.21.15.12:6789/0] conn(0x7f37a8108160 0x7f37a819b3a0 secure :-1 s=READY pgs=46 cs=0 l=1 rev1=1 crypto rx=0x7f3798011740 tx=0x7f3798011b00 comp rx=0 tx=0).stop
2024-02-14T12:59:37.307 INFO:teuthology.orchestra.run.smithi012.stdout:/usr/bin/ceph: stderr
2024-02-14T12:59:36.743+0000 7f37adaba700 1 -- 172.21.15.12:0/2498379406 shutdown_connections
2024-02-14T12:59:37.307 INFO:teuthology.orchestra.run.smithi012.stdout:/usr/bin/ceph: stderr
2024-02-14T12:59:36.743+0000 7f37adaba700 1 --2- 172.21.15.12:0/2498379406 >> [v2:172.21.15.12:6800/955464513,v1:172.21.15.12:6801/955464513] conn(0x7f3790038ee0 0x7f379003b3a0 unknown :-1 s=CLOSED pgs=13 cs=0 l=1 rev1=1 crypto rx=0 tx=0 comp rx=0 tx=0).stop
2024-02-14T12:59:37.308 INFO:teuthology.orchestra.run.smithi012.stdout:/usr/bin/ceph: stderr
