2024-02-14T12:59:42.123 INFO:teuthology.orchestra.run.smithi012.stdout:/usr/bin/ceph: stderr
2024-02-14T12:59:41.235+0000 7f2d7d46e700 1 -- 172.21.15.12:0/2910901382 wait complete.
2024-02-14T12:59:42.430 INFO:journalctl@ceph.mon.a.smithi012.stdout:Feb 14 12:59:42 smithi012 ceph-mon[32370]: from='client.? 172.21.15.12:0/2910901382' entity='client.admin' cmd='[{"prefix": "mgr module enable", "module": "dashboard"}]': finished
2024-02-14T12:59:42.430 INFO:journalctl@ceph.mon.a.smithi012.stdout:Feb 14 12:59:42 smithi012 ceph-mon[32370]: mgrmap e9: x(active, since 19s)
2024-02-14T12:59:42.717 INFO:journalctl@ceph.mgr.x.smithi012.stdout:Feb 14 12:59:42 smithi012 ceph-ab42aa14-cb38-11ee-95b9-87774f69a715-mgr-x[32605]:
2024-02-14T12:59:42.574+0000 7fc990aad200 -1 mgr[py] Module zabbix has missing NOTIFY_TYPES member
2024-02-14T12:59:42.717 INFO:journalctl@ceph.mgr.x.smithi012.stdout:Feb 14 12:59:42 smithi012 ceph-ab42aa14-cb38-11ee-95b9-87774f69a715-mgr-x[32605]:
2024-02-14T12:59:42.670+0000 7fc990aad200 -1 mgr[py] Module balancer has missing NOTIFY_TYPES member
2024-02-14T12:59:43.005 INFO:journalctl@ceph.mgr.x.smithi012.stdout:Feb 14 12:59:42 smithi012 ceph-ab42aa14-cb38-11ee-95b9-87774f69a715-mgr-x[32605]:
2024-02-14T12:59:42.815+0000 7fc990aad200 -1 mgr[py] Module influx has missing NOTIFY_TYPES member
2024-02-14T12:59:43.005 INFO:journalctl@ceph.mgr.x.smithi012.stdout:Feb 14 12:59:42 smithi012 ceph-ab42aa14-cb38-11ee-95b9-87774f69a715-mgr-x[32605]:
2024-02-14T12:59:42.918+0000 7fc990aad200 -1 mgr[py] Module alerts has missing NOTIFY_TYPES member
2024-02-14T12:59:43.005 INFO:journalctl@ceph.mgr.x.smithi012.stdout:Feb 14 12:59:43 smithi012 ceph-ab42aa14-cb38-11ee-95b9-87774f69a715-mgr-x[32605]:
2024-02-14T12:59:43.003+0000 7fc990aad200 -1 mgr[py] Module iostat has missing NOTIFY_TYPES member
2024-02-14T12:59:43.276 INFO:journalctl@ceph.mon.a.smithi012.stdout:Feb 14 12:59:43 smithi012 ceph-mon[32370]: from='client.? 172.21.15.12:0/463321344' entity='client.admin' cmd=[{"prefix": "mgr stat"}]: dispatch
2024-02-14T12:59:43.409 INFO:teuthology.orchestra.run.smithi012.stdout:/usr/bin/ceph: stdout {
2024-02-14T12:59:43.410 INFO:teuthology.orchestra.run.smithi012.stdout:/usr/bin/ceph: stdout "epoch": 9,
2024-02-14T12:59:43.410 INFO:teuthology.orchestra.run.smithi012.stdout:/usr/bin/ceph: stdout "available": true,
2024-02-14T12:59:43.410 INFO:teuthology.orchestra.run.smithi012.stdout:/usr/bin/ceph: stdout "active_name": "x",
2024-02-14T12:59:43.410 INFO:teuthology.orchestra.run.smithi012.stdout:/usr/bin/ceph: stdout "num_standby": 0
2024-02-14T12:59:43.410 INFO:teuthology.orchestra.run.smithi012.stdout:/usr/bin/ceph: stdout }
2024-02-14T12:59:43.410 INFO:teuthology.orchestra.run.smithi012.stdout:/usr/bin/ceph: stderr
2024-02-14T12:59:42.529+0000 7fee0a7fb700 1 Processor -- start
2024-02-14T12:59:43.410 INFO:teuthology.orchestra.run.smithi012.stdout:/usr/bin/ceph: stderr
2024-02-14T12:59:42.529+0000 7fee0a7fb700 1 -- start start
2024-02-14T12:59:43.410 INFO:teuthology.orchestra.run.smithi012.stdout:/usr/bin/ceph: stderr
2024-02-14T12:59:42.529+0000 7fee0a7fb700 1 --2- >> [v2:172.21.15.12:3300/0,v1:172.21.15.12:6789/0] conn(0x7fee04106590 0x7fee041069b0 unknown :-1 s=NONE pgs=0 cs=0 l=0 rev1=0 crypto rx=0 tx=0 comp rx=0 tx=0).connect
2024-02-14T12:59:43.410 INFO:teuthology.orchestra.run.smithi012.stdout:/usr/bin/ceph: stderr
2024-02-14T12:59:42.529+0000 7fee0a7fb700 1 -- --> [v2:172.21.15.12:3300/0,v1:172.21.15.12:6789/0] -- mon_getmap magic: 0 v1 -- 0x7fee04106f80 con 0x7fee04106590
2024-02-14T12:59:43.410 INFO:teuthology.orchestra.run.smithi012.stdout:/usr/bin/ceph: stderr
2024-02-14T12:59:42.529+0000 7fee03fff700 1 --2- >> [v2:172.21.15.12:3300/0,v1:172.21.15.12:6789/0] conn(0x7fee04106590 0x7fee041069b0 unknown :-1 s=BANNER_CONNECTING pgs=0 cs=0 l=0 rev1=0 crypto rx=0 tx=0 comp rx=0 tx=0)._handle_peer_banner_payload supported=3 required=0
2024-02-14T12:59:43.410 INFO:teuthology.orchestra.run.smithi012.stdout:/usr/bin/ceph: stderr
2024-02-14T12:59:42.530+0000 7fee03fff700 1 --2- >> [v2:172.21.15.12:3300/0,v1:172.21.15.12:6789/0] conn(0x7fee04106590 0x7fee041069b0 unknown :-1 s=HELLO_CONNECTING pgs=0 cs=0 l=0 rev1=1 crypto rx=0 tx=0 comp rx=0 tx=0).handle_hello peer v2:172.21.15.12:3300/0 says I am v2:172.21.15.12:59576/0 (socket says 172.21.15.12:59576)
2024-02-14T12:59:43.410 INFO:teuthology.orchestra.run.smithi012.stdout:/usr/bin/ceph: stderr
2024-02-14T12:59:42.530+0000 7fee03fff700 1 -- 172.21.15.12:0/3958051612 learned_addr learned my addr 172.21.15.12:0/3958051612 (peer_addr_for_me v2:172.21.15.12:0/0)
2024-02-14T12:59:43.410 INFO:teuthology.orchestra.run.smithi012.stdout:/usr/bin/ceph: stderr
2024-02-14T12:59:42.530+0000 7fee03fff700 1 -- 172.21.15.12:0/3958051612 --> [v2:172.21.15.12:3300/0,v1:172.21.15.12:6789/0] -- mon_subscribe({config=0+,monmap=0+}) v3 -- 0x7fee04107790 con 0x7fee04106590
2024-02-14T12:59:43.411 INFO:teuthology.orchestra.run.smithi012.stdout:/usr/bin/ceph: stderr
2024-02-14T12:59:42.530+0000 7fee03fff700 1 --2- 172.21.15.12:0/3958051612 >> [v2:172.21.15.12:3300/0,v1:172.21.15.12:6789/0] conn(0x7fee04106590 0x7fee041069b0 secure :-1 s=READY pgs=55 cs=0 l=1 rev1=1 crypto rx=0x7fedf40098a0 tx=0x7fedf4009bb0 comp rx=0 tx=0).ready entity=mon.0 client_cookie=d1e4738193280fb8 server_cookie=0 in_seq=0 out_seq=0
2024-02-14T12:59:43.411 INFO:teuthology.orchestra.run.smithi012.stdout:/usr/bin/ceph: stderr
2024-02-14T12:59:42.530+0000 7fee02ffd700 1 -- 172.21.15.12:0/3958051612 <== mon.0 v2:172.21.15.12:3300/0 1 ==== mon_map magic: 0 v1 ==== 205+0+0 (secure 0 0 0) 0x7fedf4004160 con 0x7fee04106590
2024-02-14T12:59:43.411 INFO:teuthology.orchestra.run.smithi012.stdout:/usr/bin/ceph: stderr
2024-02-14T12:59:42.530+0000 7fee02ffd700 1 -- 172.21.15.12:0/3958051612 <== mon.0 v2:172.21.15.12:3300/0 2 ==== config(27 keys) v1 ==== 1140+0+0 (secure 0 0 0) 0x7fedf40042c0 con 0x7fee04106590
2024-02-14T12:59:43.411 INFO:teuthology.orchestra.run.smithi012.stdout:/usr/bin/ceph: stderr
2024-02-14T12:59:42.530+0000 7fee02ffd700 1 -- 172.21.15.12:0/3958051612 <== mon.0 v2:172.21.15.12:3300/0 3 ==== mon_map magic: 0 v1 ==== 205+0+0 (secure 0 0 0) 0x7fedf4011a80 con 0x7fee04106590
2024-02-14T12:59:43.411 INFO:teuthology.orchestra.run.smithi012.stdout:/usr/bin/ceph: stderr
2024-02-14T12:59:42.531+0000 7fee0a7fb700 1 -- 172.21.15.12:0/3958051612 >> [v2:172.21.15.12:3300/0,v1:172.21.15.12:6789/0] conn(0x7fee04106590 msgr2=0x7fee041069b0 secure :-1 s=STATE_CONNECTION_ESTABLISHED l=1).mark_down
2024-02-14T12:59:43.411 INFO:teuthology.orchestra.run.smithi012.stdout:/usr/bin/ceph: stderr
2024-02-14T12:59:42.531+0000 7fee0a7fb700 1 --2- 172.21.15.12:0/3958051612 >> [v2:172.21.15.12:3300/0,v1:172.21.15.12:6789/0] conn(0x7fee04106590 0x7fee041069b0 secure :-1 s=READY pgs=55 cs=0 l=1 rev1=1 crypto rx=0x7fedf40098a0 tx=0x7fedf4009bb0 comp rx=0 tx=0).stop
2024-02-14T12:59:43.411 INFO:teuthology.orchestra.run.smithi012.stdout:/usr/bin/ceph: stderr
2024-02-14T12:59:42.531+0000 7fee0a7fb700 1 -- 172.21.15.12:0/3958051612 shutdown_connections
2024-02-14T12:59:43.411 INFO:teuthology.orchestra.run.smithi012.stdout:/usr/bin/ceph: stderr
2024-02-14T12:59:42.531+0000 7fee0a7fb700 1 --2- 172.21.15.12:0/3958051612 >> [v2:172.21.15.12:3300/0,v1:172.21.15.12:6789/0] conn(0x7fee04106590 0x7fee041069b0 unknown :-1 s=CLOSED pgs=55 cs=0 l=1 rev1=1 crypto rx=0 tx=0 comp rx=0 tx=0).stop
2024-02-14T12:59:43.411 INFO:teuthology.orchestra.run.smithi012.stdout:/usr/bin/ceph: stderr
2024-02-14T12:59:42.531+0000 7fee0a7fb700 1 -- 172.21.15.12:0/3958051612 >> 172.21.15.12:0/3958051612 conn(0x7fee04101b50 msgr2=0x7fee04103f70 unknown :-1 s=STATE_NONE l=0).mark_down
2024-02-14T12:59:43.411 INFO:teuthology.orchestra.run.smithi012.stdout:/usr/bin/ceph: stderr
2024-02-14T12:59:42.531+0000 7fee0a7fb700 1 -- 172.21.15.12:0/3958051612 shutdown_connections
2024-02-14T12:59:43.411 INFO:teuthology.orchestra.run.smithi012.stdout:/usr/bin/ceph: stderr
2024-02-14T12:59:42.531+0000 7fee0a7fb700 1 -- 172.21.15.12:0/3958051612 wait complete.
2024-02-14T12:59:43.411 INFO:teuthology.orchestra.run.smithi012.stdout:/usr/bin/ceph: stderr
2024-02-14T12:59:42.531+0000 7fee0a7fb700 1 Processor -- start
2024-02-14T12:59:43.411 INFO:teuthology.orchestra.run.smithi012.stdout:/usr/bin/ceph: stderr
2024-02-14T12:59:42.531+0000 7fee0a7fb700 1 -- start start
2024-02-14T12:59:43.411 INFO:teuthology.orchestra.run.smithi012.stdout:/usr/bin/ceph: stderr
2024-02-14T12:59:42.532+0000 7fee0a7fb700 1 --2- >> [v2:172.21.15.12:3300/0,v1:172.21.15.12:6789/0] conn(0x7fee04106590 0x7fee0419b490 unknown :-1 s=NONE pgs=0 cs=0 l=1 rev1=0 crypto rx=0 tx=0 comp rx=0 tx=0).connect
2024-02-14T12:59:43.412 INFO:teuthology.orchestra.run.smithi012.stdout:/usr/bin/ceph: stderr
2024-02-14T12:59:42.532+0000 7fee0a7fb700 1 -- --> [v2:172.21.15.12:3300/0,v1:172.21.15.12:6789/0] -- mon_getmap magic: 0 v1 -- 0x7fee0419b9d0 con 0x7fee04106590
2024-02-14T12:59:43.412 INFO:teuthology.orchestra.run.smithi012.stdout:/usr/bin/ceph: stderr
2024-02-14T12:59:42.532+0000 7fee03fff700 1 --2- >> [v2:172.21.15.12:3300/0,v1:172.21.15.12:6789/0] conn(0x7fee04106590 0x7fee0419b490 unknown :-1 s=BANNER_CONNECTING pgs=0 cs=0 l=1 rev1=0 crypto rx=0 tx=0 comp rx=0 tx=0)._handle_peer_banner_payload supported=3 required=0
2024-02-14T12:59:43.412 INFO:teuthology.orchestra.run.smithi012.stdout:/usr/bin/ceph: stderr
2024-02-14T12:59:42.532+0000 7fee03fff700 1 --2- >> [v2:172.21.15.12:3300/0,v1:172.21.15.12:6789/0] conn(0x7fee04106590 0x7fee0419b490 unknown :-1 s=HELLO_CONNECTING pgs=0 cs=0 l=1 rev1=1 crypto rx=0 tx=0 comp rx=0 tx=0).handle_hello peer v2:172.21.15.12:3300/0 says I am v2:172.21.15.12:59578/0 (socket says 172.21.15.12:59578)
2024-02-14T12:59:43.412 INFO:teuthology.orchestra.run.smithi012.stdout:/usr/bin/ceph: stderr
2024-02-14T12:59:42.532+0000 7fee03fff700 1 -- 172.21.15.12:0/463321344 learned_addr learned my addr 172.21.15.12:0/463321344 (peer_addr_for_me v2:172.21.15.12:0/0)
2024-02-14T12:59:43.412 INFO:teuthology.orchestra.run.smithi012.stdout:/usr/bin/ceph: stderr
2024-02-14T12:59:42.532+0000 7fee03fff700 1 -- 172.21.15.12:0/463321344 --> [v2:172.21.15.12:3300/0,v1:172.21.15.12:6789/0] -- mon_subscribe({config=0+,monmap=0+}) v3 -- 0x7fedf4009550 con 0x7fee04106590
2024-02-14T12:59:43.412 INFO:teuthology.orchestra.run.smithi012.stdout:/usr/bin/ceph: stderr
2024-02-14T12:59:42.532+0000 7fee03fff700 1 --2- 172.21.15.12:0/463321344 >> [v2:172.21.15.12:3300/0,v1:172.21.15.12:6789/0] conn(0x7fee04106590 0x7fee0419b490 secure :-1 s=READY pgs=56 cs=0 l=1 rev1=1 crypto rx=0x7fedf4011740 tx=0x7fedf4011b00 comp rx=0 tx=0).ready entity=mon.0 client_cookie=0 server_cookie=0 in_seq=0 out_seq=0
2024-02-14T12:59:43.412 INFO:teuthology.orchestra.run.smithi012.stdout:/usr/bin/ceph: stderr
2024-02-14T12:59:42.532+0000 7fee017fa700 1 -- 172.21.15.12:0/463321344 <== mon.0 v2:172.21.15.12:3300/0 1 ==== mon_map magic: 0 v1 ==== 205+0+0 (secure 0 0 0) 0x7fedf40039e0 con 0x7fee04106590
2024-02-14T12:59:43.412 INFO:teuthology.orchestra.run.smithi012.stdout:/usr/bin/ceph: stderr
2024-02-14T12:59:42.532+0000 7fee017fa700 1 -- 172.21.15.12:0/463321344 <== mon.0 v2:172.21.15.12:3300/0 2 ==== config(27 keys) v1 ==== 1140+0+0 (secure 0 0 0) 0x7fedf4003b40 con 0x7fee04106590
2024-02-14T12:59:43.412 INFO:teuthology.orchestra.run.smithi012.stdout:/usr/bin/ceph: stderr
2024-02-14T12:59:42.532+0000 7fee0a7fb700 1 -- 172.21.15.12:0/463321344 --> [v2:172.21.15.12:3300/0,v1:172.21.15.12:6789/0] -- mon_subscribe({mgrmap=0+}) v3 -- 0x7fee0419bbd0 con 0x7fee04106590
2024-02-14T12:59:43.412 INFO:teuthology.orchestra.run.smithi012.stdout:/usr/bin/ceph: stderr
2024-02-14T12:59:42.533+0000 7fee017fa700 1 -- 172.21.15.12:0/463321344 <== mon.0 v2:172.21.15.12:3300/0 3 ==== mon_map magic: 0 v1 ==== 205+0+0 (secure 0 0 0) 0x7fedf4024710 con 0x7fee04106590
2024-02-14T12:59:43.412 INFO:teuthology.orchestra.run.smithi012.stdout:/usr/bin/ceph: stderr
2024-02-14T12:59:42.533+0000 7fee0a7fb700 1 -- 172.21.15.12:0/463321344 --> [v2:172.21.15.12:3300/0,v1:172.21.15.12:6789/0] -- mon_subscribe({osdmap=0}) v3 -- 0x7fee0419c070 con 0x7fee04106590
2024-02-14T12:59:43.412 INFO:teuthology.orchestra.run.smithi012.stdout:/usr/bin/ceph: stderr
2024-02-14T12:59:42.533+0000 7fee017fa700 1 -- 172.21.15.12:0/463321344 <== mon.0 v2:172.21.15.12:3300/0 4 ==== mgrmap(e 9) v1 ==== 45945+0+0 (secure 0 0 0) 0x7fedf4024980 con 0x7fee04106590
2024-02-14T12:59:43.412 INFO:teuthology.orchestra.run.smithi012.stdout:/usr/bin/ceph: stderr
2024-02-14T12:59:42.533+0000 7fee0a7fb700 1 -- 172.21.15.12:0/463321344 --> [v2:172.21.15.12:3300/0,v1:172.21.15.12:6789/0] -- mon_command({"prefix": "get_command_descriptions"} v 0) v1 -- 0x7fee04195630 con 0x7fee04106590
2024-02-14T12:59:43.412 INFO:teuthology.orchestra.run.smithi012.stdout:/usr/bin/ceph: stderr
2024-02-14T12:59:42.534+0000 7fee017fa700 1 --2- 172.21.15.12:0/463321344 >> [v2:172.21.15.12:6800/955464513,v1:172.21.15.12:6801/955464513] conn(0x7fedf0038f40 0x7fedf003b400 unknown :-1 s=NONE pgs=0 cs=0 l=1 rev1=0 crypto rx=0 tx=0 comp rx=0 tx=0).connect
2024-02-14T12:59:43.413 INFO:teuthology.orchestra.run.smithi012.stdout:/usr/bin/ceph: stderr
2024-02-14T12:59:42.534+0000 7fee017fa700 1 -- 172.21.15.12:0/463321344 <== mon.0 v2:172.21.15.12:3300/0 5 ==== osd_map(2..2 src has 1..2) v4 ==== 940+0+0 (secure 0 0 0) 0x7fedf404d0e0 con 0x7fee04106590
2024-02-14T12:59:43.413 INFO:teuthology.orchestra.run.smithi012.stdout:/usr/bin/ceph: stderr
2024-02-14T12:59:42.534+0000 7fee037fe700 1 -- 172.21.15.12:0/463321344 >> [v2:172.21.15.12:6800/955464513,v1:172.21.15.12:6801/955464513] conn(0x7fedf0038f40 msgr2=0x7fedf003b400 unknown :-1 s=STATE_CONNECTING_RE l=1).process reconnect failed to v2:172.21.15.12:6800/955464513
2024-02-14T12:59:43.413 INFO:teuthology.orchestra.run.smithi012.stdout:/usr/bin/ceph: stderr
2024-02-14T12:59:42.534+0000 7fee037fe700 1 --2- 172.21.15.12:0/463321344 >> [v2:172.21.15.12:6800/955464513,v1:172.21.15.12:6801/955464513] conn(0x7fedf0038f40 0x7fedf003b400 unknown :-1 s=START_CONNECT pgs=0 cs=0 l=1 rev1=0 crypto rx=0 tx=0 comp rx=0 tx=0)._fault waiting 0.200000
2024-02-14T12:59:43.413 INFO:teuthology.orchestra.run.smithi012.stdout:/usr/bin/ceph: stderr
2024-02-14T12:59:42.538+0000 7fee017fa700 1 -- 172.21.15.12:0/463321344 <== mon.0 v2:172.21.15.12:3300/0 6 ==== mon_command_ack([{"prefix": "get_command_descriptions"}]=0 v0) v1 ==== 72+0+183564 (secure 0 0 0) 0x7fedf4022310 con 0x7fee04106590
2024-02-14T12:59:43.413 INFO:teuthology.orchestra.run.smithi012.stdout:/usr/bin/ceph: stderr
2024-02-14T12:59:42.735+0000 7fee037fe700 1 -- 172.21.15.12:0/463321344 >> [v2:172.21.15.12:6800/955464513,v1:172.21.15.12:6801/955464513] conn(0x7fedf0038f40 msgr2=0x7fedf003b400 unknown :-1 s=STATE_CONNECTING_RE l=1).process reconnect failed to v2:172.21.15.12:6800/955464513
2024-02-14T12:59:43.413 INFO:teuthology.orchestra.run.smithi012.stdout:/usr/bin/ceph: stderr
2024-02-14T12:59:42.735+0000 7fee037fe700 1 --2- 172.21.15.12:0/463321344 >> [v2:172.21.15.12:6800/955464513,v1:172.21.15.12:6801/955464513] conn(0x7fedf0038f40 0x7fedf003b400 unknown :-1 s=START_CONNECT pgs=0 cs=0 l=1 rev1=0 crypto rx=0 tx=0 comp rx=0 tx=0)._fault waiting 0.400000
2024-02-14T12:59:43.413 INFO:teuthology.orchestra.run.smithi012.stdout:/usr/bin/ceph: stderr
2024-02-14T12:59:42.799+0000 7fee0a7fb700 1 -- 172.21.15.12:0/463321344 --> [v2:172.21.15.12:3300/0,v1:172.21.15.12:6789/0] -- mon_command({"prefix": "mgr stat"} v 0) v1 -- 0x7fee0402d950 con 0x7fee04106590
2024-02-14T12:59:43.413 INFO:teuthology.orchestra.run.smithi012.stdout:/usr/bin/ceph: stderr
2024-02-14T12:59:42.799+0000 7fee017fa700 1 -- 172.21.15.12:0/463321344 <== mon.0 v2:172.21.15.12:3300/0 7 ==== mon_command_ack([{"prefix": "mgr stat"}]=0 v9) v1 ==== 56+0+88 (secure 0 0 0) 0x7fedf4018be0 con 0x7fee04106590
2024-02-14T12:59:43.413 INFO:teuthology.orchestra.run.smithi012.stdout:/usr/bin/ceph: stderr
2024-02-14T12:59:42.801+0000 7fee0a7fb700 1 -- 172.21.15.12:0/463321344 >> [v2:172.21.15.12:6800/955464513,v1:172.21.15.12:6801/955464513] conn(0x7fedf0038f40 msgr2=0x7fedf003b400 unknown :-1 s=STATE_CONNECTING l=1).mark_down
2024-02-14T12:59:43.413 INFO:teuthology.orchestra.run.smithi012.stdout:/usr/bin/ceph: stderr
2024-02-14T12:59:42.801+0000 7fee0a7fb700 1 --2- 172.21.15.12:0/463321344 >> [v2:172.21.15.12:6800/955464513,v1:172.21.15.12:6801/955464513] conn(0x7fedf0038f40 0x7fedf003b400 unknown :-1 s=START_CONNECT pgs=0 cs=0 l=1 rev1=0 crypto rx=0 tx=0 comp rx=0 tx=0).stop
2024-02-14T12:59:43.413 INFO:teuthology.orchestra.run.smithi012.stdout:/usr/bin/ceph: stderr
2024-02-14T12:59:42.801+0000 7fee0a7fb700 1 -- 172.21.15.12:0/463321344 >> [v2:172.21.15.12:3300/0,v1:172.21.15.12:6789/0] conn(0x7fee04106590 msgr2=0x7fee0419b490 secure :-1 s=STATE_CONNECTION_ESTABLISHED l=1).mark_down
2024-02-14T12:59:43.413 INFO:teuthology.orchestra.run.smithi012.stdout:/usr/bin/ceph: stderr
2024-02-14T12:59:42.801+0000 7fee0a7fb700 1 --2- 172.21.15.12:0/463321344 >> [v2:172.21.15.12:3300/0,v1:172.21.15.12:6789/0] conn(0x7fee04106590 0x7fee0419b490 secure :-1 s=READY pgs=56 cs=0 l=1 rev1=1 crypto rx=0x7fedf4011740 tx=0x7fedf4011b00 comp rx=0 tx=0).stop
2024-02-14T12:59:43.413 INFO:teuthology.orchestra.run.smithi012.stdout:/usr/bin/ceph: stderr
2024-02-14T12:59:42.801+0000 7fee0a7fb700 1 -- 172.21.15.12:0/463321344 shutdown_connections
2024-02-14T12:59:43.413 INFO:teuthology.orchestra.run.smithi012.stdout:/usr/bin/ceph: stderr
2024-02-14T12:59:42.801+0000 7fee0a7fb700 1 --2- 172.21.15.12:0/463321344 >> [v2:172.21.15.12:6800/955464513,v1:172.21.15.12:6801/955464513] conn(0x7fedf0038f40 0x7fedf003b400 unknown :-1 s=CLOSED pgs=0 cs=0 l=1 rev1=0 crypto rx=0 tx=0 comp rx=0 tx=0).stop
2024-02-14T12:59:43.413 INFO:teuthology.orchestra.run.smithi012.stdout:/usr/bin/ceph: stderr
2024-02-14T12:59:42.801+0000 7fee0a7fb700 1 --2- 172.21.15.12:0/463321344 >> [v2:172.21.15.12:3300/0,v1:172.21.15.12:6789/0] conn(0x7fee04106590 0x7fee0419b490 unknown :-1 s=CLOSED pgs=56 cs=0 l=1 rev1=1 crypto rx=0 tx=0 comp rx=0 tx=0).stop
2024-02-14T12:59:43.414 INFO:teuthology.orchestra.run.smithi012.stdout:/usr/bin/ceph: stderr
2024-02-14T12:59:42.801+0000 7fee0a7fb700 1 -- 172.21.15.12:0/463321344 >> 172.21.15.12:0/463321344 conn(0x7fee04101b50 msgr2=0x7fee041029a0 unknown :-1 s=STATE_NONE l=0).mark_down
2024-02-14T12:59:43.414 INFO:teuthology.orchestra.run.smithi012.stdout:/usr/bin/ceph: stderr
2024-02-14T12:59:42.801+0000 7fee0a7fb700 1 -- 172.21.15.12:0/463321344 shutdown_connections
2024-02-14T12:59:43.414 INFO:teuthology.orchestra.run.smithi012.stdout:/usr/bin/ceph: stderr
2024-02-14T12:59:42.801+0000 7fee0a7fb700 1 -- 172.21.15.12:0/463321344 wait complete.
2024-02-14T12:59:43.414 INFO:teuthology.orchestra.run.smithi012.stdout:Waiting for the mgr to restart...
2024-02-14T12:59:43.414 INFO:teuthology.orchestra.run.smithi012.stdout:Waiting for mgr epoch 9...
2024-02-14T12:59:43.527 INFO:journalctl@ceph.mgr.x.smithi012.stdout:Feb 14 12:59:43 smithi012 ceph-ab42aa14-cb38-11ee-95b9-87774f69a715-mgr-x[32605]:
2024-02-14T12:59:43.273+0000 7fc990aad200 -1 mgr[py] Module rgw has missing NOTIFY_TYPES member
2024-02-14T12:59:43.527 INFO:journalctl@ceph.mgr.x.smithi012.stdout:Feb 14 12:59:43 smithi012 ceph-ab42aa14-cb38-11ee-95b9-87774f69a715-mgr-x[32605]:
2024-02-14T12:59:43.385+0000 7fc990aad200 -1 mgr[py] Module rbd_support has missing NOTIFY_TYPES member
2024-02-14T12:59:43.528 INFO:journalctl@ceph.mgr.x.smithi012.stdout:Feb 14 12:59:43 smithi012 ceph-ab42aa14-cb38-11ee-95b9-87774f69a715-mgr-x[32605]:
2024-02-14T12:59:43.482+0000 7fc990aad200 -1 mgr[py] Module progress has missing NOTIFY_TYPES member
2024-02-14T12:59:43.829 INFO:journalctl@ceph.mgr.x.smithi012.stdout:Feb 14 12:59:43 smithi012 ceph-ab42aa14-cb38-11ee-95b9-87774f69a715-mgr-x[32605]:
2024-02-14T12:59:43.580+0000 7fc990aad200 -1 mgr[py] Module pg_autoscaler has missing NOTIFY_TYPES member
2024-02-14T12:59:43.829 INFO:journalctl@ceph.mgr.x.smithi012.stdout:Feb 14 12:59:43 smithi012 ceph-ab42aa14-cb38-11ee-95b9-87774f69a715-mgr-x[32605]:
2024-02-14T12:59:43.761+0000 7fc990aad200 -1 mgr[py] Module devicehealth has missing NOTIFY_TYPES member
2024-02-14T12:59:45.113 INFO:journalctl@ceph.mgr.x.smithi012.stdout:Feb 14 12:59:44 smithi012 ceph-ab42aa14-cb38-11ee-95b9-87774f69a715-mgr-x[32605]:
2024-02-14T12:59:44.757+0000 7fc990aad200 -1 mgr[py] Module rook has missing NOTIFY_TYPES member
2024-02-14T12:59:45.113 INFO:journalctl@ceph.mgr.x.smithi012.stdout:Feb 14 12:59:44 smithi012 ceph-ab42aa14-cb38-11ee-95b9-87774f69a715-mgr-x[32605]:
2024-02-14T12:59:44.894+0000 7fc990aad200 -1 mgr[py] Module diskprediction_local has missing NOTIFY_TYPES member
2024-02-14T12:59:45.467 INFO:journalctl@ceph.mgr.x.smithi012.stdout:Feb 14 12:59:45 smithi012 ceph-ab42aa14-cb38-11ee-95b9-87774f69a715-mgr-x[32605]:
2024-02-14T12:59:45.242+0000 7fc990aad200 -1 mgr[py] Module selftest has missing NOTIFY_TYPES member
2024-02-14T12:59:45.467 INFO:journalctl@ceph.mgr.x.smithi012.stdout:Feb 14 12:59:45 smithi012 ceph-ab42aa14-cb38-11ee-95b9-87774f69a715-mgr-x[32605]:
2024-02-14T12:59:45.338+0000 7fc990aad200 -1 mgr[py] Module telegraf has missing NOTIFY_TYPES member
2024-02-14T12:59:45.909 INFO:journalctl@ceph.mgr.x.smithi012.stdout:Feb 14 12:59:45 smithi012 ceph-ab42aa14-cb38-11ee-95b9-87774f69a715-mgr-x[32605]:
2024-02-14T12:59:45.542+0000 7fc990aad200 -1 mgr[py] Module test_orchestrator has missing NOTIFY_TYPES member
2024-02-14T12:59:45.909 INFO:journalctl@ceph.mgr.x.smithi012.stdout:Feb 14 12:59:45 smithi012 ceph-ab42aa14-cb38-11ee-95b9-87774f69a715-mgr-x[32605]:
2024-02-14T12:59:45.732+0000 7fc990aad200 -1 mgr[py] Module crash has missing NOTIFY_TYPES member
2024-02-14T12:59:46.217 INFO:journalctl@ceph.mgr.x.smithi012.stdout:Feb 14 12:59:46 smithi012 ceph-ab42aa14-cb38-11ee-95b9-87774f69a715-mgr-x[32605]:
2024-02-14T12:59:46.027+0000 7fc990aad200 -1 mgr[py] Module orchestrator has missing NOTIFY_TYPES member
2024-02-14T12:59:46.717 INFO:journalctl@ceph.mgr.x.smithi012.stdout:Feb 14 12:59:46 smithi012 ceph-ab42aa14-cb38-11ee-95b9-87774f69a715-mgr-x[32605]:
2024-02-14T12:59:46.290+0000 7fc990aad200 -1 mgr[py] Module osd_support has missing NOTIFY_TYPES member
2024-02-14T12:59:46.717 INFO:journalctl@ceph.mgr.x.smithi012.stdout:Feb 14 12:59:46 smithi012 ceph-ab42aa14-cb38-11ee-95b9-87774f69a715-mgr-x[32605]:
2024-02-14T12:59:46.530+0000 7fc990aad200 -1 mgr[py] Module volumes has missing NOTIFY_TYPES member
2024-02-14T12:59:47.717 INFO:journalctl@ceph.mgr.x.smithi012.stdout:Feb 14 12:59:47 smithi012 ceph-ab42aa14-cb38-11ee-95b9-87774f69a715-mgr-x[32605]:
2024-02-14T12:59:47.352+0000 7fc990aad200 -1 mgr[py] Module telemetry has missing NOTIFY_TYPES member
2024-02-14T12:59:48.217 INFO:journalctl@ceph.mgr.x.smithi012.stdout:Feb 14 12:59:47 smithi012 ceph-ab42aa14-cb38-11ee-95b9-87774f69a715-mgr-x[32605]:
2024-02-14T12:59:47.937+0000 7fc990aad200 -1 mgr[py] Module prometheus has missing NOTIFY_TYPES member
2024-02-14T12:59:48.217 INFO:journalctl@ceph.mgr.x.smithi012.stdout:Feb 14 12:59:48 smithi012 ceph-ab42aa14-cb38-11ee-95b9-87774f69a715-mgr-x[32605]:
2024-02-14T12:59:48.038+0000 7fc990aad200 -1 mgr[py] Module status has missing NOTIFY_TYPES member
2024-02-14T12:59:48.717 INFO:journalctl@ceph.mgr.x.smithi012.stdout:Feb 14 12:59:48 smithi012 ceph-ab42aa14-cb38-11ee-95b9-87774f69a715-mgr-x[32605]:
2024-02-14T12:59:48.258+0000 7fc990aad200 -1 mgr[py] Module nfs has missing NOTIFY_TYPES member
2024-02-14T12:59:48.717 INFO:journalctl@ceph.mon.a.smithi012.stdout:Feb 14 12:59:48 smithi012 ceph-mon[32370]: Active manager daemon x restarted
2024-02-14T12:59:48.717 INFO:journalctl@ceph.mon.a.smithi012.stdout:Feb 14 12:59:48 smithi012 ceph-mon[32370]: Activating manager daemon x
2024-02-14T12:59:48.717 INFO:journalctl@ceph.mon.a.smithi012.stdout:Feb 14 12:59:48 smithi012 ceph-mon[32370]: osdmap e3: 0 total, 0 up, 0 in
2024-02-14T12:59:48.717 INFO:journalctl@ceph.mon.a.smithi012.stdout:Feb 14 12:59:48 smithi012 ceph-mon[32370]: mgrmap e10: x(active, starting, since 0.00323325s)
2024-02-14T12:59:48.718 INFO:journalctl@ceph.mon.a.smithi012.stdout:Feb 14 12:59:48 smithi012 ceph-mon[32370]: from='mgr.14148 172.21.15.12:0/3044730930' entity='mgr.x' cmd=[{"prefix": "mon metadata", "id": "a"}]: dispatch
2024-02-14T12:59:48.718 INFO:journalctl@ceph.mon.a.smithi012.stdout:Feb 14 12:59:48 smithi012 ceph-mon[32370]: from='mgr.14148 172.21.15.12:0/3044730930' entity='mgr.x' cmd=[{"prefix": "mgr metadata", "who": "x", "id": "x"}]: dispatch
2024-02-14T12:59:48.718 INFO:journalctl@ceph.mon.a.smithi012.stdout:Feb 14 12:59:48 smithi012 ceph-mon[32370]: from='mgr.14148 172.21.15.12:0/3044730930' entity='mgr.x' cmd=[{"prefix": "mds metadata"}]: dispatch
2024-02-14T12:59:48.718 INFO:journalctl@ceph.mon.a.smithi012.stdout:Feb 14 12:59:48 smithi012 ceph-mon[32370]: from='mgr.14148 172.21.15.12:0/3044730930' entity='mgr.x' cmd=[{"prefix": "osd metadata"}]: dispatch
2024-02-14T12:59:48.718 INFO:journalctl@ceph.mon.a.smithi012.stdout:Feb 14 12:59:48 smithi012 ceph-mon[32370]: from='mgr.14148 172.21.15.12:0/3044730930' entity='mgr.x' cmd=[{"prefix": "mon metadata"}]: dispatch
2024-02-14T12:59:48.718 INFO:journalctl@ceph.mon.a.smithi012.stdout:Feb 14 12:59:48 smithi012 ceph-mon[32370]: Manager daemon x is now available
2024-02-14T12:59:48.718 INFO:journalctl@ceph.mon.a.smithi012.stdout:Feb 14 12:59:48 smithi012 ceph-mon[32370]: from='mgr.14148 172.21.15.12:0/3044730930' entity='mgr.x' cmd=[{"prefix": "config dump", "format": "json"}]: dispatch
2024-02-14T12:59:48.718 INFO:journalctl@ceph.mon.a.smithi012.stdout:Feb 14 12:59:48 smithi012 ceph-mon[32370]: from='mgr.14148 172.21.15.12:0/3044730930' entity='mgr.x' cmd=[{"prefix": "config dump", "format": "json"}]: dispatch
2024-02-14T12:59:49.717 INFO:journalctl@ceph.mon.a.smithi012.stdout:Feb 14 12:59:49 smithi012 ceph-mon[32370]: from='mgr.14148 172.21.15.12:0/3044730930' entity='mgr.x' cmd=[{"prefix":"config rm","who":"mgr","name":"mgr/rbd_support/x/mirror_snapshot_schedule"}]: dispatch
2024-02-14T12:59:49.717 INFO:journalctl@ceph.mon.a.smithi012.stdout:Feb 14 12:59:49 smithi012 ceph-mon[32370]: from='mgr.14148 172.21.15.12:0/3044730930' entity='mgr.x' cmd=[{"prefix":"config rm","who":"mgr","name":"mgr/rbd_support/x/trash_purge_schedule"}]: dispatch
2024-02-14T12:59:49.717 INFO:journalctl@ceph.mon.a.smithi012.stdout:Feb 14 12:59:49 smithi012 ceph-mon[32370]: [14/Feb/2024:12:59:48] ENGINE Bus STARTING
2024-02-14T12:59:49.717 INFO:journalctl@ceph.mon.a.smithi012.stdout:Feb 14 12:59:49 smithi012 ceph-mon[32370]: [14/Feb/2024:12:59:49] ENGINE Serving on http://172.21.15.12:8765
2024-02-14T12:59:49.717 INFO:journalctl@ceph.mon.a.smithi012.stdout:Feb 14 12:59:49 smithi012 ceph-mon[32370]: [14/Feb/2024:12:59:49] ENGINE Serving on https://172.21.15.12:7150
2024-02-14T12:59:49.717 INFO:journalctl@ceph.mon.a.smithi012.stdout:Feb 14 12:59:49 smithi012 ceph-mon[32370]: [14/Feb/2024:12:59:49] ENGINE Bus STARTED
2024-02-14T12:59:49.718 INFO:journalctl@ceph.mon.a.smithi012.stdout:Feb 14 12:59:49 smithi012 ceph-mon[32370]: from='client.14152 -' entity='client.admin' cmd=[{"prefix": "get_command_descriptions"}]: dispatch
2024-02-14T12:59:49.718 INFO:journalctl@ceph.mon.a.smithi012.stdout:Feb 14 12:59:49 smithi012 ceph-mon[32370]: mgrmap e11: x(active, since 1.00539s)
2024-02-14T12:59:49.718 INFO:journalctl@ceph.mon.a.smithi012.stdout:Feb 14 12:59:49 smithi012 ceph-mon[32370]: from='client.14152 -' entity='client.admin' cmd=[{"prefix": "mgr_status"}]: dispatch
2024-02-14T12:59:50.080 INFO:teuthology.orchestra.run.smithi012.stdout:/usr/bin/ceph: stdout {
2024-02-14T12:59:50.080 INFO:teuthology.orchestra.run.smithi012.stdout:/usr/bin/ceph: stdout "mgrmap_epoch": 11,
2024-02-14T12:59:50.080 INFO:teuthology.orchestra.run.smithi012.stdout:/usr/bin/ceph: stdout "initialized": true
2024-02-14T12:59:50.080 INFO:teuthology.orchestra.run.smithi012.stdout:/usr/bin/ceph: stdout }
2024-02-14T12:59:50.080 INFO:teuthology.orchestra.run.smithi012.stdout:/usr/bin/ceph: stderr
2024-02-14T12:59:43.844+0000 7fc7733cd700 1 Processor -- start
2024-02-14T12:59:50.080 INFO:teuthology.orchestra.run.smithi012.stdout:/usr/bin/ceph: stderr
2024-02-14T12:59:43.844+0000 7fc7733cd700 1 -- start start
2024-02-14T12:59:50.080 INFO:teuthology.orchestra.run.smithi012.stdout:/usr/bin/ceph: stderr
2024-02-14T12:59:43.845+0000 7fc7733cd700 1 --2- >> [v2:172.21.15.12:3300/0,v1:172.21.15.12:6789/0] conn(0x7fc76c106590 0x7fc76c1069b0 unknown :-1 s=NONE pgs=0 cs=0 l=0 rev1=0 crypto rx=0 tx=0 comp rx=0 tx=0).connect
2024-02-14T12:59:50.080 INFO:teuthology.orchestra.run.smithi012.stdout:/usr/bin/ceph: stderr
2024-02-14T12:59:43.845+0000 7fc7733cd700 1 -- --> [v2:172.21.15.12:3300/0,v1:172.21.15.12:6789/0] -- mon_getmap magic: 0 v1 -- 0x7fc76c106f80 con 0x7fc76c106590
2024-02-14T12:59:50.080 INFO:teuthology.orchestra.run.smithi012.stdout:/usr/bin/ceph: stderr
2024-02-14T12:59:43.845+0000 7fc771169700 1 --2- >> [v2:172.21.15.12:3300/0,v1:172.21.15.12:6789/0] conn(0x7fc76c106590 0x7fc76c1069b0 unknown :-1 s=BANNER_CONNECTING pgs=0 cs=0 l=0 rev1=0 crypto rx=0 tx=0 comp rx=0 tx=0)._handle_peer_banner_payload supported=3 required=0
2024-02-14T12:59:50.080 INFO:teuthology.orchestra.run.smithi012.stdout:/usr/bin/ceph: stderr
2024-02-14T12:59:43.845+0000 7fc771169700 1 --2- >> [v2:172.21.15.12:3300/0,v1:172.21.15.12:6789/0] conn(0x7fc76c106590 0x7fc76c1069b0 unknown :-1 s=HELLO_CONNECTING pgs=0 cs=0 l=0 rev1=1 crypto rx=0 tx=0 comp rx=0 tx=0).handle_hello peer v2:172.21.15.12:3300/0 says I am v2:172.21.15.12:59582/0 (socket says 172.21.15.12:59582)
2024-02-14T12:59:50.081 INFO:teuthology.orchestra.run.smithi012.stdout:/usr/bin/ceph: stderr
2024-02-14T12:59:43.845+0000 7fc771169700 1 -- 172.21.15.12:0/374893086 learned_addr learned my addr 172.21.15.12:0/374893086 (peer_addr_for_me v2:172.21.15.12:0/0)
2024-02-14T12:59:50.081 INFO:teuthology.orchestra.run.smithi012.stdout:/usr/bin/ceph: stderr
2024-02-14T12:59:43.845+0000 7fc771169700 1 -- 172.21.15.12:0/374893086 --> [v2:172.21.15.12:3300/0,v1:172.21.15.12:6789/0] -- mon_subscribe({config=0+,monmap=0+}) v3 -- 0x7fc76c107790 con 0x7fc76c106590
2024-02-14T12:59:50.081 INFO:teuthology.orchestra.run.smithi012.stdout:/usr/bin/ceph: stderr
2024-02-14T12:59:43.845+0000 7fc771169700 1 --2- 172.21.15.12:0/374893086 >> [v2:172.21.15.12:3300/0,v1:172.21.15.12:6789/0] conn(0x7fc76c106590 0x7fc76c1069b0 secure :-1 s=READY pgs=57 cs=0 l=1 rev1=1 crypto rx=0x7fc7680098a0 tx=0x7fc768009bb0 comp rx=0 tx=0).ready entity=mon.0 client_cookie=5887ccef95212d23 server_cookie=0 in_seq=0 out_seq=0
2024-02-14T12:59:50.081 INFO:teuthology.orchestra.run.smithi012.stdout:/usr/bin/ceph: stderr
2024-02-14T12:59:43.846+0000 7fc75ffff700 1 -- 172.21.15.12:0/374893086 <== mon.0 v2:172.21.15.12:3300/0 1 ==== mon_map magic: 0 v1 ==== 205+0+0 (secure 0 0 0) 0x7fc768004160 con 0x7fc76c106590
2024-02-14T12:59:50.081 INFO:teuthology.orchestra.run.smithi012.stdout:/usr/bin/ceph: stderr
2024-02-14T12:59:43.846+0000 7fc75ffff700 1 -- 172.21.15.12:0/374893086 <== mon.0 v2:172.21.15.12:3300/0 2 ==== config(27 keys) v1 ==== 1140+0+0 (secure 0 0 0) 0x7fc7680042c0 con 0x7fc76c106590
2024-02-14T12:59:50.081 INFO:teuthology.orchestra.run.smithi012.stdout:/usr/bin/ceph: stderr
2024-02-14T12:59:43.846+0000 7fc75ffff700 1 -- 172.21.15.12:0/374893086 <== mon.0 v2:172.21.15.12:3300/0 3 ==== mon_map magic: 0 v1 ==== 205+0+0 (secure 0 0 0) 0x7fc768011a80 con 0x7fc76c106590
2024-02-14T12:59:50.081 INFO:teuthology.orchestra.run.smithi012.stdout:/usr/bin/ceph: stderr
2024-02-14T12:59:43.846+0000 7fc7733cd700 1 -- 172.21.15.12:0/374893086 >> [v2:172.21.15.12:3300/0,v1:172.21.15.12:6789/0] conn(0x7fc76c106590 msgr2=0x7fc76c1069b0 secure :-1 s=STATE_CONNECTION_ESTABLISHED l=1).mark_down
2024-02-14T12:59:50.081 INFO:teuthology.orchestra.run.smithi012.stdout:/usr/bin/ceph: stderr
2024-02-14T12:59:43.846+0000 7fc7733cd700 1 --2- 172.21.15.12:0/374893086 >> [v2:172.21.15.12:3300/0,v1:172.21.15.12:6789/0] conn(0x7fc76c106590 0x7fc76c1069b0 secure :-1 s=READY pgs=57 cs=0 l=1 rev1=1 crypto rx=0x7fc7680098a0 tx=0x7fc768009bb0 comp rx=0 tx=0).stop
2024-02-14T12:59:50.081 INFO:teuthology.orchestra.run.smithi012.stdout:/usr/bin/ceph: stderr
2024-02-14T12:59:43.846+0000 7fc7733cd700 1 -- 172.21.15.12:0/374893086 shutdown_connections
2024-02-14T12:59:50.081 INFO:teuthology.orchestra.run.smithi012.stdout:/usr/bin/ceph: stderr
2024-02-14T12:59:43.846+0000 7fc7733cd700 1 --2- 172.21.15.12:0/374893086 >> [v2:172.21.15.12:3300/0,v1:172.21.15.12:6789/0] conn(0x7fc76c106590 0x7fc76c1069b0 unknown :-1 s=CLOSED pgs=57 cs=0 l=1 rev1=1 crypto rx=0 tx=0 comp rx=0 tx=0).stop
2024-02-14T12:59:50.081 INFO:teuthology.orchestra.run.smithi012.stdout:/usr/bin/ceph: stderr
2024-02-14T12:59:43.846+0000 7fc7733cd700 1 -- 172.21.15.12:0/374893086 >> 172.21.15.12:0/374893086 conn(0x7fc76c101b70 msgr2=0x7fc76c103f90 unknown :-1 s=STATE_NONE l=0).mark_down
2024-02-14T12:59:50.081 INFO:teuthology.orchestra.run.smithi012.stdout:/usr/bin/ceph: stderr
2024-02-14T12:59:43.846+0000 7fc7733cd700 1 -- 172.21.15.12:0/374893086 shutdown_connections
2024-02-14T12:59:50.081 INFO:teuthology.orchestra.run.smithi012.stdout:/usr/bin/ceph: stderr
2024-02-14T12:59:43.846+0000 7fc7733cd700 1 -- 172.21.15.12:0/374893086 wait complete.
2024-02-14T12:59:50.081 INFO:teuthology.orchestra.run.smithi012.stdout:/usr/bin/ceph: stderr
2024-02-14T12:59:43.847+0000 7fc7733cd700 1 Processor -- start
2024-02-14T12:59:50.082 INFO:teuthology.orchestra.run.smithi012.stdout:/usr/bin/ceph: stderr
2024-02-14T12:59:43.847+0000 7fc7733cd700 1 -- start start
2024-02-14T12:59:50.082 INFO:teuthology.orchestra.run.smithi012.stdout:/usr/bin/ceph: stderr
2024-02-14T12:59:43.847+0000 7fc7733cd700 1 --2- >> [v2:172.21.15.12:3300/0,v1:172.21.15.12:6789/0] conn(0x7fc76c106590 0x7fc76c0750e0 unknown :-1 s=NONE pgs=0 cs=0 l=1 rev1=0 crypto rx=0 tx=0 comp rx=0 tx=0).connect
2024-02-14T12:59:50.082 INFO:teuthology.orchestra.run.smithi012.stdout:/usr/bin/ceph: stderr
2024-02-14T12:59:43.847+0000 7fc7733cd700 1 -- --> [v2:172.21.15.12:3300/0,v1:172.21.15.12:6789/0] -- mon_getmap magic: 0 v1 -- 0x7fc76c19e150 con 0x7fc76c106590
2024-02-14T12:59:50.082 INFO:teuthology.orchestra.run.smithi012.stdout:/usr/bin/ceph: stderr
2024-02-14T12:59:43.848+0000 7fc771169700 1 --2- >> [v2:172.21.15.12:3300/0,v1:172.21.15.12:6789/0] conn(0x7fc76c106590 0x7fc76c0750e0 unknown :-1 s=BANNER_CONNECTING pgs=0 cs=0 l=1 rev1=0 crypto rx=0 tx=0 comp rx=0 tx=0)._handle_peer_banner_payload supported=3 required=0
2024-02-14T12:59:50.082 INFO:teuthology.orchestra.run.smithi012.stdout:/usr/bin/ceph: stderr
2024-02-14T12:59:43.848+0000 7fc771169700 1 --2- >> [v2:172.21.15.12:3300/0,v1:172.21.15.12:6789/0] conn(0x7fc76c106590 0x7fc76c0750e0 unknown :-1 s=HELLO_CONNECTING pgs=0 cs=0 l=1 rev1=1 crypto rx=0 tx=0 comp rx=0 tx=0).handle_hello peer v2:172.21.15.12:3300/0 says I am v2:172.21.15.12:59596/0 (socket says 172.21.15.12:59596)
2024-02-14T12:59:50.082 INFO:teuthology.orchestra.run.smithi012.stdout:/usr/bin/ceph: stderr
2024-02-14T12:59:43.848+0000 7fc771169700 1 -- 172.21.15.12:0/981927866 learned_addr learned my addr 172.21.15.12:0/981927866 (peer_addr_for_me v2:172.21.15.12:0/0)
2024-02-14T12:59:50.082 INFO:teuthology.orchestra.run.smithi012.stdout:/usr/bin/ceph: stderr
2024-02-14T12:59:43.848+0000 7fc771169700 1 -- 172.21.15.12:0/981927866 --> [v2:172.21.15.12:3300/0,v1:172.21.15.12:6789/0] -- mon_subscribe({config=0+,monmap=0+}) v3 -- 0x7fc768009550 con 0x7fc76c106590
2024-02-14T12:59:50.082 INFO:teuthology.orchestra.run.smithi012.stdout:/usr/bin/ceph: stderr
2024-02-14T12:59:43.848+0000 7fc771169700 1 --2- 172.21.15.12:0/981927866 >> [v2:172.21.15.12:3300/0,v1:172.21.15.12:6789/0] conn(0x7fc76c106590 0x7fc76c0750e0 secure :-1 s=READY pgs=58 cs=0 l=1 rev1=1 crypto rx=0x7fc768011740 tx=0x7fc768011b00 comp rx=0 tx=0).ready entity=mon.0 client_cookie=0 server_cookie=0 in_seq=0 out_seq=0
2024-02-14T12:59:50.082 INFO:teuthology.orchestra.run.smithi012.stdout:/usr/bin/ceph: stderr
2024-02-14T12:59:43.848+0000 7fc75e7fc700 1 -- 172.21.15.12:0/981927866 <== mon.0 v2:172.21.15.12:3300/0 1 ==== mon_map magic: 0 v1 ==== 205+0+0 (secure 0 0 0) 0x7fc7680039e0 con 0x7fc76c106590
2024-02-14T12:59:50.082 INFO:teuthology.orchestra.run.smithi012.stdout:/usr/bin/ceph: stderr
2024-02-14T12:59:43.848+0000 7fc75e7fc700 1 -- 172.21.15.12:0/981927866 <== mon.0 v2:172.21.15.12:3300/0 2 ==== config(27 keys) v1 ==== 1140+0+0 (secure 0 0 0) 0x7fc768003b40 con 0x7fc76c106590
2024-02-14T12:59:50.082 INFO:teuthology.orchestra.run.smithi012.stdout:/usr/bin/ceph: stderr
2024-02-14T12:59:43.848+0000 7fc7733cd700 1 -- 172.21.15.12:0/981927866 --> [v2:172.21.15.12:3300/0,v1:172.21.15.12:6789/0] -- mon_subscribe({mgrmap=0+}) v3 -- 0x7fc76c19e290 con 0x7fc76c106590
2024-02-14T12:59:50.082 INFO:teuthology.orchestra.run.smithi012.stdout:/usr/bin/ceph: stderr
2024-02-14T12:59:43.849+0000 7fc75e7fc700 1 -- 172.21.15.12:0/981927866 <== mon.0 v2:172.21.15.12:3300/0 3 ==== mon_map magic: 0 v1 ==== 205+0+0 (secure 0 0 0) 0x7fc768024740 con 0x7fc76c106590
2024-02-14T12:59:50.082 INFO:teuthology.orchestra.run.smithi012.stdout:/usr/bin/ceph: stderr
2024-02-14T12:59:43.849+0000 7fc75e7fc700 1 -- 172.21.15.12:0/981927866 <== mon.0 v2:172.21.15.12:3300/0 4 ==== mgrmap(e 9) v1 ==== 45945+0+0 (secure 0 0 0) 0x7fc7680193c0 con 0x7fc76c106590
2024-02-14T12:59:50.082 INFO:teuthology.orchestra.run.smithi012.stdout:/usr/bin/ceph: stderr
2024-02-14T12:59:43.849+0000 7fc7733cd700 1 -- 172.21.15.12:0/981927866 --> [v2:172.21.15.12:3300/0,v1:172.21.15.12:6789/0] -- mon_subscribe({osdmap=0}) v3 -- 0x7fc76c19e670 con 0x7fc76c106590
2024-02-14T12:59:50.083 INFO:teuthology.orchestra.run.smithi012.stdout:/usr/bin/ceph: stderr
2024-02-14T12:59:43.849+0000 7fc75e7fc700 1 --2- 172.21.15.12:0/981927866 >> [v2:172.21.15.12:6800/955464513,v1:172.21.15.12:6801/955464513] conn(0x7fc758038b90 0x7fc75803b050 unknown :-1 s=NONE pgs=0 cs=0 l=1 rev1=0 crypto rx=0 tx=0 comp rx=0 tx=0).connect
2024-02-14T12:59:50.083 INFO:teuthology.orchestra.run.smithi012.stdout:/usr/bin/ceph: stderr
2024-02-14T12:59:43.849+0000 7fc75e7fc700 1 -- 172.21.15.12:0/981927866 <== mon.0 v2:172.21.15.12:3300/0 5 ==== osd_map(2..2 src has 1..2) v4 ==== 940+0+0 (secure 0 0 0) 0x7fc768052580 con 0x7fc76c106590
2024-02-14T12:59:50.083 INFO:teuthology.orchestra.run.smithi012.stdout:/usr/bin/ceph: stderr
2024-02-14T12:59:43.849+0000 7fc770968700 1 -- 172.21.15.12:0/981927866 >> [v2:172.21.15.12:6800/955464513,v1:172.21.15.12:6801/955464513] conn(0x7fc758038b90 msgr2=0x7fc75803b050 unknown :-1 s=STATE_CONNECTING_RE l=1).process reconnect failed to v2:172.21.15.12:6800/955464513
2024-02-14T12:59:50.083 INFO:teuthology.orchestra.run.smithi012.stdout:/usr/bin/ceph: stderr
2024-02-14T12:59:43.849+0000 7fc770968700 1 --2- 172.21.15.12:0/981927866 >> [v2:172.21.15.12:6800/955464513,v1:172.21.15.12:6801/955464513] conn(0x7fc758038b90 0x7fc75803b050 unknown :-1 s=START_CONNECT pgs=0 cs=0 l=1 rev1=0 crypto rx=0 tx=0 comp rx=0 tx=0)._fault waiting 0.200000
2024-02-14T12:59:50.083 INFO:teuthology.orchestra.run.smithi012.stdout:/usr/bin/ceph: stderr
2024-02-14T12:59:43.850+0000 7fc7733cd700 1 -- 172.21.15.12:0/981927866 --> [v2:172.21.15.12:6800/955464513,v1:172.21.15.12:6801/955464513] -- command(tid 0: {"prefix": "get_command_descriptions"}) v1 -- 0x7fc76c10a9c0 con 0x7fc758038b90
2024-02-14T12:59:50.083 INFO:teuthology.orchestra.run.smithi012.stdout:/usr/bin/ceph: stderr
2024-02-14T12:59:44.050+0000 7fc770968700 1 -- 172.21.15.12:0/981927866 >> [v2:172.21.15.12:6800/955464513,v1:172.21.15.12:6801/955464513] conn(0x7fc758038b90 msgr2=0x7fc75803b050 unknown :-1 s=STATE_CONNECTING_RE l=1).process reconnect failed to v2:172.21.15.12:6800/955464513
2024-02-14T12:59:50.083 INFO:teuthology.orchestra.run.smithi012.stdout:/usr/bin/ceph: stderr
2024-02-14T12:59:44.050+0000 7fc770968700 1 --2- 172.21.15.12:0/981927866 >> [v2:172.21.15.12:6800/955464513,v1:172.21.15.12:6801/955464513] conn(0x7fc758038b90 0x7fc75803b050 unknown :-1 s=START_CONNECT pgs=0 cs=0 l=1 rev1=0 crypto rx=0 tx=0 comp rx=0 tx=0)._fault waiting 0.400000
2024-02-14T12:59:50.083 INFO:teuthology.orchestra.run.smithi012.stdout:/usr/bin/ceph: stderr
2024-02-14T12:59:44.451+0000 7fc770968700 1 -- 172.21.15.12:0/981927866 >> [v2:172.21.15.12:6800/955464513,v1:172.21.15.12:6801/955464513] conn(0x7fc758038b90 msgr2=0x7fc75803b050 unknown :-1 s=STATE_CONNECTING_RE l=1).process reconnect failed to v2:172.21.15.12:6800/955464513
2024-02-14T12:59:50.083 INFO:teuthology.orchestra.run.smithi012.stdout:/usr/bin/ceph: stderr
2024-02-14T12:59:44.451+0000 7fc770968700 1 --2- 172.21.15.12:0/981927866 >> [v2:172.21.15.12:6800/955464513,v1:172.21.15.12:6801/955464513] conn(0x7fc758038b90 0x7fc75803b050 unknown :-1 s=START_CONNECT pgs=0 cs=0 l=1 rev1=0 crypto rx=0 tx=0 comp rx=0 tx=0)._fault waiting 0.800000
2024-02-14T12:59:50.083 INFO:teuthology.orchestra.run.smithi012.stdout:/usr/bin/ceph: stderr
2024-02-14T12:59:45.252+0000 7fc770968700 1 -- 172.21.15.12:0/981927866 >> [v2:172.21.15.12:6800/955464513,v1:172.21.15.12:6801/955464513] conn(0x7fc758038b90 msgr2=0x7fc75803b050 unknown :-1 s=STATE_CONNECTING_RE l=1).process reconnect failed to v2:172.21.15.12:6800/955464513
2024-02-14T12:59:50.083 INFO:teuthology.orchestra.run.smithi012.stdout:/usr/bin/ceph: stderr
2024-02-14T12:59:45.252+0000 7fc770968700 1 --2- 172.21.15.12:0/981927866 >> [v2:172.21.15.12:6800/955464513,v1:172.21.15.12:6801/955464513] conn(0x7fc758038b90 0x7fc75803b050 unknown :-1 s=START_CONNECT pgs=0 cs=0 l=1 rev1=0 crypto rx=0 tx=0 comp rx=0 tx=0)._fault waiting 1.600000
2024-02-14T12:59:50.083 INFO:teuthology.orchestra.run.smithi012.stdout:/usr/bin/ceph: stderr
2024-02-14T12:59:46.853+0000 7fc770968700 1 -- 172.21.15.12:0/981927866 >> [v2:172.21.15.12:6800/955464513,v1:172.21.15.12:6801/955464513] conn(0x7fc758038b90 msgr2=0x7fc75803b050 unknown :-1 s=STATE_CONNECTING_RE l=1).process reconnect failed to v2:172.21.15.12:6800/955464513
2024-02-14T12:59:50.083 INFO:teuthology.orchestra.run.smithi012.stdout:/usr/bin/ceph: stderr
2024-02-14T12:59:46.853+0000 7fc770968700 1 --2- 172.21.15.12:0/981927866 >> [v2:172.21.15.12:6800/955464513,v1:172.21.15.12:6801/955464513] conn(0x7fc758038b90 0x7fc75803b050 unknown :-1 s=START_CONNECT pgs=0 cs=0 l=1 rev1=0 crypto rx=0 tx=0 comp rx=0 tx=0)._fault waiting 3.200000
2024-02-14T12:59:50.083 INFO:teuthology.orchestra.run.smithi012.stdout:/usr/bin/ceph: stderr
2024-02-14T12:59:48.273+0000 7fc75e7fc700 1 -- 172.21.15.12:0/981927866 <== mon.0 v2:172.21.15.12:3300/0 6 ==== mgrmap(e 10) v1 ==== 45712+0+0 (secure 0 0 0) 0x7fc76801ab10 con 0x7fc76c106590
2024-02-14T12:59:50.083 INFO:teuthology.orchestra.run.smithi012.stdout:/usr/bin/ceph: stderr
2024-02-14T12:59:48.273+0000 7fc75e7fc700 1 -- 172.21.15.12:0/981927866 >> [v2:172.21.15.12:6800/955464513,v1:172.21.15.12:6801/955464513] conn(0x7fc758038b90 msgr2=0x7fc75803b050 unknown :-1 s=STATE_CONNECTING l=1).mark_down
2024-02-14T12:59:50.084 INFO:teuthology.orchestra.run.smithi012.stdout:/usr/bin/ceph: stderr
2024-02-14T12:59:48.273+0000 7fc75e7fc700 1 --2- 172.21.15.12:0/981927866 >> [v2:172.21.15.12:6800/955464513,v1:172.21.15.12:6801/955464513] conn(0x7fc758038b90 0x7fc75803b050 unknown :-1 s=START_CONNECT pgs=0 cs=0 l=1 rev1=0 crypto rx=0 tx=0 comp rx=0 tx=0).stop
2024-02-14T12:59:50.084 INFO:teuthology.orchestra.run.smithi012.stdout:/usr/bin/ceph: stderr
2024-02-14T12:59:49.274+0000 7fc75e7fc700 1 -- 172.21.15.12:0/981927866 <== mon.0 v2:172.21.15.12:3300/0 7 ==== mgrmap(e 11) v1 ==== 45839+0+0 (secure 0 0 0) 0x7fc76801dd90 con 0x7fc76c106590
2024-02-14T12:59:50.084 INFO:teuthology.orchestra.run.smithi012.stdout:/usr/bin/ceph: stderr
2024-02-14T12:59:49.274+0000 7fc75e7fc700 1 --2- 172.21.15.12:0/981927866 >> [v2:172.21.15.12:6800/1684027624,v1:172.21.15.12:6801/1684027624] conn(0x7fc75803c560 0x7fc75803e950 unknown :-1 s=NONE pgs=0 cs=0 l=1 rev1=0 crypto rx=0 tx=0 comp rx=0 tx=0).connect
2024-02-14T12:59:50.084 INFO:teuthology.orchestra.run.smithi012.stdout:/usr/bin/ceph: stderr
2024-02-14T12:59:49.274+0000 7fc75e7fc700 1 -- 172.21.15.12:0/981927866 --> [v2:172.21.15.12:6800/1684027624,v1:172.21.15.12:6801/1684027624] -- command(tid 0: {"prefix": "get_command_descriptions"}) v1 -- 0x7fc76c10a9c0 con 0x7fc75803c560
2024-02-14T12:59:50.084 INFO:teuthology.orchestra.run.smithi012.stdout:/usr/bin/ceph: stderr
2024-02-14T12:59:49.275+0000 7fc770968700 1 --2- 172.21.15.12:0/981927866 >> [v2:172.21.15.12:6800/1684027624,v1:172.21.15.12:6801/1684027624] conn(0x7fc75803c560 0x7fc75803e950 unknown :-1 s=BANNER_CONNECTING pgs=0 cs=0 l=1 rev1=0 crypto rx=0 tx=0 comp rx=0 tx=0)._handle_peer_banner_payload supported=3 required=0
2024-02-14T12:59:50.084 INFO:teuthology.orchestra.run.smithi012.stdout:/usr/bin/ceph: stderr
2024-02-14T12:59:49.275+0000 7fc770968700 1 --2- 172.21.15.12:0/981927866 >> [v2:172.21.15.12:6800/1684027624,v1:172.21.15.12:6801/1684027624] conn(0x7fc75803c560 0x7fc75803e950 secure :-1 s=READY pgs=1 cs=0 l=1 rev1=1 crypto rx=0x7fc760003a10 tx=0x7fc760009270 comp rx=0 tx=0).ready entity=mgr.14148 client_cookie=0 server_cookie=0 in_seq=0 out_seq=0
2024-02-14T12:59:50.084 INFO:teuthology.orchestra.run.smithi012.stdout:/usr/bin/ceph: stderr
2024-02-14T12:59:49.276+0000 7fc75e7fc700 1 -- 172.21.15.12:0/981927866 <== mgr.14148 v2:172.21.15.12:6800/1684027624 1 ==== command_reply(tid 0: 0 ) v1 ==== 8+0+7774 (secure 0 0 0) 0x7fc76c10a9c0 con 0x7fc75803c560
2024-02-14T12:59:50.084 INFO:teuthology.orchestra.run.smithi012.stdout:/usr/bin/ceph: stderr
2024-02-14T12:59:49.283+0000 7fc7733cd700 1 -- 172.21.15.12:0/981927866 --> [v2:172.21.15.12:6800/1684027624,v1:172.21.15.12:6801/1684027624] -- command(tid 1: {"prefix": "mgr_status"}) v1 -- 0x7fc76c10ab30 con 0x7fc75803c560
2024-02-14T12:59:50.084 INFO:teuthology.orchestra.run.smithi012.stdout:/usr/bin/ceph: stderr
2024-02-14T12:59:49.283+0000 7fc75e7fc700 1 -- 172.21.15.12:0/981927866 <== mgr.14148 v2:172.21.15.12:6800/1684027624 2 ==== command_reply(tid 1: 0 ) v1 ==== 8+0+52 (secure 0 0 0) 0x7fc76c10ab30 con 0x7fc75803c560
2024-02-14T12:59:50.084 INFO:teuthology.orchestra.run.smithi012.stdout:/usr/bin/ceph: stderr
2024-02-14T12:59:49.283+0000 7fc7733cd700 1 -- 172.21.15.12:0/981927866 >> [v2:172.21.15.12:6800/1684027624,v1:172.21.15.12:6801/1684027624] conn(0x7fc75803c560 msgr2=0x7fc75803e950 secure :-1 s=STATE_CONNECTION_ESTABLISHED l=1).mark_down
2024-02-14T12:59:50.084 INFO:teuthology.orchestra.run.smithi012.stdout:/usr/bin/ceph: stderr
2024-02-14T12:59:49.283+0000 7fc7733cd700 1 --2- 172.21.15.12:0/981927866 >> [v2:172.21.15.12:6800/1684027624,v1:172.21.15.12:6801/1684027624] conn(0x7fc75803c560 0x7fc75803e950 secure :-1 s=READY pgs=1 cs=0 l=1 rev1=1 crypto rx=0x7fc760003a10 tx=0x7fc760009270 comp rx=0 tx=0).stop
2024-02-14T12:59:50.084 INFO:teuthology.orchestra.run.smithi012.stdout:/usr/bin/ceph: stderr
2024-02-14T12:59:49.283+0000 7fc7733cd700 1 -- 172.21.15.12:0/981927866 >> [v2:172.21.15.12:3300/0,v1:172.21.15.12:6789/0] conn(0x7fc76c106590 msgr2=0x7fc76c0750e0 secure :-1 s=STATE_CONNECTION_ESTABLISHED l=1).mark_down
2024-02-14T12:59:50.084 INFO:teuthology.orchestra.run.smithi012.stdout:/usr/bin/ceph: stderr
2024-02-14T12:59:49.283+0000 7fc7733cd700 1 --2- 172.21.15.12:0/981927866 >> [v2:172.21.15.12:3300/0,v1:172.21.15.12:6789/0] conn(0x7fc76c106590 0x7fc76c0750e0 secure :-1 s=READY pgs=58 cs=0 l=1 rev1=1 crypto rx=0x7fc768011740 tx=0x7fc768011b00 comp rx=0 tx=0).stop
2024-02-14T12:59:50.084 INFO:teuthology.orchestra.run.smithi012.stdout:/usr/bin/ceph: stderr
2024-02-14T12:59:49.283+0000 7fc7733cd700 1 -- 172.21.15.12:0/981927866 shutdown_connections
2024-02-14T12:59:50.085 INFO:teuthology.orchestra.run.smithi012.stdout:/usr/bin/ceph: stderr
2024-02-14T12:59:49.283+0000 7fc7733cd700 1 --2- 172.21.15.12:0/981927866 >> [v2:172.21.15.12:6800/1684027624,v1:172.21.15.12:6801/1684027624] conn(0x7fc75803c560 0x7fc75803e950 unknown :-1 s=CLOSED pgs=1 cs=0 l=1 rev1=1 crypto rx=0 tx=0 comp rx=0 tx=0).stop
2024-02-14T12:59:50.085 INFO:teuthology.orchestra.run.smithi012.stdout:/usr/bin/ceph: stderr
2024-02-14T12:59:49.283+0000 7fc7733cd700 1 --2- 172.21.15.12:0/981927866 >> [v2:172.21.15.12:3300/0,v1:172.21.15.12:6789/0] conn(0x7fc76c106590 0x7fc76c0750e0 unknown :-1 s=CLOSED pgs=58 cs=0 l=1 rev1=1 crypto rx=0 tx=0 comp rx=0 tx=0).stop
2024-02-14T12:59:50.085 INFO:teuthology.orchestra.run.smithi012.stdout:/usr/bin/ceph: stderr
2024-02-14T12:59:49.283+0000 7fc7733cd700 1 --2- 172.21.15.12:0/981927866 >> [v2:172.21.15.12:6800/955464513,v1:172.21.15.12:6801/955464513] conn(0x7fc758038b90 0x7fc75803b050 unknown :-1 s=CLOSED pgs=0 cs=0 l=1 rev1=0 crypto rx=0 tx=0 comp rx=0 tx=0).stop
2024-02-14T12:59:50.085 INFO:teuthology.orchestra.run.smithi012.stdout:/usr/bin/ceph: stderr
2024-02-14T12:59:49.283+0000 7fc7733cd700 1 -- 172.21.15.12:0/981927866 >> 172.21.15.12:0/981927866 conn(0x7fc76c101b70 msgr2=0x7fc76c102650 unknown :-1 s=STATE_NONE l=0).mark_down
2024-02-14T12:59:50.085 INFO:teuthology.orchestra.run.smithi012.stdout:/usr/bin/ceph: stderr
2024-02-14T12:59:49.283+0000 7fc7733cd700 1 -- 172.21.15.12:0/981927866 shutdown_connections
2024-02-14T12:59:50.085 INFO:teuthology.orchestra.run.smithi012.stdout:/usr/bin/ceph: stderr
2024-02-14T12:59:49.283+0000 7fc7733cd700 1 -- 172.21.15.12:0/981927866 wait complete.
2024-02-14T12:59:50.085 INFO:teuthology.orchestra.run.smithi012.stdout:mgr epoch 9 is available
2024-02-14T12:59:50.085 INFO:teuthology.orchestra.run.smithi012.stdout:Generating a dashboard self-signed certificate...
2024-02-14T12:59:51.143 INFO:journalctl@ceph.mon.a.smithi012.stdout:Feb 14 12:59:50 smithi012 ceph-mon[32370]: from='mgr.14148 172.21.15.12:0/3044730930' entity='mgr.x'
2024-02-14T12:59:51.417 INFO:teuthology.orchestra.run.smithi012.stdout:/usr/bin/ceph: stdout Self-signed certificate created
2024-02-14T12:59:51.417 INFO:teuthology.orchestra.run.smithi012.stdout:/usr/bin/ceph: stderr
2024-02-14T12:59:50.524+0000 7f75d0bcc700 1 Processor -- start
