2024-02-14T14:53:28.058+0000 7f6608a4a700 1 -- 172.21.15.17:0/22940278 <== mon.0 v2:172.21.15.17:3300/0 6 ==== mon_command_ack([{"prefix": "get_command_descriptions"}]=0 v0) v1 ==== 72+0+183564 (secure 0 0 0) 0x7f65f4010740 con 0x7f6604106ad0
2024-02-14T14:53:29.050 INFO:teuthology.orchestra.run.smithi017.stdout:/usr/bin/ceph: stderr
2024-02-14T14:53:28.290+0000 7f6609a4c700 1 -- 172.21.15.17:0/22940278 --> [v2:172.21.15.17:6800/1044675107,v1:172.21.15.17:6801/1044675107] -- mgr_command(tid 0: {"prefix": "orch apply", "service_type": "mon", "unmanaged": true, "target": ["mon-mgr", ""]}) v1 -- 0x7f6604102650 con 0x7f65ec038f30
2024-02-14T14:53:29.050 INFO:teuthology.orchestra.run.smithi017.stdout:/usr/bin/ceph: stderr
2024-02-14T14:53:28.294+0000 7f6608a4a700 1 -- 172.21.15.17:0/22940278 <== mgr.14118 v2:172.21.15.17:6800/1044675107 1 ==== mgr_command_reply(tid 0: 0 ) v1 ==== 8+0+24 (secure 0 0 0) 0x7f6604102650 con 0x7f65ec038f30
2024-02-14T14:53:29.051 INFO:teuthology.orchestra.run.smithi017.stdout:/usr/bin/ceph: stderr
2024-02-14T14:53:28.297+0000 7f6609a4c700 1 -- 172.21.15.17:0/22940278 >> [v2:172.21.15.17:6800/1044675107,v1:172.21.15.17:6801/1044675107] conn(0x7f65ec038f30 msgr2=0x7f65ec03b3f0 secure :-1 s=STATE_CONNECTION_ESTABLISHED l=1).mark_down
2024-02-14T14:53:29.051 INFO:teuthology.orchestra.run.smithi017.stdout:/usr/bin/ceph: stderr
2024-02-14T14:53:28.297+0000 7f6609a4c700 1 --2- 172.21.15.17:0/22940278 >> [v2:172.21.15.17:6800/1044675107,v1:172.21.15.17:6801/1044675107] conn(0x7f65ec038f30 0x7f65ec03b3f0 secure :-1 s=READY pgs=12 cs=0 l=1 rev1=1 crypto rx=0x7f65f8006fd0 tx=0x7f65f8006e40 comp rx=0 tx=0).stop
2024-02-14T14:53:29.051 INFO:teuthology.orchestra.run.smithi017.stdout:/usr/bin/ceph: stderr
2024-02-14T14:53:28.297+0000 7f6609a4c700 1 -- 172.21.15.17:0/22940278 >> [v2:172.21.15.17:3300/0,v1:172.21.15.17:6789/0] conn(0x7f6604106ad0 msgr2=0x7f66041060b0 secure :-1 s=STATE_CONNECTION_ESTABLISHED l=1).mark_down
2024-02-14T14:53:29.051 INFO:teuthology.orchestra.run.smithi017.stdout:/usr/bin/ceph: stderr
2024-02-14T14:53:28.297+0000 7f6609a4c700 1 --2- 172.21.15.17:0/22940278 >> [v2:172.21.15.17:3300/0,v1:172.21.15.17:6789/0] conn(0x7f6604106ad0 0x7f66041060b0 secure :-1 s=READY pgs=46 cs=0 l=1 rev1=1 crypto rx=0x7f65f4011a70 tx=0x7f65f4011b50 comp rx=0 tx=0).stop
2024-02-14T14:53:29.051 INFO:teuthology.orchestra.run.smithi017.stdout:/usr/bin/ceph: stderr
2024-02-14T14:53:28.297+0000 7f6609a4c700 1 -- 172.21.15.17:0/22940278 shutdown_connections
2024-02-14T14:53:29.051 INFO:teuthology.orchestra.run.smithi017.stdout:/usr/bin/ceph: stderr
2024-02-14T14:53:28.297+0000 7f6609a4c700 1 --2- 172.21.15.17:0/22940278 >> [v2:172.21.15.17:6800/1044675107,v1:172.21.15.17:6801/1044675107] conn(0x7f65ec038f30 0x7f65ec03b3f0 unknown :-1 s=CLOSED pgs=12 cs=0 l=1 rev1=1 crypto rx=0 tx=0 comp rx=0 tx=0).stop
2024-02-14T14:53:29.051 INFO:teuthology.orchestra.run.smithi017.stdout:/usr/bin/ceph: stderr
2024-02-14T14:53:28.297+0000 7f6609a4c700 1 --2- 172.21.15.17:0/22940278 >> [v2:172.21.15.17:3300/0,v1:172.21.15.17:6789/0] conn(0x7f6604106ad0 0x7f66041060b0 unknown :-1 s=CLOSED pgs=46 cs=0 l=1 rev1=1 crypto rx=0 tx=0 comp rx=0 tx=0).stop
2024-02-14T14:53:29.051 INFO:teuthology.orchestra.run.smithi017.stdout:/usr/bin/ceph: stderr
2024-02-14T14:53:28.297+0000 7f6609a4c700 1 -- 172.21.15.17:0/22940278 >> 172.21.15.17:0/22940278 conn(0x7f6604101370 msgr2=0x7f6604101f40 unknown :-1 s=STATE_NONE l=0).mark_down
2024-02-14T14:53:29.051 INFO:teuthology.orchestra.run.smithi017.stdout:/usr/bin/ceph: stderr
2024-02-14T14:53:28.297+0000 7f6609a4c700 1 -- 172.21.15.17:0/22940278 shutdown_connections
2024-02-14T14:53:29.051 INFO:teuthology.orchestra.run.smithi017.stdout:/usr/bin/ceph: stderr
2024-02-14T14:53:28.297+0000 7f6609a4c700 1 -- 172.21.15.17:0/22940278 wait complete.
2024-02-14T14:53:29.051 INFO:teuthology.orchestra.run.smithi017.stdout:Deploying unmanaged mgr service...
2024-02-14T14:53:29.582 INFO:journalctl@ceph.mon.a.smithi017.stdout:Feb 14 14:53:29 smithi017 ceph-mon[32549]: from='client.14140 -' entity='client.admin' cmd=[{"prefix": "orch apply", "service_type": "mon", "unmanaged": true, "target": ["mon-mgr", ""]}]: dispatch
2024-02-14T14:53:29.582 INFO:journalctl@ceph.mon.a.smithi017.stdout:Feb 14 14:53:29 smithi017 ceph-mon[32549]: Saving service mon spec with placement count:5
2024-02-14T14:53:29.582 INFO:journalctl@ceph.mon.a.smithi017.stdout:Feb 14 14:53:29 smithi017 ceph-mon[32549]: from='mgr.14118 172.21.15.17:0/2237814527' entity='mgr.x'
2024-02-14T14:53:30.841 INFO:teuthology.orchestra.run.smithi017.stdout:/usr/bin/ceph: stdout Scheduled mgr update...
2024-02-14T14:53:30.841 INFO:teuthology.orchestra.run.smithi017.stdout:/usr/bin/ceph: stderr
2024-02-14T14:53:29.438+0000 7fe0aed9d700 1 Processor -- start
2024-02-14T14:53:30.841 INFO:teuthology.orchestra.run.smithi017.stdout:/usr/bin/ceph: stderr
2024-02-14T14:53:29.438+0000 7fe0aed9d700 1 -- start start
2024-02-14T14:53:30.841 INFO:teuthology.orchestra.run.smithi017.stdout:/usr/bin/ceph: stderr
2024-02-14T14:53:29.438+0000 7fe0aed9d700 1 --2- >> [v2:172.21.15.17:3300/0,v1:172.21.15.17:6789/0] conn(0x7fe0a8106590 0x7fe0a81069b0 unknown :-1 s=NONE pgs=0 cs=0 l=0 rev1=0 crypto rx=0 tx=0 comp rx=0 tx=0).connect
2024-02-14T14:53:30.841 INFO:teuthology.orchestra.run.smithi017.stdout:/usr/bin/ceph: stderr
2024-02-14T14:53:29.438+0000 7fe0aed9d700 1 -- --> [v2:172.21.15.17:3300/0,v1:172.21.15.17:6789/0] -- mon_getmap magic: 0 v1 -- 0x7fe0a8106f80 con 0x7fe0a8106590
2024-02-14T14:53:30.841 INFO:teuthology.orchestra.run.smithi017.stdout:/usr/bin/ceph: stderr
2024-02-14T14:53:29.438+0000 7fe0acb39700 1 --2- >> [v2:172.21.15.17:3300/0,v1:172.21.15.17:6789/0] conn(0x7fe0a8106590 0x7fe0a81069b0 unknown :-1 s=BANNER_CONNECTING pgs=0 cs=0 l=0 rev1=0 crypto rx=0 tx=0 comp rx=0 tx=0)._handle_peer_banner_payload supported=3 required=0
2024-02-14T14:53:30.842 INFO:teuthology.orchestra.run.smithi017.stdout:/usr/bin/ceph: stderr
2024-02-14T14:53:29.438+0000 7fe0acb39700 1 --2- >> [v2:172.21.15.17:3300/0,v1:172.21.15.17:6789/0] conn(0x7fe0a8106590 0x7fe0a81069b0 unknown :-1 s=HELLO_CONNECTING pgs=0 cs=0 l=0 rev1=1 crypto rx=0 tx=0 comp rx=0 tx=0).handle_hello peer v2:172.21.15.17:3300/0 says I am v2:172.21.15.17:60220/0 (socket says 172.21.15.17:60220)
2024-02-14T14:53:30.842 INFO:teuthology.orchestra.run.smithi017.stdout:/usr/bin/ceph: stderr
2024-02-14T14:53:29.438+0000 7fe0acb39700 1 -- 172.21.15.17:0/4113838096 learned_addr learned my addr 172.21.15.17:0/4113838096 (peer_addr_for_me v2:172.21.15.17:0/0)
2024-02-14T14:53:30.842 INFO:teuthology.orchestra.run.smithi017.stdout:/usr/bin/ceph: stderr
2024-02-14T14:53:29.439+0000 7fe0acb39700 1 -- 172.21.15.17:0/4113838096 --> [v2:172.21.15.17:3300/0,v1:172.21.15.17:6789/0] -- mon_subscribe({config=0+,monmap=0+}) v3 -- 0x7fe0a8107790 con 0x7fe0a8106590
2024-02-14T14:53:30.842 INFO:teuthology.orchestra.run.smithi017.stdout:/usr/bin/ceph: stderr
2024-02-14T14:53:29.439+0000 7fe0acb39700 1 --2- 172.21.15.17:0/4113838096 >> [v2:172.21.15.17:3300/0,v1:172.21.15.17:6789/0] conn(0x7fe0a8106590 0x7fe0a81069b0 secure :-1 s=READY pgs=47 cs=0 l=1 rev1=1 crypto rx=0x7fe09c0098a0 tx=0x7fe09c009bb0 comp rx=0 tx=0).ready entity=mon.0 client_cookie=f6cdcc90272ee291 server_cookie=0 in_seq=0 out_seq=0
2024-02-14T14:53:30.842 INFO:teuthology.orchestra.run.smithi017.stdout:/usr/bin/ceph: stderr
2024-02-14T14:53:29.439+0000 7fe0a77fe700 1 -- 172.21.15.17:0/4113838096 <== mon.0 v2:172.21.15.17:3300/0 1 ==== mon_map magic: 0 v1 ==== 205+0+0 (secure 0 0 0) 0x7fe09c004160 con 0x7fe0a8106590
2024-02-14T14:53:30.842 INFO:teuthology.orchestra.run.smithi017.stdout:/usr/bin/ceph: stderr
2024-02-14T14:53:29.439+0000 7fe0a77fe700 1 -- 172.21.15.17:0/4113838096 <== mon.0 v2:172.21.15.17:3300/0 2 ==== config(27 keys) v1 ==== 1109+0+0 (secure 0 0 0) 0x7fe09c0042c0 con 0x7fe0a8106590
2024-02-14T14:53:30.842 INFO:teuthology.orchestra.run.smithi017.stdout:/usr/bin/ceph: stderr
2024-02-14T14:53:29.439+0000 7fe0a77fe700 1 -- 172.21.15.17:0/4113838096 <== mon.0 v2:172.21.15.17:3300/0 3 ==== mon_map magic: 0 v1 ==== 205+0+0 (secure 0 0 0) 0x7fe09c011ac0 con 0x7fe0a8106590
2024-02-14T14:53:30.842 INFO:teuthology.orchestra.run.smithi017.stdout:/usr/bin/ceph: stderr
2024-02-14T14:53:29.440+0000 7fe0aed9d700 1 -- 172.21.15.17:0/4113838096 >> [v2:172.21.15.17:3300/0,v1:172.21.15.17:6789/0] conn(0x7fe0a8106590 msgr2=0x7fe0a81069b0 secure :-1 s=STATE_CONNECTION_ESTABLISHED l=1).mark_down
2024-02-14T14:53:30.843 INFO:teuthology.orchestra.run.smithi017.stdout:/usr/bin/ceph: stderr
2024-02-14T14:53:29.440+0000 7fe0aed9d700 1 --2- 172.21.15.17:0/4113838096 >> [v2:172.21.15.17:3300/0,v1:172.21.15.17:6789/0] conn(0x7fe0a8106590 0x7fe0a81069b0 secure :-1 s=READY pgs=47 cs=0 l=1 rev1=1 crypto rx=0x7fe09c0098a0 tx=0x7fe09c009bb0 comp rx=0 tx=0).stop
2024-02-14T14:53:30.843 INFO:teuthology.orchestra.run.smithi017.stdout:/usr/bin/ceph: stderr
2024-02-14T14:53:29.440+0000 7fe0aed9d700 1 -- 172.21.15.17:0/4113838096 shutdown_connections
2024-02-14T14:53:30.843 INFO:teuthology.orchestra.run.smithi017.stdout:/usr/bin/ceph: stderr
2024-02-14T14:53:29.440+0000 7fe0aed9d700 1 --2- 172.21.15.17:0/4113838096 >> [v2:172.21.15.17:3300/0,v1:172.21.15.17:6789/0] conn(0x7fe0a8106590 0x7fe0a81069b0 unknown :-1 s=CLOSED pgs=47 cs=0 l=1 rev1=1 crypto rx=0 tx=0 comp rx=0 tx=0).stop
2024-02-14T14:53:30.843 INFO:teuthology.orchestra.run.smithi017.stdout:/usr/bin/ceph: stderr
2024-02-14T14:53:29.440+0000 7fe0aed9d700 1 -- 172.21.15.17:0/4113838096 >> 172.21.15.17:0/4113838096 conn(0x7fe0a8101b90 msgr2=0x7fe0a8103fb0 unknown :-1 s=STATE_NONE l=0).mark_down
2024-02-14T14:53:30.843 INFO:teuthology.orchestra.run.smithi017.stdout:/usr/bin/ceph: stderr
2024-02-14T14:53:29.440+0000 7fe0aed9d700 1 -- 172.21.15.17:0/4113838096 shutdown_connections
2024-02-14T14:53:30.843 INFO:teuthology.orchestra.run.smithi017.stdout:/usr/bin/ceph: stderr
2024-02-14T14:53:29.440+0000 7fe0aed9d700 1 -- 172.21.15.17:0/4113838096 wait complete.
2024-02-14T14:53:30.843 INFO:teuthology.orchestra.run.smithi017.stdout:/usr/bin/ceph: stderr
2024-02-14T14:53:29.440+0000 7fe0aed9d700 1 Processor -- start
2024-02-14T14:53:30.843 INFO:teuthology.orchestra.run.smithi017.stdout:/usr/bin/ceph: stderr
2024-02-14T14:53:29.440+0000 7fe0aed9d700 1 -- start start
2024-02-14T14:53:30.843 INFO:teuthology.orchestra.run.smithi017.stdout:/usr/bin/ceph: stderr
2024-02-14T14:53:29.440+0000 7fe0aed9d700 1 --2- >> [v2:172.21.15.17:3300/0,v1:172.21.15.17:6789/0] conn(0x7fe0a8106590 0x7fe0a819a420 unknown :-1 s=NONE pgs=0 cs=0 l=1 rev1=0 crypto rx=0 tx=0 comp rx=0 tx=0).connect
2024-02-14T14:53:30.844 INFO:teuthology.orchestra.run.smithi017.stdout:/usr/bin/ceph: stderr
2024-02-14T14:53:29.440+0000 7fe0aed9d700 1 -- --> [v2:172.21.15.17:3300/0,v1:172.21.15.17:6789/0] -- mon_getmap magic: 0 v1 -- 0x7fe0a819a960 con 0x7fe0a8106590
2024-02-14T14:53:30.844 INFO:teuthology.orchestra.run.smithi017.stdout:/usr/bin/ceph: stderr
2024-02-14T14:53:29.441+0000 7fe0acb39700 1 --2- >> [v2:172.21.15.17:3300/0,v1:172.21.15.17:6789/0] conn(0x7fe0a8106590 0x7fe0a819a420 unknown :-1 s=BANNER_CONNECTING pgs=0 cs=0 l=1 rev1=0 crypto rx=0 tx=0 comp rx=0 tx=0)._handle_peer_banner_payload supported=3 required=0
2024-02-14T14:53:30.844 INFO:teuthology.orchestra.run.smithi017.stdout:/usr/bin/ceph: stderr
2024-02-14T14:53:29.441+0000 7fe0acb39700 1 --2- >> [v2:172.21.15.17:3300/0,v1:172.21.15.17:6789/0] conn(0x7fe0a8106590 0x7fe0a819a420 unknown :-1 s=HELLO_CONNECTING pgs=0 cs=0 l=1 rev1=1 crypto rx=0 tx=0 comp rx=0 tx=0).handle_hello peer v2:172.21.15.17:3300/0 says I am v2:172.21.15.17:60228/0 (socket says 172.21.15.17:60228)
2024-02-14T14:53:30.844 INFO:teuthology.orchestra.run.smithi017.stdout:/usr/bin/ceph: stderr
2024-02-14T14:53:29.441+0000 7fe0acb39700 1 -- 172.21.15.17:0/1545041625 learned_addr learned my addr 172.21.15.17:0/1545041625 (peer_addr_for_me v2:172.21.15.17:0/0)
2024-02-14T14:53:30.844 INFO:teuthology.orchestra.run.smithi017.stdout:/usr/bin/ceph: stderr
2024-02-14T14:53:29.441+0000 7fe0acb39700 1 -- 172.21.15.17:0/1545041625 --> [v2:172.21.15.17:3300/0,v1:172.21.15.17:6789/0] -- mon_subscribe({config=0+,monmap=0+}) v3 -- 0x7fe09c009550 con 0x7fe0a8106590
2024-02-14T14:53:30.844 INFO:teuthology.orchestra.run.smithi017.stdout:/usr/bin/ceph: stderr
2024-02-14T14:53:29.441+0000 7fe0acb39700 1 --2- 172.21.15.17:0/1545041625 >> [v2:172.21.15.17:3300/0,v1:172.21.15.17:6789/0] conn(0x7fe0a8106590 0x7fe0a819a420 secure :-1 s=READY pgs=48 cs=0 l=1 rev1=1 crypto rx=0x7fe09c009fb0 tx=0x7fe09c011b20 comp rx=0 tx=0).ready entity=mon.0 client_cookie=0 server_cookie=0 in_seq=0 out_seq=0
2024-02-14T14:53:30.844 INFO:teuthology.orchestra.run.smithi017.stdout:/usr/bin/ceph: stderr
2024-02-14T14:53:29.441+0000 7fe0a5ffb700 1 -- 172.21.15.17:0/1545041625 <== mon.0 v2:172.21.15.17:3300/0 1 ==== mon_map magic: 0 v1 ==== 205+0+0 (secure 0 0 0) 0x7fe09c0038b0 con 0x7fe0a8106590
2024-02-14T14:53:30.844 INFO:teuthology.orchestra.run.smithi017.stdout:/usr/bin/ceph: stderr
2024-02-14T14:53:29.441+0000 7fe0a5ffb700 1 -- 172.21.15.17:0/1545041625 <== mon.0 v2:172.21.15.17:3300/0 2 ==== config(27 keys) v1 ==== 1109+0+0 (secure 0 0 0) 0x7fe09c003a10 con 0x7fe0a8106590
2024-02-14T14:53:30.844 INFO:teuthology.orchestra.run.smithi017.stdout:/usr/bin/ceph: stderr
2024-02-14T14:53:29.441+0000 7fe0a5ffb700 1 -- 172.21.15.17:0/1545041625 <== mon.0 v2:172.21.15.17:3300/0 3 ==== mon_map magic: 0 v1 ==== 205+0+0 (secure 0 0 0) 0x7fe09c0195e0 con 0x7fe0a8106590
2024-02-14T14:53:30.845 INFO:teuthology.orchestra.run.smithi017.stdout:/usr/bin/ceph: stderr
2024-02-14T14:53:29.441+0000 7fe0aed9d700 1 -- 172.21.15.17:0/1545041625 --> [v2:172.21.15.17:3300/0,v1:172.21.15.17:6789/0] -- mon_subscribe({mgrmap=0+}) v3 -- 0x7fe0a819ab60 con 0x7fe0a8106590
2024-02-14T14:53:30.845 INFO:teuthology.orchestra.run.smithi017.stdout:/usr/bin/ceph: stderr
2024-02-14T14:53:29.441+0000 7fe0aed9d700 1 -- 172.21.15.17:0/1545041625 --> [v2:172.21.15.17:3300/0,v1:172.21.15.17:6789/0] -- mon_subscribe({osdmap=0}) v3 -- 0x7fe0a819b000 con 0x7fe0a8106590
2024-02-14T14:53:30.845 INFO:teuthology.orchestra.run.smithi017.stdout:/usr/bin/ceph: stderr
2024-02-14T14:53:29.442+0000 7fe0a5ffb700 1 -- 172.21.15.17:0/1545041625 <== mon.0 v2:172.21.15.17:3300/0 4 ==== mgrmap(e 8) v1 ==== 45932+0+0 (secure 0 0 0) 0x7fe09c01aa10 con 0x7fe0a8106590
2024-02-14T14:53:30.845 INFO:teuthology.orchestra.run.smithi017.stdout:/usr/bin/ceph: stderr
2024-02-14T14:53:29.442+0000 7fe0aed9d700 1 -- 172.21.15.17:0/1545041625 --> [v2:172.21.15.17:3300/0,v1:172.21.15.17:6789/0] -- mon_command({"prefix": "get_command_descriptions"} v 0) v1 -- 0x7fe0a810a9c0 con 0x7fe0a8106590
2024-02-14T14:53:30.845 INFO:teuthology.orchestra.run.smithi017.stdout:/usr/bin/ceph: stderr
2024-02-14T14:53:29.442+0000 7fe0a5ffb700 1 --2- 172.21.15.17:0/1545041625 >> [v2:172.21.15.17:6800/1044675107,v1:172.21.15.17:6801/1044675107] conn(0x7fe098038ee0 0x7fe09803b3a0 unknown :-1 s=NONE pgs=0 cs=0 l=1 rev1=0 crypto rx=0 tx=0 comp rx=0 tx=0).connect
2024-02-14T14:53:30.845 INFO:teuthology.orchestra.run.smithi017.stdout:/usr/bin/ceph: stderr
2024-02-14T14:53:29.443+0000 7fe0a5ffb700 1 -- 172.21.15.17:0/1545041625 <== mon.0 v2:172.21.15.17:3300/0 5 ==== osd_map(2..2 src has 1..2) v4 ==== 940+0+0 (secure 0 0 0) 0x7fe09c04d090 con 0x7fe0a8106590
2024-02-14T14:53:30.845 INFO:teuthology.orchestra.run.smithi017.stdout:/usr/bin/ceph: stderr
2024-02-14T14:53:29.443+0000 7fe0a7fff700 1 --2- 172.21.15.17:0/1545041625 >> [v2:172.21.15.17:6800/1044675107,v1:172.21.15.17:6801/1044675107] conn(0x7fe098038ee0 0x7fe09803b3a0 unknown :-1 s=BANNER_CONNECTING pgs=0 cs=0 l=1 rev1=0 crypto rx=0 tx=0 comp rx=0 tx=0)._handle_peer_banner_payload supported=3 required=0
2024-02-14T14:53:30.845 INFO:teuthology.orchestra.run.smithi017.stdout:/usr/bin/ceph: stderr
2024-02-14T14:53:29.443+0000 7fe0a7fff700 1 --2- 172.21.15.17:0/1545041625 >> [v2:172.21.15.17:6800/1044675107,v1:172.21.15.17:6801/1044675107] conn(0x7fe098038ee0 0x7fe09803b3a0 secure :-1 s=READY pgs=13 cs=0 l=1 rev1=1 crypto rx=0x7fe094006fd0 tx=0x7fe094006e40 comp rx=0 tx=0).ready entity=mgr.14118 client_cookie=0 server_cookie=0 in_seq=0 out_seq=0
2024-02-14T14:53:30.846 INFO:teuthology.orchestra.run.smithi017.stdout:/usr/bin/ceph: stderr
2024-02-14T14:53:29.447+0000 7fe0a5ffb700 1 -- 172.21.15.17:0/1545041625 <== mon.0 v2:172.21.15.17:3300/0 6 ==== mon_command_ack([{"prefix": "get_command_descriptions"}]=0 v0) v1 ==== 72+0+183564 (secure 0 0 0) 0x7fe09c003b80 con 0x7fe0a8106590
2024-02-14T14:53:30.846 INFO:teuthology.orchestra.run.smithi017.stdout:/usr/bin/ceph: stderr
2024-02-14T14:53:29.666+0000 7fe0aed9d700 1 -- 172.21.15.17:0/1545041625 --> [v2:172.21.15.17:6800/1044675107,v1:172.21.15.17:6801/1044675107] -- mgr_command(tid 0: {"prefix": "orch apply", "service_type": "mgr", "unmanaged": true, "target": ["mon-mgr", ""]}) v1 -- 0x7fe0a8102e30 con 0x7fe098038ee0
2024-02-14T14:53:30.846 INFO:teuthology.orchestra.run.smithi017.stdout:/usr/bin/ceph: stderr
2024-02-14T14:53:29.671+0000 7fe0a5ffb700 1 -- 172.21.15.17:0/1545041625 <== mgr.14118 v2:172.21.15.17:6800/1044675107 1 ==== mgr_command_reply(tid 0: 0 ) v1 ==== 8+0+24 (secure 0 0 0) 0x7fe0a8102e30 con 0x7fe098038ee0
2024-02-14T14:53:30.846 INFO:teuthology.orchestra.run.smithi017.stdout:/usr/bin/ceph: stderr
2024-02-14T14:53:29.674+0000 7fe0aed9d700 1 -- 172.21.15.17:0/1545041625 >> [v2:172.21.15.17:6800/1044675107,v1:172.21.15.17:6801/1044675107] conn(0x7fe098038ee0 msgr2=0x7fe09803b3a0 secure :-1 s=STATE_CONNECTION_ESTABLISHED l=1).mark_down
2024-02-14T14:53:30.846 INFO:teuthology.orchestra.run.smithi017.stdout:/usr/bin/ceph: stderr
2024-02-14T14:53:29.674+0000 7fe0aed9d700 1 --2- 172.21.15.17:0/1545041625 >> [v2:172.21.15.17:6800/1044675107,v1:172.21.15.17:6801/1044675107] conn(0x7fe098038ee0 0x7fe09803b3a0 secure :-1 s=READY pgs=13 cs=0 l=1 rev1=1 crypto rx=0x7fe094006fd0 tx=0x7fe094006e40 comp rx=0 tx=0).stop
2024-02-14T14:53:30.846 INFO:teuthology.orchestra.run.smithi017.stdout:/usr/bin/ceph: stderr
2024-02-14T14:53:29.674+0000 7fe0aed9d700 1 -- 172.21.15.17:0/1545041625 >> [v2:172.21.15.17:3300/0,v1:172.21.15.17:6789/0] conn(0x7fe0a8106590 msgr2=0x7fe0a819a420 secure :-1 s=STATE_CONNECTION_ESTABLISHED l=1).mark_down
2024-02-14T14:53:30.846 INFO:teuthology.orchestra.run.smithi017.stdout:/usr/bin/ceph: stderr
2024-02-14T14:53:29.674+0000 7fe0aed9d700 1 --2- 172.21.15.17:0/1545041625 >> [v2:172.21.15.17:3300/0,v1:172.21.15.17:6789/0] conn(0x7fe0a8106590 0x7fe0a819a420 secure :-1 s=READY pgs=48 cs=0 l=1 rev1=1 crypto rx=0x7fe09c009fb0 tx=0x7fe09c011b20 comp rx=0 tx=0).stop
2024-02-14T14:53:30.846 INFO:teuthology.orchestra.run.smithi017.stdout:/usr/bin/ceph: stderr
2024-02-14T14:53:29.674+0000 7fe0aed9d700 1 -- 172.21.15.17:0/1545041625 shutdown_connections
2024-02-14T14:53:30.846 INFO:teuthology.orchestra.run.smithi017.stdout:/usr/bin/ceph: stderr
2024-02-14T14:53:29.674+0000 7fe0aed9d700 1 --2- 172.21.15.17:0/1545041625 >> [v2:172.21.15.17:6800/1044675107,v1:172.21.15.17:6801/1044675107] conn(0x7fe098038ee0 0x7fe09803b3a0 unknown :-1 s=CLOSED pgs=13 cs=0 l=1 rev1=1 crypto rx=0 tx=0 comp rx=0 tx=0).stop
2024-02-14T14:53:30.846 INFO:teuthology.orchestra.run.smithi017.stdout:/usr/bin/ceph: stderr
2024-02-14T14:53:29.674+0000 7fe0aed9d700 1 --2- 172.21.15.17:0/1545041625 >> [v2:172.21.15.17:3300/0,v1:172.21.15.17:6789/0] conn(0x7fe0a8106590 0x7fe0a819a420 unknown :-1 s=CLOSED pgs=48 cs=0 l=1 rev1=1 crypto rx=0 tx=0 comp rx=0 tx=0).stop
2024-02-14T14:53:30.847 INFO:teuthology.orchestra.run.smithi017.stdout:/usr/bin/ceph: stderr
2024-02-14T14:53:29.674+0000 7fe0aed9d700 1 -- 172.21.15.17:0/1545041625 >> 172.21.15.17:0/1545041625 conn(0x7fe0a8101b90 msgr2=0x7fe0a8102720 unknown :-1 s=STATE_NONE l=0).mark_down
2024-02-14T14:53:30.847 INFO:teuthology.orchestra.run.smithi017.stdout:/usr/bin/ceph: stderr
2024-02-14T14:53:29.674+0000 7fe0aed9d700 1 -- 172.21.15.17:0/1545041625 shutdown_connections
2024-02-14T14:53:30.847 INFO:teuthology.orchestra.run.smithi017.stdout:/usr/bin/ceph: stderr
2024-02-14T14:53:29.674+0000 7fe0aed9d700 1 -- 172.21.15.17:0/1545041625 wait complete.
2024-02-14T14:53:30.957 INFO:journalctl@ceph.mon.a.smithi017.stdout:Feb 14 14:53:30 smithi017 ceph-mon[32549]: from='client.14142 -' entity='client.admin' cmd=[{"prefix": "orch apply", "service_type": "mgr", "unmanaged": true, "target": ["mon-mgr", ""]}]: dispatch
2024-02-14T14:53:30.957 INFO:journalctl@ceph.mon.a.smithi017.stdout:Feb 14 14:53:30 smithi017 ceph-mon[32549]: Saving service mgr spec with placement count:2
2024-02-14T14:53:30.957 INFO:journalctl@ceph.mon.a.smithi017.stdout:Feb 14 14:53:30 smithi017 ceph-mon[32549]: from='mgr.14118 172.21.15.17:0/2237814527' entity='mgr.x'
2024-02-14T14:53:30.957 INFO:journalctl@ceph.mon.a.smithi017.stdout:Feb 14 14:53:30 smithi017 ceph-mon[32549]: from='mgr.14118 172.21.15.17:0/2237814527' entity='mgr.x'
2024-02-14T14:53:32.266 INFO:journalctl@ceph.mon.a.smithi017.stdout:Feb 14 14:53:31 smithi017 ceph-mon[32549]: from='mgr.14118 172.21.15.17:0/2237814527' entity='mgr.x'
2024-02-14T14:53:32.266 INFO:journalctl@ceph.mon.a.smithi017.stdout:Feb 14 14:53:31 smithi017 ceph-mon[32549]: from='client.? 172.21.15.17:0/2204467855' entity='client.admin'
2024-02-14T14:53:32.781 INFO:teuthology.orchestra.run.smithi017.stdout:/usr/bin/ceph: stderr
2024-02-14T14:53:31.270+0000 7f499ab31700 1 Processor -- start
2024-02-14T14:53:32.781 INFO:teuthology.orchestra.run.smithi017.stdout:/usr/bin/ceph: stderr
2024-02-14T14:53:31.270+0000 7f499ab31700 1 -- start start
2024-02-14T14:53:32.781 INFO:teuthology.orchestra.run.smithi017.stdout:/usr/bin/ceph: stderr
2024-02-14T14:53:31.270+0000 7f499ab31700 1 --2- >> [v2:172.21.15.17:3300/0,v1:172.21.15.17:6789/0] conn(0x7f4994108120 0x7f499410a510 unknown :-1 s=NONE pgs=0 cs=0 l=0 rev1=0 crypto rx=0 tx=0 comp rx=0 tx=0).connect
2024-02-14T14:53:32.781 INFO:teuthology.orchestra.run.smithi017.stdout:/usr/bin/ceph: stderr
2024-02-14T14:53:31.270+0000 7f499ab31700 1 -- --> [v2:172.21.15.17:3300/0,v1:172.21.15.17:6789/0] -- mon_getmap magic: 0 v1 -- 0x7f499407ae70 con 0x7f4994108120
2024-02-14T14:53:32.781 INFO:teuthology.orchestra.run.smithi017.stdout:/usr/bin/ceph: stderr
2024-02-14T14:53:31.270+0000 7f49988cd700 1 --2- >> [v2:172.21.15.17:3300/0,v1:172.21.15.17:6789/0] conn(0x7f4994108120 0x7f499410a510 unknown :-1 s=BANNER_CONNECTING pgs=0 cs=0 l=0 rev1=0 crypto rx=0 tx=0 comp rx=0 tx=0)._handle_peer_banner_payload supported=3 required=0
2024-02-14T14:53:32.781 INFO:teuthology.orchestra.run.smithi017.stdout:/usr/bin/ceph: stderr
2024-02-14T14:53:31.271+0000 7f49988cd700 1 --2- >> [v2:172.21.15.17:3300/0,v1:172.21.15.17:6789/0] conn(0x7f4994108120 0x7f499410a510 unknown :-1 s=HELLO_CONNECTING pgs=0 cs=0 l=0 rev1=1 crypto rx=0 tx=0 comp rx=0 tx=0).handle_hello peer v2:172.21.15.17:3300/0 says I am v2:172.21.15.17:49030/0 (socket says 172.21.15.17:49030)
2024-02-14T14:53:32.781 INFO:teuthology.orchestra.run.smithi017.stdout:/usr/bin/ceph: stderr
2024-02-14T14:53:31.271+0000 7f49988cd700 1 -- 172.21.15.17:0/2192619310 learned_addr learned my addr 172.21.15.17:0/2192619310 (peer_addr_for_me v2:172.21.15.17:0/0)
2024-02-14T14:53:32.781 INFO:teuthology.orchestra.run.smithi017.stdout:/usr/bin/ceph: stderr
2024-02-14T14:53:31.271+0000 7f49988cd700 1 -- 172.21.15.17:0/2192619310 --> [v2:172.21.15.17:3300/0,v1:172.21.15.17:6789/0] -- mon_subscribe({config=0+,monmap=0+}) v3 -- 0x7f499410aa50 con 0x7f4994108120
2024-02-14T14:53:32.781 INFO:teuthology.orchestra.run.smithi017.stdout:/usr/bin/ceph: stderr
2024-02-14T14:53:31.271+0000 7f49988cd700 1 --2- 172.21.15.17:0/2192619310 >> [v2:172.21.15.17:3300/0,v1:172.21.15.17:6789/0] conn(0x7f4994108120 0x7f499410a510 secure :-1 s=READY pgs=49 cs=0 l=1 rev1=1 crypto rx=0x7f49880098a0 tx=0x7f4988009bb0 comp rx=0 tx=0).ready entity=mon.0 client_cookie=b863ef2f704b3c8f server_cookie=0 in_seq=0 out_seq=0
2024-02-14T14:53:32.781 INFO:teuthology.orchestra.run.smithi017.stdout:/usr/bin/ceph: stderr
2024-02-14T14:53:31.271+0000 7f49937fe700 1 -- 172.21.15.17:0/2192619310 <== mon.0 v2:172.21.15.17:3300/0 1 ==== mon_map magic: 0 v1 ==== 205+0+0 (secure 0 0 0) 0x7f4988004160 con 0x7f4994108120
2024-02-14T14:53:32.782 INFO:teuthology.orchestra.run.smithi017.stdout:/usr/bin/ceph: stderr
2024-02-14T14:53:31.271+0000 7f49937fe700 1 -- 172.21.15.17:0/2192619310 <== mon.0 v2:172.21.15.17:3300/0 2 ==== config(27 keys) v1 ==== 1140+0+0 (secure 0 0 0) 0x7f49880042c0 con 0x7f4994108120
2024-02-14T14:53:32.782 INFO:teuthology.orchestra.run.smithi017.stdout:/usr/bin/ceph: stderr
2024-02-14T14:53:31.271+0000 7f49937fe700 1 -- 172.21.15.17:0/2192619310 <== mon.0 v2:172.21.15.17:3300/0 3 ==== mon_map magic: 0 v1 ==== 205+0+0 (secure 0 0 0) 0x7f4988011a80 con 0x7f4994108120
2024-02-14T14:53:32.782 INFO:teuthology.orchestra.run.smithi017.stdout:/usr/bin/ceph: stderr
2024-02-14T14:53:31.272+0000 7f499ab31700 1 -- 172.21.15.17:0/2192619310 >> [v2:172.21.15.17:3300/0,v1:172.21.15.17:6789/0] conn(0x7f4994108120 msgr2=0x7f499410a510 secure :-1 s=STATE_CONNECTION_ESTABLISHED l=1).mark_down
2024-02-14T14:53:32.782 INFO:teuthology.orchestra.run.smithi017.stdout:/usr/bin/ceph: stderr
2024-02-14T14:53:31.272+0000 7f499ab31700 1 --2- 172.21.15.17:0/2192619310 >> [v2:172.21.15.17:3300/0,v1:172.21.15.17:6789/0] conn(0x7f4994108120 0x7f499410a510 secure :-1 s=READY pgs=49 cs=0 l=1 rev1=1 crypto rx=0x7f49880098a0 tx=0x7f4988009bb0 comp rx=0 tx=0).stop
2024-02-14T14:53:32.782 INFO:teuthology.orchestra.run.smithi017.stdout:/usr/bin/ceph: stderr
2024-02-14T14:53:31.272+0000 7f499ab31700 1 -- 172.21.15.17:0/2192619310 shutdown_connections
2024-02-14T14:53:32.782 INFO:teuthology.orchestra.run.smithi017.stdout:/usr/bin/ceph: stderr
2024-02-14T14:53:31.272+0000 7f499ab31700 1 --2- 172.21.15.17:0/2192619310 >> [v2:172.21.15.17:3300/0,v1:172.21.15.17:6789/0] conn(0x7f4994108120 0x7f499410a510 unknown :-1 s=CLOSED pgs=49 cs=0 l=1 rev1=1 crypto rx=0 tx=0 comp rx=0 tx=0).stop
2024-02-14T14:53:32.782 INFO:teuthology.orchestra.run.smithi017.stdout:/usr/bin/ceph: stderr
2024-02-14T14:53:31.272+0000 7f499ab31700 1 -- 172.21.15.17:0/2192619310 >> 172.21.15.17:0/2192619310 conn(0x7f4994101b90 msgr2=0x7f4994103fb0 unknown :-1 s=STATE_NONE l=0).mark_down
2024-02-14T14:53:32.782 INFO:teuthology.orchestra.run.smithi017.stdout:/usr/bin/ceph: stderr
2024-02-14T14:53:31.272+0000 7f499ab31700 1 -- 172.21.15.17:0/2192619310 shutdown_connections
2024-02-14T14:53:32.782 INFO:teuthology.orchestra.run.smithi017.stdout:/usr/bin/ceph: stderr
2024-02-14T14:53:31.272+0000 7f499ab31700 1 -- 172.21.15.17:0/2192619310 wait complete.
2024-02-14T14:53:32.782 INFO:teuthology.orchestra.run.smithi017.stdout:/usr/bin/ceph: stderr
2024-02-14T14:53:31.272+0000 7f499ab31700 1 Processor -- start
2024-02-14T14:53:32.782 INFO:teuthology.orchestra.run.smithi017.stdout:/usr/bin/ceph: stderr
2024-02-14T14:53:31.272+0000 7f499ab31700 1 -- start start
2024-02-14T14:53:32.782 INFO:teuthology.orchestra.run.smithi017.stdout:/usr/bin/ceph: stderr
2024-02-14T14:53:31.273+0000 7f499ab31700 1 --2- >> [v2:172.21.15.17:3300/0,v1:172.21.15.17:6789/0] conn(0x7f4994108120 0x7f4994107950 unknown :-1 s=NONE pgs=0 cs=0 l=1 rev1=0 crypto rx=0 tx=0 comp rx=0 tx=0).connect
2024-02-14T14:53:32.782 INFO:teuthology.orchestra.run.smithi017.stdout:/usr/bin/ceph: stderr
2024-02-14T14:53:31.273+0000 7f499ab31700 1 -- --> [v2:172.21.15.17:3300/0,v1:172.21.15.17:6789/0] -- mon_getmap magic: 0 v1 -- 0x7f4994107e90 con 0x7f4994108120
2024-02-14T14:53:32.783 INFO:teuthology.orchestra.run.smithi017.stdout:/usr/bin/ceph: stderr
2024-02-14T14:53:31.273+0000 7f49988cd700 1 --2- >> [v2:172.21.15.17:3300/0,v1:172.21.15.17:6789/0] conn(0x7f4994108120 0x7f4994107950 unknown :-1 s=BANNER_CONNECTING pgs=0 cs=0 l=1 rev1=0 crypto rx=0 tx=0 comp rx=0 tx=0)._handle_peer_banner_payload supported=3 required=0
2024-02-14T14:53:32.783 INFO:teuthology.orchestra.run.smithi017.stdout:/usr/bin/ceph: stderr
2024-02-14T14:53:31.273+0000 7f49988cd700 1 --2- >> [v2:172.21.15.17:3300/0,v1:172.21.15.17:6789/0] conn(0x7f4994108120 0x7f4994107950 unknown :-1 s=HELLO_CONNECTING pgs=0 cs=0 l=1 rev1=1 crypto rx=0 tx=0 comp rx=0 tx=0).handle_hello peer v2:172.21.15.17:3300/0 says I am v2:172.21.15.17:49036/0 (socket says 172.21.15.17:49036)
2024-02-14T14:53:32.783 INFO:teuthology.orchestra.run.smithi017.stdout:/usr/bin/ceph: stderr
2024-02-14T14:53:31.273+0000 7f49988cd700 1 -- 172.21.15.17:0/2204467855 learned_addr learned my addr 172.21.15.17:0/2204467855 (peer_addr_for_me v2:172.21.15.17:0/0)
2024-02-14T14:53:32.783 INFO:teuthology.orchestra.run.smithi017.stdout:/usr/bin/ceph: stderr
2024-02-14T14:53:31.273+0000 7f49988cd700 1 -- 172.21.15.17:0/2204467855 --> [v2:172.21.15.17:3300/0,v1:172.21.15.17:6789/0] -- mon_subscribe({config=0+,monmap=0+}) v3 -- 0x7f4988009550 con 0x7f4994108120
2024-02-14T14:53:32.783 INFO:teuthology.orchestra.run.smithi017.stdout:/usr/bin/ceph: stderr
2024-02-14T14:53:31.273+0000 7f49988cd700 1 --2- 172.21.15.17:0/2204467855 >> [v2:172.21.15.17:3300/0,v1:172.21.15.17:6789/0] conn(0x7f4994108120 0x7f4994107950 secure :-1 s=READY pgs=50 cs=0 l=1 rev1=1 crypto rx=0x7f4988009130 tx=0x7f4988011b00 comp rx=0 tx=0).ready entity=mon.0 client_cookie=0 server_cookie=0 in_seq=0 out_seq=0
2024-02-14T14:53:32.783 INFO:teuthology.orchestra.run.smithi017.stdout:/usr/bin/ceph: stderr
2024-02-14T14:53:31.273+0000 7f4991ffb700 1 -- 172.21.15.17:0/2204467855 <== mon.0 v2:172.21.15.17:3300/0 1 ==== mon_map magic: 0 v1 ==== 205+0+0 (secure 0 0 0) 0x7f4988003aa0 con 0x7f4994108120
2024-02-14T14:53:32.783 INFO:teuthology.orchestra.run.smithi017.stdout:/usr/bin/ceph: stderr
2024-02-14T14:53:31.273+0000 7f4991ffb700 1 -- 172.21.15.17:0/2204467855 <== mon.0 v2:172.21.15.17:3300/0 2 ==== config(27 keys) v1 ==== 1140+0+0 (secure 0 0 0) 0x7f4988003c00 con 0x7f4994108120
2024-02-14T14:53:32.783 INFO:teuthology.orchestra.run.smithi017.stdout:/usr/bin/ceph: stderr
2024-02-14T14:53:31.273+0000 7f499ab31700 1 -- 172.21.15.17:0/2204467855 --> [v2:172.21.15.17:3300/0,v1:172.21.15.17:6789/0] -- mon_subscribe({mgrmap=0+}) v3 -- 0x7f49941060d0 con 0x7f4994108120
2024-02-14T14:53:32.783 INFO:teuthology.orchestra.run.smithi017.stdout:/usr/bin/ceph: stderr
2024-02-14T14:53:31.273+0000 7f4991ffb700 1 -- 172.21.15.17:0/2204467855 <== mon.0 v2:172.21.15.17:3300/0 3 ==== mon_map magic: 0 v1 ==== 205+0+0 (secure 0 0 0) 0x7f49880248a0 con 0x7f4994108120
2024-02-14T14:53:32.783 INFO:teuthology.orchestra.run.smithi017.stdout:/usr/bin/ceph: stderr
2024-02-14T14:53:31.274+0000 7f499ab31700 1 -- 172.21.15.17:0/2204467855 --> [v2:172.21.15.17:3300/0,v1:172.21.15.17:6789/0] -- mon_subscribe({osdmap=0}) v3 -- 0x7f4994106570 con 0x7f4994108120
2024-02-14T14:53:32.783 INFO:teuthology.orchestra.run.smithi017.stdout:/usr/bin/ceph: stderr
2024-02-14T14:53:31.274+0000 7f4991ffb700 1 -- 172.21.15.17:0/2204467855 <== mon.0 v2:172.21.15.17:3300/0 4 ==== mgrmap(e 8) v1 ==== 45932+0+0 (secure 0 0 0) 0x7f4988024a40 con 0x7f4994108120
2024-02-14T14:53:32.783 INFO:teuthology.orchestra.run.smithi017.stdout:/usr/bin/ceph: stderr
2024-02-14T14:53:31.274+0000 7f499ab31700 1 -- 172.21.15.17:0/2204467855 --> [v2:172.21.15.17:3300/0,v1:172.21.15.17:6789/0] -- mon_command({"prefix": "get_command_descriptions"} v 0) v1 -- 0x7f499410b890 con 0x7f4994108120
2024-02-14T14:53:32.783 INFO:teuthology.orchestra.run.smithi017.stdout:/usr/bin/ceph: stderr
2024-02-14T14:53:31.274+0000 7f4991ffb700 1 --2- 172.21.15.17:0/2204467855 >> [v2:172.21.15.17:6800/1044675107,v1:172.21.15.17:6801/1044675107] conn(0x7f4984038ee0 0x7f498403b3a0 unknown :-1 s=NONE pgs=0 cs=0 l=1 rev1=0 crypto rx=0 tx=0 comp rx=0 tx=0).connect
2024-02-14T14:53:32.783 INFO:teuthology.orchestra.run.smithi017.stdout:/usr/bin/ceph: stderr
2024-02-14T14:53:31.275+0000 7f4991ffb700 1 -- 172.21.15.17:0/2204467855 <== mon.0 v2:172.21.15.17:3300/0 5 ==== osd_map(2..2 src has 1..2) v4 ==== 940+0+0 (secure 0 0 0) 0x7f498804d1f0 con 0x7f4994108120
2024-02-14T14:53:32.784 INFO:teuthology.orchestra.run.smithi017.stdout:/usr/bin/ceph: stderr
2024-02-14T14:53:31.275+0000 7f4993fff700 1 --2- 172.21.15.17:0/2204467855 >> [v2:172.21.15.17:6800/1044675107,v1:172.21.15.17:6801/1044675107] conn(0x7f4984038ee0 0x7f498403b3a0 unknown :-1 s=BANNER_CONNECTING pgs=0 cs=0 l=1 rev1=0 crypto rx=0 tx=0 comp rx=0 tx=0)._handle_peer_banner_payload supported=3 required=0
2024-02-14T14:53:32.784 INFO:teuthology.orchestra.run.smithi017.stdout:/usr/bin/ceph: stderr
2024-02-14T14:53:31.275+0000 7f4993fff700 1 --2- 172.21.15.17:0/2204467855 >> [v2:172.21.15.17:6800/1044675107,v1:172.21.15.17:6801/1044675107] conn(0x7f4984038ee0 0x7f498403b3a0 secure :-1 s=READY pgs=14 cs=0 l=1 rev1=1 crypto rx=0x7f4980006fd0 tx=0x7f4980006e40 comp rx=0 tx=0).ready entity=mgr.14118 client_cookie=0 server_cookie=0 in_seq=0 out_seq=0
2024-02-14T14:53:32.784 INFO:teuthology.orchestra.run.smithi017.stdout:/usr/bin/ceph: stderr
2024-02-14T14:53:31.281+0000 7f4991ffb700 1 -- 172.21.15.17:0/2204467855 <== mon.0 v2:172.21.15.17:3300/0 6 ==== mon_command_ack([{"prefix": "get_command_descriptions"}]=0 v0) v1 ==== 72+0+183564 (secure 0 0 0) 0x7f4988024cf0 con 0x7f4994108120
2024-02-14T14:53:32.784 INFO:teuthology.orchestra.run.smithi017.stdout:/usr/bin/ceph: stderr
2024-02-14T14:53:31.523+0000 7f499ab31700 1 -- 172.21.15.17:0/2204467855 --> [v2:172.21.15.17:3300/0,v1:172.21.15.17:6789/0] -- mon_command([{prefix=config set, name=mgr/cephadm/container_init}] v 0) v1 -- 0x7f499410baa0 con 0x7f4994108120
2024-02-14T14:53:32.784 INFO:teuthology.orchestra.run.smithi017.stdout:/usr/bin/ceph: stderr
2024-02-14T14:53:31.525+0000 7f4991ffb700 1 -- 172.21.15.17:0/2204467855 <== mon.0 v2:172.21.15.17:3300/0 7 ==== mon_command_ack([{prefix=config set, name=mgr/cephadm/container_init}]=0 v7)=0 v7) v1 ==== 142+0+0 (secure 0 0 0) 0x7f4988018be0 con 0x7f4994108120
2024-02-14T14:53:32.784 INFO:teuthology.orchestra.run.smithi017.stdout:/usr/bin/ceph: stderr
2024-02-14T14:53:31.527+0000 7f499ab31700 1 -- 172.21.15.17:0/2204467855 >> [v2:172.21.15.17:6800/1044675107,v1:172.21.15.17:6801/1044675107] conn(0x7f4984038ee0 msgr2=0x7f498403b3a0 secure :-1 s=STATE_CONNECTION_ESTABLISHED l=1).mark_down
2024-02-14T14:53:32.784 INFO:teuthology.orchestra.run.smithi017.stdout:/usr/bin/ceph: stderr
2024-02-14T14:53:31.527+0000 7f499ab31700 1 --2- 172.21.15.17:0/2204467855 >> [v2:172.21.15.17:6800/1044675107,v1:172.21.15.17:6801/1044675107] conn(0x7f4984038ee0 0x7f498403b3a0 secure :-1 s=READY pgs=14 cs=0 l=1 rev1=1 crypto rx=0x7f4980006fd0 tx=0x7f4980006e40 comp rx=0 tx=0).stop
2024-02-14T14:53:32.784 INFO:teuthology.orchestra.run.smithi017.stdout:/usr/bin/ceph: stderr
2024-02-14T14:53:31.527+0000 7f499ab31700 1 -- 172.21.15.17:0/2204467855 >> [v2:172.21.15.17:3300/0,v1:172.21.15.17:6789/0] conn(0x7f4994108120 msgr2=0x7f4994107950 secure :-1 s=STATE_CONNECTION_ESTABLISHED l=1).mark_down
2024-02-14T14:53:32.784 INFO:teuthology.orchestra.run.smithi017.stdout:/usr/bin/ceph: stderr
2024-02-14T14:53:31.527+0000 7f499ab31700 1 --2- 172.21.15.17:0/2204467855 >> [v2:172.21.15.17:3300/0,v1:172.21.15.17:6789/0] conn(0x7f4994108120 0x7f4994107950 secure :-1 s=READY pgs=50 cs=0 l=1 rev1=1 crypto rx=0x7f4988009130 tx=0x7f4988011b00 comp rx=0 tx=0).stop
2024-02-14T14:53:32.784 INFO:teuthology.orchestra.run.smithi017.stdout:/usr/bin/ceph: stderr
2024-02-14T14:53:31.528+0000 7f499ab31700 1 -- 172.21.15.17:0/2204467855 shutdown_connections
2024-02-14T14:53:32.784 INFO:teuthology.orchestra.run.smithi017.stdout:/usr/bin/ceph: stderr
2024-02-14T14:53:31.528+0000 7f499ab31700 1 --2- 172.21.15.17:0/2204467855 >> [v2:172.21.15.17:6800/1044675107,v1:172.21.15.17:6801/1044675107] conn(0x7f4984038ee0 0x7f498403b3a0 unknown :-1 s=CLOSED pgs=14 cs=0 l=1 rev1=1 crypto rx=0 tx=0 comp rx=0 tx=0).stop
2024-02-14T14:53:32.784 INFO:teuthology.orchestra.run.smithi017.stdout:/usr/bin/ceph: stderr
2024-02-14T14:53:31.528+0000 7f499ab31700 1 --2- 172.21.15.17:0/2204467855 >> [v2:172.21.15.17:3300/0,v1:172.21.15.17:6789/0] conn(0x7f4994108120 0x7f4994107950 unknown :-1 s=CLOSED pgs=50 cs=0 l=1 rev1=1 crypto rx=0 tx=0 comp rx=0 tx=0).stop
2024-02-14T14:53:32.785 INFO:teuthology.orchestra.run.smithi017.stdout:/usr/bin/ceph: stderr
2024-02-14T14:53:31.528+0000 7f499ab31700 1 -- 172.21.15.17:0/2204467855 >> 172.21.15.17:0/2204467855 conn(0x7f4994101b90 msgr2=0x7f49941026a0 unknown :-1 s=STATE_NONE l=0).mark_down
2024-02-14T14:53:32.785 INFO:teuthology.orchestra.run.smithi017.stdout:/usr/bin/ceph: stderr
2024-02-14T14:53:31.528+0000 7f499ab31700 1 -- 172.21.15.17:0/2204467855 shutdown_connections
2024-02-14T14:53:32.785 INFO:teuthology.orchestra.run.smithi017.stdout:/usr/bin/ceph: stderr
2024-02-14T14:53:31.528+0000 7f499ab31700 1 -- 172.21.15.17:0/2204467855 wait complete.
2024-02-14T14:53:33.444 INFO:journalctl@ceph.mon.a.smithi017.stdout:Feb 14 14:53:33 smithi017 ceph-mon[32549]: from='mgr.14118 172.21.15.17:0/2237814527' entity='mgr.x'
2024-02-14T14:53:34.020 INFO:teuthology.orchestra.run.smithi017.stdout:/usr/bin/ceph: stderr
2024-02-14T14:53:33.231+0000 7f1d7ead7700 1 Processor -- start
2024-02-14T14:53:34.020 INFO:teuthology.orchestra.run.smithi017.stdout:/usr/bin/ceph: stderr
2024-02-14T14:53:33.231+0000 7f1d7ead7700 1 -- start start
2024-02-14T14:53:34.020 INFO:teuthology.orchestra.run.smithi017.stdout:/usr/bin/ceph: stderr
2024-02-14T14:53:33.231+0000 7f1d7ead7700 1 --2- >> [v2:172.21.15.17:3300/0,v1:172.21.15.17:6789/0] conn(0x7f1d78108140 0x7f1d7810a530 unknown :-1 s=NONE pgs=0 cs=0 l=0 rev1=0 crypto rx=0 tx=0 comp rx=0 tx=0).connect
2024-02-14T14:53:34.020 INFO:teuthology.orchestra.run.smithi017.stdout:/usr/bin/ceph: stderr
2024-02-14T14:53:33.231+0000 7f1d7ead7700 1 -- --> [v2:172.21.15.17:3300/0,v1:172.21.15.17:6789/0] -- mon_getmap magic: 0 v1 -- 0x7f1d7807ae70 con 0x7f1d78108140
2024-02-14T14:53:34.020 INFO:teuthology.orchestra.run.smithi017.stdout:/usr/bin/ceph: stderr
2024-02-14T14:53:33.231+0000 7f1d7c873700 1 --2- >> [v2:172.21.15.17:3300/0,v1:172.21.15.17:6789/0] conn(0x7f1d78108140 0x7f1d7810a530 unknown :-1 s=BANNER_CONNECTING pgs=0 cs=0 l=0 rev1=0 crypto rx=0 tx=0 comp rx=0 tx=0)._handle_peer_banner_payload supported=3 required=0
2024-02-14T14:53:34.020 INFO:teuthology.orchestra.run.smithi017.stdout:/usr/bin/ceph: stderr
2024-02-14T14:53:33.231+0000 7f1d7c873700 1 --2- >> [v2:172.21.15.17:3300/0,v1:172.21.15.17:6789/0] conn(0x7f1d78108140 0x7f1d7810a530 unknown :-1 s=HELLO_CONNECTING pgs=0 cs=0 l=0 rev1=1 crypto rx=0 tx=0 comp rx=0 tx=0).handle_hello peer v2:172.21.15.17:3300/0 says I am v2:172.21.15.17:49038/0 (socket says 172.21.15.17:49038)
2024-02-14T14:53:34.021 INFO:teuthology.orchestra.run.smithi017.stdout:/usr/bin/ceph: stderr
2024-02-14T14:53:33.231+0000 7f1d7c873700 1 -- 172.21.15.17:0/614053323 learned_addr learned my addr 172.21.15.17:0/614053323 (peer_addr_for_me v2:172.21.15.17:0/0)
2024-02-14T14:53:34.021 INFO:teuthology.orchestra.run.smithi017.stdout:/usr/bin/ceph: stderr
2024-02-14T14:53:33.232+0000 7f1d7c873700 1 -- 172.21.15.17:0/614053323 --> [v2:172.21.15.17:3300/0,v1:172.21.15.17:6789/0] -- mon_subscribe({config=0+,monmap=0+}) v3 -- 0x7f1d7810aa70 con 0x7f1d78108140
2024-02-14T14:53:34.021 INFO:teuthology.orchestra.run.smithi017.stdout:/usr/bin/ceph: stderr
2024-02-14T14:53:33.232+0000 7f1d7c873700 1 --2- 172.21.15.17:0/614053323 >> [v2:172.21.15.17:3300/0,v1:172.21.15.17:6789/0] conn(0x7f1d78108140 0x7f1d7810a530 secure :-1 s=READY pgs=51 cs=0 l=1 rev1=1 crypto rx=0x7f1d6c0098a0 tx=0x7f1d6c009bb0 comp rx=0 tx=0).ready entity=mon.0 client_cookie=776611c4be9ab4aa server_cookie=0 in_seq=0 out_seq=0
2024-02-14T14:53:34.021 INFO:teuthology.orchestra.run.smithi017.stdout:/usr/bin/ceph: stderr
2024-02-14T14:53:33.232+0000 7f1d777fe700 1 -- 172.21.15.17:0/614053323 <== mon.0 v2:172.21.15.17:3300/0 1 ==== mon_map magic: 0 v1 ==== 205+0+0 (secure 0 0 0) 0x7f1d6c004160 con 0x7f1d78108140
2024-02-14T14:53:34.021 INFO:teuthology.orchestra.run.smithi017.stdout:/usr/bin/ceph: stderr
2024-02-14T14:53:33.232+0000 7f1d777fe700 1 -- 172.21.15.17:0/614053323 <== mon.0 v2:172.21.15.17:3300/0 2 ==== config(27 keys) v1 ==== 1140+0+0 (secure 0 0 0) 0x7f1d6c0042c0 con 0x7f1d78108140
2024-02-14T14:53:34.021 INFO:teuthology.orchestra.run.smithi017.stdout:/usr/bin/ceph: stderr
2024-02-14T14:53:33.232+0000 7f1d777fe700 1 -- 172.21.15.17:0/614053323 <== mon.0 v2:172.21.15.17:3300/0 3 ==== mon_map magic: 0 v1 ==== 205+0+0 (secure 0 0 0) 0x7f1d6c011a80 con 0x7f1d78108140
2024-02-14T14:53:34.021 INFO:teuthology.orchestra.run.smithi017.stdout:/usr/bin/ceph: stderr
2024-02-14T14:53:33.233+0000 7f1d7ead7700 1 -- 172.21.15.17:0/614053323 >> [v2:172.21.15.17:3300/0,v1:172.21.15.17:6789/0] conn(0x7f1d78108140 msgr2=0x7f1d7810a530 secure :-1 s=STATE_CONNECTION_ESTABLISHED l=1).mark_down
2024-02-14T14:53:34.021 INFO:teuthology.orchestra.run.smithi017.stdout:/usr/bin/ceph: stderr
2024-02-14T14:53:33.233+0000 7f1d7ead7700 1 --2- 172.21.15.17:0/614053323 >> [v2:172.21.15.17:3300/0,v1:172.21.15.17:6789/0] conn(0x7f1d78108140 0x7f1d7810a530 secure :-1 s=READY pgs=51 cs=0 l=1 rev1=1 crypto rx=0x7f1d6c0098a0 tx=0x7f1d6c009bb0 comp rx=0 tx=0).stop
2024-02-14T14:53:34.021 INFO:teuthology.orchestra.run.smithi017.stdout:/usr/bin/ceph: stderr
2024-02-14T14:53:33.233+0000 7f1d7ead7700 1 -- 172.21.15.17:0/614053323 shutdown_connections
2024-02-14T14:53:34.021 INFO:teuthology.orchestra.run.smithi017.stdout:/usr/bin/ceph: stderr
2024-02-14T14:53:33.233+0000 7f1d7ead7700 1 --2- 172.21.15.17:0/614053323 >> [v2:172.21.15.17:3300/0,v1:172.21.15.17:6789/0] conn(0x7f1d78108140 0x7f1d7810a530 unknown :-1 s=CLOSED pgs=51 cs=0 l=1 rev1=1 crypto rx=0 tx=0 comp rx=0 tx=0).stop
2024-02-14T14:53:34.021 INFO:teuthology.orchestra.run.smithi017.stdout:/usr/bin/ceph: stderr
2024-02-14T14:53:33.233+0000 7f1d7ead7700 1 -- 172.21.15.17:0/614053323 >> 172.21.15.17:0/614053323 conn(0x7f1d78101b90 msgr2=0x7f1d78103fb0 unknown :-1 s=STATE_NONE l=0).mark_down
2024-02-14T14:53:34.021 INFO:teuthology.orchestra.run.smithi017.stdout:/usr/bin/ceph: stderr
2024-02-14T14:53:33.233+0000 7f1d7ead7700 1 -- 172.21.15.17:0/614053323 shutdown_connections
2024-02-14T14:53:34.021 INFO:teuthology.orchestra.run.smithi017.stdout:/usr/bin/ceph: stderr
2024-02-14T14:53:33.233+0000 7f1d7ead7700 1 -- 172.21.15.17:0/614053323 wait complete.
2024-02-14T14:53:34.021 INFO:teuthology.orchestra.run.smithi017.stdout:/usr/bin/ceph: stderr
2024-02-14T14:53:33.233+0000 7f1d7ead7700 1 Processor -- start
2024-02-14T14:53:34.022 INFO:teuthology.orchestra.run.smithi017.stdout:/usr/bin/ceph: stderr
2024-02-14T14:53:33.233+0000 7f1d7ead7700 1 -- start start
2024-02-14T14:53:34.022 INFO:teuthology.orchestra.run.smithi017.stdout:/usr/bin/ceph: stderr
2024-02-14T14:53:33.233+0000 7f1d7ead7700 1 --2- >> [v2:172.21.15.17:3300/0,v1:172.21.15.17:6789/0] conn(0x7f1d78108140 0x7f1d7819b3c0 unknown :-1 s=NONE pgs=0 cs=0 l=1 rev1=0 crypto rx=0 tx=0 comp rx=0 tx=0).connect
2024-02-14T14:53:34.022 INFO:teuthology.orchestra.run.smithi017.stdout:/usr/bin/ceph: stderr
2024-02-14T14:53:33.233+0000 7f1d7ead7700 1 -- --> [v2:172.21.15.17:3300/0,v1:172.21.15.17:6789/0] -- mon_getmap magic: 0 v1 -- 0x7f1d7819b900 con 0x7f1d78108140
2024-02-14T14:53:34.022 INFO:teuthology.orchestra.run.smithi017.stdout:/usr/bin/ceph: stderr
2024-02-14T14:53:33.234+0000 7f1d7c873700 1 --2- >> [v2:172.21.15.17:3300/0,v1:172.21.15.17:6789/0] conn(0x7f1d78108140 0x7f1d7819b3c0 unknown :-1 s=BANNER_CONNECTING pgs=0 cs=0 l=1 rev1=0 crypto rx=0 tx=0 comp rx=0 tx=0)._handle_peer_banner_payload supported=3 required=0
2024-02-14T14:53:34.022 INFO:teuthology.orchestra.run.smithi017.stdout:/usr/bin/ceph: stderr
2024-02-14T14:53:33.234+0000 7f1d7c873700 1 --2- >> [v2:172.21.15.17:3300/0,v1:172.21.15.17:6789/0] conn(0x7f1d78108140 0x7f1d7819b3c0 unknown :-1 s=HELLO_CONNECTING pgs=0 cs=0 l=1 rev1=1 crypto rx=0 tx=0 comp rx=0 tx=0).handle_hello peer v2:172.21.15.17:3300/0 says I am v2:172.21.15.17:49040/0 (socket says 172.21.15.17:49040)
2024-02-14T14:53:34.022 INFO:teuthology.orchestra.run.smithi017.stdout:/usr/bin/ceph: stderr
2024-02-14T14:53:33.234+0000 7f1d7c873700 1 -- 172.21.15.17:0/3133468905 learned_addr learned my addr 172.21.15.17:0/3133468905 (peer_addr_for_me v2:172.21.15.17:0/0)
2024-02-14T14:53:34.022 INFO:teuthology.orchestra.run.smithi017.stdout:/usr/bin/ceph: stderr
2024-02-14T14:53:33.234+0000 7f1d7c873700 1 -- 172.21.15.17:0/3133468905 --> [v2:172.21.15.17:3300/0,v1:172.21.15.17:6789/0] -- mon_subscribe({config=0+,monmap=0+}) v3 -- 0x7f1d6c009550 con 0x7f1d78108140
2024-02-14T14:53:34.022 INFO:teuthology.orchestra.run.smithi017.stdout:/usr/bin/ceph: stderr
2024-02-14T14:53:33.234+0000 7f1d7c873700 1 --2- 172.21.15.17:0/3133468905 >> [v2:172.21.15.17:3300/0,v1:172.21.15.17:6789/0] conn(0x7f1d78108140 0x7f1d7819b3c0 secure :-1 s=READY pgs=52 cs=0 l=1 rev1=1 crypto rx=0x7f1d6c011740 tx=0x7f1d6c011a50 comp rx=0 tx=0).ready entity=mon.0 client_cookie=0 server_cookie=0 in_seq=0 out_seq=0
2024-02-14T14:53:34.022 INFO:teuthology.orchestra.run.smithi017.stdout:/usr/bin/ceph: stderr
2024-02-14T14:53:33.234+0000 7f1d75ffb700 1 -- 172.21.15.17:0/3133468905 <== mon.0 v2:172.21.15.17:3300/0 1 ==== mon_map magic: 0 v1 ==== 205+0+0 (secure 0 0 0) 0x7f1d6c003b20 con 0x7f1d78108140
2024-02-14T14:53:34.022 INFO:teuthology.orchestra.run.smithi017.stdout:/usr/bin/ceph: stderr
2024-02-14T14:53:33.234+0000 7f1d75ffb700 1 -- 172.21.15.17:0/3133468905 <== mon.0 v2:172.21.15.17:3300/0 2 ==== config(27 keys) v1 ==== 1140+0+0 (secure 0 0 0) 0x7f1d6c01a910 con 0x7f1d78108140
2024-02-14T14:53:34.022 INFO:teuthology.orchestra.run.smithi017.stdout:/usr/bin/ceph: stderr
2024-02-14T14:53:33.234+0000 7f1d75ffb700 1 -- 172.21.15.17:0/3133468905 <== mon.0 v2:172.21.15.17:3300/0 3 ==== mon_map magic: 0 v1 ==== 205+0+0 (secure 0 0 0) 0x7f1d6c024900 con 0x7f1d78108140
2024-02-14T14:53:34.022 INFO:teuthology.orchestra.run.smithi017.stdout:/usr/bin/ceph: stderr
2024-02-14T14:53:33.234+0000 7f1d7ead7700 1 -- 172.21.15.17:0/3133468905 --> [v2:172.21.15.17:3300/0,v1:172.21.15.17:6789/0] -- mon_subscribe({mgrmap=0+}) v3 -- 0x7f1d7819bb00 con 0x7f1d78108140
2024-02-14T14:53:34.022 INFO:teuthology.orchestra.run.smithi017.stdout:/usr/bin/ceph: stderr
2024-02-14T14:53:33.234+0000 7f1d7ead7700 1 -- 172.21.15.17:0/3133468905 --> [v2:172.21.15.17:3300/0,v1:172.21.15.17:6789/0] -- mon_subscribe({osdmap=0}) v3 -- 0x7f1d7819bfa0 con 0x7f1d78108140
2024-02-14T14:53:34.022 INFO:teuthology.orchestra.run.smithi017.stdout:/usr/bin/ceph: stderr
2024-02-14T14:53:33.235+0000 7f1d75ffb700 1 -- 172.21.15.17:0/3133468905 <== mon.0 v2:172.21.15.17:3300/0 4 ==== mgrmap(e 8) v1 ==== 45932+0+0 (secure 0 0 0) 0x7f1d6c01aa80 con 0x7f1d78108140
2024-02-14T14:53:34.022 INFO:teuthology.orchestra.run.smithi017.stdout:/usr/bin/ceph: stderr
2024-02-14T14:53:33.235+0000 7f1d7ead7700 1 -- 172.21.15.17:0/3133468905 --> [v2:172.21.15.17:3300/0,v1:172.21.15.17:6789/0] -- mon_command({"prefix": "get_command_descriptions"} v 0) v1 -- 0x7f1d7810b8b0 con 0x7f1d78108140
2024-02-14T14:53:34.023 INFO:teuthology.orchestra.run.smithi017.stdout:/usr/bin/ceph: stderr
2024-02-14T14:53:33.236+0000 7f1d75ffb700 1 --2- 172.21.15.17:0/3133468905 >> [v2:172.21.15.17:6800/1044675107,v1:172.21.15.17:6801/1044675107] conn(0x7f1d68038ee0 0x7f1d6803b3a0 unknown :-1 s=NONE pgs=0 cs=0 l=1 rev1=0 crypto rx=0 tx=0 comp rx=0 tx=0).connect
2024-02-14T14:53:34.023 INFO:teuthology.orchestra.run.smithi017.stdout:/usr/bin/ceph: stderr
2024-02-14T14:53:33.236+0000 7f1d75ffb700 1 -- 172.21.15.17:0/3133468905 <== mon.0 v2:172.21.15.17:3300/0 5 ==== osd_map(2..2 src has 1..2) v4 ==== 940+0+0 (secure 0 0 0) 0x7f1d6c04d230 con 0x7f1d78108140
2024-02-14T14:53:34.023 INFO:teuthology.orchestra.run.smithi017.stdout:/usr/bin/ceph: stderr
2024-02-14T14:53:33.236+0000 7f1d77fff700 1 --2- 172.21.15.17:0/3133468905 >> [v2:172.21.15.17:6800/1044675107,v1:172.21.15.17:6801/1044675107] conn(0x7f1d68038ee0 0x7f1d6803b3a0 unknown :-1 s=BANNER_CONNECTING pgs=0 cs=0 l=1 rev1=0 crypto rx=0 tx=0 comp rx=0 tx=0)._handle_peer_banner_payload supported=3 required=0
2024-02-14T14:53:34.023 INFO:teuthology.orchestra.run.smithi017.stdout:/usr/bin/ceph: stderr
2024-02-14T14:53:33.236+0000 7f1d77fff700 1 --2- 172.21.15.17:0/3133468905 >> [v2:172.21.15.17:6800/1044675107,v1:172.21.15.17:6801/1044675107] conn(0x7f1d68038ee0 0x7f1d6803b3a0 secure :-1 s=READY pgs=15 cs=0 l=1 rev1=1 crypto rx=0x7f1d64006fd0 tx=0x7f1d64006e40 comp rx=0 tx=0).ready entity=mgr.14118 client_cookie=0 server_cookie=0 in_seq=0 out_seq=0
2024-02-14T14:53:34.023 INFO:teuthology.orchestra.run.smithi017.stdout:/usr/bin/ceph: stderr
2024-02-14T14:53:33.241+0000 7f1d75ffb700 1 -- 172.21.15.17:0/3133468905 <== mon.0 v2:172.21.15.17:3300/0 6 ==== mon_command_ack([{"prefix": "get_command_descriptions"}]=0 v0) v1 ==== 72+0+183564 (secure 0 0 0) 0x7f1d6c01ae10 con 0x7f1d78108140
2024-02-14T14:53:34.023 INFO:teuthology.orchestra.run.smithi017.stdout:/usr/bin/ceph: stderr
2024-02-14T14:53:33.443+0000 7f1d7ead7700 1 -- 172.21.15.17:0/3133468905 --> [v2:172.21.15.17:3300/0,v1:172.21.15.17:6789/0] -- mon_command([{prefix=config set, name=mgr/dashboard/ssl_server_port}] v 0) v1 -- 0x7f1d7819e880 con 0x7f1d78108140
2024-02-14T14:53:34.023 INFO:teuthology.orchestra.run.smithi017.stdout:/usr/bin/ceph: stderr
2024-02-14T14:53:33.446+0000 7f1d75ffb700 1 -- 172.21.15.17:0/3133468905 <== mon.0 v2:172.21.15.17:3300/0 7 ==== mon_command_ack([{prefix=config set, name=mgr/dashboard/ssl_server_port}]=0 v8)=0 v8) v1 ==== 130+0+0 (secure 0 0 0) 0x7f1d6c018350 con 0x7f1d78108140
2024-02-14T14:53:34.023 INFO:teuthology.orchestra.run.smithi017.stdout:/usr/bin/ceph: stderr
2024-02-14T14:53:33.449+0000 7f1d7ead7700 1 -- 172.21.15.17:0/3133468905 >> [v2:172.21.15.17:6800/1044675107,v1:172.21.15.17:6801/1044675107] conn(0x7f1d68038ee0 msgr2=0x7f1d6803b3a0 secure :-1 s=STATE_CONNECTION_ESTABLISHED l=1).mark_down
2024-02-14T14:53:34.023 INFO:teuthology.orchestra.run.smithi017.stdout:/usr/bin/ceph: stderr
