2024-02-18T10:37:09.627 INFO:teuthology.orchestra.run.smithi089.stdout:/usr/bin/ceph: stderr
2024-02-18T10:37:08.584+0000 7f8c31ed3700 1 -- 172.21.15.89:0/223539675 >> 172.21.15.89:0/223539675 conn(0x7f8c2c102d90 msgr2=0x7f8c2c1051b0 unknown :-1 s=STATE_NONE l=0).mark_down
2024-02-18T10:37:09.627 INFO:teuthology.orchestra.run.smithi089.stdout:/usr/bin/ceph: stderr
2024-02-18T10:37:08.584+0000 7f8c31ed3700 1 -- 172.21.15.89:0/223539675 shutdown_connections
2024-02-18T10:37:09.627 INFO:teuthology.orchestra.run.smithi089.stdout:/usr/bin/ceph: stderr
2024-02-18T10:37:08.584+0000 7f8c31ed3700 1 -- 172.21.15.89:0/223539675 wait complete.
2024-02-18T10:37:09.627 INFO:teuthology.orchestra.run.smithi089.stdout:/usr/bin/ceph: stderr
2024-02-18T10:37:08.584+0000 7f8c31ed3700 1 Processor -- start
2024-02-18T10:37:09.627 INFO:teuthology.orchestra.run.smithi089.stdout:/usr/bin/ceph: stderr
2024-02-18T10:37:08.585+0000 7f8c31ed3700 1 -- start start
2024-02-18T10:37:09.627 INFO:teuthology.orchestra.run.smithi089.stdout:/usr/bin/ceph: stderr
2024-02-18T10:37:08.585+0000 7f8c31ed3700 1 --2- >> [v2:172.21.15.89:3300/0,v1:172.21.15.89:6789/0] conn(0x7f8c2c1076d0 0x7f8c2c07cb80 unknown :-1 s=NONE pgs=0 cs=0 l=1 rev1=0 crypto rx=0 tx=0 comp rx=0 tx=0).connect
2024-02-18T10:37:09.628 INFO:teuthology.orchestra.run.smithi089.stdout:/usr/bin/ceph: stderr
2024-02-18T10:37:08.585+0000 7f8c31ed3700 1 -- --> [v2:172.21.15.89:3300/0,v1:172.21.15.89:6789/0] -- mon_getmap magic: 0 v1 -- 0x7f8c2c07d0c0 con 0x7f8c2c1076d0
2024-02-18T10:37:09.628 INFO:teuthology.orchestra.run.smithi089.stdout:/usr/bin/ceph: stderr
2024-02-18T10:37:08.585+0000 7f8c2b7fe700 1 --2- >> [v2:172.21.15.89:3300/0,v1:172.21.15.89:6789/0] conn(0x7f8c2c1076d0 0x7f8c2c07cb80 unknown :-1 s=BANNER_CONNECTING pgs=0 cs=0 l=1 rev1=0 crypto rx=0 tx=0 comp rx=0 tx=0)._handle_peer_banner_payload supported=3 required=0
2024-02-18T10:37:09.628 INFO:teuthology.orchestra.run.smithi089.stdout:/usr/bin/ceph: stderr
2024-02-18T10:37:08.585+0000 7f8c2b7fe700 1 --2- >> [v2:172.21.15.89:3300/0,v1:172.21.15.89:6789/0] conn(0x7f8c2c1076d0 0x7f8c2c07cb80 unknown :-1 s=HELLO_CONNECTING pgs=0 cs=0 l=1 rev1=1 crypto rx=0 tx=0 comp rx=0 tx=0).handle_hello peer v2:172.21.15.89:3300/0 says I am v2:172.21.15.89:41658/0 (socket says 172.21.15.89:41658)
2024-02-18T10:37:09.628 INFO:teuthology.orchestra.run.smithi089.stdout:/usr/bin/ceph: stderr
2024-02-18T10:37:08.585+0000 7f8c2b7fe700 1 -- 172.21.15.89:0/3474877827 learned_addr learned my addr 172.21.15.89:0/3474877827 (peer_addr_for_me v2:172.21.15.89:0/0)
2024-02-18T10:37:09.628 INFO:teuthology.orchestra.run.smithi089.stdout:/usr/bin/ceph: stderr
2024-02-18T10:37:08.585+0000 7f8c2b7fe700 1 -- 172.21.15.89:0/3474877827 --> [v2:172.21.15.89:3300/0,v1:172.21.15.89:6789/0] -- mon_subscribe({config=0+,monmap=0+}) v3 -- 0x7f8c1c009550 con 0x7f8c2c1076d0
2024-02-18T10:37:09.628 INFO:teuthology.orchestra.run.smithi089.stdout:/usr/bin/ceph: stderr
2024-02-18T10:37:08.585+0000 7f8c2b7fe700 1 --2- 172.21.15.89:0/3474877827 >> [v2:172.21.15.89:3300/0,v1:172.21.15.89:6789/0] conn(0x7f8c2c1076d0 0x7f8c2c07cb80 secure :-1 s=READY pgs=21 cs=0 l=1 rev1=1 crypto rx=0x7f8c1c000c00 tx=0x7f8c1c011b40 comp rx=0 tx=0).ready entity=mon.0 client_cookie=0 server_cookie=0 in_seq=0 out_seq=0
2024-02-18T10:37:09.629 INFO:teuthology.orchestra.run.smithi089.stdout:/usr/bin/ceph: stderr
2024-02-18T10:37:08.585+0000 7f8c28ff9700 1 -- 172.21.15.89:0/3474877827 <== mon.0 v2:172.21.15.89:3300/0 1 ==== mon_map magic: 0 v1 ==== 205+0+0 (secure 0 0 0) 0x7f8c1c003aa0 con 0x7f8c2c1076d0
2024-02-18T10:37:09.629 INFO:teuthology.orchestra.run.smithi089.stdout:/usr/bin/ceph: stderr
2024-02-18T10:37:08.585+0000 7f8c28ff9700 1 -- 172.21.15.89:0/3474877827 <== mon.0 v2:172.21.15.89:3300/0 2 ==== config(27 keys) v1 ==== 1109+0+0 (secure 0 0 0) 0x7f8c1c003c00 con 0x7f8c2c1076d0
2024-02-18T10:37:09.629 INFO:teuthology.orchestra.run.smithi089.stdout:/usr/bin/ceph: stderr
2024-02-18T10:37:08.585+0000 7f8c31ed3700 1 -- 172.21.15.89:0/3474877827 --> [v2:172.21.15.89:3300/0,v1:172.21.15.89:6789/0] -- mon_subscribe({mgrmap=0+}) v3 -- 0x7f8c2c07b2b0 con 0x7f8c2c1076d0
2024-02-18T10:37:09.629 INFO:teuthology.orchestra.run.smithi089.stdout:/usr/bin/ceph: stderr
2024-02-18T10:37:08.586+0000 7f8c28ff9700 1 -- 172.21.15.89:0/3474877827 <== mon.0 v2:172.21.15.89:3300/0 3 ==== mon_map magic: 0 v1 ==== 205+0+0 (secure 0 0 0) 0x7f8c1c0248a0 con 0x7f8c2c1076d0
2024-02-18T10:37:09.629 INFO:teuthology.orchestra.run.smithi089.stdout:/usr/bin/ceph: stderr
2024-02-18T10:37:08.586+0000 7f8c31ed3700 1 -- 172.21.15.89:0/3474877827 --> [v2:172.21.15.89:3300/0,v1:172.21.15.89:6789/0] -- mon_subscribe({osdmap=0}) v3 -- 0x7f8c2c07b750 con 0x7f8c2c1076d0
2024-02-18T10:37:09.629 INFO:teuthology.orchestra.run.smithi089.stdout:/usr/bin/ceph: stderr
2024-02-18T10:37:08.586+0000 7f8c28ff9700 1 -- 172.21.15.89:0/3474877827 <== mon.0 v2:172.21.15.89:3300/0 4 ==== mgrmap(e 4) v1 ==== 46080+0+0 (secure 0 0 0) 0x7f8c1c02d3f0 con 0x7f8c2c1076d0
2024-02-18T10:37:09.629 INFO:teuthology.orchestra.run.smithi089.stdout:/usr/bin/ceph: stderr
2024-02-18T10:37:08.586+0000 7f8c28ff9700 1 --2- 172.21.15.89:0/3474877827 >> [v2:172.21.15.89:6800/3495858041,v1:172.21.15.89:6801/3495858041] conn(0x7f8c180390c0 0x7f8c1803b580 unknown :-1 s=NONE pgs=0 cs=0 l=1 rev1=0 crypto rx=0 tx=0 comp rx=0 tx=0).connect
2024-02-18T10:37:09.629 INFO:teuthology.orchestra.run.smithi089.stdout:/usr/bin/ceph: stderr
2024-02-18T10:37:08.586+0000 7f8c31ed3700 1 -- 172.21.15.89:0/3474877827 --> [v2:172.21.15.89:3300/0,v1:172.21.15.89:6789/0] -- mon_command({"prefix": "get_command_descriptions"} v 0) v1 -- 0x7f8c2c10bab0 con 0x7f8c2c1076d0
2024-02-18T10:37:09.629 INFO:teuthology.orchestra.run.smithi089.stdout:/usr/bin/ceph: stderr
2024-02-18T10:37:08.587+0000 7f8c28ff9700 1 -- 172.21.15.89:0/3474877827 <== mon.0 v2:172.21.15.89:3300/0 5 ==== osd_map(1..1 src has 1..1) v4 ==== 725+0+0 (secure 0 0 0) 0x7f8c1c04cfb0 con 0x7f8c2c1076d0
2024-02-18T10:37:09.630 INFO:teuthology.orchestra.run.smithi089.stdout:/usr/bin/ceph: stderr
2024-02-18T10:37:08.587+0000 7f8c2affd700 1 --2- 172.21.15.89:0/3474877827 >> [v2:172.21.15.89:6800/3495858041,v1:172.21.15.89:6801/3495858041] conn(0x7f8c180390c0 0x7f8c1803b580 unknown :-1 s=BANNER_CONNECTING pgs=0 cs=0 l=1 rev1=0 crypto rx=0 tx=0 comp rx=0 tx=0)._handle_peer_banner_payload supported=3 required=0
2024-02-18T10:37:09.630 INFO:teuthology.orchestra.run.smithi089.stdout:/usr/bin/ceph: stderr
2024-02-18T10:37:08.587+0000 7f8c2affd700 1 --2- 172.21.15.89:0/3474877827 >> [v2:172.21.15.89:6800/3495858041,v1:172.21.15.89:6801/3495858041] conn(0x7f8c180390c0 0x7f8c1803b580 secure :-1 s=READY pgs=8 cs=0 l=1 rev1=1 crypto rx=0x7f8c14006fd0 tx=0x7f8c14006e40 comp rx=0 tx=0).ready entity=mgr.14100 client_cookie=0 server_cookie=0 in_seq=0 out_seq=0
2024-02-18T10:37:09.630 INFO:teuthology.orchestra.run.smithi089.stdout:/usr/bin/ceph: stderr
2024-02-18T10:37:08.592+0000 7f8c28ff9700 1 -- 172.21.15.89:0/3474877827 <== mon.0 v2:172.21.15.89:3300/0 6 ==== mon_command_ack([{"prefix": "get_command_descriptions"}]=0 v0) v1 ==== 72+0+183564 (secure 0 0 0) 0x7f8c1c010740 con 0x7f8c2c1076d0
2024-02-18T10:37:09.630 INFO:teuthology.orchestra.run.smithi089.stdout:/usr/bin/ceph: stderr
2024-02-18T10:37:08.840+0000 7f8c31ed3700 1 -- 172.21.15.89:0/3474877827 --> [v2:172.21.15.89:3300/0,v1:172.21.15.89:6789/0] -- mon_command({"prefix": "mgr module enable", "module": "cephadm"} v 0) v1 -- 0x7f8c2c07bd80 con 0x7f8c2c1076d0
2024-02-18T10:37:09.630 INFO:teuthology.orchestra.run.smithi089.stdout:/usr/bin/ceph: stderr
2024-02-18T10:37:09.070+0000 7f8c28ff9700 1 -- 172.21.15.89:0/3474877827 <== mon.0 v2:172.21.15.89:3300/0 7 ==== mon_command_ack([{"prefix": "mgr module enable", "module": "cephadm"}]=0 v5) v1 ==== 86+0+0 (secure 0 0 0) 0x7f8c1c029210 con 0x7f8c2c1076d0
2024-02-18T10:37:09.630 INFO:teuthology.orchestra.run.smithi089.stdout:/usr/bin/ceph: stderr
2024-02-18T10:37:09.071+0000 7f8c28ff9700 1 -- 172.21.15.89:0/3474877827 <== mon.0 v2:172.21.15.89:3300/0 8 ==== mgrmap(e 5) v1 ==== 46091+0+0 (secure 0 0 0) 0x7f8c1c02ccf0 con 0x7f8c2c1076d0
2024-02-18T10:37:09.630 INFO:teuthology.orchestra.run.smithi089.stdout:/usr/bin/ceph: stderr
2024-02-18T10:37:09.073+0000 7f8c31ed3700 1 -- 172.21.15.89:0/3474877827 >> [v2:172.21.15.89:6800/3495858041,v1:172.21.15.89:6801/3495858041] conn(0x7f8c180390c0 msgr2=0x7f8c1803b580 secure :-1 s=STATE_CONNECTION_ESTABLISHED l=1).mark_down
2024-02-18T10:37:09.630 INFO:teuthology.orchestra.run.smithi089.stdout:/usr/bin/ceph: stderr
2024-02-18T10:37:09.073+0000 7f8c31ed3700 1 --2- 172.21.15.89:0/3474877827 >> [v2:172.21.15.89:6800/3495858041,v1:172.21.15.89:6801/3495858041] conn(0x7f8c180390c0 0x7f8c1803b580 secure :-1 s=READY pgs=8 cs=0 l=1 rev1=1 crypto rx=0x7f8c14006fd0 tx=0x7f8c14006e40 comp rx=0 tx=0).stop
2024-02-18T10:37:09.631 INFO:teuthology.orchestra.run.smithi089.stdout:/usr/bin/ceph: stderr
2024-02-18T10:37:09.073+0000 7f8c31ed3700 1 -- 172.21.15.89:0/3474877827 >> [v2:172.21.15.89:3300/0,v1:172.21.15.89:6789/0] conn(0x7f8c2c1076d0 msgr2=0x7f8c2c07cb80 secure :-1 s=STATE_CONNECTION_ESTABLISHED l=1).mark_down
2024-02-18T10:37:09.631 INFO:teuthology.orchestra.run.smithi089.stdout:/usr/bin/ceph: stderr
2024-02-18T10:37:09.073+0000 7f8c31ed3700 1 --2- 172.21.15.89:0/3474877827 >> [v2:172.21.15.89:3300/0,v1:172.21.15.89:6789/0] conn(0x7f8c2c1076d0 0x7f8c2c07cb80 secure :-1 s=READY pgs=21 cs=0 l=1 rev1=1 crypto rx=0x7f8c1c000c00 tx=0x7f8c1c011b40 comp rx=0 tx=0).stop
2024-02-18T10:37:09.631 INFO:teuthology.orchestra.run.smithi089.stdout:/usr/bin/ceph: stderr
2024-02-18T10:37:09.073+0000 7f8c31ed3700 1 -- 172.21.15.89:0/3474877827 shutdown_connections
2024-02-18T10:37:09.631 INFO:teuthology.orchestra.run.smithi089.stdout:/usr/bin/ceph: stderr
2024-02-18T10:37:09.073+0000 7f8c31ed3700 1 --2- 172.21.15.89:0/3474877827 >> [v2:172.21.15.89:6800/3495858041,v1:172.21.15.89:6801/3495858041] conn(0x7f8c180390c0 0x7f8c1803b580 unknown :-1 s=CLOSED pgs=8 cs=0 l=1 rev1=1 crypto rx=0 tx=0 comp rx=0 tx=0).stop
2024-02-18T10:37:09.631 INFO:teuthology.orchestra.run.smithi089.stdout:/usr/bin/ceph: stderr
2024-02-18T10:37:09.073+0000 7f8c31ed3700 1 --2- 172.21.15.89:0/3474877827 >> [v2:172.21.15.89:3300/0,v1:172.21.15.89:6789/0] conn(0x7f8c2c1076d0 0x7f8c2c07cb80 unknown :-1 s=CLOSED pgs=21 cs=0 l=1 rev1=1 crypto rx=0 tx=0 comp rx=0 tx=0).stop
2024-02-18T10:37:09.631 INFO:teuthology.orchestra.run.smithi089.stdout:/usr/bin/ceph: stderr
2024-02-18T10:37:09.073+0000 7f8c31ed3700 1 -- 172.21.15.89:0/3474877827 >> 172.21.15.89:0/3474877827 conn(0x7f8c2c102d90 msgr2=0x7f8c2c103900 unknown :-1 s=STATE_NONE l=0).mark_down
2024-02-18T10:37:09.631 INFO:teuthology.orchestra.run.smithi089.stdout:/usr/bin/ceph: stderr
2024-02-18T10:37:09.073+0000 7f8c31ed3700 1 -- 172.21.15.89:0/3474877827 shutdown_connections
2024-02-18T10:37:09.631 INFO:teuthology.orchestra.run.smithi089.stdout:/usr/bin/ceph: stderr
2024-02-18T10:37:09.073+0000 7f8c31ed3700 1 -- 172.21.15.89:0/3474877827 wait complete.
2024-02-18T10:37:09.684 INFO:journalctl@ceph.mgr.x.smithi089.stdout:Feb 18 10:37:09 smithi089 ceph-748345e2-ce49-11ee-95ba-87774f69a715-mgr-x[33058]:
2024-02-18T10:37:09.625+0000 7ff69c9cd200 -1 mgr[py] Module osd_perf_query has missing NOTIFY_TYPES member
2024-02-18T10:37:10.019 INFO:journalctl@ceph.mgr.x.smithi089.stdout:Feb 18 10:37:09 smithi089 ceph-748345e2-ce49-11ee-95ba-87774f69a715-mgr-x[33058]:
2024-02-18T10:37:09.728+0000 7ff69c9cd200 -1 mgr[py] Module snap_schedule has missing NOTIFY_TYPES member
2024-02-18T10:37:10.301 INFO:journalctl@ceph.mon.a.smithi089.stdout:Feb 18 10:37:10 smithi089 ceph-mon[32827]: from='client.? 172.21.15.89:0/3474877827' entity='client.admin' cmd='[{"prefix": "mgr module enable", "module": "cephadm"}]': finished
2024-02-18T10:37:10.301 INFO:journalctl@ceph.mon.a.smithi089.stdout:Feb 18 10:37:10 smithi089 ceph-mon[32827]: mgrmap e5: x(active, since 4s)
2024-02-18T10:37:10.597 INFO:journalctl@ceph.mgr.x.smithi089.stdout:Feb 18 10:37:10 smithi089 ceph-748345e2-ce49-11ee-95ba-87774f69a715-mgr-x[33058]:
2024-02-18T10:37:10.378+0000 7ff69c9cd200 -1 mgr[py] Module zabbix has missing NOTIFY_TYPES member
2024-02-18T10:37:10.597 INFO:journalctl@ceph.mgr.x.smithi089.stdout:Feb 18 10:37:10 smithi089 ceph-748345e2-ce49-11ee-95ba-87774f69a715-mgr-x[33058]:
2024-02-18T10:37:10.470+0000 7ff69c9cd200 -1 mgr[py] Module balancer has missing NOTIFY_TYPES member
2024-02-18T10:37:10.883 INFO:journalctl@ceph.mgr.x.smithi089.stdout:Feb 18 10:37:10 smithi089 ceph-748345e2-ce49-11ee-95ba-87774f69a715-mgr-x[33058]:
2024-02-18T10:37:10.612+0000 7ff69c9cd200 -1 mgr[py] Module influx has missing NOTIFY_TYPES member
2024-02-18T10:37:10.884 INFO:journalctl@ceph.mgr.x.smithi089.stdout:Feb 18 10:37:10 smithi089 ceph-748345e2-ce49-11ee-95ba-87774f69a715-mgr-x[33058]:
2024-02-18T10:37:10.707+0000 7ff69c9cd200 -1 mgr[py] Module alerts has missing NOTIFY_TYPES member
2024-02-18T10:37:10.884 INFO:journalctl@ceph.mgr.x.smithi089.stdout:Feb 18 10:37:10 smithi089 ceph-748345e2-ce49-11ee-95ba-87774f69a715-mgr-x[33058]:
2024-02-18T10:37:10.790+0000 7ff69c9cd200 -1 mgr[py] Module iostat has missing NOTIFY_TYPES member
2024-02-18T10:37:10.892 INFO:teuthology.orchestra.run.smithi089.stdout:/usr/bin/ceph: stdout {
2024-02-18T10:37:10.892 INFO:teuthology.orchestra.run.smithi089.stdout:/usr/bin/ceph: stdout "epoch": 5,
2024-02-18T10:37:10.892 INFO:teuthology.orchestra.run.smithi089.stdout:/usr/bin/ceph: stdout "available": true,
2024-02-18T10:37:10.892 INFO:teuthology.orchestra.run.smithi089.stdout:/usr/bin/ceph: stdout "active_name": "x",
2024-02-18T10:37:10.892 INFO:teuthology.orchestra.run.smithi089.stdout:/usr/bin/ceph: stdout "num_standby": 0
2024-02-18T10:37:10.892 INFO:teuthology.orchestra.run.smithi089.stdout:/usr/bin/ceph: stdout }
2024-02-18T10:37:10.892 INFO:teuthology.orchestra.run.smithi089.stdout:/usr/bin/ceph: stderr
2024-02-18T10:37:10.041+0000 7f00f2784700 1 Processor -- start
2024-02-18T10:37:10.892 INFO:teuthology.orchestra.run.smithi089.stdout:/usr/bin/ceph: stderr
2024-02-18T10:37:10.041+0000 7f00f2784700 1 -- start start
2024-02-18T10:37:10.892 INFO:teuthology.orchestra.run.smithi089.stdout:/usr/bin/ceph: stderr
2024-02-18T10:37:10.041+0000 7f00f2784700 1 --2- >> [v2:172.21.15.89:3300/0,v1:172.21.15.89:6789/0] conn(0x7f00ec108120 0x7f00ec10a510 unknown :-1 s=NONE pgs=0 cs=0 l=0 rev1=0 crypto rx=0 tx=0 comp rx=0 tx=0).connect
2024-02-18T10:37:10.892 INFO:teuthology.orchestra.run.smithi089.stdout:/usr/bin/ceph: stderr
2024-02-18T10:37:10.041+0000 7f00f2784700 1 -- --> [v2:172.21.15.89:3300/0,v1:172.21.15.89:6789/0] -- mon_getmap magic: 0 v1 -- 0x7f00ec07aec0 con 0x7f00ec108120
2024-02-18T10:37:10.893 INFO:teuthology.orchestra.run.smithi089.stdout:/usr/bin/ceph: stderr
2024-02-18T10:37:10.041+0000 7f00ebfff700 1 --2- >> [v2:172.21.15.89:3300/0,v1:172.21.15.89:6789/0] conn(0x7f00ec108120 0x7f00ec10a510 unknown :-1 s=BANNER_CONNECTING pgs=0 cs=0 l=0 rev1=0 crypto rx=0 tx=0 comp rx=0 tx=0)._handle_peer_banner_payload supported=3 required=0
2024-02-18T10:37:10.893 INFO:teuthology.orchestra.run.smithi089.stdout:/usr/bin/ceph: stderr
2024-02-18T10:37:10.041+0000 7f00ebfff700 1 --2- >> [v2:172.21.15.89:3300/0,v1:172.21.15.89:6789/0] conn(0x7f00ec108120 0x7f00ec10a510 unknown :-1 s=HELLO_CONNECTING pgs=0 cs=0 l=0 rev1=1 crypto rx=0 tx=0 comp rx=0 tx=0).handle_hello peer v2:172.21.15.89:3300/0 says I am v2:172.21.15.89:41678/0 (socket says 172.21.15.89:41678)
2024-02-18T10:37:10.893 INFO:teuthology.orchestra.run.smithi089.stdout:/usr/bin/ceph: stderr
2024-02-18T10:37:10.041+0000 7f00ebfff700 1 -- 172.21.15.89:0/705581179 learned_addr learned my addr 172.21.15.89:0/705581179 (peer_addr_for_me v2:172.21.15.89:0/0)
2024-02-18T10:37:10.893 INFO:teuthology.orchestra.run.smithi089.stdout:/usr/bin/ceph: stderr
2024-02-18T10:37:10.041+0000 7f00ebfff700 1 -- 172.21.15.89:0/705581179 --> [v2:172.21.15.89:3300/0,v1:172.21.15.89:6789/0] -- mon_subscribe({config=0+,monmap=0+}) v3 -- 0x7f00ec10aa50 con 0x7f00ec108120
2024-02-18T10:37:10.893 INFO:teuthology.orchestra.run.smithi089.stdout:/usr/bin/ceph: stderr
2024-02-18T10:37:10.042+0000 7f00ebfff700 1 --2- 172.21.15.89:0/705581179 >> [v2:172.21.15.89:3300/0,v1:172.21.15.89:6789/0] conn(0x7f00ec108120 0x7f00ec10a510 secure :-1 s=READY pgs=24 cs=0 l=1 rev1=1 crypto rx=0x7f00dc0098a0 tx=0x7f00dc009bb0 comp rx=0 tx=0).ready entity=mon.0 client_cookie=492b40b7c89fed31 server_cookie=0 in_seq=0 out_seq=0
2024-02-18T10:37:10.893 INFO:teuthology.orchestra.run.smithi089.stdout:/usr/bin/ceph: stderr
2024-02-18T10:37:10.042+0000 7f00eaffd700 1 -- 172.21.15.89:0/705581179 <== mon.0 v2:172.21.15.89:3300/0 1 ==== mon_map magic: 0 v1 ==== 205+0+0 (secure 0 0 0) 0x7f00dc004160 con 0x7f00ec108120
2024-02-18T10:37:10.893 INFO:teuthology.orchestra.run.smithi089.stdout:/usr/bin/ceph: stderr
2024-02-18T10:37:10.042+0000 7f00eaffd700 1 -- 172.21.15.89:0/705581179 <== mon.0 v2:172.21.15.89:3300/0 2 ==== config(27 keys) v1 ==== 1109+0+0 (secure 0 0 0) 0x7f00dc0042c0 con 0x7f00ec108120
2024-02-18T10:37:10.893 INFO:teuthology.orchestra.run.smithi089.stdout:/usr/bin/ceph: stderr
2024-02-18T10:37:10.042+0000 7f00eaffd700 1 -- 172.21.15.89:0/705581179 <== mon.0 v2:172.21.15.89:3300/0 3 ==== mon_map magic: 0 v1 ==== 205+0+0 (secure 0 0 0) 0x7f00dc011ac0 con 0x7f00ec108120
2024-02-18T10:37:10.893 INFO:teuthology.orchestra.run.smithi089.stdout:/usr/bin/ceph: stderr
2024-02-18T10:37:10.042+0000 7f00f2784700 1 -- 172.21.15.89:0/705581179 >> [v2:172.21.15.89:3300/0,v1:172.21.15.89:6789/0] conn(0x7f00ec108120 msgr2=0x7f00ec10a510 secure :-1 s=STATE_CONNECTION_ESTABLISHED l=1).mark_down
2024-02-18T10:37:10.893 INFO:teuthology.orchestra.run.smithi089.stdout:/usr/bin/ceph: stderr
2024-02-18T10:37:10.042+0000 7f00f2784700 1 --2- 172.21.15.89:0/705581179 >> [v2:172.21.15.89:3300/0,v1:172.21.15.89:6789/0] conn(0x7f00ec108120 0x7f00ec10a510 secure :-1 s=READY pgs=24 cs=0 l=1 rev1=1 crypto rx=0x7f00dc0098a0 tx=0x7f00dc009bb0 comp rx=0 tx=0).stop
2024-02-18T10:37:10.893 INFO:teuthology.orchestra.run.smithi089.stdout:/usr/bin/ceph: stderr
2024-02-18T10:37:10.042+0000 7f00f2784700 1 -- 172.21.15.89:0/705581179 shutdown_connections
2024-02-18T10:37:10.893 INFO:teuthology.orchestra.run.smithi089.stdout:/usr/bin/ceph: stderr
2024-02-18T10:37:10.042+0000 7f00f2784700 1 --2- 172.21.15.89:0/705581179 >> [v2:172.21.15.89:3300/0,v1:172.21.15.89:6789/0] conn(0x7f00ec108120 0x7f00ec10a510 unknown :-1 s=CLOSED pgs=24 cs=0 l=1 rev1=1 crypto rx=0 tx=0 comp rx=0 tx=0).stop
2024-02-18T10:37:10.894 INFO:teuthology.orchestra.run.smithi089.stdout:/usr/bin/ceph: stderr
2024-02-18T10:37:10.042+0000 7f00f2784700 1 -- 172.21.15.89:0/705581179 >> 172.21.15.89:0/705581179 conn(0x7f00ec101bb0 msgr2=0x7f00ec103fd0 unknown :-1 s=STATE_NONE l=0).mark_down
2024-02-18T10:37:10.894 INFO:teuthology.orchestra.run.smithi089.stdout:/usr/bin/ceph: stderr
2024-02-18T10:37:10.043+0000 7f00f2784700 1 -- 172.21.15.89:0/705581179 shutdown_connections
2024-02-18T10:37:10.894 INFO:teuthology.orchestra.run.smithi089.stdout:/usr/bin/ceph: stderr
2024-02-18T10:37:10.043+0000 7f00f2784700 1 -- 172.21.15.89:0/705581179 wait complete.
2024-02-18T10:37:10.894 INFO:teuthology.orchestra.run.smithi089.stdout:/usr/bin/ceph: stderr
2024-02-18T10:37:10.043+0000 7f00f2784700 1 Processor -- start
2024-02-18T10:37:10.894 INFO:teuthology.orchestra.run.smithi089.stdout:/usr/bin/ceph: stderr
2024-02-18T10:37:10.043+0000 7f00f2784700 1 -- start start
2024-02-18T10:37:10.894 INFO:teuthology.orchestra.run.smithi089.stdout:/usr/bin/ceph: stderr
2024-02-18T10:37:10.043+0000 7f00f2784700 1 --2- >> [v2:172.21.15.89:3300/0,v1:172.21.15.89:6789/0] conn(0x7f00ec108120 0x7f00ec1079a0 unknown :-1 s=NONE pgs=0 cs=0 l=1 rev1=0 crypto rx=0 tx=0 comp rx=0 tx=0).connect
2024-02-18T10:37:10.894 INFO:teuthology.orchestra.run.smithi089.stdout:/usr/bin/ceph: stderr
2024-02-18T10:37:10.043+0000 7f00f2784700 1 -- --> [v2:172.21.15.89:3300/0,v1:172.21.15.89:6789/0] -- mon_getmap magic: 0 v1 -- 0x7f00ec107ee0 con 0x7f00ec108120
2024-02-18T10:37:10.894 INFO:teuthology.orchestra.run.smithi089.stdout:/usr/bin/ceph: stderr
2024-02-18T10:37:10.044+0000 7f00ebfff700 1 --2- >> [v2:172.21.15.89:3300/0,v1:172.21.15.89:6789/0] conn(0x7f00ec108120 0x7f00ec1079a0 unknown :-1 s=BANNER_CONNECTING pgs=0 cs=0 l=1 rev1=0 crypto rx=0 tx=0 comp rx=0 tx=0)._handle_peer_banner_payload supported=3 required=0
2024-02-18T10:37:10.894 INFO:teuthology.orchestra.run.smithi089.stdout:/usr/bin/ceph: stderr
2024-02-18T10:37:10.044+0000 7f00ebfff700 1 --2- >> [v2:172.21.15.89:3300/0,v1:172.21.15.89:6789/0] conn(0x7f00ec108120 0x7f00ec1079a0 unknown :-1 s=HELLO_CONNECTING pgs=0 cs=0 l=1 rev1=1 crypto rx=0 tx=0 comp rx=0 tx=0).handle_hello peer v2:172.21.15.89:3300/0 says I am v2:172.21.15.89:41690/0 (socket says 172.21.15.89:41690)
2024-02-18T10:37:10.894 INFO:teuthology.orchestra.run.smithi089.stdout:/usr/bin/ceph: stderr
2024-02-18T10:37:10.044+0000 7f00ebfff700 1 -- 172.21.15.89:0/3921800034 learned_addr learned my addr 172.21.15.89:0/3921800034 (peer_addr_for_me v2:172.21.15.89:0/0)
2024-02-18T10:37:10.894 INFO:teuthology.orchestra.run.smithi089.stdout:/usr/bin/ceph: stderr
2024-02-18T10:37:10.044+0000 7f00ebfff700 1 -- 172.21.15.89:0/3921800034 --> [v2:172.21.15.89:3300/0,v1:172.21.15.89:6789/0] -- mon_subscribe({config=0+,monmap=0+}) v3 -- 0x7f00dc009550 con 0x7f00ec108120
2024-02-18T10:37:10.894 INFO:teuthology.orchestra.run.smithi089.stdout:/usr/bin/ceph: stderr
2024-02-18T10:37:10.044+0000 7f00ebfff700 1 --2- 172.21.15.89:0/3921800034 >> [v2:172.21.15.89:3300/0,v1:172.21.15.89:6789/0] conn(0x7f00ec108120 0x7f00ec1079a0 secure :-1 s=READY pgs=25 cs=0 l=1 rev1=1 crypto rx=0x7f00dc009130 tx=0x7f00dc011b40 comp rx=0 tx=0).ready entity=mon.0 client_cookie=0 server_cookie=0 in_seq=0 out_seq=0
2024-02-18T10:37:10.894 INFO:teuthology.orchestra.run.smithi089.stdout:/usr/bin/ceph: stderr
2024-02-18T10:37:10.044+0000 7f00e97fa700 1 -- 172.21.15.89:0/3921800034 <== mon.0 v2:172.21.15.89:3300/0 1 ==== mon_map magic: 0 v1 ==== 205+0+0 (secure 0 0 0) 0x7f00dc003aa0 con 0x7f00ec108120
2024-02-18T10:37:10.894 INFO:teuthology.orchestra.run.smithi089.stdout:/usr/bin/ceph: stderr
2024-02-18T10:37:10.044+0000 7f00e97fa700 1 -- 172.21.15.89:0/3921800034 <== mon.0 v2:172.21.15.89:3300/0 2 ==== config(27 keys) v1 ==== 1109+0+0 (secure 0 0 0) 0x7f00dc003c00 con 0x7f00ec108120
2024-02-18T10:37:10.895 INFO:teuthology.orchestra.run.smithi089.stdout:/usr/bin/ceph: stderr
2024-02-18T10:37:10.044+0000 7f00f2784700 1 -- 172.21.15.89:0/3921800034 --> [v2:172.21.15.89:3300/0,v1:172.21.15.89:6789/0] -- mon_subscribe({mgrmap=0+}) v3 -- 0x7f00ec1060d0 con 0x7f00ec108120
2024-02-18T10:37:10.895 INFO:teuthology.orchestra.run.smithi089.stdout:/usr/bin/ceph: stderr
2024-02-18T10:37:10.044+0000 7f00e97fa700 1 -- 172.21.15.89:0/3921800034 <== mon.0 v2:172.21.15.89:3300/0 3 ==== mon_map magic: 0 v1 ==== 205+0+0 (secure 0 0 0) 0x7f00dc024800 con 0x7f00ec108120
2024-02-18T10:37:10.895 INFO:teuthology.orchestra.run.smithi089.stdout:/usr/bin/ceph: stderr
2024-02-18T10:37:10.044+0000 7f00f2784700 1 -- 172.21.15.89:0/3921800034 --> [v2:172.21.15.89:3300/0,v1:172.21.15.89:6789/0] -- mon_subscribe({osdmap=0}) v3 -- 0x7f00ec106570 con 0x7f00ec108120
2024-02-18T10:37:10.895 INFO:teuthology.orchestra.run.smithi089.stdout:/usr/bin/ceph: stderr
2024-02-18T10:37:10.045+0000 7f00e97fa700 1 -- 172.21.15.89:0/3921800034 <== mon.0 v2:172.21.15.89:3300/0 4 ==== mgrmap(e 5) v1 ==== 46091+0+0 (secure 0 0 0) 0x7f00dc024ac0 con 0x7f00ec108120
2024-02-18T10:37:10.895 INFO:teuthology.orchestra.run.smithi089.stdout:/usr/bin/ceph: stderr
2024-02-18T10:37:10.045+0000 7f00e97fa700 1 --2- 172.21.15.89:0/3921800034 >> [v2:172.21.15.89:6800/3495858041,v1:172.21.15.89:6801/3495858041] conn(0x7f00d4039110 0x7f00d403b5d0 unknown :-1 s=NONE pgs=0 cs=0 l=1 rev1=0 crypto rx=0 tx=0 comp rx=0 tx=0).connect
2024-02-18T10:37:10.895 INFO:teuthology.orchestra.run.smithi089.stdout:/usr/bin/ceph: stderr
2024-02-18T10:37:10.045+0000 7f00e97fa700 1 -- 172.21.15.89:0/3921800034 <== mon.0 v2:172.21.15.89:3300/0 5 ==== osd_map(1..1 src has 1..1) v4 ==== 725+0+0 (secure 0 0 0) 0x7f00dc04e0a0 con 0x7f00ec108120
2024-02-18T10:37:10.895 INFO:teuthology.orchestra.run.smithi089.stdout:/usr/bin/ceph: stderr
2024-02-18T10:37:10.045+0000 7f00eb7fe700 1 -- 172.21.15.89:0/3921800034 >> [v2:172.21.15.89:6800/3495858041,v1:172.21.15.89:6801/3495858041] conn(0x7f00d4039110 msgr2=0x7f00d403b5d0 unknown :-1 s=STATE_CONNECTING_RE l=1).process reconnect failed to v2:172.21.15.89:6800/3495858041
2024-02-18T10:37:10.895 INFO:teuthology.orchestra.run.smithi089.stdout:/usr/bin/ceph: stderr
2024-02-18T10:37:10.045+0000 7f00eb7fe700 1 --2- 172.21.15.89:0/3921800034 >> [v2:172.21.15.89:6800/3495858041,v1:172.21.15.89:6801/3495858041] conn(0x7f00d4039110 0x7f00d403b5d0 unknown :-1 s=START_CONNECT pgs=0 cs=0 l=1 rev1=0 crypto rx=0 tx=0 comp rx=0 tx=0)._fault waiting 0.200000
2024-02-18T10:37:10.895 INFO:teuthology.orchestra.run.smithi089.stdout:/usr/bin/ceph: stderr
2024-02-18T10:37:10.045+0000 7f00f2784700 1 -- 172.21.15.89:0/3921800034 --> [v2:172.21.15.89:3300/0,v1:172.21.15.89:6789/0] -- mon_command({"prefix": "get_command_descriptions"} v 0) v1 -- 0x7f00ec10b8b0 con 0x7f00ec108120
2024-02-18T10:37:10.895 INFO:teuthology.orchestra.run.smithi089.stdout:/usr/bin/ceph: stderr
2024-02-18T10:37:10.050+0000 7f00e97fa700 1 -- 172.21.15.89:0/3921800034 <== mon.0 v2:172.21.15.89:3300/0 6 ==== mon_command_ack([{"prefix": "get_command_descriptions"}]=0 v0) v1 ==== 72+0+183564 (secure 0 0 0) 0x7f00dc010380 con 0x7f00ec108120
2024-02-18T10:37:10.895 INFO:teuthology.orchestra.run.smithi089.stdout:/usr/bin/ceph: stderr
2024-02-18T10:37:10.246+0000 7f00eb7fe700 1 -- 172.21.15.89:0/3921800034 >> [v2:172.21.15.89:6800/3495858041,v1:172.21.15.89:6801/3495858041] conn(0x7f00d4039110 msgr2=0x7f00d403b5d0 unknown :-1 s=STATE_CONNECTING_RE l=1).process reconnect failed to v2:172.21.15.89:6800/3495858041
2024-02-18T10:37:10.895 INFO:teuthology.orchestra.run.smithi089.stdout:/usr/bin/ceph: stderr
2024-02-18T10:37:10.246+0000 7f00eb7fe700 1 --2- 172.21.15.89:0/3921800034 >> [v2:172.21.15.89:6800/3495858041,v1:172.21.15.89:6801/3495858041] conn(0x7f00d4039110 0x7f00d403b5d0 unknown :-1 s=START_CONNECT pgs=0 cs=0 l=1 rev1=0 crypto rx=0 tx=0 comp rx=0 tx=0)._fault waiting 0.400000
2024-02-18T10:37:10.896 INFO:teuthology.orchestra.run.smithi089.stdout:/usr/bin/ceph: stderr
2024-02-18T10:37:10.299+0000 7f00f2784700 1 -- 172.21.15.89:0/3921800034 --> [v2:172.21.15.89:3300/0,v1:172.21.15.89:6789/0] -- mon_command({"prefix": "mgr stat"} v 0) v1 -- 0x7f00ec106a40 con 0x7f00ec108120
2024-02-18T10:37:10.896 INFO:teuthology.orchestra.run.smithi089.stdout:/usr/bin/ceph: stderr
2024-02-18T10:37:10.300+0000 7f00e97fa700 1 -- 172.21.15.89:0/3921800034 <== mon.0 v2:172.21.15.89:3300/0 7 ==== mon_command_ack([{"prefix": "mgr stat"}]=0 v5) v1 ==== 56+0+88 (secure 0 0 0) 0x7f00dc04b030 con 0x7f00ec108120
2024-02-18T10:37:10.896 INFO:teuthology.orchestra.run.smithi089.stdout:/usr/bin/ceph: stderr
2024-02-18T10:37:10.302+0000 7f00f2784700 1 -- 172.21.15.89:0/3921800034 >> [v2:172.21.15.89:6800/3495858041,v1:172.21.15.89:6801/3495858041] conn(0x7f00d4039110 msgr2=0x7f00d403b5d0 unknown :-1 s=STATE_CONNECTING l=1).mark_down
2024-02-18T10:37:10.896 INFO:teuthology.orchestra.run.smithi089.stdout:/usr/bin/ceph: stderr
2024-02-18T10:37:10.302+0000 7f00f2784700 1 --2- 172.21.15.89:0/3921800034 >> [v2:172.21.15.89:6800/3495858041,v1:172.21.15.89:6801/3495858041] conn(0x7f00d4039110 0x7f00d403b5d0 unknown :-1 s=START_CONNECT pgs=0 cs=0 l=1 rev1=0 crypto rx=0 tx=0 comp rx=0 tx=0).stop
2024-02-18T10:37:10.896 INFO:teuthology.orchestra.run.smithi089.stdout:/usr/bin/ceph: stderr
2024-02-18T10:37:10.302+0000 7f00f2784700 1 -- 172.21.15.89:0/3921800034 >> [v2:172.21.15.89:3300/0,v1:172.21.15.89:6789/0] conn(0x7f00ec108120 msgr2=0x7f00ec1079a0 secure :-1 s=STATE_CONNECTION_ESTABLISHED l=1).mark_down
2024-02-18T10:37:10.896 INFO:teuthology.orchestra.run.smithi089.stdout:/usr/bin/ceph: stderr
2024-02-18T10:37:10.302+0000 7f00f2784700 1 --2- 172.21.15.89:0/3921800034 >> [v2:172.21.15.89:3300/0,v1:172.21.15.89:6789/0] conn(0x7f00ec108120 0x7f00ec1079a0 secure :-1 s=READY pgs=25 cs=0 l=1 rev1=1 crypto rx=0x7f00dc009130 tx=0x7f00dc011b40 comp rx=0 tx=0).stop
2024-02-18T10:37:10.896 INFO:teuthology.orchestra.run.smithi089.stdout:/usr/bin/ceph: stderr
2024-02-18T10:37:10.302+0000 7f00f2784700 1 -- 172.21.15.89:0/3921800034 shutdown_connections
2024-02-18T10:37:10.896 INFO:teuthology.orchestra.run.smithi089.stdout:/usr/bin/ceph: stderr
2024-02-18T10:37:10.302+0000 7f00f2784700 1 --2- 172.21.15.89:0/3921800034 >> [v2:172.21.15.89:6800/3495858041,v1:172.21.15.89:6801/3495858041] conn(0x7f00d4039110 0x7f00d403b5d0 unknown :-1 s=CLOSED pgs=0 cs=0 l=1 rev1=0 crypto rx=0 tx=0 comp rx=0 tx=0).stop
2024-02-18T10:37:10.896 INFO:teuthology.orchestra.run.smithi089.stdout:/usr/bin/ceph: stderr
2024-02-18T10:37:10.302+0000 7f00f2784700 1 --2- 172.21.15.89:0/3921800034 >> [v2:172.21.15.89:3300/0,v1:172.21.15.89:6789/0] conn(0x7f00ec108120 0x7f00ec1079a0 unknown :-1 s=CLOSED pgs=25 cs=0 l=1 rev1=1 crypto rx=0 tx=0 comp rx=0 tx=0).stop
2024-02-18T10:37:10.896 INFO:teuthology.orchestra.run.smithi089.stdout:/usr/bin/ceph: stderr
2024-02-18T10:37:10.302+0000 7f00f2784700 1 -- 172.21.15.89:0/3921800034 >> 172.21.15.89:0/3921800034 conn(0x7f00ec101bb0 msgr2=0x7f00ec102710 unknown :-1 s=STATE_NONE l=0).mark_down
2024-02-18T10:37:10.896 INFO:teuthology.orchestra.run.smithi089.stdout:/usr/bin/ceph: stderr
2024-02-18T10:37:10.303+0000 7f00f2784700 1 -- 172.21.15.89:0/3921800034 shutdown_connections
2024-02-18T10:37:10.896 INFO:teuthology.orchestra.run.smithi089.stdout:/usr/bin/ceph: stderr
2024-02-18T10:37:10.303+0000 7f00f2784700 1 -- 172.21.15.89:0/3921800034 wait complete.
2024-02-18T10:37:10.896 INFO:teuthology.orchestra.run.smithi089.stdout:Waiting for the mgr to restart...
2024-02-18T10:37:10.896 INFO:teuthology.orchestra.run.smithi089.stdout:Waiting for mgr epoch 5...
2024-02-18T10:37:11.174 INFO:journalctl@ceph.mon.a.smithi089.stdout:Feb 18 10:37:11 smithi089 ceph-mon[32827]: from='client.? 172.21.15.89:0/3921800034' entity='client.admin' cmd=[{"prefix": "mgr stat"}]: dispatch
2024-02-18T10:37:11.175 INFO:journalctl@ceph.mgr.x.smithi089.stdout:Feb 18 10:37:11 smithi089 ceph-748345e2-ce49-11ee-95ba-87774f69a715-mgr-x[33058]:
2024-02-18T10:37:11.059+0000 7ff69c9cd200 -1 mgr[py] Module rgw has missing NOTIFY_TYPES member
2024-02-18T10:37:11.175 INFO:journalctl@ceph.mgr.x.smithi089.stdout:Feb 18 10:37:11 smithi089 ceph-748345e2-ce49-11ee-95ba-87774f69a715-mgr-x[33058]:
2024-02-18T10:37:11.173+0000 7ff69c9cd200 -1 mgr[py] Module rbd_support has missing NOTIFY_TYPES member
2024-02-18T10:37:11.434 INFO:journalctl@ceph.mgr.x.smithi089.stdout:Feb 18 10:37:11 smithi089 ceph-748345e2-ce49-11ee-95ba-87774f69a715-mgr-x[33058]:
2024-02-18T10:37:11.263+0000 7ff69c9cd200 -1 mgr[py] Module progress has missing NOTIFY_TYPES member
2024-02-18T10:37:11.435 INFO:journalctl@ceph.mgr.x.smithi089.stdout:Feb 18 10:37:11 smithi089 ceph-748345e2-ce49-11ee-95ba-87774f69a715-mgr-x[33058]:
2024-02-18T10:37:11.360+0000 7ff69c9cd200 -1 mgr[py] Module pg_autoscaler has missing NOTIFY_TYPES member
2024-02-18T10:37:11.899 INFO:journalctl@ceph.mgr.x.smithi089.stdout:Feb 18 10:37:11 smithi089 ceph-748345e2-ce49-11ee-95ba-87774f69a715-mgr-x[33058]:
2024-02-18T10:37:11.533+0000 7ff69c9cd200 -1 mgr[py] Module devicehealth has missing NOTIFY_TYPES member
2024-02-18T10:37:12.929 INFO:journalctl@ceph.mgr.x.smithi089.stdout:Feb 18 10:37:12 smithi089 ceph-748345e2-ce49-11ee-95ba-87774f69a715-mgr-x[33058]:
2024-02-18T10:37:12.476+0000 7ff69c9cd200 -1 mgr[py] Module rook has missing NOTIFY_TYPES member
2024-02-18T10:37:12.929 INFO:journalctl@ceph.mgr.x.smithi089.stdout:Feb 18 10:37:12 smithi089 ceph-748345e2-ce49-11ee-95ba-87774f69a715-mgr-x[33058]:
2024-02-18T10:37:12.603+0000 7ff69c9cd200 -1 mgr[py] Module diskprediction_local has missing NOTIFY_TYPES member
2024-02-18T10:37:12.929 INFO:journalctl@ceph.mgr.x.smithi089.stdout:Feb 18 10:37:12 smithi089 ceph-748345e2-ce49-11ee-95ba-87774f69a715-mgr-x[33058]:
2024-02-18T10:37:12.927+0000 7ff69c9cd200 -1 mgr[py] Module selftest has missing NOTIFY_TYPES member
2024-02-18T10:37:13.184 INFO:journalctl@ceph.mgr.x.smithi089.stdout:Feb 18 10:37:13 smithi089 ceph-748345e2-ce49-11ee-95ba-87774f69a715-mgr-x[33058]:
2024-02-18T10:37:13.015+0000 7ff69c9cd200 -1 mgr[py] Module telegraf has missing NOTIFY_TYPES member
2024-02-18T10:37:13.643 INFO:journalctl@ceph.mgr.x.smithi089.stdout:Feb 18 10:37:13 smithi089 ceph-748345e2-ce49-11ee-95ba-87774f69a715-mgr-x[33058]:
2024-02-18T10:37:13.212+0000 7ff69c9cd200 -1 mgr[py] Module test_orchestrator has missing NOTIFY_TYPES member
2024-02-18T10:37:13.643 INFO:journalctl@ceph.mgr.x.smithi089.stdout:Feb 18 10:37:13 smithi089 ceph-748345e2-ce49-11ee-95ba-87774f69a715-mgr-x[33058]:
2024-02-18T10:37:13.392+0000 7ff69c9cd200 -1 mgr[py] Module crash has missing NOTIFY_TYPES member
2024-02-18T10:37:13.930 INFO:journalctl@ceph.mgr.x.smithi089.stdout:Feb 18 10:37:13 smithi089 ceph-748345e2-ce49-11ee-95ba-87774f69a715-mgr-x[33058]:
2024-02-18T10:37:13.675+0000 7ff69c9cd200 -1 mgr[py] Module orchestrator has missing NOTIFY_TYPES member
2024-02-18T10:37:13.930 INFO:journalctl@ceph.mgr.x.smithi089.stdout:Feb 18 10:37:13 smithi089 ceph-748345e2-ce49-11ee-95ba-87774f69a715-mgr-x[33058]:
2024-02-18T10:37:13.928+0000 7ff69c9cd200 -1 mgr[py] Module osd_support has missing NOTIFY_TYPES member
2024-02-18T10:37:14.185 INFO:journalctl@ceph.mgr.x.smithi089.stdout:Feb 18 10:37:14 smithi089 ceph-748345e2-ce49-11ee-95ba-87774f69a715-mgr-x[33058]:
2024-02-18T10:37:14.159+0000 7ff69c9cd200 -1 mgr[py] Module volumes has missing NOTIFY_TYPES member
2024-02-18T10:37:15.434 INFO:journalctl@ceph.mgr.x.smithi089.stdout:Feb 18 10:37:14 smithi089 ceph-748345e2-ce49-11ee-95ba-87774f69a715-mgr-x[33058]:
2024-02-18T10:37:14.944+0000 7ff69c9cd200 -1 mgr[py] Module telemetry has missing NOTIFY_TYPES member
2024-02-18T10:37:15.812 INFO:journalctl@ceph.mgr.x.smithi089.stdout:Feb 18 10:37:15 smithi089 ceph-748345e2-ce49-11ee-95ba-87774f69a715-mgr-x[33058]:
2024-02-18T10:37:15.503+0000 7ff69c9cd200 -1 mgr[py] Module prometheus has missing NOTIFY_TYPES member
2024-02-18T10:37:15.813 INFO:journalctl@ceph.mgr.x.smithi089.stdout:Feb 18 10:37:15 smithi089 ceph-748345e2-ce49-11ee-95ba-87774f69a715-mgr-x[33058]:
2024-02-18T10:37:15.599+0000 7ff69c9cd200 -1 mgr[py] Module status has missing NOTIFY_TYPES member
2024-02-18T10:37:15.813 INFO:journalctl@ceph.mgr.x.smithi089.stdout:Feb 18 10:37:15 smithi089 ceph-748345e2-ce49-11ee-95ba-87774f69a715-mgr-x[33058]:
2024-02-18T10:37:15.811+0000 7ff69c9cd200 -1 mgr[py] Module nfs has missing NOTIFY_TYPES member
2024-02-18T10:37:16.185 INFO:journalctl@ceph.mon.a.smithi089.stdout:Feb 18 10:37:15 smithi089 ceph-mon[32827]: Active manager daemon x restarted
2024-02-18T10:37:16.185 INFO:journalctl@ceph.mon.a.smithi089.stdout:Feb 18 10:37:15 smithi089 ceph-mon[32827]: Activating manager daemon x
2024-02-18T10:37:16.185 INFO:journalctl@ceph.mon.a.smithi089.stdout:Feb 18 10:37:15 smithi089 ceph-mon[32827]: osdmap e2: 0 total, 0 up, 0 in
2024-02-18T10:37:16.185 INFO:journalctl@ceph.mon.a.smithi089.stdout:Feb 18 10:37:15 smithi089 ceph-mon[32827]: mgrmap e6: x(active, starting, since 0.00351401s)
2024-02-18T10:37:16.185 INFO:journalctl@ceph.mon.a.smithi089.stdout:Feb 18 10:37:15 smithi089 ceph-mon[32827]: from='mgr.14118 172.21.15.89:0/987081868' entity='mgr.x' cmd=[{"prefix": "mon metadata", "id": "a"}]: dispatch
2024-02-18T10:37:16.185 INFO:journalctl@ceph.mon.a.smithi089.stdout:Feb 18 10:37:15 smithi089 ceph-mon[32827]: from='mgr.14118 172.21.15.89:0/987081868' entity='mgr.x' cmd=[{"prefix": "mgr metadata", "who": "x", "id": "x"}]: dispatch
2024-02-18T10:37:16.185 INFO:journalctl@ceph.mon.a.smithi089.stdout:Feb 18 10:37:15 smithi089 ceph-mon[32827]: from='mgr.14118 172.21.15.89:0/987081868' entity='mgr.x' cmd=[{"prefix": "mds metadata"}]: dispatch
2024-02-18T10:37:16.185 INFO:journalctl@ceph.mon.a.smithi089.stdout:Feb 18 10:37:15 smithi089 ceph-mon[32827]: from='mgr.14118 172.21.15.89:0/987081868' entity='mgr.x' cmd=[{"prefix": "osd metadata"}]: dispatch
2024-02-18T10:37:16.185 INFO:journalctl@ceph.mon.a.smithi089.stdout:Feb 18 10:37:15 smithi089 ceph-mon[32827]: from='mgr.14118 172.21.15.89:0/987081868' entity='mgr.x' cmd=[{"prefix": "mon metadata"}]: dispatch
2024-02-18T10:37:16.185 INFO:journalctl@ceph.mon.a.smithi089.stdout:Feb 18 10:37:15 smithi089 ceph-mon[32827]: Manager daemon x is now available
2024-02-18T10:37:16.186 INFO:journalctl@ceph.mon.a.smithi089.stdout:Feb 18 10:37:15 smithi089 ceph-mon[32827]: from='mgr.14118 172.21.15.89:0/987081868' entity='mgr.x'
2024-02-18T10:37:16.186 INFO:journalctl@ceph.mon.a.smithi089.stdout:Feb 18 10:37:15 smithi089 ceph-mon[32827]: from='mgr.14118 172.21.15.89:0/987081868' entity='mgr.x'
2024-02-18T10:37:16.186 INFO:journalctl@ceph.mon.a.smithi089.stdout:Feb 18 10:37:15 smithi089 ceph-mon[32827]: from='mgr.14118 172.21.15.89:0/987081868' entity='mgr.x' cmd=[{"prefix": "config dump", "format": "json"}]: dispatch
2024-02-18T10:37:16.186 INFO:journalctl@ceph.mon.a.smithi089.stdout:Feb 18 10:37:15 smithi089 ceph-mon[32827]: from='mgr.14118 172.21.15.89:0/987081868' entity='mgr.x' cmd=[{"prefix": "config dump", "format": "json"}]: dispatch
2024-02-18T10:37:17.185 INFO:journalctl@ceph.mon.a.smithi089.stdout:Feb 18 10:37:16 smithi089 ceph-mon[32827]: Found migration_current of "None". Setting to last migration.
2024-02-18T10:37:17.185 INFO:journalctl@ceph.mon.a.smithi089.stdout:Feb 18 10:37:16 smithi089 ceph-mon[32827]: from='mgr.14118 172.21.15.89:0/987081868' entity='mgr.x' cmd=[{"prefix": "config dump", "format": "json"}]: dispatch
2024-02-18T10:37:17.185 INFO:journalctl@ceph.mon.a.smithi089.stdout:Feb 18 10:37:16 smithi089 ceph-mon[32827]: from='mgr.14118 172.21.15.89:0/987081868' entity='mgr.x' cmd=[{"prefix":"config rm","who":"mgr","name":"mgr/rbd_support/x/mirror_snapshot_schedule"}]: dispatch
2024-02-18T10:37:17.185 INFO:journalctl@ceph.mon.a.smithi089.stdout:Feb 18 10:37:16 smithi089 ceph-mon[32827]: from='mgr.14118 172.21.15.89:0/987081868' entity='mgr.x' cmd=[{"prefix":"config rm","who":"mgr","name":"mgr/rbd_support/x/trash_purge_schedule"}]: dispatch
2024-02-18T10:37:17.185 INFO:journalctl@ceph.mon.a.smithi089.stdout:Feb 18 10:37:16 smithi089 ceph-mon[32827]: from='mgr.14118 172.21.15.89:0/987081868' entity='mgr.x'
2024-02-18T10:37:17.185 INFO:journalctl@ceph.mon.a.smithi089.stdout:Feb 18 10:37:16 smithi089 ceph-mon[32827]: from='mgr.14118 172.21.15.89:0/987081868' entity='mgr.x'
2024-02-18T10:37:17.185 INFO:journalctl@ceph.mon.a.smithi089.stdout:Feb 18 10:37:16 smithi089 ceph-mon[32827]: from='mgr.14118 172.21.15.89:0/987081868' entity='mgr.x' cmd=[{"prefix": "config dump", "format": "json"}]: dispatch
2024-02-18T10:37:17.185 INFO:journalctl@ceph.mon.a.smithi089.stdout:Feb 18 10:37:16 smithi089 ceph-mon[32827]: mgrmap e7: x(active, since 1.00561s)
2024-02-18T10:37:17.365 INFO:teuthology.orchestra.run.smithi089.stdout:/usr/bin/ceph: stdout {
2024-02-18T10:37:17.365 INFO:teuthology.orchestra.run.smithi089.stdout:/usr/bin/ceph: stdout "mgrmap_epoch": 7,
2024-02-18T10:37:17.365 INFO:teuthology.orchestra.run.smithi089.stdout:/usr/bin/ceph: stdout "initialized": true
2024-02-18T10:37:17.365 INFO:teuthology.orchestra.run.smithi089.stdout:/usr/bin/ceph: stdout }
2024-02-18T10:37:17.365 INFO:teuthology.orchestra.run.smithi089.stdout:/usr/bin/ceph: stderr
2024-02-18T10:37:11.291+0000 7f48120bd700 1 Processor -- start
2024-02-18T10:37:17.365 INFO:teuthology.orchestra.run.smithi089.stdout:/usr/bin/ceph: stderr
2024-02-18T10:37:11.291+0000 7f48120bd700 1 -- start start
2024-02-18T10:37:17.365 INFO:teuthology.orchestra.run.smithi089.stdout:/usr/bin/ceph: stderr
2024-02-18T10:37:11.291+0000 7f48120bd700 1 --2- >> [v2:172.21.15.89:3300/0,v1:172.21.15.89:6789/0] conn(0x7f480c07bda0 0x7f480c07a200 unknown :-1 s=NONE pgs=0 cs=0 l=0 rev1=0 crypto rx=0 tx=0 comp rx=0 tx=0).connect
2024-02-18T10:37:17.366 INFO:teuthology.orchestra.run.smithi089.stdout:/usr/bin/ceph: stderr
2024-02-18T10:37:11.291+0000 7f48120bd700 1 -- --> [v2:172.21.15.89:3300/0,v1:172.21.15.89:6789/0] -- mon_getmap magic: 0 v1 -- 0x7f480c07a7d0 con 0x7f480c07bda0
2024-02-18T10:37:17.366 INFO:teuthology.orchestra.run.smithi089.stdout:/usr/bin/ceph: stderr
2024-02-18T10:37:11.291+0000 7f480b7fe700 1 --2- >> [v2:172.21.15.89:3300/0,v1:172.21.15.89:6789/0] conn(0x7f480c07bda0 0x7f480c07a200 unknown :-1 s=BANNER_CONNECTING pgs=0 cs=0 l=0 rev1=0 crypto rx=0 tx=0 comp rx=0 tx=0)._handle_peer_banner_payload supported=3 required=0
2024-02-18T10:37:17.366 INFO:teuthology.orchestra.run.smithi089.stdout:/usr/bin/ceph: stderr
2024-02-18T10:37:11.291+0000 7f480b7fe700 1 --2- >> [v2:172.21.15.89:3300/0,v1:172.21.15.89:6789/0] conn(0x7f480c07bda0 0x7f480c07a200 unknown :-1 s=HELLO_CONNECTING pgs=0 cs=0 l=0 rev1=1 crypto rx=0 tx=0 comp rx=0 tx=0).handle_hello peer v2:172.21.15.89:3300/0 says I am v2:172.21.15.89:41692/0 (socket says 172.21.15.89:41692)
2024-02-18T10:37:17.366 INFO:teuthology.orchestra.run.smithi089.stdout:/usr/bin/ceph: stderr
2024-02-18T10:37:11.291+0000 7f480b7fe700 1 -- 172.21.15.89:0/2556592595 learned_addr learned my addr 172.21.15.89:0/2556592595 (peer_addr_for_me v2:172.21.15.89:0/0)
2024-02-18T10:37:17.366 INFO:teuthology.orchestra.run.smithi089.stdout:/usr/bin/ceph: stderr
2024-02-18T10:37:11.292+0000 7f480b7fe700 1 -- 172.21.15.89:0/2556592595 --> [v2:172.21.15.89:3300/0,v1:172.21.15.89:6789/0] -- mon_subscribe({config=0+,monmap=0+}) v3 -- 0x7f480c07a910 con 0x7f480c07bda0
2024-02-18T10:37:17.366 INFO:teuthology.orchestra.run.smithi089.stdout:/usr/bin/ceph: stderr
2024-02-18T10:37:11.292+0000 7f480b7fe700 1 --2- 172.21.15.89:0/2556592595 >> [v2:172.21.15.89:3300/0,v1:172.21.15.89:6789/0] conn(0x7f480c07bda0 0x7f480c07a200 secure :-1 s=READY pgs=26 cs=0 l=1 rev1=1 crypto rx=0x7f48000098a0 tx=0x7f4800009bb0 comp rx=0 tx=0).ready entity=mon.0 client_cookie=b52e39e607003585 server_cookie=0 in_seq=0 out_seq=0
2024-02-18T10:37:17.366 INFO:teuthology.orchestra.run.smithi089.stdout:/usr/bin/ceph: stderr
2024-02-18T10:37:11.292+0000 7f480a7fc700 1 -- 172.21.15.89:0/2556592595 <== mon.0 v2:172.21.15.89:3300/0 1 ==== mon_map magic: 0 v1 ==== 205+0+0 (secure 0 0 0) 0x7f4800004160 con 0x7f480c07bda0
2024-02-18T10:37:17.366 INFO:teuthology.orchestra.run.smithi089.stdout:/usr/bin/ceph: stderr
2024-02-18T10:37:11.292+0000 7f480a7fc700 1 -- 172.21.15.89:0/2556592595 <== mon.0 v2:172.21.15.89:3300/0 2 ==== config(27 keys) v1 ==== 1109+0+0 (secure 0 0 0) 0x7f48000042c0 con 0x7f480c07bda0
2024-02-18T10:37:17.366 INFO:teuthology.orchestra.run.smithi089.stdout:/usr/bin/ceph: stderr
2024-02-18T10:37:11.292+0000 7f480a7fc700 1 -- 172.21.15.89:0/2556592595 <== mon.0 v2:172.21.15.89:3300/0 3 ==== mon_map magic: 0 v1 ==== 205+0+0 (secure 0 0 0) 0x7f4800011ac0 con 0x7f480c07bda0
2024-02-18T10:37:17.366 INFO:teuthology.orchestra.run.smithi089.stdout:/usr/bin/ceph: stderr
2024-02-18T10:37:11.292+0000 7f48120bd700 1 -- 172.21.15.89:0/2556592595 >> [v2:172.21.15.89:3300/0,v1:172.21.15.89:6789/0] conn(0x7f480c07bda0 msgr2=0x7f480c07a200 secure :-1 s=STATE_CONNECTION_ESTABLISHED l=1).mark_down
2024-02-18T10:37:17.366 INFO:teuthology.orchestra.run.smithi089.stdout:/usr/bin/ceph: stderr
2024-02-18T10:37:11.292+0000 7f48120bd700 1 --2- 172.21.15.89:0/2556592595 >> [v2:172.21.15.89:3300/0,v1:172.21.15.89:6789/0] conn(0x7f480c07bda0 0x7f480c07a200 secure :-1 s=READY pgs=26 cs=0 l=1 rev1=1 crypto rx=0x7f48000098a0 tx=0x7f4800009bb0 comp rx=0 tx=0).stop
2024-02-18T10:37:17.366 INFO:teuthology.orchestra.run.smithi089.stdout:/usr/bin/ceph: stderr
2024-02-18T10:37:11.293+0000 7f48120bd700 1 -- 172.21.15.89:0/2556592595 shutdown_connections
2024-02-18T10:37:17.366 INFO:teuthology.orchestra.run.smithi089.stdout:/usr/bin/ceph: stderr
2024-02-18T10:37:11.293+0000 7f48120bd700 1 --2- 172.21.15.89:0/2556592595 >> [v2:172.21.15.89:3300/0,v1:172.21.15.89:6789/0] conn(0x7f480c07bda0 0x7f480c07a200 unknown :-1 s=CLOSED pgs=26 cs=0 l=1 rev1=1 crypto rx=0 tx=0 comp rx=0 tx=0).stop
2024-02-18T10:37:17.366 INFO:teuthology.orchestra.run.smithi089.stdout:/usr/bin/ceph: stderr
2024-02-18T10:37:11.293+0000 7f48120bd700 1 -- 172.21.15.89:0/2556592595 >> 172.21.15.89:0/2556592595 conn(0x7f480c102d50 msgr2=0x7f480c105170 unknown :-1 s=STATE_NONE l=0).mark_down
2024-02-18T10:37:17.367 INFO:teuthology.orchestra.run.smithi089.stdout:/usr/bin/ceph: stderr
2024-02-18T10:37:11.293+0000 7f48120bd700 1 -- 172.21.15.89:0/2556592595 shutdown_connections
2024-02-18T10:37:17.367 INFO:teuthology.orchestra.run.smithi089.stdout:/usr/bin/ceph: stderr
2024-02-18T10:37:11.293+0000 7f48120bd700 1 -- 172.21.15.89:0/2556592595 wait complete.
2024-02-18T10:37:17.367 INFO:teuthology.orchestra.run.smithi089.stdout:/usr/bin/ceph: stderr
2024-02-18T10:37:11.293+0000 7f48120bd700 1 Processor -- start
2024-02-18T10:37:17.367 INFO:teuthology.orchestra.run.smithi089.stdout:/usr/bin/ceph: stderr
2024-02-18T10:37:11.294+0000 7f48120bd700 1 -- start start
2024-02-18T10:37:17.367 INFO:teuthology.orchestra.run.smithi089.stdout:/usr/bin/ceph: stderr
2024-02-18T10:37:11.294+0000 7f48120bd700 1 --2- >> [v2:172.21.15.89:3300/0,v1:172.21.15.89:6789/0] conn(0x7f480c07bda0 0x7f480c19d730 unknown :-1 s=NONE pgs=0 cs=0 l=1 rev1=0 crypto rx=0 tx=0 comp rx=0 tx=0).connect
2024-02-18T10:37:17.367 INFO:teuthology.orchestra.run.smithi089.stdout:/usr/bin/ceph: stderr
2024-02-18T10:37:11.294+0000 7f48120bd700 1 -- --> [v2:172.21.15.89:3300/0,v1:172.21.15.89:6789/0] -- mon_getmap magic: 0 v1 -- 0x7f480c19dc70 con 0x7f480c07bda0
2024-02-18T10:37:17.367 INFO:teuthology.orchestra.run.smithi089.stdout:/usr/bin/ceph: stderr
2024-02-18T10:37:11.294+0000 7f480b7fe700 1 --2- >> [v2:172.21.15.89:3300/0,v1:172.21.15.89:6789/0] conn(0x7f480c07bda0 0x7f480c19d730 unknown :-1 s=BANNER_CONNECTING pgs=0 cs=0 l=1 rev1=0 crypto rx=0 tx=0 comp rx=0 tx=0)._handle_peer_banner_payload supported=3 required=0
2024-02-18T10:37:17.367 INFO:teuthology.orchestra.run.smithi089.stdout:/usr/bin/ceph: stderr
2024-02-18T10:37:11.294+0000 7f480b7fe700 1 --2- >> [v2:172.21.15.89:3300/0,v1:172.21.15.89:6789/0] conn(0x7f480c07bda0 0x7f480c19d730 unknown :-1 s=HELLO_CONNECTING pgs=0 cs=0 l=1 rev1=1 crypto rx=0 tx=0 comp rx=0 tx=0).handle_hello peer v2:172.21.15.89:3300/0 says I am v2:172.21.15.89:41694/0 (socket says 172.21.15.89:41694)
2024-02-18T10:37:17.367 INFO:teuthology.orchestra.run.smithi089.stdout:/usr/bin/ceph: stderr
2024-02-18T10:37:11.294+0000 7f480b7fe700 1 -- 172.21.15.89:0/380477924 learned_addr learned my addr 172.21.15.89:0/380477924 (peer_addr_for_me v2:172.21.15.89:0/0)
2024-02-18T10:37:17.367 INFO:teuthology.orchestra.run.smithi089.stdout:/usr/bin/ceph: stderr
2024-02-18T10:37:11.294+0000 7f480b7fe700 1 -- 172.21.15.89:0/380477924 --> [v2:172.21.15.89:3300/0,v1:172.21.15.89:6789/0] -- mon_subscribe({config=0+,monmap=0+}) v3 -- 0x7f4800009550 con 0x7f480c07bda0
2024-02-18T10:37:17.367 INFO:teuthology.orchestra.run.smithi089.stdout:/usr/bin/ceph: stderr
2024-02-18T10:37:11.294+0000 7f480b7fe700 1 --2- 172.21.15.89:0/380477924 >> [v2:172.21.15.89:3300/0,v1:172.21.15.89:6789/0] conn(0x7f480c07bda0 0x7f480c19d730 secure :-1 s=READY pgs=27 cs=0 l=1 rev1=1 crypto rx=0x7f4800009fb0 tx=0x7f4800011b20 comp rx=0 tx=0).ready entity=mon.0 client_cookie=0 server_cookie=0 in_seq=0 out_seq=0
2024-02-18T10:37:17.367 INFO:teuthology.orchestra.run.smithi089.stdout:/usr/bin/ceph: stderr
2024-02-18T10:37:11.294+0000 7f4808ff9700 1 -- 172.21.15.89:0/380477924 <== mon.0 v2:172.21.15.89:3300/0 1 ==== mon_map magic: 0 v1 ==== 205+0+0 (secure 0 0 0) 0x7f48000038b0 con 0x7f480c07bda0
2024-02-18T10:37:17.367 INFO:teuthology.orchestra.run.smithi089.stdout:/usr/bin/ceph: stderr
2024-02-18T10:37:11.294+0000 7f48120bd700 1 -- 172.21.15.89:0/380477924 --> [v2:172.21.15.89:3300/0,v1:172.21.15.89:6789/0] -- mon_subscribe({mgrmap=0+}) v3 -- 0x7f480c19de70 con 0x7f480c07bda0
2024-02-18T10:37:17.368 INFO:teuthology.orchestra.run.smithi089.stdout:/usr/bin/ceph: stderr
2024-02-18T10:37:11.294+0000 7f4808ff9700 1 -- 172.21.15.89:0/380477924 <== mon.0 v2:172.21.15.89:3300/0 2 ==== config(27 keys) v1 ==== 1109+0+0 (secure 0 0 0) 0x7f4800003a10 con 0x7f480c07bda0
2024-02-18T10:37:17.368 INFO:teuthology.orchestra.run.smithi089.stdout:/usr/bin/ceph: stderr
2024-02-18T10:37:11.295+0000 7f4808ff9700 1 -- 172.21.15.89:0/380477924 <== mon.0 v2:172.21.15.89:3300/0 3 ==== mon_map magic: 0 v1 ==== 205+0+0 (secure 0 0 0) 0x7f48000195e0 con 0x7f480c07bda0
2024-02-18T10:37:17.368 INFO:teuthology.orchestra.run.smithi089.stdout:/usr/bin/ceph: stderr
2024-02-18T10:37:11.295+0000 7f48120bd700 1 -- 172.21.15.89:0/380477924 --> [v2:172.21.15.89:3300/0,v1:172.21.15.89:6789/0] -- mon_subscribe({osdmap=0}) v3 -- 0x7f480c19e310 con 0x7f480c07bda0
2024-02-18T10:37:17.368 INFO:teuthology.orchestra.run.smithi089.stdout:/usr/bin/ceph: stderr
2024-02-18T10:37:11.295+0000 7f4808ff9700 1 -- 172.21.15.89:0/380477924 <== mon.0 v2:172.21.15.89:3300/0 4 ==== mgrmap(e 5) v1 ==== 46091+0+0 (secure 0 0 0) 0x7f48000198d0 con 0x7f480c07bda0
2024-02-18T10:37:17.368 INFO:teuthology.orchestra.run.smithi089.stdout:/usr/bin/ceph: stderr
2024-02-18T10:37:11.295+0000 7f4808ff9700 1 --2- 172.21.15.89:0/380477924 >> [v2:172.21.15.89:6800/3495858041,v1:172.21.15.89:6801/3495858041] conn(0x7f47f4039110 0x7f47f403b5d0 unknown :-1 s=NONE pgs=0 cs=0 l=1 rev1=0 crypto rx=0 tx=0 comp rx=0 tx=0).connect
2024-02-18T10:37:17.368 INFO:teuthology.orchestra.run.smithi089.stdout:/usr/bin/ceph: stderr
2024-02-18T10:37:11.295+0000 7f4808ff9700 1 -- 172.21.15.89:0/380477924 --> [v2:172.21.15.89:6800/3495858041,v1:172.21.15.89:6801/3495858041] -- command(tid 0: {"prefix": "get_command_descriptions"}) v1 -- 0x7f47f403bce0 con 0x7f47f4039110
2024-02-18T10:37:17.368 INFO:teuthology.orchestra.run.smithi089.stdout:/usr/bin/ceph: stderr
