2024-02-18T10:37:28.100+0000 7f7b5e59c700 1 --2- 172.21.15.89:0/1129773478 >> [v2:172.21.15.89:3300/0,v1:172.21.15.89:6789/0] conn(0x7f7b601076b0 0x7f7b60107ad0 secure :-1 s=READY pgs=45 cs=0 l=1 rev1=1 crypto rx=0x7f7b500098a0 tx=0x7f7b50009bb0 comp rx=0 tx=0).ready entity=mon.0 client_cookie=87ee195121ca1b63 server_cookie=0 in_seq=0 out_seq=0
2024-02-18T10:37:29.148 INFO:teuthology.orchestra.run.smithi089.stdout:/usr/bin/ceph: stderr
2024-02-18T10:37:28.100+0000 7f7b5d59a700 1 -- 172.21.15.89:0/1129773478 <== mon.0 v2:172.21.15.89:3300/0 1 ==== mon_map magic: 0 v1 ==== 205+0+0 (secure 0 0 0) 0x7f7b50004160 con 0x7f7b601076b0
2024-02-18T10:37:29.148 INFO:teuthology.orchestra.run.smithi089.stdout:/usr/bin/ceph: stderr
2024-02-18T10:37:28.100+0000 7f7b5d59a700 1 -- 172.21.15.89:0/1129773478 <== mon.0 v2:172.21.15.89:3300/0 2 ==== config(27 keys) v1 ==== 1109+0+0 (secure 0 0 0) 0x7f7b500042c0 con 0x7f7b601076b0
2024-02-18T10:37:29.148 INFO:teuthology.orchestra.run.smithi089.stdout:/usr/bin/ceph: stderr
2024-02-18T10:37:28.100+0000 7f7b5d59a700 1 -- 172.21.15.89:0/1129773478 <== mon.0 v2:172.21.15.89:3300/0 3 ==== mon_map magic: 0 v1 ==== 205+0+0 (secure 0 0 0) 0x7f7b50011ac0 con 0x7f7b601076b0
2024-02-18T10:37:29.148 INFO:teuthology.orchestra.run.smithi089.stdout:/usr/bin/ceph: stderr
2024-02-18T10:37:28.100+0000 7f7b64bbb700 1 -- 172.21.15.89:0/1129773478 >> [v2:172.21.15.89:3300/0,v1:172.21.15.89:6789/0] conn(0x7f7b601076b0 msgr2=0x7f7b60107ad0 secure :-1 s=STATE_CONNECTION_ESTABLISHED l=1).mark_down
2024-02-18T10:37:29.148 INFO:teuthology.orchestra.run.smithi089.stdout:/usr/bin/ceph: stderr
2024-02-18T10:37:28.100+0000 7f7b64bbb700 1 --2- 172.21.15.89:0/1129773478 >> [v2:172.21.15.89:3300/0,v1:172.21.15.89:6789/0] conn(0x7f7b601076b0 0x7f7b60107ad0 secure :-1 s=READY pgs=45 cs=0 l=1 rev1=1 crypto rx=0x7f7b500098a0 tx=0x7f7b50009bb0 comp rx=0 tx=0).stop
2024-02-18T10:37:29.149 INFO:teuthology.orchestra.run.smithi089.stdout:/usr/bin/ceph: stderr
2024-02-18T10:37:28.101+0000 7f7b64bbb700 1 -- 172.21.15.89:0/1129773478 shutdown_connections
2024-02-18T10:37:29.149 INFO:teuthology.orchestra.run.smithi089.stdout:/usr/bin/ceph: stderr
2024-02-18T10:37:28.101+0000 7f7b64bbb700 1 --2- 172.21.15.89:0/1129773478 >> [v2:172.21.15.89:3300/0,v1:172.21.15.89:6789/0] conn(0x7f7b601076b0 0x7f7b60107ad0 unknown :-1 s=CLOSED pgs=45 cs=0 l=1 rev1=1 crypto rx=0 tx=0 comp rx=0 tx=0).stop
2024-02-18T10:37:29.149 INFO:teuthology.orchestra.run.smithi089.stdout:/usr/bin/ceph: stderr
2024-02-18T10:37:28.101+0000 7f7b64bbb700 1 -- 172.21.15.89:0/1129773478 >> 172.21.15.89:0/1129773478 conn(0x7f7b60102d30 msgr2=0x7f7b60105150 unknown :-1 s=STATE_NONE l=0).mark_down
2024-02-18T10:37:29.149 INFO:teuthology.orchestra.run.smithi089.stdout:/usr/bin/ceph: stderr
2024-02-18T10:37:28.101+0000 7f7b64bbb700 1 -- 172.21.15.89:0/1129773478 shutdown_connections
2024-02-18T10:37:29.149 INFO:teuthology.orchestra.run.smithi089.stdout:/usr/bin/ceph: stderr
2024-02-18T10:37:28.101+0000 7f7b64bbb700 1 -- 172.21.15.89:0/1129773478 wait complete.
2024-02-18T10:37:29.149 INFO:teuthology.orchestra.run.smithi089.stdout:/usr/bin/ceph: stderr
2024-02-18T10:37:28.101+0000 7f7b64bbb700 1 Processor -- start
2024-02-18T10:37:29.149 INFO:teuthology.orchestra.run.smithi089.stdout:/usr/bin/ceph: stderr
2024-02-18T10:37:28.101+0000 7f7b64bbb700 1 -- start start
2024-02-18T10:37:29.149 INFO:teuthology.orchestra.run.smithi089.stdout:/usr/bin/ceph: stderr
2024-02-18T10:37:28.102+0000 7f7b64bbb700 1 --2- >> [v2:172.21.15.89:3300/0,v1:172.21.15.89:6789/0] conn(0x7f7b601076b0 0x7f7b6007cb80 unknown :-1 s=NONE pgs=0 cs=0 l=1 rev1=0 crypto rx=0 tx=0 comp rx=0 tx=0).connect
2024-02-18T10:37:29.149 INFO:teuthology.orchestra.run.smithi089.stdout:/usr/bin/ceph: stderr
2024-02-18T10:37:28.102+0000 7f7b64bbb700 1 -- --> [v2:172.21.15.89:3300/0,v1:172.21.15.89:6789/0] -- mon_getmap magic: 0 v1 -- 0x7f7b6007d0c0 con 0x7f7b601076b0
2024-02-18T10:37:29.149 INFO:teuthology.orchestra.run.smithi089.stdout:/usr/bin/ceph: stderr
2024-02-18T10:37:28.102+0000 7f7b5e59c700 1 --2- >> [v2:172.21.15.89:3300/0,v1:172.21.15.89:6789/0] conn(0x7f7b601076b0 0x7f7b6007cb80 unknown :-1 s=BANNER_CONNECTING pgs=0 cs=0 l=1 rev1=0 crypto rx=0 tx=0 comp rx=0 tx=0)._handle_peer_banner_payload supported=3 required=0
2024-02-18T10:37:29.149 INFO:teuthology.orchestra.run.smithi089.stdout:/usr/bin/ceph: stderr
2024-02-18T10:37:28.102+0000 7f7b5e59c700 1 --2- >> [v2:172.21.15.89:3300/0,v1:172.21.15.89:6789/0] conn(0x7f7b601076b0 0x7f7b6007cb80 unknown :-1 s=HELLO_CONNECTING pgs=0 cs=0 l=1 rev1=1 crypto rx=0 tx=0 comp rx=0 tx=0).handle_hello peer v2:172.21.15.89:3300/0 says I am v2:172.21.15.89:59630/0 (socket says 172.21.15.89:59630)
2024-02-18T10:37:29.149 INFO:teuthology.orchestra.run.smithi089.stdout:/usr/bin/ceph: stderr
2024-02-18T10:37:28.102+0000 7f7b5e59c700 1 -- 172.21.15.89:0/682816810 learned_addr learned my addr 172.21.15.89:0/682816810 (peer_addr_for_me v2:172.21.15.89:0/0)
2024-02-18T10:37:29.149 INFO:teuthology.orchestra.run.smithi089.stdout:/usr/bin/ceph: stderr
2024-02-18T10:37:28.102+0000 7f7b5e59c700 1 -- 172.21.15.89:0/682816810 --> [v2:172.21.15.89:3300/0,v1:172.21.15.89:6789/0] -- mon_subscribe({config=0+,monmap=0+}) v3 -- 0x7f7b50009550 con 0x7f7b601076b0
2024-02-18T10:37:29.149 INFO:teuthology.orchestra.run.smithi089.stdout:/usr/bin/ceph: stderr
2024-02-18T10:37:28.102+0000 7f7b5e59c700 1 --2- 172.21.15.89:0/682816810 >> [v2:172.21.15.89:3300/0,v1:172.21.15.89:6789/0] conn(0x7f7b601076b0 0x7f7b6007cb80 secure :-1 s=READY pgs=46 cs=0 l=1 rev1=1 crypto rx=0x7f7b50003f70 tx=0x7f7b50011b40 comp rx=0 tx=0).ready entity=mon.0 client_cookie=0 server_cookie=0 in_seq=0 out_seq=0
2024-02-18T10:37:29.150 INFO:teuthology.orchestra.run.smithi089.stdout:/usr/bin/ceph: stderr
2024-02-18T10:37:28.102+0000 7f7b4f7fe700 1 -- 172.21.15.89:0/682816810 <== mon.0 v2:172.21.15.89:3300/0 1 ==== mon_map magic: 0 v1 ==== 205+0+0 (secure 0 0 0) 0x7f7b500039f0 con 0x7f7b601076b0
2024-02-18T10:37:29.150 INFO:teuthology.orchestra.run.smithi089.stdout:/usr/bin/ceph: stderr
2024-02-18T10:37:28.102+0000 7f7b64bbb700 1 -- 172.21.15.89:0/682816810 --> [v2:172.21.15.89:3300/0,v1:172.21.15.89:6789/0] -- mon_subscribe({mgrmap=0+}) v3 -- 0x7f7b6007b2b0 con 0x7f7b601076b0
2024-02-18T10:37:29.150 INFO:teuthology.orchestra.run.smithi089.stdout:/usr/bin/ceph: stderr
2024-02-18T10:37:28.102+0000 7f7b4f7fe700 1 -- 172.21.15.89:0/682816810 <== mon.0 v2:172.21.15.89:3300/0 2 ==== config(27 keys) v1 ==== 1109+0+0 (secure 0 0 0) 0x7f7b50003b50 con 0x7f7b601076b0
2024-02-18T10:37:29.150 INFO:teuthology.orchestra.run.smithi089.stdout:/usr/bin/ceph: stderr
2024-02-18T10:37:28.102+0000 7f7b4f7fe700 1 -- 172.21.15.89:0/682816810 <== mon.0 v2:172.21.15.89:3300/0 3 ==== mon_map magic: 0 v1 ==== 205+0+0 (secure 0 0 0) 0x7f7b5001a690 con 0x7f7b601076b0
2024-02-18T10:37:29.150 INFO:teuthology.orchestra.run.smithi089.stdout:/usr/bin/ceph: stderr
2024-02-18T10:37:28.102+0000 7f7b64bbb700 1 -- 172.21.15.89:0/682816810 --> [v2:172.21.15.89:3300/0,v1:172.21.15.89:6789/0] -- mon_subscribe({osdmap=0}) v3 -- 0x7f7b6007b750 con 0x7f7b601076b0
2024-02-18T10:37:29.150 INFO:teuthology.orchestra.run.smithi089.stdout:/usr/bin/ceph: stderr
2024-02-18T10:37:28.103+0000 7f7b4f7fe700 1 -- 172.21.15.89:0/682816810 <== mon.0 v2:172.21.15.89:3300/0 4 ==== mgrmap(e 8) v1 ==== 46091+0+0 (secure 0 0 0) 0x7f7b5001a970 con 0x7f7b601076b0
2024-02-18T10:37:29.150 INFO:teuthology.orchestra.run.smithi089.stdout:/usr/bin/ceph: stderr
2024-02-18T10:37:28.103+0000 7f7b4f7fe700 1 --2- 172.21.15.89:0/682816810 >> [v2:172.21.15.89:6800/4228281670,v1:172.21.15.89:6801/4228281670] conn(0x7f7b480390c0 0x7f7b4803b580 unknown :-1 s=NONE pgs=0 cs=0 l=1 rev1=0 crypto rx=0 tx=0 comp rx=0 tx=0).connect
2024-02-18T10:37:29.150 INFO:teuthology.orchestra.run.smithi089.stdout:/usr/bin/ceph: stderr
2024-02-18T10:37:28.103+0000 7f7b64bbb700 1 -- 172.21.15.89:0/682816810 --> [v2:172.21.15.89:3300/0,v1:172.21.15.89:6789/0] -- mon_command({"prefix": "get_command_descriptions"} v 0) v1 -- 0x7f7b6010ba90 con 0x7f7b601076b0
2024-02-18T10:37:29.150 INFO:teuthology.orchestra.run.smithi089.stdout:/usr/bin/ceph: stderr
2024-02-18T10:37:28.103+0000 7f7b4f7fe700 1 -- 172.21.15.89:0/682816810 <== mon.0 v2:172.21.15.89:3300/0 5 ==== osd_map(2..2 src has 1..2) v4 ==== 940+0+0 (secure 0 0 0) 0x7f7b5004d4a0 con 0x7f7b601076b0
2024-02-18T10:37:29.150 INFO:teuthology.orchestra.run.smithi089.stdout:/usr/bin/ceph: stderr
2024-02-18T10:37:28.103+0000 7f7b5dd9b700 1 --2- 172.21.15.89:0/682816810 >> [v2:172.21.15.89:6800/4228281670,v1:172.21.15.89:6801/4228281670] conn(0x7f7b480390c0 0x7f7b4803b580 unknown :-1 s=BANNER_CONNECTING pgs=0 cs=0 l=1 rev1=0 crypto rx=0 tx=0 comp rx=0 tx=0)._handle_peer_banner_payload supported=3 required=0
2024-02-18T10:37:29.150 INFO:teuthology.orchestra.run.smithi089.stdout:/usr/bin/ceph: stderr
2024-02-18T10:37:28.104+0000 7f7b5dd9b700 1 --2- 172.21.15.89:0/682816810 >> [v2:172.21.15.89:6800/4228281670,v1:172.21.15.89:6801/4228281670] conn(0x7f7b480390c0 0x7f7b4803b580 secure :-1 s=READY pgs=12 cs=0 l=1 rev1=1 crypto rx=0x7f7b54006fd0 tx=0x7f7b54006e40 comp rx=0 tx=0).ready entity=mgr.14118 client_cookie=0 server_cookie=0 in_seq=0 out_seq=0
2024-02-18T10:37:29.150 INFO:teuthology.orchestra.run.smithi089.stdout:/usr/bin/ceph: stderr
2024-02-18T10:37:28.108+0000 7f7b4f7fe700 1 -- 172.21.15.89:0/682816810 <== mon.0 v2:172.21.15.89:3300/0 6 ==== mon_command_ack([{"prefix": "get_command_descriptions"}]=0 v0) v1 ==== 72+0+183564 (secure 0 0 0) 0x7f7b50022330 con 0x7f7b601076b0
2024-02-18T10:37:29.150 INFO:teuthology.orchestra.run.smithi089.stdout:/usr/bin/ceph: stderr
2024-02-18T10:37:28.313+0000 7f7b64bbb700 1 -- 172.21.15.89:0/682816810 --> [v2:172.21.15.89:6800/4228281670,v1:172.21.15.89:6801/4228281670] -- mgr_command(tid 0: {"prefix": "orch apply", "service_type": "mon", "unmanaged": true, "target": ["mon-mgr", ""]}) v1 -- 0x7f7b6007bdc0 con 0x7f7b480390c0
2024-02-18T10:37:29.151 INFO:teuthology.orchestra.run.smithi089.stdout:/usr/bin/ceph: stderr
2024-02-18T10:37:28.317+0000 7f7b4f7fe700 1 -- 172.21.15.89:0/682816810 <== mgr.14118 v2:172.21.15.89:6800/4228281670 1 ==== mgr_command_reply(tid 0: 0 ) v1 ==== 8+0+24 (secure 0 0 0) 0x7f7b6007bdc0 con 0x7f7b480390c0
2024-02-18T10:37:29.151 INFO:teuthology.orchestra.run.smithi089.stdout:/usr/bin/ceph: stderr
2024-02-18T10:37:28.319+0000 7f7b64bbb700 1 -- 172.21.15.89:0/682816810 >> [v2:172.21.15.89:6800/4228281670,v1:172.21.15.89:6801/4228281670] conn(0x7f7b480390c0 msgr2=0x7f7b4803b580 secure :-1 s=STATE_CONNECTION_ESTABLISHED l=1).mark_down
2024-02-18T10:37:29.151 INFO:teuthology.orchestra.run.smithi089.stdout:/usr/bin/ceph: stderr
2024-02-18T10:37:28.319+0000 7f7b64bbb700 1 --2- 172.21.15.89:0/682816810 >> [v2:172.21.15.89:6800/4228281670,v1:172.21.15.89:6801/4228281670] conn(0x7f7b480390c0 0x7f7b4803b580 secure :-1 s=READY pgs=12 cs=0 l=1 rev1=1 crypto rx=0x7f7b54006fd0 tx=0x7f7b54006e40 comp rx=0 tx=0).stop
2024-02-18T10:37:29.151 INFO:teuthology.orchestra.run.smithi089.stdout:/usr/bin/ceph: stderr
2024-02-18T10:37:28.319+0000 7f7b64bbb700 1 -- 172.21.15.89:0/682816810 >> [v2:172.21.15.89:3300/0,v1:172.21.15.89:6789/0] conn(0x7f7b601076b0 msgr2=0x7f7b6007cb80 secure :-1 s=STATE_CONNECTION_ESTABLISHED l=1).mark_down
2024-02-18T10:37:29.151 INFO:teuthology.orchestra.run.smithi089.stdout:/usr/bin/ceph: stderr
2024-02-18T10:37:28.319+0000 7f7b64bbb700 1 --2- 172.21.15.89:0/682816810 >> [v2:172.21.15.89:3300/0,v1:172.21.15.89:6789/0] conn(0x7f7b601076b0 0x7f7b6007cb80 secure :-1 s=READY pgs=46 cs=0 l=1 rev1=1 crypto rx=0x7f7b50003f70 tx=0x7f7b50011b40 comp rx=0 tx=0).stop
2024-02-18T10:37:29.151 INFO:teuthology.orchestra.run.smithi089.stdout:/usr/bin/ceph: stderr
2024-02-18T10:37:28.319+0000 7f7b64bbb700 1 -- 172.21.15.89:0/682816810 shutdown_connections
2024-02-18T10:37:29.151 INFO:teuthology.orchestra.run.smithi089.stdout:/usr/bin/ceph: stderr
2024-02-18T10:37:28.319+0000 7f7b64bbb700 1 --2- 172.21.15.89:0/682816810 >> [v2:172.21.15.89:6800/4228281670,v1:172.21.15.89:6801/4228281670] conn(0x7f7b480390c0 0x7f7b4803b580 unknown :-1 s=CLOSED pgs=12 cs=0 l=1 rev1=1 crypto rx=0 tx=0 comp rx=0 tx=0).stop
2024-02-18T10:37:29.151 INFO:teuthology.orchestra.run.smithi089.stdout:/usr/bin/ceph: stderr
2024-02-18T10:37:28.319+0000 7f7b64bbb700 1 --2- 172.21.15.89:0/682816810 >> [v2:172.21.15.89:3300/0,v1:172.21.15.89:6789/0] conn(0x7f7b601076b0 0x7f7b6007cb80 unknown :-1 s=CLOSED pgs=46 cs=0 l=1 rev1=1 crypto rx=0 tx=0 comp rx=0 tx=0).stop
2024-02-18T10:37:29.151 INFO:teuthology.orchestra.run.smithi089.stdout:/usr/bin/ceph: stderr
2024-02-18T10:37:28.319+0000 7f7b64bbb700 1 -- 172.21.15.89:0/682816810 >> 172.21.15.89:0/682816810 conn(0x7f7b60102d30 msgr2=0x7f7b60103820 unknown :-1 s=STATE_NONE l=0).mark_down
2024-02-18T10:37:29.151 INFO:teuthology.orchestra.run.smithi089.stdout:/usr/bin/ceph: stderr
2024-02-18T10:37:28.320+0000 7f7b64bbb700 1 -- 172.21.15.89:0/682816810 shutdown_connections
2024-02-18T10:37:29.151 INFO:teuthology.orchestra.run.smithi089.stdout:/usr/bin/ceph: stderr
2024-02-18T10:37:28.320+0000 7f7b64bbb700 1 -- 172.21.15.89:0/682816810 wait complete.
2024-02-18T10:37:29.151 INFO:teuthology.orchestra.run.smithi089.stdout:Deploying unmanaged mgr service...
2024-02-18T10:37:29.422 INFO:journalctl@ceph.mon.a.smithi089.stdout:Feb 18 10:37:29 smithi089 ceph-mon[32827]: from='client.14140 -' entity='client.admin' cmd=[{"prefix": "orch apply", "service_type": "mon", "unmanaged": true, "target": ["mon-mgr", ""]}]: dispatch
2024-02-18T10:37:29.422 INFO:journalctl@ceph.mon.a.smithi089.stdout:Feb 18 10:37:29 smithi089 ceph-mon[32827]: Saving service mon spec with placement count:5
2024-02-18T10:37:29.422 INFO:journalctl@ceph.mon.a.smithi089.stdout:Feb 18 10:37:29 smithi089 ceph-mon[32827]: from='mgr.14118 172.21.15.89:0/987081868' entity='mgr.x'
2024-02-18T10:37:31.436 INFO:journalctl@ceph.mon.a.smithi089.stdout:Feb 18 10:37:31 smithi089 ceph-mon[32827]: from='mgr.14118 172.21.15.89:0/987081868' entity='mgr.x'
2024-02-18T10:37:31.436 INFO:journalctl@ceph.mon.a.smithi089.stdout:Feb 18 10:37:31 smithi089 ceph-mon[32827]: from='client.14142 -' entity='client.admin' cmd=[{"prefix": "orch apply", "service_type": "mgr", "unmanaged": true, "target": ["mon-mgr", ""]}]: dispatch
2024-02-18T10:37:31.436 INFO:journalctl@ceph.mon.a.smithi089.stdout:Feb 18 10:37:31 smithi089 ceph-mon[32827]: Saving service mgr spec with placement count:2
2024-02-18T10:37:31.436 INFO:journalctl@ceph.mon.a.smithi089.stdout:Feb 18 10:37:31 smithi089 ceph-mon[32827]: from='mgr.14118 172.21.15.89:0/987081868' entity='mgr.x'
2024-02-18T10:37:31.436 INFO:journalctl@ceph.mon.a.smithi089.stdout:Feb 18 10:37:31 smithi089 ceph-mon[32827]: from='mgr.14118 172.21.15.89:0/987081868' entity='mgr.x'
2024-02-18T10:37:31.443 INFO:teuthology.orchestra.run.smithi089.stdout:/usr/bin/ceph: stdout Scheduled mgr update...
2024-02-18T10:37:31.443 INFO:teuthology.orchestra.run.smithi089.stdout:/usr/bin/ceph: stderr
2024-02-18T10:37:30.592+0000 7fde93282700 1 Processor -- start
2024-02-18T10:37:31.443 INFO:teuthology.orchestra.run.smithi089.stdout:/usr/bin/ceph: stderr
2024-02-18T10:37:30.592+0000 7fde93282700 1 -- start start
2024-02-18T10:37:31.444 INFO:teuthology.orchestra.run.smithi089.stdout:/usr/bin/ceph: stderr
2024-02-18T10:37:30.592+0000 7fde93282700 1 --2- >> [v2:172.21.15.89:3300/0,v1:172.21.15.89:6789/0] conn(0x7fde8c108120 0x7fde8c10a510 unknown :-1 s=NONE pgs=0 cs=0 l=0 rev1=0 crypto rx=0 tx=0 comp rx=0 tx=0).connect
2024-02-18T10:37:31.444 INFO:teuthology.orchestra.run.smithi089.stdout:/usr/bin/ceph: stderr
2024-02-18T10:37:30.592+0000 7fde93282700 1 -- --> [v2:172.21.15.89:3300/0,v1:172.21.15.89:6789/0] -- mon_getmap magic: 0 v1 -- 0x7fde8c07aec0 con 0x7fde8c108120
2024-02-18T10:37:31.444 INFO:teuthology.orchestra.run.smithi089.stdout:/usr/bin/ceph: stderr
2024-02-18T10:37:30.592+0000 7fde9101e700 1 --2- >> [v2:172.21.15.89:3300/0,v1:172.21.15.89:6789/0] conn(0x7fde8c108120 0x7fde8c10a510 unknown :-1 s=BANNER_CONNECTING pgs=0 cs=0 l=0 rev1=0 crypto rx=0 tx=0 comp rx=0 tx=0)._handle_peer_banner_payload supported=3 required=0
2024-02-18T10:37:31.444 INFO:teuthology.orchestra.run.smithi089.stdout:/usr/bin/ceph: stderr
2024-02-18T10:37:30.593+0000 7fde9101e700 1 --2- >> [v2:172.21.15.89:3300/0,v1:172.21.15.89:6789/0] conn(0x7fde8c108120 0x7fde8c10a510 unknown :-1 s=HELLO_CONNECTING pgs=0 cs=0 l=0 rev1=1 crypto rx=0 tx=0 comp rx=0 tx=0).handle_hello peer v2:172.21.15.89:3300/0 says I am v2:172.21.15.89:59640/0 (socket says 172.21.15.89:59640)
2024-02-18T10:37:31.444 INFO:teuthology.orchestra.run.smithi089.stdout:/usr/bin/ceph: stderr
2024-02-18T10:37:30.593+0000 7fde9101e700 1 -- 172.21.15.89:0/1543208940 learned_addr learned my addr 172.21.15.89:0/1543208940 (peer_addr_for_me v2:172.21.15.89:0/0)
2024-02-18T10:37:31.444 INFO:teuthology.orchestra.run.smithi089.stdout:/usr/bin/ceph: stderr
2024-02-18T10:37:30.593+0000 7fde9101e700 1 -- 172.21.15.89:0/1543208940 --> [v2:172.21.15.89:3300/0,v1:172.21.15.89:6789/0] -- mon_subscribe({config=0+,monmap=0+}) v3 -- 0x7fde8c10aa50 con 0x7fde8c108120
2024-02-18T10:37:31.444 INFO:teuthology.orchestra.run.smithi089.stdout:/usr/bin/ceph: stderr
2024-02-18T10:37:30.593+0000 7fde9101e700 1 --2- 172.21.15.89:0/1543208940 >> [v2:172.21.15.89:3300/0,v1:172.21.15.89:6789/0] conn(0x7fde8c108120 0x7fde8c10a510 secure :-1 s=READY pgs=47 cs=0 l=1 rev1=1 crypto rx=0x7fde7c0098a0 tx=0x7fde7c009bb0 comp rx=0 tx=0).ready entity=mon.0 client_cookie=fd08d8072b1e1e5b server_cookie=0 in_seq=0 out_seq=0
2024-02-18T10:37:31.444 INFO:teuthology.orchestra.run.smithi089.stdout:/usr/bin/ceph: stderr
2024-02-18T10:37:30.593+0000 7fde83fff700 1 -- 172.21.15.89:0/1543208940 <== mon.0 v2:172.21.15.89:3300/0 1 ==== mon_map magic: 0 v1 ==== 205+0+0 (secure 0 0 0) 0x7fde7c004160 con 0x7fde8c108120
2024-02-18T10:37:31.444 INFO:teuthology.orchestra.run.smithi089.stdout:/usr/bin/ceph: stderr
2024-02-18T10:37:30.593+0000 7fde83fff700 1 -- 172.21.15.89:0/1543208940 <== mon.0 v2:172.21.15.89:3300/0 2 ==== config(27 keys) v1 ==== 1140+0+0 (secure 0 0 0) 0x7fde7c0042c0 con 0x7fde8c108120
2024-02-18T10:37:31.444 INFO:teuthology.orchestra.run.smithi089.stdout:/usr/bin/ceph: stderr
2024-02-18T10:37:30.593+0000 7fde83fff700 1 -- 172.21.15.89:0/1543208940 <== mon.0 v2:172.21.15.89:3300/0 3 ==== mon_map magic: 0 v1 ==== 205+0+0 (secure 0 0 0) 0x7fde7c011a80 con 0x7fde8c108120
2024-02-18T10:37:31.444 INFO:teuthology.orchestra.run.smithi089.stdout:/usr/bin/ceph: stderr
2024-02-18T10:37:30.594+0000 7fde93282700 1 -- 172.21.15.89:0/1543208940 >> [v2:172.21.15.89:3300/0,v1:172.21.15.89:6789/0] conn(0x7fde8c108120 msgr2=0x7fde8c10a510 secure :-1 s=STATE_CONNECTION_ESTABLISHED l=1).mark_down
2024-02-18T10:37:31.444 INFO:teuthology.orchestra.run.smithi089.stdout:/usr/bin/ceph: stderr
2024-02-18T10:37:30.594+0000 7fde93282700 1 --2- 172.21.15.89:0/1543208940 >> [v2:172.21.15.89:3300/0,v1:172.21.15.89:6789/0] conn(0x7fde8c108120 0x7fde8c10a510 secure :-1 s=READY pgs=47 cs=0 l=1 rev1=1 crypto rx=0x7fde7c0098a0 tx=0x7fde7c009bb0 comp rx=0 tx=0).stop
2024-02-18T10:37:31.445 INFO:teuthology.orchestra.run.smithi089.stdout:/usr/bin/ceph: stderr
2024-02-18T10:37:30.594+0000 7fde93282700 1 -- 172.21.15.89:0/1543208940 shutdown_connections
2024-02-18T10:37:31.445 INFO:teuthology.orchestra.run.smithi089.stdout:/usr/bin/ceph: stderr
2024-02-18T10:37:30.594+0000 7fde93282700 1 --2- 172.21.15.89:0/1543208940 >> [v2:172.21.15.89:3300/0,v1:172.21.15.89:6789/0] conn(0x7fde8c108120 0x7fde8c10a510 unknown :-1 s=CLOSED pgs=47 cs=0 l=1 rev1=1 crypto rx=0 tx=0 comp rx=0 tx=0).stop
2024-02-18T10:37:31.445 INFO:teuthology.orchestra.run.smithi089.stdout:/usr/bin/ceph: stderr
2024-02-18T10:37:30.594+0000 7fde93282700 1 -- 172.21.15.89:0/1543208940 >> 172.21.15.89:0/1543208940 conn(0x7fde8c101bd0 msgr2=0x7fde8c103ff0 unknown :-1 s=STATE_NONE l=0).mark_down
2024-02-18T10:37:31.445 INFO:teuthology.orchestra.run.smithi089.stdout:/usr/bin/ceph: stderr
2024-02-18T10:37:30.594+0000 7fde93282700 1 -- 172.21.15.89:0/1543208940 shutdown_connections
2024-02-18T10:37:31.445 INFO:teuthology.orchestra.run.smithi089.stdout:/usr/bin/ceph: stderr
2024-02-18T10:37:30.594+0000 7fde93282700 1 -- 172.21.15.89:0/1543208940 wait complete.
2024-02-18T10:37:31.445 INFO:teuthology.orchestra.run.smithi089.stdout:/usr/bin/ceph: stderr
2024-02-18T10:37:30.595+0000 7fde93282700 1 Processor -- start
2024-02-18T10:37:31.445 INFO:teuthology.orchestra.run.smithi089.stdout:/usr/bin/ceph: stderr
2024-02-18T10:37:30.595+0000 7fde93282700 1 -- start start
2024-02-18T10:37:31.445 INFO:teuthology.orchestra.run.smithi089.stdout:/usr/bin/ceph: stderr
2024-02-18T10:37:30.595+0000 7fde93282700 1 --2- >> [v2:172.21.15.89:3300/0,v1:172.21.15.89:6789/0] conn(0x7fde8c108120 0x7fde8c1079a0 unknown :-1 s=NONE pgs=0 cs=0 l=1 rev1=0 crypto rx=0 tx=0 comp rx=0 tx=0).connect
2024-02-18T10:37:31.445 INFO:teuthology.orchestra.run.smithi089.stdout:/usr/bin/ceph: stderr
2024-02-18T10:37:30.595+0000 7fde93282700 1 -- --> [v2:172.21.15.89:3300/0,v1:172.21.15.89:6789/0] -- mon_getmap magic: 0 v1 -- 0x7fde8c107ee0 con 0x7fde8c108120
2024-02-18T10:37:31.445 INFO:teuthology.orchestra.run.smithi089.stdout:/usr/bin/ceph: stderr
2024-02-18T10:37:30.595+0000 7fde9101e700 1 --2- >> [v2:172.21.15.89:3300/0,v1:172.21.15.89:6789/0] conn(0x7fde8c108120 0x7fde8c1079a0 unknown :-1 s=BANNER_CONNECTING pgs=0 cs=0 l=1 rev1=0 crypto rx=0 tx=0 comp rx=0 tx=0)._handle_peer_banner_payload supported=3 required=0
2024-02-18T10:37:31.445 INFO:teuthology.orchestra.run.smithi089.stdout:/usr/bin/ceph: stderr
2024-02-18T10:37:30.595+0000 7fde9101e700 1 --2- >> [v2:172.21.15.89:3300/0,v1:172.21.15.89:6789/0] conn(0x7fde8c108120 0x7fde8c1079a0 unknown :-1 s=HELLO_CONNECTING pgs=0 cs=0 l=1 rev1=1 crypto rx=0 tx=0 comp rx=0 tx=0).handle_hello peer v2:172.21.15.89:3300/0 says I am v2:172.21.15.89:59642/0 (socket says 172.21.15.89:59642)
2024-02-18T10:37:31.445 INFO:teuthology.orchestra.run.smithi089.stdout:/usr/bin/ceph: stderr
2024-02-18T10:37:30.595+0000 7fde9101e700 1 -- 172.21.15.89:0/24260467 learned_addr learned my addr 172.21.15.89:0/24260467 (peer_addr_for_me v2:172.21.15.89:0/0)
2024-02-18T10:37:31.445 INFO:teuthology.orchestra.run.smithi089.stdout:/usr/bin/ceph: stderr
2024-02-18T10:37:30.595+0000 7fde9101e700 1 -- 172.21.15.89:0/24260467 --> [v2:172.21.15.89:3300/0,v1:172.21.15.89:6789/0] -- mon_subscribe({config=0+,monmap=0+}) v3 -- 0x7fde7c009550 con 0x7fde8c108120
2024-02-18T10:37:31.445 INFO:teuthology.orchestra.run.smithi089.stdout:/usr/bin/ceph: stderr
2024-02-18T10:37:30.596+0000 7fde9101e700 1 --2- 172.21.15.89:0/24260467 >> [v2:172.21.15.89:3300/0,v1:172.21.15.89:6789/0] conn(0x7fde8c108120 0x7fde8c1079a0 secure :-1 s=READY pgs=48 cs=0 l=1 rev1=1 crypto rx=0x7fde7c003f20 tx=0x7fde7c011b00 comp rx=0 tx=0).ready entity=mon.0 client_cookie=0 server_cookie=0 in_seq=0 out_seq=0
2024-02-18T10:37:31.446 INFO:teuthology.orchestra.run.smithi089.stdout:/usr/bin/ceph: stderr
2024-02-18T10:37:30.596+0000 7fde827fc700 1 -- 172.21.15.89:0/24260467 <== mon.0 v2:172.21.15.89:3300/0 1 ==== mon_map magic: 0 v1 ==== 205+0+0 (secure 0 0 0) 0x7fde7c0039f0 con 0x7fde8c108120
2024-02-18T10:37:31.446 INFO:teuthology.orchestra.run.smithi089.stdout:/usr/bin/ceph: stderr
2024-02-18T10:37:30.596+0000 7fde93282700 1 -- 172.21.15.89:0/24260467 --> [v2:172.21.15.89:3300/0,v1:172.21.15.89:6789/0] -- mon_subscribe({mgrmap=0+}) v3 -- 0x7fde8c1060d0 con 0x7fde8c108120
2024-02-18T10:37:31.446 INFO:teuthology.orchestra.run.smithi089.stdout:/usr/bin/ceph: stderr
2024-02-18T10:37:30.596+0000 7fde827fc700 1 -- 172.21.15.89:0/24260467 <== mon.0 v2:172.21.15.89:3300/0 2 ==== config(27 keys) v1 ==== 1140+0+0 (secure 0 0 0) 0x7fde7c003b50 con 0x7fde8c108120
2024-02-18T10:37:31.446 INFO:teuthology.orchestra.run.smithi089.stdout:/usr/bin/ceph: stderr
2024-02-18T10:37:30.596+0000 7fde827fc700 1 -- 172.21.15.89:0/24260467 <== mon.0 v2:172.21.15.89:3300/0 3 ==== mon_map magic: 0 v1 ==== 205+0+0 (secure 0 0 0) 0x7fde7c01a6d0 con 0x7fde8c108120
2024-02-18T10:37:31.446 INFO:teuthology.orchestra.run.smithi089.stdout:/usr/bin/ceph: stderr
2024-02-18T10:37:30.596+0000 7fde93282700 1 -- 172.21.15.89:0/24260467 --> [v2:172.21.15.89:3300/0,v1:172.21.15.89:6789/0] -- mon_subscribe({osdmap=0}) v3 -- 0x7fde8c106570 con 0x7fde8c108120
2024-02-18T10:37:31.446 INFO:teuthology.orchestra.run.smithi089.stdout:/usr/bin/ceph: stderr
2024-02-18T10:37:30.597+0000 7fde827fc700 1 -- 172.21.15.89:0/24260467 <== mon.0 v2:172.21.15.89:3300/0 4 ==== mgrmap(e 8) v1 ==== 46091+0+0 (secure 0 0 0) 0x7fde7c01a990 con 0x7fde8c108120
2024-02-18T10:37:31.446 INFO:teuthology.orchestra.run.smithi089.stdout:/usr/bin/ceph: stderr
2024-02-18T10:37:30.597+0000 7fde93282700 1 -- 172.21.15.89:0/24260467 --> [v2:172.21.15.89:3300/0,v1:172.21.15.89:6789/0] -- mon_command({"prefix": "get_command_descriptions"} v 0) v1 -- 0x7fde8c10b8f0 con 0x7fde8c108120
2024-02-18T10:37:31.446 INFO:teuthology.orchestra.run.smithi089.stdout:/usr/bin/ceph: stderr
2024-02-18T10:37:30.597+0000 7fde827fc700 1 --2- 172.21.15.89:0/24260467 >> [v2:172.21.15.89:6800/4228281670,v1:172.21.15.89:6801/4228281670] conn(0x7fde780390c0 0x7fde7803b580 unknown :-1 s=NONE pgs=0 cs=0 l=1 rev1=0 crypto rx=0 tx=0 comp rx=0 tx=0).connect
2024-02-18T10:37:31.446 INFO:teuthology.orchestra.run.smithi089.stdout:/usr/bin/ceph: stderr
2024-02-18T10:37:30.597+0000 7fde827fc700 1 -- 172.21.15.89:0/24260467 <== mon.0 v2:172.21.15.89:3300/0 5 ==== osd_map(2..2 src has 1..2) v4 ==== 940+0+0 (secure 0 0 0) 0x7fde7c04d530 con 0x7fde8c108120
2024-02-18T10:37:31.446 INFO:teuthology.orchestra.run.smithi089.stdout:/usr/bin/ceph: stderr
2024-02-18T10:37:30.597+0000 7fde9081d700 1 --2- 172.21.15.89:0/24260467 >> [v2:172.21.15.89:6800/4228281670,v1:172.21.15.89:6801/4228281670] conn(0x7fde780390c0 0x7fde7803b580 unknown :-1 s=BANNER_CONNECTING pgs=0 cs=0 l=1 rev1=0 crypto rx=0 tx=0 comp rx=0 tx=0)._handle_peer_banner_payload supported=3 required=0
2024-02-18T10:37:31.446 INFO:teuthology.orchestra.run.smithi089.stdout:/usr/bin/ceph: stderr
2024-02-18T10:37:30.597+0000 7fde9081d700 1 --2- 172.21.15.89:0/24260467 >> [v2:172.21.15.89:6800/4228281670,v1:172.21.15.89:6801/4228281670] conn(0x7fde780390c0 0x7fde7803b580 secure :-1 s=READY pgs=13 cs=0 l=1 rev1=1 crypto rx=0x7fde88006fd0 tx=0x7fde88006e40 comp rx=0 tx=0).ready entity=mgr.14118 client_cookie=0 server_cookie=0 in_seq=0 out_seq=0
2024-02-18T10:37:31.446 INFO:teuthology.orchestra.run.smithi089.stdout:/usr/bin/ceph: stderr
2024-02-18T10:37:30.602+0000 7fde827fc700 1 -- 172.21.15.89:0/24260467 <== mon.0 v2:172.21.15.89:3300/0 6 ==== mon_command_ack([{"prefix": "get_command_descriptions"}]=0 v0) v1 ==== 72+0+183564 (secure 0 0 0) 0x7fde7c018dc0 con 0x7fde8c108120
2024-02-18T10:37:31.446 INFO:teuthology.orchestra.run.smithi089.stdout:/usr/bin/ceph: stderr
2024-02-18T10:37:30.859+0000 7fde93282700 1 -- 172.21.15.89:0/24260467 --> [v2:172.21.15.89:6800/4228281670,v1:172.21.15.89:6801/4228281670] -- mgr_command(tid 0: {"prefix": "orch apply", "service_type": "mgr", "unmanaged": true, "target": ["mon-mgr", ""]}) v1 -- 0x7fde8c106b70 con 0x7fde780390c0
2024-02-18T10:37:31.447 INFO:teuthology.orchestra.run.smithi089.stdout:/usr/bin/ceph: stderr
2024-02-18T10:37:30.864+0000 7fde827fc700 1 -- 172.21.15.89:0/24260467 <== mgr.14118 v2:172.21.15.89:6800/4228281670 1 ==== mgr_command_reply(tid 0: 0 ) v1 ==== 8+0+24 (secure 0 0 0) 0x7fde8c106b70 con 0x7fde780390c0
2024-02-18T10:37:31.447 INFO:teuthology.orchestra.run.smithi089.stdout:/usr/bin/ceph: stderr
2024-02-18T10:37:30.866+0000 7fde93282700 1 -- 172.21.15.89:0/24260467 >> [v2:172.21.15.89:6800/4228281670,v1:172.21.15.89:6801/4228281670] conn(0x7fde780390c0 msgr2=0x7fde7803b580 secure :-1 s=STATE_CONNECTION_ESTABLISHED l=1).mark_down
2024-02-18T10:37:31.447 INFO:teuthology.orchestra.run.smithi089.stdout:/usr/bin/ceph: stderr
2024-02-18T10:37:30.866+0000 7fde93282700 1 --2- 172.21.15.89:0/24260467 >> [v2:172.21.15.89:6800/4228281670,v1:172.21.15.89:6801/4228281670] conn(0x7fde780390c0 0x7fde7803b580 secure :-1 s=READY pgs=13 cs=0 l=1 rev1=1 crypto rx=0x7fde88006fd0 tx=0x7fde88006e40 comp rx=0 tx=0).stop
2024-02-18T10:37:31.447 INFO:teuthology.orchestra.run.smithi089.stdout:/usr/bin/ceph: stderr
2024-02-18T10:37:30.866+0000 7fde93282700 1 -- 172.21.15.89:0/24260467 >> [v2:172.21.15.89:3300/0,v1:172.21.15.89:6789/0] conn(0x7fde8c108120 msgr2=0x7fde8c1079a0 secure :-1 s=STATE_CONNECTION_ESTABLISHED l=1).mark_down
2024-02-18T10:37:31.447 INFO:teuthology.orchestra.run.smithi089.stdout:/usr/bin/ceph: stderr
2024-02-18T10:37:30.866+0000 7fde93282700 1 --2- 172.21.15.89:0/24260467 >> [v2:172.21.15.89:3300/0,v1:172.21.15.89:6789/0] conn(0x7fde8c108120 0x7fde8c1079a0 secure :-1 s=READY pgs=48 cs=0 l=1 rev1=1 crypto rx=0x7fde7c003f20 tx=0x7fde7c011b00 comp rx=0 tx=0).stop
2024-02-18T10:37:31.447 INFO:teuthology.orchestra.run.smithi089.stdout:/usr/bin/ceph: stderr
2024-02-18T10:37:30.866+0000 7fde93282700 1 -- 172.21.15.89:0/24260467 shutdown_connections
2024-02-18T10:37:31.447 INFO:teuthology.orchestra.run.smithi089.stdout:/usr/bin/ceph: stderr
2024-02-18T10:37:30.866+0000 7fde93282700 1 --2- 172.21.15.89:0/24260467 >> [v2:172.21.15.89:6800/4228281670,v1:172.21.15.89:6801/4228281670] conn(0x7fde780390c0 0x7fde7803b580 unknown :-1 s=CLOSED pgs=13 cs=0 l=1 rev1=1 crypto rx=0 tx=0 comp rx=0 tx=0).stop
2024-02-18T10:37:31.447 INFO:teuthology.orchestra.run.smithi089.stdout:/usr/bin/ceph: stderr
2024-02-18T10:37:30.866+0000 7fde93282700 1 --2- 172.21.15.89:0/24260467 >> [v2:172.21.15.89:3300/0,v1:172.21.15.89:6789/0] conn(0x7fde8c108120 0x7fde8c1079a0 unknown :-1 s=CLOSED pgs=48 cs=0 l=1 rev1=1 crypto rx=0 tx=0 comp rx=0 tx=0).stop
2024-02-18T10:37:31.447 INFO:teuthology.orchestra.run.smithi089.stdout:/usr/bin/ceph: stderr
2024-02-18T10:37:30.866+0000 7fde93282700 1 -- 172.21.15.89:0/24260467 >> 172.21.15.89:0/24260467 conn(0x7fde8c101bd0 msgr2=0x7fde8c1026a0 unknown :-1 s=STATE_NONE l=0).mark_down
2024-02-18T10:37:31.447 INFO:teuthology.orchestra.run.smithi089.stdout:/usr/bin/ceph: stderr
2024-02-18T10:37:30.867+0000 7fde93282700 1 -- 172.21.15.89:0/24260467 shutdown_connections
2024-02-18T10:37:31.447 INFO:teuthology.orchestra.run.smithi089.stdout:/usr/bin/ceph: stderr
2024-02-18T10:37:30.867+0000 7fde93282700 1 -- 172.21.15.89:0/24260467 wait complete.
2024-02-18T10:37:33.321 INFO:journalctl@ceph.mon.a.smithi089.stdout:Feb 18 10:37:33 smithi089 ceph-mon[32827]: from='client.? 172.21.15.89:0/3704367785' entity='client.admin'
2024-02-18T10:37:33.321 INFO:journalctl@ceph.mon.a.smithi089.stdout:Feb 18 10:37:33 smithi089 ceph-mon[32827]: from='mgr.14118 172.21.15.89:0/987081868' entity='mgr.x'
2024-02-18T10:37:33.329 INFO:teuthology.orchestra.run.smithi089.stdout:/usr/bin/ceph: stderr
2024-02-18T10:37:31.873+0000 7fde48f1c700 1 Processor -- start
2024-02-18T10:37:33.329 INFO:teuthology.orchestra.run.smithi089.stdout:/usr/bin/ceph: stderr
2024-02-18T10:37:31.873+0000 7fde48f1c700 1 -- start start
2024-02-18T10:37:33.329 INFO:teuthology.orchestra.run.smithi089.stdout:/usr/bin/ceph: stderr
2024-02-18T10:37:31.873+0000 7fde48f1c700 1 --2- >> [v2:172.21.15.89:3300/0,v1:172.21.15.89:6789/0] conn(0x7fde44108130 0x7fde4410a520 unknown :-1 s=NONE pgs=0 cs=0 l=0 rev1=0 crypto rx=0 tx=0 comp rx=0 tx=0).connect
2024-02-18T10:37:33.329 INFO:teuthology.orchestra.run.smithi089.stdout:/usr/bin/ceph: stderr
2024-02-18T10:37:31.873+0000 7fde48f1c700 1 -- --> [v2:172.21.15.89:3300/0,v1:172.21.15.89:6789/0] -- mon_getmap magic: 0 v1 -- 0x7fde4407ae80 con 0x7fde44108130
2024-02-18T10:37:33.329 INFO:teuthology.orchestra.run.smithi089.stdout:/usr/bin/ceph: stderr
2024-02-18T10:37:31.874+0000 7fde4259c700 1 --2- >> [v2:172.21.15.89:3300/0,v1:172.21.15.89:6789/0] conn(0x7fde44108130 0x7fde4410a520 unknown :-1 s=BANNER_CONNECTING pgs=0 cs=0 l=0 rev1=0 crypto rx=0 tx=0 comp rx=0 tx=0)._handle_peer_banner_payload supported=3 required=0
2024-02-18T10:37:33.330 INFO:teuthology.orchestra.run.smithi089.stdout:/usr/bin/ceph: stderr
2024-02-18T10:37:31.874+0000 7fde4259c700 1 --2- >> [v2:172.21.15.89:3300/0,v1:172.21.15.89:6789/0] conn(0x7fde44108130 0x7fde4410a520 unknown :-1 s=HELLO_CONNECTING pgs=0 cs=0 l=0 rev1=1 crypto rx=0 tx=0 comp rx=0 tx=0).handle_hello peer v2:172.21.15.89:3300/0 says I am v2:172.21.15.89:59222/0 (socket says 172.21.15.89:59222)
2024-02-18T10:37:33.330 INFO:teuthology.orchestra.run.smithi089.stdout:/usr/bin/ceph: stderr
2024-02-18T10:37:31.874+0000 7fde4259c700 1 -- 172.21.15.89:0/3667750761 learned_addr learned my addr 172.21.15.89:0/3667750761 (peer_addr_for_me v2:172.21.15.89:0/0)
2024-02-18T10:37:33.330 INFO:teuthology.orchestra.run.smithi089.stdout:/usr/bin/ceph: stderr
2024-02-18T10:37:31.874+0000 7fde4259c700 1 -- 172.21.15.89:0/3667750761 --> [v2:172.21.15.89:3300/0,v1:172.21.15.89:6789/0] -- mon_subscribe({config=0+,monmap=0+}) v3 -- 0x7fde4410aa60 con 0x7fde44108130
2024-02-18T10:37:33.330 INFO:teuthology.orchestra.run.smithi089.stdout:/usr/bin/ceph: stderr
2024-02-18T10:37:31.874+0000 7fde4259c700 1 --2- 172.21.15.89:0/3667750761 >> [v2:172.21.15.89:3300/0,v1:172.21.15.89:6789/0] conn(0x7fde44108130 0x7fde4410a520 secure :-1 s=READY pgs=49 cs=0 l=1 rev1=1 crypto rx=0x7fde340098a0 tx=0x7fde34009bb0 comp rx=0 tx=0).ready entity=mon.0 client_cookie=71620970f12d4a36 server_cookie=0 in_seq=0 out_seq=0
2024-02-18T10:37:33.330 INFO:teuthology.orchestra.run.smithi089.stdout:/usr/bin/ceph: stderr
2024-02-18T10:37:31.874+0000 7fde4159a700 1 -- 172.21.15.89:0/3667750761 <== mon.0 v2:172.21.15.89:3300/0 1 ==== mon_map magic: 0 v1 ==== 205+0+0 (secure 0 0 0) 0x7fde34004160 con 0x7fde44108130
2024-02-18T10:37:33.330 INFO:teuthology.orchestra.run.smithi089.stdout:/usr/bin/ceph: stderr
2024-02-18T10:37:31.874+0000 7fde4159a700 1 -- 172.21.15.89:0/3667750761 <== mon.0 v2:172.21.15.89:3300/0 2 ==== config(27 keys) v1 ==== 1140+0+0 (secure 0 0 0) 0x7fde340042c0 con 0x7fde44108130
2024-02-18T10:37:33.330 INFO:teuthology.orchestra.run.smithi089.stdout:/usr/bin/ceph: stderr
2024-02-18T10:37:31.874+0000 7fde4159a700 1 -- 172.21.15.89:0/3667750761 <== mon.0 v2:172.21.15.89:3300/0 3 ==== mon_map magic: 0 v1 ==== 205+0+0 (secure 0 0 0) 0x7fde34011a80 con 0x7fde44108130
2024-02-18T10:37:33.330 INFO:teuthology.orchestra.run.smithi089.stdout:/usr/bin/ceph: stderr
2024-02-18T10:37:31.875+0000 7fde48f1c700 1 -- 172.21.15.89:0/3667750761 >> [v2:172.21.15.89:3300/0,v1:172.21.15.89:6789/0] conn(0x7fde44108130 msgr2=0x7fde4410a520 secure :-1 s=STATE_CONNECTION_ESTABLISHED l=1).mark_down
2024-02-18T10:37:33.330 INFO:teuthology.orchestra.run.smithi089.stdout:/usr/bin/ceph: stderr
2024-02-18T10:37:31.875+0000 7fde48f1c700 1 --2- 172.21.15.89:0/3667750761 >> [v2:172.21.15.89:3300/0,v1:172.21.15.89:6789/0] conn(0x7fde44108130 0x7fde4410a520 secure :-1 s=READY pgs=49 cs=0 l=1 rev1=1 crypto rx=0x7fde340098a0 tx=0x7fde34009bb0 comp rx=0 tx=0).stop
2024-02-18T10:37:33.330 INFO:teuthology.orchestra.run.smithi089.stdout:/usr/bin/ceph: stderr
2024-02-18T10:37:31.875+0000 7fde48f1c700 1 -- 172.21.15.89:0/3667750761 shutdown_connections
2024-02-18T10:37:33.330 INFO:teuthology.orchestra.run.smithi089.stdout:/usr/bin/ceph: stderr
2024-02-18T10:37:31.875+0000 7fde48f1c700 1 --2- 172.21.15.89:0/3667750761 >> [v2:172.21.15.89:3300/0,v1:172.21.15.89:6789/0] conn(0x7fde44108130 0x7fde4410a520 unknown :-1 s=CLOSED pgs=49 cs=0 l=1 rev1=1 crypto rx=0 tx=0 comp rx=0 tx=0).stop
2024-02-18T10:37:33.331 INFO:teuthology.orchestra.run.smithi089.stdout:/usr/bin/ceph: stderr
2024-02-18T10:37:31.875+0000 7fde48f1c700 1 -- 172.21.15.89:0/3667750761 >> 172.21.15.89:0/3667750761 conn(0x7fde44101b40 msgr2=0x7fde44103f60 unknown :-1 s=STATE_NONE l=0).mark_down
2024-02-18T10:37:33.331 INFO:teuthology.orchestra.run.smithi089.stdout:/usr/bin/ceph: stderr
2024-02-18T10:37:31.875+0000 7fde48f1c700 1 -- 172.21.15.89:0/3667750761 shutdown_connections
2024-02-18T10:37:33.331 INFO:teuthology.orchestra.run.smithi089.stdout:/usr/bin/ceph: stderr
2024-02-18T10:37:31.875+0000 7fde48f1c700 1 -- 172.21.15.89:0/3667750761 wait complete.
2024-02-18T10:37:33.331 INFO:teuthology.orchestra.run.smithi089.stdout:/usr/bin/ceph: stderr
2024-02-18T10:37:31.876+0000 7fde48f1c700 1 Processor -- start
2024-02-18T10:37:33.331 INFO:teuthology.orchestra.run.smithi089.stdout:/usr/bin/ceph: stderr
2024-02-18T10:37:31.876+0000 7fde48f1c700 1 -- start start
2024-02-18T10:37:33.331 INFO:teuthology.orchestra.run.smithi089.stdout:/usr/bin/ceph: stderr
2024-02-18T10:37:31.876+0000 7fde48f1c700 1 --2- >> [v2:172.21.15.89:3300/0,v1:172.21.15.89:6789/0] conn(0x7fde44108130 0x7fde4419b3e0 unknown :-1 s=NONE pgs=0 cs=0 l=1 rev1=0 crypto rx=0 tx=0 comp rx=0 tx=0).connect
2024-02-18T10:37:33.331 INFO:teuthology.orchestra.run.smithi089.stdout:/usr/bin/ceph: stderr
2024-02-18T10:37:31.876+0000 7fde48f1c700 1 -- --> [v2:172.21.15.89:3300/0,v1:172.21.15.89:6789/0] -- mon_getmap magic: 0 v1 -- 0x7fde4419b920 con 0x7fde44108130
2024-02-18T10:37:33.331 INFO:teuthology.orchestra.run.smithi089.stdout:/usr/bin/ceph: stderr
2024-02-18T10:37:31.876+0000 7fde4259c700 1 --2- >> [v2:172.21.15.89:3300/0,v1:172.21.15.89:6789/0] conn(0x7fde44108130 0x7fde4419b3e0 unknown :-1 s=BANNER_CONNECTING pgs=0 cs=0 l=1 rev1=0 crypto rx=0 tx=0 comp rx=0 tx=0)._handle_peer_banner_payload supported=3 required=0
2024-02-18T10:37:33.331 INFO:teuthology.orchestra.run.smithi089.stdout:/usr/bin/ceph: stderr
2024-02-18T10:37:31.877+0000 7fde4259c700 1 --2- >> [v2:172.21.15.89:3300/0,v1:172.21.15.89:6789/0] conn(0x7fde44108130 0x7fde4419b3e0 unknown :-1 s=HELLO_CONNECTING pgs=0 cs=0 l=1 rev1=1 crypto rx=0 tx=0 comp rx=0 tx=0).handle_hello peer v2:172.21.15.89:3300/0 says I am v2:172.21.15.89:59230/0 (socket says 172.21.15.89:59230)
2024-02-18T10:37:33.331 INFO:teuthology.orchestra.run.smithi089.stdout:/usr/bin/ceph: stderr
2024-02-18T10:37:31.877+0000 7fde4259c700 1 -- 172.21.15.89:0/3704367785 learned_addr learned my addr 172.21.15.89:0/3704367785 (peer_addr_for_me v2:172.21.15.89:0/0)
2024-02-18T10:37:33.331 INFO:teuthology.orchestra.run.smithi089.stdout:/usr/bin/ceph: stderr
2024-02-18T10:37:31.877+0000 7fde4259c700 1 -- 172.21.15.89:0/3704367785 --> [v2:172.21.15.89:3300/0,v1:172.21.15.89:6789/0] -- mon_subscribe({config=0+,monmap=0+}) v3 -- 0x7fde34009550 con 0x7fde44108130
2024-02-18T10:37:33.331 INFO:teuthology.orchestra.run.smithi089.stdout:/usr/bin/ceph: stderr
2024-02-18T10:37:31.877+0000 7fde4259c700 1 --2- 172.21.15.89:0/3704367785 >> [v2:172.21.15.89:3300/0,v1:172.21.15.89:6789/0] conn(0x7fde44108130 0x7fde4419b3e0 secure :-1 s=READY pgs=50 cs=0 l=1 rev1=1 crypto rx=0x7fde34011740 tx=0x7fde34011b00 comp rx=0 tx=0).ready entity=mon.0 client_cookie=0 server_cookie=0 in_seq=0 out_seq=0
2024-02-18T10:37:33.332 INFO:teuthology.orchestra.run.smithi089.stdout:/usr/bin/ceph: stderr
2024-02-18T10:37:31.877+0000 7fde3b7fe700 1 -- 172.21.15.89:0/3704367785 <== mon.0 v2:172.21.15.89:3300/0 1 ==== mon_map magic: 0 v1 ==== 205+0+0 (secure 0 0 0) 0x7fde34003b20 con 0x7fde44108130
2024-02-18T10:37:33.332 INFO:teuthology.orchestra.run.smithi089.stdout:/usr/bin/ceph: stderr
2024-02-18T10:37:31.877+0000 7fde3b7fe700 1 -- 172.21.15.89:0/3704367785 <== mon.0 v2:172.21.15.89:3300/0 2 ==== config(27 keys) v1 ==== 1140+0+0 (secure 0 0 0) 0x7fde3401a910 con 0x7fde44108130
2024-02-18T10:37:33.332 INFO:teuthology.orchestra.run.smithi089.stdout:/usr/bin/ceph: stderr
2024-02-18T10:37:31.877+0000 7fde3b7fe700 1 -- 172.21.15.89:0/3704367785 <== mon.0 v2:172.21.15.89:3300/0 3 ==== mon_map magic: 0 v1 ==== 205+0+0 (secure 0 0 0) 0x7fde340248c0 con 0x7fde44108130
2024-02-18T10:37:33.332 INFO:teuthology.orchestra.run.smithi089.stdout:/usr/bin/ceph: stderr
2024-02-18T10:37:31.877+0000 7fde48f1c700 1 -- 172.21.15.89:0/3704367785 --> [v2:172.21.15.89:3300/0,v1:172.21.15.89:6789/0] -- mon_subscribe({mgrmap=0+}) v3 -- 0x7fde4419bb20 con 0x7fde44108130
2024-02-18T10:37:33.332 INFO:teuthology.orchestra.run.smithi089.stdout:/usr/bin/ceph: stderr
2024-02-18T10:37:31.877+0000 7fde48f1c700 1 -- 172.21.15.89:0/3704367785 --> [v2:172.21.15.89:3300/0,v1:172.21.15.89:6789/0] -- mon_subscribe({osdmap=0}) v3 -- 0x7fde4419bfc0 con 0x7fde44108130
2024-02-18T10:37:33.332 INFO:teuthology.orchestra.run.smithi089.stdout:/usr/bin/ceph: stderr
2024-02-18T10:37:31.878+0000 7fde3b7fe700 1 -- 172.21.15.89:0/3704367785 <== mon.0 v2:172.21.15.89:3300/0 4 ==== mgrmap(e 8) v1 ==== 46091+0+0 (secure 0 0 0) 0x7fde3402d3f0 con 0x7fde44108130
2024-02-18T10:37:33.332 INFO:teuthology.orchestra.run.smithi089.stdout:/usr/bin/ceph: stderr
2024-02-18T10:37:31.878+0000 7fde48f1c700 1 -- 172.21.15.89:0/3704367785 --> [v2:172.21.15.89:3300/0,v1:172.21.15.89:6789/0] -- mon_command({"prefix": "get_command_descriptions"} v 0) v1 -- 0x7fde4410b8a0 con 0x7fde44108130
2024-02-18T10:37:33.332 INFO:teuthology.orchestra.run.smithi089.stdout:/usr/bin/ceph: stderr
2024-02-18T10:37:31.878+0000 7fde3b7fe700 1 --2- 172.21.15.89:0/3704367785 >> [v2:172.21.15.89:6800/4228281670,v1:172.21.15.89:6801/4228281670] conn(0x7fde30039110 0x7fde3003b5d0 unknown :-1 s=NONE pgs=0 cs=0 l=1 rev1=0 crypto rx=0 tx=0 comp rx=0 tx=0).connect
2024-02-18T10:37:33.332 INFO:teuthology.orchestra.run.smithi089.stdout:/usr/bin/ceph: stderr
2024-02-18T10:37:31.878+0000 7fde3b7fe700 1 -- 172.21.15.89:0/3704367785 <== mon.0 v2:172.21.15.89:3300/0 5 ==== osd_map(2..2 src has 1..2) v4 ==== 940+0+0 (secure 0 0 0) 0x7fde3404e6c0 con 0x7fde44108130
2024-02-18T10:37:33.332 INFO:teuthology.orchestra.run.smithi089.stdout:/usr/bin/ceph: stderr
2024-02-18T10:37:31.878+0000 7fde41d9b700 1 --2- 172.21.15.89:0/3704367785 >> [v2:172.21.15.89:6800/4228281670,v1:172.21.15.89:6801/4228281670] conn(0x7fde30039110 0x7fde3003b5d0 unknown :-1 s=BANNER_CONNECTING pgs=0 cs=0 l=1 rev1=0 crypto rx=0 tx=0 comp rx=0 tx=0)._handle_peer_banner_payload supported=3 required=0
2024-02-18T10:37:33.332 INFO:teuthology.orchestra.run.smithi089.stdout:/usr/bin/ceph: stderr
2024-02-18T10:37:31.879+0000 7fde41d9b700 1 --2- 172.21.15.89:0/3704367785 >> [v2:172.21.15.89:6800/4228281670,v1:172.21.15.89:6801/4228281670] conn(0x7fde30039110 0x7fde3003b5d0 secure :-1 s=READY pgs=14 cs=0 l=1 rev1=1 crypto rx=0x7fde2c006fd0 tx=0x7fde2c006e40 comp rx=0 tx=0).ready entity=mgr.14118 client_cookie=0 server_cookie=0 in_seq=0 out_seq=0
2024-02-18T10:37:33.332 INFO:teuthology.orchestra.run.smithi089.stdout:/usr/bin/ceph: stderr
2024-02-18T10:37:31.884+0000 7fde3b7fe700 1 -- 172.21.15.89:0/3704367785 <== mon.0 v2:172.21.15.89:3300/0 6 ==== mon_command_ack([{"prefix": "get_command_descriptions"}]=0 v0) v1 ==== 72+0+183564 (secure 0 0 0) 0x7fde34010970 con 0x7fde44108130
2024-02-18T10:37:33.333 INFO:teuthology.orchestra.run.smithi089.stdout:/usr/bin/ceph: stderr
2024-02-18T10:37:32.102+0000 7fde48f1c700 1 -- 172.21.15.89:0/3704367785 --> [v2:172.21.15.89:3300/0,v1:172.21.15.89:6789/0] -- mon_command([{prefix=config set, name=mgr/cephadm/container_init}] v 0) v1 -- 0x7fde4419e900 con 0x7fde44108130
2024-02-18T10:37:33.333 INFO:teuthology.orchestra.run.smithi089.stdout:/usr/bin/ceph: stderr
2024-02-18T10:37:32.104+0000 7fde3b7fe700 1 -- 172.21.15.89:0/3704367785 <== mon.0 v2:172.21.15.89:3300/0 7 ==== mon_command_ack([{prefix=config set, name=mgr/cephadm/container_init}]=0 v7)=0 v7) v1 ==== 142+0+0 (secure 0 0 0) 0x7fde3404e030 con 0x7fde44108130
2024-02-18T10:37:33.333 INFO:teuthology.orchestra.run.smithi089.stdout:/usr/bin/ceph: stderr
2024-02-18T10:37:32.106+0000 7fde48f1c700 1 -- 172.21.15.89:0/3704367785 >> [v2:172.21.15.89:6800/4228281670,v1:172.21.15.89:6801/4228281670] conn(0x7fde30039110 msgr2=0x7fde3003b5d0 secure :-1 s=STATE_CONNECTION_ESTABLISHED l=1).mark_down
2024-02-18T10:37:33.333 INFO:teuthology.orchestra.run.smithi089.stdout:/usr/bin/ceph: stderr
2024-02-18T10:37:32.106+0000 7fde48f1c700 1 --2- 172.21.15.89:0/3704367785 >> [v2:172.21.15.89:6800/4228281670,v1:172.21.15.89:6801/4228281670] conn(0x7fde30039110 0x7fde3003b5d0 secure :-1 s=READY pgs=14 cs=0 l=1 rev1=1 crypto rx=0x7fde2c006fd0 tx=0x7fde2c006e40 comp rx=0 tx=0).stop
2024-02-18T10:37:33.333 INFO:teuthology.orchestra.run.smithi089.stdout:/usr/bin/ceph: stderr
2024-02-18T10:37:32.106+0000 7fde48f1c700 1 -- 172.21.15.89:0/3704367785 >> [v2:172.21.15.89:3300/0,v1:172.21.15.89:6789/0] conn(0x7fde44108130 msgr2=0x7fde4419b3e0 secure :-1 s=STATE_CONNECTION_ESTABLISHED l=1).mark_down
2024-02-18T10:37:33.333 INFO:teuthology.orchestra.run.smithi089.stdout:/usr/bin/ceph: stderr
2024-02-18T10:37:32.106+0000 7fde48f1c700 1 --2- 172.21.15.89:0/3704367785 >> [v2:172.21.15.89:3300/0,v1:172.21.15.89:6789/0] conn(0x7fde44108130 0x7fde4419b3e0 secure :-1 s=READY pgs=50 cs=0 l=1 rev1=1 crypto rx=0x7fde34011740 tx=0x7fde34011b00 comp rx=0 tx=0).stop
2024-02-18T10:37:33.333 INFO:teuthology.orchestra.run.smithi089.stdout:/usr/bin/ceph: stderr
2024-02-18T10:37:32.107+0000 7fde48f1c700 1 -- 172.21.15.89:0/3704367785 shutdown_connections
2024-02-18T10:37:33.333 INFO:teuthology.orchestra.run.smithi089.stdout:/usr/bin/ceph: stderr
2024-02-18T10:37:32.107+0000 7fde48f1c700 1 --2- 172.21.15.89:0/3704367785 >> [v2:172.21.15.89:6800/4228281670,v1:172.21.15.89:6801/4228281670] conn(0x7fde30039110 0x7fde3003b5d0 unknown :-1 s=CLOSED pgs=14 cs=0 l=1 rev1=1 crypto rx=0 tx=0 comp rx=0 tx=0).stop
2024-02-18T10:37:33.333 INFO:teuthology.orchestra.run.smithi089.stdout:/usr/bin/ceph: stderr
2024-02-18T10:37:32.107+0000 7fde48f1c700 1 --2- 172.21.15.89:0/3704367785 >> [v2:172.21.15.89:3300/0,v1:172.21.15.89:6789/0] conn(0x7fde44108130 0x7fde4419b3e0 unknown :-1 s=CLOSED pgs=50 cs=0 l=1 rev1=1 crypto rx=0 tx=0 comp rx=0 tx=0).stop
2024-02-18T10:37:33.333 INFO:teuthology.orchestra.run.smithi089.stdout:/usr/bin/ceph: stderr
2024-02-18T10:37:32.107+0000 7fde48f1c700 1 -- 172.21.15.89:0/3704367785 >> 172.21.15.89:0/3704367785 conn(0x7fde44101b40 msgr2=0x7fde44102600 unknown :-1 s=STATE_NONE l=0).mark_down
2024-02-18T10:37:33.333 INFO:teuthology.orchestra.run.smithi089.stdout:/usr/bin/ceph: stderr
2024-02-18T10:37:32.107+0000 7fde48f1c700 1 -- 172.21.15.89:0/3704367785 shutdown_connections
2024-02-18T10:37:33.333 INFO:teuthology.orchestra.run.smithi089.stdout:/usr/bin/ceph: stderr
2024-02-18T10:37:32.107+0000 7fde48f1c700 1 -- 172.21.15.89:0/3704367785 wait complete.
2024-02-18T10:37:34.577 INFO:teuthology.orchestra.run.smithi089.stdout:/usr/bin/ceph: stderr
2024-02-18T10:37:33.794+0000 7fe460b1c700 1 Processor -- start
2024-02-18T10:37:34.577 INFO:teuthology.orchestra.run.smithi089.stdout:/usr/bin/ceph: stderr
2024-02-18T10:37:33.794+0000 7fe460b1c700 1 -- start start
2024-02-18T10:37:34.577 INFO:teuthology.orchestra.run.smithi089.stdout:/usr/bin/ceph: stderr
2024-02-18T10:37:33.794+0000 7fe460b1c700 1 --2- >> [v2:172.21.15.89:3300/0,v1:172.21.15.89:6789/0] conn(0x7fe45c1065e0 0x7fe45c106a00 unknown :-1 s=NONE pgs=0 cs=0 l=0 rev1=0 crypto rx=0 tx=0 comp rx=0 tx=0).connect
2024-02-18T10:37:34.577 INFO:teuthology.orchestra.run.smithi089.stdout:/usr/bin/ceph: stderr
2024-02-18T10:37:33.794+0000 7fe460b1c700 1 -- --> [v2:172.21.15.89:3300/0,v1:172.21.15.89:6789/0] -- mon_getmap magic: 0 v1 -- 0x7fe45c106fd0 con 0x7fe45c1065e0
2024-02-18T10:37:34.577 INFO:teuthology.orchestra.run.smithi089.stdout:/usr/bin/ceph: stderr
2024-02-18T10:37:33.795+0000 7fe45a59c700 1 --2- >> [v2:172.21.15.89:3300/0,v1:172.21.15.89:6789/0] conn(0x7fe45c1065e0 0x7fe45c106a00 unknown :-1 s=BANNER_CONNECTING pgs=0 cs=0 l=0 rev1=0 crypto rx=0 tx=0 comp rx=0 tx=0)._handle_peer_banner_payload supported=3 required=0
2024-02-18T10:37:34.577 INFO:teuthology.orchestra.run.smithi089.stdout:/usr/bin/ceph: stderr
2024-02-18T10:37:33.795+0000 7fe45a59c700 1 --2- >> [v2:172.21.15.89:3300/0,v1:172.21.15.89:6789/0] conn(0x7fe45c1065e0 0x7fe45c106a00 unknown :-1 s=HELLO_CONNECTING pgs=0 cs=0 l=0 rev1=1 crypto rx=0 tx=0 comp rx=0 tx=0).handle_hello peer v2:172.21.15.89:3300/0 says I am v2:172.21.15.89:59244/0 (socket says 172.21.15.89:59244)
2024-02-18T10:37:34.577 INFO:teuthology.orchestra.run.smithi089.stdout:/usr/bin/ceph: stderr
2024-02-18T10:37:33.795+0000 7fe45a59c700 1 -- 172.21.15.89:0/2152606653 learned_addr learned my addr 172.21.15.89:0/2152606653 (peer_addr_for_me v2:172.21.15.89:0/0)
2024-02-18T10:37:34.577 INFO:teuthology.orchestra.run.smithi089.stdout:/usr/bin/ceph: stderr
2024-02-18T10:37:33.795+0000 7fe45a59c700 1 -- 172.21.15.89:0/2152606653 --> [v2:172.21.15.89:3300/0,v1:172.21.15.89:6789/0] -- mon_subscribe({config=0+,monmap=0+}) v3 -- 0x7fe45c1077e0 con 0x7fe45c1065e0
2024-02-18T10:37:34.577 INFO:teuthology.orchestra.run.smithi089.stdout:/usr/bin/ceph: stderr
2024-02-18T10:37:33.795+0000 7fe45a59c700 1 --2- 172.21.15.89:0/2152606653 >> [v2:172.21.15.89:3300/0,v1:172.21.15.89:6789/0] conn(0x7fe45c1065e0 0x7fe45c106a00 secure :-1 s=READY pgs=51 cs=0 l=1 rev1=1 crypto rx=0x7fe4440098a0 tx=0x7fe444009bb0 comp rx=0 tx=0).ready entity=mon.0 client_cookie=e6f50dffa9038965 server_cookie=0 in_seq=0 out_seq=0
2024-02-18T10:37:34.578 INFO:teuthology.orchestra.run.smithi089.stdout:/usr/bin/ceph: stderr
2024-02-18T10:37:33.795+0000 7fe45959a700 1 -- 172.21.15.89:0/2152606653 <== mon.0 v2:172.21.15.89:3300/0 1 ==== mon_map magic: 0 v1 ==== 205+0+0 (secure 0 0 0) 0x7fe444004160 con 0x7fe45c1065e0
2024-02-18T10:37:34.578 INFO:teuthology.orchestra.run.smithi089.stdout:/usr/bin/ceph: stderr
2024-02-18T10:37:33.795+0000 7fe45959a700 1 -- 172.21.15.89:0/2152606653 <== mon.0 v2:172.21.15.89:3300/0 2 ==== config(27 keys) v1 ==== 1140+0+0 (secure 0 0 0) 0x7fe4440042c0 con 0x7fe45c1065e0
2024-02-18T10:37:34.578 INFO:teuthology.orchestra.run.smithi089.stdout:/usr/bin/ceph: stderr
2024-02-18T10:37:33.795+0000 7fe45959a700 1 -- 172.21.15.89:0/2152606653 <== mon.0 v2:172.21.15.89:3300/0 3 ==== mon_map magic: 0 v1 ==== 205+0+0 (secure 0 0 0) 0x7fe444011a80 con 0x7fe45c1065e0
2024-02-18T10:37:34.578 INFO:teuthology.orchestra.run.smithi089.stdout:/usr/bin/ceph: stderr
