2024-02-18T10:37:11.295+0000 7f4808ff9700 1 -- 172.21.15.89:0/380477924 <== mon.0 v2:172.21.15.89:3300/0 5 ==== osd_map(1..1 src has 1..1) v4 ==== 725+0+0 (secure 0 0 0) 0x7f480004d3b0 con 0x7f480c07bda0
2024-02-18T10:37:17.368 INFO:teuthology.orchestra.run.smithi089.stdout:/usr/bin/ceph: stderr
2024-02-18T10:37:11.295+0000 7f480affd700 1 -- 172.21.15.89:0/380477924 >> [v2:172.21.15.89:6800/3495858041,v1:172.21.15.89:6801/3495858041] conn(0x7f47f4039110 msgr2=0x7f47f403b5d0 unknown :-1 s=STATE_CONNECTING_RE l=1).process reconnect failed to v2:172.21.15.89:6800/3495858041
2024-02-18T10:37:17.368 INFO:teuthology.orchestra.run.smithi089.stdout:/usr/bin/ceph: stderr
2024-02-18T10:37:11.296+0000 7f480affd700 1 --2- 172.21.15.89:0/380477924 >> [v2:172.21.15.89:6800/3495858041,v1:172.21.15.89:6801/3495858041] conn(0x7f47f4039110 0x7f47f403b5d0 unknown :-1 s=START_CONNECT pgs=0 cs=0 l=1 rev1=0 crypto rx=0 tx=0 comp rx=0 tx=0)._fault waiting 0.200000
2024-02-18T10:37:17.368 INFO:teuthology.orchestra.run.smithi089.stdout:/usr/bin/ceph: stderr
2024-02-18T10:37:11.497+0000 7f480affd700 1 -- 172.21.15.89:0/380477924 >> [v2:172.21.15.89:6800/3495858041,v1:172.21.15.89:6801/3495858041] conn(0x7f47f4039110 msgr2=0x7f47f403b5d0 unknown :-1 s=STATE_CONNECTING_RE l=1).process reconnect failed to v2:172.21.15.89:6800/3495858041
2024-02-18T10:37:17.368 INFO:teuthology.orchestra.run.smithi089.stdout:/usr/bin/ceph: stderr
2024-02-18T10:37:11.497+0000 7f480affd700 1 --2- 172.21.15.89:0/380477924 >> [v2:172.21.15.89:6800/3495858041,v1:172.21.15.89:6801/3495858041] conn(0x7f47f4039110 0x7f47f403b5d0 unknown :-1 s=START_CONNECT pgs=0 cs=0 l=1 rev1=0 crypto rx=0 tx=0 comp rx=0 tx=0)._fault waiting 0.400000
2024-02-18T10:37:17.368 INFO:teuthology.orchestra.run.smithi089.stdout:/usr/bin/ceph: stderr
2024-02-18T10:37:11.898+0000 7f480affd700 1 -- 172.21.15.89:0/380477924 >> [v2:172.21.15.89:6800/3495858041,v1:172.21.15.89:6801/3495858041] conn(0x7f47f4039110 msgr2=0x7f47f403b5d0 unknown :-1 s=STATE_CONNECTING_RE l=1).process reconnect failed to v2:172.21.15.89:6800/3495858041
2024-02-18T10:37:17.368 INFO:teuthology.orchestra.run.smithi089.stdout:/usr/bin/ceph: stderr
2024-02-18T10:37:11.898+0000 7f480affd700 1 --2- 172.21.15.89:0/380477924 >> [v2:172.21.15.89:6800/3495858041,v1:172.21.15.89:6801/3495858041] conn(0x7f47f4039110 0x7f47f403b5d0 unknown :-1 s=START_CONNECT pgs=0 cs=0 l=1 rev1=0 crypto rx=0 tx=0 comp rx=0 tx=0)._fault waiting 0.800000
2024-02-18T10:37:17.369 INFO:teuthology.orchestra.run.smithi089.stdout:/usr/bin/ceph: stderr
2024-02-18T10:37:12.699+0000 7f480affd700 1 -- 172.21.15.89:0/380477924 >> [v2:172.21.15.89:6800/3495858041,v1:172.21.15.89:6801/3495858041] conn(0x7f47f4039110 msgr2=0x7f47f403b5d0 unknown :-1 s=STATE_CONNECTING_RE l=1).process reconnect failed to v2:172.21.15.89:6800/3495858041
2024-02-18T10:37:17.369 INFO:teuthology.orchestra.run.smithi089.stdout:/usr/bin/ceph: stderr
2024-02-18T10:37:12.699+0000 7f480affd700 1 --2- 172.21.15.89:0/380477924 >> [v2:172.21.15.89:6800/3495858041,v1:172.21.15.89:6801/3495858041] conn(0x7f47f4039110 0x7f47f403b5d0 unknown :-1 s=START_CONNECT pgs=0 cs=0 l=1 rev1=0 crypto rx=0 tx=0 comp rx=0 tx=0)._fault waiting 1.600000
2024-02-18T10:37:17.369 INFO:teuthology.orchestra.run.smithi089.stdout:/usr/bin/ceph: stderr
2024-02-18T10:37:14.300+0000 7f480affd700 1 -- 172.21.15.89:0/380477924 >> [v2:172.21.15.89:6800/3495858041,v1:172.21.15.89:6801/3495858041] conn(0x7f47f4039110 msgr2=0x7f47f403b5d0 unknown :-1 s=STATE_CONNECTING_RE l=1).process reconnect failed to v2:172.21.15.89:6800/3495858041
2024-02-18T10:37:17.369 INFO:teuthology.orchestra.run.smithi089.stdout:/usr/bin/ceph: stderr
2024-02-18T10:37:14.300+0000 7f480affd700 1 --2- 172.21.15.89:0/380477924 >> [v2:172.21.15.89:6800/3495858041,v1:172.21.15.89:6801/3495858041] conn(0x7f47f4039110 0x7f47f403b5d0 unknown :-1 s=START_CONNECT pgs=0 cs=0 l=1 rev1=0 crypto rx=0 tx=0 comp rx=0 tx=0)._fault waiting 3.200000
2024-02-18T10:37:17.369 INFO:teuthology.orchestra.run.smithi089.stdout:/usr/bin/ceph: stderr
2024-02-18T10:37:15.826+0000 7f4808ff9700 1 -- 172.21.15.89:0/380477924 <== mon.0 v2:172.21.15.89:3300/0 6 ==== mgrmap(e 6) v1 ==== 45858+0+0 (secure 0 0 0) 0x7f480002d960 con 0x7f480c07bda0
2024-02-18T10:37:17.369 INFO:teuthology.orchestra.run.smithi089.stdout:/usr/bin/ceph: stderr
2024-02-18T10:37:15.826+0000 7f4808ff9700 1 -- 172.21.15.89:0/380477924 >> [v2:172.21.15.89:6800/3495858041,v1:172.21.15.89:6801/3495858041] conn(0x7f47f4039110 msgr2=0x7f47f403b5d0 unknown :-1 s=STATE_CONNECTING l=1).mark_down
2024-02-18T10:37:17.369 INFO:teuthology.orchestra.run.smithi089.stdout:/usr/bin/ceph: stderr
2024-02-18T10:37:15.826+0000 7f4808ff9700 1 --2- 172.21.15.89:0/380477924 >> [v2:172.21.15.89:6800/3495858041,v1:172.21.15.89:6801/3495858041] conn(0x7f47f4039110 0x7f47f403b5d0 unknown :-1 s=START_CONNECT pgs=0 cs=0 l=1 rev1=0 crypto rx=0 tx=0 comp rx=0 tx=0).stop
2024-02-18T10:37:17.369 INFO:teuthology.orchestra.run.smithi089.stdout:/usr/bin/ceph: stderr
2024-02-18T10:37:16.827+0000 7f4808ff9700 1 -- 172.21.15.89:0/380477924 <== mon.0 v2:172.21.15.89:3300/0 7 ==== mgrmap(e 7) v1 ==== 45985+0+0 (secure 0 0 0) 0x7f480004ea80 con 0x7f480c07bda0
2024-02-18T10:37:17.369 INFO:teuthology.orchestra.run.smithi089.stdout:/usr/bin/ceph: stderr
2024-02-18T10:37:16.827+0000 7f4808ff9700 1 --2- 172.21.15.89:0/380477924 >> [v2:172.21.15.89:6800/4228281670,v1:172.21.15.89:6801/4228281670] conn(0x7f47f403ca00 0x7f47f403edf0 unknown :-1 s=NONE pgs=0 cs=0 l=1 rev1=0 crypto rx=0 tx=0 comp rx=0 tx=0).connect
2024-02-18T10:37:17.369 INFO:teuthology.orchestra.run.smithi089.stdout:/usr/bin/ceph: stderr
2024-02-18T10:37:16.827+0000 7f4808ff9700 1 -- 172.21.15.89:0/380477924 --> [v2:172.21.15.89:6800/4228281670,v1:172.21.15.89:6801/4228281670] -- command(tid 0: {"prefix": "get_command_descriptions"}) v1 -- 0x7f47f403bce0 con 0x7f47f403ca00
2024-02-18T10:37:17.369 INFO:teuthology.orchestra.run.smithi089.stdout:/usr/bin/ceph: stderr
2024-02-18T10:37:16.827+0000 7f480affd700 1 --2- 172.21.15.89:0/380477924 >> [v2:172.21.15.89:6800/4228281670,v1:172.21.15.89:6801/4228281670] conn(0x7f47f403ca00 0x7f47f403edf0 unknown :-1 s=BANNER_CONNECTING pgs=0 cs=0 l=1 rev1=0 crypto rx=0 tx=0 comp rx=0 tx=0)._handle_peer_banner_payload supported=3 required=0
2024-02-18T10:37:17.369 INFO:teuthology.orchestra.run.smithi089.stdout:/usr/bin/ceph: stderr
2024-02-18T10:37:16.828+0000 7f480affd700 1 --2- 172.21.15.89:0/380477924 >> [v2:172.21.15.89:6800/4228281670,v1:172.21.15.89:6801/4228281670] conn(0x7f47f403ca00 0x7f47f403edf0 secure :-1 s=READY pgs=1 cs=0 l=1 rev1=1 crypto rx=0x7f47fc003a10 tx=0x7f47fc0092b0 comp rx=0 tx=0).ready entity=mgr.14118 client_cookie=0 server_cookie=0 in_seq=0 out_seq=0
2024-02-18T10:37:17.369 INFO:teuthology.orchestra.run.smithi089.stdout:/usr/bin/ceph: stderr
2024-02-18T10:37:16.829+0000 7f4808ff9700 1 -- 172.21.15.89:0/380477924 <== mgr.14118 v2:172.21.15.89:6800/4228281670 1 ==== command_reply(tid 0: 0 ) v1 ==== 8+0+7774 (secure 0 0 0) 0x7f47f403bce0 con 0x7f47f403ca00
2024-02-18T10:37:17.369 INFO:teuthology.orchestra.run.smithi089.stdout:/usr/bin/ceph: stderr
2024-02-18T10:37:16.835+0000 7f48120bd700 1 -- 172.21.15.89:0/380477924 --> [v2:172.21.15.89:6800/4228281670,v1:172.21.15.89:6801/4228281670] -- command(tid 1: {"prefix": "mgr_status"}) v1 -- 0x7f480c10db00 con 0x7f47f403ca00
2024-02-18T10:37:17.370 INFO:teuthology.orchestra.run.smithi089.stdout:/usr/bin/ceph: stderr
2024-02-18T10:37:16.835+0000 7f4808ff9700 1 -- 172.21.15.89:0/380477924 <== mgr.14118 v2:172.21.15.89:6800/4228281670 2 ==== command_reply(tid 1: 0 ) v1 ==== 8+0+51 (secure 0 0 0) 0x7f480c10db00 con 0x7f47f403ca00
2024-02-18T10:37:17.370 INFO:teuthology.orchestra.run.smithi089.stdout:/usr/bin/ceph: stderr
2024-02-18T10:37:16.836+0000 7f48120bd700 1 -- 172.21.15.89:0/380477924 >> [v2:172.21.15.89:6800/4228281670,v1:172.21.15.89:6801/4228281670] conn(0x7f47f403ca00 msgr2=0x7f47f403edf0 secure :-1 s=STATE_CONNECTION_ESTABLISHED l=1).mark_down
2024-02-18T10:37:17.370 INFO:teuthology.orchestra.run.smithi089.stdout:/usr/bin/ceph: stderr
2024-02-18T10:37:16.836+0000 7f48120bd700 1 --2- 172.21.15.89:0/380477924 >> [v2:172.21.15.89:6800/4228281670,v1:172.21.15.89:6801/4228281670] conn(0x7f47f403ca00 0x7f47f403edf0 secure :-1 s=READY pgs=1 cs=0 l=1 rev1=1 crypto rx=0x7f47fc003a10 tx=0x7f47fc0092b0 comp rx=0 tx=0).stop
2024-02-18T10:37:17.370 INFO:teuthology.orchestra.run.smithi089.stdout:/usr/bin/ceph: stderr
2024-02-18T10:37:16.836+0000 7f48120bd700 1 -- 172.21.15.89:0/380477924 >> [v2:172.21.15.89:3300/0,v1:172.21.15.89:6789/0] conn(0x7f480c07bda0 msgr2=0x7f480c19d730 secure :-1 s=STATE_CONNECTION_ESTABLISHED l=1).mark_down
2024-02-18T10:37:17.370 INFO:teuthology.orchestra.run.smithi089.stdout:/usr/bin/ceph: stderr
2024-02-18T10:37:16.836+0000 7f48120bd700 1 --2- 172.21.15.89:0/380477924 >> [v2:172.21.15.89:3300/0,v1:172.21.15.89:6789/0] conn(0x7f480c07bda0 0x7f480c19d730 secure :-1 s=READY pgs=27 cs=0 l=1 rev1=1 crypto rx=0x7f4800009fb0 tx=0x7f4800011b20 comp rx=0 tx=0).stop
2024-02-18T10:37:17.370 INFO:teuthology.orchestra.run.smithi089.stdout:/usr/bin/ceph: stderr
2024-02-18T10:37:16.836+0000 7f48120bd700 1 -- 172.21.15.89:0/380477924 shutdown_connections
2024-02-18T10:37:17.370 INFO:teuthology.orchestra.run.smithi089.stdout:/usr/bin/ceph: stderr
2024-02-18T10:37:16.836+0000 7f48120bd700 1 --2- 172.21.15.89:0/380477924 >> [v2:172.21.15.89:6800/4228281670,v1:172.21.15.89:6801/4228281670] conn(0x7f47f403ca00 0x7f47f403edf0 unknown :-1 s=CLOSED pgs=1 cs=0 l=1 rev1=1 crypto rx=0 tx=0 comp rx=0 tx=0).stop
2024-02-18T10:37:17.370 INFO:teuthology.orchestra.run.smithi089.stdout:/usr/bin/ceph: stderr
2024-02-18T10:37:16.836+0000 7f48120bd700 1 --2- 172.21.15.89:0/380477924 >> [v2:172.21.15.89:3300/0,v1:172.21.15.89:6789/0] conn(0x7f480c07bda0 0x7f480c19d730 unknown :-1 s=CLOSED pgs=27 cs=0 l=1 rev1=1 crypto rx=0 tx=0 comp rx=0 tx=0).stop
2024-02-18T10:37:17.370 INFO:teuthology.orchestra.run.smithi089.stdout:/usr/bin/ceph: stderr
2024-02-18T10:37:16.836+0000 7f48120bd700 1 --2- 172.21.15.89:0/380477924 >> [v2:172.21.15.89:6800/3495858041,v1:172.21.15.89:6801/3495858041] conn(0x7f47f4039110 0x7f47f403b5d0 unknown :-1 s=CLOSED pgs=0 cs=0 l=1 rev1=0 crypto rx=0 tx=0 comp rx=0 tx=0).stop
2024-02-18T10:37:17.370 INFO:teuthology.orchestra.run.smithi089.stdout:/usr/bin/ceph: stderr
2024-02-18T10:37:16.836+0000 7f48120bd700 1 -- 172.21.15.89:0/380477924 >> 172.21.15.89:0/380477924 conn(0x7f480c102d50 msgr2=0x7f480c103940 unknown :-1 s=STATE_NONE l=0).mark_down
2024-02-18T10:37:17.370 INFO:teuthology.orchestra.run.smithi089.stdout:/usr/bin/ceph: stderr
2024-02-18T10:37:16.836+0000 7f48120bd700 1 -- 172.21.15.89:0/380477924 shutdown_connections
2024-02-18T10:37:17.370 INFO:teuthology.orchestra.run.smithi089.stdout:/usr/bin/ceph: stderr
2024-02-18T10:37:16.836+0000 7f48120bd700 1 -- 172.21.15.89:0/380477924 wait complete.
2024-02-18T10:37:17.370 INFO:teuthology.orchestra.run.smithi089.stdout:mgr epoch 5 is available
2024-02-18T10:37:17.371 INFO:teuthology.orchestra.run.smithi089.stdout:Setting orchestrator backend to cephadm...
2024-02-18T10:37:17.934 INFO:journalctl@ceph.mon.a.smithi089.stdout:Feb 18 10:37:17 smithi089 ceph-mon[32827]: [18/Feb/2024:10:37:16] ENGINE Bus STARTING
2024-02-18T10:37:17.935 INFO:journalctl@ceph.mon.a.smithi089.stdout:Feb 18 10:37:17 smithi089 ceph-mon[32827]: [18/Feb/2024:10:37:16] ENGINE Serving on https://172.21.15.89:7150
2024-02-18T10:37:17.935 INFO:journalctl@ceph.mon.a.smithi089.stdout:Feb 18 10:37:17 smithi089 ceph-mon[32827]: [18/Feb/2024:10:37:16] ENGINE Serving on http://172.21.15.89:8765
2024-02-18T10:37:17.935 INFO:journalctl@ceph.mon.a.smithi089.stdout:Feb 18 10:37:17 smithi089 ceph-mon[32827]: [18/Feb/2024:10:37:16] ENGINE Bus STARTED
2024-02-18T10:37:17.935 INFO:journalctl@ceph.mon.a.smithi089.stdout:Feb 18 10:37:17 smithi089 ceph-mon[32827]: from='client.14122 -' entity='client.admin' cmd=[{"prefix": "get_command_descriptions"}]: dispatch
2024-02-18T10:37:17.935 INFO:journalctl@ceph.mon.a.smithi089.stdout:Feb 18 10:37:17 smithi089 ceph-mon[32827]: from='client.14122 -' entity='client.admin' cmd=[{"prefix": "mgr_status"}]: dispatch
2024-02-18T10:37:18.435 INFO:teuthology.orchestra.run.smithi089.stdout:/usr/bin/ceph: stderr
2024-02-18T10:37:17.764+0000 7f7790c07700 1 Processor -- start
2024-02-18T10:37:18.435 INFO:teuthology.orchestra.run.smithi089.stdout:/usr/bin/ceph: stderr
2024-02-18T10:37:17.764+0000 7f7790c07700 1 -- start start
2024-02-18T10:37:18.435 INFO:teuthology.orchestra.run.smithi089.stdout:/usr/bin/ceph: stderr
2024-02-18T10:37:17.764+0000 7f7790c07700 1 --2- >> [v2:172.21.15.89:3300/0,v1:172.21.15.89:6789/0] conn(0x7f778c107700 0x7f778c107b20 unknown :-1 s=NONE pgs=0 cs=0 l=0 rev1=0 crypto rx=0 tx=0 comp rx=0 tx=0).connect
2024-02-18T10:37:18.435 INFO:teuthology.orchestra.run.smithi089.stdout:/usr/bin/ceph: stderr
2024-02-18T10:37:17.764+0000 7f7790c07700 1 -- --> [v2:172.21.15.89:3300/0,v1:172.21.15.89:6789/0] -- mon_getmap magic: 0 v1 -- 0x7f778c1080f0 con 0x7f778c107700
2024-02-18T10:37:18.435 INFO:teuthology.orchestra.run.smithi089.stdout:/usr/bin/ceph: stderr
2024-02-18T10:37:17.764+0000 7f778a59c700 1 --2- >> [v2:172.21.15.89:3300/0,v1:172.21.15.89:6789/0] conn(0x7f778c107700 0x7f778c107b20 unknown :-1 s=BANNER_CONNECTING pgs=0 cs=0 l=0 rev1=0 crypto rx=0 tx=0 comp rx=0 tx=0)._handle_peer_banner_payload supported=3 required=0
2024-02-18T10:37:18.435 INFO:teuthology.orchestra.run.smithi089.stdout:/usr/bin/ceph: stderr
2024-02-18T10:37:17.764+0000 7f778a59c700 1 --2- >> [v2:172.21.15.89:3300/0,v1:172.21.15.89:6789/0] conn(0x7f778c107700 0x7f778c107b20 unknown :-1 s=HELLO_CONNECTING pgs=0 cs=0 l=0 rev1=1 crypto rx=0 tx=0 comp rx=0 tx=0).handle_hello peer v2:172.21.15.89:3300/0 says I am v2:172.21.15.89:56524/0 (socket says 172.21.15.89:56524)
2024-02-18T10:37:18.435 INFO:teuthology.orchestra.run.smithi089.stdout:/usr/bin/ceph: stderr
2024-02-18T10:37:17.764+0000 7f778a59c700 1 -- 172.21.15.89:0/1387797226 learned_addr learned my addr 172.21.15.89:0/1387797226 (peer_addr_for_me v2:172.21.15.89:0/0)
2024-02-18T10:37:18.435 INFO:teuthology.orchestra.run.smithi089.stdout:/usr/bin/ceph: stderr
2024-02-18T10:37:17.764+0000 7f778a59c700 1 -- 172.21.15.89:0/1387797226 --> [v2:172.21.15.89:3300/0,v1:172.21.15.89:6789/0] -- mon_subscribe({config=0+,monmap=0+}) v3 -- 0x7f778c108860 con 0x7f778c107700
2024-02-18T10:37:18.435 INFO:teuthology.orchestra.run.smithi089.stdout:/usr/bin/ceph: stderr
2024-02-18T10:37:17.765+0000 7f778a59c700 1 --2- 172.21.15.89:0/1387797226 >> [v2:172.21.15.89:3300/0,v1:172.21.15.89:6789/0] conn(0x7f778c107700 0x7f778c107b20 secure :-1 s=READY pgs=35 cs=0 l=1 rev1=1 crypto rx=0x7f777c0098a0 tx=0x7f777c009bb0 comp rx=0 tx=0).ready entity=mon.0 client_cookie=45d00f0aa5d806be server_cookie=0 in_seq=0 out_seq=0
2024-02-18T10:37:18.435 INFO:teuthology.orchestra.run.smithi089.stdout:/usr/bin/ceph: stderr
2024-02-18T10:37:17.765+0000 7f778959a700 1 -- 172.21.15.89:0/1387797226 <== mon.0 v2:172.21.15.89:3300/0 1 ==== mon_map magic: 0 v1 ==== 205+0+0 (secure 0 0 0) 0x7f777c004160 con 0x7f778c107700
2024-02-18T10:37:18.435 INFO:teuthology.orchestra.run.smithi089.stdout:/usr/bin/ceph: stderr
2024-02-18T10:37:17.765+0000 7f778959a700 1 -- 172.21.15.89:0/1387797226 <== mon.0 v2:172.21.15.89:3300/0 2 ==== config(27 keys) v1 ==== 1109+0+0 (secure 0 0 0) 0x7f777c0042c0 con 0x7f778c107700
2024-02-18T10:37:18.435 INFO:teuthology.orchestra.run.smithi089.stdout:/usr/bin/ceph: stderr
2024-02-18T10:37:17.765+0000 7f778959a700 1 -- 172.21.15.89:0/1387797226 <== mon.0 v2:172.21.15.89:3300/0 3 ==== mon_map magic: 0 v1 ==== 205+0+0 (secure 0 0 0) 0x7f777c011ac0 con 0x7f778c107700
2024-02-18T10:37:18.436 INFO:teuthology.orchestra.run.smithi089.stdout:/usr/bin/ceph: stderr
2024-02-18T10:37:17.765+0000 7f7790c07700 1 -- 172.21.15.89:0/1387797226 >> [v2:172.21.15.89:3300/0,v1:172.21.15.89:6789/0] conn(0x7f778c107700 msgr2=0x7f778c107b20 secure :-1 s=STATE_CONNECTION_ESTABLISHED l=1).mark_down
2024-02-18T10:37:18.436 INFO:teuthology.orchestra.run.smithi089.stdout:/usr/bin/ceph: stderr
2024-02-18T10:37:17.765+0000 7f7790c07700 1 --2- 172.21.15.89:0/1387797226 >> [v2:172.21.15.89:3300/0,v1:172.21.15.89:6789/0] conn(0x7f778c107700 0x7f778c107b20 secure :-1 s=READY pgs=35 cs=0 l=1 rev1=1 crypto rx=0x7f777c0098a0 tx=0x7f777c009bb0 comp rx=0 tx=0).stop
2024-02-18T10:37:18.436 INFO:teuthology.orchestra.run.smithi089.stdout:/usr/bin/ceph: stderr
2024-02-18T10:37:17.765+0000 7f7790c07700 1 -- 172.21.15.89:0/1387797226 shutdown_connections
2024-02-18T10:37:18.436 INFO:teuthology.orchestra.run.smithi089.stdout:/usr/bin/ceph: stderr
2024-02-18T10:37:17.765+0000 7f7790c07700 1 --2- 172.21.15.89:0/1387797226 >> [v2:172.21.15.89:3300/0,v1:172.21.15.89:6789/0] conn(0x7f778c107700 0x7f778c107b20 unknown :-1 s=CLOSED pgs=35 cs=0 l=1 rev1=1 crypto rx=0 tx=0 comp rx=0 tx=0).stop
2024-02-18T10:37:18.436 INFO:teuthology.orchestra.run.smithi089.stdout:/usr/bin/ceph: stderr
2024-02-18T10:37:17.765+0000 7f7790c07700 1 -- 172.21.15.89:0/1387797226 >> 172.21.15.89:0/1387797226 conn(0x7f778c102d60 msgr2=0x7f778c105180 unknown :-1 s=STATE_NONE l=0).mark_down
2024-02-18T10:37:18.436 INFO:teuthology.orchestra.run.smithi089.stdout:/usr/bin/ceph: stderr
2024-02-18T10:37:17.766+0000 7f7790c07700 1 -- 172.21.15.89:0/1387797226 shutdown_connections
2024-02-18T10:37:18.436 INFO:teuthology.orchestra.run.smithi089.stdout:/usr/bin/ceph: stderr
2024-02-18T10:37:17.766+0000 7f7790c07700 1 -- 172.21.15.89:0/1387797226 wait complete.
2024-02-18T10:37:18.436 INFO:teuthology.orchestra.run.smithi089.stdout:/usr/bin/ceph: stderr
2024-02-18T10:37:17.766+0000 7f7790c07700 1 Processor -- start
2024-02-18T10:37:18.436 INFO:teuthology.orchestra.run.smithi089.stdout:/usr/bin/ceph: stderr
2024-02-18T10:37:17.766+0000 7f7790c07700 1 -- start start
2024-02-18T10:37:18.436 INFO:teuthology.orchestra.run.smithi089.stdout:/usr/bin/ceph: stderr
2024-02-18T10:37:17.766+0000 7f7790c07700 1 --2- >> [v2:172.21.15.89:3300/0,v1:172.21.15.89:6789/0] conn(0x7f778c107700 0x7f778c07cb80 unknown :-1 s=NONE pgs=0 cs=0 l=1 rev1=0 crypto rx=0 tx=0 comp rx=0 tx=0).connect
2024-02-18T10:37:18.436 INFO:teuthology.orchestra.run.smithi089.stdout:/usr/bin/ceph: stderr
2024-02-18T10:37:17.766+0000 7f7790c07700 1 -- --> [v2:172.21.15.89:3300/0,v1:172.21.15.89:6789/0] -- mon_getmap magic: 0 v1 -- 0x7f778c07d0c0 con 0x7f778c107700
2024-02-18T10:37:18.436 INFO:teuthology.orchestra.run.smithi089.stdout:/usr/bin/ceph: stderr
2024-02-18T10:37:17.767+0000 7f778a59c700 1 --2- >> [v2:172.21.15.89:3300/0,v1:172.21.15.89:6789/0] conn(0x7f778c107700 0x7f778c07cb80 unknown :-1 s=BANNER_CONNECTING pgs=0 cs=0 l=1 rev1=0 crypto rx=0 tx=0 comp rx=0 tx=0)._handle_peer_banner_payload supported=3 required=0
2024-02-18T10:37:18.436 INFO:teuthology.orchestra.run.smithi089.stdout:/usr/bin/ceph: stderr
2024-02-18T10:37:17.767+0000 7f778a59c700 1 --2- >> [v2:172.21.15.89:3300/0,v1:172.21.15.89:6789/0] conn(0x7f778c107700 0x7f778c07cb80 unknown :-1 s=HELLO_CONNECTING pgs=0 cs=0 l=1 rev1=1 crypto rx=0 tx=0 comp rx=0 tx=0).handle_hello peer v2:172.21.15.89:3300/0 says I am v2:172.21.15.89:56540/0 (socket says 172.21.15.89:56540)
2024-02-18T10:37:18.437 INFO:teuthology.orchestra.run.smithi089.stdout:/usr/bin/ceph: stderr
2024-02-18T10:37:17.767+0000 7f778a59c700 1 -- 172.21.15.89:0/1689230474 learned_addr learned my addr 172.21.15.89:0/1689230474 (peer_addr_for_me v2:172.21.15.89:0/0)
2024-02-18T10:37:18.437 INFO:teuthology.orchestra.run.smithi089.stdout:/usr/bin/ceph: stderr
2024-02-18T10:37:17.767+0000 7f778a59c700 1 -- 172.21.15.89:0/1689230474 --> [v2:172.21.15.89:3300/0,v1:172.21.15.89:6789/0] -- mon_subscribe({config=0+,monmap=0+}) v3 -- 0x7f777c009550 con 0x7f778c107700
2024-02-18T10:37:18.437 INFO:teuthology.orchestra.run.smithi089.stdout:/usr/bin/ceph: stderr
2024-02-18T10:37:17.767+0000 7f778a59c700 1 --2- 172.21.15.89:0/1689230474 >> [v2:172.21.15.89:3300/0,v1:172.21.15.89:6789/0] conn(0x7f778c107700 0x7f778c07cb80 secure :-1 s=READY pgs=36 cs=0 l=1 rev1=1 crypto rx=0x7f777c009fb0 tx=0x7f777c011b20 comp rx=0 tx=0).ready entity=mon.0 client_cookie=0 server_cookie=0 in_seq=0 out_seq=0
2024-02-18T10:37:18.437 INFO:teuthology.orchestra.run.smithi089.stdout:/usr/bin/ceph: stderr
2024-02-18T10:37:17.767+0000 7f777b7fe700 1 -- 172.21.15.89:0/1689230474 <== mon.0 v2:172.21.15.89:3300/0 1 ==== mon_map magic: 0 v1 ==== 205+0+0 (secure 0 0 0) 0x7f777c0038b0 con 0x7f778c107700
2024-02-18T10:37:18.437 INFO:teuthology.orchestra.run.smithi089.stdout:/usr/bin/ceph: stderr
2024-02-18T10:37:17.767+0000 7f777b7fe700 1 -- 172.21.15.89:0/1689230474 <== mon.0 v2:172.21.15.89:3300/0 2 ==== config(27 keys) v1 ==== 1109+0+0 (secure 0 0 0) 0x7f777c003a10 con 0x7f778c107700
2024-02-18T10:37:18.437 INFO:teuthology.orchestra.run.smithi089.stdout:/usr/bin/ceph: stderr
2024-02-18T10:37:17.767+0000 7f777b7fe700 1 -- 172.21.15.89:0/1689230474 <== mon.0 v2:172.21.15.89:3300/0 3 ==== mon_map magic: 0 v1 ==== 205+0+0 (secure 0 0 0) 0x7f777c0195e0 con 0x7f778c107700
2024-02-18T10:37:18.437 INFO:teuthology.orchestra.run.smithi089.stdout:/usr/bin/ceph: stderr
2024-02-18T10:37:17.767+0000 7f7790c07700 1 -- 172.21.15.89:0/1689230474 --> [v2:172.21.15.89:3300/0,v1:172.21.15.89:6789/0] -- mon_subscribe({mgrmap=0+}) v3 -- 0x7f778c07b2b0 con 0x7f778c107700
2024-02-18T10:37:18.437 INFO:teuthology.orchestra.run.smithi089.stdout:/usr/bin/ceph: stderr
2024-02-18T10:37:17.767+0000 7f7790c07700 1 -- 172.21.15.89:0/1689230474 --> [v2:172.21.15.89:3300/0,v1:172.21.15.89:6789/0] -- mon_subscribe({osdmap=0}) v3 -- 0x7f778c07b750 con 0x7f778c107700
2024-02-18T10:37:18.437 INFO:teuthology.orchestra.run.smithi089.stdout:/usr/bin/ceph: stderr
2024-02-18T10:37:17.768+0000 7f777b7fe700 1 -- 172.21.15.89:0/1689230474 <== mon.0 v2:172.21.15.89:3300/0 4 ==== mgrmap(e 7) v1 ==== 45985+0+0 (secure 0 0 0) 0x7f777c01a430 con 0x7f778c107700
2024-02-18T10:37:18.437 INFO:teuthology.orchestra.run.smithi089.stdout:/usr/bin/ceph: stderr
2024-02-18T10:37:17.768+0000 7f7790c07700 1 -- 172.21.15.89:0/1689230474 --> [v2:172.21.15.89:3300/0,v1:172.21.15.89:6789/0] -- mon_command({"prefix": "get_command_descriptions"} v 0) v1 -- 0x7f778c10ba90 con 0x7f778c107700
2024-02-18T10:37:18.437 INFO:teuthology.orchestra.run.smithi089.stdout:/usr/bin/ceph: stderr
2024-02-18T10:37:17.768+0000 7f777b7fe700 1 --2- 172.21.15.89:0/1689230474 >> [v2:172.21.15.89:6800/4228281670,v1:172.21.15.89:6801/4228281670] conn(0x7f7774039000 0x7f777403b4c0 unknown :-1 s=NONE pgs=0 cs=0 l=1 rev1=0 crypto rx=0 tx=0 comp rx=0 tx=0).connect
2024-02-18T10:37:18.437 INFO:teuthology.orchestra.run.smithi089.stdout:/usr/bin/ceph: stderr
2024-02-18T10:37:17.768+0000 7f777b7fe700 1 -- 172.21.15.89:0/1689230474 <== mon.0 v2:172.21.15.89:3300/0 5 ==== osd_map(2..2 src has 1..2) v4 ==== 940+0+0 (secure 0 0 0) 0x7f777c04d1f0 con 0x7f778c107700
2024-02-18T10:37:18.437 INFO:teuthology.orchestra.run.smithi089.stdout:/usr/bin/ceph: stderr
2024-02-18T10:37:17.769+0000 7f7789d9b700 1 --2- 172.21.15.89:0/1689230474 >> [v2:172.21.15.89:6800/4228281670,v1:172.21.15.89:6801/4228281670] conn(0x7f7774039000 0x7f777403b4c0 unknown :-1 s=BANNER_CONNECTING pgs=0 cs=0 l=1 rev1=0 crypto rx=0 tx=0 comp rx=0 tx=0)._handle_peer_banner_payload supported=3 required=0
2024-02-18T10:37:18.437 INFO:teuthology.orchestra.run.smithi089.stdout:/usr/bin/ceph: stderr
2024-02-18T10:37:17.769+0000 7f7789d9b700 1 --2- 172.21.15.89:0/1689230474 >> [v2:172.21.15.89:6800/4228281670,v1:172.21.15.89:6801/4228281670] conn(0x7f7774039000 0x7f777403b4c0 secure :-1 s=READY pgs=7 cs=0 l=1 rev1=1 crypto rx=0x7f7780006fd0 tx=0x7f7780006e40 comp rx=0 tx=0).ready entity=mgr.14118 client_cookie=0 server_cookie=0 in_seq=0 out_seq=0
2024-02-18T10:37:18.438 INFO:teuthology.orchestra.run.smithi089.stdout:/usr/bin/ceph: stderr
2024-02-18T10:37:17.774+0000 7f777b7fe700 1 -- 172.21.15.89:0/1689230474 <== mon.0 v2:172.21.15.89:3300/0 6 ==== mon_command_ack([{"prefix": "get_command_descriptions"}]=0 v0) v1 ==== 72+0+183564 (secure 0 0 0) 0x7f777c019940 con 0x7f778c107700
2024-02-18T10:37:18.438 INFO:teuthology.orchestra.run.smithi089.stdout:/usr/bin/ceph: stderr
2024-02-18T10:37:17.878+0000 7f777b7fe700 1 -- 172.21.15.89:0/1689230474 <== mon.0 v2:172.21.15.89:3300/0 7 ==== mgrmap(e 8) v1 ==== 46091+0+0 (secure 0 0 0) 0x7f777c02dc60 con 0x7f778c107700
2024-02-18T10:37:18.438 INFO:teuthology.orchestra.run.smithi089.stdout:/usr/bin/ceph: stderr
2024-02-18T10:37:17.985+0000 7f7790c07700 1 -- 172.21.15.89:0/1689230474 --> [v2:172.21.15.89:6800/4228281670,v1:172.21.15.89:6801/4228281670] -- mgr_command(tid 0: {"prefix": "orch set backend", "module_name": "cephadm", "target": ["mon-mgr", ""]}) v1 -- 0x7f778c07be40 con 0x7f7774039000
2024-02-18T10:37:18.438 INFO:teuthology.orchestra.run.smithi089.stdout:/usr/bin/ceph: stderr
2024-02-18T10:37:17.990+0000 7f777b7fe700 1 -- 172.21.15.89:0/1689230474 <== mgr.14118 v2:172.21.15.89:6800/4228281670 1 ==== mgr_command_reply(tid 0: 0 ) v1 ==== 8+0+0 (secure 0 0 0) 0x7f778c07be40 con 0x7f7774039000
2024-02-18T10:37:18.438 INFO:teuthology.orchestra.run.smithi089.stdout:/usr/bin/ceph: stderr
2024-02-18T10:37:17.992+0000 7f7790c07700 1 -- 172.21.15.89:0/1689230474 >> [v2:172.21.15.89:6800/4228281670,v1:172.21.15.89:6801/4228281670] conn(0x7f7774039000 msgr2=0x7f777403b4c0 secure :-1 s=STATE_CONNECTION_ESTABLISHED l=1).mark_down
2024-02-18T10:37:18.438 INFO:teuthology.orchestra.run.smithi089.stdout:/usr/bin/ceph: stderr
2024-02-18T10:37:17.992+0000 7f7790c07700 1 --2- 172.21.15.89:0/1689230474 >> [v2:172.21.15.89:6800/4228281670,v1:172.21.15.89:6801/4228281670] conn(0x7f7774039000 0x7f777403b4c0 secure :-1 s=READY pgs=7 cs=0 l=1 rev1=1 crypto rx=0x7f7780006fd0 tx=0x7f7780006e40 comp rx=0 tx=0).stop
2024-02-18T10:37:18.438 INFO:teuthology.orchestra.run.smithi089.stdout:/usr/bin/ceph: stderr
2024-02-18T10:37:17.992+0000 7f7790c07700 1 -- 172.21.15.89:0/1689230474 >> [v2:172.21.15.89:3300/0,v1:172.21.15.89:6789/0] conn(0x7f778c107700 msgr2=0x7f778c07cb80 secure :-1 s=STATE_CONNECTION_ESTABLISHED l=1).mark_down
2024-02-18T10:37:18.438 INFO:teuthology.orchestra.run.smithi089.stdout:/usr/bin/ceph: stderr
2024-02-18T10:37:17.992+0000 7f7790c07700 1 --2- 172.21.15.89:0/1689230474 >> [v2:172.21.15.89:3300/0,v1:172.21.15.89:6789/0] conn(0x7f778c107700 0x7f778c07cb80 secure :-1 s=READY pgs=36 cs=0 l=1 rev1=1 crypto rx=0x7f777c009fb0 tx=0x7f777c011b20 comp rx=0 tx=0).stop
2024-02-18T10:37:18.438 INFO:teuthology.orchestra.run.smithi089.stdout:/usr/bin/ceph: stderr
2024-02-18T10:37:17.992+0000 7f7790c07700 1 -- 172.21.15.89:0/1689230474 shutdown_connections
2024-02-18T10:37:18.438 INFO:teuthology.orchestra.run.smithi089.stdout:/usr/bin/ceph: stderr
2024-02-18T10:37:17.992+0000 7f7790c07700 1 --2- 172.21.15.89:0/1689230474 >> [v2:172.21.15.89:6800/4228281670,v1:172.21.15.89:6801/4228281670] conn(0x7f7774039000 0x7f777403b4c0 unknown :-1 s=CLOSED pgs=7 cs=0 l=1 rev1=1 crypto rx=0 tx=0 comp rx=0 tx=0).stop
2024-02-18T10:37:18.438 INFO:teuthology.orchestra.run.smithi089.stdout:/usr/bin/ceph: stderr
2024-02-18T10:37:17.992+0000 7f7790c07700 1 --2- 172.21.15.89:0/1689230474 >> [v2:172.21.15.89:3300/0,v1:172.21.15.89:6789/0] conn(0x7f778c107700 0x7f778c07cb80 unknown :-1 s=CLOSED pgs=36 cs=0 l=1 rev1=1 crypto rx=0 tx=0 comp rx=0 tx=0).stop
2024-02-18T10:37:18.438 INFO:teuthology.orchestra.run.smithi089.stdout:/usr/bin/ceph: stderr
2024-02-18T10:37:17.992+0000 7f7790c07700 1 -- 172.21.15.89:0/1689230474 >> 172.21.15.89:0/1689230474 conn(0x7f778c102d60 msgr2=0x7f778c1038c0 unknown :-1 s=STATE_NONE l=0).mark_down
2024-02-18T10:37:18.438 INFO:teuthology.orchestra.run.smithi089.stdout:/usr/bin/ceph: stderr
2024-02-18T10:37:17.993+0000 7f7790c07700 1 -- 172.21.15.89:0/1689230474 shutdown_connections
2024-02-18T10:37:18.438 INFO:teuthology.orchestra.run.smithi089.stdout:/usr/bin/ceph: stderr
2024-02-18T10:37:17.993+0000 7f7790c07700 1 -- 172.21.15.89:0/1689230474 wait complete.
2024-02-18T10:37:19.073 INFO:journalctl@ceph.mon.a.smithi089.stdout:Feb 18 10:37:18 smithi089 ceph-mon[32827]: mgrmap e8: x(active, since 2s)
2024-02-18T10:37:19.107 INFO:journalctl@ceph.mon.a.smithi089.stdout:Feb 18 10:37:18 smithi089 ceph-mon[32827]: from='client.14130 -' entity='client.admin' cmd=[{"prefix": "orch set backend", "module_name": "cephadm", "target": ["mon-mgr", ""]}]: dispatch
2024-02-18T10:37:19.107 INFO:journalctl@ceph.mon.a.smithi089.stdout:Feb 18 10:37:18 smithi089 ceph-mon[32827]: from='mgr.14118 172.21.15.89:0/987081868' entity='mgr.x'
2024-02-18T10:37:19.107 INFO:journalctl@ceph.mon.a.smithi089.stdout:Feb 18 10:37:18 smithi089 ceph-mon[32827]: from='mgr.14118 172.21.15.89:0/987081868' entity='mgr.x' cmd=[{"prefix": "config dump", "format": "json"}]: dispatch
2024-02-18T10:37:19.651 INFO:teuthology.orchestra.run.smithi089.stdout:/usr/bin/ceph: stdout value unchanged
2024-02-18T10:37:19.651 INFO:teuthology.orchestra.run.smithi089.stdout:/usr/bin/ceph: stderr
2024-02-18T10:37:18.868+0000 7f7eb8e9d700 1 Processor -- start
2024-02-18T10:37:19.651 INFO:teuthology.orchestra.run.smithi089.stdout:/usr/bin/ceph: stderr
2024-02-18T10:37:18.868+0000 7f7eb8e9d700 1 -- start start
2024-02-18T10:37:19.651 INFO:teuthology.orchestra.run.smithi089.stdout:/usr/bin/ceph: stderr
2024-02-18T10:37:18.868+0000 7f7eb8e9d700 1 --2- >> [v2:172.21.15.89:3300/0,v1:172.21.15.89:6789/0] conn(0x7f7eb41076f0 0x7f7eb4107b10 unknown :-1 s=NONE pgs=0 cs=0 l=0 rev1=0 crypto rx=0 tx=0 comp rx=0 tx=0).connect
2024-02-18T10:37:19.651 INFO:teuthology.orchestra.run.smithi089.stdout:/usr/bin/ceph: stderr
2024-02-18T10:37:18.868+0000 7f7eb8e9d700 1 -- --> [v2:172.21.15.89:3300/0,v1:172.21.15.89:6789/0] -- mon_getmap magic: 0 v1 -- 0x7f7eb41080e0 con 0x7f7eb41076f0
2024-02-18T10:37:19.651 INFO:teuthology.orchestra.run.smithi089.stdout:/usr/bin/ceph: stderr
2024-02-18T10:37:18.868+0000 7f7eb259c700 1 --2- >> [v2:172.21.15.89:3300/0,v1:172.21.15.89:6789/0] conn(0x7f7eb41076f0 0x7f7eb4107b10 unknown :-1 s=BANNER_CONNECTING pgs=0 cs=0 l=0 rev1=0 crypto rx=0 tx=0 comp rx=0 tx=0)._handle_peer_banner_payload supported=3 required=0
2024-02-18T10:37:19.651 INFO:teuthology.orchestra.run.smithi089.stdout:/usr/bin/ceph: stderr
2024-02-18T10:37:18.868+0000 7f7eb259c700 1 --2- >> [v2:172.21.15.89:3300/0,v1:172.21.15.89:6789/0] conn(0x7f7eb41076f0 0x7f7eb4107b10 unknown :-1 s=HELLO_CONNECTING pgs=0 cs=0 l=0 rev1=1 crypto rx=0 tx=0 comp rx=0 tx=0).handle_hello peer v2:172.21.15.89:3300/0 says I am v2:172.21.15.89:56548/0 (socket says 172.21.15.89:56548)
2024-02-18T10:37:19.651 INFO:teuthology.orchestra.run.smithi089.stdout:/usr/bin/ceph: stderr
2024-02-18T10:37:18.868+0000 7f7eb259c700 1 -- 172.21.15.89:0/2746474250 learned_addr learned my addr 172.21.15.89:0/2746474250 (peer_addr_for_me v2:172.21.15.89:0/0)
2024-02-18T10:37:19.651 INFO:teuthology.orchestra.run.smithi089.stdout:/usr/bin/ceph: stderr
2024-02-18T10:37:18.868+0000 7f7eb259c700 1 -- 172.21.15.89:0/2746474250 --> [v2:172.21.15.89:3300/0,v1:172.21.15.89:6789/0] -- mon_subscribe({config=0+,monmap=0+}) v3 -- 0x7f7eb41088a0 con 0x7f7eb41076f0
2024-02-18T10:37:19.651 INFO:teuthology.orchestra.run.smithi089.stdout:/usr/bin/ceph: stderr
2024-02-18T10:37:18.869+0000 7f7eb259c700 1 --2- 172.21.15.89:0/2746474250 >> [v2:172.21.15.89:3300/0,v1:172.21.15.89:6789/0] conn(0x7f7eb41076f0 0x7f7eb4107b10 secure :-1 s=READY pgs=37 cs=0 l=1 rev1=1 crypto rx=0x7f7ea40098a0 tx=0x7f7ea4009bb0 comp rx=0 tx=0).ready entity=mon.0 client_cookie=d0ac7dbe96383b1a server_cookie=0 in_seq=0 out_seq=0
2024-02-18T10:37:19.652 INFO:teuthology.orchestra.run.smithi089.stdout:/usr/bin/ceph: stderr
2024-02-18T10:37:18.869+0000 7f7eb159a700 1 -- 172.21.15.89:0/2746474250 <== mon.0 v2:172.21.15.89:3300/0 1 ==== mon_map magic: 0 v1 ==== 205+0+0 (secure 0 0 0) 0x7f7ea4004160 con 0x7f7eb41076f0
2024-02-18T10:37:19.652 INFO:teuthology.orchestra.run.smithi089.stdout:/usr/bin/ceph: stderr
2024-02-18T10:37:18.869+0000 7f7eb159a700 1 -- 172.21.15.89:0/2746474250 <== mon.0 v2:172.21.15.89:3300/0 2 ==== config(27 keys) v1 ==== 1109+0+0 (secure 0 0 0) 0x7f7ea40042c0 con 0x7f7eb41076f0
2024-02-18T10:37:19.652 INFO:teuthology.orchestra.run.smithi089.stdout:/usr/bin/ceph: stderr
2024-02-18T10:37:18.869+0000 7f7eb159a700 1 -- 172.21.15.89:0/2746474250 <== mon.0 v2:172.21.15.89:3300/0 3 ==== mon_map magic: 0 v1 ==== 205+0+0 (secure 0 0 0) 0x7f7ea4011ac0 con 0x7f7eb41076f0
2024-02-18T10:37:19.652 INFO:teuthology.orchestra.run.smithi089.stdout:/usr/bin/ceph: stderr
2024-02-18T10:37:18.869+0000 7f7eb8e9d700 1 -- 172.21.15.89:0/2746474250 >> [v2:172.21.15.89:3300/0,v1:172.21.15.89:6789/0] conn(0x7f7eb41076f0 msgr2=0x7f7eb4107b10 secure :-1 s=STATE_CONNECTION_ESTABLISHED l=1).mark_down
2024-02-18T10:37:19.652 INFO:teuthology.orchestra.run.smithi089.stdout:/usr/bin/ceph: stderr
2024-02-18T10:37:18.869+0000 7f7eb8e9d700 1 --2- 172.21.15.89:0/2746474250 >> [v2:172.21.15.89:3300/0,v1:172.21.15.89:6789/0] conn(0x7f7eb41076f0 0x7f7eb4107b10 secure :-1 s=READY pgs=37 cs=0 l=1 rev1=1 crypto rx=0x7f7ea40098a0 tx=0x7f7ea4009bb0 comp rx=0 tx=0).stop
2024-02-18T10:37:19.652 INFO:teuthology.orchestra.run.smithi089.stdout:/usr/bin/ceph: stderr
2024-02-18T10:37:18.869+0000 7f7eb8e9d700 1 -- 172.21.15.89:0/2746474250 shutdown_connections
2024-02-18T10:37:19.652 INFO:teuthology.orchestra.run.smithi089.stdout:/usr/bin/ceph: stderr
2024-02-18T10:37:18.869+0000 7f7eb8e9d700 1 --2- 172.21.15.89:0/2746474250 >> [v2:172.21.15.89:3300/0,v1:172.21.15.89:6789/0] conn(0x7f7eb41076f0 0x7f7eb4107b10 unknown :-1 s=CLOSED pgs=37 cs=0 l=1 rev1=1 crypto rx=0 tx=0 comp rx=0 tx=0).stop
2024-02-18T10:37:19.652 INFO:teuthology.orchestra.run.smithi089.stdout:/usr/bin/ceph: stderr
2024-02-18T10:37:18.869+0000 7f7eb8e9d700 1 -- 172.21.15.89:0/2746474250 >> 172.21.15.89:0/2746474250 conn(0x7f7eb4102d90 msgr2=0x7f7eb41051b0 unknown :-1 s=STATE_NONE l=0).mark_down
2024-02-18T10:37:19.652 INFO:teuthology.orchestra.run.smithi089.stdout:/usr/bin/ceph: stderr
2024-02-18T10:37:18.869+0000 7f7eb8e9d700 1 -- 172.21.15.89:0/2746474250 shutdown_connections
2024-02-18T10:37:19.652 INFO:teuthology.orchestra.run.smithi089.stdout:/usr/bin/ceph: stderr
2024-02-18T10:37:18.869+0000 7f7eb8e9d700 1 -- 172.21.15.89:0/2746474250 wait complete.
2024-02-18T10:37:19.652 INFO:teuthology.orchestra.run.smithi089.stdout:/usr/bin/ceph: stderr
2024-02-18T10:37:18.870+0000 7f7eb8e9d700 1 Processor -- start
2024-02-18T10:37:19.652 INFO:teuthology.orchestra.run.smithi089.stdout:/usr/bin/ceph: stderr
2024-02-18T10:37:18.870+0000 7f7eb8e9d700 1 -- start start
2024-02-18T10:37:19.653 INFO:teuthology.orchestra.run.smithi089.stdout:/usr/bin/ceph: stderr
2024-02-18T10:37:18.870+0000 7f7eb8e9d700 1 --2- >> [v2:172.21.15.89:3300/0,v1:172.21.15.89:6789/0] conn(0x7f7eb41076f0 0x7f7eb419b4a0 unknown :-1 s=NONE pgs=0 cs=0 l=1 rev1=0 crypto rx=0 tx=0 comp rx=0 tx=0).connect
2024-02-18T10:37:19.653 INFO:teuthology.orchestra.run.smithi089.stdout:/usr/bin/ceph: stderr
2024-02-18T10:37:18.870+0000 7f7eb8e9d700 1 -- --> [v2:172.21.15.89:3300/0,v1:172.21.15.89:6789/0] -- mon_getmap magic: 0 v1 -- 0x7f7eb419b9e0 con 0x7f7eb41076f0
2024-02-18T10:37:19.653 INFO:teuthology.orchestra.run.smithi089.stdout:/usr/bin/ceph: stderr
2024-02-18T10:37:18.870+0000 7f7eb259c700 1 --2- >> [v2:172.21.15.89:3300/0,v1:172.21.15.89:6789/0] conn(0x7f7eb41076f0 0x7f7eb419b4a0 unknown :-1 s=BANNER_CONNECTING pgs=0 cs=0 l=1 rev1=0 crypto rx=0 tx=0 comp rx=0 tx=0)._handle_peer_banner_payload supported=3 required=0
2024-02-18T10:37:19.653 INFO:teuthology.orchestra.run.smithi089.stdout:/usr/bin/ceph: stderr
2024-02-18T10:37:18.870+0000 7f7eb259c700 1 --2- >> [v2:172.21.15.89:3300/0,v1:172.21.15.89:6789/0] conn(0x7f7eb41076f0 0x7f7eb419b4a0 unknown :-1 s=HELLO_CONNECTING pgs=0 cs=0 l=1 rev1=1 crypto rx=0 tx=0 comp rx=0 tx=0).handle_hello peer v2:172.21.15.89:3300/0 says I am v2:172.21.15.89:56560/0 (socket says 172.21.15.89:56560)
2024-02-18T10:37:19.653 INFO:teuthology.orchestra.run.smithi089.stdout:/usr/bin/ceph: stderr
2024-02-18T10:37:18.870+0000 7f7eb259c700 1 -- 172.21.15.89:0/558246313 learned_addr learned my addr 172.21.15.89:0/558246313 (peer_addr_for_me v2:172.21.15.89:0/0)
2024-02-18T10:37:19.653 INFO:teuthology.orchestra.run.smithi089.stdout:/usr/bin/ceph: stderr
2024-02-18T10:37:18.871+0000 7f7eb259c700 1 -- 172.21.15.89:0/558246313 --> [v2:172.21.15.89:3300/0,v1:172.21.15.89:6789/0] -- mon_subscribe({config=0+,monmap=0+}) v3 -- 0x7f7ea4009550 con 0x7f7eb41076f0
2024-02-18T10:37:19.653 INFO:teuthology.orchestra.run.smithi089.stdout:/usr/bin/ceph: stderr
2024-02-18T10:37:18.871+0000 7f7eb259c700 1 --2- 172.21.15.89:0/558246313 >> [v2:172.21.15.89:3300/0,v1:172.21.15.89:6789/0] conn(0x7f7eb41076f0 0x7f7eb419b4a0 secure :-1 s=READY pgs=38 cs=0 l=1 rev1=1 crypto rx=0x7f7ea4003f70 tx=0x7f7ea4011b40 comp rx=0 tx=0).ready entity=mon.0 client_cookie=0 server_cookie=0 in_seq=0 out_seq=0
2024-02-18T10:37:19.653 INFO:teuthology.orchestra.run.smithi089.stdout:/usr/bin/ceph: stderr
2024-02-18T10:37:18.871+0000 7f7ea37fe700 1 -- 172.21.15.89:0/558246313 <== mon.0 v2:172.21.15.89:3300/0 1 ==== mon_map magic: 0 v1 ==== 205+0+0 (secure 0 0 0) 0x7f7ea40039f0 con 0x7f7eb41076f0
2024-02-18T10:37:19.653 INFO:teuthology.orchestra.run.smithi089.stdout:/usr/bin/ceph: stderr
2024-02-18T10:37:18.871+0000 7f7ea37fe700 1 -- 172.21.15.89:0/558246313 <== mon.0 v2:172.21.15.89:3300/0 2 ==== config(27 keys) v1 ==== 1109+0+0 (secure 0 0 0) 0x7f7ea4003b50 con 0x7f7eb41076f0
2024-02-18T10:37:19.653 INFO:teuthology.orchestra.run.smithi089.stdout:/usr/bin/ceph: stderr
2024-02-18T10:37:18.871+0000 7f7eb8e9d700 1 -- 172.21.15.89:0/558246313 --> [v2:172.21.15.89:3300/0,v1:172.21.15.89:6789/0] -- mon_subscribe({mgrmap=0+}) v3 -- 0x7f7eb419bbe0 con 0x7f7eb41076f0
2024-02-18T10:37:19.653 INFO:teuthology.orchestra.run.smithi089.stdout:/usr/bin/ceph: stderr
2024-02-18T10:37:18.871+0000 7f7ea37fe700 1 -- 172.21.15.89:0/558246313 <== mon.0 v2:172.21.15.89:3300/0 3 ==== mon_map magic: 0 v1 ==== 205+0+0 (secure 0 0 0) 0x7f7ea401a690 con 0x7f7eb41076f0
2024-02-18T10:37:19.653 INFO:teuthology.orchestra.run.smithi089.stdout:/usr/bin/ceph: stderr
2024-02-18T10:37:18.871+0000 7f7eb8e9d700 1 -- 172.21.15.89:0/558246313 --> [v2:172.21.15.89:3300/0,v1:172.21.15.89:6789/0] -- mon_subscribe({osdmap=0}) v3 -- 0x7f7eb419c080 con 0x7f7eb41076f0
2024-02-18T10:37:19.653 INFO:teuthology.orchestra.run.smithi089.stdout:/usr/bin/ceph: stderr
2024-02-18T10:37:18.872+0000 7f7ea37fe700 1 -- 172.21.15.89:0/558246313 <== mon.0 v2:172.21.15.89:3300/0 4 ==== mgrmap(e 8) v1 ==== 46091+0+0 (secure 0 0 0) 0x7f7ea401a900 con 0x7f7eb41076f0
2024-02-18T10:37:19.653 INFO:teuthology.orchestra.run.smithi089.stdout:/usr/bin/ceph: stderr
2024-02-18T10:37:18.872+0000 7f7eb8e9d700 1 -- 172.21.15.89:0/558246313 --> [v2:172.21.15.89:3300/0,v1:172.21.15.89:6789/0] -- mon_command({"prefix": "get_command_descriptions"} v 0) v1 -- 0x7f7eb410bad0 con 0x7f7eb41076f0
2024-02-18T10:37:19.654 INFO:teuthology.orchestra.run.smithi089.stdout:/usr/bin/ceph: stderr
2024-02-18T10:37:18.872+0000 7f7ea37fe700 1 --2- 172.21.15.89:0/558246313 >> [v2:172.21.15.89:6800/4228281670,v1:172.21.15.89:6801/4228281670] conn(0x7f7e9c039110 0x7f7e9c03b5d0 unknown :-1 s=NONE pgs=0 cs=0 l=1 rev1=0 crypto rx=0 tx=0 comp rx=0 tx=0).connect
2024-02-18T10:37:19.654 INFO:teuthology.orchestra.run.smithi089.stdout:/usr/bin/ceph: stderr
2024-02-18T10:37:18.872+0000 7f7ea37fe700 1 -- 172.21.15.89:0/558246313 <== mon.0 v2:172.21.15.89:3300/0 5 ==== osd_map(2..2 src has 1..2) v4 ==== 940+0+0 (secure 0 0 0) 0x7f7ea404d4d0 con 0x7f7eb41076f0
2024-02-18T10:37:19.654 INFO:teuthology.orchestra.run.smithi089.stdout:/usr/bin/ceph: stderr
2024-02-18T10:37:18.872+0000 7f7eb1d9b700 1 --2- 172.21.15.89:0/558246313 >> [v2:172.21.15.89:6800/4228281670,v1:172.21.15.89:6801/4228281670] conn(0x7f7e9c039110 0x7f7e9c03b5d0 unknown :-1 s=BANNER_CONNECTING pgs=0 cs=0 l=1 rev1=0 crypto rx=0 tx=0 comp rx=0 tx=0)._handle_peer_banner_payload supported=3 required=0
2024-02-18T10:37:19.654 INFO:teuthology.orchestra.run.smithi089.stdout:/usr/bin/ceph: stderr
2024-02-18T10:37:18.873+0000 7f7eb1d9b700 1 --2- 172.21.15.89:0/558246313 >> [v2:172.21.15.89:6800/4228281670,v1:172.21.15.89:6801/4228281670] conn(0x7f7e9c039110 0x7f7e9c03b5d0 secure :-1 s=READY pgs=8 cs=0 l=1 rev1=1 crypto rx=0x7f7ea8006fd0 tx=0x7f7ea8006e40 comp rx=0 tx=0).ready entity=mgr.14118 client_cookie=0 server_cookie=0 in_seq=0 out_seq=0
2024-02-18T10:37:19.654 INFO:teuthology.orchestra.run.smithi089.stdout:/usr/bin/ceph: stderr
2024-02-18T10:37:18.877+0000 7f7ea37fe700 1 -- 172.21.15.89:0/558246313 <== mon.0 v2:172.21.15.89:3300/0 6 ==== mon_command_ack([{"prefix": "get_command_descriptions"}]=0 v0) v1 ==== 72+0+183564 (secure 0 0 0) 0x7f7ea402d770 con 0x7f7eb41076f0
2024-02-18T10:37:19.654 INFO:teuthology.orchestra.run.smithi089.stdout:/usr/bin/ceph: stderr
2024-02-18T10:37:19.071+0000 7f7eb8e9d700 1 -- 172.21.15.89:0/558246313 --> [v2:172.21.15.89:6800/4228281670,v1:172.21.15.89:6801/4228281670] -- mgr_command(tid 0: {"prefix": "cephadm set-user", "user": "root", "target": ["mon-mgr", ""]}) v1 -- 0x7f7eb4103fa0 con 0x7f7e9c039110
2024-02-18T10:37:19.654 INFO:teuthology.orchestra.run.smithi089.stdout:/usr/bin/ceph: stderr
2024-02-18T10:37:19.072+0000 7f7ea37fe700 1 -- 172.21.15.89:0/558246313 <== mgr.14118 v2:172.21.15.89:6800/4228281670 1 ==== mgr_command_reply(tid 0: 0 ) v1 ==== 8+0+16 (secure 0 0 0) 0x7f7eb4103fa0 con 0x7f7e9c039110
2024-02-18T10:37:19.654 INFO:teuthology.orchestra.run.smithi089.stdout:/usr/bin/ceph: stderr
2024-02-18T10:37:19.074+0000 7f7eb8e9d700 1 -- 172.21.15.89:0/558246313 >> [v2:172.21.15.89:6800/4228281670,v1:172.21.15.89:6801/4228281670] conn(0x7f7e9c039110 msgr2=0x7f7e9c03b5d0 secure :-1 s=STATE_CONNECTION_ESTABLISHED l=1).mark_down
2024-02-18T10:37:19.654 INFO:teuthology.orchestra.run.smithi089.stdout:/usr/bin/ceph: stderr
2024-02-18T10:37:19.074+0000 7f7eb8e9d700 1 --2- 172.21.15.89:0/558246313 >> [v2:172.21.15.89:6800/4228281670,v1:172.21.15.89:6801/4228281670] conn(0x7f7e9c039110 0x7f7e9c03b5d0 secure :-1 s=READY pgs=8 cs=0 l=1 rev1=1 crypto rx=0x7f7ea8006fd0 tx=0x7f7ea8006e40 comp rx=0 tx=0).stop
2024-02-18T10:37:19.654 INFO:teuthology.orchestra.run.smithi089.stdout:/usr/bin/ceph: stderr
2024-02-18T10:37:19.074+0000 7f7eb8e9d700 1 -- 172.21.15.89:0/558246313 >> [v2:172.21.15.89:3300/0,v1:172.21.15.89:6789/0] conn(0x7f7eb41076f0 msgr2=0x7f7eb419b4a0 secure :-1 s=STATE_CONNECTION_ESTABLISHED l=1).mark_down
2024-02-18T10:37:19.654 INFO:teuthology.orchestra.run.smithi089.stdout:/usr/bin/ceph: stderr
2024-02-18T10:37:19.074+0000 7f7eb8e9d700 1 --2- 172.21.15.89:0/558246313 >> [v2:172.21.15.89:3300/0,v1:172.21.15.89:6789/0] conn(0x7f7eb41076f0 0x7f7eb419b4a0 secure :-1 s=READY pgs=38 cs=0 l=1 rev1=1 crypto rx=0x7f7ea4003f70 tx=0x7f7ea4011b40 comp rx=0 tx=0).stop
2024-02-18T10:37:19.655 INFO:teuthology.orchestra.run.smithi089.stdout:/usr/bin/ceph: stderr
2024-02-18T10:37:19.074+0000 7f7eb8e9d700 1 -- 172.21.15.89:0/558246313 shutdown_connections
2024-02-18T10:37:19.655 INFO:teuthology.orchestra.run.smithi089.stdout:/usr/bin/ceph: stderr
2024-02-18T10:37:19.074+0000 7f7eb8e9d700 1 --2- 172.21.15.89:0/558246313 >> [v2:172.21.15.89:6800/4228281670,v1:172.21.15.89:6801/4228281670] conn(0x7f7e9c039110 0x7f7e9c03b5d0 unknown :-1 s=CLOSED pgs=8 cs=0 l=1 rev1=1 crypto rx=0 tx=0 comp rx=0 tx=0).stop
2024-02-18T10:37:19.655 INFO:teuthology.orchestra.run.smithi089.stdout:/usr/bin/ceph: stderr
2024-02-18T10:37:19.074+0000 7f7eb8e9d700 1 --2- 172.21.15.89:0/558246313 >> [v2:172.21.15.89:3300/0,v1:172.21.15.89:6789/0] conn(0x7f7eb41076f0 0x7f7eb419b4a0 unknown :-1 s=CLOSED pgs=38 cs=0 l=1 rev1=1 crypto rx=0 tx=0 comp rx=0 tx=0).stop
2024-02-18T10:37:19.655 INFO:teuthology.orchestra.run.smithi089.stdout:/usr/bin/ceph: stderr
2024-02-18T10:37:19.074+0000 7f7eb8e9d700 1 -- 172.21.15.89:0/558246313 >> 172.21.15.89:0/558246313 conn(0x7f7eb4102d90 msgr2=0x7f7eb4103890 unknown :-1 s=STATE_NONE l=0).mark_down
2024-02-18T10:37:19.655 INFO:teuthology.orchestra.run.smithi089.stdout:/usr/bin/ceph: stderr
2024-02-18T10:37:19.074+0000 7f7eb8e9d700 1 -- 172.21.15.89:0/558246313 shutdown_connections
2024-02-18T10:37:19.655 INFO:teuthology.orchestra.run.smithi089.stdout:/usr/bin/ceph: stderr
2024-02-18T10:37:19.074+0000 7f7eb8e9d700 1 -- 172.21.15.89:0/558246313 wait complete.
2024-02-18T10:37:19.655 INFO:teuthology.orchestra.run.smithi089.stdout:Generating ssh key...
2024-02-18T10:37:19.934 INFO:journalctl@ceph.mon.a.smithi089.stdout:Feb 18 10:37:19 smithi089 ceph-mon[32827]: from='client.14132 -' entity='client.admin' cmd=[{"prefix": "cephadm set-user", "user": "root", "target": ["mon-mgr", ""]}]: dispatch
2024-02-18T10:37:20.935 INFO:journalctl@ceph.mgr.x.smithi089.stdout:Feb 18 10:37:20 smithi089 ceph-748345e2-ce49-11ee-95ba-87774f69a715-mgr-x[33058]: Generating public/private rsa key pair.
2024-02-18T10:37:20.935 INFO:journalctl@ceph.mgr.x.smithi089.stdout:Feb 18 10:37:20 smithi089 ceph-748345e2-ce49-11ee-95ba-87774f69a715-mgr-x[33058]: Your identification has been saved in /tmp/tmp82q0qnvb/key.
2024-02-18T10:37:20.935 INFO:journalctl@ceph.mgr.x.smithi089.stdout:Feb 18 10:37:20 smithi089 ceph-748345e2-ce49-11ee-95ba-87774f69a715-mgr-x[33058]: Your public key has been saved in /tmp/tmp82q0qnvb/key.pub.
2024-02-18T10:37:20.935 INFO:journalctl@ceph.mgr.x.smithi089.stdout:Feb 18 10:37:20 smithi089 ceph-748345e2-ce49-11ee-95ba-87774f69a715-mgr-x[33058]: The key fingerprint is:
2024-02-18T10:37:20.935 INFO:journalctl@ceph.mgr.x.smithi089.stdout:Feb 18 10:37:20 smithi089 ceph-748345e2-ce49-11ee-95ba-87774f69a715-mgr-x[33058]: SHA256:cs3lS4ZZWwsq8HHZ0u5fbAD9cqVygDtVSARF9s8dLt8 ceph-748345e2-ce49-11ee-95ba-87774f69a715
2024-02-18T10:37:20.936 INFO:journalctl@ceph.mgr.x.smithi089.stdout:Feb 18 10:37:20 smithi089 ceph-748345e2-ce49-11ee-95ba-87774f69a715-mgr-x[33058]: The key's randomart image is:
2024-02-18T10:37:20.936 INFO:journalctl@ceph.mgr.x.smithi089.stdout:Feb 18 10:37:20 smithi089 ceph-748345e2-ce49-11ee-95ba-87774f69a715-mgr-x[33058]: +---[RSA 3072]----+
2024-02-18T10:37:20.936 INFO:journalctl@ceph.mgr.x.smithi089.stdout:Feb 18 10:37:20 smithi089 ceph-748345e2-ce49-11ee-95ba-87774f69a715-mgr-x[33058]: | .**.. |
2024-02-18T10:37:20.936 INFO:journalctl@ceph.mgr.x.smithi089.stdout:Feb 18 10:37:20 smithi089 ceph-748345e2-ce49-11ee-95ba-87774f69a715-mgr-x[33058]: | *.+ |
2024-02-18T10:37:20.936 INFO:journalctl@ceph.mgr.x.smithi089.stdout:Feb 18 10:37:20 smithi089 ceph-748345e2-ce49-11ee-95ba-87774f69a715-mgr-x[33058]: | . . = X +..|
2024-02-18T10:37:20.936 INFO:journalctl@ceph.mgr.x.smithi089.stdout:Feb 18 10:37:20 smithi089 ceph-748345e2-ce49-11ee-95ba-87774f69a715-mgr-x[33058]: | o = % *.*+|
2024-02-18T10:37:20.936 INFO:journalctl@ceph.mgr.x.smithi089.stdout:Feb 18 10:37:20 smithi089 ceph-748345e2-ce49-11ee-95ba-87774f69a715-mgr-x[33058]: | . S O B.*.*|
2024-02-18T10:37:20.936 INFO:journalctl@ceph.mgr.x.smithi089.stdout:Feb 18 10:37:20 smithi089 ceph-748345e2-ce49-11ee-95ba-87774f69a715-mgr-x[33058]: | o . = +o=.|
2024-02-18T10:37:20.936 INFO:journalctl@ceph.mgr.x.smithi089.stdout:Feb 18 10:37:20 smithi089 ceph-748345e2-ce49-11ee-95ba-87774f69a715-mgr-x[33058]: | o .E|
2024-02-18T10:37:20.936 INFO:journalctl@ceph.mgr.x.smithi089.stdout:Feb 18 10:37:20 smithi089 ceph-748345e2-ce49-11ee-95ba-87774f69a715-mgr-x[33058]: | . o |
2024-02-18T10:37:20.936 INFO:journalctl@ceph.mgr.x.smithi089.stdout:Feb 18 10:37:20 smithi089 ceph-748345e2-ce49-11ee-95ba-87774f69a715-mgr-x[33058]: | . |
2024-02-18T10:37:20.936 INFO:journalctl@ceph.mgr.x.smithi089.stdout:Feb 18 10:37:20 smithi089 ceph-748345e2-ce49-11ee-95ba-87774f69a715-mgr-x[33058]: +----[SHA256]-----+
2024-02-18T10:37:21.232 INFO:teuthology.orchestra.run.smithi089.stdout:/usr/bin/ceph: stderr
2024-02-18T10:37:20.084+0000 7f9cbbb59700 1 Processor -- start
2024-02-18T10:37:21.232 INFO:teuthology.orchestra.run.smithi089.stdout:/usr/bin/ceph: stderr
2024-02-18T10:37:20.085+0000 7f9cbbb59700 1 -- start start
2024-02-18T10:37:21.232 INFO:teuthology.orchestra.run.smithi089.stdout:/usr/bin/ceph: stderr
2024-02-18T10:37:20.085+0000 7f9cbbb59700 1 --2- >> [v2:172.21.15.89:3300/0,v1:172.21.15.89:6789/0] conn(0x7f9cb407ce80 0x7f9cb407b330 unknown :-1 s=NONE pgs=0 cs=0 l=0 rev1=0 crypto rx=0 tx=0 comp rx=0 tx=0).connect
2024-02-18T10:37:21.232 INFO:teuthology.orchestra.run.smithi089.stdout:/usr/bin/ceph: stderr
2024-02-18T10:37:20.085+0000 7f9cbbb59700 1 -- --> [v2:172.21.15.89:3300/0,v1:172.21.15.89:6789/0] -- mon_getmap magic: 0 v1 -- 0x7f9cb407b900 con 0x7f9cb407ce80
2024-02-18T10:37:21.232 INFO:teuthology.orchestra.run.smithi089.stdout:/usr/bin/ceph: stderr
2024-02-18T10:37:20.085+0000 7f9cb98f5700 1 --2- >> [v2:172.21.15.89:3300/0,v1:172.21.15.89:6789/0] conn(0x7f9cb407ce80 0x7f9cb407b330 unknown :-1 s=BANNER_CONNECTING pgs=0 cs=0 l=0 rev1=0 crypto rx=0 tx=0 comp rx=0 tx=0)._handle_peer_banner_payload supported=3 required=0
2024-02-18T10:37:21.232 INFO:teuthology.orchestra.run.smithi089.stdout:/usr/bin/ceph: stderr
2024-02-18T10:37:20.085+0000 7f9cb98f5700 1 --2- >> [v2:172.21.15.89:3300/0,v1:172.21.15.89:6789/0] conn(0x7f9cb407ce80 0x7f9cb407b330 unknown :-1 s=HELLO_CONNECTING pgs=0 cs=0 l=0 rev1=1 crypto rx=0 tx=0 comp rx=0 tx=0).handle_hello peer v2:172.21.15.89:3300/0 says I am v2:172.21.15.89:56568/0 (socket says 172.21.15.89:56568)
2024-02-18T10:37:21.232 INFO:teuthology.orchestra.run.smithi089.stdout:/usr/bin/ceph: stderr
2024-02-18T10:37:20.085+0000 7f9cb98f5700 1 -- 172.21.15.89:0/3350471202 learned_addr learned my addr 172.21.15.89:0/3350471202 (peer_addr_for_me v2:172.21.15.89:0/0)
2024-02-18T10:37:21.233 INFO:teuthology.orchestra.run.smithi089.stdout:/usr/bin/ceph: stderr
2024-02-18T10:37:20.085+0000 7f9cb98f5700 1 -- 172.21.15.89:0/3350471202 --> [v2:172.21.15.89:3300/0,v1:172.21.15.89:6789/0] -- mon_subscribe({config=0+,monmap=0+}) v3 -- 0x7f9cb407ba40 con 0x7f9cb407ce80
2024-02-18T10:37:21.233 INFO:teuthology.orchestra.run.smithi089.stdout:/usr/bin/ceph: stderr
