2024-02-18T11:31:44.389+0000 7fb3e7e52200 -1 mgr[py] Module osd_perf_query has missing NOTIFY_TYPES member
2024-02-18T11:31:44.668 INFO:journalctl@ceph.mgr.x.smithi012.stdout:Feb 18 11:31:44 smithi012 ceph-0c8bb0de-ce51-11ee-95ba-87774f69a715-mgr-x[32692]:
2024-02-18T11:31:44.507+0000 7fb3e7e52200 -1 mgr[py] Module snap_schedule has missing NOTIFY_TYPES member
2024-02-18T11:31:44.924 INFO:journalctl@ceph.mon.a.smithi012.stdout:Feb 18 11:31:44 smithi012 ceph-mon[32460]: from='client.? 172.21.15.12:0/3552225915' entity='client.admin' cmd='[{"prefix": "mgr module enable", "module": "dashboard"}]': finished
2024-02-18T11:31:44.924 INFO:journalctl@ceph.mon.a.smithi012.stdout:Feb 18 11:31:44 smithi012 ceph-mon[32460]: mgrmap e9: x(active, since 19s)
2024-02-18T11:31:45.412 INFO:journalctl@ceph.mgr.x.smithi012.stdout:Feb 18 11:31:45 smithi012 ceph-0c8bb0de-ce51-11ee-95ba-87774f69a715-mgr-x[32692]:
2024-02-18T11:31:45.176+0000 7fb3e7e52200 -1 mgr[py] Module zabbix has missing NOTIFY_TYPES member
2024-02-18T11:31:45.412 INFO:journalctl@ceph.mgr.x.smithi012.stdout:Feb 18 11:31:45 smithi012 ceph-0c8bb0de-ce51-11ee-95ba-87774f69a715-mgr-x[32692]:
2024-02-18T11:31:45.271+0000 7fb3e7e52200 -1 mgr[py] Module balancer has missing NOTIFY_TYPES member
2024-02-18T11:31:45.412 INFO:journalctl@ceph.mgr.x.smithi012.stdout:Feb 18 11:31:45 smithi012 ceph-0c8bb0de-ce51-11ee-95ba-87774f69a715-mgr-x[32692]:
2024-02-18T11:31:45.416+0000 7fb3e7e52200 -1 mgr[py] Module influx has missing NOTIFY_TYPES member
2024-02-18T11:31:45.674 INFO:journalctl@ceph.mgr.x.smithi012.stdout:Feb 18 11:31:45 smithi012 ceph-0c8bb0de-ce51-11ee-95ba-87774f69a715-mgr-x[32692]:
2024-02-18T11:31:45.515+0000 7fb3e7e52200 -1 mgr[py] Module alerts has missing NOTIFY_TYPES member
2024-02-18T11:31:45.674 INFO:journalctl@ceph.mgr.x.smithi012.stdout:Feb 18 11:31:45 smithi012 ceph-0c8bb0de-ce51-11ee-95ba-87774f69a715-mgr-x[32692]:
2024-02-18T11:31:45.600+0000 7fb3e7e52200 -1 mgr[py] Module iostat has missing NOTIFY_TYPES member
2024-02-18T11:31:45.695 INFO:teuthology.orchestra.run.smithi012.stdout:/usr/bin/ceph: stdout {
2024-02-18T11:31:45.695 INFO:teuthology.orchestra.run.smithi012.stdout:/usr/bin/ceph: stdout "epoch": 9,
2024-02-18T11:31:45.695 INFO:teuthology.orchestra.run.smithi012.stdout:/usr/bin/ceph: stdout "available": true,
2024-02-18T11:31:45.695 INFO:teuthology.orchestra.run.smithi012.stdout:/usr/bin/ceph: stdout "active_name": "x",
2024-02-18T11:31:45.695 INFO:teuthology.orchestra.run.smithi012.stdout:/usr/bin/ceph: stdout "num_standby": 0
2024-02-18T11:31:45.695 INFO:teuthology.orchestra.run.smithi012.stdout:/usr/bin/ceph: stdout }
2024-02-18T11:31:45.695 INFO:teuthology.orchestra.run.smithi012.stdout:/usr/bin/ceph: stderr
2024-02-18T11:31:44.872+0000 7f37704de700 1 Processor -- start
2024-02-18T11:31:45.695 INFO:teuthology.orchestra.run.smithi012.stdout:/usr/bin/ceph: stderr
2024-02-18T11:31:44.872+0000 7f37704de700 1 -- start start
2024-02-18T11:31:45.696 INFO:teuthology.orchestra.run.smithi012.stdout:/usr/bin/ceph: stderr
2024-02-18T11:31:44.872+0000 7f37704de700 1 --2- >> [v2:172.21.15.12:3300/0,v1:172.21.15.12:6789/0] conn(0x7f3768107730 0x7f3768107b50 unknown :-1 s=NONE pgs=0 cs=0 l=0 rev1=0 crypto rx=0 tx=0 comp rx=0 tx=0).connect
2024-02-18T11:31:45.696 INFO:teuthology.orchestra.run.smithi012.stdout:/usr/bin/ceph: stderr
2024-02-18T11:31:44.872+0000 7f37704de700 1 -- --> [v2:172.21.15.12:3300/0,v1:172.21.15.12:6789/0] -- mon_getmap magic: 0 v1 -- 0x7f3768108120 con 0x7f3768107730
2024-02-18T11:31:45.696 INFO:teuthology.orchestra.run.smithi012.stdout:/usr/bin/ceph: stderr
2024-02-18T11:31:44.873+0000 7f376e27a700 1 --2- >> [v2:172.21.15.12:3300/0,v1:172.21.15.12:6789/0] conn(0x7f3768107730 0x7f3768107b50 unknown :-1 s=BANNER_CONNECTING pgs=0 cs=0 l=0 rev1=0 crypto rx=0 tx=0 comp rx=0 tx=0)._handle_peer_banner_payload supported=3 required=0
2024-02-18T11:31:45.696 INFO:teuthology.orchestra.run.smithi012.stdout:/usr/bin/ceph: stderr
2024-02-18T11:31:44.873+0000 7f376e27a700 1 --2- >> [v2:172.21.15.12:3300/0,v1:172.21.15.12:6789/0] conn(0x7f3768107730 0x7f3768107b50 unknown :-1 s=HELLO_CONNECTING pgs=0 cs=0 l=0 rev1=1 crypto rx=0 tx=0 comp rx=0 tx=0).handle_hello peer v2:172.21.15.12:3300/0 says I am v2:172.21.15.12:53554/0 (socket says 172.21.15.12:53554)
2024-02-18T11:31:45.696 INFO:teuthology.orchestra.run.smithi012.stdout:/usr/bin/ceph: stderr
2024-02-18T11:31:44.873+0000 7f376e27a700 1 -- 172.21.15.12:0/1875937254 learned_addr learned my addr 172.21.15.12:0/1875937254 (peer_addr_for_me v2:172.21.15.12:0/0)
2024-02-18T11:31:45.696 INFO:teuthology.orchestra.run.smithi012.stdout:/usr/bin/ceph: stderr
2024-02-18T11:31:44.873+0000 7f376e27a700 1 -- 172.21.15.12:0/1875937254 --> [v2:172.21.15.12:3300/0,v1:172.21.15.12:6789/0] -- mon_subscribe({config=0+,monmap=0+}) v3 -- 0x7f37681088e0 con 0x7f3768107730
2024-02-18T11:31:45.696 INFO:teuthology.orchestra.run.smithi012.stdout:/usr/bin/ceph: stderr
2024-02-18T11:31:44.873+0000 7f376e27a700 1 --2- 172.21.15.12:0/1875937254 >> [v2:172.21.15.12:3300/0,v1:172.21.15.12:6789/0] conn(0x7f3768107730 0x7f3768107b50 secure :-1 s=READY pgs=59 cs=0 l=1 rev1=1 crypto rx=0x7f375c0098a0 tx=0x7f375c009bb0 comp rx=0 tx=0).ready entity=mon.0 client_cookie=dd965ff400950c50 server_cookie=0 in_seq=0 out_seq=0
2024-02-18T11:31:45.696 INFO:teuthology.orchestra.run.smithi012.stdout:/usr/bin/ceph: stderr
2024-02-18T11:31:44.873+0000 7f376d278700 1 -- 172.21.15.12:0/1875937254 <== mon.0 v2:172.21.15.12:3300/0 1 ==== mon_map magic: 0 v1 ==== 205+0+0 (secure 0 0 0) 0x7f375c004160 con 0x7f3768107730
2024-02-18T11:31:45.696 INFO:teuthology.orchestra.run.smithi012.stdout:/usr/bin/ceph: stderr
2024-02-18T11:31:44.873+0000 7f376d278700 1 -- 172.21.15.12:0/1875937254 <== mon.0 v2:172.21.15.12:3300/0 2 ==== config(27 keys) v1 ==== 1140+0+0 (secure 0 0 0) 0x7f375c0042c0 con 0x7f3768107730
2024-02-18T11:31:45.696 INFO:teuthology.orchestra.run.smithi012.stdout:/usr/bin/ceph: stderr
2024-02-18T11:31:44.873+0000 7f376d278700 1 -- 172.21.15.12:0/1875937254 <== mon.0 v2:172.21.15.12:3300/0 3 ==== mon_map magic: 0 v1 ==== 205+0+0 (secure 0 0 0) 0x7f375c011a80 con 0x7f3768107730
2024-02-18T11:31:45.696 INFO:teuthology.orchestra.run.smithi012.stdout:/usr/bin/ceph: stderr
2024-02-18T11:31:44.874+0000 7f37704de700 1 -- 172.21.15.12:0/1875937254 >> [v2:172.21.15.12:3300/0,v1:172.21.15.12:6789/0] conn(0x7f3768107730 msgr2=0x7f3768107b50 secure :-1 s=STATE_CONNECTION_ESTABLISHED l=1).mark_down
2024-02-18T11:31:45.696 INFO:teuthology.orchestra.run.smithi012.stdout:/usr/bin/ceph: stderr
2024-02-18T11:31:44.874+0000 7f37704de700 1 --2- 172.21.15.12:0/1875937254 >> [v2:172.21.15.12:3300/0,v1:172.21.15.12:6789/0] conn(0x7f3768107730 0x7f3768107b50 secure :-1 s=READY pgs=59 cs=0 l=1 rev1=1 crypto rx=0x7f375c0098a0 tx=0x7f375c009bb0 comp rx=0 tx=0).stop
2024-02-18T11:31:45.696 INFO:teuthology.orchestra.run.smithi012.stdout:/usr/bin/ceph: stderr
2024-02-18T11:31:44.874+0000 7f37704de700 1 -- 172.21.15.12:0/1875937254 shutdown_connections
2024-02-18T11:31:45.696 INFO:teuthology.orchestra.run.smithi012.stdout:/usr/bin/ceph: stderr
2024-02-18T11:31:44.874+0000 7f37704de700 1 --2- 172.21.15.12:0/1875937254 >> [v2:172.21.15.12:3300/0,v1:172.21.15.12:6789/0] conn(0x7f3768107730 0x7f3768107b50 unknown :-1 s=CLOSED pgs=59 cs=0 l=1 rev1=1 crypto rx=0 tx=0 comp rx=0 tx=0).stop
2024-02-18T11:31:45.697 INFO:teuthology.orchestra.run.smithi012.stdout:/usr/bin/ceph: stderr
2024-02-18T11:31:44.874+0000 7f37704de700 1 -- 172.21.15.12:0/1875937254 >> 172.21.15.12:0/1875937254 conn(0x7f3768102d90 msgr2=0x7f37681051b0 unknown :-1 s=STATE_NONE l=0).mark_down
2024-02-18T11:31:45.697 INFO:teuthology.orchestra.run.smithi012.stdout:/usr/bin/ceph: stderr
2024-02-18T11:31:44.874+0000 7f37704de700 1 -- 172.21.15.12:0/1875937254 shutdown_connections
2024-02-18T11:31:45.697 INFO:teuthology.orchestra.run.smithi012.stdout:/usr/bin/ceph: stderr
2024-02-18T11:31:44.874+0000 7f37704de700 1 -- 172.21.15.12:0/1875937254 wait complete.
2024-02-18T11:31:45.697 INFO:teuthology.orchestra.run.smithi012.stdout:/usr/bin/ceph: stderr
2024-02-18T11:31:44.875+0000 7f37704de700 1 Processor -- start
2024-02-18T11:31:45.697 INFO:teuthology.orchestra.run.smithi012.stdout:/usr/bin/ceph: stderr
2024-02-18T11:31:44.875+0000 7f37704de700 1 -- start start
2024-02-18T11:31:45.697 INFO:teuthology.orchestra.run.smithi012.stdout:/usr/bin/ceph: stderr
2024-02-18T11:31:44.875+0000 7f37704de700 1 --2- >> [v2:172.21.15.12:3300/0,v1:172.21.15.12:6789/0] conn(0x7f3768107730 0x7f376807cb80 unknown :-1 s=NONE pgs=0 cs=0 l=1 rev1=0 crypto rx=0 tx=0 comp rx=0 tx=0).connect
2024-02-18T11:31:45.697 INFO:teuthology.orchestra.run.smithi012.stdout:/usr/bin/ceph: stderr
2024-02-18T11:31:44.875+0000 7f37704de700 1 -- --> [v2:172.21.15.12:3300/0,v1:172.21.15.12:6789/0] -- mon_getmap magic: 0 v1 -- 0x7f376807d0c0 con 0x7f3768107730
2024-02-18T11:31:45.697 INFO:teuthology.orchestra.run.smithi012.stdout:/usr/bin/ceph: stderr
2024-02-18T11:31:44.875+0000 7f376e27a700 1 --2- >> [v2:172.21.15.12:3300/0,v1:172.21.15.12:6789/0] conn(0x7f3768107730 0x7f376807cb80 unknown :-1 s=BANNER_CONNECTING pgs=0 cs=0 l=1 rev1=0 crypto rx=0 tx=0 comp rx=0 tx=0)._handle_peer_banner_payload supported=3 required=0
2024-02-18T11:31:45.697 INFO:teuthology.orchestra.run.smithi012.stdout:/usr/bin/ceph: stderr
2024-02-18T11:31:44.875+0000 7f376e27a700 1 --2- >> [v2:172.21.15.12:3300/0,v1:172.21.15.12:6789/0] conn(0x7f3768107730 0x7f376807cb80 unknown :-1 s=HELLO_CONNECTING pgs=0 cs=0 l=1 rev1=1 crypto rx=0 tx=0 comp rx=0 tx=0).handle_hello peer v2:172.21.15.12:3300/0 says I am v2:172.21.15.12:53570/0 (socket says 172.21.15.12:53570)
2024-02-18T11:31:45.697 INFO:teuthology.orchestra.run.smithi012.stdout:/usr/bin/ceph: stderr
2024-02-18T11:31:44.875+0000 7f376e27a700 1 -- 172.21.15.12:0/33829598 learned_addr learned my addr 172.21.15.12:0/33829598 (peer_addr_for_me v2:172.21.15.12:0/0)
2024-02-18T11:31:45.697 INFO:teuthology.orchestra.run.smithi012.stdout:/usr/bin/ceph: stderr
2024-02-18T11:31:44.875+0000 7f376e27a700 1 -- 172.21.15.12:0/33829598 --> [v2:172.21.15.12:3300/0,v1:172.21.15.12:6789/0] -- mon_subscribe({config=0+,monmap=0+}) v3 -- 0x7f375c009550 con 0x7f3768107730
2024-02-18T11:31:45.697 INFO:teuthology.orchestra.run.smithi012.stdout:/usr/bin/ceph: stderr
2024-02-18T11:31:44.876+0000 7f376e27a700 1 --2- 172.21.15.12:0/33829598 >> [v2:172.21.15.12:3300/0,v1:172.21.15.12:6789/0] conn(0x7f3768107730 0x7f376807cb80 secure :-1 s=READY pgs=60 cs=0 l=1 rev1=1 crypto rx=0x7f375c000c00 tx=0x7f375c011b00 comp rx=0 tx=0).ready entity=mon.0 client_cookie=0 server_cookie=0 in_seq=0 out_seq=0
2024-02-18T11:31:45.697 INFO:teuthology.orchestra.run.smithi012.stdout:/usr/bin/ceph: stderr
2024-02-18T11:31:44.876+0000 7f375b7fe700 1 -- 172.21.15.12:0/33829598 <== mon.0 v2:172.21.15.12:3300/0 1 ==== mon_map magic: 0 v1 ==== 205+0+0 (secure 0 0 0) 0x7f375c003aa0 con 0x7f3768107730
2024-02-18T11:31:45.698 INFO:teuthology.orchestra.run.smithi012.stdout:/usr/bin/ceph: stderr
2024-02-18T11:31:44.876+0000 7f37704de700 1 -- 172.21.15.12:0/33829598 --> [v2:172.21.15.12:3300/0,v1:172.21.15.12:6789/0] -- mon_subscribe({mgrmap=0+}) v3 -- 0x7f376807b2b0 con 0x7f3768107730
2024-02-18T11:31:45.698 INFO:teuthology.orchestra.run.smithi012.stdout:/usr/bin/ceph: stderr
2024-02-18T11:31:44.876+0000 7f375b7fe700 1 -- 172.21.15.12:0/33829598 <== mon.0 v2:172.21.15.12:3300/0 2 ==== config(27 keys) v1 ==== 1140+0+0 (secure 0 0 0) 0x7f375c003c00 con 0x7f3768107730
2024-02-18T11:31:45.698 INFO:teuthology.orchestra.run.smithi012.stdout:/usr/bin/ceph: stderr
2024-02-18T11:31:44.876+0000 7f375b7fe700 1 -- 172.21.15.12:0/33829598 <== mon.0 v2:172.21.15.12:3300/0 3 ==== mon_map magic: 0 v1 ==== 205+0+0 (secure 0 0 0) 0x7f375c024930 con 0x7f3768107730
2024-02-18T11:31:45.698 INFO:teuthology.orchestra.run.smithi012.stdout:/usr/bin/ceph: stderr
2024-02-18T11:31:44.876+0000 7f37704de700 1 -- 172.21.15.12:0/33829598 --> [v2:172.21.15.12:3300/0,v1:172.21.15.12:6789/0] -- mon_subscribe({osdmap=0}) v3 -- 0x7f376807b750 con 0x7f3768107730
2024-02-18T11:31:45.698 INFO:teuthology.orchestra.run.smithi012.stdout:/usr/bin/ceph: stderr
2024-02-18T11:31:44.877+0000 7f37704de700 1 -- 172.21.15.12:0/33829598 --> [v2:172.21.15.12:3300/0,v1:172.21.15.12:6789/0] -- mon_command({"prefix": "get_command_descriptions"} v 0) v1 -- 0x7f376810bb10 con 0x7f3768107730
2024-02-18T11:31:45.698 INFO:teuthology.orchestra.run.smithi012.stdout:/usr/bin/ceph: stderr
2024-02-18T11:31:44.877+0000 7f375b7fe700 1 -- 172.21.15.12:0/33829598 <== mon.0 v2:172.21.15.12:3300/0 4 ==== mgrmap(e 9) v1 ==== 46104+0+0 (secure 0 0 0) 0x7f375c02d3f0 con 0x7f3768107730
2024-02-18T11:31:45.698 INFO:teuthology.orchestra.run.smithi012.stdout:/usr/bin/ceph: stderr
2024-02-18T11:31:44.877+0000 7f375b7fe700 1 --2- 172.21.15.12:0/33829598 >> [v2:172.21.15.12:6800/4135274411,v1:172.21.15.12:6801/4135274411] conn(0x7f37540391c0 0x7f375403b680 unknown :-1 s=NONE pgs=0 cs=0 l=1 rev1=0 crypto rx=0 tx=0 comp rx=0 tx=0).connect
2024-02-18T11:31:45.698 INFO:teuthology.orchestra.run.smithi012.stdout:/usr/bin/ceph: stderr
2024-02-18T11:31:44.877+0000 7f375b7fe700 1 -- 172.21.15.12:0/33829598 <== mon.0 v2:172.21.15.12:3300/0 5 ==== osd_map(2..2 src has 1..2) v4 ==== 940+0+0 (secure 0 0 0) 0x7f375c04d3e0 con 0x7f3768107730
2024-02-18T11:31:45.698 INFO:teuthology.orchestra.run.smithi012.stdout:/usr/bin/ceph: stderr
2024-02-18T11:31:44.877+0000 7f376da79700 1 -- 172.21.15.12:0/33829598 >> [v2:172.21.15.12:6800/4135274411,v1:172.21.15.12:6801/4135274411] conn(0x7f37540391c0 msgr2=0x7f375403b680 unknown :-1 s=STATE_CONNECTING_RE l=1).process reconnect failed to v2:172.21.15.12:6800/4135274411
2024-02-18T11:31:45.698 INFO:teuthology.orchestra.run.smithi012.stdout:/usr/bin/ceph: stderr
2024-02-18T11:31:44.877+0000 7f376da79700 1 --2- 172.21.15.12:0/33829598 >> [v2:172.21.15.12:6800/4135274411,v1:172.21.15.12:6801/4135274411] conn(0x7f37540391c0 0x7f375403b680 unknown :-1 s=START_CONNECT pgs=0 cs=0 l=1 rev1=0 crypto rx=0 tx=0 comp rx=0 tx=0)._fault waiting 0.200000
2024-02-18T11:31:45.698 INFO:teuthology.orchestra.run.smithi012.stdout:/usr/bin/ceph: stderr
2024-02-18T11:31:44.882+0000 7f375b7fe700 1 -- 172.21.15.12:0/33829598 <== mon.0 v2:172.21.15.12:3300/0 6 ==== mon_command_ack([{"prefix": "get_command_descriptions"}]=0 v0) v1 ==== 72+0+183564 (secure 0 0 0) 0x7f375c010740 con 0x7f3768107730
2024-02-18T11:31:45.698 INFO:teuthology.orchestra.run.smithi012.stdout:/usr/bin/ceph: stderr
2024-02-18T11:31:45.078+0000 7f376da79700 1 -- 172.21.15.12:0/33829598 >> [v2:172.21.15.12:6800/4135274411,v1:172.21.15.12:6801/4135274411] conn(0x7f37540391c0 msgr2=0x7f375403b680 unknown :-1 s=STATE_CONNECTING_RE l=1).process reconnect failed to v2:172.21.15.12:6800/4135274411
2024-02-18T11:31:45.698 INFO:teuthology.orchestra.run.smithi012.stdout:/usr/bin/ceph: stderr
2024-02-18T11:31:45.078+0000 7f376da79700 1 --2- 172.21.15.12:0/33829598 >> [v2:172.21.15.12:6800/4135274411,v1:172.21.15.12:6801/4135274411] conn(0x7f37540391c0 0x7f375403b680 unknown :-1 s=START_CONNECT pgs=0 cs=0 l=1 rev1=0 crypto rx=0 tx=0 comp rx=0 tx=0)._fault waiting 0.400000
2024-02-18T11:31:45.698 INFO:teuthology.orchestra.run.smithi012.stdout:/usr/bin/ceph: stderr
2024-02-18T11:31:45.142+0000 7f37704de700 1 -- 172.21.15.12:0/33829598 --> [v2:172.21.15.12:3300/0,v1:172.21.15.12:6789/0] -- mon_command({"prefix": "mgr stat"} v 0) v1 -- 0x7f376807bc90 con 0x7f3768107730
2024-02-18T11:31:45.698 INFO:teuthology.orchestra.run.smithi012.stdout:/usr/bin/ceph: stderr
2024-02-18T11:31:45.142+0000 7f375b7fe700 1 -- 172.21.15.12:0/33829598 <== mon.0 v2:172.21.15.12:3300/0 7 ==== mon_command_ack([{"prefix": "mgr stat"}]=0 v9) v1 ==== 56+0+88 (secure 0 0 0) 0x7f375c010380 con 0x7f3768107730
2024-02-18T11:31:45.699 INFO:teuthology.orchestra.run.smithi012.stdout:/usr/bin/ceph: stderr
2024-02-18T11:31:45.144+0000 7f37704de700 1 -- 172.21.15.12:0/33829598 >> [v2:172.21.15.12:6800/4135274411,v1:172.21.15.12:6801/4135274411] conn(0x7f37540391c0 msgr2=0x7f375403b680 unknown :-1 s=STATE_CONNECTING l=1).mark_down
2024-02-18T11:31:45.699 INFO:teuthology.orchestra.run.smithi012.stdout:/usr/bin/ceph: stderr
2024-02-18T11:31:45.144+0000 7f37704de700 1 --2- 172.21.15.12:0/33829598 >> [v2:172.21.15.12:6800/4135274411,v1:172.21.15.12:6801/4135274411] conn(0x7f37540391c0 0x7f375403b680 unknown :-1 s=START_CONNECT pgs=0 cs=0 l=1 rev1=0 crypto rx=0 tx=0 comp rx=0 tx=0).stop
2024-02-18T11:31:45.699 INFO:teuthology.orchestra.run.smithi012.stdout:/usr/bin/ceph: stderr
2024-02-18T11:31:45.144+0000 7f37704de700 1 -- 172.21.15.12:0/33829598 >> [v2:172.21.15.12:3300/0,v1:172.21.15.12:6789/0] conn(0x7f3768107730 msgr2=0x7f376807cb80 secure :-1 s=STATE_CONNECTION_ESTABLISHED l=1).mark_down
2024-02-18T11:31:45.699 INFO:teuthology.orchestra.run.smithi012.stdout:/usr/bin/ceph: stderr
2024-02-18T11:31:45.144+0000 7f37704de700 1 --2- 172.21.15.12:0/33829598 >> [v2:172.21.15.12:3300/0,v1:172.21.15.12:6789/0] conn(0x7f3768107730 0x7f376807cb80 secure :-1 s=READY pgs=60 cs=0 l=1 rev1=1 crypto rx=0x7f375c000c00 tx=0x7f375c011b00 comp rx=0 tx=0).stop
2024-02-18T11:31:45.699 INFO:teuthology.orchestra.run.smithi012.stdout:/usr/bin/ceph: stderr
2024-02-18T11:31:45.144+0000 7f37704de700 1 -- 172.21.15.12:0/33829598 shutdown_connections
2024-02-18T11:31:45.699 INFO:teuthology.orchestra.run.smithi012.stdout:/usr/bin/ceph: stderr
2024-02-18T11:31:45.144+0000 7f37704de700 1 --2- 172.21.15.12:0/33829598 >> [v2:172.21.15.12:6800/4135274411,v1:172.21.15.12:6801/4135274411] conn(0x7f37540391c0 0x7f375403b680 unknown :-1 s=CLOSED pgs=0 cs=0 l=1 rev1=0 crypto rx=0 tx=0 comp rx=0 tx=0).stop
2024-02-18T11:31:45.699 INFO:teuthology.orchestra.run.smithi012.stdout:/usr/bin/ceph: stderr
2024-02-18T11:31:45.144+0000 7f37704de700 1 --2- 172.21.15.12:0/33829598 >> [v2:172.21.15.12:3300/0,v1:172.21.15.12:6789/0] conn(0x7f3768107730 0x7f376807cb80 unknown :-1 s=CLOSED pgs=60 cs=0 l=1 rev1=1 crypto rx=0 tx=0 comp rx=0 tx=0).stop
2024-02-18T11:31:45.699 INFO:teuthology.orchestra.run.smithi012.stdout:/usr/bin/ceph: stderr
2024-02-18T11:31:45.144+0000 7f37704de700 1 -- 172.21.15.12:0/33829598 >> 172.21.15.12:0/33829598 conn(0x7f3768102d90 msgr2=0x7f3768103880 unknown :-1 s=STATE_NONE l=0).mark_down
2024-02-18T11:31:45.699 INFO:teuthology.orchestra.run.smithi012.stdout:/usr/bin/ceph: stderr
2024-02-18T11:31:45.144+0000 7f37704de700 1 -- 172.21.15.12:0/33829598 shutdown_connections
2024-02-18T11:31:45.699 INFO:teuthology.orchestra.run.smithi012.stdout:/usr/bin/ceph: stderr
2024-02-18T11:31:45.144+0000 7f37704de700 1 -- 172.21.15.12:0/33829598 wait complete.
2024-02-18T11:31:45.699 INFO:teuthology.orchestra.run.smithi012.stdout:Waiting for the mgr to restart...
2024-02-18T11:31:45.699 INFO:teuthology.orchestra.run.smithi012.stdout:Waiting for mgr epoch 9...
2024-02-18T11:31:45.988 INFO:journalctl@ceph.mon.a.smithi012.stdout:Feb 18 11:31:45 smithi012 ceph-mon[32460]: from='client.? 172.21.15.12:0/33829598' entity='client.admin' cmd=[{"prefix": "mgr stat"}]: dispatch
2024-02-18T11:31:45.988 INFO:journalctl@ceph.mgr.x.smithi012.stdout:Feb 18 11:31:45 smithi012 ceph-0c8bb0de-ce51-11ee-95ba-87774f69a715-mgr-x[32692]:
2024-02-18T11:31:45.878+0000 7fb3e7e52200 -1 mgr[py] Module rgw has missing NOTIFY_TYPES member
2024-02-18T11:31:45.988 INFO:journalctl@ceph.mgr.x.smithi012.stdout:Feb 18 11:31:45 smithi012 ceph-0c8bb0de-ce51-11ee-95ba-87774f69a715-mgr-x[32692]:
2024-02-18T11:31:45.992+0000 7fb3e7e52200 -1 mgr[py] Module rbd_support has missing NOTIFY_TYPES member
2024-02-18T11:31:46.297 INFO:journalctl@ceph.mgr.x.smithi012.stdout:Feb 18 11:31:46 smithi012 ceph-0c8bb0de-ce51-11ee-95ba-87774f69a715-mgr-x[32692]:
2024-02-18T11:31:46.083+0000 7fb3e7e52200 -1 mgr[py] Module progress has missing NOTIFY_TYPES member
2024-02-18T11:31:46.298 INFO:journalctl@ceph.mgr.x.smithi012.stdout:Feb 18 11:31:46 smithi012 ceph-0c8bb0de-ce51-11ee-95ba-87774f69a715-mgr-x[32692]:
2024-02-18T11:31:46.181+0000 7fb3e7e52200 -1 mgr[py] Module pg_autoscaler has missing NOTIFY_TYPES member
2024-02-18T11:31:46.674 INFO:journalctl@ceph.mgr.x.smithi012.stdout:Feb 18 11:31:46 smithi012 ceph-0c8bb0de-ce51-11ee-95ba-87774f69a715-mgr-x[32692]:
2024-02-18T11:31:46.361+0000 7fb3e7e52200 -1 mgr[py] Module devicehealth has missing NOTIFY_TYPES member
2024-02-18T11:31:47.674 INFO:journalctl@ceph.mgr.x.smithi012.stdout:Feb 18 11:31:47 smithi012 ceph-0c8bb0de-ce51-11ee-95ba-87774f69a715-mgr-x[32692]:
2024-02-18T11:31:47.348+0000 7fb3e7e52200 -1 mgr[py] Module rook has missing NOTIFY_TYPES member
2024-02-18T11:31:47.674 INFO:journalctl@ceph.mgr.x.smithi012.stdout:Feb 18 11:31:47 smithi012 ceph-0c8bb0de-ce51-11ee-95ba-87774f69a715-mgr-x[32692]:
2024-02-18T11:31:47.482+0000 7fb3e7e52200 -1 mgr[py] Module diskprediction_local has missing NOTIFY_TYPES member
2024-02-18T11:31:48.117 INFO:journalctl@ceph.mgr.x.smithi012.stdout:Feb 18 11:31:47 smithi012 ceph-0c8bb0de-ce51-11ee-95ba-87774f69a715-mgr-x[32692]:
2024-02-18T11:31:47.821+0000 7fb3e7e52200 -1 mgr[py] Module selftest has missing NOTIFY_TYPES member
2024-02-18T11:31:48.117 INFO:journalctl@ceph.mgr.x.smithi012.stdout:Feb 18 11:31:47 smithi012 ceph-0c8bb0de-ce51-11ee-95ba-87774f69a715-mgr-x[32692]:
2024-02-18T11:31:47.913+0000 7fb3e7e52200 -1 mgr[py] Module telegraf has missing NOTIFY_TYPES member
2024-02-18T11:31:48.117 INFO:journalctl@ceph.mgr.x.smithi012.stdout:Feb 18 11:31:48 smithi012 ceph-0c8bb0de-ce51-11ee-95ba-87774f69a715-mgr-x[32692]:
2024-02-18T11:31:48.121+0000 7fb3e7e52200 -1 mgr[py] Module test_orchestrator has missing NOTIFY_TYPES member
2024-02-18T11:31:48.424 INFO:journalctl@ceph.mgr.x.smithi012.stdout:Feb 18 11:31:48 smithi012 ceph-0c8bb0de-ce51-11ee-95ba-87774f69a715-mgr-x[32692]:
2024-02-18T11:31:48.317+0000 7fb3e7e52200 -1 mgr[py] Module crash has missing NOTIFY_TYPES member
2024-02-18T11:31:48.891 INFO:journalctl@ceph.mgr.x.smithi012.stdout:Feb 18 11:31:48 smithi012 ceph-0c8bb0de-ce51-11ee-95ba-87774f69a715-mgr-x[32692]:
2024-02-18T11:31:48.616+0000 7fb3e7e52200 -1 mgr[py] Module orchestrator has missing NOTIFY_TYPES member
2024-02-18T11:31:48.891 INFO:journalctl@ceph.mgr.x.smithi012.stdout:Feb 18 11:31:48 smithi012 ceph-0c8bb0de-ce51-11ee-95ba-87774f69a715-mgr-x[32692]:
2024-02-18T11:31:48.895+0000 7fb3e7e52200 -1 mgr[py] Module osd_support has missing NOTIFY_TYPES member
2024-02-18T11:31:49.174 INFO:journalctl@ceph.mgr.x.smithi012.stdout:Feb 18 11:31:49 smithi012 ceph-0c8bb0de-ce51-11ee-95ba-87774f69a715-mgr-x[32692]:
2024-02-18T11:31:49.141+0000 7fb3e7e52200 -1 mgr[py] Module volumes has missing NOTIFY_TYPES member
2024-02-18T11:31:50.424 INFO:journalctl@ceph.mgr.x.smithi012.stdout:Feb 18 11:31:49 smithi012 ceph-0c8bb0de-ce51-11ee-95ba-87774f69a715-mgr-x[32692]:
2024-02-18T11:31:49.980+0000 7fb3e7e52200 -1 mgr[py] Module telemetry has missing NOTIFY_TYPES member
2024-02-18T11:31:50.919 INFO:journalctl@ceph.mgr.x.smithi012.stdout:Feb 18 11:31:50 smithi012 ceph-0c8bb0de-ce51-11ee-95ba-87774f69a715-mgr-x[32692]:
2024-02-18T11:31:50.597+0000 7fb3e7e52200 -1 mgr[py] Module prometheus has missing NOTIFY_TYPES member
2024-02-18T11:31:50.919 INFO:journalctl@ceph.mgr.x.smithi012.stdout:Feb 18 11:31:50 smithi012 ceph-0c8bb0de-ce51-11ee-95ba-87774f69a715-mgr-x[32692]:
2024-02-18T11:31:50.698+0000 7fb3e7e52200 -1 mgr[py] Module status has missing NOTIFY_TYPES member
2024-02-18T11:31:50.919 INFO:journalctl@ceph.mgr.x.smithi012.stdout:Feb 18 11:31:50 smithi012 ceph-0c8bb0de-ce51-11ee-95ba-87774f69a715-mgr-x[32692]:
2024-02-18T11:31:50.923+0000 7fb3e7e52200 -1 mgr[py] Module nfs has missing NOTIFY_TYPES member
2024-02-18T11:31:51.175 INFO:journalctl@ceph.mon.a.smithi012.stdout:Feb 18 11:31:50 smithi012 ceph-mon[32460]: Active manager daemon x restarted
2024-02-18T11:31:51.175 INFO:journalctl@ceph.mon.a.smithi012.stdout:Feb 18 11:31:50 smithi012 ceph-mon[32460]: Activating manager daemon x
2024-02-18T11:31:51.175 INFO:journalctl@ceph.mon.a.smithi012.stdout:Feb 18 11:31:50 smithi012 ceph-mon[32460]: osdmap e3: 0 total, 0 up, 0 in
2024-02-18T11:31:51.175 INFO:journalctl@ceph.mon.a.smithi012.stdout:Feb 18 11:31:50 smithi012 ceph-mon[32460]: mgrmap e10: x(active, starting, since 0.00353883s)
2024-02-18T11:31:51.175 INFO:journalctl@ceph.mon.a.smithi012.stdout:Feb 18 11:31:50 smithi012 ceph-mon[32460]: from='mgr.14152 172.21.15.12:0/4035763835' entity='mgr.x' cmd=[{"prefix": "mon metadata", "id": "a"}]: dispatch
2024-02-18T11:31:51.175 INFO:journalctl@ceph.mon.a.smithi012.stdout:Feb 18 11:31:50 smithi012 ceph-mon[32460]: from='mgr.14152 172.21.15.12:0/4035763835' entity='mgr.x' cmd=[{"prefix": "mgr metadata", "who": "x", "id": "x"}]: dispatch
2024-02-18T11:31:51.175 INFO:journalctl@ceph.mon.a.smithi012.stdout:Feb 18 11:31:50 smithi012 ceph-mon[32460]: from='mgr.14152 172.21.15.12:0/4035763835' entity='mgr.x' cmd=[{"prefix": "mds metadata"}]: dispatch
2024-02-18T11:31:51.175 INFO:journalctl@ceph.mon.a.smithi012.stdout:Feb 18 11:31:50 smithi012 ceph-mon[32460]: from='mgr.14152 172.21.15.12:0/4035763835' entity='mgr.x' cmd=[{"prefix": "osd metadata"}]: dispatch
2024-02-18T11:31:51.175 INFO:journalctl@ceph.mon.a.smithi012.stdout:Feb 18 11:31:50 smithi012 ceph-mon[32460]: from='mgr.14152 172.21.15.12:0/4035763835' entity='mgr.x' cmd=[{"prefix": "mon metadata"}]: dispatch
2024-02-18T11:31:51.175 INFO:journalctl@ceph.mon.a.smithi012.stdout:Feb 18 11:31:50 smithi012 ceph-mon[32460]: Manager daemon x is now available
2024-02-18T11:31:51.176 INFO:journalctl@ceph.mon.a.smithi012.stdout:Feb 18 11:31:50 smithi012 ceph-mon[32460]: from='mgr.14152 172.21.15.12:0/4035763835' entity='mgr.x' cmd=[{"prefix": "config dump", "format": "json"}]: dispatch
2024-02-18T11:31:51.176 INFO:journalctl@ceph.mon.a.smithi012.stdout:Feb 18 11:31:50 smithi012 ceph-mon[32460]: from='mgr.14152 172.21.15.12:0/4035763835' entity='mgr.x' cmd=[{"prefix": "config dump", "format": "json"}]: dispatch
2024-02-18T11:31:52.174 INFO:journalctl@ceph.mon.a.smithi012.stdout:Feb 18 11:31:51 smithi012 ceph-mon[32460]: from='mgr.14152 172.21.15.12:0/4035763835' entity='mgr.x' cmd=[{"prefix":"config rm","who":"mgr","name":"mgr/rbd_support/x/mirror_snapshot_schedule"}]: dispatch
2024-02-18T11:31:52.174 INFO:journalctl@ceph.mon.a.smithi012.stdout:Feb 18 11:31:51 smithi012 ceph-mon[32460]: from='mgr.14152 172.21.15.12:0/4035763835' entity='mgr.x' cmd=[{"prefix":"config rm","who":"mgr","name":"mgr/rbd_support/x/trash_purge_schedule"}]: dispatch
2024-02-18T11:31:52.174 INFO:journalctl@ceph.mon.a.smithi012.stdout:Feb 18 11:31:51 smithi012 ceph-mon[32460]: [18/Feb/2024:11:31:51] ENGINE Bus STARTING
2024-02-18T11:31:52.175 INFO:journalctl@ceph.mon.a.smithi012.stdout:Feb 18 11:31:51 smithi012 ceph-mon[32460]: [18/Feb/2024:11:31:51] ENGINE Serving on https://172.21.15.12:7150
2024-02-18T11:31:52.175 INFO:journalctl@ceph.mon.a.smithi012.stdout:Feb 18 11:31:51 smithi012 ceph-mon[32460]: [18/Feb/2024:11:31:51] ENGINE Serving on http://172.21.15.12:8765
2024-02-18T11:31:52.175 INFO:journalctl@ceph.mon.a.smithi012.stdout:Feb 18 11:31:51 smithi012 ceph-mon[32460]: [18/Feb/2024:11:31:51] ENGINE Bus STARTED
2024-02-18T11:31:52.175 INFO:journalctl@ceph.mon.a.smithi012.stdout:Feb 18 11:31:51 smithi012 ceph-mon[32460]: mgrmap e11: x(active, since 1.00603s)
2024-02-18T11:31:52.782 INFO:teuthology.orchestra.run.smithi012.stdout:/usr/bin/ceph: stdout {
2024-02-18T11:31:52.783 INFO:teuthology.orchestra.run.smithi012.stdout:/usr/bin/ceph: stdout "mgrmap_epoch": 11,
2024-02-18T11:31:52.783 INFO:teuthology.orchestra.run.smithi012.stdout:/usr/bin/ceph: stdout "initialized": true
2024-02-18T11:31:52.783 INFO:teuthology.orchestra.run.smithi012.stdout:/usr/bin/ceph: stdout }
2024-02-18T11:31:52.783 INFO:teuthology.orchestra.run.smithi012.stdout:/usr/bin/ceph: stderr
2024-02-18T11:31:46.096+0000 7f3e5301c700 1 Processor -- start
2024-02-18T11:31:52.783 INFO:teuthology.orchestra.run.smithi012.stdout:/usr/bin/ceph: stderr
2024-02-18T11:31:46.096+0000 7f3e5301c700 1 -- start start
2024-02-18T11:31:52.783 INFO:teuthology.orchestra.run.smithi012.stdout:/usr/bin/ceph: stderr
2024-02-18T11:31:46.096+0000 7f3e5301c700 1 --2- >> [v2:172.21.15.12:3300/0,v1:172.21.15.12:6789/0] conn(0x7f3e4c107b00 0x7f3e4c107f20 unknown :-1 s=NONE pgs=0 cs=0 l=0 rev1=0 crypto rx=0 tx=0 comp rx=0 tx=0).connect
2024-02-18T11:31:52.783 INFO:teuthology.orchestra.run.smithi012.stdout:/usr/bin/ceph: stderr
2024-02-18T11:31:46.096+0000 7f3e5301c700 1 -- --> [v2:172.21.15.12:3300/0,v1:172.21.15.12:6789/0] -- mon_getmap magic: 0 v1 -- 0x7f3e4c1084f0 con 0x7f3e4c107b00
2024-02-18T11:31:52.783 INFO:teuthology.orchestra.run.smithi012.stdout:/usr/bin/ceph: stderr
2024-02-18T11:31:46.096+0000 7f3e50db8700 1 --2- >> [v2:172.21.15.12:3300/0,v1:172.21.15.12:6789/0] conn(0x7f3e4c107b00 0x7f3e4c107f20 unknown :-1 s=BANNER_CONNECTING pgs=0 cs=0 l=0 rev1=0 crypto rx=0 tx=0 comp rx=0 tx=0)._handle_peer_banner_payload supported=3 required=0
2024-02-18T11:31:52.783 INFO:teuthology.orchestra.run.smithi012.stdout:/usr/bin/ceph: stderr
2024-02-18T11:31:46.096+0000 7f3e50db8700 1 --2- >> [v2:172.21.15.12:3300/0,v1:172.21.15.12:6789/0] conn(0x7f3e4c107b00 0x7f3e4c107f20 unknown :-1 s=HELLO_CONNECTING pgs=0 cs=0 l=0 rev1=1 crypto rx=0 tx=0 comp rx=0 tx=0).handle_hello peer v2:172.21.15.12:3300/0 says I am v2:172.21.15.12:53580/0 (socket says 172.21.15.12:53580)
2024-02-18T11:31:52.783 INFO:teuthology.orchestra.run.smithi012.stdout:/usr/bin/ceph: stderr
2024-02-18T11:31:46.096+0000 7f3e50db8700 1 -- 172.21.15.12:0/3466508717 learned_addr learned my addr 172.21.15.12:0/3466508717 (peer_addr_for_me v2:172.21.15.12:0/0)
2024-02-18T11:31:52.783 INFO:teuthology.orchestra.run.smithi012.stdout:/usr/bin/ceph: stderr
2024-02-18T11:31:46.096+0000 7f3e50db8700 1 -- 172.21.15.12:0/3466508717 --> [v2:172.21.15.12:3300/0,v1:172.21.15.12:6789/0] -- mon_subscribe({config=0+,monmap=0+}) v3 -- 0x7f3e4c106760 con 0x7f3e4c107b00
2024-02-18T11:31:52.783 INFO:teuthology.orchestra.run.smithi012.stdout:/usr/bin/ceph: stderr
2024-02-18T11:31:46.097+0000 7f3e50db8700 1 --2- 172.21.15.12:0/3466508717 >> [v2:172.21.15.12:3300/0,v1:172.21.15.12:6789/0] conn(0x7f3e4c107b00 0x7f3e4c107f20 secure :-1 s=READY pgs=61 cs=0 l=1 rev1=1 crypto rx=0x7f3e400098a0 tx=0x7f3e40009bb0 comp rx=0 tx=0).ready entity=mon.0 client_cookie=c675b7891af584a9 server_cookie=0 in_seq=0 out_seq=0
2024-02-18T11:31:52.783 INFO:teuthology.orchestra.run.smithi012.stdout:/usr/bin/ceph: stderr
2024-02-18T11:31:46.097+0000 7f3e4b7fe700 1 -- 172.21.15.12:0/3466508717 <== mon.0 v2:172.21.15.12:3300/0 1 ==== mon_map magic: 0 v1 ==== 205+0+0 (secure 0 0 0) 0x7f3e40004160 con 0x7f3e4c107b00
2024-02-18T11:31:52.784 INFO:teuthology.orchestra.run.smithi012.stdout:/usr/bin/ceph: stderr
2024-02-18T11:31:46.097+0000 7f3e4b7fe700 1 -- 172.21.15.12:0/3466508717 <== mon.0 v2:172.21.15.12:3300/0 2 ==== config(27 keys) v1 ==== 1140+0+0 (secure 0 0 0) 0x7f3e400042c0 con 0x7f3e4c107b00
2024-02-18T11:31:52.784 INFO:teuthology.orchestra.run.smithi012.stdout:/usr/bin/ceph: stderr
2024-02-18T11:31:46.097+0000 7f3e4b7fe700 1 -- 172.21.15.12:0/3466508717 <== mon.0 v2:172.21.15.12:3300/0 3 ==== mon_map magic: 0 v1 ==== 205+0+0 (secure 0 0 0) 0x7f3e40011a80 con 0x7f3e4c107b00
2024-02-18T11:31:52.784 INFO:teuthology.orchestra.run.smithi012.stdout:/usr/bin/ceph: stderr
2024-02-18T11:31:46.097+0000 7f3e5301c700 1 -- 172.21.15.12:0/3466508717 >> [v2:172.21.15.12:3300/0,v1:172.21.15.12:6789/0] conn(0x7f3e4c107b00 msgr2=0x7f3e4c107f20 secure :-1 s=STATE_CONNECTION_ESTABLISHED l=1).mark_down
2024-02-18T11:31:52.784 INFO:teuthology.orchestra.run.smithi012.stdout:/usr/bin/ceph: stderr
2024-02-18T11:31:46.097+0000 7f3e5301c700 1 --2- 172.21.15.12:0/3466508717 >> [v2:172.21.15.12:3300/0,v1:172.21.15.12:6789/0] conn(0x7f3e4c107b00 0x7f3e4c107f20 secure :-1 s=READY pgs=61 cs=0 l=1 rev1=1 crypto rx=0x7f3e400098a0 tx=0x7f3e40009bb0 comp rx=0 tx=0).stop
2024-02-18T11:31:52.784 INFO:teuthology.orchestra.run.smithi012.stdout:/usr/bin/ceph: stderr
2024-02-18T11:31:46.098+0000 7f3e5301c700 1 -- 172.21.15.12:0/3466508717 shutdown_connections
2024-02-18T11:31:52.784 INFO:teuthology.orchestra.run.smithi012.stdout:/usr/bin/ceph: stderr
2024-02-18T11:31:46.098+0000 7f3e5301c700 1 --2- 172.21.15.12:0/3466508717 >> [v2:172.21.15.12:3300/0,v1:172.21.15.12:6789/0] conn(0x7f3e4c107b00 0x7f3e4c107f20 unknown :-1 s=CLOSED pgs=61 cs=0 l=1 rev1=1 crypto rx=0 tx=0 comp rx=0 tx=0).stop
2024-02-18T11:31:52.784 INFO:teuthology.orchestra.run.smithi012.stdout:/usr/bin/ceph: stderr
2024-02-18T11:31:46.098+0000 7f3e5301c700 1 -- 172.21.15.12:0/3466508717 >> 172.21.15.12:0/3466508717 conn(0x7f3e4c101330 msgr2=0x7f3e4c103750 unknown :-1 s=STATE_NONE l=0).mark_down
2024-02-18T11:31:52.784 INFO:teuthology.orchestra.run.smithi012.stdout:/usr/bin/ceph: stderr
2024-02-18T11:31:46.098+0000 7f3e5301c700 1 -- 172.21.15.12:0/3466508717 shutdown_connections
2024-02-18T11:31:52.784 INFO:teuthology.orchestra.run.smithi012.stdout:/usr/bin/ceph: stderr
2024-02-18T11:31:46.098+0000 7f3e5301c700 1 -- 172.21.15.12:0/3466508717 wait complete.
2024-02-18T11:31:52.784 INFO:teuthology.orchestra.run.smithi012.stdout:/usr/bin/ceph: stderr
2024-02-18T11:31:46.098+0000 7f3e5301c700 1 Processor -- start
2024-02-18T11:31:52.784 INFO:teuthology.orchestra.run.smithi012.stdout:/usr/bin/ceph: stderr
2024-02-18T11:31:46.098+0000 7f3e5301c700 1 -- start start
2024-02-18T11:31:52.784 INFO:teuthology.orchestra.run.smithi012.stdout:/usr/bin/ceph: stderr
2024-02-18T11:31:46.098+0000 7f3e5301c700 1 --2- >> [v2:172.21.15.12:3300/0,v1:172.21.15.12:6789/0] conn(0x7f3e4c107b00 0x7f3e4c19b3c0 unknown :-1 s=NONE pgs=0 cs=0 l=1 rev1=0 crypto rx=0 tx=0 comp rx=0 tx=0).connect
2024-02-18T11:31:52.784 INFO:teuthology.orchestra.run.smithi012.stdout:/usr/bin/ceph: stderr
2024-02-18T11:31:46.098+0000 7f3e5301c700 1 -- --> [v2:172.21.15.12:3300/0,v1:172.21.15.12:6789/0] -- mon_getmap magic: 0 v1 -- 0x7f3e4c19b900 con 0x7f3e4c107b00
2024-02-18T11:31:52.785 INFO:teuthology.orchestra.run.smithi012.stdout:/usr/bin/ceph: stderr
2024-02-18T11:31:46.099+0000 7f3e50db8700 1 --2- >> [v2:172.21.15.12:3300/0,v1:172.21.15.12:6789/0] conn(0x7f3e4c107b00 0x7f3e4c19b3c0 unknown :-1 s=BANNER_CONNECTING pgs=0 cs=0 l=1 rev1=0 crypto rx=0 tx=0 comp rx=0 tx=0)._handle_peer_banner_payload supported=3 required=0
2024-02-18T11:31:52.785 INFO:teuthology.orchestra.run.smithi012.stdout:/usr/bin/ceph: stderr
2024-02-18T11:31:46.099+0000 7f3e50db8700 1 --2- >> [v2:172.21.15.12:3300/0,v1:172.21.15.12:6789/0] conn(0x7f3e4c107b00 0x7f3e4c19b3c0 unknown :-1 s=HELLO_CONNECTING pgs=0 cs=0 l=1 rev1=1 crypto rx=0 tx=0 comp rx=0 tx=0).handle_hello peer v2:172.21.15.12:3300/0 says I am v2:172.21.15.12:53586/0 (socket says 172.21.15.12:53586)
2024-02-18T11:31:52.785 INFO:teuthology.orchestra.run.smithi012.stdout:/usr/bin/ceph: stderr
2024-02-18T11:31:46.099+0000 7f3e50db8700 1 -- 172.21.15.12:0/954820696 learned_addr learned my addr 172.21.15.12:0/954820696 (peer_addr_for_me v2:172.21.15.12:0/0)
2024-02-18T11:31:52.785 INFO:teuthology.orchestra.run.smithi012.stdout:/usr/bin/ceph: stderr
2024-02-18T11:31:46.099+0000 7f3e50db8700 1 -- 172.21.15.12:0/954820696 --> [v2:172.21.15.12:3300/0,v1:172.21.15.12:6789/0] -- mon_subscribe({config=0+,monmap=0+}) v3 -- 0x7f3e40009550 con 0x7f3e4c107b00
2024-02-18T11:31:52.785 INFO:teuthology.orchestra.run.smithi012.stdout:/usr/bin/ceph: stderr
2024-02-18T11:31:46.099+0000 7f3e50db8700 1 --2- 172.21.15.12:0/954820696 >> [v2:172.21.15.12:3300/0,v1:172.21.15.12:6789/0] conn(0x7f3e4c107b00 0x7f3e4c19b3c0 secure :-1 s=READY pgs=62 cs=0 l=1 rev1=1 crypto rx=0x7f3e40011740 tx=0x7f3e40011a50 comp rx=0 tx=0).ready entity=mon.0 client_cookie=0 server_cookie=0 in_seq=0 out_seq=0
2024-02-18T11:31:52.785 INFO:teuthology.orchestra.run.smithi012.stdout:/usr/bin/ceph: stderr
2024-02-18T11:31:46.099+0000 7f3e49ffb700 1 -- 172.21.15.12:0/954820696 <== mon.0 v2:172.21.15.12:3300/0 1 ==== mon_map magic: 0 v1 ==== 205+0+0 (secure 0 0 0) 0x7f3e40003b20 con 0x7f3e4c107b00
2024-02-18T11:31:52.785 INFO:teuthology.orchestra.run.smithi012.stdout:/usr/bin/ceph: stderr
2024-02-18T11:31:46.099+0000 7f3e49ffb700 1 -- 172.21.15.12:0/954820696 <== mon.0 v2:172.21.15.12:3300/0 2 ==== config(27 keys) v1 ==== 1140+0+0 (secure 0 0 0) 0x7f3e4001a910 con 0x7f3e4c107b00
2024-02-18T11:31:52.785 INFO:teuthology.orchestra.run.smithi012.stdout:/usr/bin/ceph: stderr
2024-02-18T11:31:46.099+0000 7f3e5301c700 1 -- 172.21.15.12:0/954820696 --> [v2:172.21.15.12:3300/0,v1:172.21.15.12:6789/0] -- mon_subscribe({mgrmap=0+}) v3 -- 0x7f3e4c19bb00 con 0x7f3e4c107b00
2024-02-18T11:31:52.785 INFO:teuthology.orchestra.run.smithi012.stdout:/usr/bin/ceph: stderr
2024-02-18T11:31:46.099+0000 7f3e49ffb700 1 -- 172.21.15.12:0/954820696 <== mon.0 v2:172.21.15.12:3300/0 3 ==== mon_map magic: 0 v1 ==== 205+0+0 (secure 0 0 0) 0x7f3e40024900 con 0x7f3e4c107b00
2024-02-18T11:31:52.785 INFO:teuthology.orchestra.run.smithi012.stdout:/usr/bin/ceph: stderr
2024-02-18T11:31:46.099+0000 7f3e5301c700 1 -- 172.21.15.12:0/954820696 --> [v2:172.21.15.12:3300/0,v1:172.21.15.12:6789/0] -- mon_subscribe({osdmap=0}) v3 -- 0x7f3e4c19bfa0 con 0x7f3e4c107b00
2024-02-18T11:31:52.785 INFO:teuthology.orchestra.run.smithi012.stdout:/usr/bin/ceph: stderr
2024-02-18T11:31:46.100+0000 7f3e49ffb700 1 -- 172.21.15.12:0/954820696 <== mon.0 v2:172.21.15.12:3300/0 4 ==== mgrmap(e 9) v1 ==== 46104+0+0 (secure 0 0 0) 0x7f3e40024a60 con 0x7f3e4c107b00
2024-02-18T11:31:52.785 INFO:teuthology.orchestra.run.smithi012.stdout:/usr/bin/ceph: stderr
2024-02-18T11:31:46.100+0000 7f3e49ffb700 1 --2- 172.21.15.12:0/954820696 >> [v2:172.21.15.12:6800/4135274411,v1:172.21.15.12:6801/4135274411] conn(0x7f3e3c039170 0x7f3e3c03b630 unknown :-1 s=NONE pgs=0 cs=0 l=1 rev1=0 crypto rx=0 tx=0 comp rx=0 tx=0).connect
2024-02-18T11:31:52.785 INFO:teuthology.orchestra.run.smithi012.stdout:/usr/bin/ceph: stderr
2024-02-18T11:31:46.100+0000 7f3e377fe700 1 -- 172.21.15.12:0/954820696 --> [v2:172.21.15.12:6800/4135274411,v1:172.21.15.12:6801/4135274411] -- command(tid 0: {"prefix": "get_command_descriptions"}) v1 -- 0x7f3e4c10a9a0 con 0x7f3e3c039170
2024-02-18T11:31:52.785 INFO:teuthology.orchestra.run.smithi012.stdout:/usr/bin/ceph: stderr
2024-02-18T11:31:46.100+0000 7f3e49ffb700 1 -- 172.21.15.12:0/954820696 <== mon.0 v2:172.21.15.12:3300/0 5 ==== osd_map(2..2 src has 1..2) v4 ==== 940+0+0 (secure 0 0 0) 0x7f3e4004e650 con 0x7f3e4c107b00
2024-02-18T11:31:52.786 INFO:teuthology.orchestra.run.smithi012.stdout:/usr/bin/ceph: stderr
2024-02-18T11:31:46.100+0000 7f3e4bfff700 1 -- 172.21.15.12:0/954820696 >> [v2:172.21.15.12:6800/4135274411,v1:172.21.15.12:6801/4135274411] conn(0x7f3e3c039170 msgr2=0x7f3e3c03b630 unknown :-1 s=STATE_CONNECTING_RE l=1).process reconnect failed to v2:172.21.15.12:6800/4135274411
2024-02-18T11:31:52.786 INFO:teuthology.orchestra.run.smithi012.stdout:/usr/bin/ceph: stderr
2024-02-18T11:31:46.100+0000 7f3e4bfff700 1 --2- 172.21.15.12:0/954820696 >> [v2:172.21.15.12:6800/4135274411,v1:172.21.15.12:6801/4135274411] conn(0x7f3e3c039170 0x7f3e3c03b630 unknown :-1 s=START_CONNECT pgs=0 cs=0 l=1 rev1=0 crypto rx=0 tx=0 comp rx=0 tx=0)._fault waiting 0.200000
2024-02-18T11:31:52.786 INFO:teuthology.orchestra.run.smithi012.stdout:/usr/bin/ceph: stderr
2024-02-18T11:31:46.302+0000 7f3e4bfff700 1 -- 172.21.15.12:0/954820696 >> [v2:172.21.15.12:6800/4135274411,v1:172.21.15.12:6801/4135274411] conn(0x7f3e3c039170 msgr2=0x7f3e3c03b630 unknown :-1 s=STATE_CONNECTING_RE l=1).process reconnect failed to v2:172.21.15.12:6800/4135274411
2024-02-18T11:31:52.786 INFO:teuthology.orchestra.run.smithi012.stdout:/usr/bin/ceph: stderr
2024-02-18T11:31:46.302+0000 7f3e4bfff700 1 --2- 172.21.15.12:0/954820696 >> [v2:172.21.15.12:6800/4135274411,v1:172.21.15.12:6801/4135274411] conn(0x7f3e3c039170 0x7f3e3c03b630 unknown :-1 s=START_CONNECT pgs=0 cs=0 l=1 rev1=0 crypto rx=0 tx=0 comp rx=0 tx=0)._fault waiting 0.400000
2024-02-18T11:31:52.786 INFO:teuthology.orchestra.run.smithi012.stdout:/usr/bin/ceph: stderr
2024-02-18T11:31:46.703+0000 7f3e4bfff700 1 -- 172.21.15.12:0/954820696 >> [v2:172.21.15.12:6800/4135274411,v1:172.21.15.12:6801/4135274411] conn(0x7f3e3c039170 msgr2=0x7f3e3c03b630 unknown :-1 s=STATE_CONNECTING_RE l=1).process reconnect failed to v2:172.21.15.12:6800/4135274411
2024-02-18T11:31:52.786 INFO:teuthology.orchestra.run.smithi012.stdout:/usr/bin/ceph: stderr
2024-02-18T11:31:46.703+0000 7f3e4bfff700 1 --2- 172.21.15.12:0/954820696 >> [v2:172.21.15.12:6800/4135274411,v1:172.21.15.12:6801/4135274411] conn(0x7f3e3c039170 0x7f3e3c03b630 unknown :-1 s=START_CONNECT pgs=0 cs=0 l=1 rev1=0 crypto rx=0 tx=0 comp rx=0 tx=0)._fault waiting 0.800000
2024-02-18T11:31:52.786 INFO:teuthology.orchestra.run.smithi012.stdout:/usr/bin/ceph: stderr
2024-02-18T11:31:47.504+0000 7f3e4bfff700 1 -- 172.21.15.12:0/954820696 >> [v2:172.21.15.12:6800/4135274411,v1:172.21.15.12:6801/4135274411] conn(0x7f3e3c039170 msgr2=0x7f3e3c03b630 unknown :-1 s=STATE_CONNECTING_RE l=1).process reconnect failed to v2:172.21.15.12:6800/4135274411
2024-02-18T11:31:52.786 INFO:teuthology.orchestra.run.smithi012.stdout:/usr/bin/ceph: stderr
2024-02-18T11:31:47.504+0000 7f3e4bfff700 1 --2- 172.21.15.12:0/954820696 >> [v2:172.21.15.12:6800/4135274411,v1:172.21.15.12:6801/4135274411] conn(0x7f3e3c039170 0x7f3e3c03b630 unknown :-1 s=START_CONNECT pgs=0 cs=0 l=1 rev1=0 crypto rx=0 tx=0 comp rx=0 tx=0)._fault waiting 1.600000
2024-02-18T11:31:52.786 INFO:teuthology.orchestra.run.smithi012.stdout:/usr/bin/ceph: stderr
2024-02-18T11:31:49.105+0000 7f3e4bfff700 1 -- 172.21.15.12:0/954820696 >> [v2:172.21.15.12:6800/4135274411,v1:172.21.15.12:6801/4135274411] conn(0x7f3e3c039170 msgr2=0x7f3e3c03b630 unknown :-1 s=STATE_CONNECTING_RE l=1).process reconnect failed to v2:172.21.15.12:6800/4135274411
2024-02-18T11:31:52.786 INFO:teuthology.orchestra.run.smithi012.stdout:/usr/bin/ceph: stderr
2024-02-18T11:31:49.105+0000 7f3e4bfff700 1 --2- 172.21.15.12:0/954820696 >> [v2:172.21.15.12:6800/4135274411,v1:172.21.15.12:6801/4135274411] conn(0x7f3e3c039170 0x7f3e3c03b630 unknown :-1 s=START_CONNECT pgs=0 cs=0 l=1 rev1=0 crypto rx=0 tx=0 comp rx=0 tx=0)._fault waiting 3.200000
2024-02-18T11:31:52.786 INFO:teuthology.orchestra.run.smithi012.stdout:/usr/bin/ceph: stderr
2024-02-18T11:31:50.938+0000 7f3e49ffb700 1 -- 172.21.15.12:0/954820696 <== mon.0 v2:172.21.15.12:3300/0 6 ==== mgrmap(e 10) v1 ==== 45871+0+0 (secure 0 0 0) 0x7f3e4002dc90 con 0x7f3e4c107b00
2024-02-18T11:31:52.786 INFO:teuthology.orchestra.run.smithi012.stdout:/usr/bin/ceph: stderr
2024-02-18T11:31:50.938+0000 7f3e49ffb700 1 -- 172.21.15.12:0/954820696 >> [v2:172.21.15.12:6800/4135274411,v1:172.21.15.12:6801/4135274411] conn(0x7f3e3c039170 msgr2=0x7f3e3c03b630 unknown :-1 s=STATE_CONNECTING l=1).mark_down
2024-02-18T11:31:52.786 INFO:teuthology.orchestra.run.smithi012.stdout:/usr/bin/ceph: stderr
2024-02-18T11:31:50.938+0000 7f3e49ffb700 1 --2- 172.21.15.12:0/954820696 >> [v2:172.21.15.12:6800/4135274411,v1:172.21.15.12:6801/4135274411] conn(0x7f3e3c039170 0x7f3e3c03b630 unknown :-1 s=START_CONNECT pgs=0 cs=0 l=1 rev1=0 crypto rx=0 tx=0 comp rx=0 tx=0).stop
2024-02-18T11:31:52.786 INFO:teuthology.orchestra.run.smithi012.stdout:/usr/bin/ceph: stderr
2024-02-18T11:31:51.939+0000 7f3e49ffb700 1 -- 172.21.15.12:0/954820696 <== mon.0 v2:172.21.15.12:3300/0 7 ==== mgrmap(e 11) v1 ==== 45998+0+0 (secure 0 0 0) 0x7f3e4004f240 con 0x7f3e4c107b00
2024-02-18T11:31:52.786 INFO:teuthology.orchestra.run.smithi012.stdout:/usr/bin/ceph: stderr
2024-02-18T11:31:51.940+0000 7f3e49ffb700 1 --2- 172.21.15.12:0/954820696 >> [v2:172.21.15.12:6800/1153736685,v1:172.21.15.12:6801/1153736685] conn(0x7f3e3c03ca70 0x7f3e3c03ee60 unknown :-1 s=NONE pgs=0 cs=0 l=1 rev1=0 crypto rx=0 tx=0 comp rx=0 tx=0).connect
2024-02-18T11:31:52.787 INFO:teuthology.orchestra.run.smithi012.stdout:/usr/bin/ceph: stderr
2024-02-18T11:31:51.940+0000 7f3e49ffb700 1 -- 172.21.15.12:0/954820696 --> [v2:172.21.15.12:6800/1153736685,v1:172.21.15.12:6801/1153736685] -- command(tid 0: {"prefix": "get_command_descriptions"}) v1 -- 0x7f3e4c10a9a0 con 0x7f3e3c03ca70
2024-02-18T11:31:52.787 INFO:teuthology.orchestra.run.smithi012.stdout:/usr/bin/ceph: stderr
2024-02-18T11:31:51.940+0000 7f3e4bfff700 1 --2- 172.21.15.12:0/954820696 >> [v2:172.21.15.12:6800/1153736685,v1:172.21.15.12:6801/1153736685] conn(0x7f3e3c03ca70 0x7f3e3c03ee60 unknown :-1 s=BANNER_CONNECTING pgs=0 cs=0 l=1 rev1=0 crypto rx=0 tx=0 comp rx=0 tx=0)._handle_peer_banner_payload supported=3 required=0
2024-02-18T11:31:52.787 INFO:teuthology.orchestra.run.smithi012.stdout:/usr/bin/ceph: stderr
2024-02-18T11:31:51.941+0000 7f3e4bfff700 1 --2- 172.21.15.12:0/954820696 >> [v2:172.21.15.12:6800/1153736685,v1:172.21.15.12:6801/1153736685] conn(0x7f3e3c03ca70 0x7f3e3c03ee60 secure :-1 s=READY pgs=1 cs=0 l=1 rev1=1 crypto rx=0x7f3e38003a10 tx=0x7f3e38009270 comp rx=0 tx=0).ready entity=mgr.14152 client_cookie=0 server_cookie=0 in_seq=0 out_seq=0
2024-02-18T11:31:52.787 INFO:teuthology.orchestra.run.smithi012.stdout:/usr/bin/ceph: stderr
2024-02-18T11:31:51.941+0000 7f3e49ffb700 1 -- 172.21.15.12:0/954820696 <== mgr.14152 v2:172.21.15.12:6800/1153736685 1 ==== command_reply(tid 0: 0 ) v1 ==== 8+0+7774 (secure 0 0 0) 0x7f3e4c10a9a0 con 0x7f3e3c03ca70
2024-02-18T11:31:52.787 INFO:teuthology.orchestra.run.smithi012.stdout:/usr/bin/ceph: stderr
2024-02-18T11:31:51.948+0000 7f3e377fe700 1 -- 172.21.15.12:0/954820696 --> [v2:172.21.15.12:6800/1153736685,v1:172.21.15.12:6801/1153736685] -- command(tid 1: {"prefix": "mgr_status"}) v1 -- 0x7f3e4c10ab10 con 0x7f3e3c03ca70
2024-02-18T11:31:52.787 INFO:teuthology.orchestra.run.smithi012.stdout:/usr/bin/ceph: stderr
2024-02-18T11:31:51.948+0000 7f3e49ffb700 1 -- 172.21.15.12:0/954820696 <== mgr.14152 v2:172.21.15.12:6800/1153736685 2 ==== command_reply(tid 1: 0 ) v1 ==== 8+0+52 (secure 0 0 0) 0x7f3e4c10ab10 con 0x7f3e3c03ca70
2024-02-18T11:31:52.787 INFO:teuthology.orchestra.run.smithi012.stdout:/usr/bin/ceph: stderr
2024-02-18T11:31:51.949+0000 7f3e377fe700 1 -- 172.21.15.12:0/954820696 >> [v2:172.21.15.12:6800/1153736685,v1:172.21.15.12:6801/1153736685] conn(0x7f3e3c03ca70 msgr2=0x7f3e3c03ee60 secure :-1 s=STATE_CONNECTION_ESTABLISHED l=1).mark_down
2024-02-18T11:31:52.787 INFO:teuthology.orchestra.run.smithi012.stdout:/usr/bin/ceph: stderr
2024-02-18T11:31:51.949+0000 7f3e377fe700 1 --2- 172.21.15.12:0/954820696 >> [v2:172.21.15.12:6800/1153736685,v1:172.21.15.12:6801/1153736685] conn(0x7f3e3c03ca70 0x7f3e3c03ee60 secure :-1 s=READY pgs=1 cs=0 l=1 rev1=1 crypto rx=0x7f3e38003a10 tx=0x7f3e38009270 comp rx=0 tx=0).stop
2024-02-18T11:31:52.787 INFO:teuthology.orchestra.run.smithi012.stdout:/usr/bin/ceph: stderr
2024-02-18T11:31:51.949+0000 7f3e377fe700 1 -- 172.21.15.12:0/954820696 >> [v2:172.21.15.12:3300/0,v1:172.21.15.12:6789/0] conn(0x7f3e4c107b00 msgr2=0x7f3e4c19b3c0 secure :-1 s=STATE_CONNECTION_ESTABLISHED l=1).mark_down
2024-02-18T11:31:52.787 INFO:teuthology.orchestra.run.smithi012.stdout:/usr/bin/ceph: stderr
2024-02-18T11:31:51.949+0000 7f3e377fe700 1 --2- 172.21.15.12:0/954820696 >> [v2:172.21.15.12:3300/0,v1:172.21.15.12:6789/0] conn(0x7f3e4c107b00 0x7f3e4c19b3c0 secure :-1 s=READY pgs=62 cs=0 l=1 rev1=1 crypto rx=0x7f3e40011740 tx=0x7f3e40011a50 comp rx=0 tx=0).stop
2024-02-18T11:31:52.787 INFO:teuthology.orchestra.run.smithi012.stdout:/usr/bin/ceph: stderr
2024-02-18T11:31:51.949+0000 7f3e377fe700 1 -- 172.21.15.12:0/954820696 shutdown_connections
2024-02-18T11:31:52.788 INFO:teuthology.orchestra.run.smithi012.stdout:/usr/bin/ceph: stderr
2024-02-18T11:31:51.949+0000 7f3e377fe700 1 --2- 172.21.15.12:0/954820696 >> [v2:172.21.15.12:6800/1153736685,v1:172.21.15.12:6801/1153736685] conn(0x7f3e3c03ca70 0x7f3e3c03ee60 unknown :-1 s=CLOSED pgs=1 cs=0 l=1 rev1=1 crypto rx=0 tx=0 comp rx=0 tx=0).stop
2024-02-18T11:31:52.788 INFO:teuthology.orchestra.run.smithi012.stdout:/usr/bin/ceph: stderr
2024-02-18T11:31:51.949+0000 7f3e377fe700 1 --2- 172.21.15.12:0/954820696 >> [v2:172.21.15.12:3300/0,v1:172.21.15.12:6789/0] conn(0x7f3e4c107b00 0x7f3e4c19b3c0 unknown :-1 s=CLOSED pgs=62 cs=0 l=1 rev1=1 crypto rx=0 tx=0 comp rx=0 tx=0).stop
2024-02-18T11:31:52.788 INFO:teuthology.orchestra.run.smithi012.stdout:/usr/bin/ceph: stderr
2024-02-18T11:31:51.949+0000 7f3e377fe700 1 --2- 172.21.15.12:0/954820696 >> [v2:172.21.15.12:6800/4135274411,v1:172.21.15.12:6801/4135274411] conn(0x7f3e3c039170 0x7f3e3c03b630 unknown :-1 s=CLOSED pgs=0 cs=0 l=1 rev1=0 crypto rx=0 tx=0 comp rx=0 tx=0).stop
2024-02-18T11:31:52.788 INFO:teuthology.orchestra.run.smithi012.stdout:/usr/bin/ceph: stderr
2024-02-18T11:31:51.949+0000 7f3e377fe700 1 -- 172.21.15.12:0/954820696 >> 172.21.15.12:0/954820696 conn(0x7f3e4c101330 msgr2=0x7f3e4c102130 unknown :-1 s=STATE_NONE l=0).mark_down
2024-02-18T11:31:52.788 INFO:teuthology.orchestra.run.smithi012.stdout:/usr/bin/ceph: stderr
2024-02-18T11:31:51.949+0000 7f3e377fe700 1 -- 172.21.15.12:0/954820696 shutdown_connections
2024-02-18T11:31:52.788 INFO:teuthology.orchestra.run.smithi012.stdout:/usr/bin/ceph: stderr
2024-02-18T11:31:51.949+0000 7f3e377fe700 1 -- 172.21.15.12:0/954820696 wait complete.
2024-02-18T11:31:52.788 INFO:teuthology.orchestra.run.smithi012.stdout:mgr epoch 9 is available
2024-02-18T11:31:52.788 INFO:teuthology.orchestra.run.smithi012.stdout:Generating a dashboard self-signed certificate...
2024-02-18T11:31:53.174 INFO:journalctl@ceph.mon.a.smithi012.stdout:Feb 18 11:31:52 smithi012 ceph-mon[32460]: from='client.14156 -' entity='client.admin' cmd=[{"prefix": "get_command_descriptions"}]: dispatch
2024-02-18T11:31:53.174 INFO:journalctl@ceph.mon.a.smithi012.stdout:Feb 18 11:31:52 smithi012 ceph-mon[32460]: from='client.14156 -' entity='client.admin' cmd=[{"prefix": "mgr_status"}]: dispatch
2024-02-18T11:31:54.111 INFO:teuthology.orchestra.run.smithi012.stdout:/usr/bin/ceph: stdout Self-signed certificate created
2024-02-18T11:31:54.112 INFO:teuthology.orchestra.run.smithi012.stdout:/usr/bin/ceph: stderr
2024-02-18T11:31:53.222+0000 7f9c7d3e2700 1 Processor -- start
