2024-02-18T11:31:27.335 INFO:journalctl@ceph.mon.a.smithi012.stdout:Feb 18 11:31:27 smithi012 ceph-mon[32460]: from='mgr.14120 172.21.15.12:0/2151529525' entity='mgr.x' cmd=[{"prefix": "config dump", "format": "json"}]: dispatch
2024-02-18T11:31:27.845 INFO:teuthology.orchestra.run.smithi012.stdout:/usr/bin/ceph: stdout value unchanged
2024-02-18T11:31:27.845 INFO:teuthology.orchestra.run.smithi012.stdout:/usr/bin/ceph: stderr
2024-02-18T11:31:27.126+0000 7f94dbcb3700 1 Processor -- start
2024-02-18T11:31:27.846 INFO:teuthology.orchestra.run.smithi012.stdout:/usr/bin/ceph: stderr
2024-02-18T11:31:27.126+0000 7f94dbcb3700 1 -- start start
2024-02-18T11:31:27.846 INFO:teuthology.orchestra.run.smithi012.stdout:/usr/bin/ceph: stderr
2024-02-18T11:31:27.126+0000 7f94dbcb3700 1 --2- >> [v2:172.21.15.12:3300/0,v1:172.21.15.12:6789/0] conn(0x7f94d41076d0 0x7f94d4107af0 unknown :-1 s=NONE pgs=0 cs=0 l=0 rev1=0 crypto rx=0 tx=0 comp rx=0 tx=0).connect
2024-02-18T11:31:27.846 INFO:teuthology.orchestra.run.smithi012.stdout:/usr/bin/ceph: stderr
2024-02-18T11:31:27.126+0000 7f94dbcb3700 1 -- --> [v2:172.21.15.12:3300/0,v1:172.21.15.12:6789/0] -- mon_getmap magic: 0 v1 -- 0x7f94d41080c0 con 0x7f94d41076d0
2024-02-18T11:31:27.846 INFO:teuthology.orchestra.run.smithi012.stdout:/usr/bin/ceph: stderr
2024-02-18T11:31:27.126+0000 7f94d9a4f700 1 --2- >> [v2:172.21.15.12:3300/0,v1:172.21.15.12:6789/0] conn(0x7f94d41076d0 0x7f94d4107af0 unknown :-1 s=BANNER_CONNECTING pgs=0 cs=0 l=0 rev1=0 crypto rx=0 tx=0 comp rx=0 tx=0)._handle_peer_banner_payload supported=3 required=0
2024-02-18T11:31:27.846 INFO:teuthology.orchestra.run.smithi012.stdout:/usr/bin/ceph: stderr
2024-02-18T11:31:27.126+0000 7f94d9a4f700 1 --2- >> [v2:172.21.15.12:3300/0,v1:172.21.15.12:6789/0] conn(0x7f94d41076d0 0x7f94d4107af0 unknown :-1 s=HELLO_CONNECTING pgs=0 cs=0 l=0 rev1=1 crypto rx=0 tx=0 comp rx=0 tx=0).handle_hello peer v2:172.21.15.12:3300/0 says I am v2:172.21.15.12:51492/0 (socket says 172.21.15.12:51492)
2024-02-18T11:31:27.846 INFO:teuthology.orchestra.run.smithi012.stdout:/usr/bin/ceph: stderr
2024-02-18T11:31:27.126+0000 7f94d9a4f700 1 -- 172.21.15.12:0/1479411312 learned_addr learned my addr 172.21.15.12:0/1479411312 (peer_addr_for_me v2:172.21.15.12:0/0)
2024-02-18T11:31:27.846 INFO:teuthology.orchestra.run.smithi012.stdout:/usr/bin/ceph: stderr
2024-02-18T11:31:27.127+0000 7f94d9a4f700 1 -- 172.21.15.12:0/1479411312 --> [v2:172.21.15.12:3300/0,v1:172.21.15.12:6789/0] -- mon_subscribe({config=0+,monmap=0+}) v3 -- 0x7f94d4108880 con 0x7f94d41076d0
2024-02-18T11:31:27.846 INFO:teuthology.orchestra.run.smithi012.stdout:/usr/bin/ceph: stderr
2024-02-18T11:31:27.127+0000 7f94d9a4f700 1 --2- 172.21.15.12:0/1479411312 >> [v2:172.21.15.12:3300/0,v1:172.21.15.12:6789/0] conn(0x7f94d41076d0 0x7f94d4107af0 secure :-1 s=READY pgs=39 cs=0 l=1 rev1=1 crypto rx=0x7f94d00098a0 tx=0x7f94d0009bb0 comp rx=0 tx=0).ready entity=mon.0 client_cookie=37bbcb1ab5384346 server_cookie=0 in_seq=0 out_seq=0
2024-02-18T11:31:27.846 INFO:teuthology.orchestra.run.smithi012.stdout:/usr/bin/ceph: stderr
2024-02-18T11:31:27.127+0000 7f94d8a4d700 1 -- 172.21.15.12:0/1479411312 <== mon.0 v2:172.21.15.12:3300/0 1 ==== mon_map magic: 0 v1 ==== 205+0+0 (secure 0 0 0) 0x7f94d0004160 con 0x7f94d41076d0
2024-02-18T11:31:27.846 INFO:teuthology.orchestra.run.smithi012.stdout:/usr/bin/ceph: stderr
2024-02-18T11:31:27.127+0000 7f94d8a4d700 1 -- 172.21.15.12:0/1479411312 <== mon.0 v2:172.21.15.12:3300/0 2 ==== config(27 keys) v1 ==== 1109+0+0 (secure 0 0 0) 0x7f94d00042c0 con 0x7f94d41076d0
2024-02-18T11:31:27.846 INFO:teuthology.orchestra.run.smithi012.stdout:/usr/bin/ceph: stderr
2024-02-18T11:31:27.127+0000 7f94d8a4d700 1 -- 172.21.15.12:0/1479411312 <== mon.0 v2:172.21.15.12:3300/0 3 ==== mon_map magic: 0 v1 ==== 205+0+0 (secure 0 0 0) 0x7f94d0011ac0 con 0x7f94d41076d0
2024-02-18T11:31:27.846 INFO:teuthology.orchestra.run.smithi012.stdout:/usr/bin/ceph: stderr
2024-02-18T11:31:27.127+0000 7f94dbcb3700 1 -- 172.21.15.12:0/1479411312 >> [v2:172.21.15.12:3300/0,v1:172.21.15.12:6789/0] conn(0x7f94d41076d0 msgr2=0x7f94d4107af0 secure :-1 s=STATE_CONNECTION_ESTABLISHED l=1).mark_down
2024-02-18T11:31:27.846 INFO:teuthology.orchestra.run.smithi012.stdout:/usr/bin/ceph: stderr
2024-02-18T11:31:27.127+0000 7f94dbcb3700 1 --2- 172.21.15.12:0/1479411312 >> [v2:172.21.15.12:3300/0,v1:172.21.15.12:6789/0] conn(0x7f94d41076d0 0x7f94d4107af0 secure :-1 s=READY pgs=39 cs=0 l=1 rev1=1 crypto rx=0x7f94d00098a0 tx=0x7f94d0009bb0 comp rx=0 tx=0).stop
2024-02-18T11:31:27.846 INFO:teuthology.orchestra.run.smithi012.stdout:/usr/bin/ceph: stderr
2024-02-18T11:31:27.127+0000 7f94dbcb3700 1 -- 172.21.15.12:0/1479411312 shutdown_connections
2024-02-18T11:31:27.847 INFO:teuthology.orchestra.run.smithi012.stdout:/usr/bin/ceph: stderr
2024-02-18T11:31:27.128+0000 7f94dbcb3700 1 --2- 172.21.15.12:0/1479411312 >> [v2:172.21.15.12:3300/0,v1:172.21.15.12:6789/0] conn(0x7f94d41076d0 0x7f94d4107af0 unknown :-1 s=CLOSED pgs=39 cs=0 l=1 rev1=1 crypto rx=0 tx=0 comp rx=0 tx=0).stop
2024-02-18T11:31:27.847 INFO:teuthology.orchestra.run.smithi012.stdout:/usr/bin/ceph: stderr
2024-02-18T11:31:27.128+0000 7f94dbcb3700 1 -- 172.21.15.12:0/1479411312 >> 172.21.15.12:0/1479411312 conn(0x7f94d4102d30 msgr2=0x7f94d4105150 unknown :-1 s=STATE_NONE l=0).mark_down
2024-02-18T11:31:27.847 INFO:teuthology.orchestra.run.smithi012.stdout:/usr/bin/ceph: stderr
2024-02-18T11:31:27.128+0000 7f94dbcb3700 1 -- 172.21.15.12:0/1479411312 shutdown_connections
2024-02-18T11:31:27.847 INFO:teuthology.orchestra.run.smithi012.stdout:/usr/bin/ceph: stderr
2024-02-18T11:31:27.128+0000 7f94dbcb3700 1 -- 172.21.15.12:0/1479411312 wait complete.
2024-02-18T11:31:27.847 INFO:teuthology.orchestra.run.smithi012.stdout:/usr/bin/ceph: stderr
2024-02-18T11:31:27.128+0000 7f94dbcb3700 1 Processor -- start
2024-02-18T11:31:27.847 INFO:teuthology.orchestra.run.smithi012.stdout:/usr/bin/ceph: stderr
2024-02-18T11:31:27.128+0000 7f94dbcb3700 1 -- start start
2024-02-18T11:31:27.847 INFO:teuthology.orchestra.run.smithi012.stdout:/usr/bin/ceph: stderr
2024-02-18T11:31:27.128+0000 7f94dbcb3700 1 --2- >> [v2:172.21.15.12:3300/0,v1:172.21.15.12:6789/0] conn(0x7f94d41076d0 0x7f94d419b4f0 unknown :-1 s=NONE pgs=0 cs=0 l=1 rev1=0 crypto rx=0 tx=0 comp rx=0 tx=0).connect
2024-02-18T11:31:27.847 INFO:teuthology.orchestra.run.smithi012.stdout:/usr/bin/ceph: stderr
2024-02-18T11:31:27.128+0000 7f94dbcb3700 1 -- --> [v2:172.21.15.12:3300/0,v1:172.21.15.12:6789/0] -- mon_getmap magic: 0 v1 -- 0x7f94d419ba30 con 0x7f94d41076d0
2024-02-18T11:31:27.847 INFO:teuthology.orchestra.run.smithi012.stdout:/usr/bin/ceph: stderr
2024-02-18T11:31:27.129+0000 7f94d9a4f700 1 --2- >> [v2:172.21.15.12:3300/0,v1:172.21.15.12:6789/0] conn(0x7f94d41076d0 0x7f94d419b4f0 unknown :-1 s=BANNER_CONNECTING pgs=0 cs=0 l=1 rev1=0 crypto rx=0 tx=0 comp rx=0 tx=0)._handle_peer_banner_payload supported=3 required=0
2024-02-18T11:31:27.847 INFO:teuthology.orchestra.run.smithi012.stdout:/usr/bin/ceph: stderr
2024-02-18T11:31:27.129+0000 7f94d9a4f700 1 --2- >> [v2:172.21.15.12:3300/0,v1:172.21.15.12:6789/0] conn(0x7f94d41076d0 0x7f94d419b4f0 unknown :-1 s=HELLO_CONNECTING pgs=0 cs=0 l=1 rev1=1 crypto rx=0 tx=0 comp rx=0 tx=0).handle_hello peer v2:172.21.15.12:3300/0 says I am v2:172.21.15.12:51496/0 (socket says 172.21.15.12:51496)
2024-02-18T11:31:27.847 INFO:teuthology.orchestra.run.smithi012.stdout:/usr/bin/ceph: stderr
2024-02-18T11:31:27.129+0000 7f94d9a4f700 1 -- 172.21.15.12:0/1184393460 learned_addr learned my addr 172.21.15.12:0/1184393460 (peer_addr_for_me v2:172.21.15.12:0/0)
2024-02-18T11:31:27.848 INFO:teuthology.orchestra.run.smithi012.stdout:/usr/bin/ceph: stderr
2024-02-18T11:31:27.129+0000 7f94d9a4f700 1 -- 172.21.15.12:0/1184393460 --> [v2:172.21.15.12:3300/0,v1:172.21.15.12:6789/0] -- mon_subscribe({config=0+,monmap=0+}) v3 -- 0x7f94d0009550 con 0x7f94d41076d0
2024-02-18T11:31:27.848 INFO:teuthology.orchestra.run.smithi012.stdout:/usr/bin/ceph: stderr
2024-02-18T11:31:27.129+0000 7f94d9a4f700 1 --2- 172.21.15.12:0/1184393460 >> [v2:172.21.15.12:3300/0,v1:172.21.15.12:6789/0] conn(0x7f94d41076d0 0x7f94d419b4f0 secure :-1 s=READY pgs=40 cs=0 l=1 rev1=1 crypto rx=0x7f94d0009fb0 tx=0x7f94d0011b20 comp rx=0 tx=0).ready entity=mon.0 client_cookie=0 server_cookie=0 in_seq=0 out_seq=0
2024-02-18T11:31:27.848 INFO:teuthology.orchestra.run.smithi012.stdout:/usr/bin/ceph: stderr
2024-02-18T11:31:27.129+0000 7f94caffd700 1 -- 172.21.15.12:0/1184393460 <== mon.0 v2:172.21.15.12:3300/0 1 ==== mon_map magic: 0 v1 ==== 205+0+0 (secure 0 0 0) 0x7f94d00038b0 con 0x7f94d41076d0
2024-02-18T11:31:27.848 INFO:teuthology.orchestra.run.smithi012.stdout:/usr/bin/ceph: stderr
2024-02-18T11:31:27.129+0000 7f94caffd700 1 -- 172.21.15.12:0/1184393460 <== mon.0 v2:172.21.15.12:3300/0 2 ==== config(27 keys) v1 ==== 1109+0+0 (secure 0 0 0) 0x7f94d0003a10 con 0x7f94d41076d0
2024-02-18T11:31:27.848 INFO:teuthology.orchestra.run.smithi012.stdout:/usr/bin/ceph: stderr
2024-02-18T11:31:27.129+0000 7f94dbcb3700 1 -- 172.21.15.12:0/1184393460 --> [v2:172.21.15.12:3300/0,v1:172.21.15.12:6789/0] -- mon_subscribe({mgrmap=0+}) v3 -- 0x7f94d419bc30 con 0x7f94d41076d0
2024-02-18T11:31:27.848 INFO:teuthology.orchestra.run.smithi012.stdout:/usr/bin/ceph: stderr
2024-02-18T11:31:27.129+0000 7f94caffd700 1 -- 172.21.15.12:0/1184393460 <== mon.0 v2:172.21.15.12:3300/0 3 ==== mon_map magic: 0 v1 ==== 205+0+0 (secure 0 0 0) 0x7f94d00195e0 con 0x7f94d41076d0
2024-02-18T11:31:27.848 INFO:teuthology.orchestra.run.smithi012.stdout:/usr/bin/ceph: stderr
2024-02-18T11:31:27.129+0000 7f94dbcb3700 1 -- 172.21.15.12:0/1184393460 --> [v2:172.21.15.12:3300/0,v1:172.21.15.12:6789/0] -- mon_subscribe({osdmap=0}) v3 -- 0x7f94d419c0d0 con 0x7f94d41076d0
2024-02-18T11:31:27.848 INFO:teuthology.orchestra.run.smithi012.stdout:/usr/bin/ceph: stderr
2024-02-18T11:31:27.130+0000 7f94caffd700 1 -- 172.21.15.12:0/1184393460 <== mon.0 v2:172.21.15.12:3300/0 4 ==== mgrmap(e 8) v1 ==== 46091+0+0 (secure 0 0 0) 0x7f94d0019850 con 0x7f94d41076d0
2024-02-18T11:31:27.848 INFO:teuthology.orchestra.run.smithi012.stdout:/usr/bin/ceph: stderr
2024-02-18T11:31:27.130+0000 7f94dbcb3700 1 -- 172.21.15.12:0/1184393460 --> [v2:172.21.15.12:3300/0,v1:172.21.15.12:6789/0] -- mon_command({"prefix": "get_command_descriptions"} v 0) v1 -- 0x7f94d410bab0 con 0x7f94d41076d0
2024-02-18T11:31:27.848 INFO:teuthology.orchestra.run.smithi012.stdout:/usr/bin/ceph: stderr
2024-02-18T11:31:27.130+0000 7f94caffd700 1 --2- 172.21.15.12:0/1184393460 >> [v2:172.21.15.12:6800/4135274411,v1:172.21.15.12:6801/4135274411] conn(0x7f94c0039110 0x7f94c003b5d0 unknown :-1 s=NONE pgs=0 cs=0 l=1 rev1=0 crypto rx=0 tx=0 comp rx=0 tx=0).connect
2024-02-18T11:31:27.848 INFO:teuthology.orchestra.run.smithi012.stdout:/usr/bin/ceph: stderr
2024-02-18T11:31:27.131+0000 7f94caffd700 1 -- 172.21.15.12:0/1184393460 <== mon.0 v2:172.21.15.12:3300/0 5 ==== osd_map(2..2 src has 1..2) v4 ==== 940+0+0 (secure 0 0 0) 0x7f94d004d510 con 0x7f94d41076d0
2024-02-18T11:31:27.848 INFO:teuthology.orchestra.run.smithi012.stdout:/usr/bin/ceph: stderr
2024-02-18T11:31:27.131+0000 7f94d924e700 1 --2- 172.21.15.12:0/1184393460 >> [v2:172.21.15.12:6800/4135274411,v1:172.21.15.12:6801/4135274411] conn(0x7f94c0039110 0x7f94c003b5d0 unknown :-1 s=BANNER_CONNECTING pgs=0 cs=0 l=1 rev1=0 crypto rx=0 tx=0 comp rx=0 tx=0)._handle_peer_banner_payload supported=3 required=0
2024-02-18T11:31:27.848 INFO:teuthology.orchestra.run.smithi012.stdout:/usr/bin/ceph: stderr
2024-02-18T11:31:27.131+0000 7f94d924e700 1 --2- 172.21.15.12:0/1184393460 >> [v2:172.21.15.12:6800/4135274411,v1:172.21.15.12:6801/4135274411] conn(0x7f94c0039110 0x7f94c003b5d0 secure :-1 s=READY pgs=8 cs=0 l=1 rev1=1 crypto rx=0x7f94c4006fd0 tx=0x7f94c4006e40 comp rx=0 tx=0).ready entity=mgr.14120 client_cookie=0 server_cookie=0 in_seq=0 out_seq=0
2024-02-18T11:31:27.848 INFO:teuthology.orchestra.run.smithi012.stdout:/usr/bin/ceph: stderr
2024-02-18T11:31:27.136+0000 7f94caffd700 1 -- 172.21.15.12:0/1184393460 <== mon.0 v2:172.21.15.12:3300/0 6 ==== mon_command_ack([{"prefix": "get_command_descriptions"}]=0 v0) v1 ==== 72+0+183564 (secure 0 0 0) 0x7f94d0018530 con 0x7f94d41076d0
2024-02-18T11:31:27.849 INFO:teuthology.orchestra.run.smithi012.stdout:/usr/bin/ceph: stderr
2024-02-18T11:31:27.339+0000 7f94dbcb3700 1 -- 172.21.15.12:0/1184393460 --> [v2:172.21.15.12:6800/4135274411,v1:172.21.15.12:6801/4135274411] -- mgr_command(tid 0: {"prefix": "cephadm set-user", "user": "root", "target": ["mon-mgr", ""]}) v1 -- 0x7f94d4103fd0 con 0x7f94c0039110
2024-02-18T11:31:27.849 INFO:teuthology.orchestra.run.smithi012.stdout:/usr/bin/ceph: stderr
2024-02-18T11:31:27.339+0000 7f94caffd700 1 -- 172.21.15.12:0/1184393460 <== mgr.14120 v2:172.21.15.12:6800/4135274411 1 ==== mgr_command_reply(tid 0: 0 ) v1 ==== 8+0+16 (secure 0 0 0) 0x7f94d4103fd0 con 0x7f94c0039110
2024-02-18T11:31:27.849 INFO:teuthology.orchestra.run.smithi012.stdout:/usr/bin/ceph: stderr
2024-02-18T11:31:27.341+0000 7f94dbcb3700 1 -- 172.21.15.12:0/1184393460 >> [v2:172.21.15.12:6800/4135274411,v1:172.21.15.12:6801/4135274411] conn(0x7f94c0039110 msgr2=0x7f94c003b5d0 secure :-1 s=STATE_CONNECTION_ESTABLISHED l=1).mark_down
2024-02-18T11:31:27.849 INFO:teuthology.orchestra.run.smithi012.stdout:/usr/bin/ceph: stderr
2024-02-18T11:31:27.341+0000 7f94dbcb3700 1 --2- 172.21.15.12:0/1184393460 >> [v2:172.21.15.12:6800/4135274411,v1:172.21.15.12:6801/4135274411] conn(0x7f94c0039110 0x7f94c003b5d0 secure :-1 s=READY pgs=8 cs=0 l=1 rev1=1 crypto rx=0x7f94c4006fd0 tx=0x7f94c4006e40 comp rx=0 tx=0).stop
2024-02-18T11:31:27.849 INFO:teuthology.orchestra.run.smithi012.stdout:/usr/bin/ceph: stderr
2024-02-18T11:31:27.341+0000 7f94dbcb3700 1 -- 172.21.15.12:0/1184393460 >> [v2:172.21.15.12:3300/0,v1:172.21.15.12:6789/0] conn(0x7f94d41076d0 msgr2=0x7f94d419b4f0 secure :-1 s=STATE_CONNECTION_ESTABLISHED l=1).mark_down
2024-02-18T11:31:27.849 INFO:teuthology.orchestra.run.smithi012.stdout:/usr/bin/ceph: stderr
2024-02-18T11:31:27.341+0000 7f94dbcb3700 1 --2- 172.21.15.12:0/1184393460 >> [v2:172.21.15.12:3300/0,v1:172.21.15.12:6789/0] conn(0x7f94d41076d0 0x7f94d419b4f0 secure :-1 s=READY pgs=40 cs=0 l=1 rev1=1 crypto rx=0x7f94d0009fb0 tx=0x7f94d0011b20 comp rx=0 tx=0).stop
2024-02-18T11:31:27.849 INFO:teuthology.orchestra.run.smithi012.stdout:/usr/bin/ceph: stderr
2024-02-18T11:31:27.341+0000 7f94dbcb3700 1 -- 172.21.15.12:0/1184393460 shutdown_connections
2024-02-18T11:31:27.849 INFO:teuthology.orchestra.run.smithi012.stdout:/usr/bin/ceph: stderr
2024-02-18T11:31:27.341+0000 7f94dbcb3700 1 --2- 172.21.15.12:0/1184393460 >> [v2:172.21.15.12:6800/4135274411,v1:172.21.15.12:6801/4135274411] conn(0x7f94c0039110 0x7f94c003b5d0 unknown :-1 s=CLOSED pgs=8 cs=0 l=1 rev1=1 crypto rx=0 tx=0 comp rx=0 tx=0).stop
2024-02-18T11:31:27.849 INFO:teuthology.orchestra.run.smithi012.stdout:/usr/bin/ceph: stderr
2024-02-18T11:31:27.341+0000 7f94dbcb3700 1 --2- 172.21.15.12:0/1184393460 >> [v2:172.21.15.12:3300/0,v1:172.21.15.12:6789/0] conn(0x7f94d41076d0 0x7f94d419b4f0 unknown :-1 s=CLOSED pgs=40 cs=0 l=1 rev1=1 crypto rx=0 tx=0 comp rx=0 tx=0).stop
2024-02-18T11:31:27.849 INFO:teuthology.orchestra.run.smithi012.stdout:/usr/bin/ceph: stderr
2024-02-18T11:31:27.341+0000 7f94dbcb3700 1 -- 172.21.15.12:0/1184393460 >> 172.21.15.12:0/1184393460 conn(0x7f94d4102d30 msgr2=0x7f94d41038c0 unknown :-1 s=STATE_NONE l=0).mark_down
2024-02-18T11:31:27.849 INFO:teuthology.orchestra.run.smithi012.stdout:/usr/bin/ceph: stderr
2024-02-18T11:31:27.342+0000 7f94dbcb3700 1 -- 172.21.15.12:0/1184393460 shutdown_connections
2024-02-18T11:31:27.849 INFO:teuthology.orchestra.run.smithi012.stdout:/usr/bin/ceph: stderr
2024-02-18T11:31:27.342+0000 7f94dbcb3700 1 -- 172.21.15.12:0/1184393460 wait complete.
2024-02-18T11:31:27.849 INFO:teuthology.orchestra.run.smithi012.stdout:Generating ssh key...
2024-02-18T11:31:28.208 INFO:journalctl@ceph.mon.a.smithi012.stdout:Feb 18 11:31:28 smithi012 ceph-mon[32460]: from='client.14134 -' entity='client.admin' cmd=[{"prefix": "cephadm set-user", "user": "root", "target": ["mon-mgr", ""]}]: dispatch
2024-02-18T11:31:29.308 INFO:journalctl@ceph.mon.a.smithi012.stdout:Feb 18 11:31:29 smithi012 ceph-mon[32460]: from='client.14136 -' entity='client.admin' cmd=[{"prefix": "cephadm generate-key", "target": ["mon-mgr", ""]}]: dispatch
2024-02-18T11:31:29.308 INFO:journalctl@ceph.mon.a.smithi012.stdout:Feb 18 11:31:29 smithi012 ceph-mon[32460]: Generating ssh key...
2024-02-18T11:31:29.309 INFO:journalctl@ceph.mgr.x.smithi012.stdout:Feb 18 11:31:29 smithi012 ceph-0c8bb0de-ce51-11ee-95ba-87774f69a715-mgr-x[32692]: Generating public/private rsa key pair.
2024-02-18T11:31:29.309 INFO:journalctl@ceph.mgr.x.smithi012.stdout:Feb 18 11:31:29 smithi012 ceph-0c8bb0de-ce51-11ee-95ba-87774f69a715-mgr-x[32692]: Your identification has been saved in /tmp/tmp5vp9tz1b/key.
2024-02-18T11:31:29.309 INFO:journalctl@ceph.mgr.x.smithi012.stdout:Feb 18 11:31:29 smithi012 ceph-0c8bb0de-ce51-11ee-95ba-87774f69a715-mgr-x[32692]: Your public key has been saved in /tmp/tmp5vp9tz1b/key.pub.
2024-02-18T11:31:29.309 INFO:journalctl@ceph.mgr.x.smithi012.stdout:Feb 18 11:31:29 smithi012 ceph-0c8bb0de-ce51-11ee-95ba-87774f69a715-mgr-x[32692]: The key fingerprint is:
2024-02-18T11:31:29.309 INFO:journalctl@ceph.mgr.x.smithi012.stdout:Feb 18 11:31:29 smithi012 ceph-0c8bb0de-ce51-11ee-95ba-87774f69a715-mgr-x[32692]: SHA256:RHjptCJ5zzl6S6giJeLoov0XPVqQxvD3XnaorZvcaGs ceph-0c8bb0de-ce51-11ee-95ba-87774f69a715
2024-02-18T11:31:29.309 INFO:journalctl@ceph.mgr.x.smithi012.stdout:Feb 18 11:31:29 smithi012 ceph-0c8bb0de-ce51-11ee-95ba-87774f69a715-mgr-x[32692]: The key's randomart image is:
2024-02-18T11:31:29.309 INFO:journalctl@ceph.mgr.x.smithi012.stdout:Feb 18 11:31:29 smithi012 ceph-0c8bb0de-ce51-11ee-95ba-87774f69a715-mgr-x[32692]: +---[RSA 3072]----+
2024-02-18T11:31:29.309 INFO:journalctl@ceph.mgr.x.smithi012.stdout:Feb 18 11:31:29 smithi012 ceph-0c8bb0de-ce51-11ee-95ba-87774f69a715-mgr-x[32692]: | ... |
2024-02-18T11:31:29.309 INFO:journalctl@ceph.mgr.x.smithi012.stdout:Feb 18 11:31:29 smithi012 ceph-0c8bb0de-ce51-11ee-95ba-87774f69a715-mgr-x[32692]: | . ..+ |
2024-02-18T11:31:29.309 INFO:journalctl@ceph.mgr.x.smithi012.stdout:Feb 18 11:31:29 smithi012 ceph-0c8bb0de-ce51-11ee-95ba-87774f69a715-mgr-x[32692]: | = =.. |
2024-02-18T11:31:29.310 INFO:journalctl@ceph.mgr.x.smithi012.stdout:Feb 18 11:31:29 smithi012 ceph-0c8bb0de-ce51-11ee-95ba-87774f69a715-mgr-x[32692]: | o O.+ |
2024-02-18T11:31:29.310 INFO:journalctl@ceph.mgr.x.smithi012.stdout:Feb 18 11:31:29 smithi012 ceph-0c8bb0de-ce51-11ee-95ba-87774f69a715-mgr-x[32692]: | + BSo . |
2024-02-18T11:31:29.310 INFO:journalctl@ceph.mgr.x.smithi012.stdout:Feb 18 11:31:29 smithi012 ceph-0c8bb0de-ce51-11ee-95ba-87774f69a715-mgr-x[32692]: |o . ..O . + . |
2024-02-18T11:31:29.310 INFO:journalctl@ceph.mgr.x.smithi012.stdout:Feb 18 11:31:29 smithi012 ceph-0c8bb0de-ce51-11ee-95ba-87774f69a715-mgr-x[32692]: |+o .=.+ = . |
2024-02-18T11:31:29.310 INFO:journalctl@ceph.mgr.x.smithi012.stdout:Feb 18 11:31:29 smithi012 ceph-0c8bb0de-ce51-11ee-95ba-87774f69a715-mgr-x[32692]: |+o. .+...E+. |
2024-02-18T11:31:29.310 INFO:journalctl@ceph.mgr.x.smithi012.stdout:Feb 18 11:31:29 smithi012 ceph-0c8bb0de-ce51-11ee-95ba-87774f69a715-mgr-x[32692]: |=o.oo. ..+B+. |
2024-02-18T11:31:29.310 INFO:journalctl@ceph.mgr.x.smithi012.stdout:Feb 18 11:31:29 smithi012 ceph-0c8bb0de-ce51-11ee-95ba-87774f69a715-mgr-x[32692]: +----[SHA256]-----+
2024-02-18T11:31:29.828 INFO:teuthology.orchestra.run.smithi012.stdout:/usr/bin/ceph: stderr
2024-02-18T11:31:28.258+0000 7f3d08e87700 1 Processor -- start
2024-02-18T11:31:29.828 INFO:teuthology.orchestra.run.smithi012.stdout:/usr/bin/ceph: stderr
2024-02-18T11:31:28.258+0000 7f3d08e87700 1 -- start start
2024-02-18T11:31:29.828 INFO:teuthology.orchestra.run.smithi012.stdout:/usr/bin/ceph: stderr
2024-02-18T11:31:28.258+0000 7f3d08e87700 1 --2- >> [v2:172.21.15.12:3300/0,v1:172.21.15.12:6789/0] conn(0x7f3d041076a0 0x7f3d04107ac0 unknown :-1 s=NONE pgs=0 cs=0 l=0 rev1=0 crypto rx=0 tx=0 comp rx=0 tx=0).connect
2024-02-18T11:31:29.828 INFO:teuthology.orchestra.run.smithi012.stdout:/usr/bin/ceph: stderr
2024-02-18T11:31:28.258+0000 7f3d08e87700 1 -- --> [v2:172.21.15.12:3300/0,v1:172.21.15.12:6789/0] -- mon_getmap magic: 0 v1 -- 0x7f3d04108090 con 0x7f3d041076a0
2024-02-18T11:31:29.828 INFO:teuthology.orchestra.run.smithi012.stdout:/usr/bin/ceph: stderr
2024-02-18T11:31:28.258+0000 7f3d0259c700 1 --2- >> [v2:172.21.15.12:3300/0,v1:172.21.15.12:6789/0] conn(0x7f3d041076a0 0x7f3d04107ac0 unknown :-1 s=BANNER_CONNECTING pgs=0 cs=0 l=0 rev1=0 crypto rx=0 tx=0 comp rx=0 tx=0)._handle_peer_banner_payload supported=3 required=0
2024-02-18T11:31:29.828 INFO:teuthology.orchestra.run.smithi012.stdout:/usr/bin/ceph: stderr
2024-02-18T11:31:28.258+0000 7f3d0259c700 1 --2- >> [v2:172.21.15.12:3300/0,v1:172.21.15.12:6789/0] conn(0x7f3d041076a0 0x7f3d04107ac0 unknown :-1 s=HELLO_CONNECTING pgs=0 cs=0 l=0 rev1=1 crypto rx=0 tx=0 comp rx=0 tx=0).handle_hello peer v2:172.21.15.12:3300/0 says I am v2:172.21.15.12:51500/0 (socket says 172.21.15.12:51500)
2024-02-18T11:31:29.828 INFO:teuthology.orchestra.run.smithi012.stdout:/usr/bin/ceph: stderr
2024-02-18T11:31:28.258+0000 7f3d0259c700 1 -- 172.21.15.12:0/1568529332 learned_addr learned my addr 172.21.15.12:0/1568529332 (peer_addr_for_me v2:172.21.15.12:0/0)
2024-02-18T11:31:29.828 INFO:teuthology.orchestra.run.smithi012.stdout:/usr/bin/ceph: stderr
2024-02-18T11:31:28.258+0000 7f3d0259c700 1 -- 172.21.15.12:0/1568529332 --> [v2:172.21.15.12:3300/0,v1:172.21.15.12:6789/0] -- mon_subscribe({config=0+,monmap=0+}) v3 -- 0x7f3d04108850 con 0x7f3d041076a0
2024-02-18T11:31:29.828 INFO:teuthology.orchestra.run.smithi012.stdout:/usr/bin/ceph: stderr
2024-02-18T11:31:28.259+0000 7f3d0259c700 1 --2- 172.21.15.12:0/1568529332 >> [v2:172.21.15.12:3300/0,v1:172.21.15.12:6789/0] conn(0x7f3d041076a0 0x7f3d04107ac0 secure :-1 s=READY pgs=41 cs=0 l=1 rev1=1 crypto rx=0x7f3cf80098a0 tx=0x7f3cf8009bb0 comp rx=0 tx=0).ready entity=mon.0 client_cookie=ca5ab6116966f59d server_cookie=0 in_seq=0 out_seq=0
2024-02-18T11:31:29.828 INFO:teuthology.orchestra.run.smithi012.stdout:/usr/bin/ceph: stderr
2024-02-18T11:31:28.259+0000 7f3d0159a700 1 -- 172.21.15.12:0/1568529332 <== mon.0 v2:172.21.15.12:3300/0 1 ==== mon_map magic: 0 v1 ==== 205+0+0 (secure 0 0 0) 0x7f3cf8004160 con 0x7f3d041076a0
2024-02-18T11:31:29.829 INFO:teuthology.orchestra.run.smithi012.stdout:/usr/bin/ceph: stderr
2024-02-18T11:31:28.259+0000 7f3d0159a700 1 -- 172.21.15.12:0/1568529332 <== mon.0 v2:172.21.15.12:3300/0 2 ==== config(27 keys) v1 ==== 1109+0+0 (secure 0 0 0) 0x7f3cf80042c0 con 0x7f3d041076a0
2024-02-18T11:31:29.829 INFO:teuthology.orchestra.run.smithi012.stdout:/usr/bin/ceph: stderr
2024-02-18T11:31:28.259+0000 7f3d0159a700 1 -- 172.21.15.12:0/1568529332 <== mon.0 v2:172.21.15.12:3300/0 3 ==== mon_map magic: 0 v1 ==== 205+0+0 (secure 0 0 0) 0x7f3cf8011ac0 con 0x7f3d041076a0
2024-02-18T11:31:29.829 INFO:teuthology.orchestra.run.smithi012.stdout:/usr/bin/ceph: stderr
2024-02-18T11:31:28.259+0000 7f3d08e87700 1 -- 172.21.15.12:0/1568529332 >> [v2:172.21.15.12:3300/0,v1:172.21.15.12:6789/0] conn(0x7f3d041076a0 msgr2=0x7f3d04107ac0 secure :-1 s=STATE_CONNECTION_ESTABLISHED l=1).mark_down
2024-02-18T11:31:29.829 INFO:teuthology.orchestra.run.smithi012.stdout:/usr/bin/ceph: stderr
2024-02-18T11:31:28.259+0000 7f3d08e87700 1 --2- 172.21.15.12:0/1568529332 >> [v2:172.21.15.12:3300/0,v1:172.21.15.12:6789/0] conn(0x7f3d041076a0 0x7f3d04107ac0 secure :-1 s=READY pgs=41 cs=0 l=1 rev1=1 crypto rx=0x7f3cf80098a0 tx=0x7f3cf8009bb0 comp rx=0 tx=0).stop
2024-02-18T11:31:29.829 INFO:teuthology.orchestra.run.smithi012.stdout:/usr/bin/ceph: stderr
2024-02-18T11:31:28.259+0000 7f3d08e87700 1 -- 172.21.15.12:0/1568529332 shutdown_connections
2024-02-18T11:31:29.829 INFO:teuthology.orchestra.run.smithi012.stdout:/usr/bin/ceph: stderr
2024-02-18T11:31:28.259+0000 7f3d08e87700 1 --2- 172.21.15.12:0/1568529332 >> [v2:172.21.15.12:3300/0,v1:172.21.15.12:6789/0] conn(0x7f3d041076a0 0x7f3d04107ac0 unknown :-1 s=CLOSED pgs=41 cs=0 l=1 rev1=1 crypto rx=0 tx=0 comp rx=0 tx=0).stop
2024-02-18T11:31:29.829 INFO:teuthology.orchestra.run.smithi012.stdout:/usr/bin/ceph: stderr
2024-02-18T11:31:28.259+0000 7f3d08e87700 1 -- 172.21.15.12:0/1568529332 >> 172.21.15.12:0/1568529332 conn(0x7f3d04102d00 msgr2=0x7f3d04105120 unknown :-1 s=STATE_NONE l=0).mark_down
2024-02-18T11:31:29.829 INFO:teuthology.orchestra.run.smithi012.stdout:/usr/bin/ceph: stderr
2024-02-18T11:31:28.259+0000 7f3d08e87700 1 -- 172.21.15.12:0/1568529332 shutdown_connections
2024-02-18T11:31:29.829 INFO:teuthology.orchestra.run.smithi012.stdout:/usr/bin/ceph: stderr
2024-02-18T11:31:28.260+0000 7f3d08e87700 1 -- 172.21.15.12:0/1568529332 wait complete.
2024-02-18T11:31:29.829 INFO:teuthology.orchestra.run.smithi012.stdout:/usr/bin/ceph: stderr
2024-02-18T11:31:28.260+0000 7f3d08e87700 1 Processor -- start
2024-02-18T11:31:29.829 INFO:teuthology.orchestra.run.smithi012.stdout:/usr/bin/ceph: stderr
2024-02-18T11:31:28.260+0000 7f3d08e87700 1 -- start start
2024-02-18T11:31:29.829 INFO:teuthology.orchestra.run.smithi012.stdout:/usr/bin/ceph: stderr
2024-02-18T11:31:28.260+0000 7f3d08e87700 1 --2- >> [v2:172.21.15.12:3300/0,v1:172.21.15.12:6789/0] conn(0x7f3d041076a0 0x7f3d0407cb80 unknown :-1 s=NONE pgs=0 cs=0 l=1 rev1=0 crypto rx=0 tx=0 comp rx=0 tx=0).connect
2024-02-18T11:31:29.829 INFO:teuthology.orchestra.run.smithi012.stdout:/usr/bin/ceph: stderr
2024-02-18T11:31:28.260+0000 7f3d08e87700 1 -- --> [v2:172.21.15.12:3300/0,v1:172.21.15.12:6789/0] -- mon_getmap magic: 0 v1 -- 0x7f3d0407d0c0 con 0x7f3d041076a0
2024-02-18T11:31:29.829 INFO:teuthology.orchestra.run.smithi012.stdout:/usr/bin/ceph: stderr
2024-02-18T11:31:28.261+0000 7f3d0259c700 1 --2- >> [v2:172.21.15.12:3300/0,v1:172.21.15.12:6789/0] conn(0x7f3d041076a0 0x7f3d0407cb80 unknown :-1 s=BANNER_CONNECTING pgs=0 cs=0 l=1 rev1=0 crypto rx=0 tx=0 comp rx=0 tx=0)._handle_peer_banner_payload supported=3 required=0
2024-02-18T11:31:29.829 INFO:teuthology.orchestra.run.smithi012.stdout:/usr/bin/ceph: stderr
2024-02-18T11:31:28.261+0000 7f3d0259c700 1 --2- >> [v2:172.21.15.12:3300/0,v1:172.21.15.12:6789/0] conn(0x7f3d041076a0 0x7f3d0407cb80 unknown :-1 s=HELLO_CONNECTING pgs=0 cs=0 l=1 rev1=1 crypto rx=0 tx=0 comp rx=0 tx=0).handle_hello peer v2:172.21.15.12:3300/0 says I am v2:172.21.15.12:51506/0 (socket says 172.21.15.12:51506)
2024-02-18T11:31:29.830 INFO:teuthology.orchestra.run.smithi012.stdout:/usr/bin/ceph: stderr
2024-02-18T11:31:28.261+0000 7f3d0259c700 1 -- 172.21.15.12:0/4175009737 learned_addr learned my addr 172.21.15.12:0/4175009737 (peer_addr_for_me v2:172.21.15.12:0/0)
2024-02-18T11:31:29.830 INFO:teuthology.orchestra.run.smithi012.stdout:/usr/bin/ceph: stderr
2024-02-18T11:31:28.261+0000 7f3d0259c700 1 -- 172.21.15.12:0/4175009737 --> [v2:172.21.15.12:3300/0,v1:172.21.15.12:6789/0] -- mon_subscribe({config=0+,monmap=0+}) v3 -- 0x7f3cf8009550 con 0x7f3d041076a0
2024-02-18T11:31:29.830 INFO:teuthology.orchestra.run.smithi012.stdout:/usr/bin/ceph: stderr
2024-02-18T11:31:28.261+0000 7f3d0259c700 1 --2- 172.21.15.12:0/4175009737 >> [v2:172.21.15.12:3300/0,v1:172.21.15.12:6789/0] conn(0x7f3d041076a0 0x7f3d0407cb80 secure :-1 s=READY pgs=42 cs=0 l=1 rev1=1 crypto rx=0x7f3cf8003f70 tx=0x7f3cf8011b40 comp rx=0 tx=0).ready entity=mon.0 client_cookie=0 server_cookie=0 in_seq=0 out_seq=0
2024-02-18T11:31:29.830 INFO:teuthology.orchestra.run.smithi012.stdout:/usr/bin/ceph: stderr
2024-02-18T11:31:28.261+0000 7f3cf37fe700 1 -- 172.21.15.12:0/4175009737 <== mon.0 v2:172.21.15.12:3300/0 1 ==== mon_map magic: 0 v1 ==== 205+0+0 (secure 0 0 0) 0x7f3cf80039f0 con 0x7f3d041076a0
2024-02-18T11:31:29.830 INFO:teuthology.orchestra.run.smithi012.stdout:/usr/bin/ceph: stderr
2024-02-18T11:31:28.261+0000 7f3cf37fe700 1 -- 172.21.15.12:0/4175009737 <== mon.0 v2:172.21.15.12:3300/0 2 ==== config(27 keys) v1 ==== 1109+0+0 (secure 0 0 0) 0x7f3cf8003b50 con 0x7f3d041076a0
2024-02-18T11:31:29.830 INFO:teuthology.orchestra.run.smithi012.stdout:/usr/bin/ceph: stderr
2024-02-18T11:31:28.261+0000 7f3d08e87700 1 -- 172.21.15.12:0/4175009737 --> [v2:172.21.15.12:3300/0,v1:172.21.15.12:6789/0] -- mon_subscribe({mgrmap=0+}) v3 -- 0x7f3d0407b2b0 con 0x7f3d041076a0
2024-02-18T11:31:29.830 INFO:teuthology.orchestra.run.smithi012.stdout:/usr/bin/ceph: stderr
2024-02-18T11:31:28.261+0000 7f3cf37fe700 1 -- 172.21.15.12:0/4175009737 <== mon.0 v2:172.21.15.12:3300/0 3 ==== mon_map magic: 0 v1 ==== 205+0+0 (secure 0 0 0) 0x7f3cf801a690 con 0x7f3d041076a0
2024-02-18T11:31:29.830 INFO:teuthology.orchestra.run.smithi012.stdout:/usr/bin/ceph: stderr
2024-02-18T11:31:28.261+0000 7f3d08e87700 1 -- 172.21.15.12:0/4175009737 --> [v2:172.21.15.12:3300/0,v1:172.21.15.12:6789/0] -- mon_subscribe({osdmap=0}) v3 -- 0x7f3d0407b750 con 0x7f3d041076a0
2024-02-18T11:31:29.830 INFO:teuthology.orchestra.run.smithi012.stdout:/usr/bin/ceph: stderr
2024-02-18T11:31:28.262+0000 7f3cf37fe700 1 -- 172.21.15.12:0/4175009737 <== mon.0 v2:172.21.15.12:3300/0 4 ==== mgrmap(e 8) v1 ==== 46091+0+0 (secure 0 0 0) 0x7f3cf801a970 con 0x7f3d041076a0
2024-02-18T11:31:29.830 INFO:teuthology.orchestra.run.smithi012.stdout:/usr/bin/ceph: stderr
2024-02-18T11:31:28.262+0000 7f3cf37fe700 1 --2- 172.21.15.12:0/4175009737 >> [v2:172.21.15.12:6800/4135274411,v1:172.21.15.12:6801/4135274411] conn(0x7f3cec0390c0 0x7f3cec03b580 unknown :-1 s=NONE pgs=0 cs=0 l=1 rev1=0 crypto rx=0 tx=0 comp rx=0 tx=0).connect
2024-02-18T11:31:29.830 INFO:teuthology.orchestra.run.smithi012.stdout:/usr/bin/ceph: stderr
2024-02-18T11:31:28.262+0000 7f3cf37fe700 1 -- 172.21.15.12:0/4175009737 <== mon.0 v2:172.21.15.12:3300/0 5 ==== osd_map(2..2 src has 1..2) v4 ==== 940+0+0 (secure 0 0 0) 0x7f3cf804d4f0 con 0x7f3d041076a0
2024-02-18T11:31:29.830 INFO:teuthology.orchestra.run.smithi012.stdout:/usr/bin/ceph: stderr
2024-02-18T11:31:28.262+0000 7f3d08e87700 1 -- 172.21.15.12:0/4175009737 --> [v2:172.21.15.12:3300/0,v1:172.21.15.12:6789/0] -- mon_command({"prefix": "get_command_descriptions"} v 0) v1 -- 0x7f3d0410ba80 con 0x7f3d041076a0
2024-02-18T11:31:29.830 INFO:teuthology.orchestra.run.smithi012.stdout:/usr/bin/ceph: stderr
2024-02-18T11:31:28.262+0000 7f3d01d9b700 1 --2- 172.21.15.12:0/4175009737 >> [v2:172.21.15.12:6800/4135274411,v1:172.21.15.12:6801/4135274411] conn(0x7f3cec0390c0 0x7f3cec03b580 unknown :-1 s=BANNER_CONNECTING pgs=0 cs=0 l=1 rev1=0 crypto rx=0 tx=0 comp rx=0 tx=0)._handle_peer_banner_payload supported=3 required=0
2024-02-18T11:31:29.830 INFO:teuthology.orchestra.run.smithi012.stdout:/usr/bin/ceph: stderr
2024-02-18T11:31:28.263+0000 7f3d01d9b700 1 --2- 172.21.15.12:0/4175009737 >> [v2:172.21.15.12:6800/4135274411,v1:172.21.15.12:6801/4135274411] conn(0x7f3cec0390c0 0x7f3cec03b580 secure :-1 s=READY pgs=9 cs=0 l=1 rev1=1 crypto rx=0x7f3cf4006fd0 tx=0x7f3cf4006e40 comp rx=0 tx=0).ready entity=mgr.14120 client_cookie=0 server_cookie=0 in_seq=0 out_seq=0
2024-02-18T11:31:29.831 INFO:teuthology.orchestra.run.smithi012.stdout:/usr/bin/ceph: stderr
2024-02-18T11:31:28.267+0000 7f3cf37fe700 1 -- 172.21.15.12:0/4175009737 <== mon.0 v2:172.21.15.12:3300/0 6 ==== mon_command_ack([{"prefix": "get_command_descriptions"}]=0 v0) v1 ==== 72+0+183564 (secure 0 0 0) 0x7f3cf801ae00 con 0x7f3d041076a0
2024-02-18T11:31:29.831 INFO:teuthology.orchestra.run.smithi012.stdout:/usr/bin/ceph: stderr
2024-02-18T11:31:28.469+0000 7f3d08e87700 1 -- 172.21.15.12:0/4175009737 --> [v2:172.21.15.12:6800/4135274411,v1:172.21.15.12:6801/4135274411] -- mgr_command(tid 0: {"prefix": "cephadm generate-key", "target": ["mon-mgr", ""]}) v1 -- 0x7f3d0407bd00 con 0x7f3cec0390c0
2024-02-18T11:31:29.831 INFO:teuthology.orchestra.run.smithi012.stdout:/usr/bin/ceph: stderr
2024-02-18T11:31:29.300+0000 7f3cf37fe700 1 -- 172.21.15.12:0/4175009737 <== mgr.14120 v2:172.21.15.12:6800/4135274411 1 ==== mgr_command_reply(tid 0: 0 ) v1 ==== 8+0+0 (secure 0 0 0) 0x7f3d0407bd00 con 0x7f3cec0390c0
2024-02-18T11:31:29.831 INFO:teuthology.orchestra.run.smithi012.stdout:/usr/bin/ceph: stderr
2024-02-18T11:31:29.302+0000 7f3d08e87700 1 -- 172.21.15.12:0/4175009737 >> [v2:172.21.15.12:6800/4135274411,v1:172.21.15.12:6801/4135274411] conn(0x7f3cec0390c0 msgr2=0x7f3cec03b580 secure :-1 s=STATE_CONNECTION_ESTABLISHED l=1).mark_down
2024-02-18T11:31:29.831 INFO:teuthology.orchestra.run.smithi012.stdout:/usr/bin/ceph: stderr
2024-02-18T11:31:29.302+0000 7f3d08e87700 1 --2- 172.21.15.12:0/4175009737 >> [v2:172.21.15.12:6800/4135274411,v1:172.21.15.12:6801/4135274411] conn(0x7f3cec0390c0 0x7f3cec03b580 secure :-1 s=READY pgs=9 cs=0 l=1 rev1=1 crypto rx=0x7f3cf4006fd0 tx=0x7f3cf4006e40 comp rx=0 tx=0).stop
2024-02-18T11:31:29.831 INFO:teuthology.orchestra.run.smithi012.stdout:/usr/bin/ceph: stderr
2024-02-18T11:31:29.302+0000 7f3d08e87700 1 -- 172.21.15.12:0/4175009737 >> [v2:172.21.15.12:3300/0,v1:172.21.15.12:6789/0] conn(0x7f3d041076a0 msgr2=0x7f3d0407cb80 secure :-1 s=STATE_CONNECTION_ESTABLISHED l=1).mark_down
2024-02-18T11:31:29.831 INFO:teuthology.orchestra.run.smithi012.stdout:/usr/bin/ceph: stderr
2024-02-18T11:31:29.302+0000 7f3d08e87700 1 --2- 172.21.15.12:0/4175009737 >> [v2:172.21.15.12:3300/0,v1:172.21.15.12:6789/0] conn(0x7f3d041076a0 0x7f3d0407cb80 secure :-1 s=READY pgs=42 cs=0 l=1 rev1=1 crypto rx=0x7f3cf8003f70 tx=0x7f3cf8011b40 comp rx=0 tx=0).stop
2024-02-18T11:31:29.831 INFO:teuthology.orchestra.run.smithi012.stdout:/usr/bin/ceph: stderr
2024-02-18T11:31:29.302+0000 7f3d08e87700 1 -- 172.21.15.12:0/4175009737 shutdown_connections
2024-02-18T11:31:29.831 INFO:teuthology.orchestra.run.smithi012.stdout:/usr/bin/ceph: stderr
2024-02-18T11:31:29.302+0000 7f3d08e87700 1 --2- 172.21.15.12:0/4175009737 >> [v2:172.21.15.12:6800/4135274411,v1:172.21.15.12:6801/4135274411] conn(0x7f3cec0390c0 0x7f3cec03b580 unknown :-1 s=CLOSED pgs=9 cs=0 l=1 rev1=1 crypto rx=0 tx=0 comp rx=0 tx=0).stop
2024-02-18T11:31:29.831 INFO:teuthology.orchestra.run.smithi012.stdout:/usr/bin/ceph: stderr
2024-02-18T11:31:29.302+0000 7f3d08e87700 1 --2- 172.21.15.12:0/4175009737 >> [v2:172.21.15.12:3300/0,v1:172.21.15.12:6789/0] conn(0x7f3d041076a0 0x7f3d0407cb80 unknown :-1 s=CLOSED pgs=42 cs=0 l=1 rev1=1 crypto rx=0 tx=0 comp rx=0 tx=0).stop
2024-02-18T11:31:29.831 INFO:teuthology.orchestra.run.smithi012.stdout:/usr/bin/ceph: stderr
2024-02-18T11:31:29.302+0000 7f3d08e87700 1 -- 172.21.15.12:0/4175009737 >> 172.21.15.12:0/4175009737 conn(0x7f3d04102d00 msgr2=0x7f3d04103850 unknown :-1 s=STATE_NONE l=0).mark_down
2024-02-18T11:31:29.831 INFO:teuthology.orchestra.run.smithi012.stdout:/usr/bin/ceph: stderr
2024-02-18T11:31:29.302+0000 7f3d08e87700 1 -- 172.21.15.12:0/4175009737 shutdown_connections
2024-02-18T11:31:29.831 INFO:teuthology.orchestra.run.smithi012.stdout:/usr/bin/ceph: stderr
2024-02-18T11:31:29.302+0000 7f3d08e87700 1 -- 172.21.15.12:0/4175009737 wait complete.
2024-02-18T11:31:30.674 INFO:journalctl@ceph.mon.a.smithi012.stdout:Feb 18 11:31:30 smithi012 ceph-mon[32460]: from='mgr.14120 172.21.15.12:0/2151529525' entity='mgr.x'
2024-02-18T11:31:30.674 INFO:journalctl@ceph.mon.a.smithi012.stdout:Feb 18 11:31:30 smithi012 ceph-mon[32460]: from='mgr.14120 172.21.15.12:0/2151529525' entity='mgr.x'
2024-02-18T11:31:30.936 INFO:teuthology.orchestra.run.smithi012.stdout:/usr/bin/ceph: stdout ssh-rsa AAAAB3NzaC1yc2EAAAADAQABAAABgQCsOxk1tzTDdhxzE92jO/raSNrXiPGUOfiYVJqSk5YsD8hBS9Bx0f4NSwPvwXjzQkKXjuyMfFbsnTg/fJ+tB/wANj52SWtSK2/wUEhWe8Vk+uXVvGLAxVGO+mQER9iiQtPJp1zIrI8amzHbgn5rJ4wV5DgPizEIHv+EpCX24Ig7PrRM96G2Ym0tex6URkhEvLX78LEH0tVvwAVWuC69EcATwiIZYSpIQSs5SpLyj89KxUQB8wM5gUV5jSe3/I1f3FuoU5u+i0prXNwkpUFE2owpD3YkZ/2ffUxS55z0WDL1lUKfgkCM8dCKuoTOShPstAbu4i6+kjqEDiOO2/l1IV657k60uLKrHX5BqW2kFPeO7Be3uSoA2pEVME+MJ87XWlW7N3Ut+MwXuOR95MAquLieGs2WqRNZc116ESTEt7Izqq0H4P/73NJmpY9VWP4rXUFxJNNQUQUkkyyFfMIRKtu3Wj1UKOO1gx+LNOV7Z7gMvBBLdmjPbsde+7pdILDIxwk= ceph-0c8bb0de-ce51-11ee-95ba-87774f69a715
2024-02-18T11:31:30.937 INFO:teuthology.orchestra.run.smithi012.stdout:/usr/bin/ceph: stderr
2024-02-18T11:31:30.220+0000 7f7a69860700 1 Processor -- start
2024-02-18T11:31:30.937 INFO:teuthology.orchestra.run.smithi012.stdout:/usr/bin/ceph: stderr
2024-02-18T11:31:30.220+0000 7f7a69860700 1 -- start start
2024-02-18T11:31:30.937 INFO:teuthology.orchestra.run.smithi012.stdout:/usr/bin/ceph: stderr
2024-02-18T11:31:30.220+0000 7f7a69860700 1 --2- >> [v2:172.21.15.12:3300/0,v1:172.21.15.12:6789/0] conn(0x7f7a64107730 0x7f7a64107b50 unknown :-1 s=NONE pgs=0 cs=0 l=0 rev1=0 crypto rx=0 tx=0 comp rx=0 tx=0).connect
2024-02-18T11:31:30.937 INFO:teuthology.orchestra.run.smithi012.stdout:/usr/bin/ceph: stderr
2024-02-18T11:31:30.220+0000 7f7a69860700 1 -- --> [v2:172.21.15.12:3300/0,v1:172.21.15.12:6789/0] -- mon_getmap magic: 0 v1 -- 0x7f7a64108120 con 0x7f7a64107730
2024-02-18T11:31:30.937 INFO:teuthology.orchestra.run.smithi012.stdout:/usr/bin/ceph: stderr
2024-02-18T11:31:30.221+0000 7f7a62ffd700 1 --2- >> [v2:172.21.15.12:3300/0,v1:172.21.15.12:6789/0] conn(0x7f7a64107730 0x7f7a64107b50 unknown :-1 s=BANNER_CONNECTING pgs=0 cs=0 l=0 rev1=0 crypto rx=0 tx=0 comp rx=0 tx=0)._handle_peer_banner_payload supported=3 required=0
2024-02-18T11:31:30.937 INFO:teuthology.orchestra.run.smithi012.stdout:/usr/bin/ceph: stderr
2024-02-18T11:31:30.221+0000 7f7a62ffd700 1 --2- >> [v2:172.21.15.12:3300/0,v1:172.21.15.12:6789/0] conn(0x7f7a64107730 0x7f7a64107b50 unknown :-1 s=HELLO_CONNECTING pgs=0 cs=0 l=0 rev1=1 crypto rx=0 tx=0 comp rx=0 tx=0).handle_hello peer v2:172.21.15.12:3300/0 says I am v2:172.21.15.12:51512/0 (socket says 172.21.15.12:51512)
2024-02-18T11:31:30.937 INFO:teuthology.orchestra.run.smithi012.stdout:/usr/bin/ceph: stderr
2024-02-18T11:31:30.221+0000 7f7a62ffd700 1 -- 172.21.15.12:0/4190478926 learned_addr learned my addr 172.21.15.12:0/4190478926 (peer_addr_for_me v2:172.21.15.12:0/0)
2024-02-18T11:31:30.937 INFO:teuthology.orchestra.run.smithi012.stdout:/usr/bin/ceph: stderr
2024-02-18T11:31:30.221+0000 7f7a62ffd700 1 -- 172.21.15.12:0/4190478926 --> [v2:172.21.15.12:3300/0,v1:172.21.15.12:6789/0] -- mon_subscribe({config=0+,monmap=0+}) v3 -- 0x7f7a64108930 con 0x7f7a64107730
2024-02-18T11:31:30.937 INFO:teuthology.orchestra.run.smithi012.stdout:/usr/bin/ceph: stderr
2024-02-18T11:31:30.221+0000 7f7a62ffd700 1 --2- 172.21.15.12:0/4190478926 >> [v2:172.21.15.12:3300/0,v1:172.21.15.12:6789/0] conn(0x7f7a64107730 0x7f7a64107b50 secure :-1 s=READY pgs=43 cs=0 l=1 rev1=1 crypto rx=0x7f7a5c009e80 tx=0x7f7a5c00b330 comp rx=0 tx=0).ready entity=mon.0 client_cookie=30a7c88b6c201008 server_cookie=0 in_seq=0 out_seq=0
2024-02-18T11:31:30.937 INFO:teuthology.orchestra.run.smithi012.stdout:/usr/bin/ceph: stderr
2024-02-18T11:31:30.221+0000 7f7a61ffb700 1 -- 172.21.15.12:0/4190478926 <== mon.0 v2:172.21.15.12:3300/0 1 ==== mon_map magic: 0 v1 ==== 205+0+0 (secure 0 0 0) 0x7f7a5c00e070 con 0x7f7a64107730
2024-02-18T11:31:30.937 INFO:teuthology.orchestra.run.smithi012.stdout:/usr/bin/ceph: stderr
2024-02-18T11:31:30.221+0000 7f7a61ffb700 1 -- 172.21.15.12:0/4190478926 <== mon.0 v2:172.21.15.12:3300/0 2 ==== config(27 keys) v1 ==== 1109+0+0 (secure 0 0 0) 0x7f7a5c00b8c0 con 0x7f7a64107730
2024-02-18T11:31:30.937 INFO:teuthology.orchestra.run.smithi012.stdout:/usr/bin/ceph: stderr
2024-02-18T11:31:30.221+0000 7f7a61ffb700 1 -- 172.21.15.12:0/4190478926 <== mon.0 v2:172.21.15.12:3300/0 3 ==== mon_map magic: 0 v1 ==== 205+0+0 (secure 0 0 0) 0x7f7a5c004550 con 0x7f7a64107730
2024-02-18T11:31:30.938 INFO:teuthology.orchestra.run.smithi012.stdout:/usr/bin/ceph: stderr
2024-02-18T11:31:30.222+0000 7f7a69860700 1 -- 172.21.15.12:0/4190478926 >> [v2:172.21.15.12:3300/0,v1:172.21.15.12:6789/0] conn(0x7f7a64107730 msgr2=0x7f7a64107b50 secure :-1 s=STATE_CONNECTION_ESTABLISHED l=1).mark_down
2024-02-18T11:31:30.938 INFO:teuthology.orchestra.run.smithi012.stdout:/usr/bin/ceph: stderr
2024-02-18T11:31:30.222+0000 7f7a69860700 1 --2- 172.21.15.12:0/4190478926 >> [v2:172.21.15.12:3300/0,v1:172.21.15.12:6789/0] conn(0x7f7a64107730 0x7f7a64107b50 secure :-1 s=READY pgs=43 cs=0 l=1 rev1=1 crypto rx=0x7f7a5c009e80 tx=0x7f7a5c00b330 comp rx=0 tx=0).stop
2024-02-18T11:31:30.938 INFO:teuthology.orchestra.run.smithi012.stdout:/usr/bin/ceph: stderr
2024-02-18T11:31:30.222+0000 7f7a69860700 1 -- 172.21.15.12:0/4190478926 shutdown_connections
2024-02-18T11:31:30.938 INFO:teuthology.orchestra.run.smithi012.stdout:/usr/bin/ceph: stderr
2024-02-18T11:31:30.222+0000 7f7a69860700 1 --2- 172.21.15.12:0/4190478926 >> [v2:172.21.15.12:3300/0,v1:172.21.15.12:6789/0] conn(0x7f7a64107730 0x7f7a64107b50 unknown :-1 s=CLOSED pgs=43 cs=0 l=1 rev1=1 crypto rx=0 tx=0 comp rx=0 tx=0).stop
2024-02-18T11:31:30.938 INFO:teuthology.orchestra.run.smithi012.stdout:/usr/bin/ceph: stderr
2024-02-18T11:31:30.222+0000 7f7a69860700 1 -- 172.21.15.12:0/4190478926 >> 172.21.15.12:0/4190478926 conn(0x7f7a64102d50 msgr2=0x7f7a64105170 unknown :-1 s=STATE_NONE l=0).mark_down
2024-02-18T11:31:30.938 INFO:teuthology.orchestra.run.smithi012.stdout:/usr/bin/ceph: stderr
2024-02-18T11:31:30.222+0000 7f7a69860700 1 -- 172.21.15.12:0/4190478926 shutdown_connections
2024-02-18T11:31:30.938 INFO:teuthology.orchestra.run.smithi012.stdout:/usr/bin/ceph: stderr
2024-02-18T11:31:30.222+0000 7f7a69860700 1 -- 172.21.15.12:0/4190478926 wait complete.
2024-02-18T11:31:30.938 INFO:teuthology.orchestra.run.smithi012.stdout:/usr/bin/ceph: stderr
2024-02-18T11:31:30.223+0000 7f7a69860700 1 Processor -- start
2024-02-18T11:31:30.938 INFO:teuthology.orchestra.run.smithi012.stdout:/usr/bin/ceph: stderr
2024-02-18T11:31:30.223+0000 7f7a69860700 1 -- start start
2024-02-18T11:31:30.938 INFO:teuthology.orchestra.run.smithi012.stdout:/usr/bin/ceph: stderr
2024-02-18T11:31:30.223+0000 7f7a69860700 1 --2- >> [v2:172.21.15.12:3300/0,v1:172.21.15.12:6789/0] conn(0x7f7a64107730 0x7f7a6419b410 unknown :-1 s=NONE pgs=0 cs=0 l=1 rev1=0 crypto rx=0 tx=0 comp rx=0 tx=0).connect
2024-02-18T11:31:30.938 INFO:teuthology.orchestra.run.smithi012.stdout:/usr/bin/ceph: stderr
2024-02-18T11:31:30.223+0000 7f7a69860700 1 -- --> [v2:172.21.15.12:3300/0,v1:172.21.15.12:6789/0] -- mon_getmap magic: 0 v1 -- 0x7f7a6419b950 con 0x7f7a64107730
2024-02-18T11:31:30.938 INFO:teuthology.orchestra.run.smithi012.stdout:/usr/bin/ceph: stderr
2024-02-18T11:31:30.223+0000 7f7a62ffd700 1 --2- >> [v2:172.21.15.12:3300/0,v1:172.21.15.12:6789/0] conn(0x7f7a64107730 0x7f7a6419b410 unknown :-1 s=BANNER_CONNECTING pgs=0 cs=0 l=1 rev1=0 crypto rx=0 tx=0 comp rx=0 tx=0)._handle_peer_banner_payload supported=3 required=0
2024-02-18T11:31:30.938 INFO:teuthology.orchestra.run.smithi012.stdout:/usr/bin/ceph: stderr
2024-02-18T11:31:30.223+0000 7f7a62ffd700 1 --2- >> [v2:172.21.15.12:3300/0,v1:172.21.15.12:6789/0] conn(0x7f7a64107730 0x7f7a6419b410 unknown :-1 s=HELLO_CONNECTING pgs=0 cs=0 l=1 rev1=1 crypto rx=0 tx=0 comp rx=0 tx=0).handle_hello peer v2:172.21.15.12:3300/0 says I am v2:172.21.15.12:51526/0 (socket says 172.21.15.12:51526)
2024-02-18T11:31:30.938 INFO:teuthology.orchestra.run.smithi012.stdout:/usr/bin/ceph: stderr
2024-02-18T11:31:30.223+0000 7f7a62ffd700 1 -- 172.21.15.12:0/1594484166 learned_addr learned my addr 172.21.15.12:0/1594484166 (peer_addr_for_me v2:172.21.15.12:0/0)
2024-02-18T11:31:30.938 INFO:teuthology.orchestra.run.smithi012.stdout:/usr/bin/ceph: stderr
2024-02-18T11:31:30.223+0000 7f7a62ffd700 1 -- 172.21.15.12:0/1594484166 --> [v2:172.21.15.12:3300/0,v1:172.21.15.12:6789/0] -- mon_subscribe({config=0+,monmap=0+}) v3 -- 0x7f7a5c009b30 con 0x7f7a64107730
2024-02-18T11:31:30.939 INFO:teuthology.orchestra.run.smithi012.stdout:/usr/bin/ceph: stderr
2024-02-18T11:31:30.224+0000 7f7a62ffd700 1 --2- 172.21.15.12:0/1594484166 >> [v2:172.21.15.12:3300/0,v1:172.21.15.12:6789/0] conn(0x7f7a64107730 0x7f7a6419b410 secure :-1 s=READY pgs=44 cs=0 l=1 rev1=1 crypto rx=0x7f7a5c009fd0 tx=0x7f7a5c003d00 comp rx=0 tx=0).ready entity=mon.0 client_cookie=0 server_cookie=0 in_seq=0 out_seq=0
2024-02-18T11:31:30.939 INFO:teuthology.orchestra.run.smithi012.stdout:/usr/bin/ceph: stderr
2024-02-18T11:31:30.224+0000 7f7a6885e700 1 -- 172.21.15.12:0/1594484166 <== mon.0 v2:172.21.15.12:3300/0 1 ==== mon_map magic: 0 v1 ==== 205+0+0 (secure 0 0 0) 0x7f7a5c00e040 con 0x7f7a64107730
2024-02-18T11:31:30.939 INFO:teuthology.orchestra.run.smithi012.stdout:/usr/bin/ceph: stderr
2024-02-18T11:31:30.224+0000 7f7a6885e700 1 -- 172.21.15.12:0/1594484166 <== mon.0 v2:172.21.15.12:3300/0 2 ==== config(27 keys) v1 ==== 1109+0+0 (secure 0 0 0) 0x7f7a5c0128f0 con 0x7f7a64107730
2024-02-18T11:31:30.939 INFO:teuthology.orchestra.run.smithi012.stdout:/usr/bin/ceph: stderr
2024-02-18T11:31:30.224+0000 7f7a6885e700 1 -- 172.21.15.12:0/1594484166 <== mon.0 v2:172.21.15.12:3300/0 3 ==== mon_map magic: 0 v1 ==== 205+0+0 (secure 0 0 0) 0x7f7a5c01c770 con 0x7f7a64107730
2024-02-18T11:31:30.939 INFO:teuthology.orchestra.run.smithi012.stdout:/usr/bin/ceph: stderr
2024-02-18T11:31:30.224+0000 7f7a69860700 1 -- 172.21.15.12:0/1594484166 --> [v2:172.21.15.12:3300/0,v1:172.21.15.12:6789/0] -- mon_subscribe({mgrmap=0+}) v3 -- 0x7f7a6419bb50 con 0x7f7a64107730
2024-02-18T11:31:30.939 INFO:teuthology.orchestra.run.smithi012.stdout:/usr/bin/ceph: stderr
2024-02-18T11:31:30.224+0000 7f7a69860700 1 -- 172.21.15.12:0/1594484166 --> [v2:172.21.15.12:3300/0,v1:172.21.15.12:6789/0] -- mon_subscribe({osdmap=0}) v3 -- 0x7f7a6419bfd0 con 0x7f7a64107730
2024-02-18T11:31:30.939 INFO:teuthology.orchestra.run.smithi012.stdout:/usr/bin/ceph: stderr
2024-02-18T11:31:30.225+0000 7f7a6885e700 1 -- 172.21.15.12:0/1594484166 <== mon.0 v2:172.21.15.12:3300/0 4 ==== mgrmap(e 8) v1 ==== 46091+0+0 (secure 0 0 0) 0x7f7a5c01c9e0 con 0x7f7a64107730
2024-02-18T11:31:30.939 INFO:teuthology.orchestra.run.smithi012.stdout:/usr/bin/ceph: stderr
2024-02-18T11:31:30.225+0000 7f7a69860700 1 -- 172.21.15.12:0/1594484166 --> [v2:172.21.15.12:3300/0,v1:172.21.15.12:6789/0] -- mon_command({"prefix": "get_command_descriptions"} v 0) v1 -- 0x7f7a64068da0 con 0x7f7a64107730
2024-02-18T11:31:30.939 INFO:teuthology.orchestra.run.smithi012.stdout:/usr/bin/ceph: stderr
2024-02-18T11:31:30.225+0000 7f7a6885e700 1 --2- 172.21.15.12:0/1594484166 >> [v2:172.21.15.12:6800/4135274411,v1:172.21.15.12:6801/4135274411] conn(0x7f7a50039160 0x7f7a5003b620 unknown :-1 s=NONE pgs=0 cs=0 l=1 rev1=0 crypto rx=0 tx=0 comp rx=0 tx=0).connect
2024-02-18T11:31:30.939 INFO:teuthology.orchestra.run.smithi012.stdout:/usr/bin/ceph: stderr
2024-02-18T11:31:30.225+0000 7f7a6885e700 1 -- 172.21.15.12:0/1594484166 <== mon.0 v2:172.21.15.12:3300/0 5 ==== osd_map(2..2 src has 1..2) v4 ==== 940+0+0 (secure 0 0 0) 0x7f7a5c04d3b0 con 0x7f7a64107730
2024-02-18T11:31:30.939 INFO:teuthology.orchestra.run.smithi012.stdout:/usr/bin/ceph: stderr
2024-02-18T11:31:30.225+0000 7f7a627fc700 1 --2- 172.21.15.12:0/1594484166 >> [v2:172.21.15.12:6800/4135274411,v1:172.21.15.12:6801/4135274411] conn(0x7f7a50039160 0x7f7a5003b620 unknown :-1 s=BANNER_CONNECTING pgs=0 cs=0 l=1 rev1=0 crypto rx=0 tx=0 comp rx=0 tx=0)._handle_peer_banner_payload supported=3 required=0
2024-02-18T11:31:30.939 INFO:teuthology.orchestra.run.smithi012.stdout:/usr/bin/ceph: stderr
2024-02-18T11:31:30.225+0000 7f7a627fc700 1 --2- 172.21.15.12:0/1594484166 >> [v2:172.21.15.12:6800/4135274411,v1:172.21.15.12:6801/4135274411] conn(0x7f7a50039160 0x7f7a5003b620 secure :-1 s=READY pgs=10 cs=0 l=1 rev1=1 crypto rx=0x7f7a4c006fd0 tx=0x7f7a4c006e40 comp rx=0 tx=0).ready entity=mgr.14120 client_cookie=0 server_cookie=0 in_seq=0 out_seq=0
2024-02-18T11:31:30.939 INFO:teuthology.orchestra.run.smithi012.stdout:/usr/bin/ceph: stderr
2024-02-18T11:31:30.230+0000 7f7a6885e700 1 -- 172.21.15.12:0/1594484166 <== mon.0 v2:172.21.15.12:3300/0 6 ==== mon_command_ack([{"prefix": "get_command_descriptions"}]=0 v0) v1 ==== 72+0+183564 (secure 0 0 0) 0x7f7a5c011960 con 0x7f7a64107730
2024-02-18T11:31:30.939 INFO:teuthology.orchestra.run.smithi012.stdout:/usr/bin/ceph: stderr
2024-02-18T11:31:30.432+0000 7f7a69860700 1 -- 172.21.15.12:0/1594484166 --> [v2:172.21.15.12:6800/4135274411,v1:172.21.15.12:6801/4135274411] -- mgr_command(tid 0: {"prefix": "cephadm get-pub-key", "target": ["mon-mgr", ""]}) v1 -- 0x7f7a64103f50 con 0x7f7a50039160
2024-02-18T11:31:30.940 INFO:teuthology.orchestra.run.smithi012.stdout:/usr/bin/ceph: stderr
2024-02-18T11:31:30.433+0000 7f7a6885e700 1 -- 172.21.15.12:0/1594484166 <== mgr.14120 v2:172.21.15.12:6800/4135274411 1 ==== mgr_command_reply(tid 0: 0 ) v1 ==== 8+0+595 (secure 0 0 0) 0x7f7a64103f50 con 0x7f7a50039160
2024-02-18T11:31:30.940 INFO:teuthology.orchestra.run.smithi012.stdout:/usr/bin/ceph: stderr
2024-02-18T11:31:30.435+0000 7f7a69860700 1 -- 172.21.15.12:0/1594484166 >> [v2:172.21.15.12:6800/4135274411,v1:172.21.15.12:6801/4135274411] conn(0x7f7a50039160 msgr2=0x7f7a5003b620 secure :-1 s=STATE_CONNECTION_ESTABLISHED l=1).mark_down
2024-02-18T11:31:30.940 INFO:teuthology.orchestra.run.smithi012.stdout:/usr/bin/ceph: stderr
2024-02-18T11:31:30.435+0000 7f7a69860700 1 --2- 172.21.15.12:0/1594484166 >> [v2:172.21.15.12:6800/4135274411,v1:172.21.15.12:6801/4135274411] conn(0x7f7a50039160 0x7f7a5003b620 secure :-1 s=READY pgs=10 cs=0 l=1 rev1=1 crypto rx=0x7f7a4c006fd0 tx=0x7f7a4c006e40 comp rx=0 tx=0).stop
2024-02-18T11:31:30.940 INFO:teuthology.orchestra.run.smithi012.stdout:/usr/bin/ceph: stderr
2024-02-18T11:31:30.435+0000 7f7a69860700 1 -- 172.21.15.12:0/1594484166 >> [v2:172.21.15.12:3300/0,v1:172.21.15.12:6789/0] conn(0x7f7a64107730 msgr2=0x7f7a6419b410 secure :-1 s=STATE_CONNECTION_ESTABLISHED l=1).mark_down
2024-02-18T11:31:30.940 INFO:teuthology.orchestra.run.smithi012.stdout:/usr/bin/ceph: stderr
2024-02-18T11:31:30.435+0000 7f7a69860700 1 --2- 172.21.15.12:0/1594484166 >> [v2:172.21.15.12:3300/0,v1:172.21.15.12:6789/0] conn(0x7f7a64107730 0x7f7a6419b410 secure :-1 s=READY pgs=44 cs=0 l=1 rev1=1 crypto rx=0x7f7a5c009fd0 tx=0x7f7a5c003d00 comp rx=0 tx=0).stop
