2024-02-18T11:31:54.112 INFO:teuthology.orchestra.run.smithi012.stdout:/usr/bin/ceph: stderr
2024-02-18T11:31:53.222+0000 7f9c7d3e2700 1 -- start start
2024-02-18T11:31:54.112 INFO:teuthology.orchestra.run.smithi012.stdout:/usr/bin/ceph: stderr
2024-02-18T11:31:53.222+0000 7f9c7d3e2700 1 --2- >> [v2:172.21.15.12:3300/0,v1:172.21.15.12:6789/0] conn(0x7f9c78108180 0x7f9c7810a570 unknown :-1 s=NONE pgs=0 cs=0 l=0 rev1=0 crypto rx=0 tx=0 comp rx=0 tx=0).connect
2024-02-18T11:31:54.112 INFO:teuthology.orchestra.run.smithi012.stdout:/usr/bin/ceph: stderr
2024-02-18T11:31:53.222+0000 7f9c7d3e2700 1 -- --> [v2:172.21.15.12:3300/0,v1:172.21.15.12:6789/0] -- mon_getmap magic: 0 v1 -- 0x7f9c78075730 con 0x7f9c78108180
2024-02-18T11:31:54.112 INFO:teuthology.orchestra.run.smithi012.stdout:/usr/bin/ceph: stderr
2024-02-18T11:31:53.222+0000 7f9c76ffd700 1 --2- >> [v2:172.21.15.12:3300/0,v1:172.21.15.12:6789/0] conn(0x7f9c78108180 0x7f9c7810a570 unknown :-1 s=BANNER_CONNECTING pgs=0 cs=0 l=0 rev1=0 crypto rx=0 tx=0 comp rx=0 tx=0)._handle_peer_banner_payload supported=3 required=0
2024-02-18T11:31:54.112 INFO:teuthology.orchestra.run.smithi012.stdout:/usr/bin/ceph: stderr
2024-02-18T11:31:53.222+0000 7f9c76ffd700 1 --2- >> [v2:172.21.15.12:3300/0,v1:172.21.15.12:6789/0] conn(0x7f9c78108180 0x7f9c7810a570 unknown :-1 s=HELLO_CONNECTING pgs=0 cs=0 l=0 rev1=1 crypto rx=0 tx=0 comp rx=0 tx=0).handle_hello peer v2:172.21.15.12:3300/0 says I am v2:172.21.15.12:52652/0 (socket says 172.21.15.12:52652)
2024-02-18T11:31:54.112 INFO:teuthology.orchestra.run.smithi012.stdout:/usr/bin/ceph: stderr
2024-02-18T11:31:53.222+0000 7f9c76ffd700 1 -- 172.21.15.12:0/3253062395 learned_addr learned my addr 172.21.15.12:0/3253062395 (peer_addr_for_me v2:172.21.15.12:0/0)
2024-02-18T11:31:54.112 INFO:teuthology.orchestra.run.smithi012.stdout:/usr/bin/ceph: stderr
2024-02-18T11:31:53.223+0000 7f9c76ffd700 1 -- 172.21.15.12:0/3253062395 --> [v2:172.21.15.12:3300/0,v1:172.21.15.12:6789/0] -- mon_subscribe({config=0+,monmap=0+}) v3 -- 0x7f9c7810aab0 con 0x7f9c78108180
2024-02-18T11:31:54.112 INFO:teuthology.orchestra.run.smithi012.stdout:/usr/bin/ceph: stderr
2024-02-18T11:31:53.223+0000 7f9c76ffd700 1 --2- 172.21.15.12:0/3253062395 >> [v2:172.21.15.12:3300/0,v1:172.21.15.12:6789/0] conn(0x7f9c78108180 0x7f9c7810a570 secure :-1 s=READY pgs=70 cs=0 l=1 rev1=1 crypto rx=0x7f9c680098a0 tx=0x7f9c68009bb0 comp rx=0 tx=0).ready entity=mon.0 client_cookie=785f9566351666d9 server_cookie=0 in_seq=0 out_seq=0
2024-02-18T11:31:54.112 INFO:teuthology.orchestra.run.smithi012.stdout:/usr/bin/ceph: stderr
2024-02-18T11:31:53.223+0000 7f9c767fc700 1 -- 172.21.15.12:0/3253062395 <== mon.0 v2:172.21.15.12:3300/0 1 ==== mon_map magic: 0 v1 ==== 205+0+0 (secure 0 0 0) 0x7f9c68004160 con 0x7f9c78108180
2024-02-18T11:31:54.112 INFO:teuthology.orchestra.run.smithi012.stdout:/usr/bin/ceph: stderr
2024-02-18T11:31:53.223+0000 7f9c767fc700 1 -- 172.21.15.12:0/3253062395 <== mon.0 v2:172.21.15.12:3300/0 2 ==== config(27 keys) v1 ==== 1140+0+0 (secure 0 0 0) 0x7f9c680042c0 con 0x7f9c78108180
2024-02-18T11:31:54.112 INFO:teuthology.orchestra.run.smithi012.stdout:/usr/bin/ceph: stderr
2024-02-18T11:31:53.223+0000 7f9c767fc700 1 -- 172.21.15.12:0/3253062395 <== mon.0 v2:172.21.15.12:3300/0 3 ==== mon_map magic: 0 v1 ==== 205+0+0 (secure 0 0 0) 0x7f9c68011a80 con 0x7f9c78108180
2024-02-18T11:31:54.112 INFO:teuthology.orchestra.run.smithi012.stdout:/usr/bin/ceph: stderr
2024-02-18T11:31:53.224+0000 7f9c7d3e2700 1 -- 172.21.15.12:0/3253062395 >> [v2:172.21.15.12:3300/0,v1:172.21.15.12:6789/0] conn(0x7f9c78108180 msgr2=0x7f9c7810a570 secure :-1 s=STATE_CONNECTION_ESTABLISHED l=1).mark_down
2024-02-18T11:31:54.113 INFO:teuthology.orchestra.run.smithi012.stdout:/usr/bin/ceph: stderr
2024-02-18T11:31:53.224+0000 7f9c7d3e2700 1 --2- 172.21.15.12:0/3253062395 >> [v2:172.21.15.12:3300/0,v1:172.21.15.12:6789/0] conn(0x7f9c78108180 0x7f9c7810a570 secure :-1 s=READY pgs=70 cs=0 l=1 rev1=1 crypto rx=0x7f9c680098a0 tx=0x7f9c68009bb0 comp rx=0 tx=0).stop
2024-02-18T11:31:54.113 INFO:teuthology.orchestra.run.smithi012.stdout:/usr/bin/ceph: stderr
2024-02-18T11:31:53.224+0000 7f9c7d3e2700 1 -- 172.21.15.12:0/3253062395 shutdown_connections
2024-02-18T11:31:54.113 INFO:teuthology.orchestra.run.smithi012.stdout:/usr/bin/ceph: stderr
2024-02-18T11:31:53.224+0000 7f9c7d3e2700 1 --2- 172.21.15.12:0/3253062395 >> [v2:172.21.15.12:3300/0,v1:172.21.15.12:6789/0] conn(0x7f9c78108180 0x7f9c7810a570 unknown :-1 s=CLOSED pgs=70 cs=0 l=1 rev1=1 crypto rx=0 tx=0 comp rx=0 tx=0).stop
2024-02-18T11:31:54.113 INFO:teuthology.orchestra.run.smithi012.stdout:/usr/bin/ceph: stderr
2024-02-18T11:31:53.224+0000 7f9c7d3e2700 1 -- 172.21.15.12:0/3253062395 >> 172.21.15.12:0/3253062395 conn(0x7f9c78101c10 msgr2=0x7f9c78104030 unknown :-1 s=STATE_NONE l=0).mark_down
2024-02-18T11:31:54.113 INFO:teuthology.orchestra.run.smithi012.stdout:/usr/bin/ceph: stderr
2024-02-18T11:31:53.224+0000 7f9c7d3e2700 1 -- 172.21.15.12:0/3253062395 shutdown_connections
2024-02-18T11:31:54.113 INFO:teuthology.orchestra.run.smithi012.stdout:/usr/bin/ceph: stderr
2024-02-18T11:31:53.224+0000 7f9c7d3e2700 1 -- 172.21.15.12:0/3253062395 wait complete.
2024-02-18T11:31:54.113 INFO:teuthology.orchestra.run.smithi012.stdout:/usr/bin/ceph: stderr
2024-02-18T11:31:53.224+0000 7f9c7d3e2700 1 Processor -- start
2024-02-18T11:31:54.113 INFO:teuthology.orchestra.run.smithi012.stdout:/usr/bin/ceph: stderr
2024-02-18T11:31:53.225+0000 7f9c7d3e2700 1 -- start start
2024-02-18T11:31:54.113 INFO:teuthology.orchestra.run.smithi012.stdout:/usr/bin/ceph: stderr
2024-02-18T11:31:53.225+0000 7f9c7d3e2700 1 --2- >> [v2:172.21.15.12:3300/0,v1:172.21.15.12:6789/0] conn(0x7f9c78108180 0x7f9c7819d6b0 unknown :-1 s=NONE pgs=0 cs=0 l=1 rev1=0 crypto rx=0 tx=0 comp rx=0 tx=0).connect
2024-02-18T11:31:54.113 INFO:teuthology.orchestra.run.smithi012.stdout:/usr/bin/ceph: stderr
2024-02-18T11:31:53.225+0000 7f9c7d3e2700 1 -- --> [v2:172.21.15.12:3300/0,v1:172.21.15.12:6789/0] -- mon_getmap magic: 0 v1 -- 0x7f9c7819dbf0 con 0x7f9c78108180
2024-02-18T11:31:54.113 INFO:teuthology.orchestra.run.smithi012.stdout:/usr/bin/ceph: stderr
2024-02-18T11:31:53.225+0000 7f9c76ffd700 1 --2- >> [v2:172.21.15.12:3300/0,v1:172.21.15.12:6789/0] conn(0x7f9c78108180 0x7f9c7819d6b0 unknown :-1 s=BANNER_CONNECTING pgs=0 cs=0 l=1 rev1=0 crypto rx=0 tx=0 comp rx=0 tx=0)._handle_peer_banner_payload supported=3 required=0
2024-02-18T11:31:54.113 INFO:teuthology.orchestra.run.smithi012.stdout:/usr/bin/ceph: stderr
2024-02-18T11:31:53.225+0000 7f9c76ffd700 1 --2- >> [v2:172.21.15.12:3300/0,v1:172.21.15.12:6789/0] conn(0x7f9c78108180 0x7f9c7819d6b0 unknown :-1 s=HELLO_CONNECTING pgs=0 cs=0 l=1 rev1=1 crypto rx=0 tx=0 comp rx=0 tx=0).handle_hello peer v2:172.21.15.12:3300/0 says I am v2:172.21.15.12:52658/0 (socket says 172.21.15.12:52658)
2024-02-18T11:31:54.113 INFO:teuthology.orchestra.run.smithi012.stdout:/usr/bin/ceph: stderr
2024-02-18T11:31:53.225+0000 7f9c76ffd700 1 -- 172.21.15.12:0/58535223 learned_addr learned my addr 172.21.15.12:0/58535223 (peer_addr_for_me v2:172.21.15.12:0/0)
2024-02-18T11:31:54.113 INFO:teuthology.orchestra.run.smithi012.stdout:/usr/bin/ceph: stderr
2024-02-18T11:31:53.225+0000 7f9c76ffd700 1 -- 172.21.15.12:0/58535223 --> [v2:172.21.15.12:3300/0,v1:172.21.15.12:6789/0] -- mon_subscribe({config=0+,monmap=0+}) v3 -- 0x7f9c68009550 con 0x7f9c78108180
2024-02-18T11:31:54.114 INFO:teuthology.orchestra.run.smithi012.stdout:/usr/bin/ceph: stderr
2024-02-18T11:31:53.225+0000 7f9c76ffd700 1 --2- 172.21.15.12:0/58535223 >> [v2:172.21.15.12:3300/0,v1:172.21.15.12:6789/0] conn(0x7f9c78108180 0x7f9c7819d6b0 secure :-1 s=READY pgs=71 cs=0 l=1 rev1=1 crypto rx=0x7f9c68003f20 tx=0x7f9c68011b00 comp rx=0 tx=0).ready entity=mon.0 client_cookie=0 server_cookie=0 in_seq=0 out_seq=0
2024-02-18T11:31:54.114 INFO:teuthology.orchestra.run.smithi012.stdout:/usr/bin/ceph: stderr
2024-02-18T11:31:53.225+0000 7f9c74ff9700 1 -- 172.21.15.12:0/58535223 <== mon.0 v2:172.21.15.12:3300/0 1 ==== mon_map magic: 0 v1 ==== 205+0+0 (secure 0 0 0) 0x7f9c680039f0 con 0x7f9c78108180
2024-02-18T11:31:54.114 INFO:teuthology.orchestra.run.smithi012.stdout:/usr/bin/ceph: stderr
2024-02-18T11:31:53.225+0000 7f9c74ff9700 1 -- 172.21.15.12:0/58535223 <== mon.0 v2:172.21.15.12:3300/0 2 ==== config(27 keys) v1 ==== 1140+0+0 (secure 0 0 0) 0x7f9c68003b50 con 0x7f9c78108180
2024-02-18T11:31:54.114 INFO:teuthology.orchestra.run.smithi012.stdout:/usr/bin/ceph: stderr
2024-02-18T11:31:53.225+0000 7f9c74ff9700 1 -- 172.21.15.12:0/58535223 <== mon.0 v2:172.21.15.12:3300/0 3 ==== mon_map magic: 0 v1 ==== 205+0+0 (secure 0 0 0) 0x7f9c6801a6d0 con 0x7f9c78108180
2024-02-18T11:31:54.114 INFO:teuthology.orchestra.run.smithi012.stdout:/usr/bin/ceph: stderr
2024-02-18T11:31:53.225+0000 7f9c7d3e2700 1 -- 172.21.15.12:0/58535223 --> [v2:172.21.15.12:3300/0,v1:172.21.15.12:6789/0] -- mon_subscribe({mgrmap=0+}) v3 -- 0x7f9c7819ddf0 con 0x7f9c78108180
2024-02-18T11:31:54.114 INFO:teuthology.orchestra.run.smithi012.stdout:/usr/bin/ceph: stderr
2024-02-18T11:31:53.226+0000 7f9c7d3e2700 1 -- 172.21.15.12:0/58535223 --> [v2:172.21.15.12:3300/0,v1:172.21.15.12:6789/0] -- mon_subscribe({osdmap=0}) v3 -- 0x7f9c7819e290 con 0x7f9c78108180
2024-02-18T11:31:54.114 INFO:teuthology.orchestra.run.smithi012.stdout:/usr/bin/ceph: stderr
2024-02-18T11:31:53.226+0000 7f9c74ff9700 1 -- 172.21.15.12:0/58535223 <== mon.0 v2:172.21.15.12:3300/0 4 ==== mgrmap(e 12) v1 ==== 46104+0+0 (secure 0 0 0) 0x7f9c6801a940 con 0x7f9c78108180
2024-02-18T11:31:54.114 INFO:teuthology.orchestra.run.smithi012.stdout:/usr/bin/ceph: stderr
2024-02-18T11:31:53.226+0000 7f9c7d3e2700 1 -- 172.21.15.12:0/58535223 --> [v2:172.21.15.12:3300/0,v1:172.21.15.12:6789/0] -- mon_command({"prefix": "get_command_descriptions"} v 0) v1 -- 0x7f9c7810b8f0 con 0x7f9c78108180
2024-02-18T11:31:54.114 INFO:teuthology.orchestra.run.smithi012.stdout:/usr/bin/ceph: stderr
2024-02-18T11:31:53.227+0000 7f9c74ff9700 1 --2- 172.21.15.12:0/58535223 >> [v2:172.21.15.12:6800/1153736685,v1:172.21.15.12:6801/1153736685] conn(0x7f9c64039170 0x7f9c6403b630 unknown :-1 s=NONE pgs=0 cs=0 l=1 rev1=0 crypto rx=0 tx=0 comp rx=0 tx=0).connect
2024-02-18T11:31:54.114 INFO:teuthology.orchestra.run.smithi012.stdout:/usr/bin/ceph: stderr
2024-02-18T11:31:53.227+0000 7f9c74ff9700 1 -- 172.21.15.12:0/58535223 <== mon.0 v2:172.21.15.12:3300/0 5 ==== osd_map(3..3 src has 1..3) v4 ==== 1155+0+0 (secure 0 0 0) 0x7f9c6804d7a0 con 0x7f9c78108180
2024-02-18T11:31:54.114 INFO:teuthology.orchestra.run.smithi012.stdout:/usr/bin/ceph: stderr
2024-02-18T11:31:53.227+0000 7f9c6e7fc700 1 --2- 172.21.15.12:0/58535223 >> [v2:172.21.15.12:6800/1153736685,v1:172.21.15.12:6801/1153736685] conn(0x7f9c64039170 0x7f9c6403b630 unknown :-1 s=BANNER_CONNECTING pgs=0 cs=0 l=1 rev1=0 crypto rx=0 tx=0 comp rx=0 tx=0)._handle_peer_banner_payload supported=3 required=0
2024-02-18T11:31:54.114 INFO:teuthology.orchestra.run.smithi012.stdout:/usr/bin/ceph: stderr
2024-02-18T11:31:53.227+0000 7f9c6e7fc700 1 --2- 172.21.15.12:0/58535223 >> [v2:172.21.15.12:6800/1153736685,v1:172.21.15.12:6801/1153736685] conn(0x7f9c64039170 0x7f9c6403b630 secure :-1 s=READY pgs=7 cs=0 l=1 rev1=1 crypto rx=0x7f9c60006fd0 tx=0x7f9c60006e40 comp rx=0 tx=0).ready entity=mgr.14152 client_cookie=0 server_cookie=0 in_seq=0 out_seq=0
2024-02-18T11:31:54.114 INFO:teuthology.orchestra.run.smithi012.stdout:/usr/bin/ceph: stderr
2024-02-18T11:31:53.232+0000 7f9c74ff9700 1 -- 172.21.15.12:0/58535223 <== mon.0 v2:172.21.15.12:3300/0 6 ==== mon_command_ack([{"prefix": "get_command_descriptions"}]=0 v0) v1 ==== 72+0+183564 (secure 0 0 0) 0x7f9c68018dc0 con 0x7f9c78108180
2024-02-18T11:31:54.115 INFO:teuthology.orchestra.run.smithi012.stdout:/usr/bin/ceph: stderr
2024-02-18T11:31:53.446+0000 7f9c7d3e2700 1 -- 172.21.15.12:0/58535223 --> [v2:172.21.15.12:6800/1153736685,v1:172.21.15.12:6801/1153736685] -- mgr_command(tid 0: {"prefix": "dashboard create-self-signed-cert", "target": ["mon-mgr", ""]}) v1 -- 0x7f9c781a0bd0 con 0x7f9c64039170
2024-02-18T11:31:54.115 INFO:teuthology.orchestra.run.smithi012.stdout:/usr/bin/ceph: stderr
2024-02-18T11:31:53.560+0000 7f9c74ff9700 1 -- 172.21.15.12:0/58535223 <== mgr.14152 v2:172.21.15.12:6800/1153736685 1 ==== mgr_command_reply(tid 0: 0 ) v1 ==== 8+0+32 (secure 0 0 0) 0x7f9c781a0bd0 con 0x7f9c64039170
2024-02-18T11:31:54.115 INFO:teuthology.orchestra.run.smithi012.stdout:/usr/bin/ceph: stderr
2024-02-18T11:31:53.562+0000 7f9c7d3e2700 1 -- 172.21.15.12:0/58535223 >> [v2:172.21.15.12:6800/1153736685,v1:172.21.15.12:6801/1153736685] conn(0x7f9c64039170 msgr2=0x7f9c6403b630 secure :-1 s=STATE_CONNECTION_ESTABLISHED l=1).mark_down
2024-02-18T11:31:54.115 INFO:teuthology.orchestra.run.smithi012.stdout:/usr/bin/ceph: stderr
2024-02-18T11:31:53.562+0000 7f9c7d3e2700 1 --2- 172.21.15.12:0/58535223 >> [v2:172.21.15.12:6800/1153736685,v1:172.21.15.12:6801/1153736685] conn(0x7f9c64039170 0x7f9c6403b630 secure :-1 s=READY pgs=7 cs=0 l=1 rev1=1 crypto rx=0x7f9c60006fd0 tx=0x7f9c60006e40 comp rx=0 tx=0).stop
2024-02-18T11:31:54.115 INFO:teuthology.orchestra.run.smithi012.stdout:/usr/bin/ceph: stderr
2024-02-18T11:31:53.562+0000 7f9c7d3e2700 1 -- 172.21.15.12:0/58535223 >> [v2:172.21.15.12:3300/0,v1:172.21.15.12:6789/0] conn(0x7f9c78108180 msgr2=0x7f9c7819d6b0 secure :-1 s=STATE_CONNECTION_ESTABLISHED l=1).mark_down
2024-02-18T11:31:54.115 INFO:teuthology.orchestra.run.smithi012.stdout:/usr/bin/ceph: stderr
2024-02-18T11:31:53.562+0000 7f9c7d3e2700 1 --2- 172.21.15.12:0/58535223 >> [v2:172.21.15.12:3300/0,v1:172.21.15.12:6789/0] conn(0x7f9c78108180 0x7f9c7819d6b0 secure :-1 s=READY pgs=71 cs=0 l=1 rev1=1 crypto rx=0x7f9c68003f20 tx=0x7f9c68011b00 comp rx=0 tx=0).stop
2024-02-18T11:31:54.115 INFO:teuthology.orchestra.run.smithi012.stdout:/usr/bin/ceph: stderr
2024-02-18T11:31:53.562+0000 7f9c7d3e2700 1 -- 172.21.15.12:0/58535223 shutdown_connections
2024-02-18T11:31:54.115 INFO:teuthology.orchestra.run.smithi012.stdout:/usr/bin/ceph: stderr
2024-02-18T11:31:53.562+0000 7f9c7d3e2700 1 --2- 172.21.15.12:0/58535223 >> [v2:172.21.15.12:6800/1153736685,v1:172.21.15.12:6801/1153736685] conn(0x7f9c64039170 0x7f9c6403b630 unknown :-1 s=CLOSED pgs=7 cs=0 l=1 rev1=1 crypto rx=0 tx=0 comp rx=0 tx=0).stop
2024-02-18T11:31:54.115 INFO:teuthology.orchestra.run.smithi012.stdout:/usr/bin/ceph: stderr
2024-02-18T11:31:53.562+0000 7f9c7d3e2700 1 --2- 172.21.15.12:0/58535223 >> [v2:172.21.15.12:3300/0,v1:172.21.15.12:6789/0] conn(0x7f9c78108180 0x7f9c7819d6b0 unknown :-1 s=CLOSED pgs=71 cs=0 l=1 rev1=1 crypto rx=0 tx=0 comp rx=0 tx=0).stop
2024-02-18T11:31:54.115 INFO:teuthology.orchestra.run.smithi012.stdout:/usr/bin/ceph: stderr
2024-02-18T11:31:53.562+0000 7f9c7d3e2700 1 -- 172.21.15.12:0/58535223 >> 172.21.15.12:0/58535223 conn(0x7f9c78101c10 msgr2=0x7f9c78102680 unknown :-1 s=STATE_NONE l=0).mark_down
2024-02-18T11:31:54.115 INFO:teuthology.orchestra.run.smithi012.stdout:/usr/bin/ceph: stderr
2024-02-18T11:31:53.562+0000 7f9c7d3e2700 1 -- 172.21.15.12:0/58535223 shutdown_connections
2024-02-18T11:31:54.115 INFO:teuthology.orchestra.run.smithi012.stdout:/usr/bin/ceph: stderr
2024-02-18T11:31:53.562+0000 7f9c7d3e2700 1 -- 172.21.15.12:0/58535223 wait complete.
2024-02-18T11:31:54.115 INFO:teuthology.orchestra.run.smithi012.stdout:Creating initial admin user...
2024-02-18T11:31:54.174 INFO:journalctl@ceph.mon.a.smithi012.stdout:Feb 18 11:31:53 smithi012 ceph-mon[32460]: mgrmap e12: x(active, since 2s)
2024-02-18T11:31:54.174 INFO:journalctl@ceph.mon.a.smithi012.stdout:Feb 18 11:31:53 smithi012 ceph-mon[32460]: from='mgr.14152 172.21.15.12:0/4035763835' entity='mgr.x'
2024-02-18T11:31:54.174 INFO:journalctl@ceph.mon.a.smithi012.stdout:Feb 18 11:31:53 smithi012 ceph-mon[32460]: from='client.14164 -' entity='client.admin' cmd=[{"prefix": "dashboard create-self-signed-cert", "target": ["mon-mgr", ""]}]: dispatch
2024-02-18T11:31:54.174 INFO:journalctl@ceph.mon.a.smithi012.stdout:Feb 18 11:31:53 smithi012 ceph-mon[32460]: from='mgr.14152 172.21.15.12:0/4035763835' entity='mgr.x'
2024-02-18T11:31:54.174 INFO:journalctl@ceph.mon.a.smithi012.stdout:Feb 18 11:31:53 smithi012 ceph-mon[32460]: from='mgr.14152 172.21.15.12:0/4035763835' entity='mgr.x'
2024-02-18T11:31:55.640 INFO:journalctl@ceph.mon.a.smithi012.stdout:Feb 18 11:31:55 smithi012 ceph-mon[32460]: from='mgr.14152 172.21.15.12:0/4035763835' entity='mgr.x'
2024-02-18T11:31:55.640 INFO:journalctl@ceph.mon.a.smithi012.stdout:Feb 18 11:31:55 smithi012 ceph-mon[32460]: from='client.14166 -' entity='client.admin' cmd=[{"prefix": "dashboard ac-user-create", "username": "admin", "rolename": "administrator", "force_password": true, "pwd_update_required": true, "target": ["mon-mgr", ""]}]: dispatch
2024-02-18T11:31:55.640 INFO:journalctl@ceph.mon.a.smithi012.stdout:Feb 18 11:31:55 smithi012 ceph-mon[32460]: from='mgr.14152 172.21.15.12:0/4035763835' entity='mgr.x'
2024-02-18T11:31:55.648 INFO:teuthology.orchestra.run.smithi012.stdout:/usr/bin/ceph: stdout {"username": "admin", "password": "$2b$12$UgQzSy46W2Xdbb2MebQItuBltQVtpkimVOaW/LRfmNuy8hW5FgMem", "roles": ["administrator"], "name": null, "email": null, "lastUpdate": 1708255915, "enabled": true, "pwdExpirationDate": null, "pwdUpdateRequired": true}
2024-02-18T11:31:55.648 INFO:teuthology.orchestra.run.smithi012.stdout:/usr/bin/ceph: stderr
2024-02-18T11:31:54.576+0000 7fd723cef700 1 Processor -- start
2024-02-18T11:31:55.648 INFO:teuthology.orchestra.run.smithi012.stdout:/usr/bin/ceph: stderr
2024-02-18T11:31:54.576+0000 7fd723cef700 1 -- start start
2024-02-18T11:31:55.648 INFO:teuthology.orchestra.run.smithi012.stdout:/usr/bin/ceph: stderr
2024-02-18T11:31:54.576+0000 7fd723cef700 1 --2- >> [v2:172.21.15.12:3300/0,v1:172.21.15.12:6789/0] conn(0x7fd71c1065d0 0x7fd71c1069f0 unknown :-1 s=NONE pgs=0 cs=0 l=0 rev1=0 crypto rx=0 tx=0 comp rx=0 tx=0).connect
2024-02-18T11:31:55.648 INFO:teuthology.orchestra.run.smithi012.stdout:/usr/bin/ceph: stderr
2024-02-18T11:31:54.576+0000 7fd723cef700 1 -- --> [v2:172.21.15.12:3300/0,v1:172.21.15.12:6789/0] -- mon_getmap magic: 0 v1 -- 0x7fd71c106fc0 con 0x7fd71c1065d0
2024-02-18T11:31:55.649 INFO:teuthology.orchestra.run.smithi012.stdout:/usr/bin/ceph: stderr
2024-02-18T11:31:54.577+0000 7fd721a8b700 1 --2- >> [v2:172.21.15.12:3300/0,v1:172.21.15.12:6789/0] conn(0x7fd71c1065d0 0x7fd71c1069f0 unknown :-1 s=BANNER_CONNECTING pgs=0 cs=0 l=0 rev1=0 crypto rx=0 tx=0 comp rx=0 tx=0)._handle_peer_banner_payload supported=3 required=0
2024-02-18T11:31:55.649 INFO:teuthology.orchestra.run.smithi012.stdout:/usr/bin/ceph: stderr
2024-02-18T11:31:54.577+0000 7fd721a8b700 1 --2- >> [v2:172.21.15.12:3300/0,v1:172.21.15.12:6789/0] conn(0x7fd71c1065d0 0x7fd71c1069f0 unknown :-1 s=HELLO_CONNECTING pgs=0 cs=0 l=0 rev1=1 crypto rx=0 tx=0 comp rx=0 tx=0).handle_hello peer v2:172.21.15.12:3300/0 says I am v2:172.21.15.12:52664/0 (socket says 172.21.15.12:52664)
2024-02-18T11:31:55.649 INFO:teuthology.orchestra.run.smithi012.stdout:/usr/bin/ceph: stderr
2024-02-18T11:31:54.577+0000 7fd721a8b700 1 -- 172.21.15.12:0/3623134307 learned_addr learned my addr 172.21.15.12:0/3623134307 (peer_addr_for_me v2:172.21.15.12:0/0)
2024-02-18T11:31:55.649 INFO:teuthology.orchestra.run.smithi012.stdout:/usr/bin/ceph: stderr
2024-02-18T11:31:54.577+0000 7fd721a8b700 1 -- 172.21.15.12:0/3623134307 --> [v2:172.21.15.12:3300/0,v1:172.21.15.12:6789/0] -- mon_subscribe({config=0+,monmap=0+}) v3 -- 0x7fd71c1077d0 con 0x7fd71c1065d0
2024-02-18T11:31:55.649 INFO:teuthology.orchestra.run.smithi012.stdout:/usr/bin/ceph: stderr
2024-02-18T11:31:54.577+0000 7fd721a8b700 1 --2- 172.21.15.12:0/3623134307 >> [v2:172.21.15.12:3300/0,v1:172.21.15.12:6789/0] conn(0x7fd71c1065d0 0x7fd71c1069f0 secure :-1 s=READY pgs=72 cs=0 l=1 rev1=1 crypto rx=0x7fd70c0098a0 tx=0x7fd70c009bb0 comp rx=0 tx=0).ready entity=mon.0 client_cookie=f2ca64603fe23093 server_cookie=0 in_seq=0 out_seq=0
2024-02-18T11:31:55.649 INFO:teuthology.orchestra.run.smithi012.stdout:/usr/bin/ceph: stderr
2024-02-18T11:31:54.577+0000 7fd720a89700 1 -- 172.21.15.12:0/3623134307 <== mon.0 v2:172.21.15.12:3300/0 1 ==== mon_map magic: 0 v1 ==== 205+0+0 (secure 0 0 0) 0x7fd70c004160 con 0x7fd71c1065d0
2024-02-18T11:31:55.649 INFO:teuthology.orchestra.run.smithi012.stdout:/usr/bin/ceph: stderr
2024-02-18T11:31:54.577+0000 7fd720a89700 1 -- 172.21.15.12:0/3623134307 <== mon.0 v2:172.21.15.12:3300/0 2 ==== config(27 keys) v1 ==== 1140+0+0 (secure 0 0 0) 0x7fd70c0042c0 con 0x7fd71c1065d0
2024-02-18T11:31:55.649 INFO:teuthology.orchestra.run.smithi012.stdout:/usr/bin/ceph: stderr
2024-02-18T11:31:54.577+0000 7fd720a89700 1 -- 172.21.15.12:0/3623134307 <== mon.0 v2:172.21.15.12:3300/0 3 ==== mon_map magic: 0 v1 ==== 205+0+0 (secure 0 0 0) 0x7fd70c011a80 con 0x7fd71c1065d0
2024-02-18T11:31:55.649 INFO:teuthology.orchestra.run.smithi012.stdout:/usr/bin/ceph: stderr
2024-02-18T11:31:54.578+0000 7fd723cef700 1 -- 172.21.15.12:0/3623134307 >> [v2:172.21.15.12:3300/0,v1:172.21.15.12:6789/0] conn(0x7fd71c1065d0 msgr2=0x7fd71c1069f0 secure :-1 s=STATE_CONNECTION_ESTABLISHED l=1).mark_down
2024-02-18T11:31:55.649 INFO:teuthology.orchestra.run.smithi012.stdout:/usr/bin/ceph: stderr
2024-02-18T11:31:54.578+0000 7fd723cef700 1 --2- 172.21.15.12:0/3623134307 >> [v2:172.21.15.12:3300/0,v1:172.21.15.12:6789/0] conn(0x7fd71c1065d0 0x7fd71c1069f0 secure :-1 s=READY pgs=72 cs=0 l=1 rev1=1 crypto rx=0x7fd70c0098a0 tx=0x7fd70c009bb0 comp rx=0 tx=0).stop
2024-02-18T11:31:55.649 INFO:teuthology.orchestra.run.smithi012.stdout:/usr/bin/ceph: stderr
2024-02-18T11:31:54.578+0000 7fd723cef700 1 -- 172.21.15.12:0/3623134307 shutdown_connections
2024-02-18T11:31:55.649 INFO:teuthology.orchestra.run.smithi012.stdout:/usr/bin/ceph: stderr
2024-02-18T11:31:54.578+0000 7fd723cef700 1 --2- 172.21.15.12:0/3623134307 >> [v2:172.21.15.12:3300/0,v1:172.21.15.12:6789/0] conn(0x7fd71c1065d0 0x7fd71c1069f0 unknown :-1 s=CLOSED pgs=72 cs=0 l=1 rev1=1 crypto rx=0 tx=0 comp rx=0 tx=0).stop
2024-02-18T11:31:55.649 INFO:teuthology.orchestra.run.smithi012.stdout:/usr/bin/ceph: stderr
2024-02-18T11:31:54.578+0000 7fd723cef700 1 -- 172.21.15.12:0/3623134307 >> 172.21.15.12:0/3623134307 conn(0x7fd71c101c10 msgr2=0x7fd71c104030 unknown :-1 s=STATE_NONE l=0).mark_down
2024-02-18T11:31:55.649 INFO:teuthology.orchestra.run.smithi012.stdout:/usr/bin/ceph: stderr
2024-02-18T11:31:54.578+0000 7fd723cef700 1 -- 172.21.15.12:0/3623134307 shutdown_connections
2024-02-18T11:31:55.650 INFO:teuthology.orchestra.run.smithi012.stdout:/usr/bin/ceph: stderr
2024-02-18T11:31:54.578+0000 7fd723cef700 1 -- 172.21.15.12:0/3623134307 wait complete.
2024-02-18T11:31:55.650 INFO:teuthology.orchestra.run.smithi012.stdout:/usr/bin/ceph: stderr
2024-02-18T11:31:54.578+0000 7fd723cef700 1 Processor -- start
2024-02-18T11:31:55.650 INFO:teuthology.orchestra.run.smithi012.stdout:/usr/bin/ceph: stderr
2024-02-18T11:31:54.579+0000 7fd723cef700 1 -- start start
2024-02-18T11:31:55.650 INFO:teuthology.orchestra.run.smithi012.stdout:/usr/bin/ceph: stderr
2024-02-18T11:31:54.579+0000 7fd723cef700 1 --2- >> [v2:172.21.15.12:3300/0,v1:172.21.15.12:6789/0] conn(0x7fd71c1065d0 0x7fd71c1992a0 unknown :-1 s=NONE pgs=0 cs=0 l=1 rev1=0 crypto rx=0 tx=0 comp rx=0 tx=0).connect
2024-02-18T11:31:55.650 INFO:teuthology.orchestra.run.smithi012.stdout:/usr/bin/ceph: stderr
2024-02-18T11:31:54.579+0000 7fd723cef700 1 -- --> [v2:172.21.15.12:3300/0,v1:172.21.15.12:6789/0] -- mon_getmap magic: 0 v1 -- 0x7fd71c1997e0 con 0x7fd71c1065d0
2024-02-18T11:31:55.650 INFO:teuthology.orchestra.run.smithi012.stdout:/usr/bin/ceph: stderr
2024-02-18T11:31:54.579+0000 7fd721a8b700 1 --2- >> [v2:172.21.15.12:3300/0,v1:172.21.15.12:6789/0] conn(0x7fd71c1065d0 0x7fd71c1992a0 unknown :-1 s=BANNER_CONNECTING pgs=0 cs=0 l=1 rev1=0 crypto rx=0 tx=0 comp rx=0 tx=0)._handle_peer_banner_payload supported=3 required=0
2024-02-18T11:31:55.650 INFO:teuthology.orchestra.run.smithi012.stdout:/usr/bin/ceph: stderr
2024-02-18T11:31:54.579+0000 7fd721a8b700 1 --2- >> [v2:172.21.15.12:3300/0,v1:172.21.15.12:6789/0] conn(0x7fd71c1065d0 0x7fd71c1992a0 unknown :-1 s=HELLO_CONNECTING pgs=0 cs=0 l=1 rev1=1 crypto rx=0 tx=0 comp rx=0 tx=0).handle_hello peer v2:172.21.15.12:3300/0 says I am v2:172.21.15.12:52672/0 (socket says 172.21.15.12:52672)
2024-02-18T11:31:55.650 INFO:teuthology.orchestra.run.smithi012.stdout:/usr/bin/ceph: stderr
2024-02-18T11:31:54.579+0000 7fd721a8b700 1 -- 172.21.15.12:0/803571519 learned_addr learned my addr 172.21.15.12:0/803571519 (peer_addr_for_me v2:172.21.15.12:0/0)
2024-02-18T11:31:55.650 INFO:teuthology.orchestra.run.smithi012.stdout:/usr/bin/ceph: stderr
2024-02-18T11:31:54.579+0000 7fd721a8b700 1 -- 172.21.15.12:0/803571519 --> [v2:172.21.15.12:3300/0,v1:172.21.15.12:6789/0] -- mon_subscribe({config=0+,monmap=0+}) v3 -- 0x7fd70c009550 con 0x7fd71c1065d0
2024-02-18T11:31:55.650 INFO:teuthology.orchestra.run.smithi012.stdout:/usr/bin/ceph: stderr
2024-02-18T11:31:54.579+0000 7fd721a8b700 1 --2- 172.21.15.12:0/803571519 >> [v2:172.21.15.12:3300/0,v1:172.21.15.12:6789/0] conn(0x7fd71c1065d0 0x7fd71c1992a0 secure :-1 s=READY pgs=73 cs=0 l=1 rev1=1 crypto rx=0x7fd70c003f20 tx=0x7fd70c011b00 comp rx=0 tx=0).ready entity=mon.0 client_cookie=0 server_cookie=0 in_seq=0 out_seq=0
2024-02-18T11:31:55.650 INFO:teuthology.orchestra.run.smithi012.stdout:/usr/bin/ceph: stderr
2024-02-18T11:31:54.579+0000 7fd712ffd700 1 -- 172.21.15.12:0/803571519 <== mon.0 v2:172.21.15.12:3300/0 1 ==== mon_map magic: 0 v1 ==== 205+0+0 (secure 0 0 0) 0x7fd70c0039f0 con 0x7fd71c1065d0
2024-02-18T11:31:55.650 INFO:teuthology.orchestra.run.smithi012.stdout:/usr/bin/ceph: stderr
2024-02-18T11:31:54.579+0000 7fd723cef700 1 -- 172.21.15.12:0/803571519 --> [v2:172.21.15.12:3300/0,v1:172.21.15.12:6789/0] -- mon_subscribe({mgrmap=0+}) v3 -- 0x7fd71c1999e0 con 0x7fd71c1065d0
2024-02-18T11:31:55.650 INFO:teuthology.orchestra.run.smithi012.stdout:/usr/bin/ceph: stderr
2024-02-18T11:31:54.579+0000 7fd712ffd700 1 -- 172.21.15.12:0/803571519 <== mon.0 v2:172.21.15.12:3300/0 2 ==== config(27 keys) v1 ==== 1140+0+0 (secure 0 0 0) 0x7fd70c003b50 con 0x7fd71c1065d0
2024-02-18T11:31:55.650 INFO:teuthology.orchestra.run.smithi012.stdout:/usr/bin/ceph: stderr
2024-02-18T11:31:54.579+0000 7fd712ffd700 1 -- 172.21.15.12:0/803571519 <== mon.0 v2:172.21.15.12:3300/0 3 ==== mon_map magic: 0 v1 ==== 205+0+0 (secure 0 0 0) 0x7fd70c01a690 con 0x7fd71c1065d0
2024-02-18T11:31:55.650 INFO:teuthology.orchestra.run.smithi012.stdout:/usr/bin/ceph: stderr
2024-02-18T11:31:54.580+0000 7fd723cef700 1 -- 172.21.15.12:0/803571519 --> [v2:172.21.15.12:3300/0,v1:172.21.15.12:6789/0] -- mon_subscribe({osdmap=0}) v3 -- 0x7fd71c199e80 con 0x7fd71c1065d0
2024-02-18T11:31:55.651 INFO:teuthology.orchestra.run.smithi012.stdout:/usr/bin/ceph: stderr
2024-02-18T11:31:54.580+0000 7fd712ffd700 1 -- 172.21.15.12:0/803571519 <== mon.0 v2:172.21.15.12:3300/0 4 ==== mgrmap(e 12) v1 ==== 46104+0+0 (secure 0 0 0) 0x7fd70c01a950 con 0x7fd71c1065d0
2024-02-18T11:31:55.651 INFO:teuthology.orchestra.run.smithi012.stdout:/usr/bin/ceph: stderr
2024-02-18T11:31:54.581+0000 7fd712ffd700 1 --2- 172.21.15.12:0/803571519 >> [v2:172.21.15.12:6800/1153736685,v1:172.21.15.12:6801/1153736685] conn(0x7fd70803b340 0x7fd70803d800 unknown :-1 s=NONE pgs=0 cs=0 l=1 rev1=0 crypto rx=0 tx=0 comp rx=0 tx=0).connect
2024-02-18T11:31:55.651 INFO:teuthology.orchestra.run.smithi012.stdout:/usr/bin/ceph: stderr
2024-02-18T11:31:54.581+0000 7fd712ffd700 1 -- 172.21.15.12:0/803571519 <== mon.0 v2:172.21.15.12:3300/0 5 ==== osd_map(3..3 src has 1..3) v4 ==== 1155+0+0 (secure 0 0 0) 0x7fd70c04d630 con 0x7fd71c1065d0
2024-02-18T11:31:55.651 INFO:teuthology.orchestra.run.smithi012.stdout:/usr/bin/ceph: stderr
2024-02-18T11:31:54.581+0000 7fd72128a700 1 --2- 172.21.15.12:0/803571519 >> [v2:172.21.15.12:6800/1153736685,v1:172.21.15.12:6801/1153736685] conn(0x7fd70803b340 0x7fd70803d800 unknown :-1 s=BANNER_CONNECTING pgs=0 cs=0 l=1 rev1=0 crypto rx=0 tx=0 comp rx=0 tx=0)._handle_peer_banner_payload supported=3 required=0
2024-02-18T11:31:55.651 INFO:teuthology.orchestra.run.smithi012.stdout:/usr/bin/ceph: stderr
2024-02-18T11:31:54.581+0000 7fd723cef700 1 -- 172.21.15.12:0/803571519 --> [v2:172.21.15.12:3300/0,v1:172.21.15.12:6789/0] -- mon_command({"prefix": "get_command_descriptions"} v 0) v1 -- 0x7fd71c068da0 con 0x7fd71c1065d0
2024-02-18T11:31:55.651 INFO:teuthology.orchestra.run.smithi012.stdout:/usr/bin/ceph: stderr
2024-02-18T11:31:54.581+0000 7fd72128a700 1 --2- 172.21.15.12:0/803571519 >> [v2:172.21.15.12:6800/1153736685,v1:172.21.15.12:6801/1153736685] conn(0x7fd70803b340 0x7fd70803d800 secure :-1 s=READY pgs=8 cs=0 l=1 rev1=1 crypto rx=0x7fd718006fd0 tx=0x7fd718006e40 comp rx=0 tx=0).ready entity=mgr.14152 client_cookie=0 server_cookie=0 in_seq=0 out_seq=0
2024-02-18T11:31:55.651 INFO:teuthology.orchestra.run.smithi012.stdout:/usr/bin/ceph: stderr
2024-02-18T11:31:54.586+0000 7fd712ffd700 1 -- 172.21.15.12:0/803571519 <== mon.0 v2:172.21.15.12:3300/0 6 ==== mon_command_ack([{"prefix": "get_command_descriptions"}]=0 v0) v1 ==== 72+0+183564 (secure 0 0 0) 0x7fd70c022330 con 0x7fd71c1065d0
2024-02-18T11:31:55.651 INFO:teuthology.orchestra.run.smithi012.stdout:/usr/bin/ceph: stderr
2024-02-18T11:31:54.803+0000 7fd723cef700 1 -- 172.21.15.12:0/803571519 --> [v2:172.21.15.12:6800/1153736685,v1:172.21.15.12:6801/1153736685] -- mgr_command(tid 0: {"prefix": "dashboard ac-user-create", "username": "admin", "rolename": "administrator", "force_password": true, "pwd_update_required": true, "target": ["mon-mgr", ""]}) v1 -- 0x7fd71c063100 con 0x7fd70803b340
2024-02-18T11:31:55.651 INFO:teuthology.orchestra.run.smithi012.stdout:/usr/bin/ceph: stderr
2024-02-18T11:31:55.050+0000 7fd712ffd700 1 -- 172.21.15.12:0/803571519 <== mgr.14152 v2:172.21.15.12:6800/1153736685 1 ==== mgr_command_reply(tid 0: 0 ) v1 ==== 8+0+252 (secure 0 0 0) 0x7fd71c063100 con 0x7fd70803b340
2024-02-18T11:31:55.652 INFO:teuthology.orchestra.run.smithi012.stdout:/usr/bin/ceph: stderr
2024-02-18T11:31:55.052+0000 7fd723cef700 1 -- 172.21.15.12:0/803571519 >> [v2:172.21.15.12:6800/1153736685,v1:172.21.15.12:6801/1153736685] conn(0x7fd70803b340 msgr2=0x7fd70803d800 secure :-1 s=STATE_CONNECTION_ESTABLISHED l=1).mark_down
2024-02-18T11:31:55.652 INFO:teuthology.orchestra.run.smithi012.stdout:/usr/bin/ceph: stderr
2024-02-18T11:31:55.052+0000 7fd723cef700 1 --2- 172.21.15.12:0/803571519 >> [v2:172.21.15.12:6800/1153736685,v1:172.21.15.12:6801/1153736685] conn(0x7fd70803b340 0x7fd70803d800 secure :-1 s=READY pgs=8 cs=0 l=1 rev1=1 crypto rx=0x7fd718006fd0 tx=0x7fd718006e40 comp rx=0 tx=0).stop
2024-02-18T11:31:55.652 INFO:teuthology.orchestra.run.smithi012.stdout:/usr/bin/ceph: stderr
2024-02-18T11:31:55.052+0000 7fd723cef700 1 -- 172.21.15.12:0/803571519 >> [v2:172.21.15.12:3300/0,v1:172.21.15.12:6789/0] conn(0x7fd71c1065d0 msgr2=0x7fd71c1992a0 secure :-1 s=STATE_CONNECTION_ESTABLISHED l=1).mark_down
2024-02-18T11:31:55.652 INFO:teuthology.orchestra.run.smithi012.stdout:/usr/bin/ceph: stderr
2024-02-18T11:31:55.052+0000 7fd723cef700 1 --2- 172.21.15.12:0/803571519 >> [v2:172.21.15.12:3300/0,v1:172.21.15.12:6789/0] conn(0x7fd71c1065d0 0x7fd71c1992a0 secure :-1 s=READY pgs=73 cs=0 l=1 rev1=1 crypto rx=0x7fd70c003f20 tx=0x7fd70c011b00 comp rx=0 tx=0).stop
2024-02-18T11:31:55.652 INFO:teuthology.orchestra.run.smithi012.stdout:/usr/bin/ceph: stderr
2024-02-18T11:31:55.052+0000 7fd723cef700 1 -- 172.21.15.12:0/803571519 shutdown_connections
2024-02-18T11:31:55.652 INFO:teuthology.orchestra.run.smithi012.stdout:/usr/bin/ceph: stderr
2024-02-18T11:31:55.052+0000 7fd723cef700 1 --2- 172.21.15.12:0/803571519 >> [v2:172.21.15.12:6800/1153736685,v1:172.21.15.12:6801/1153736685] conn(0x7fd70803b340 0x7fd70803d800 unknown :-1 s=CLOSED pgs=8 cs=0 l=1 rev1=1 crypto rx=0 tx=0 comp rx=0 tx=0).stop
2024-02-18T11:31:55.652 INFO:teuthology.orchestra.run.smithi012.stdout:/usr/bin/ceph: stderr
2024-02-18T11:31:55.052+0000 7fd723cef700 1 --2- 172.21.15.12:0/803571519 >> [v2:172.21.15.12:3300/0,v1:172.21.15.12:6789/0] conn(0x7fd71c1065d0 0x7fd71c1992a0 unknown :-1 s=CLOSED pgs=73 cs=0 l=1 rev1=1 crypto rx=0 tx=0 comp rx=0 tx=0).stop
2024-02-18T11:31:55.652 INFO:teuthology.orchestra.run.smithi012.stdout:/usr/bin/ceph: stderr
2024-02-18T11:31:55.052+0000 7fd723cef700 1 -- 172.21.15.12:0/803571519 >> 172.21.15.12:0/803571519 conn(0x7fd71c101c10 msgr2=0x7fd71c18faf0 unknown :-1 s=STATE_NONE l=0).mark_down
2024-02-18T11:31:55.652 INFO:teuthology.orchestra.run.smithi012.stdout:/usr/bin/ceph: stderr
2024-02-18T11:31:55.053+0000 7fd723cef700 1 -- 172.21.15.12:0/803571519 shutdown_connections
2024-02-18T11:31:55.652 INFO:teuthology.orchestra.run.smithi012.stdout:/usr/bin/ceph: stderr
2024-02-18T11:31:55.053+0000 7fd723cef700 1 -- 172.21.15.12:0/803571519 wait complete.
2024-02-18T11:31:55.652 INFO:teuthology.orchestra.run.smithi012.stdout:Fetching dashboard port number...
2024-02-18T11:31:57.709 INFO:teuthology.orchestra.run.smithi012.stdout:/usr/bin/ceph: stdout 8443
2024-02-18T11:31:57.709 INFO:teuthology.orchestra.run.smithi012.stdout:/usr/bin/ceph: stderr
2024-02-18T11:31:56.824+0000 7f6eb09f4700 1 Processor -- start
2024-02-18T11:31:57.709 INFO:teuthology.orchestra.run.smithi012.stdout:/usr/bin/ceph: stderr
2024-02-18T11:31:56.824+0000 7f6eb09f4700 1 -- start start
2024-02-18T11:31:57.710 INFO:teuthology.orchestra.run.smithi012.stdout:/usr/bin/ceph: stderr
2024-02-18T11:31:56.824+0000 7f6eb09f4700 1 --2- >> [v2:172.21.15.12:3300/0,v1:172.21.15.12:6789/0] conn(0x7f6eac1076b0 0x7f6eac107ad0 unknown :-1 s=NONE pgs=0 cs=0 l=0 rev1=0 crypto rx=0 tx=0 comp rx=0 tx=0).connect
2024-02-18T11:31:57.710 INFO:teuthology.orchestra.run.smithi012.stdout:/usr/bin/ceph: stderr
2024-02-18T11:31:56.824+0000 7f6eb09f4700 1 -- --> [v2:172.21.15.12:3300/0,v1:172.21.15.12:6789/0] -- mon_getmap magic: 0 v1 -- 0x7f6eac1080a0 con 0x7f6eac1076b0
2024-02-18T11:31:57.710 INFO:teuthology.orchestra.run.smithi012.stdout:/usr/bin/ceph: stderr
2024-02-18T11:31:56.825+0000 7f6eaa59c700 1 --2- >> [v2:172.21.15.12:3300/0,v1:172.21.15.12:6789/0] conn(0x7f6eac1076b0 0x7f6eac107ad0 unknown :-1 s=BANNER_CONNECTING pgs=0 cs=0 l=0 rev1=0 crypto rx=0 tx=0 comp rx=0 tx=0)._handle_peer_banner_payload supported=3 required=0
2024-02-18T11:31:57.710 INFO:teuthology.orchestra.run.smithi012.stdout:/usr/bin/ceph: stderr
2024-02-18T11:31:56.825+0000 7f6eaa59c700 1 --2- >> [v2:172.21.15.12:3300/0,v1:172.21.15.12:6789/0] conn(0x7f6eac1076b0 0x7f6eac107ad0 unknown :-1 s=HELLO_CONNECTING pgs=0 cs=0 l=0 rev1=1 crypto rx=0 tx=0 comp rx=0 tx=0).handle_hello peer v2:172.21.15.12:3300/0 says I am v2:172.21.15.12:52688/0 (socket says 172.21.15.12:52688)
2024-02-18T11:31:57.710 INFO:teuthology.orchestra.run.smithi012.stdout:/usr/bin/ceph: stderr
2024-02-18T11:31:56.825+0000 7f6eaa59c700 1 -- 172.21.15.12:0/3076659488 learned_addr learned my addr 172.21.15.12:0/3076659488 (peer_addr_for_me v2:172.21.15.12:0/0)
2024-02-18T11:31:57.710 INFO:teuthology.orchestra.run.smithi012.stdout:/usr/bin/ceph: stderr
2024-02-18T11:31:56.825+0000 7f6eaa59c700 1 -- 172.21.15.12:0/3076659488 --> [v2:172.21.15.12:3300/0,v1:172.21.15.12:6789/0] -- mon_subscribe({config=0+,monmap=0+}) v3 -- 0x7f6eac108860 con 0x7f6eac1076b0
2024-02-18T11:31:57.710 INFO:teuthology.orchestra.run.smithi012.stdout:/usr/bin/ceph: stderr
2024-02-18T11:31:56.825+0000 7f6eaa59c700 1 --2- 172.21.15.12:0/3076659488 >> [v2:172.21.15.12:3300/0,v1:172.21.15.12:6789/0] conn(0x7f6eac1076b0 0x7f6eac107ad0 secure :-1 s=READY pgs=74 cs=0 l=1 rev1=1 crypto rx=0x7f6e9c0098a0 tx=0x7f6e9c009bb0 comp rx=0 tx=0).ready entity=mon.0 client_cookie=38a8d07243779604 server_cookie=0 in_seq=0 out_seq=0
2024-02-18T11:31:57.710 INFO:teuthology.orchestra.run.smithi012.stdout:/usr/bin/ceph: stderr
2024-02-18T11:31:56.825+0000 7f6ea959a700 1 -- 172.21.15.12:0/3076659488 <== mon.0 v2:172.21.15.12:3300/0 1 ==== mon_map magic: 0 v1 ==== 205+0+0 (secure 0 0 0) 0x7f6e9c004160 con 0x7f6eac1076b0
2024-02-18T11:31:57.710 INFO:teuthology.orchestra.run.smithi012.stdout:/usr/bin/ceph: stderr
2024-02-18T11:31:56.825+0000 7f6ea959a700 1 -- 172.21.15.12:0/3076659488 <== mon.0 v2:172.21.15.12:3300/0 2 ==== config(27 keys) v1 ==== 1140+0+0 (secure 0 0 0) 0x7f6e9c0042c0 con 0x7f6eac1076b0
2024-02-18T11:31:57.710 INFO:teuthology.orchestra.run.smithi012.stdout:/usr/bin/ceph: stderr
2024-02-18T11:31:56.825+0000 7f6ea959a700 1 -- 172.21.15.12:0/3076659488 <== mon.0 v2:172.21.15.12:3300/0 3 ==== mon_map magic: 0 v1 ==== 205+0+0 (secure 0 0 0) 0x7f6e9c011a80 con 0x7f6eac1076b0
2024-02-18T11:31:57.710 INFO:teuthology.orchestra.run.smithi012.stdout:/usr/bin/ceph: stderr
2024-02-18T11:31:56.826+0000 7f6eb09f4700 1 -- 172.21.15.12:0/3076659488 >> [v2:172.21.15.12:3300/0,v1:172.21.15.12:6789/0] conn(0x7f6eac1076b0 msgr2=0x7f6eac107ad0 secure :-1 s=STATE_CONNECTION_ESTABLISHED l=1).mark_down
2024-02-18T11:31:57.710 INFO:teuthology.orchestra.run.smithi012.stdout:/usr/bin/ceph: stderr
2024-02-18T11:31:56.826+0000 7f6eb09f4700 1 --2- 172.21.15.12:0/3076659488 >> [v2:172.21.15.12:3300/0,v1:172.21.15.12:6789/0] conn(0x7f6eac1076b0 0x7f6eac107ad0 secure :-1 s=READY pgs=74 cs=0 l=1 rev1=1 crypto rx=0x7f6e9c0098a0 tx=0x7f6e9c009bb0 comp rx=0 tx=0).stop
2024-02-18T11:31:57.710 INFO:teuthology.orchestra.run.smithi012.stdout:/usr/bin/ceph: stderr
2024-02-18T11:31:56.826+0000 7f6eb09f4700 1 -- 172.21.15.12:0/3076659488 shutdown_connections
2024-02-18T11:31:57.710 INFO:teuthology.orchestra.run.smithi012.stdout:/usr/bin/ceph: stderr
2024-02-18T11:31:56.826+0000 7f6eb09f4700 1 --2- 172.21.15.12:0/3076659488 >> [v2:172.21.15.12:3300/0,v1:172.21.15.12:6789/0] conn(0x7f6eac1076b0 0x7f6eac107ad0 unknown :-1 s=CLOSED pgs=74 cs=0 l=1 rev1=1 crypto rx=0 tx=0 comp rx=0 tx=0).stop
2024-02-18T11:31:57.711 INFO:teuthology.orchestra.run.smithi012.stdout:/usr/bin/ceph: stderr
2024-02-18T11:31:56.826+0000 7f6eb09f4700 1 -- 172.21.15.12:0/3076659488 >> 172.21.15.12:0/3076659488 conn(0x7f6eac102d30 msgr2=0x7f6eac105150 unknown :-1 s=STATE_NONE l=0).mark_down
2024-02-18T11:31:57.711 INFO:teuthology.orchestra.run.smithi012.stdout:/usr/bin/ceph: stderr
2024-02-18T11:31:56.826+0000 7f6eb09f4700 1 -- 172.21.15.12:0/3076659488 shutdown_connections
2024-02-18T11:31:57.711 INFO:teuthology.orchestra.run.smithi012.stdout:/usr/bin/ceph: stderr
2024-02-18T11:31:56.826+0000 7f6eb09f4700 1 -- 172.21.15.12:0/3076659488 wait complete.
2024-02-18T11:31:57.711 INFO:teuthology.orchestra.run.smithi012.stdout:/usr/bin/ceph: stderr
2024-02-18T11:31:56.827+0000 7f6eb09f4700 1 Processor -- start
2024-02-18T11:31:57.711 INFO:teuthology.orchestra.run.smithi012.stdout:/usr/bin/ceph: stderr
2024-02-18T11:31:56.827+0000 7f6eb09f4700 1 -- start start
2024-02-18T11:31:57.711 INFO:teuthology.orchestra.run.smithi012.stdout:/usr/bin/ceph: stderr
2024-02-18T11:31:56.827+0000 7f6eb09f4700 1 --2- >> [v2:172.21.15.12:3300/0,v1:172.21.15.12:6789/0] conn(0x7f6eac1076b0 0x7f6eac19b420 unknown :-1 s=NONE pgs=0 cs=0 l=1 rev1=0 crypto rx=0 tx=0 comp rx=0 tx=0).connect
2024-02-18T11:31:57.711 INFO:teuthology.orchestra.run.smithi012.stdout:/usr/bin/ceph: stderr
2024-02-18T11:31:56.827+0000 7f6eb09f4700 1 -- --> [v2:172.21.15.12:3300/0,v1:172.21.15.12:6789/0] -- mon_getmap magic: 0 v1 -- 0x7f6eac19b960 con 0x7f6eac1076b0
2024-02-18T11:31:57.711 INFO:teuthology.orchestra.run.smithi012.stdout:/usr/bin/ceph: stderr
2024-02-18T11:31:56.827+0000 7f6eaa59c700 1 --2- >> [v2:172.21.15.12:3300/0,v1:172.21.15.12:6789/0] conn(0x7f6eac1076b0 0x7f6eac19b420 unknown :-1 s=BANNER_CONNECTING pgs=0 cs=0 l=1 rev1=0 crypto rx=0 tx=0 comp rx=0 tx=0)._handle_peer_banner_payload supported=3 required=0
2024-02-18T11:31:57.711 INFO:teuthology.orchestra.run.smithi012.stdout:/usr/bin/ceph: stderr
2024-02-18T11:31:56.827+0000 7f6eaa59c700 1 --2- >> [v2:172.21.15.12:3300/0,v1:172.21.15.12:6789/0] conn(0x7f6eac1076b0 0x7f6eac19b420 unknown :-1 s=HELLO_CONNECTING pgs=0 cs=0 l=1 rev1=1 crypto rx=0 tx=0 comp rx=0 tx=0).handle_hello peer v2:172.21.15.12:3300/0 says I am v2:172.21.15.12:52698/0 (socket says 172.21.15.12:52698)
2024-02-18T11:31:57.711 INFO:teuthology.orchestra.run.smithi012.stdout:/usr/bin/ceph: stderr
2024-02-18T11:31:56.827+0000 7f6eaa59c700 1 -- 172.21.15.12:0/961707613 learned_addr learned my addr 172.21.15.12:0/961707613 (peer_addr_for_me v2:172.21.15.12:0/0)
2024-02-18T11:31:57.711 INFO:teuthology.orchestra.run.smithi012.stdout:/usr/bin/ceph: stderr
2024-02-18T11:31:56.827+0000 7f6eaa59c700 1 -- 172.21.15.12:0/961707613 --> [v2:172.21.15.12:3300/0,v1:172.21.15.12:6789/0] -- mon_subscribe({config=0+,monmap=0+}) v3 -- 0x7f6e9c009550 con 0x7f6eac1076b0
2024-02-18T11:31:57.711 INFO:teuthology.orchestra.run.smithi012.stdout:/usr/bin/ceph: stderr
2024-02-18T11:31:56.827+0000 7f6eaa59c700 1 --2- 172.21.15.12:0/961707613 >> [v2:172.21.15.12:3300/0,v1:172.21.15.12:6789/0] conn(0x7f6eac1076b0 0x7f6eac19b420 secure :-1 s=READY pgs=75 cs=0 l=1 rev1=1 crypto rx=0x7f6e9c011740 tx=0x7f6e9c011b00 comp rx=0 tx=0).ready entity=mon.0 client_cookie=0 server_cookie=0 in_seq=0 out_seq=0
2024-02-18T11:31:57.711 INFO:teuthology.orchestra.run.smithi012.stdout:/usr/bin/ceph: stderr
2024-02-18T11:31:56.828+0000 7f6e9b7fe700 1 -- 172.21.15.12:0/961707613 <== mon.0 v2:172.21.15.12:3300/0 1 ==== mon_map magic: 0 v1 ==== 205+0+0 (secure 0 0 0) 0x7f6e9c0039e0 con 0x7f6eac1076b0
2024-02-18T11:31:57.711 INFO:teuthology.orchestra.run.smithi012.stdout:/usr/bin/ceph: stderr
2024-02-18T11:31:56.828+0000 7f6eb09f4700 1 -- 172.21.15.12:0/961707613 --> [v2:172.21.15.12:3300/0,v1:172.21.15.12:6789/0] -- mon_subscribe({mgrmap=0+}) v3 -- 0x7f6eac19bb60 con 0x7f6eac1076b0
2024-02-18T11:31:57.712 INFO:teuthology.orchestra.run.smithi012.stdout:/usr/bin/ceph: stderr
2024-02-18T11:31:56.828+0000 7f6e9b7fe700 1 -- 172.21.15.12:0/961707613 <== mon.0 v2:172.21.15.12:3300/0 2 ==== config(27 keys) v1 ==== 1140+0+0 (secure 0 0 0) 0x7f6e9c003b40 con 0x7f6eac1076b0
2024-02-18T11:31:57.712 INFO:teuthology.orchestra.run.smithi012.stdout:/usr/bin/ceph: stderr
2024-02-18T11:31:56.828+0000 7f6e9b7fe700 1 -- 172.21.15.12:0/961707613 <== mon.0 v2:172.21.15.12:3300/0 3 ==== mon_map magic: 0 v1 ==== 205+0+0 (secure 0 0 0) 0x7f6e9c024740 con 0x7f6eac1076b0
2024-02-18T11:31:57.712 INFO:teuthology.orchestra.run.smithi012.stdout:/usr/bin/ceph: stderr
2024-02-18T11:31:56.828+0000 7f6eb09f4700 1 -- 172.21.15.12:0/961707613 --> [v2:172.21.15.12:3300/0,v1:172.21.15.12:6789/0] -- mon_subscribe({osdmap=0}) v3 -- 0x7f6eac19c000 con 0x7f6eac1076b0
2024-02-18T11:31:57.712 INFO:teuthology.orchestra.run.smithi012.stdout:/usr/bin/ceph: stderr
2024-02-18T11:31:56.829+0000 7f6e9b7fe700 1 -- 172.21.15.12:0/961707613 <== mon.0 v2:172.21.15.12:3300/0 4 ==== mgrmap(e 12) v1 ==== 46104+0+0 (secure 0 0 0) 0x7f6e9c02d3f0 con 0x7f6eac1076b0
2024-02-18T11:31:57.712 INFO:teuthology.orchestra.run.smithi012.stdout:/usr/bin/ceph: stderr
2024-02-18T11:31:56.829+0000 7f6eb09f4700 1 -- 172.21.15.12:0/961707613 --> [v2:172.21.15.12:3300/0,v1:172.21.15.12:6789/0] -- mon_command({"prefix": "get_command_descriptions"} v 0) v1 -- 0x7f6eac10ba90 con 0x7f6eac1076b0
2024-02-18T11:31:57.712 INFO:teuthology.orchestra.run.smithi012.stdout:/usr/bin/ceph: stderr
2024-02-18T11:31:56.829+0000 7f6e9b7fe700 1 --2- 172.21.15.12:0/961707613 >> [v2:172.21.15.12:6800/1153736685,v1:172.21.15.12:6801/1153736685] conn(0x7f6e940391c0 0x7f6e9403b680 unknown :-1 s=NONE pgs=0 cs=0 l=1 rev1=0 crypto rx=0 tx=0 comp rx=0 tx=0).connect
2024-02-18T11:31:57.712 INFO:teuthology.orchestra.run.smithi012.stdout:/usr/bin/ceph: stderr
2024-02-18T11:31:56.829+0000 7f6e9b7fe700 1 -- 172.21.15.12:0/961707613 <== mon.0 v2:172.21.15.12:3300/0 5 ==== osd_map(3..3 src has 1..3) v4 ==== 1155+0+0 (secure 0 0 0) 0x7f6e9c04d670 con 0x7f6eac1076b0
2024-02-18T11:31:57.712 INFO:teuthology.orchestra.run.smithi012.stdout:/usr/bin/ceph: stderr
2024-02-18T11:31:56.829+0000 7f6ea9d9b700 1 --2- 172.21.15.12:0/961707613 >> [v2:172.21.15.12:6800/1153736685,v1:172.21.15.12:6801/1153736685] conn(0x7f6e940391c0 0x7f6e9403b680 unknown :-1 s=BANNER_CONNECTING pgs=0 cs=0 l=1 rev1=0 crypto rx=0 tx=0 comp rx=0 tx=0)._handle_peer_banner_payload supported=3 required=0
2024-02-18T11:31:57.712 INFO:teuthology.orchestra.run.smithi012.stdout:/usr/bin/ceph: stderr
2024-02-18T11:31:56.829+0000 7f6ea9d9b700 1 --2- 172.21.15.12:0/961707613 >> [v2:172.21.15.12:6800/1153736685,v1:172.21.15.12:6801/1153736685] conn(0x7f6e940391c0 0x7f6e9403b680 secure :-1 s=READY pgs=9 cs=0 l=1 rev1=1 crypto rx=0x7f6ea0006fd0 tx=0x7f6ea0006e40 comp rx=0 tx=0).ready entity=mgr.14152 client_cookie=0 server_cookie=0 in_seq=0 out_seq=0
2024-02-18T11:31:57.712 INFO:teuthology.orchestra.run.smithi012.stdout:/usr/bin/ceph: stderr
2024-02-18T11:31:56.834+0000 7f6e9b7fe700 1 -- 172.21.15.12:0/961707613 <== mon.0 v2:172.21.15.12:3300/0 6 ==== mon_command_ack([{"prefix": "get_command_descriptions"}]=0 v0) v1 ==== 72+0+183564 (secure 0 0 0) 0x7f6e9c010380 con 0x7f6eac1076b0
2024-02-18T11:31:57.712 INFO:teuthology.orchestra.run.smithi012.stdout:/usr/bin/ceph: stderr
2024-02-18T11:31:57.025+0000 7f6e9b7fe700 1 -- 172.21.15.12:0/961707613 <== mon.0 v2:172.21.15.12:3300/0 7 ==== mgrmap(e 13) v1 ==== 46147+0+0 (secure 0 0 0) 0x7f6e9c01a480 con 0x7f6eac1076b0
2024-02-18T11:31:57.712 INFO:teuthology.orchestra.run.smithi012.stdout:/usr/bin/ceph: stderr
2024-02-18T11:31:57.037+0000 7f6eb09f4700 1 -- 172.21.15.12:0/961707613 --> [v2:172.21.15.12:3300/0,v1:172.21.15.12:6789/0] -- mon_command({"prefix": "config get", "who": "mgr", "key": "mgr/dashboard/ssl_server_port"} v 0) v1 -- 0x7f6eac19e8e0 con 0x7f6eac1076b0
2024-02-18T11:31:57.712 INFO:teuthology.orchestra.run.smithi012.stdout:/usr/bin/ceph: stderr
2024-02-18T11:31:57.037+0000 7f6e9b7fe700 1 -- 172.21.15.12:0/961707613 <== mon.0 v2:172.21.15.12:3300/0 8 ==== mon_command_ack([{"prefix": "config get", "who": "mgr", "key": "mgr/dashboard/ssl_server_port"}]=0 v8) v1 ==== 112+0+5 (secure 0 0 0) 0x7f6e9c018dc0 con 0x7f6eac1076b0
2024-02-18T11:31:57.712 INFO:teuthology.orchestra.run.smithi012.stdout:/usr/bin/ceph: stderr
2024-02-18T11:31:57.039+0000 7f6eb09f4700 1 -- 172.21.15.12:0/961707613 >> [v2:172.21.15.12:6800/1153736685,v1:172.21.15.12:6801/1153736685] conn(0x7f6e940391c0 msgr2=0x7f6e9403b680 secure :-1 s=STATE_CONNECTION_ESTABLISHED l=1).mark_down
2024-02-18T11:31:57.713 INFO:teuthology.orchestra.run.smithi012.stdout:/usr/bin/ceph: stderr
2024-02-18T11:31:57.039+0000 7f6eb09f4700 1 --2- 172.21.15.12:0/961707613 >> [v2:172.21.15.12:6800/1153736685,v1:172.21.15.12:6801/1153736685] conn(0x7f6e940391c0 0x7f6e9403b680 secure :-1 s=READY pgs=9 cs=0 l=1 rev1=1 crypto rx=0x7f6ea0006fd0 tx=0x7f6ea0006e40 comp rx=0 tx=0).stop
2024-02-18T11:31:57.713 INFO:teuthology.orchestra.run.smithi012.stdout:/usr/bin/ceph: stderr
2024-02-18T11:31:57.039+0000 7f6eb09f4700 1 -- 172.21.15.12:0/961707613 >> [v2:172.21.15.12:3300/0,v1:172.21.15.12:6789/0] conn(0x7f6eac1076b0 msgr2=0x7f6eac19b420 secure :-1 s=STATE_CONNECTION_ESTABLISHED l=1).mark_down
2024-02-18T11:31:57.713 INFO:teuthology.orchestra.run.smithi012.stdout:/usr/bin/ceph: stderr
2024-02-18T11:31:57.039+0000 7f6eb09f4700 1 --2- 172.21.15.12:0/961707613 >> [v2:172.21.15.12:3300/0,v1:172.21.15.12:6789/0] conn(0x7f6eac1076b0 0x7f6eac19b420 secure :-1 s=READY pgs=75 cs=0 l=1 rev1=1 crypto rx=0x7f6e9c011740 tx=0x7f6e9c011b00 comp rx=0 tx=0).stop
2024-02-18T11:31:57.713 INFO:teuthology.orchestra.run.smithi012.stdout:/usr/bin/ceph: stderr
2024-02-18T11:31:57.039+0000 7f6eb09f4700 1 -- 172.21.15.12:0/961707613 shutdown_connections
2024-02-18T11:31:57.713 INFO:teuthology.orchestra.run.smithi012.stdout:/usr/bin/ceph: stderr
2024-02-18T11:31:57.039+0000 7f6eb09f4700 1 --2- 172.21.15.12:0/961707613 >> [v2:172.21.15.12:6800/1153736685,v1:172.21.15.12:6801/1153736685] conn(0x7f6e940391c0 0x7f6e9403b680 unknown :-1 s=CLOSED pgs=9 cs=0 l=1 rev1=1 crypto rx=0 tx=0 comp rx=0 tx=0).stop
2024-02-18T11:31:57.713 INFO:teuthology.orchestra.run.smithi012.stdout:/usr/bin/ceph: stderr
2024-02-18T11:31:57.039+0000 7f6eb09f4700 1 --2- 172.21.15.12:0/961707613 >> [v2:172.21.15.12:3300/0,v1:172.21.15.12:6789/0] conn(0x7f6eac1076b0 0x7f6eac19b420 unknown :-1 s=CLOSED pgs=75 cs=0 l=1 rev1=1 crypto rx=0 tx=0 comp rx=0 tx=0).stop
2024-02-18T11:31:57.713 INFO:teuthology.orchestra.run.smithi012.stdout:/usr/bin/ceph: stderr
2024-02-18T11:31:57.039+0000 7f6eb09f4700 1 -- 172.21.15.12:0/961707613 >> 172.21.15.12:0/961707613 conn(0x7f6eac102d30 msgr2=0x7f6eac103820 unknown :-1 s=STATE_NONE l=0).mark_down
2024-02-18T11:31:57.713 INFO:teuthology.orchestra.run.smithi012.stdout:/usr/bin/ceph: stderr
2024-02-18T11:31:57.039+0000 7f6eb09f4700 1 -- 172.21.15.12:0/961707613 shutdown_connections
2024-02-18T11:31:57.713 INFO:teuthology.orchestra.run.smithi012.stdout:/usr/bin/ceph: stderr
2024-02-18T11:31:57.039+0000 7f6eb09f4700 1 -- 172.21.15.12:0/961707613 wait complete.
2024-02-18T11:31:57.717 INFO:teuthology.orchestra.run.smithi012.stdout:Non-zero exit code 1 from systemctl is-enabled firewalld.service
2024-02-18T11:31:57.717 INFO:teuthology.orchestra.run.smithi012.stdout:systemctl: stdout disabled
2024-02-18T11:31:57.725 INFO:teuthology.orchestra.run.smithi012.stdout:Non-zero exit code 3 from systemctl is-active firewalld.service
2024-02-18T11:31:57.725 INFO:teuthology.orchestra.run.smithi012.stdout:systemctl: stdout inactive
2024-02-18T11:31:57.725 INFO:teuthology.orchestra.run.smithi012.stdout:firewalld.service is not enabled
2024-02-18T11:31:57.725 INFO:teuthology.orchestra.run.smithi012.stdout:Not possible to open ports <[8443]>. firewalld.service is not available
2024-02-18T11:31:57.727 INFO:teuthology.orchestra.run.smithi012.stdout:Ceph Dashboard is now available at:
2024-02-18T11:31:57.727 INFO:teuthology.orchestra.run.smithi012.stdout:
2024-02-18T11:31:57.727 INFO:teuthology.orchestra.run.smithi012.stdout: URL: https://smithi012.front.sepia.ceph.com:8443/
2024-02-18T11:31:57.727 INFO:teuthology.orchestra.run.smithi012.stdout: User: admin
