2024-02-26T04:50:29.216+0000 7f67c93e7700 1 -- 172.21.15.22:0/993377983 --> [v2:172.21.15.22:3300/0,v1:172.21.15.22:6789/0] -- mon_subscribe({config=0+,monmap=0+}) v3 -- 0x7f67c4106b30 con 0x7f67c41061d0
2024-02-26T04:50:29.970 INFO:teuthology.orchestra.run.smithi022.stdout:/usr/bin/ceph: stderr
2024-02-26T04:50:29.216+0000 7f67c93e7700 1 --2- 172.21.15.22:0/993377983 >> [v2:172.21.15.22:3300/0,v1:172.21.15.22:6789/0] conn(0x7f67c41061d0 0x7f67c41065f0 secure :-1 s=READY pgs=76 cs=0 l=1 rev1=1 crypto rx=0x7f67c00098a0 tx=0x7f67c0009bb0 comp rx=0 tx=0).ready entity=mon.0 client_cookie=d9f0c31833715ea0 server_cookie=0 in_seq=0 out_seq=0
2024-02-26T04:50:29.970 INFO:teuthology.orchestra.run.smithi022.stdout:/usr/bin/ceph: stderr
2024-02-26T04:50:29.216+0000 7f67bbfff700 1 -- 172.21.15.22:0/993377983 <== mon.0 v2:172.21.15.22:3300/0 1 ==== mon_map magic: 0 v1 ==== 205+0+0 (secure 0 0 0) 0x7f67c0004160 con 0x7f67c41061d0
2024-02-26T04:50:29.970 INFO:teuthology.orchestra.run.smithi022.stdout:/usr/bin/ceph: stderr
2024-02-26T04:50:29.216+0000 7f67bbfff700 1 -- 172.21.15.22:0/993377983 <== mon.0 v2:172.21.15.22:3300/0 2 ==== config(29 keys) v1 ==== 1209+0+0 (secure 0 0 0) 0x7f67c0003bc0 con 0x7f67c41061d0
2024-02-26T04:50:29.970 INFO:teuthology.orchestra.run.smithi022.stdout:/usr/bin/ceph: stderr
2024-02-26T04:50:29.216+0000 7f67bbfff700 1 -- 172.21.15.22:0/993377983 <== mon.0 v2:172.21.15.22:3300/0 3 ==== mon_map magic: 0 v1 ==== 205+0+0 (secure 0 0 0) 0x7f67c0011be0 con 0x7f67c41061d0
2024-02-26T04:50:29.971 INFO:teuthology.orchestra.run.smithi022.stdout:/usr/bin/ceph: stderr
2024-02-26T04:50:29.217+0000 7f67cb64b700 1 -- 172.21.15.22:0/993377983 >> [v2:172.21.15.22:3300/0,v1:172.21.15.22:6789/0] conn(0x7f67c41061d0 msgr2=0x7f67c41065f0 secure :-1 s=STATE_CONNECTION_ESTABLISHED l=1).mark_down
2024-02-26T04:50:29.971 INFO:teuthology.orchestra.run.smithi022.stdout:/usr/bin/ceph: stderr
2024-02-26T04:50:29.217+0000 7f67cb64b700 1 --2- 172.21.15.22:0/993377983 >> [v2:172.21.15.22:3300/0,v1:172.21.15.22:6789/0] conn(0x7f67c41061d0 0x7f67c41065f0 secure :-1 s=READY pgs=76 cs=0 l=1 rev1=1 crypto rx=0x7f67c00098a0 tx=0x7f67c0009bb0 comp rx=0 tx=0).stop
2024-02-26T04:50:29.971 INFO:teuthology.orchestra.run.smithi022.stdout:/usr/bin/ceph: stderr
2024-02-26T04:50:29.217+0000 7f67cb64b700 1 -- 172.21.15.22:0/993377983 shutdown_connections
2024-02-26T04:50:29.971 INFO:teuthology.orchestra.run.smithi022.stdout:/usr/bin/ceph: stderr
2024-02-26T04:50:29.217+0000 7f67cb64b700 1 --2- 172.21.15.22:0/993377983 >> [v2:172.21.15.22:3300/0,v1:172.21.15.22:6789/0] conn(0x7f67c41061d0 0x7f67c41065f0 unknown :-1 s=CLOSED pgs=76 cs=0 l=1 rev1=1 crypto rx=0 tx=0 comp rx=0 tx=0).stop
2024-02-26T04:50:29.971 INFO:teuthology.orchestra.run.smithi022.stdout:/usr/bin/ceph: stderr
2024-02-26T04:50:29.217+0000 7f67cb64b700 1 -- 172.21.15.22:0/993377983 >> 172.21.15.22:0/993377983 conn(0x7f67c4101df0 msgr2=0x7f67c4104210 unknown :-1 s=STATE_NONE l=0).mark_down
2024-02-26T04:50:29.972 INFO:teuthology.orchestra.run.smithi022.stdout:/usr/bin/ceph: stderr
2024-02-26T04:50:29.217+0000 7f67cb64b700 1 -- 172.21.15.22:0/993377983 shutdown_connections
2024-02-26T04:50:29.972 INFO:teuthology.orchestra.run.smithi022.stdout:/usr/bin/ceph: stderr
2024-02-26T04:50:29.217+0000 7f67cb64b700 1 -- 172.21.15.22:0/993377983 wait complete.
2024-02-26T04:50:29.972 INFO:teuthology.orchestra.run.smithi022.stdout:/usr/bin/ceph: stderr
2024-02-26T04:50:29.217+0000 7f67cb64b700 1 Processor -- start
2024-02-26T04:50:29.972 INFO:teuthology.orchestra.run.smithi022.stdout:/usr/bin/ceph: stderr
2024-02-26T04:50:29.218+0000 7f67cb64b700 1 -- start start
2024-02-26T04:50:29.972 INFO:teuthology.orchestra.run.smithi022.stdout:/usr/bin/ceph: stderr
2024-02-26T04:50:29.218+0000 7f67cb64b700 1 --2- >> [v2:172.21.15.22:3300/0,v1:172.21.15.22:6789/0] conn(0x7f67c41061d0 0x7f67c419d900 unknown :-1 s=NONE pgs=0 cs=0 l=1 rev1=0 crypto rx=0 tx=0 comp rx=0 tx=0).connect
2024-02-26T04:50:29.972 INFO:teuthology.orchestra.run.smithi022.stdout:/usr/bin/ceph: stderr
2024-02-26T04:50:29.218+0000 7f67cb64b700 1 -- --> [v2:172.21.15.22:3300/0,v1:172.21.15.22:6789/0] -- mon_getmap magic: 0 v1 -- 0x7f67c419de40 con 0x7f67c41061d0
2024-02-26T04:50:29.972 INFO:teuthology.orchestra.run.smithi022.stdout:/usr/bin/ceph: stderr
2024-02-26T04:50:29.218+0000 7f67c93e7700 1 --2- >> [v2:172.21.15.22:3300/0,v1:172.21.15.22:6789/0] conn(0x7f67c41061d0 0x7f67c419d900 unknown :-1 s=BANNER_CONNECTING pgs=0 cs=0 l=1 rev1=0 crypto rx=0 tx=0 comp rx=0 tx=0)._handle_peer_banner_payload supported=3 required=0
2024-02-26T04:50:29.972 INFO:teuthology.orchestra.run.smithi022.stdout:/usr/bin/ceph: stderr
2024-02-26T04:50:29.218+0000 7f67c93e7700 1 --2- >> [v2:172.21.15.22:3300/0,v1:172.21.15.22:6789/0] conn(0x7f67c41061d0 0x7f67c419d900 unknown :-1 s=HELLO_CONNECTING pgs=0 cs=0 l=1 rev1=1 crypto rx=0 tx=0 comp rx=0 tx=0).handle_hello peer v2:172.21.15.22:3300/0 says I am v2:172.21.15.22:42078/0 (socket says 172.21.15.22:42078)
2024-02-26T04:50:29.972 INFO:teuthology.orchestra.run.smithi022.stdout:/usr/bin/ceph: stderr
2024-02-26T04:50:29.218+0000 7f67c93e7700 1 -- 172.21.15.22:0/2947497140 learned_addr learned my addr 172.21.15.22:0/2947497140 (peer_addr_for_me v2:172.21.15.22:0/0)
2024-02-26T04:50:29.972 INFO:teuthology.orchestra.run.smithi022.stdout:/usr/bin/ceph: stderr
2024-02-26T04:50:29.218+0000 7f67c93e7700 1 -- 172.21.15.22:0/2947497140 --> [v2:172.21.15.22:3300/0,v1:172.21.15.22:6789/0] -- mon_subscribe({config=0+,monmap=0+}) v3 -- 0x7f67c0009550 con 0x7f67c41061d0
2024-02-26T04:50:29.973 INFO:teuthology.orchestra.run.smithi022.stdout:/usr/bin/ceph: stderr
2024-02-26T04:50:29.218+0000 7f67c93e7700 1 --2- 172.21.15.22:0/2947497140 >> [v2:172.21.15.22:3300/0,v1:172.21.15.22:6789/0] conn(0x7f67c41061d0 0x7f67c419d900 secure :-1 s=READY pgs=77 cs=0 l=1 rev1=1 crypto rx=0x7f67c0011700 tx=0x7f67c0003980 comp rx=0 tx=0).ready entity=mon.0 client_cookie=0 server_cookie=0 in_seq=0 out_seq=0
2024-02-26T04:50:29.973 INFO:teuthology.orchestra.run.smithi022.stdout:/usr/bin/ceph: stderr
2024-02-26T04:50:29.218+0000 7f67ba7fc700 1 -- 172.21.15.22:0/2947497140 <== mon.0 v2:172.21.15.22:3300/0 1 ==== mon_map magic: 0 v1 ==== 205+0+0 (secure 0 0 0) 0x7f67c0011ea0 con 0x7f67c41061d0
2024-02-26T04:50:29.973 INFO:teuthology.orchestra.run.smithi022.stdout:/usr/bin/ceph: stderr
2024-02-26T04:50:29.218+0000 7f67ba7fc700 1 -- 172.21.15.22:0/2947497140 <== mon.0 v2:172.21.15.22:3300/0 2 ==== config(29 keys) v1 ==== 1209+0+0 (secure 0 0 0) 0x7f67c0004210 con 0x7f67c41061d0
2024-02-26T04:50:29.973 INFO:teuthology.orchestra.run.smithi022.stdout:/usr/bin/ceph: stderr
2024-02-26T04:50:29.218+0000 7f67ba7fc700 1 -- 172.21.15.22:0/2947497140 <== mon.0 v2:172.21.15.22:3300/0 3 ==== mon_map magic: 0 v1 ==== 205+0+0 (secure 0 0 0) 0x7f67c0019710 con 0x7f67c41061d0
2024-02-26T04:50:29.973 INFO:teuthology.orchestra.run.smithi022.stdout:/usr/bin/ceph: stderr
2024-02-26T04:50:29.218+0000 7f67cb64b700 1 -- 172.21.15.22:0/2947497140 --> [v2:172.21.15.22:3300/0,v1:172.21.15.22:6789/0] -- mon_subscribe({mgrmap=0+}) v3 -- 0x7f67c419e040 con 0x7f67c41061d0
2024-02-26T04:50:29.973 INFO:teuthology.orchestra.run.smithi022.stdout:/usr/bin/ceph: stderr
2024-02-26T04:50:29.218+0000 7f67cb64b700 1 -- 172.21.15.22:0/2947497140 --> [v2:172.21.15.22:3300/0,v1:172.21.15.22:6789/0] -- mon_subscribe({osdmap=0}) v3 -- 0x7f67c419e4e0 con 0x7f67c41061d0
2024-02-26T04:50:29.973 INFO:teuthology.orchestra.run.smithi022.stdout:/usr/bin/ceph: stderr
2024-02-26T04:50:29.219+0000 7f67ba7fc700 1 -- 172.21.15.22:0/2947497140 <== mon.0 v2:172.21.15.22:3300/0 4 ==== mgrmap(e 13) v1 ==== 45988+0+0 (secure 0 0 0) 0x7f67c0019950 con 0x7f67c41061d0
2024-02-26T04:50:29.973 INFO:teuthology.orchestra.run.smithi022.stdout:/usr/bin/ceph: stderr
2024-02-26T04:50:29.219+0000 7f67ba7fc700 1 --2- 172.21.15.22:0/2947497140 >> [v2:172.21.15.22:6800/3972024006,v1:172.21.15.22:6801/3972024006] conn(0x7f67b0038f80 0x7f67b003b440 unknown :-1 s=NONE pgs=0 cs=0 l=1 rev1=0 crypto rx=0 tx=0 comp rx=0 tx=0).connect
2024-02-26T04:50:29.973 INFO:teuthology.orchestra.run.smithi022.stdout:/usr/bin/ceph: stderr
2024-02-26T04:50:29.219+0000 7f67ba7fc700 1 -- 172.21.15.22:0/2947497140 <== mon.0 v2:172.21.15.22:3300/0 5 ==== osd_map(3..3 src has 1..3) v4 ==== 1155+0+0 (secure 0 0 0) 0x7f67c004d1c0 con 0x7f67c41061d0
2024-02-26T04:50:29.973 INFO:teuthology.orchestra.run.smithi022.stdout:/usr/bin/ceph: stderr
2024-02-26T04:50:29.219+0000 7f67c8be6700 1 --2- 172.21.15.22:0/2947497140 >> [v2:172.21.15.22:6800/3972024006,v1:172.21.15.22:6801/3972024006] conn(0x7f67b0038f80 0x7f67b003b440 unknown :-1 s=BANNER_CONNECTING pgs=0 cs=0 l=1 rev1=0 crypto rx=0 tx=0 comp rx=0 tx=0)._handle_peer_banner_payload supported=3 required=0
2024-02-26T04:50:29.974 INFO:teuthology.orchestra.run.smithi022.stdout:/usr/bin/ceph: stderr
2024-02-26T04:50:29.220+0000 7f67cb64b700 1 -- 172.21.15.22:0/2947497140 --> [v2:172.21.15.22:3300/0,v1:172.21.15.22:6789/0] -- mon_command({"prefix": "get_command_descriptions"} v 0) v1 -- 0x7f67c41975a0 con 0x7f67c41061d0
2024-02-26T04:50:29.974 INFO:teuthology.orchestra.run.smithi022.stdout:/usr/bin/ceph: stderr
2024-02-26T04:50:29.220+0000 7f67c8be6700 1 --2- 172.21.15.22:0/2947497140 >> [v2:172.21.15.22:6800/3972024006,v1:172.21.15.22:6801/3972024006] conn(0x7f67b0038f80 0x7f67b003b440 secure :-1 s=READY pgs=10 cs=0 l=1 rev1=1 crypto rx=0x7f67b4006fd0 tx=0x7f67b4006e40 comp rx=0 tx=0).ready entity=mgr.14152 client_cookie=0 server_cookie=0 in_seq=0 out_seq=0
2024-02-26T04:50:29.974 INFO:teuthology.orchestra.run.smithi022.stdout:/usr/bin/ceph: stderr
2024-02-26T04:50:29.225+0000 7f67ba7fc700 1 -- 172.21.15.22:0/2947497140 <== mon.0 v2:172.21.15.22:3300/0 6 ==== mon_command_ack([{"prefix": "get_command_descriptions"}]=0 v0) v1 ==== 72+0+183564 (secure 0 0 0) 0x7f67c0023370 con 0x7f67c41061d0
2024-02-26T04:50:29.974 INFO:teuthology.orchestra.run.smithi022.stdout:/usr/bin/ceph: stderr
2024-02-26T04:50:29.423+0000 7f67cb64b700 1 -- 172.21.15.22:0/2947497140 --> [v2:172.21.15.22:3300/0,v1:172.21.15.22:6789/0] -- mon_command([{prefix=config set, name=osd_memory_target_autotune}] v 0) v1 -- 0x7f67c4107b00 con 0x7f67c41061d0
2024-02-26T04:50:29.974 INFO:teuthology.orchestra.run.smithi022.stdout:/usr/bin/ceph: stderr
2024-02-26T04:50:29.424+0000 7f67ba7fc700 1 -- 172.21.15.22:0/2947497140 <== mon.0 v2:172.21.15.22:3300/0 7 ==== mon_command_ack([{prefix=config set, name=osd_memory_target_autotune}]=0 v8)=0 v8) v1 ==== 127+0+0 (secure 0 0 0) 0x7f67c0010c10 con 0x7f67c41061d0
2024-02-26T04:50:29.974 INFO:teuthology.orchestra.run.smithi022.stdout:/usr/bin/ceph: stderr
2024-02-26T04:50:29.426+0000 7f67cb64b700 1 -- 172.21.15.22:0/2947497140 >> [v2:172.21.15.22:6800/3972024006,v1:172.21.15.22:6801/3972024006] conn(0x7f67b0038f80 msgr2=0x7f67b003b440 secure :-1 s=STATE_CONNECTION_ESTABLISHED l=1).mark_down
2024-02-26T04:50:29.975 INFO:teuthology.orchestra.run.smithi022.stdout:/usr/bin/ceph: stderr
2024-02-26T04:50:29.426+0000 7f67cb64b700 1 --2- 172.21.15.22:0/2947497140 >> [v2:172.21.15.22:6800/3972024006,v1:172.21.15.22:6801/3972024006] conn(0x7f67b0038f80 0x7f67b003b440 secure :-1 s=READY pgs=10 cs=0 l=1 rev1=1 crypto rx=0x7f67b4006fd0 tx=0x7f67b4006e40 comp rx=0 tx=0).stop
2024-02-26T04:50:29.975 INFO:teuthology.orchestra.run.smithi022.stdout:/usr/bin/ceph: stderr
2024-02-26T04:50:29.426+0000 7f67cb64b700 1 -- 172.21.15.22:0/2947497140 >> [v2:172.21.15.22:3300/0,v1:172.21.15.22:6789/0] conn(0x7f67c41061d0 msgr2=0x7f67c419d900 secure :-1 s=STATE_CONNECTION_ESTABLISHED l=1).mark_down
2024-02-26T04:50:29.975 INFO:teuthology.orchestra.run.smithi022.stdout:/usr/bin/ceph: stderr
2024-02-26T04:50:29.426+0000 7f67cb64b700 1 --2- 172.21.15.22:0/2947497140 >> [v2:172.21.15.22:3300/0,v1:172.21.15.22:6789/0] conn(0x7f67c41061d0 0x7f67c419d900 secure :-1 s=READY pgs=77 cs=0 l=1 rev1=1 crypto rx=0x7f67c0011700 tx=0x7f67c0003980 comp rx=0 tx=0).stop
2024-02-26T04:50:29.975 INFO:teuthology.orchestra.run.smithi022.stdout:/usr/bin/ceph: stderr
2024-02-26T04:50:29.426+0000 7f67cb64b700 1 -- 172.21.15.22:0/2947497140 shutdown_connections
2024-02-26T04:50:29.975 INFO:teuthology.orchestra.run.smithi022.stdout:/usr/bin/ceph: stderr
2024-02-26T04:50:29.426+0000 7f67cb64b700 1 --2- 172.21.15.22:0/2947497140 >> [v2:172.21.15.22:6800/3972024006,v1:172.21.15.22:6801/3972024006] conn(0x7f67b0038f80 0x7f67b003b440 unknown :-1 s=CLOSED pgs=10 cs=0 l=1 rev1=1 crypto rx=0 tx=0 comp rx=0 tx=0).stop
2024-02-26T04:50:29.975 INFO:teuthology.orchestra.run.smithi022.stdout:/usr/bin/ceph: stderr
2024-02-26T04:50:29.426+0000 7f67cb64b700 1 --2- 172.21.15.22:0/2947497140 >> [v2:172.21.15.22:3300/0,v1:172.21.15.22:6789/0] conn(0x7f67c41061d0 0x7f67c419d900 unknown :-1 s=CLOSED pgs=77 cs=0 l=1 rev1=1 crypto rx=0 tx=0 comp rx=0 tx=0).stop
2024-02-26T04:50:29.975 INFO:teuthology.orchestra.run.smithi022.stdout:/usr/bin/ceph: stderr
2024-02-26T04:50:29.426+0000 7f67cb64b700 1 -- 172.21.15.22:0/2947497140 >> 172.21.15.22:0/2947497140 conn(0x7f67c4101df0 msgr2=0x7f67c41946e0 unknown :-1 s=STATE_NONE l=0).mark_down
2024-02-26T04:50:29.975 INFO:teuthology.orchestra.run.smithi022.stdout:/usr/bin/ceph: stderr
2024-02-26T04:50:29.426+0000 7f67cb64b700 1 -- 172.21.15.22:0/2947497140 shutdown_connections
2024-02-26T04:50:29.975 INFO:teuthology.orchestra.run.smithi022.stdout:/usr/bin/ceph: stderr
2024-02-26T04:50:29.426+0000 7f67cb64b700 1 -- 172.21.15.22:0/2947497140 wait complete.
2024-02-26T04:50:31.269 INFO:teuthology.orchestra.run.smithi022.stdout:/usr/bin/ceph: stderr
2024-02-26T04:50:30.372+0000 7ffab7ce8700 1 Processor -- start
2024-02-26T04:50:31.275 INFO:teuthology.orchestra.run.smithi022.stdout:/usr/bin/ceph: stderr
2024-02-26T04:50:30.373+0000 7ffab7ce8700 1 -- start start
2024-02-26T04:50:31.275 INFO:teuthology.orchestra.run.smithi022.stdout:/usr/bin/ceph: stderr
2024-02-26T04:50:30.373+0000 7ffab7ce8700 1 --2- >> [v2:172.21.15.22:3300/0,v1:172.21.15.22:6789/0] conn(0x7ffab01067f0 0x7ffab0106c10 unknown :-1 s=NONE pgs=0 cs=0 l=0 rev1=0 crypto rx=0 tx=0 comp rx=0 tx=0).connect
2024-02-26T04:50:31.275 INFO:teuthology.orchestra.run.smithi022.stdout:/usr/bin/ceph: stderr
2024-02-26T04:50:30.373+0000 7ffab7ce8700 1 -- --> [v2:172.21.15.22:3300/0,v1:172.21.15.22:6789/0] -- mon_getmap magic: 0 v1 -- 0x7ffab01071e0 con 0x7ffab01067f0
2024-02-26T04:50:31.275 INFO:teuthology.orchestra.run.smithi022.stdout:/usr/bin/ceph: stderr
2024-02-26T04:50:30.373+0000 7ffab5a84700 1 --2- >> [v2:172.21.15.22:3300/0,v1:172.21.15.22:6789/0] conn(0x7ffab01067f0 0x7ffab0106c10 unknown :-1 s=BANNER_CONNECTING pgs=0 cs=0 l=0 rev1=0 crypto rx=0 tx=0 comp rx=0 tx=0)._handle_peer_banner_payload supported=3 required=0
2024-02-26T04:50:31.275 INFO:teuthology.orchestra.run.smithi022.stdout:/usr/bin/ceph: stderr
2024-02-26T04:50:30.373+0000 7ffab5a84700 1 --2- >> [v2:172.21.15.22:3300/0,v1:172.21.15.22:6789/0] conn(0x7ffab01067f0 0x7ffab0106c10 unknown :-1 s=HELLO_CONNECTING pgs=0 cs=0 l=0 rev1=1 crypto rx=0 tx=0 comp rx=0 tx=0).handle_hello peer v2:172.21.15.22:3300/0 says I am v2:172.21.15.22:42092/0 (socket says 172.21.15.22:42092)
2024-02-26T04:50:31.275 INFO:teuthology.orchestra.run.smithi022.stdout:/usr/bin/ceph: stderr
2024-02-26T04:50:30.373+0000 7ffab5a84700 1 -- 172.21.15.22:0/567760502 learned_addr learned my addr 172.21.15.22:0/567760502 (peer_addr_for_me v2:172.21.15.22:0/0)
2024-02-26T04:50:31.275 INFO:teuthology.orchestra.run.smithi022.stdout:/usr/bin/ceph: stderr
2024-02-26T04:50:30.373+0000 7ffab5a84700 1 -- 172.21.15.22:0/567760502 --> [v2:172.21.15.22:3300/0,v1:172.21.15.22:6789/0] -- mon_subscribe({config=0+,monmap=0+}) v3 -- 0x7ffab01079f0 con 0x7ffab01067f0
2024-02-26T04:50:31.275 INFO:teuthology.orchestra.run.smithi022.stdout:/usr/bin/ceph: stderr
2024-02-26T04:50:30.373+0000 7ffab5a84700 1 --2- 172.21.15.22:0/567760502 >> [v2:172.21.15.22:3300/0,v1:172.21.15.22:6789/0] conn(0x7ffab01067f0 0x7ffab0106c10 secure :-1 s=READY pgs=78 cs=0 l=1 rev1=1 crypto rx=0x7ffaa00098a0 tx=0x7ffaa0009bb0 comp rx=0 tx=0).ready entity=mon.0 client_cookie=37451f4058fd1ba server_cookie=0 in_seq=0 out_seq=0
2024-02-26T04:50:31.275 INFO:teuthology.orchestra.run.smithi022.stdout:/usr/bin/ceph: stderr
2024-02-26T04:50:30.374+0000 7ffab4a82700 1 -- 172.21.15.22:0/567760502 <== mon.0 v2:172.21.15.22:3300/0 1 ==== mon_map magic: 0 v1 ==== 205+0+0 (secure 0 0 0) 0x7ffaa0004160 con 0x7ffab01067f0
2024-02-26T04:50:31.276 INFO:teuthology.orchestra.run.smithi022.stdout:/usr/bin/ceph: stderr
2024-02-26T04:50:30.374+0000 7ffab4a82700 1 -- 172.21.15.22:0/567760502 <== mon.0 v2:172.21.15.22:3300/0 2 ==== config(29 keys) v1 ==== 1209+0+0 (secure 0 0 0) 0x7ffaa0003bc0 con 0x7ffab01067f0
2024-02-26T04:50:31.276 INFO:teuthology.orchestra.run.smithi022.stdout:/usr/bin/ceph: stderr
2024-02-26T04:50:30.374+0000 7ffab4a82700 1 -- 172.21.15.22:0/567760502 <== mon.0 v2:172.21.15.22:3300/0 3 ==== mon_map magic: 0 v1 ==== 205+0+0 (secure 0 0 0) 0x7ffaa0011be0 con 0x7ffab01067f0
2024-02-26T04:50:31.276 INFO:teuthology.orchestra.run.smithi022.stdout:/usr/bin/ceph: stderr
2024-02-26T04:50:30.374+0000 7ffab7ce8700 1 -- 172.21.15.22:0/567760502 >> [v2:172.21.15.22:3300/0,v1:172.21.15.22:6789/0] conn(0x7ffab01067f0 msgr2=0x7ffab0106c10 secure :-1 s=STATE_CONNECTION_ESTABLISHED l=1).mark_down
2024-02-26T04:50:31.276 INFO:teuthology.orchestra.run.smithi022.stdout:/usr/bin/ceph: stderr
2024-02-26T04:50:30.374+0000 7ffab7ce8700 1 --2- 172.21.15.22:0/567760502 >> [v2:172.21.15.22:3300/0,v1:172.21.15.22:6789/0] conn(0x7ffab01067f0 0x7ffab0106c10 secure :-1 s=READY pgs=78 cs=0 l=1 rev1=1 crypto rx=0x7ffaa00098a0 tx=0x7ffaa0009bb0 comp rx=0 tx=0).stop
2024-02-26T04:50:31.276 INFO:teuthology.orchestra.run.smithi022.stdout:/usr/bin/ceph: stderr
2024-02-26T04:50:30.374+0000 7ffab7ce8700 1 -- 172.21.15.22:0/567760502 shutdown_connections
2024-02-26T04:50:31.276 INFO:teuthology.orchestra.run.smithi022.stdout:/usr/bin/ceph: stderr
2024-02-26T04:50:30.374+0000 7ffab7ce8700 1 --2- 172.21.15.22:0/567760502 >> [v2:172.21.15.22:3300/0,v1:172.21.15.22:6789/0] conn(0x7ffab01067f0 0x7ffab0106c10 unknown :-1 s=CLOSED pgs=78 cs=0 l=1 rev1=1 crypto rx=0 tx=0 comp rx=0 tx=0).stop
2024-02-26T04:50:31.276 INFO:teuthology.orchestra.run.smithi022.stdout:/usr/bin/ceph: stderr
2024-02-26T04:50:30.374+0000 7ffab7ce8700 1 -- 172.21.15.22:0/567760502 >> 172.21.15.22:0/567760502 conn(0x7ffab0101e30 msgr2=0x7ffab0104250 unknown :-1 s=STATE_NONE l=0).mark_down
2024-02-26T04:50:31.276 INFO:teuthology.orchestra.run.smithi022.stdout:/usr/bin/ceph: stderr
2024-02-26T04:50:30.374+0000 7ffab7ce8700 1 -- 172.21.15.22:0/567760502 shutdown_connections
2024-02-26T04:50:31.276 INFO:teuthology.orchestra.run.smithi022.stdout:/usr/bin/ceph: stderr
2024-02-26T04:50:30.374+0000 7ffab7ce8700 1 -- 172.21.15.22:0/567760502 wait complete.
2024-02-26T04:50:31.276 INFO:teuthology.orchestra.run.smithi022.stdout:/usr/bin/ceph: stderr
2024-02-26T04:50:30.375+0000 7ffab7ce8700 1 Processor -- start
2024-02-26T04:50:31.276 INFO:teuthology.orchestra.run.smithi022.stdout:/usr/bin/ceph: stderr
2024-02-26T04:50:30.375+0000 7ffab7ce8700 1 -- start start
2024-02-26T04:50:31.276 INFO:teuthology.orchestra.run.smithi022.stdout:/usr/bin/ceph: stderr
2024-02-26T04:50:30.375+0000 7ffab7ce8700 1 --2- >> [v2:172.21.15.22:3300/0,v1:172.21.15.22:6789/0] conn(0x7ffab01067f0 0x7ffab019d930 unknown :-1 s=NONE pgs=0 cs=0 l=1 rev1=0 crypto rx=0 tx=0 comp rx=0 tx=0).connect
2024-02-26T04:50:31.276 INFO:teuthology.orchestra.run.smithi022.stdout:/usr/bin/ceph: stderr
2024-02-26T04:50:30.375+0000 7ffab7ce8700 1 -- --> [v2:172.21.15.22:3300/0,v1:172.21.15.22:6789/0] -- mon_getmap magic: 0 v1 -- 0x7ffab019de70 con 0x7ffab01067f0
2024-02-26T04:50:31.276 INFO:teuthology.orchestra.run.smithi022.stdout:/usr/bin/ceph: stderr
2024-02-26T04:50:30.375+0000 7ffab5a84700 1 --2- >> [v2:172.21.15.22:3300/0,v1:172.21.15.22:6789/0] conn(0x7ffab01067f0 0x7ffab019d930 unknown :-1 s=BANNER_CONNECTING pgs=0 cs=0 l=1 rev1=0 crypto rx=0 tx=0 comp rx=0 tx=0)._handle_peer_banner_payload supported=3 required=0
2024-02-26T04:50:31.277 INFO:teuthology.orchestra.run.smithi022.stdout:/usr/bin/ceph: stderr
2024-02-26T04:50:30.375+0000 7ffab5a84700 1 --2- >> [v2:172.21.15.22:3300/0,v1:172.21.15.22:6789/0] conn(0x7ffab01067f0 0x7ffab019d930 unknown :-1 s=HELLO_CONNECTING pgs=0 cs=0 l=1 rev1=1 crypto rx=0 tx=0 comp rx=0 tx=0).handle_hello peer v2:172.21.15.22:3300/0 says I am v2:172.21.15.22:42096/0 (socket says 172.21.15.22:42096)
2024-02-26T04:50:31.277 INFO:teuthology.orchestra.run.smithi022.stdout:/usr/bin/ceph: stderr
2024-02-26T04:50:30.375+0000 7ffab5a84700 1 -- 172.21.15.22:0/2765354391 learned_addr learned my addr 172.21.15.22:0/2765354391 (peer_addr_for_me v2:172.21.15.22:0/0)
2024-02-26T04:50:31.277 INFO:teuthology.orchestra.run.smithi022.stdout:/usr/bin/ceph: stderr
2024-02-26T04:50:30.376+0000 7ffab5a84700 1 -- 172.21.15.22:0/2765354391 --> [v2:172.21.15.22:3300/0,v1:172.21.15.22:6789/0] -- mon_subscribe({config=0+,monmap=0+}) v3 -- 0x7ffaa0009550 con 0x7ffab01067f0
2024-02-26T04:50:31.277 INFO:teuthology.orchestra.run.smithi022.stdout:/usr/bin/ceph: stderr
2024-02-26T04:50:30.376+0000 7ffab5a84700 1 --2- 172.21.15.22:0/2765354391 >> [v2:172.21.15.22:3300/0,v1:172.21.15.22:6789/0] conn(0x7ffab01067f0 0x7ffab019d930 secure :-1 s=READY pgs=79 cs=0 l=1 rev1=1 crypto rx=0x7ffaa00118e0 tx=0x7ffaa0011d10 comp rx=0 tx=0).ready entity=mon.0 client_cookie=0 server_cookie=0 in_seq=0 out_seq=0
2024-02-26T04:50:31.277 INFO:teuthology.orchestra.run.smithi022.stdout:/usr/bin/ceph: stderr
2024-02-26T04:50:30.376+0000 7ffaa6ffd700 1 -- 172.21.15.22:0/2765354391 <== mon.0 v2:172.21.15.22:3300/0 1 ==== mon_map magic: 0 v1 ==== 205+0+0 (secure 0 0 0) 0x7ffaa0011ea0 con 0x7ffab01067f0
2024-02-26T04:50:31.277 INFO:teuthology.orchestra.run.smithi022.stdout:/usr/bin/ceph: stderr
2024-02-26T04:50:30.376+0000 7ffaa6ffd700 1 -- 172.21.15.22:0/2765354391 <== mon.0 v2:172.21.15.22:3300/0 2 ==== config(29 keys) v1 ==== 1209+0+0 (secure 0 0 0) 0x7ffaa001a430 con 0x7ffab01067f0
2024-02-26T04:50:31.277 INFO:teuthology.orchestra.run.smithi022.stdout:/usr/bin/ceph: stderr
2024-02-26T04:50:30.376+0000 7ffab7ce8700 1 -- 172.21.15.22:0/2765354391 --> [v2:172.21.15.22:3300/0,v1:172.21.15.22:6789/0] -- mon_subscribe({mgrmap=0+}) v3 -- 0x7ffab019e070 con 0x7ffab01067f0
2024-02-26T04:50:31.277 INFO:teuthology.orchestra.run.smithi022.stdout:/usr/bin/ceph: stderr
2024-02-26T04:50:30.376+0000 7ffaa6ffd700 1 -- 172.21.15.22:0/2765354391 <== mon.0 v2:172.21.15.22:3300/0 3 ==== mon_map magic: 0 v1 ==== 205+0+0 (secure 0 0 0) 0x7ffaa0024580 con 0x7ffab01067f0
2024-02-26T04:50:31.277 INFO:teuthology.orchestra.run.smithi022.stdout:/usr/bin/ceph: stderr
2024-02-26T04:50:30.376+0000 7ffab7ce8700 1 -- 172.21.15.22:0/2765354391 --> [v2:172.21.15.22:3300/0,v1:172.21.15.22:6789/0] -- mon_subscribe({osdmap=0}) v3 -- 0x7ffab019e510 con 0x7ffab01067f0
2024-02-26T04:50:31.277 INFO:teuthology.orchestra.run.smithi022.stdout:/usr/bin/ceph: stderr
2024-02-26T04:50:30.377+0000 7ffaa6ffd700 1 -- 172.21.15.22:0/2765354391 <== mon.0 v2:172.21.15.22:3300/0 4 ==== mgrmap(e 13) v1 ==== 45988+0+0 (secure 0 0 0) 0x7ffaa002d3f0 con 0x7ffab01067f0
2024-02-26T04:50:31.277 INFO:teuthology.orchestra.run.smithi022.stdout:/usr/bin/ceph: stderr
2024-02-26T04:50:30.377+0000 7ffaa6ffd700 1 --2- 172.21.15.22:0/2765354391 >> [v2:172.21.15.22:6800/3972024006,v1:172.21.15.22:6801/3972024006] conn(0x7ffa9c038f80 0x7ffa9c03b440 unknown :-1 s=NONE pgs=0 cs=0 l=1 rev1=0 crypto rx=0 tx=0 comp rx=0 tx=0).connect
2024-02-26T04:50:31.277 INFO:teuthology.orchestra.run.smithi022.stdout:/usr/bin/ceph: stderr
2024-02-26T04:50:30.377+0000 7ffaa6ffd700 1 -- 172.21.15.22:0/2765354391 <== mon.0 v2:172.21.15.22:3300/0 5 ==== osd_map(3..3 src has 1..3) v4 ==== 1155+0+0 (secure 0 0 0) 0x7ffaa004ce90 con 0x7ffab01067f0
2024-02-26T04:50:31.277 INFO:teuthology.orchestra.run.smithi022.stdout:/usr/bin/ceph: stderr
2024-02-26T04:50:30.377+0000 7ffab5283700 1 --2- 172.21.15.22:0/2765354391 >> [v2:172.21.15.22:6800/3972024006,v1:172.21.15.22:6801/3972024006] conn(0x7ffa9c038f80 0x7ffa9c03b440 unknown :-1 s=BANNER_CONNECTING pgs=0 cs=0 l=1 rev1=0 crypto rx=0 tx=0 comp rx=0 tx=0)._handle_peer_banner_payload supported=3 required=0
2024-02-26T04:50:31.277 INFO:teuthology.orchestra.run.smithi022.stdout:/usr/bin/ceph: stderr
2024-02-26T04:50:30.377+0000 7ffab5283700 1 --2- 172.21.15.22:0/2765354391 >> [v2:172.21.15.22:6800/3972024006,v1:172.21.15.22:6801/3972024006] conn(0x7ffa9c038f80 0x7ffa9c03b440 secure :-1 s=READY pgs=11 cs=0 l=1 rev1=1 crypto rx=0x7ffaac006fd0 tx=0x7ffaac006e40 comp rx=0 tx=0).ready entity=mgr.14152 client_cookie=0 server_cookie=0 in_seq=0 out_seq=0
2024-02-26T04:50:31.278 INFO:teuthology.orchestra.run.smithi022.stdout:/usr/bin/ceph: stderr
2024-02-26T04:50:30.377+0000 7ffab7ce8700 1 -- 172.21.15.22:0/2765354391 --> [v2:172.21.15.22:3300/0,v1:172.21.15.22:6789/0] -- mon_command({"prefix": "get_command_descriptions"} v 0) v1 -- 0x7ffab0197d50 con 0x7ffab01067f0
2024-02-26T04:50:31.278 INFO:teuthology.orchestra.run.smithi022.stdout:/usr/bin/ceph: stderr
2024-02-26T04:50:30.382+0000 7ffaa6ffd700 1 -- 172.21.15.22:0/2765354391 <== mon.0 v2:172.21.15.22:3300/0 6 ==== mon_command_ack([{"prefix": "get_command_descriptions"}]=0 v0) v1 ==== 72+0+183564 (secure 0 0 0) 0x7ffaa002d740 con 0x7ffab01067f0
2024-02-26T04:50:31.278 INFO:teuthology.orchestra.run.smithi022.stdout:/usr/bin/ceph: stderr
2024-02-26T04:50:30.708+0000 7ffab7ce8700 1 -- 172.21.15.22:0/2765354391 --> [v2:172.21.15.22:3300/0,v1:172.21.15.22:6789/0] -- mon_command([{prefix=config-key set, key=mgr/dashboard/cluster/status}] v 0) v1 -- 0x7ffab010ac20 con 0x7ffab01067f0
2024-02-26T04:50:31.278 INFO:teuthology.orchestra.run.smithi022.stdout:/usr/bin/ceph: stderr
2024-02-26T04:50:30.710+0000 7ffaa6ffd700 1 -- 172.21.15.22:0/2765354391 <== mon.0 v2:172.21.15.22:3300/0 7 ==== mon_command_ack([{prefix=config-key set, key=mgr/dashboard/cluster/status}]=0 set mgr/dashboard/cluster/status v27)=0 set mgr/dashboard/cluster/status v27) v1 ==== 153+0+0 (secure 0 0 0) 0x7ffaa0031070 con 0x7ffab01067f0
2024-02-26T04:50:31.278 INFO:teuthology.orchestra.run.smithi022.stdout:/usr/bin/ceph: stderr
2024-02-26T04:50:30.712+0000 7ffab7ce8700 1 -- 172.21.15.22:0/2765354391 >> [v2:172.21.15.22:6800/3972024006,v1:172.21.15.22:6801/3972024006] conn(0x7ffa9c038f80 msgr2=0x7ffa9c03b440 secure :-1 s=STATE_CONNECTION_ESTABLISHED l=1).mark_down
2024-02-26T04:50:31.278 INFO:teuthology.orchestra.run.smithi022.stdout:/usr/bin/ceph: stderr
2024-02-26T04:50:30.712+0000 7ffab7ce8700 1 --2- 172.21.15.22:0/2765354391 >> [v2:172.21.15.22:6800/3972024006,v1:172.21.15.22:6801/3972024006] conn(0x7ffa9c038f80 0x7ffa9c03b440 secure :-1 s=READY pgs=11 cs=0 l=1 rev1=1 crypto rx=0x7ffaac006fd0 tx=0x7ffaac006e40 comp rx=0 tx=0).stop
2024-02-26T04:50:31.278 INFO:teuthology.orchestra.run.smithi022.stdout:/usr/bin/ceph: stderr
2024-02-26T04:50:30.712+0000 7ffab7ce8700 1 -- 172.21.15.22:0/2765354391 >> [v2:172.21.15.22:3300/0,v1:172.21.15.22:6789/0] conn(0x7ffab01067f0 msgr2=0x7ffab019d930 secure :-1 s=STATE_CONNECTION_ESTABLISHED l=1).mark_down
2024-02-26T04:50:31.278 INFO:teuthology.orchestra.run.smithi022.stdout:/usr/bin/ceph: stderr
2024-02-26T04:50:30.712+0000 7ffab7ce8700 1 --2- 172.21.15.22:0/2765354391 >> [v2:172.21.15.22:3300/0,v1:172.21.15.22:6789/0] conn(0x7ffab01067f0 0x7ffab019d930 secure :-1 s=READY pgs=79 cs=0 l=1 rev1=1 crypto rx=0x7ffaa00118e0 tx=0x7ffaa0011d10 comp rx=0 tx=0).stop
2024-02-26T04:50:31.278 INFO:teuthology.orchestra.run.smithi022.stdout:/usr/bin/ceph: stderr
2024-02-26T04:50:30.712+0000 7ffab7ce8700 1 -- 172.21.15.22:0/2765354391 shutdown_connections
2024-02-26T04:50:31.278 INFO:teuthology.orchestra.run.smithi022.stdout:/usr/bin/ceph: stderr
2024-02-26T04:50:30.712+0000 7ffab7ce8700 1 --2- 172.21.15.22:0/2765354391 >> [v2:172.21.15.22:6800/3972024006,v1:172.21.15.22:6801/3972024006] conn(0x7ffa9c038f80 0x7ffa9c03b440 unknown :-1 s=CLOSED pgs=11 cs=0 l=1 rev1=1 crypto rx=0 tx=0 comp rx=0 tx=0).stop
2024-02-26T04:50:31.278 INFO:teuthology.orchestra.run.smithi022.stdout:/usr/bin/ceph: stderr
2024-02-26T04:50:30.712+0000 7ffab7ce8700 1 --2- 172.21.15.22:0/2765354391 >> [v2:172.21.15.22:3300/0,v1:172.21.15.22:6789/0] conn(0x7ffab01067f0 0x7ffab019d930 unknown :-1 s=CLOSED pgs=79 cs=0 l=1 rev1=1 crypto rx=0 tx=0 comp rx=0 tx=0).stop
2024-02-26T04:50:31.278 INFO:teuthology.orchestra.run.smithi022.stdout:/usr/bin/ceph: stderr
2024-02-26T04:50:30.712+0000 7ffab7ce8700 1 -- 172.21.15.22:0/2765354391 >> 172.21.15.22:0/2765354391 conn(0x7ffab0101e30 msgr2=0x7ffab0102c30 unknown :-1 s=STATE_NONE l=0).mark_down
2024-02-26T04:50:31.278 INFO:teuthology.orchestra.run.smithi022.stdout:/usr/bin/ceph: stderr
2024-02-26T04:50:30.712+0000 7ffab7ce8700 1 -- 172.21.15.22:0/2765354391 shutdown_connections
2024-02-26T04:50:31.278 INFO:teuthology.orchestra.run.smithi022.stdout:/usr/bin/ceph: stderr
2024-02-26T04:50:30.712+0000 7ffab7ce8700 1 -- 172.21.15.22:0/2765354391 wait complete.
2024-02-26T04:50:31.279 INFO:teuthology.orchestra.run.smithi022.stdout:/usr/bin/ceph: stderr set mgr/dashboard/cluster/status
2024-02-26T04:50:31.279 INFO:teuthology.orchestra.run.smithi022.stdout:You can access the Ceph CLI as following in case of multi-cluster or non-default config:
2024-02-26T04:50:31.279 INFO:teuthology.orchestra.run.smithi022.stdout:
2024-02-26T04:50:31.279 INFO:teuthology.orchestra.run.smithi022.stdout: sudo /home/ubuntu/cephtest/cephadm shell --fsid 49afa24c-d462-11ee-95c3-87774f69a715 -c /etc/ceph/ceph.conf -k /etc/ceph/ceph.client.admin.keyring
2024-02-26T04:50:31.279 INFO:teuthology.orchestra.run.smithi022.stdout:
2024-02-26T04:50:31.279 INFO:teuthology.orchestra.run.smithi022.stdout:Or, if you are only running a single cluster on this host:
2024-02-26T04:50:31.279 INFO:teuthology.orchestra.run.smithi022.stdout:
2024-02-26T04:50:31.279 INFO:teuthology.orchestra.run.smithi022.stdout: sudo /home/ubuntu/cephtest/cephadm shell
2024-02-26T04:50:31.279 INFO:teuthology.orchestra.run.smithi022.stdout:
2024-02-26T04:50:31.279 INFO:teuthology.orchestra.run.smithi022.stdout:Please consider enabling telemetry to help improve Ceph:
2024-02-26T04:50:31.279 INFO:teuthology.orchestra.run.smithi022.stdout:
2024-02-26T04:50:31.279 INFO:teuthology.orchestra.run.smithi022.stdout: ceph telemetry on
2024-02-26T04:50:31.279 INFO:teuthology.orchestra.run.smithi022.stdout:
2024-02-26T04:50:31.279 INFO:teuthology.orchestra.run.smithi022.stdout:For more information see:
2024-02-26T04:50:31.279 INFO:teuthology.orchestra.run.smithi022.stdout:
2024-02-26T04:50:31.279 INFO:teuthology.orchestra.run.smithi022.stdout: https://docs.ceph.com/en/latest/mgr/telemetry/
2024-02-26T04:50:31.280 INFO:teuthology.orchestra.run.smithi022.stdout:
2024-02-26T04:50:31.280 INFO:teuthology.orchestra.run.smithi022.stdout:Bootstrap complete.
2024-02-26T04:50:31.313 INFO:tasks.cephadm:Fetching config...
2024-02-26T04:50:31.313 DEBUG:teuthology.orchestra.run.smithi022:> set -ex
2024-02-26T04:50:31.314 DEBUG:teuthology.orchestra.run.smithi022:> dd if=/etc/ceph/ceph.conf of=/dev/stdout
2024-02-26T04:50:31.328 INFO:tasks.cephadm:Fetching client.admin keyring...
2024-02-26T04:50:31.328 DEBUG:teuthology.orchestra.run.smithi022:> set -ex
2024-02-26T04:50:31.328 DEBUG:teuthology.orchestra.run.smithi022:> dd if=/etc/ceph/ceph.client.admin.keyring of=/dev/stdout
2024-02-26T04:50:31.384 INFO:tasks.cephadm:Fetching mon keyring...
2024-02-26T04:50:31.384 DEBUG:teuthology.orchestra.run.smithi022:> set -ex
2024-02-26T04:50:31.384 DEBUG:teuthology.orchestra.run.smithi022:> sudo dd if=/var/lib/ceph/49afa24c-d462-11ee-95c3-87774f69a715/mon.a/keyring of=/dev/stdout
2024-02-26T04:50:31.452 INFO:tasks.cephadm:Fetching pub ssh key...
2024-02-26T04:50:31.452 DEBUG:teuthology.orchestra.run.smithi022:> set -ex
2024-02-26T04:50:31.453 DEBUG:teuthology.orchestra.run.smithi022:> dd if=/home/ubuntu/cephtest/ceph.pub of=/dev/stdout
2024-02-26T04:50:31.508 INFO:tasks.cephadm:Installing pub ssh key for root users...
2024-02-26T04:50:31.508 DEBUG:teuthology.orchestra.run.smithi022:> sudo install -d -m 0700 /root/.ssh && echo 'ssh-rsa AAAAB3NzaC1yc2EAAAADAQABAAABgQC7b61JMoRXubYbR2eRfIEGqLnbovCRXY4NqctEKeEizE1JOOfkAMaroyojuBRnOcvSBHqFl9IvBEdcce1OoyfrMjz7zgAlBsasulKP7aieF6FsB+mStWaSHAWZ9MMXsahEapKhB35b4qUMGe8Z+8ey8fcfQ0tbB36p7UPXZqnyKI0P4KOdVSYPVjg3jFP++2XWMFn0KKH81EudtswaqGZnNoCaRJCSf8mFBeeBdoIYxKSicYFyFxxz1OFNe31yHV3XkBbmMKn9sdXQCnMrtSUxw2zU9zg13y2AAWLSvx7hW9SClZMMMwgRNa+mrysaVBwGFLefDE20ZPK7gslTkj04owFCA4lkdjc+6LAkDx4d0mxZhVR2VB0J3WgUqAH6uOofugByMdDfPlXV8MOsF/eJXf/ocjIZcIZIWiFkeUpvlaOtr4XYnK4HLORrzaRA5QZsPcTFWL7iZn72a36Lf+n/yLzWxmAqMaonye4aeefxifoIKWCPU3tMp4gPxAI+K7s= ceph-49afa24c-d462-11ee-95c3-87774f69a715' | sudo tee -a /root/.ssh/authorized_keys && sudo chmod 0600 /root/.ssh/authorized_keys
2024-02-26T04:50:31.605 INFO:teuthology.orchestra.run.smithi022.stdout:ssh-rsa AAAAB3NzaC1yc2EAAAADAQABAAABgQC7b61JMoRXubYbR2eRfIEGqLnbovCRXY4NqctEKeEizE1JOOfkAMaroyojuBRnOcvSBHqFl9IvBEdcce1OoyfrMjz7zgAlBsasulKP7aieF6FsB+mStWaSHAWZ9MMXsahEapKhB35b4qUMGe8Z+8ey8fcfQ0tbB36p7UPXZqnyKI0P4KOdVSYPVjg3jFP++2XWMFn0KKH81EudtswaqGZnNoCaRJCSf8mFBeeBdoIYxKSicYFyFxxz1OFNe31yHV3XkBbmMKn9sdXQCnMrtSUxw2zU9zg13y2AAWLSvx7hW9SClZMMMwgRNa+mrysaVBwGFLefDE20ZPK7gslTkj04owFCA4lkdjc+6LAkDx4d0mxZhVR2VB0J3WgUqAH6uOofugByMdDfPlXV8MOsF/eJXf/ocjIZcIZIWiFkeUpvlaOtr4XYnK4HLORrzaRA5QZsPcTFWL7iZn72a36Lf+n/yLzWxmAqMaonye4aeefxifoIKWCPU3tMp4gPxAI+K7s= ceph-49afa24c-d462-11ee-95c3-87774f69a715
2024-02-26T04:50:31.621 DEBUG:teuthology.orchestra.run.smithi103:> sudo install -d -m 0700 /root/.ssh && echo 'ssh-rsa AAAAB3NzaC1yc2EAAAADAQABAAABgQC7b61JMoRXubYbR2eRfIEGqLnbovCRXY4NqctEKeEizE1JOOfkAMaroyojuBRnOcvSBHqFl9IvBEdcce1OoyfrMjz7zgAlBsasulKP7aieF6FsB+mStWaSHAWZ9MMXsahEapKhB35b4qUMGe8Z+8ey8fcfQ0tbB36p7UPXZqnyKI0P4KOdVSYPVjg3jFP++2XWMFn0KKH81EudtswaqGZnNoCaRJCSf8mFBeeBdoIYxKSicYFyFxxz1OFNe31yHV3XkBbmMKn9sdXQCnMrtSUxw2zU9zg13y2AAWLSvx7hW9SClZMMMwgRNa+mrysaVBwGFLefDE20ZPK7gslTkj04owFCA4lkdjc+6LAkDx4d0mxZhVR2VB0J3WgUqAH6uOofugByMdDfPlXV8MOsF/eJXf/ocjIZcIZIWiFkeUpvlaOtr4XYnK4HLORrzaRA5QZsPcTFWL7iZn72a36Lf+n/yLzWxmAqMaonye4aeefxifoIKWCPU3tMp4gPxAI+K7s= ceph-49afa24c-d462-11ee-95c3-87774f69a715' | sudo tee -a /root/.ssh/authorized_keys && sudo chmod 0600 /root/.ssh/authorized_keys
2024-02-26T04:50:31.669 INFO:teuthology.orchestra.run.smithi103.stdout:ssh-rsa AAAAB3NzaC1yc2EAAAADAQABAAABgQC7b61JMoRXubYbR2eRfIEGqLnbovCRXY4NqctEKeEizE1JOOfkAMaroyojuBRnOcvSBHqFl9IvBEdcce1OoyfrMjz7zgAlBsasulKP7aieF6FsB+mStWaSHAWZ9MMXsahEapKhB35b4qUMGe8Z+8ey8fcfQ0tbB36p7UPXZqnyKI0P4KOdVSYPVjg3jFP++2XWMFn0KKH81EudtswaqGZnNoCaRJCSf8mFBeeBdoIYxKSicYFyFxxz1OFNe31yHV3XkBbmMKn9sdXQCnMrtSUxw2zU9zg13y2AAWLSvx7hW9SClZMMMwgRNa+mrysaVBwGFLefDE20ZPK7gslTkj04owFCA4lkdjc+6LAkDx4d0mxZhVR2VB0J3WgUqAH6uOofugByMdDfPlXV8MOsF/eJXf/ocjIZcIZIWiFkeUpvlaOtr4XYnK4HLORrzaRA5QZsPcTFWL7iZn72a36Lf+n/yLzWxmAqMaonye4aeefxifoIKWCPU3tMp4gPxAI+K7s= ceph-49afa24c-d462-11ee-95c3-87774f69a715
2024-02-26T04:50:31.684 DEBUG:teuthology.orchestra.run.smithi146:> sudo install -d -m 0700 /root/.ssh && echo 'ssh-rsa AAAAB3NzaC1yc2EAAAADAQABAAABgQC7b61JMoRXubYbR2eRfIEGqLnbovCRXY4NqctEKeEizE1JOOfkAMaroyojuBRnOcvSBHqFl9IvBEdcce1OoyfrMjz7zgAlBsasulKP7aieF6FsB+mStWaSHAWZ9MMXsahEapKhB35b4qUMGe8Z+8ey8fcfQ0tbB36p7UPXZqnyKI0P4KOdVSYPVjg3jFP++2XWMFn0KKH81EudtswaqGZnNoCaRJCSf8mFBeeBdoIYxKSicYFyFxxz1OFNe31yHV3XkBbmMKn9sdXQCnMrtSUxw2zU9zg13y2AAWLSvx7hW9SClZMMMwgRNa+mrysaVBwGFLefDE20ZPK7gslTkj04owFCA4lkdjc+6LAkDx4d0mxZhVR2VB0J3WgUqAH6uOofugByMdDfPlXV8MOsF/eJXf/ocjIZcIZIWiFkeUpvlaOtr4XYnK4HLORrzaRA5QZsPcTFWL7iZn72a36Lf+n/yLzWxmAqMaonye4aeefxifoIKWCPU3tMp4gPxAI+K7s= ceph-49afa24c-d462-11ee-95c3-87774f69a715' | sudo tee -a /root/.ssh/authorized_keys && sudo chmod 0600 /root/.ssh/authorized_keys
2024-02-26T04:50:31.731 INFO:teuthology.orchestra.run.smithi146.stdout:ssh-rsa AAAAB3NzaC1yc2EAAAADAQABAAABgQC7b61JMoRXubYbR2eRfIEGqLnbovCRXY4NqctEKeEizE1JOOfkAMaroyojuBRnOcvSBHqFl9IvBEdcce1OoyfrMjz7zgAlBsasulKP7aieF6FsB+mStWaSHAWZ9MMXsahEapKhB35b4qUMGe8Z+8ey8fcfQ0tbB36p7UPXZqnyKI0P4KOdVSYPVjg3jFP++2XWMFn0KKH81EudtswaqGZnNoCaRJCSf8mFBeeBdoIYxKSicYFyFxxz1OFNe31yHV3XkBbmMKn9sdXQCnMrtSUxw2zU9zg13y2AAWLSvx7hW9SClZMMMwgRNa+mrysaVBwGFLefDE20ZPK7gslTkj04owFCA4lkdjc+6LAkDx4d0mxZhVR2VB0J3WgUqAH6uOofugByMdDfPlXV8MOsF/eJXf/ocjIZcIZIWiFkeUpvlaOtr4XYnK4HLORrzaRA5QZsPcTFWL7iZn72a36Lf+n/yLzWxmAqMaonye4aeefxifoIKWCPU3tMp4gPxAI+K7s= ceph-49afa24c-d462-11ee-95c3-87774f69a715
2024-02-26T04:50:31.746 DEBUG:teuthology.orchestra.run.smithi022:> sudo /home/ubuntu/cephtest/cephadm --image quay-quay-quay.apps.os.sepia.ceph.com/ceph-ci/ceph:25296a8f176256aea5ed8b5850b25167dce0ae33 shell -c /etc/ceph/ceph.conf -k /etc/ceph/ceph.client.admin.keyring --fsid 49afa24c-d462-11ee-95c3-87774f69a715 -- ceph config set mgr mgr/cephadm/allow_ptrace true
2024-02-26T04:50:31.855 INFO:journalctl@ceph.mon.a.smithi022.stdout:Feb 26 04:50:31 smithi022 ceph-mon[32104]: from='client.? 172.21.15.22:0/2765354391' entity='client.admin'
2024-02-26T04:50:31.986 INFO:teuthology.orchestra.run.smithi022.stderr:Inferring config /var/lib/ceph/49afa24c-d462-11ee-95c3-87774f69a715/mon.a/config
2024-02-26T04:50:34.048 INFO:teuthology.orchestra.run.smithi022.stderr:2024-02-26T04:50:34.045+0000 7f96f1dc3700 1 -- 172.21.15.22:0/1290412410 >> [v2:172.21.15.22:3300/0,v1:172.21.15.22:6789/0] conn(0x7f96ec0ffd60 msgr2=0x7f96ec100180 secure :-1 s=STATE_CONNECTION_ESTABLISHED l=1).mark_down
2024-02-26T04:50:34.048 INFO:teuthology.orchestra.run.smithi022.stderr:2024-02-26T04:50:34.045+0000 7f96f1dc3700 1 --2- 172.21.15.22:0/1290412410 >> [v2:172.21.15.22:3300/0,v1:172.21.15.22:6789/0] conn(0x7f96ec0ffd60 0x7f96ec100180 secure :-1 s=READY pgs=80 cs=0 l=1 rev1=1 crypto rx=0x7f96dc00aa20 tx=0x7f96dc00ad30 comp rx=0 tx=0).stop
2024-02-26T04:50:34.048 INFO:teuthology.orchestra.run.smithi022.stderr:2024-02-26T04:50:34.045+0000 7f96f1dc3700 1 -- 172.21.15.22:0/1290412410 shutdown_connections
2024-02-26T04:50:34.049 INFO:teuthology.orchestra.run.smithi022.stderr:2024-02-26T04:50:34.045+0000 7f96f1dc3700 1 --2- 172.21.15.22:0/1290412410 >> [v2:172.21.15.22:3300/0,v1:172.21.15.22:6789/0] conn(0x7f96ec0ffd60 0x7f96ec100180 unknown :-1 s=CLOSED pgs=80 cs=0 l=1 rev1=1 crypto rx=0 tx=0 comp rx=0 tx=0).stop
2024-02-26T04:50:34.049 INFO:teuthology.orchestra.run.smithi022.stderr:2024-02-26T04:50:34.045+0000 7f96f1dc3700 1 -- 172.21.15.22:0/1290412410 >> 172.21.15.22:0/1290412410 conn(0x7f96ec0fb320 msgr2=0x7f96ec0fd740 unknown :-1 s=STATE_NONE l=0).mark_down
2024-02-26T04:50:34.049 INFO:teuthology.orchestra.run.smithi022.stderr:2024-02-26T04:50:34.045+0000 7f96f1dc3700 1 -- 172.21.15.22:0/1290412410 shutdown_connections
2024-02-26T04:50:34.049 INFO:teuthology.orchestra.run.smithi022.stderr:2024-02-26T04:50:34.045+0000 7f96f1dc3700 1 -- 172.21.15.22:0/1290412410 wait complete.
2024-02-26T04:50:34.049 INFO:teuthology.orchestra.run.smithi022.stderr:2024-02-26T04:50:34.046+0000 7f96f1dc3700 1 Processor -- start
2024-02-26T04:50:34.049 INFO:teuthology.orchestra.run.smithi022.stderr:2024-02-26T04:50:34.046+0000 7f96f1dc3700 1 -- start start
2024-02-26T04:50:34.050 INFO:teuthology.orchestra.run.smithi022.stderr:2024-02-26T04:50:34.046+0000 7f96f1dc3700 1 --2- >> [v2:172.21.15.22:3300/0,v1:172.21.15.22:6789/0] conn(0x7f96ec0ffd60 0x7f96ec194b60 unknown :-1 s=NONE pgs=0 cs=0 l=1 rev1=0 crypto rx=0 tx=0 comp rx=0 tx=0).connect
2024-02-26T04:50:34.050 INFO:teuthology.orchestra.run.smithi022.stderr:2024-02-26T04:50:34.046+0000 7f96f1dc3700 1 -- --> [v2:172.21.15.22:3300/0,v1:172.21.15.22:6789/0] -- mon_getmap magic: 0 v1 -- 0x7f96ec1950a0 con 0x7f96ec0ffd60
2024-02-26T04:50:34.051 INFO:teuthology.orchestra.run.smithi022.stderr:2024-02-26T04:50:34.046+0000 7f96eb7fe700 1 --2- >> [v2:172.21.15.22:3300/0,v1:172.21.15.22:6789/0] conn(0x7f96ec0ffd60 0x7f96ec194b60 unknown :-1 s=BANNER_CONNECTING pgs=0 cs=0 l=1 rev1=0 crypto rx=0 tx=0 comp rx=0 tx=0)._handle_peer_banner_payload supported=3 required=0
2024-02-26T04:50:34.051 INFO:teuthology.orchestra.run.smithi022.stderr:2024-02-26T04:50:34.046+0000 7f96eb7fe700 1 --2- >> [v2:172.21.15.22:3300/0,v1:172.21.15.22:6789/0] conn(0x7f96ec0ffd60 0x7f96ec194b60 unknown :-1 s=HELLO_CONNECTING pgs=0 cs=0 l=1 rev1=1 crypto rx=0 tx=0 comp rx=0 tx=0).handle_hello peer v2:172.21.15.22:3300/0 says I am v2:172.21.15.22:42112/0 (socket says 172.21.15.22:42112)
2024-02-26T04:50:34.051 INFO:teuthology.orchestra.run.smithi022.stderr:2024-02-26T04:50:34.046+0000 7f96eb7fe700 1 -- 172.21.15.22:0/3292698161 learned_addr learned my addr 172.21.15.22:0/3292698161 (peer_addr_for_me v2:172.21.15.22:0/0)
2024-02-26T04:50:34.051 INFO:teuthology.orchestra.run.smithi022.stderr:2024-02-26T04:50:34.047+0000 7f96eb7fe700 1 -- 172.21.15.22:0/3292698161 --> [v2:172.21.15.22:3300/0,v1:172.21.15.22:6789/0] -- mon_subscribe({config=0+,monmap=0+}) v3 -- 0x7f96dc00a700 con 0x7f96ec0ffd60
2024-02-26T04:50:34.051 INFO:teuthology.orchestra.run.smithi022.stderr:2024-02-26T04:50:34.047+0000 7f96eb7fe700 1 --2- 172.21.15.22:0/3292698161 >> [v2:172.21.15.22:3300/0,v1:172.21.15.22:6789/0] conn(0x7f96ec0ffd60 0x7f96ec194b60 secure :-1 s=READY pgs=81 cs=0 l=1 rev1=1 crypto rx=0x7f96dc004ff0 tx=0x7f96dc004d10 comp rx=0 tx=0).ready entity=mon.0 client_cookie=0 server_cookie=0 in_seq=0 out_seq=0
2024-02-26T04:50:34.051 INFO:teuthology.orchestra.run.smithi022.stderr:2024-02-26T04:50:34.047+0000 7f96e8ff9700 1 -- 172.21.15.22:0/3292698161 <== mon.0 v2:172.21.15.22:3300/0 1 ==== mon_map magic: 0 v1 ==== 205+0+0 (secure 0 0 0) 0x7f96dc005590 con 0x7f96ec0ffd60
2024-02-26T04:50:34.051 INFO:teuthology.orchestra.run.smithi022.stderr:2024-02-26T04:50:34.047+0000 7f96e8ff9700 1 -- 172.21.15.22:0/3292698161 <== mon.0 v2:172.21.15.22:3300/0 2 ==== config(29 keys) v1 ==== 1209+0+0 (secure 0 0 0) 0x7f96dc0056f0 con 0x7f96ec0ffd60
2024-02-26T04:50:34.051 INFO:teuthology.orchestra.run.smithi022.stderr:2024-02-26T04:50:34.047+0000 7f96f1dc3700 1 -- 172.21.15.22:0/3292698161 --> [v2:172.21.15.22:3300/0,v1:172.21.15.22:6789/0] -- mon_subscribe({mgrmap=0+}) v3 -- 0x7f96ec1952a0 con 0x7f96ec0ffd60
2024-02-26T04:50:34.051 INFO:teuthology.orchestra.run.smithi022.stderr:2024-02-26T04:50:34.047+0000 7f96e8ff9700 1 -- 172.21.15.22:0/3292698161 <== mon.0 v2:172.21.15.22:3300/0 3 ==== mon_map magic: 0 v1 ==== 205+0+0 (secure 0 0 0) 0x7f96dc00e9e0 con 0x7f96ec0ffd60
2024-02-26T04:50:34.051 INFO:teuthology.orchestra.run.smithi022.stderr:2024-02-26T04:50:34.047+0000 7f96f1dc3700 1 -- 172.21.15.22:0/3292698161 --> [v2:172.21.15.22:3300/0,v1:172.21.15.22:6789/0] -- mon_subscribe({osdmap=0}) v3 -- 0x7f96ec195740 con 0x7f96ec0ffd60
2024-02-26T04:50:34.051 INFO:teuthology.orchestra.run.smithi022.stderr:2024-02-26T04:50:34.048+0000 7f96e8ff9700 1 -- 172.21.15.22:0/3292698161 <== mon.0 v2:172.21.15.22:3300/0 4 ==== mgrmap(e 13) v1 ==== 45988+0+0 (secure 0 0 0) 0x7f96dc00eb40 con 0x7f96ec0ffd60
2024-02-26T04:50:34.051 INFO:teuthology.orchestra.run.smithi022.stderr:2024-02-26T04:50:34.048+0000 7f96f1dc3700 1 -- 172.21.15.22:0/3292698161 --> [v2:172.21.15.22:3300/0,v1:172.21.15.22:6789/0] -- mon_command({"prefix": "get_command_descriptions"} v 0) v1 -- 0x7f96ec18e5c0 con 0x7f96ec0ffd60
2024-02-26T04:50:34.051 INFO:teuthology.orchestra.run.smithi022.stderr:2024-02-26T04:50:34.048+0000 7f96e8ff9700 1 --2- 172.21.15.22:0/3292698161 >> [v2:172.21.15.22:6800/3972024006,v1:172.21.15.22:6801/3972024006] conn(0x7f96d4038fe0 0x7f96d403b4a0 unknown :-1 s=NONE pgs=0 cs=0 l=1 rev1=0 crypto rx=0 tx=0 comp rx=0 tx=0).connect
2024-02-26T04:50:34.051 INFO:teuthology.orchestra.run.smithi022.stderr:2024-02-26T04:50:34.048+0000 7f96e8ff9700 1 -- 172.21.15.22:0/3292698161 <== mon.0 v2:172.21.15.22:3300/0 5 ==== osd_map(3..3 src has 1..3) v4 ==== 1155+0+0 (secure 0 0 0) 0x7f96dc012070 con 0x7f96ec0ffd60
2024-02-26T04:50:34.052 INFO:teuthology.orchestra.run.smithi022.stderr:2024-02-26T04:50:34.048+0000 7f96eaffd700 1 --2- 172.21.15.22:0/3292698161 >> [v2:172.21.15.22:6800/3972024006,v1:172.21.15.22:6801/3972024006] conn(0x7f96d4038fe0 0x7f96d403b4a0 unknown :-1 s=BANNER_CONNECTING pgs=0 cs=0 l=1 rev1=0 crypto rx=0 tx=0 comp rx=0 tx=0)._handle_peer_banner_payload supported=3 required=0
2024-02-26T04:50:34.052 INFO:teuthology.orchestra.run.smithi022.stderr:2024-02-26T04:50:34.049+0000 7f96eaffd700 1 --2- 172.21.15.22:0/3292698161 >> [v2:172.21.15.22:6800/3972024006,v1:172.21.15.22:6801/3972024006] conn(0x7f96d4038fe0 0x7f96d403b4a0 secure :-1 s=READY pgs=12 cs=0 l=1 rev1=1 crypto rx=0x7f96e0006fd0 tx=0x7f96e0006e40 comp rx=0 tx=0).ready entity=mgr.14152 client_cookie=0 server_cookie=0 in_seq=0 out_seq=0
2024-02-26T04:50:34.055 INFO:teuthology.orchestra.run.smithi022.stderr:2024-02-26T04:50:34.053+0000 7f96e8ff9700 1 -- 172.21.15.22:0/3292698161 <== mon.0 v2:172.21.15.22:3300/0 6 ==== mon_command_ack([{"prefix": "get_command_descriptions"}]=0 v0) v1 ==== 72+0+183564 (secure 0 0 0) 0x7f96dc029a50 con 0x7f96ec0ffd60
2024-02-26T04:50:34.255 INFO:teuthology.orchestra.run.smithi022.stderr:2024-02-26T04:50:34.253+0000 7f96f1dc3700 1 -- 172.21.15.22:0/3292698161 --> [v2:172.21.15.22:3300/0,v1:172.21.15.22:6789/0] -- mon_command([{prefix=config set, name=mgr/cephadm/allow_ptrace}] v 0) v1 -- 0x7f96ec0632a0 con 0x7f96ec0ffd60
2024-02-26T04:50:34.257 INFO:teuthology.orchestra.run.smithi022.stderr:2024-02-26T04:50:34.255+0000 7f96e8ff9700 1 -- 172.21.15.22:0/3292698161 <== mon.0 v2:172.21.15.22:3300/0 7 ==== mon_command_ack([{prefix=config set, name=mgr/cephadm/allow_ptrace}]=0 v9)=0 v9) v1 ==== 125+0+0 (secure 0 0 0) 0x7f96dc026070 con 0x7f96ec0ffd60
2024-02-26T04:50:34.260 INFO:teuthology.orchestra.run.smithi022.stderr:2024-02-26T04:50:34.257+0000 7f96f1dc3700 1 -- 172.21.15.22:0/3292698161 >> [v2:172.21.15.22:6800/3972024006,v1:172.21.15.22:6801/3972024006] conn(0x7f96d4038fe0 msgr2=0x7f96d403b4a0 secure :-1 s=STATE_CONNECTION_ESTABLISHED l=1).mark_down
2024-02-26T04:50:34.260 INFO:teuthology.orchestra.run.smithi022.stderr:2024-02-26T04:50:34.257+0000 7f96f1dc3700 1 --2- 172.21.15.22:0/3292698161 >> [v2:172.21.15.22:6800/3972024006,v1:172.21.15.22:6801/3972024006] conn(0x7f96d4038fe0 0x7f96d403b4a0 secure :-1 s=READY pgs=12 cs=0 l=1 rev1=1 crypto rx=0x7f96e0006fd0 tx=0x7f96e0006e40 comp rx=0 tx=0).stop
2024-02-26T04:50:34.260 INFO:teuthology.orchestra.run.smithi022.stderr:2024-02-26T04:50:34.257+0000 7f96f1dc3700 1 -- 172.21.15.22:0/3292698161 >> [v2:172.21.15.22:3300/0,v1:172.21.15.22:6789/0] conn(0x7f96ec0ffd60 msgr2=0x7f96ec194b60 secure :-1 s=STATE_CONNECTION_ESTABLISHED l=1).mark_down
2024-02-26T04:50:34.260 INFO:teuthology.orchestra.run.smithi022.stderr:2024-02-26T04:50:34.257+0000 7f96f1dc3700 1 --2- 172.21.15.22:0/3292698161 >> [v2:172.21.15.22:3300/0,v1:172.21.15.22:6789/0] conn(0x7f96ec0ffd60 0x7f96ec194b60 secure :-1 s=READY pgs=81 cs=0 l=1 rev1=1 crypto rx=0x7f96dc004ff0 tx=0x7f96dc004d10 comp rx=0 tx=0).stop
2024-02-26T04:50:34.260 INFO:teuthology.orchestra.run.smithi022.stderr:2024-02-26T04:50:34.257+0000 7f96f1dc3700 1 -- 172.21.15.22:0/3292698161 shutdown_connections
2024-02-26T04:50:34.260 INFO:teuthology.orchestra.run.smithi022.stderr:2024-02-26T04:50:34.257+0000 7f96f1dc3700 1 --2- 172.21.15.22:0/3292698161 >> [v2:172.21.15.22:6800/3972024006,v1:172.21.15.22:6801/3972024006] conn(0x7f96d4038fe0 0x7f96d403b4a0 unknown :-1 s=CLOSED pgs=12 cs=0 l=1 rev1=1 crypto rx=0 tx=0 comp rx=0 tx=0).stop
2024-02-26T04:50:34.260 INFO:teuthology.orchestra.run.smithi022.stderr:2024-02-26T04:50:34.257+0000 7f96f1dc3700 1 --2- 172.21.15.22:0/3292698161 >> [v2:172.21.15.22:3300/0,v1:172.21.15.22:6789/0] conn(0x7f96ec0ffd60 0x7f96ec194b60 unknown :-1 s=CLOSED pgs=81 cs=0 l=1 rev1=1 crypto rx=0 tx=0 comp rx=0 tx=0).stop
2024-02-26T04:50:34.260 INFO:teuthology.orchestra.run.smithi022.stderr:2024-02-26T04:50:34.257+0000 7f96f1dc3700 1 -- 172.21.15.22:0/3292698161 >> 172.21.15.22:0/3292698161 conn(0x7f96ec0fb320 msgr2=0x7f96ec0fbc40 unknown :-1 s=STATE_NONE l=0).mark_down
2024-02-26T04:50:34.260 INFO:teuthology.orchestra.run.smithi022.stderr:2024-02-26T04:50:34.257+0000 7f96f1dc3700 1 -- 172.21.15.22:0/3292698161 shutdown_connections
2024-02-26T04:50:34.260 INFO:teuthology.orchestra.run.smithi022.stderr:2024-02-26T04:50:34.257+0000 7f96f1dc3700 1 -- 172.21.15.22:0/3292698161 wait complete.
2024-02-26T04:50:34.606 INFO:journalctl@ceph.mon.a.smithi022.stdout:Feb 26 04:50:34 smithi022 ceph-mon[32104]: from='mgr.14152 172.21.15.22:0/1262250856' entity='mgr.x'
2024-02-26T04:50:34.606 INFO:journalctl@ceph.mon.a.smithi022.stdout:Feb 26 04:50:34 smithi022 ceph-mon[32104]: from='mgr.14152 172.21.15.22:0/1262250856' entity='mgr.x'
2024-02-26T04:50:34.606 INFO:journalctl@ceph.mon.a.smithi022.stdout:Feb 26 04:50:34 smithi022 ceph-mon[32104]: from='mgr.14152 172.21.15.22:0/1262250856' entity='mgr.x' cmd=[{"prefix": "config rm", "who": "osd/host:smithi022", "name": "osd_memory_target"}]: dispatch
2024-02-26T04:50:34.606 INFO:journalctl@ceph.mon.a.smithi022.stdout:Feb 26 04:50:34 smithi022 ceph-mon[32104]: from='mgr.14152 172.21.15.22:0/1262250856' entity='mgr.x'
2024-02-26T04:50:34.606 INFO:journalctl@ceph.mon.a.smithi022.stdout:Feb 26 04:50:34 smithi022 ceph-mon[32104]: from='mgr.14152 172.21.15.22:0/1262250856' entity='mgr.x' cmd=[{"prefix": "config dump", "format": "json"}]: dispatch
2024-02-26T04:50:34.606 INFO:journalctl@ceph.mon.a.smithi022.stdout:Feb 26 04:50:34 smithi022 ceph-mon[32104]: from='mgr.14152 172.21.15.22:0/1262250856' entity='mgr.x'
2024-02-26T04:50:34.828 INFO:tasks.cephadm:Distributing conf and client.admin keyring to all hosts + 0755
2024-02-26T04:50:34.828 DEBUG:teuthology.orchestra.run.smithi022:> sudo /home/ubuntu/cephtest/cephadm --image quay-quay-quay.apps.os.sepia.ceph.com/ceph-ci/ceph:25296a8f176256aea5ed8b5850b25167dce0ae33 shell -c /etc/ceph/ceph.conf -k /etc/ceph/ceph.client.admin.keyring --fsid 49afa24c-d462-11ee-95c3-87774f69a715 -- ceph orch client-keyring set client.admin '*' --mode 0755
2024-02-26T04:50:35.067 INFO:teuthology.orchestra.run.smithi022.stderr:Inferring config /var/lib/ceph/49afa24c-d462-11ee-95c3-87774f69a715/mon.a/config
