2024-02-26T04:49:47.619+0000 7f150959a700 1 -- 172.21.15.22:0/3558259766 <== mon.0 v2:172.21.15.22:3300/0 1 ==== mon_map magic: 0 v1 ==== 205+0+0 (secure 0 0 0) 0x7f1500004160 con 0x7f150c1083a0
2024-02-26T04:49:48.401 INFO:teuthology.orchestra.run.smithi022.stdout:/usr/bin/ceph: stderr
2024-02-26T04:49:47.619+0000 7f150959a700 1 -- 172.21.15.22:0/3558259766 <== mon.0 v2:172.21.15.22:3300/0 2 ==== config(29 keys) v1 ==== 1178+0+0 (secure 0 0 0) 0x7f15000042c0 con 0x7f150c1083a0
2024-02-26T04:49:48.402 INFO:teuthology.orchestra.run.smithi022.stdout:/usr/bin/ceph: stderr
2024-02-26T04:49:47.619+0000 7f150959a700 1 -- 172.21.15.22:0/3558259766 <== mon.0 v2:172.21.15.22:3300/0 3 ==== mon_map magic: 0 v1 ==== 205+0+0 (secure 0 0 0) 0x7f1500011c20 con 0x7f150c1083a0
2024-02-26T04:49:48.402 INFO:teuthology.orchestra.run.smithi022.stdout:/usr/bin/ceph: stderr
2024-02-26T04:49:47.619+0000 7f1510edf700 1 -- 172.21.15.22:0/3558259766 >> [v2:172.21.15.22:3300/0,v1:172.21.15.22:6789/0] conn(0x7f150c1083a0 msgr2=0x7f150c10a790 secure :-1 s=STATE_CONNECTION_ESTABLISHED l=1).mark_down
2024-02-26T04:49:48.402 INFO:teuthology.orchestra.run.smithi022.stdout:/usr/bin/ceph: stderr
2024-02-26T04:49:47.619+0000 7f1510edf700 1 --2- 172.21.15.22:0/3558259766 >> [v2:172.21.15.22:3300/0,v1:172.21.15.22:6789/0] conn(0x7f150c1083a0 0x7f150c10a790 secure :-1 s=READY pgs=20 cs=0 l=1 rev1=1 crypto rx=0x7f15000098a0 tx=0x7f1500009bb0 comp rx=0 tx=0).stop
2024-02-26T04:49:48.402 INFO:teuthology.orchestra.run.smithi022.stdout:/usr/bin/ceph: stderr
2024-02-26T04:49:47.619+0000 7f1510edf700 1 -- 172.21.15.22:0/3558259766 shutdown_connections
2024-02-26T04:49:48.402 INFO:teuthology.orchestra.run.smithi022.stdout:/usr/bin/ceph: stderr
2024-02-26T04:49:47.619+0000 7f1510edf700 1 --2- 172.21.15.22:0/3558259766 >> [v2:172.21.15.22:3300/0,v1:172.21.15.22:6789/0] conn(0x7f150c1083a0 0x7f150c10a790 unknown :-1 s=CLOSED pgs=20 cs=0 l=1 rev1=1 crypto rx=0 tx=0 comp rx=0 tx=0).stop
2024-02-26T04:49:48.402 INFO:teuthology.orchestra.run.smithi022.stdout:/usr/bin/ceph: stderr
2024-02-26T04:49:47.619+0000 7f1510edf700 1 -- 172.21.15.22:0/3558259766 >> 172.21.15.22:0/3558259766 conn(0x7f150c101e30 msgr2=0x7f150c104250 unknown :-1 s=STATE_NONE l=0).mark_down
2024-02-26T04:49:48.402 INFO:teuthology.orchestra.run.smithi022.stdout:/usr/bin/ceph: stderr
2024-02-26T04:49:47.619+0000 7f1510edf700 1 -- 172.21.15.22:0/3558259766 shutdown_connections
2024-02-26T04:49:48.402 INFO:teuthology.orchestra.run.smithi022.stdout:/usr/bin/ceph: stderr
2024-02-26T04:49:47.619+0000 7f1510edf700 1 -- 172.21.15.22:0/3558259766 wait complete.
2024-02-26T04:49:48.402 INFO:teuthology.orchestra.run.smithi022.stdout:/usr/bin/ceph: stderr
2024-02-26T04:49:47.620+0000 7f1510edf700 1 Processor -- start
2024-02-26T04:49:48.402 INFO:teuthology.orchestra.run.smithi022.stdout:/usr/bin/ceph: stderr
2024-02-26T04:49:47.620+0000 7f1510edf700 1 -- start start
2024-02-26T04:49:48.402 INFO:teuthology.orchestra.run.smithi022.stdout:/usr/bin/ceph: stderr
2024-02-26T04:49:47.620+0000 7f1510edf700 1 --2- >> [v2:172.21.15.22:3300/0,v1:172.21.15.22:6789/0] conn(0x7f150c1083a0 0x7f150c107bd0 unknown :-1 s=NONE pgs=0 cs=0 l=1 rev1=0 crypto rx=0 tx=0 comp rx=0 tx=0).connect
2024-02-26T04:49:48.402 INFO:teuthology.orchestra.run.smithi022.stdout:/usr/bin/ceph: stderr
2024-02-26T04:49:47.620+0000 7f1510edf700 1 -- --> [v2:172.21.15.22:3300/0,v1:172.21.15.22:6789/0] -- mon_getmap magic: 0 v1 -- 0x7f150c108110 con 0x7f150c1083a0
2024-02-26T04:49:48.402 INFO:teuthology.orchestra.run.smithi022.stdout:/usr/bin/ceph: stderr
2024-02-26T04:49:47.620+0000 7f150a59c700 1 --2- >> [v2:172.21.15.22:3300/0,v1:172.21.15.22:6789/0] conn(0x7f150c1083a0 0x7f150c107bd0 unknown :-1 s=BANNER_CONNECTING pgs=0 cs=0 l=1 rev1=0 crypto rx=0 tx=0 comp rx=0 tx=0)._handle_peer_banner_payload supported=3 required=0
2024-02-26T04:49:48.402 INFO:teuthology.orchestra.run.smithi022.stdout:/usr/bin/ceph: stderr
2024-02-26T04:49:47.620+0000 7f150a59c700 1 --2- >> [v2:172.21.15.22:3300/0,v1:172.21.15.22:6789/0] conn(0x7f150c1083a0 0x7f150c107bd0 unknown :-1 s=HELLO_CONNECTING pgs=0 cs=0 l=1 rev1=1 crypto rx=0 tx=0 comp rx=0 tx=0).handle_hello peer v2:172.21.15.22:3300/0 says I am v2:172.21.15.22:49626/0 (socket says 172.21.15.22:49626)
2024-02-26T04:49:48.402 INFO:teuthology.orchestra.run.smithi022.stdout:/usr/bin/ceph: stderr
2024-02-26T04:49:47.620+0000 7f150a59c700 1 -- 172.21.15.22:0/1401912300 learned_addr learned my addr 172.21.15.22:0/1401912300 (peer_addr_for_me v2:172.21.15.22:0/0)
2024-02-26T04:49:48.403 INFO:teuthology.orchestra.run.smithi022.stdout:/usr/bin/ceph: stderr
2024-02-26T04:49:47.621+0000 7f150a59c700 1 -- 172.21.15.22:0/1401912300 --> [v2:172.21.15.22:3300/0,v1:172.21.15.22:6789/0] -- mon_subscribe({config=0+,monmap=0+}) v3 -- 0x7f1500009550 con 0x7f150c1083a0
2024-02-26T04:49:48.403 INFO:teuthology.orchestra.run.smithi022.stdout:/usr/bin/ceph: stderr
2024-02-26T04:49:47.621+0000 7f150a59c700 1 --2- 172.21.15.22:0/1401912300 >> [v2:172.21.15.22:3300/0,v1:172.21.15.22:6789/0] conn(0x7f150c1083a0 0x7f150c107bd0 secure :-1 s=READY pgs=21 cs=0 l=1 rev1=1 crypto rx=0x7f1500000c00 tx=0x7f1500011ca0 comp rx=0 tx=0).ready entity=mon.0 client_cookie=0 server_cookie=0 in_seq=0 out_seq=0
2024-02-26T04:49:48.403 INFO:teuthology.orchestra.run.smithi022.stdout:/usr/bin/ceph: stderr
2024-02-26T04:49:47.621+0000 7f14fb7fe700 1 -- 172.21.15.22:0/1401912300 <== mon.0 v2:172.21.15.22:3300/0 1 ==== mon_map magic: 0 v1 ==== 205+0+0 (secure 0 0 0) 0x7f15000039c0 con 0x7f150c1083a0
2024-02-26T04:49:48.403 INFO:teuthology.orchestra.run.smithi022.stdout:/usr/bin/ceph: stderr
2024-02-26T04:49:47.621+0000 7f14fb7fe700 1 -- 172.21.15.22:0/1401912300 <== mon.0 v2:172.21.15.22:3300/0 2 ==== config(29 keys) v1 ==== 1178+0+0 (secure 0 0 0) 0x7f1500011e90 con 0x7f150c1083a0
2024-02-26T04:49:48.403 INFO:teuthology.orchestra.run.smithi022.stdout:/usr/bin/ceph: stderr
2024-02-26T04:49:47.621+0000 7f1510edf700 1 -- 172.21.15.22:0/1401912300 --> [v2:172.21.15.22:3300/0,v1:172.21.15.22:6789/0] -- mon_subscribe({mgrmap=0+}) v3 -- 0x7f150c106350 con 0x7f150c1083a0
2024-02-26T04:49:48.403 INFO:teuthology.orchestra.run.smithi022.stdout:/usr/bin/ceph: stderr
2024-02-26T04:49:47.621+0000 7f14fb7fe700 1 -- 172.21.15.22:0/1401912300 <== mon.0 v2:172.21.15.22:3300/0 3 ==== mon_map magic: 0 v1 ==== 205+0+0 (secure 0 0 0) 0x7f150001a5c0 con 0x7f150c1083a0
2024-02-26T04:49:48.403 INFO:teuthology.orchestra.run.smithi022.stdout:/usr/bin/ceph: stderr
2024-02-26T04:49:47.621+0000 7f1510edf700 1 -- 172.21.15.22:0/1401912300 --> [v2:172.21.15.22:3300/0,v1:172.21.15.22:6789/0] -- mon_subscribe({osdmap=0}) v3 -- 0x7f150c1067f0 con 0x7f150c1083a0
2024-02-26T04:49:48.403 INFO:teuthology.orchestra.run.smithi022.stdout:/usr/bin/ceph: stderr
2024-02-26T04:49:47.622+0000 7f14fb7fe700 1 -- 172.21.15.22:0/1401912300 <== mon.0 v2:172.21.15.22:3300/0 4 ==== mgrmap(e 4) v1 ==== 45921+0+0 (secure 0 0 0) 0x7f150001a830 con 0x7f150c1083a0
2024-02-26T04:49:48.403 INFO:teuthology.orchestra.run.smithi022.stdout:/usr/bin/ceph: stderr
2024-02-26T04:49:47.622+0000 7f14fb7fe700 1 --2- 172.21.15.22:0/1401912300 >> [v2:172.21.15.22:6800/974026955,v1:172.21.15.22:6801/974026955] conn(0x7f14f4038ee0 0x7f14f403b3a0 unknown :-1 s=NONE pgs=0 cs=0 l=1 rev1=0 crypto rx=0 tx=0 comp rx=0 tx=0).connect
2024-02-26T04:49:48.403 INFO:teuthology.orchestra.run.smithi022.stdout:/usr/bin/ceph: stderr
2024-02-26T04:49:47.622+0000 7f14fb7fe700 1 -- 172.21.15.22:0/1401912300 <== mon.0 v2:172.21.15.22:3300/0 5 ==== osd_map(1..1 src has 1..1) v4 ==== 725+0+0 (secure 0 0 0) 0x7f150004cb30 con 0x7f150c1083a0
2024-02-26T04:49:48.403 INFO:teuthology.orchestra.run.smithi022.stdout:/usr/bin/ceph: stderr
2024-02-26T04:49:47.622+0000 7f1510edf700 1 -- 172.21.15.22:0/1401912300 --> [v2:172.21.15.22:3300/0,v1:172.21.15.22:6789/0] -- mon_command({"prefix": "get_command_descriptions"} v 0) v1 -- 0x7f150c10bb90 con 0x7f150c1083a0
2024-02-26T04:49:48.403 INFO:teuthology.orchestra.run.smithi022.stdout:/usr/bin/ceph: stderr
2024-02-26T04:49:47.622+0000 7f1509d9b700 1 --2- 172.21.15.22:0/1401912300 >> [v2:172.21.15.22:6800/974026955,v1:172.21.15.22:6801/974026955] conn(0x7f14f4038ee0 0x7f14f403b3a0 unknown :-1 s=BANNER_CONNECTING pgs=0 cs=0 l=1 rev1=0 crypto rx=0 tx=0 comp rx=0 tx=0)._handle_peer_banner_payload supported=3 required=0
2024-02-26T04:49:48.403 INFO:teuthology.orchestra.run.smithi022.stdout:/usr/bin/ceph: stderr
2024-02-26T04:49:47.622+0000 7f1509d9b700 1 --2- 172.21.15.22:0/1401912300 >> [v2:172.21.15.22:6800/974026955,v1:172.21.15.22:6801/974026955] conn(0x7f14f4038ee0 0x7f14f403b3a0 secure :-1 s=READY pgs=7 cs=0 l=1 rev1=1 crypto rx=0x7f14fc006fd0 tx=0x7f14fc006e40 comp rx=0 tx=0).ready entity=mgr.14100 client_cookie=0 server_cookie=0 in_seq=0 out_seq=0
2024-02-26T04:49:48.403 INFO:teuthology.orchestra.run.smithi022.stdout:/usr/bin/ceph: stderr
2024-02-26T04:49:47.627+0000 7f14fb7fe700 1 -- 172.21.15.22:0/1401912300 <== mon.0 v2:172.21.15.22:3300/0 6 ==== mon_command_ack([{"prefix": "get_command_descriptions"}]=0 v0) v1 ==== 72+0+183564 (secure 0 0 0) 0x7f1500003b20 con 0x7f150c1083a0
2024-02-26T04:49:48.404 INFO:teuthology.orchestra.run.smithi022.stdout:/usr/bin/ceph: stderr
2024-02-26T04:49:47.825+0000 7f1510edf700 1 -- 172.21.15.22:0/1401912300 --> [v2:172.21.15.22:3300/0,v1:172.21.15.22:6789/0] -- mon_command({"prefix": "config assimilate-conf"} v 0) v1 -- 0x7f150c10bda0 con 0x7f150c1083a0
2024-02-26T04:49:48.404 INFO:teuthology.orchestra.run.smithi022.stdout:/usr/bin/ceph: stderr
2024-02-26T04:49:47.826+0000 7f14fb7fe700 1 -- 172.21.15.22:0/1401912300 <== mon.0 v2:172.21.15.22:3300/0 7 ==== mon_command_ack([{"prefix": "config assimilate-conf"}]=0 v3) v1 ==== 70+0+373 (secure 0 0 0) 0x7f1500048020 con 0x7f150c1083a0
2024-02-26T04:49:48.404 INFO:teuthology.orchestra.run.smithi022.stdout:/usr/bin/ceph: stderr
2024-02-26T04:49:47.828+0000 7f1510edf700 1 -- 172.21.15.22:0/1401912300 >> [v2:172.21.15.22:6800/974026955,v1:172.21.15.22:6801/974026955] conn(0x7f14f4038ee0 msgr2=0x7f14f403b3a0 secure :-1 s=STATE_CONNECTION_ESTABLISHED l=1).mark_down
2024-02-26T04:49:48.404 INFO:teuthology.orchestra.run.smithi022.stdout:/usr/bin/ceph: stderr
2024-02-26T04:49:47.828+0000 7f1510edf700 1 --2- 172.21.15.22:0/1401912300 >> [v2:172.21.15.22:6800/974026955,v1:172.21.15.22:6801/974026955] conn(0x7f14f4038ee0 0x7f14f403b3a0 secure :-1 s=READY pgs=7 cs=0 l=1 rev1=1 crypto rx=0x7f14fc006fd0 tx=0x7f14fc006e40 comp rx=0 tx=0).stop
2024-02-26T04:49:48.404 INFO:teuthology.orchestra.run.smithi022.stdout:/usr/bin/ceph: stderr
2024-02-26T04:49:47.828+0000 7f1510edf700 1 -- 172.21.15.22:0/1401912300 >> [v2:172.21.15.22:3300/0,v1:172.21.15.22:6789/0] conn(0x7f150c1083a0 msgr2=0x7f150c107bd0 secure :-1 s=STATE_CONNECTION_ESTABLISHED l=1).mark_down
2024-02-26T04:49:48.404 INFO:teuthology.orchestra.run.smithi022.stdout:/usr/bin/ceph: stderr
2024-02-26T04:49:47.828+0000 7f1510edf700 1 --2- 172.21.15.22:0/1401912300 >> [v2:172.21.15.22:3300/0,v1:172.21.15.22:6789/0] conn(0x7f150c1083a0 0x7f150c107bd0 secure :-1 s=READY pgs=21 cs=0 l=1 rev1=1 crypto rx=0x7f1500000c00 tx=0x7f1500011ca0 comp rx=0 tx=0).stop
2024-02-26T04:49:48.404 INFO:teuthology.orchestra.run.smithi022.stdout:/usr/bin/ceph: stderr
2024-02-26T04:49:47.828+0000 7f1510edf700 1 -- 172.21.15.22:0/1401912300 shutdown_connections
2024-02-26T04:49:48.404 INFO:teuthology.orchestra.run.smithi022.stdout:/usr/bin/ceph: stderr
2024-02-26T04:49:47.828+0000 7f1510edf700 1 --2- 172.21.15.22:0/1401912300 >> [v2:172.21.15.22:6800/974026955,v1:172.21.15.22:6801/974026955] conn(0x7f14f4038ee0 0x7f14f403b3a0 unknown :-1 s=CLOSED pgs=7 cs=0 l=1 rev1=1 crypto rx=0 tx=0 comp rx=0 tx=0).stop
2024-02-26T04:49:48.404 INFO:teuthology.orchestra.run.smithi022.stdout:/usr/bin/ceph: stderr
2024-02-26T04:49:47.828+0000 7f1510edf700 1 --2- 172.21.15.22:0/1401912300 >> [v2:172.21.15.22:3300/0,v1:172.21.15.22:6789/0] conn(0x7f150c1083a0 0x7f150c107bd0 unknown :-1 s=CLOSED pgs=21 cs=0 l=1 rev1=1 crypto rx=0 tx=0 comp rx=0 tx=0).stop
2024-02-26T04:49:48.404 INFO:teuthology.orchestra.run.smithi022.stdout:/usr/bin/ceph: stderr
2024-02-26T04:49:47.828+0000 7f1510edf700 1 -- 172.21.15.22:0/1401912300 >> 172.21.15.22:0/1401912300 conn(0x7f150c101e30 msgr2=0x7f150c102960 unknown :-1 s=STATE_NONE l=0).mark_down
2024-02-26T04:49:48.404 INFO:teuthology.orchestra.run.smithi022.stdout:/usr/bin/ceph: stderr
2024-02-26T04:49:47.828+0000 7f1510edf700 1 -- 172.21.15.22:0/1401912300 shutdown_connections
2024-02-26T04:49:48.404 INFO:teuthology.orchestra.run.smithi022.stdout:/usr/bin/ceph: stderr
2024-02-26T04:49:47.828+0000 7f1510edf700 1 -- 172.21.15.22:0/1401912300 wait complete.
2024-02-26T04:49:48.404 INFO:teuthology.orchestra.run.smithi022.stdout:Enabling cephadm module...
2024-02-26T04:49:49.355 INFO:journalctl@ceph.mon.a.smithi022.stdout:Feb 26 04:49:49 smithi022 ceph-mon[32104]: from='client.? 172.21.15.22:0/3059944534' entity='client.admin' cmd=[{"prefix": "mgr module enable", "module": "cephadm"}]: dispatch
2024-02-26T04:49:49.356 INFO:journalctl@ceph.mgr.x.smithi022.stdout:Feb 26 04:49:49 smithi022 ceph-49afa24c-d462-11ee-95c3-87774f69a715-mgr-x[32335]: ignoring --setuser ceph since I am not root
2024-02-26T04:49:49.356 INFO:journalctl@ceph.mgr.x.smithi022.stdout:Feb 26 04:49:49 smithi022 ceph-49afa24c-d462-11ee-95c3-87774f69a715-mgr-x[32335]: ignoring --setgroup ceph since I am not root
2024-02-26T04:49:49.745 INFO:teuthology.orchestra.run.smithi022.stdout:/usr/bin/ceph: stderr
2024-02-26T04:49:48.785+0000 7f37d01e9700 1 Processor -- start
2024-02-26T04:49:49.745 INFO:teuthology.orchestra.run.smithi022.stdout:/usr/bin/ceph: stderr
2024-02-26T04:49:48.785+0000 7f37d01e9700 1 -- start start
2024-02-26T04:49:49.745 INFO:teuthology.orchestra.run.smithi022.stdout:/usr/bin/ceph: stderr
2024-02-26T04:49:48.785+0000 7f37d01e9700 1 --2- >> [v2:172.21.15.22:3300/0,v1:172.21.15.22:6789/0] conn(0x7f37c81078d0 0x7f37c8107cf0 unknown :-1 s=NONE pgs=0 cs=0 l=0 rev1=0 crypto rx=0 tx=0 comp rx=0 tx=0).connect
2024-02-26T04:49:49.745 INFO:teuthology.orchestra.run.smithi022.stdout:/usr/bin/ceph: stderr
2024-02-26T04:49:48.785+0000 7f37d01e9700 1 -- --> [v2:172.21.15.22:3300/0,v1:172.21.15.22:6789/0] -- mon_getmap magic: 0 v1 -- 0x7f37c81082c0 con 0x7f37c81078d0
2024-02-26T04:49:49.745 INFO:teuthology.orchestra.run.smithi022.stdout:/usr/bin/ceph: stderr
2024-02-26T04:49:48.786+0000 7f37cdf85700 1 --2- >> [v2:172.21.15.22:3300/0,v1:172.21.15.22:6789/0] conn(0x7f37c81078d0 0x7f37c8107cf0 unknown :-1 s=BANNER_CONNECTING pgs=0 cs=0 l=0 rev1=0 crypto rx=0 tx=0 comp rx=0 tx=0)._handle_peer_banner_payload supported=3 required=0
2024-02-26T04:49:49.746 INFO:teuthology.orchestra.run.smithi022.stdout:/usr/bin/ceph: stderr
2024-02-26T04:49:48.786+0000 7f37cdf85700 1 --2- >> [v2:172.21.15.22:3300/0,v1:172.21.15.22:6789/0] conn(0x7f37c81078d0 0x7f37c8107cf0 unknown :-1 s=HELLO_CONNECTING pgs=0 cs=0 l=0 rev1=1 crypto rx=0 tx=0 comp rx=0 tx=0).handle_hello peer v2:172.21.15.22:3300/0 says I am v2:172.21.15.22:49640/0 (socket says 172.21.15.22:49640)
2024-02-26T04:49:49.746 INFO:teuthology.orchestra.run.smithi022.stdout:/usr/bin/ceph: stderr
2024-02-26T04:49:48.786+0000 7f37cdf85700 1 -- 172.21.15.22:0/4139821029 learned_addr learned my addr 172.21.15.22:0/4139821029 (peer_addr_for_me v2:172.21.15.22:0/0)
2024-02-26T04:49:49.746 INFO:teuthology.orchestra.run.smithi022.stdout:/usr/bin/ceph: stderr
2024-02-26T04:49:48.786+0000 7f37cdf85700 1 -- 172.21.15.22:0/4139821029 --> [v2:172.21.15.22:3300/0,v1:172.21.15.22:6789/0] -- mon_subscribe({config=0+,monmap=0+}) v3 -- 0x7f37c8108ad0 con 0x7f37c81078d0
2024-02-26T04:49:49.746 INFO:teuthology.orchestra.run.smithi022.stdout:/usr/bin/ceph: stderr
2024-02-26T04:49:48.786+0000 7f37cdf85700 1 --2- 172.21.15.22:0/4139821029 >> [v2:172.21.15.22:3300/0,v1:172.21.15.22:6789/0] conn(0x7f37c81078d0 0x7f37c8107cf0 secure :-1 s=READY pgs=22 cs=0 l=1 rev1=1 crypto rx=0x7f37c00098a0 tx=0x7f37c0009bb0 comp rx=0 tx=0).ready entity=mon.0 client_cookie=316852162a29b256 server_cookie=0 in_seq=0 out_seq=0
2024-02-26T04:49:49.746 INFO:teuthology.orchestra.run.smithi022.stdout:/usr/bin/ceph: stderr
2024-02-26T04:49:48.786+0000 7f37ccf83700 1 -- 172.21.15.22:0/4139821029 <== mon.0 v2:172.21.15.22:3300/0 1 ==== mon_map magic: 0 v1 ==== 205+0+0 (secure 0 0 0) 0x7f37c0004160 con 0x7f37c81078d0
2024-02-26T04:49:49.746 INFO:teuthology.orchestra.run.smithi022.stdout:/usr/bin/ceph: stderr
2024-02-26T04:49:48.786+0000 7f37ccf83700 1 -- 172.21.15.22:0/4139821029 <== mon.0 v2:172.21.15.22:3300/0 2 ==== config(29 keys) v1 ==== 1178+0+0 (secure 0 0 0) 0x7f37c00042c0 con 0x7f37c81078d0
2024-02-26T04:49:49.746 INFO:teuthology.orchestra.run.smithi022.stdout:/usr/bin/ceph: stderr
2024-02-26T04:49:48.786+0000 7f37ccf83700 1 -- 172.21.15.22:0/4139821029 <== mon.0 v2:172.21.15.22:3300/0 3 ==== mon_map magic: 0 v1 ==== 205+0+0 (secure 0 0 0) 0x7f37c0011c20 con 0x7f37c81078d0
2024-02-26T04:49:49.746 INFO:teuthology.orchestra.run.smithi022.stdout:/usr/bin/ceph: stderr
2024-02-26T04:49:48.787+0000 7f37d01e9700 1 -- 172.21.15.22:0/4139821029 >> [v2:172.21.15.22:3300/0,v1:172.21.15.22:6789/0] conn(0x7f37c81078d0 msgr2=0x7f37c8107cf0 secure :-1 s=STATE_CONNECTION_ESTABLISHED l=1).mark_down
2024-02-26T04:49:49.746 INFO:teuthology.orchestra.run.smithi022.stdout:/usr/bin/ceph: stderr
2024-02-26T04:49:48.787+0000 7f37d01e9700 1 --2- 172.21.15.22:0/4139821029 >> [v2:172.21.15.22:3300/0,v1:172.21.15.22:6789/0] conn(0x7f37c81078d0 0x7f37c8107cf0 secure :-1 s=READY pgs=22 cs=0 l=1 rev1=1 crypto rx=0x7f37c00098a0 tx=0x7f37c0009bb0 comp rx=0 tx=0).stop
2024-02-26T04:49:49.746 INFO:teuthology.orchestra.run.smithi022.stdout:/usr/bin/ceph: stderr
2024-02-26T04:49:48.787+0000 7f37d01e9700 1 -- 172.21.15.22:0/4139821029 shutdown_connections
2024-02-26T04:49:49.746 INFO:teuthology.orchestra.run.smithi022.stdout:/usr/bin/ceph: stderr
2024-02-26T04:49:48.787+0000 7f37d01e9700 1 --2- 172.21.15.22:0/4139821029 >> [v2:172.21.15.22:3300/0,v1:172.21.15.22:6789/0] conn(0x7f37c81078d0 0x7f37c8107cf0 unknown :-1 s=CLOSED pgs=22 cs=0 l=1 rev1=1 crypto rx=0 tx=0 comp rx=0 tx=0).stop
2024-02-26T04:49:49.746 INFO:teuthology.orchestra.run.smithi022.stdout:/usr/bin/ceph: stderr
2024-02-26T04:49:48.787+0000 7f37d01e9700 1 -- 172.21.15.22:0/4139821029 >> 172.21.15.22:0/4139821029 conn(0x7f37c8102f30 msgr2=0x7f37c8105350 unknown :-1 s=STATE_NONE l=0).mark_down
2024-02-26T04:49:49.746 INFO:teuthology.orchestra.run.smithi022.stdout:/usr/bin/ceph: stderr
2024-02-26T04:49:48.787+0000 7f37d01e9700 1 -- 172.21.15.22:0/4139821029 shutdown_connections
2024-02-26T04:49:49.746 INFO:teuthology.orchestra.run.smithi022.stdout:/usr/bin/ceph: stderr
2024-02-26T04:49:48.787+0000 7f37d01e9700 1 -- 172.21.15.22:0/4139821029 wait complete.
2024-02-26T04:49:49.747 INFO:teuthology.orchestra.run.smithi022.stdout:/usr/bin/ceph: stderr
2024-02-26T04:49:48.787+0000 7f37d01e9700 1 Processor -- start
2024-02-26T04:49:49.747 INFO:teuthology.orchestra.run.smithi022.stdout:/usr/bin/ceph: stderr
2024-02-26T04:49:48.787+0000 7f37d01e9700 1 -- start start
2024-02-26T04:49:49.747 INFO:teuthology.orchestra.run.smithi022.stdout:/usr/bin/ceph: stderr
2024-02-26T04:49:48.788+0000 7f37d01e9700 1 --2- >> [v2:172.21.15.22:3300/0,v1:172.21.15.22:6789/0] conn(0x7f37c81078d0 0x7f37c807cb60 unknown :-1 s=NONE pgs=0 cs=0 l=1 rev1=0 crypto rx=0 tx=0 comp rx=0 tx=0).connect
2024-02-26T04:49:49.747 INFO:teuthology.orchestra.run.smithi022.stdout:/usr/bin/ceph: stderr
2024-02-26T04:49:48.788+0000 7f37d01e9700 1 -- --> [v2:172.21.15.22:3300/0,v1:172.21.15.22:6789/0] -- mon_getmap magic: 0 v1 -- 0x7f37c807d0a0 con 0x7f37c81078d0
2024-02-26T04:49:49.747 INFO:teuthology.orchestra.run.smithi022.stdout:/usr/bin/ceph: stderr
2024-02-26T04:49:48.788+0000 7f37cdf85700 1 --2- >> [v2:172.21.15.22:3300/0,v1:172.21.15.22:6789/0] conn(0x7f37c81078d0 0x7f37c807cb60 unknown :-1 s=BANNER_CONNECTING pgs=0 cs=0 l=1 rev1=0 crypto rx=0 tx=0 comp rx=0 tx=0)._handle_peer_banner_payload supported=3 required=0
2024-02-26T04:49:49.747 INFO:teuthology.orchestra.run.smithi022.stdout:/usr/bin/ceph: stderr
2024-02-26T04:49:48.788+0000 7f37cdf85700 1 --2- >> [v2:172.21.15.22:3300/0,v1:172.21.15.22:6789/0] conn(0x7f37c81078d0 0x7f37c807cb60 unknown :-1 s=HELLO_CONNECTING pgs=0 cs=0 l=1 rev1=1 crypto rx=0 tx=0 comp rx=0 tx=0).handle_hello peer v2:172.21.15.22:3300/0 says I am v2:172.21.15.22:49642/0 (socket says 172.21.15.22:49642)
2024-02-26T04:49:49.747 INFO:teuthology.orchestra.run.smithi022.stdout:/usr/bin/ceph: stderr
2024-02-26T04:49:48.788+0000 7f37cdf85700 1 -- 172.21.15.22:0/3059944534 learned_addr learned my addr 172.21.15.22:0/3059944534 (peer_addr_for_me v2:172.21.15.22:0/0)
2024-02-26T04:49:49.747 INFO:teuthology.orchestra.run.smithi022.stdout:/usr/bin/ceph: stderr
2024-02-26T04:49:48.788+0000 7f37cdf85700 1 -- 172.21.15.22:0/3059944534 --> [v2:172.21.15.22:3300/0,v1:172.21.15.22:6789/0] -- mon_subscribe({config=0+,monmap=0+}) v3 -- 0x7f37c0009550 con 0x7f37c81078d0
2024-02-26T04:49:49.747 INFO:teuthology.orchestra.run.smithi022.stdout:/usr/bin/ceph: stderr
2024-02-26T04:49:48.788+0000 7f37cdf85700 1 --2- 172.21.15.22:0/3059944534 >> [v2:172.21.15.22:3300/0,v1:172.21.15.22:6789/0] conn(0x7f37c81078d0 0x7f37c807cb60 secure :-1 s=READY pgs=23 cs=0 l=1 rev1=1 crypto rx=0x7f37c00118e0 tx=0x7f37c0011ca0 comp rx=0 tx=0).ready entity=mon.0 client_cookie=0 server_cookie=0 in_seq=0 out_seq=0
2024-02-26T04:49:49.747 INFO:teuthology.orchestra.run.smithi022.stdout:/usr/bin/ceph: stderr
2024-02-26T04:49:48.788+0000 7f37c6ffd700 1 -- 172.21.15.22:0/3059944534 <== mon.0 v2:172.21.15.22:3300/0 1 ==== mon_map magic: 0 v1 ==== 205+0+0 (secure 0 0 0) 0x7f37c0003970 con 0x7f37c81078d0
2024-02-26T04:49:49.747 INFO:teuthology.orchestra.run.smithi022.stdout:/usr/bin/ceph: stderr
2024-02-26T04:49:48.788+0000 7f37c6ffd700 1 -- 172.21.15.22:0/3059944534 <== mon.0 v2:172.21.15.22:3300/0 2 ==== config(29 keys) v1 ==== 1178+0+0 (secure 0 0 0) 0x7f37c0003ad0 con 0x7f37c81078d0
2024-02-26T04:49:49.747 INFO:teuthology.orchestra.run.smithi022.stdout:/usr/bin/ceph: stderr
2024-02-26T04:49:48.788+0000 7f37d01e9700 1 -- 172.21.15.22:0/3059944534 --> [v2:172.21.15.22:3300/0,v1:172.21.15.22:6789/0] -- mon_subscribe({mgrmap=0+}) v3 -- 0x7f37c807b290 con 0x7f37c81078d0
2024-02-26T04:49:49.747 INFO:teuthology.orchestra.run.smithi022.stdout:/usr/bin/ceph: stderr
2024-02-26T04:49:48.788+0000 7f37c6ffd700 1 -- 172.21.15.22:0/3059944534 <== mon.0 v2:172.21.15.22:3300/0 3 ==== mon_map magic: 0 v1 ==== 205+0+0 (secure 0 0 0) 0x7f37c0019630 con 0x7f37c81078d0
2024-02-26T04:49:49.747 INFO:teuthology.orchestra.run.smithi022.stdout:/usr/bin/ceph: stderr
2024-02-26T04:49:48.788+0000 7f37d01e9700 1 -- 172.21.15.22:0/3059944534 --> [v2:172.21.15.22:3300/0,v1:172.21.15.22:6789/0] -- mon_subscribe({osdmap=0}) v3 -- 0x7f37c807b730 con 0x7f37c81078d0
2024-02-26T04:49:49.747 INFO:teuthology.orchestra.run.smithi022.stdout:/usr/bin/ceph: stderr
2024-02-26T04:49:48.789+0000 7f37c6ffd700 1 -- 172.21.15.22:0/3059944534 <== mon.0 v2:172.21.15.22:3300/0 4 ==== mgrmap(e 4) v1 ==== 45921+0+0 (secure 0 0 0) 0x7f37c00198a0 con 0x7f37c81078d0
2024-02-26T04:49:49.748 INFO:teuthology.orchestra.run.smithi022.stdout:/usr/bin/ceph: stderr
2024-02-26T04:49:48.789+0000 7f37d01e9700 1 -- 172.21.15.22:0/3059944534 --> [v2:172.21.15.22:3300/0,v1:172.21.15.22:6789/0] -- mon_command({"prefix": "get_command_descriptions"} v 0) v1 -- 0x7f37c810bd00 con 0x7f37c81078d0
2024-02-26T04:49:49.748 INFO:teuthology.orchestra.run.smithi022.stdout:/usr/bin/ceph: stderr
2024-02-26T04:49:48.789+0000 7f37c6ffd700 1 --2- 172.21.15.22:0/3059944534 >> [v2:172.21.15.22:6800/974026955,v1:172.21.15.22:6801/974026955] conn(0x7f37b0038e90 0x7f37b003b350 unknown :-1 s=NONE pgs=0 cs=0 l=1 rev1=0 crypto rx=0 tx=0 comp rx=0 tx=0).connect
2024-02-26T04:49:49.748 INFO:teuthology.orchestra.run.smithi022.stdout:/usr/bin/ceph: stderr
2024-02-26T04:49:48.789+0000 7f37c6ffd700 1 -- 172.21.15.22:0/3059944534 <== mon.0 v2:172.21.15.22:3300/0 5 ==== osd_map(1..1 src has 1..1) v4 ==== 725+0+0 (secure 0 0 0) 0x7f37c004cf80 con 0x7f37c81078d0
2024-02-26T04:49:49.748 INFO:teuthology.orchestra.run.smithi022.stdout:/usr/bin/ceph: stderr
2024-02-26T04:49:48.789+0000 7f37cd784700 1 --2- 172.21.15.22:0/3059944534 >> [v2:172.21.15.22:6800/974026955,v1:172.21.15.22:6801/974026955] conn(0x7f37b0038e90 0x7f37b003b350 unknown :-1 s=BANNER_CONNECTING pgs=0 cs=0 l=1 rev1=0 crypto rx=0 tx=0 comp rx=0 tx=0)._handle_peer_banner_payload supported=3 required=0
2024-02-26T04:49:49.748 INFO:teuthology.orchestra.run.smithi022.stdout:/usr/bin/ceph: stderr
2024-02-26T04:49:48.790+0000 7f37cd784700 1 --2- 172.21.15.22:0/3059944534 >> [v2:172.21.15.22:6800/974026955,v1:172.21.15.22:6801/974026955] conn(0x7f37b0038e90 0x7f37b003b350 secure :-1 s=READY pgs=8 cs=0 l=1 rev1=1 crypto rx=0x7f37bc006fd0 tx=0x7f37bc006e40 comp rx=0 tx=0).ready entity=mgr.14100 client_cookie=0 server_cookie=0 in_seq=0 out_seq=0
2024-02-26T04:49:49.748 INFO:teuthology.orchestra.run.smithi022.stdout:/usr/bin/ceph: stderr
2024-02-26T04:49:48.794+0000 7f37c6ffd700 1 -- 172.21.15.22:0/3059944534 <== mon.0 v2:172.21.15.22:3300/0 6 ==== mon_command_ack([{"prefix": "get_command_descriptions"}]=0 v0) v1 ==== 72+0+183564 (secure 0 0 0) 0x7f37c0019b50 con 0x7f37c81078d0
2024-02-26T04:49:49.748 INFO:teuthology.orchestra.run.smithi022.stdout:/usr/bin/ceph: stderr
2024-02-26T04:49:49.052+0000 7f37d01e9700 1 -- 172.21.15.22:0/3059944534 --> [v2:172.21.15.22:3300/0,v1:172.21.15.22:6789/0] -- mon_command({"prefix": "mgr module enable", "module": "cephadm"} v 0) v1 -- 0x7f37c807bd20 con 0x7f37c81078d0
2024-02-26T04:49:49.748 INFO:teuthology.orchestra.run.smithi022.stdout:/usr/bin/ceph: stderr
2024-02-26T04:49:49.133+0000 7f37c6ffd700 1 -- 172.21.15.22:0/3059944534 <== mon.0 v2:172.21.15.22:3300/0 7 ==== mon_command_ack([{"prefix": "mgr module enable", "module": "cephadm"}]=0 v5) v1 ==== 86+0+0 (secure 0 0 0) 0x7f37c0018350 con 0x7f37c81078d0
2024-02-26T04:49:49.748 INFO:teuthology.orchestra.run.smithi022.stdout:/usr/bin/ceph: stderr
2024-02-26T04:49:49.135+0000 7f37c6ffd700 1 -- 172.21.15.22:0/3059944534 <== mon.0 v2:172.21.15.22:3300/0 8 ==== mgrmap(e 5) v1 ==== 45932+0+0 (secure 0 0 0) 0x7f37c0019d30 con 0x7f37c81078d0
2024-02-26T04:49:49.748 INFO:teuthology.orchestra.run.smithi022.stdout:/usr/bin/ceph: stderr
2024-02-26T04:49:49.136+0000 7f37d01e9700 1 -- 172.21.15.22:0/3059944534 >> [v2:172.21.15.22:6800/974026955,v1:172.21.15.22:6801/974026955] conn(0x7f37b0038e90 msgr2=0x7f37b003b350 secure :-1 s=STATE_CONNECTION_ESTABLISHED l=1).mark_down
2024-02-26T04:49:49.748 INFO:teuthology.orchestra.run.smithi022.stdout:/usr/bin/ceph: stderr
2024-02-26T04:49:49.136+0000 7f37d01e9700 1 --2- 172.21.15.22:0/3059944534 >> [v2:172.21.15.22:6800/974026955,v1:172.21.15.22:6801/974026955] conn(0x7f37b0038e90 0x7f37b003b350 secure :-1 s=READY pgs=8 cs=0 l=1 rev1=1 crypto rx=0x7f37bc006fd0 tx=0x7f37bc006e40 comp rx=0 tx=0).stop
2024-02-26T04:49:49.748 INFO:teuthology.orchestra.run.smithi022.stdout:/usr/bin/ceph: stderr
2024-02-26T04:49:49.136+0000 7f37d01e9700 1 -- 172.21.15.22:0/3059944534 >> [v2:172.21.15.22:3300/0,v1:172.21.15.22:6789/0] conn(0x7f37c81078d0 msgr2=0x7f37c807cb60 secure :-1 s=STATE_CONNECTION_ESTABLISHED l=1).mark_down
2024-02-26T04:49:49.748 INFO:teuthology.orchestra.run.smithi022.stdout:/usr/bin/ceph: stderr
2024-02-26T04:49:49.136+0000 7f37d01e9700 1 --2- 172.21.15.22:0/3059944534 >> [v2:172.21.15.22:3300/0,v1:172.21.15.22:6789/0] conn(0x7f37c81078d0 0x7f37c807cb60 secure :-1 s=READY pgs=23 cs=0 l=1 rev1=1 crypto rx=0x7f37c00118e0 tx=0x7f37c0011ca0 comp rx=0 tx=0).stop
2024-02-26T04:49:49.748 INFO:teuthology.orchestra.run.smithi022.stdout:/usr/bin/ceph: stderr
2024-02-26T04:49:49.136+0000 7f37d01e9700 1 -- 172.21.15.22:0/3059944534 shutdown_connections
2024-02-26T04:49:49.748 INFO:teuthology.orchestra.run.smithi022.stdout:/usr/bin/ceph: stderr
2024-02-26T04:49:49.136+0000 7f37d01e9700 1 --2- 172.21.15.22:0/3059944534 >> [v2:172.21.15.22:6800/974026955,v1:172.21.15.22:6801/974026955] conn(0x7f37b0038e90 0x7f37b003b350 unknown :-1 s=CLOSED pgs=8 cs=0 l=1 rev1=1 crypto rx=0 tx=0 comp rx=0 tx=0).stop
2024-02-26T04:49:49.749 INFO:teuthology.orchestra.run.smithi022.stdout:/usr/bin/ceph: stderr
2024-02-26T04:49:49.136+0000 7f37d01e9700 1 --2- 172.21.15.22:0/3059944534 >> [v2:172.21.15.22:3300/0,v1:172.21.15.22:6789/0] conn(0x7f37c81078d0 0x7f37c807cb60 unknown :-1 s=CLOSED pgs=23 cs=0 l=1 rev1=1 crypto rx=0 tx=0 comp rx=0 tx=0).stop
2024-02-26T04:49:49.749 INFO:teuthology.orchestra.run.smithi022.stdout:/usr/bin/ceph: stderr
2024-02-26T04:49:49.136+0000 7f37d01e9700 1 -- 172.21.15.22:0/3059944534 >> 172.21.15.22:0/3059944534 conn(0x7f37c8102f30 msgr2=0x7f37c8103a20 unknown :-1 s=STATE_NONE l=0).mark_down
2024-02-26T04:49:49.749 INFO:teuthology.orchestra.run.smithi022.stdout:/usr/bin/ceph: stderr
2024-02-26T04:49:49.136+0000 7f37d01e9700 1 -- 172.21.15.22:0/3059944534 shutdown_connections
2024-02-26T04:49:49.749 INFO:teuthology.orchestra.run.smithi022.stdout:/usr/bin/ceph: stderr
2024-02-26T04:49:49.136+0000 7f37d01e9700 1 -- 172.21.15.22:0/3059944534 wait complete.
2024-02-26T04:49:49.806 INFO:journalctl@ceph.mgr.x.smithi022.stdout:Feb 26 04:49:49 smithi022 ceph-49afa24c-d462-11ee-95c3-87774f69a715-mgr-x[32335]:
2024-02-26T04:49:49.703+0000 7fc657a27200 -1 mgr[py] Module osd_perf_query has missing NOTIFY_TYPES member
2024-02-26T04:49:49.806 INFO:journalctl@ceph.mgr.x.smithi022.stdout:Feb 26 04:49:49 smithi022 ceph-49afa24c-d462-11ee-95c3-87774f69a715-mgr-x[32335]:
2024-02-26T04:49:49.803+0000 7fc657a27200 -1 mgr[py] Module snap_schedule has missing NOTIFY_TYPES member
2024-02-26T04:49:50.401 INFO:journalctl@ceph.mon.a.smithi022.stdout:Feb 26 04:49:50 smithi022 ceph-mon[32104]: from='client.? 172.21.15.22:0/3059944534' entity='client.admin' cmd='[{"prefix": "mgr module enable", "module": "cephadm"}]': finished
2024-02-26T04:49:50.401 INFO:journalctl@ceph.mon.a.smithi022.stdout:Feb 26 04:49:50 smithi022 ceph-mon[32104]: mgrmap e5: x(active, since 6s)
2024-02-26T04:49:50.693 INFO:journalctl@ceph.mgr.x.smithi022.stdout:Feb 26 04:49:50 smithi022 ceph-49afa24c-d462-11ee-95c3-87774f69a715-mgr-x[32335]:
2024-02-26T04:49:50.479+0000 7fc657a27200 -1 mgr[py] Module zabbix has missing NOTIFY_TYPES member
2024-02-26T04:49:50.694 INFO:journalctl@ceph.mgr.x.smithi022.stdout:Feb 26 04:49:50 smithi022 ceph-49afa24c-d462-11ee-95c3-87774f69a715-mgr-x[32335]:
2024-02-26T04:49:50.574+0000 7fc657a27200 -1 mgr[py] Module balancer has missing NOTIFY_TYPES member
2024-02-26T04:49:50.952 INFO:journalctl@ceph.mgr.x.smithi022.stdout:Feb 26 04:49:50 smithi022 ceph-49afa24c-d462-11ee-95c3-87774f69a715-mgr-x[32335]:
2024-02-26T04:49:50.720+0000 7fc657a27200 -1 mgr[py] Module influx has missing NOTIFY_TYPES member
2024-02-26T04:49:50.952 INFO:journalctl@ceph.mgr.x.smithi022.stdout:Feb 26 04:49:50 smithi022 ceph-49afa24c-d462-11ee-95c3-87774f69a715-mgr-x[32335]:
2024-02-26T04:49:50.818+0000 7fc657a27200 -1 mgr[py] Module alerts has missing NOTIFY_TYPES member
2024-02-26T04:49:50.952 INFO:journalctl@ceph.mgr.x.smithi022.stdout:Feb 26 04:49:50 smithi022 ceph-49afa24c-d462-11ee-95c3-87774f69a715-mgr-x[32335]:
2024-02-26T04:49:50.904+0000 7fc657a27200 -1 mgr[py] Module iostat has missing NOTIFY_TYPES member
2024-02-26T04:49:50.962 INFO:teuthology.orchestra.run.smithi022.stdout:/usr/bin/ceph: stdout {
2024-02-26T04:49:50.963 INFO:teuthology.orchestra.run.smithi022.stdout:/usr/bin/ceph: stdout "epoch": 5,
2024-02-26T04:49:50.963 INFO:teuthology.orchestra.run.smithi022.stdout:/usr/bin/ceph: stdout "available": true,
2024-02-26T04:49:50.963 INFO:teuthology.orchestra.run.smithi022.stdout:/usr/bin/ceph: stdout "active_name": "x",
2024-02-26T04:49:50.963 INFO:teuthology.orchestra.run.smithi022.stdout:/usr/bin/ceph: stdout "num_standby": 0
2024-02-26T04:49:50.963 INFO:teuthology.orchestra.run.smithi022.stdout:/usr/bin/ceph: stdout }
2024-02-26T04:49:50.963 INFO:teuthology.orchestra.run.smithi022.stdout:/usr/bin/ceph: stderr
2024-02-26T04:49:50.129+0000 7fd791960700 1 Processor -- start
2024-02-26T04:49:50.963 INFO:teuthology.orchestra.run.smithi022.stdout:/usr/bin/ceph: stderr
2024-02-26T04:49:50.129+0000 7fd791960700 1 -- start start
2024-02-26T04:49:50.963 INFO:teuthology.orchestra.run.smithi022.stdout:/usr/bin/ceph: stderr
2024-02-26T04:49:50.129+0000 7fd791960700 1 --2- >> [v2:172.21.15.22:3300/0,v1:172.21.15.22:6789/0] conn(0x7fd78c1083c0 0x7fd78c10a7b0 unknown :-1 s=NONE pgs=0 cs=0 l=0 rev1=0 crypto rx=0 tx=0 comp rx=0 tx=0).connect
2024-02-26T04:49:50.964 INFO:teuthology.orchestra.run.smithi022.stdout:/usr/bin/ceph: stderr
2024-02-26T04:49:50.129+0000 7fd791960700 1 -- --> [v2:172.21.15.22:3300/0,v1:172.21.15.22:6789/0] -- mon_getmap magic: 0 v1 -- 0x7fd78c07ae40 con 0x7fd78c1083c0
2024-02-26T04:49:50.964 INFO:teuthology.orchestra.run.smithi022.stdout:/usr/bin/ceph: stderr
2024-02-26T04:49:50.129+0000 7fd78affd700 1 --2- >> [v2:172.21.15.22:3300/0,v1:172.21.15.22:6789/0] conn(0x7fd78c1083c0 0x7fd78c10a7b0 unknown :-1 s=BANNER_CONNECTING pgs=0 cs=0 l=0 rev1=0 crypto rx=0 tx=0 comp rx=0 tx=0)._handle_peer_banner_payload supported=3 required=0
2024-02-26T04:49:50.964 INFO:teuthology.orchestra.run.smithi022.stdout:/usr/bin/ceph: stderr
2024-02-26T04:49:50.130+0000 7fd78affd700 1 --2- >> [v2:172.21.15.22:3300/0,v1:172.21.15.22:6789/0] conn(0x7fd78c1083c0 0x7fd78c10a7b0 unknown :-1 s=HELLO_CONNECTING pgs=0 cs=0 l=0 rev1=1 crypto rx=0 tx=0 comp rx=0 tx=0).handle_hello peer v2:172.21.15.22:3300/0 says I am v2:172.21.15.22:49680/0 (socket says 172.21.15.22:49680)
2024-02-26T04:49:50.964 INFO:teuthology.orchestra.run.smithi022.stdout:/usr/bin/ceph: stderr
2024-02-26T04:49:50.130+0000 7fd78affd700 1 -- 172.21.15.22:0/3703094081 learned_addr learned my addr 172.21.15.22:0/3703094081 (peer_addr_for_me v2:172.21.15.22:0/0)
2024-02-26T04:49:50.964 INFO:teuthology.orchestra.run.smithi022.stdout:/usr/bin/ceph: stderr
2024-02-26T04:49:50.130+0000 7fd78affd700 1 -- 172.21.15.22:0/3703094081 --> [v2:172.21.15.22:3300/0,v1:172.21.15.22:6789/0] -- mon_subscribe({config=0+,monmap=0+}) v3 -- 0x7fd78c10acf0 con 0x7fd78c1083c0
2024-02-26T04:49:50.964 INFO:teuthology.orchestra.run.smithi022.stdout:/usr/bin/ceph: stderr
2024-02-26T04:49:50.130+0000 7fd78affd700 1 --2- 172.21.15.22:0/3703094081 >> [v2:172.21.15.22:3300/0,v1:172.21.15.22:6789/0] conn(0x7fd78c1083c0 0x7fd78c10a7b0 secure :-1 s=READY pgs=26 cs=0 l=1 rev1=1 crypto rx=0x7fd7740098a0 tx=0x7fd774009bb0 comp rx=0 tx=0).ready entity=mon.0 client_cookie=e1b68fd72a6452cf server_cookie=0 in_seq=0 out_seq=0
2024-02-26T04:49:50.964 INFO:teuthology.orchestra.run.smithi022.stdout:/usr/bin/ceph: stderr
2024-02-26T04:49:50.130+0000 7fd789ffb700 1 -- 172.21.15.22:0/3703094081 <== mon.0 v2:172.21.15.22:3300/0 1 ==== mon_map magic: 0 v1 ==== 205+0+0 (secure 0 0 0) 0x7fd774004160 con 0x7fd78c1083c0
2024-02-26T04:49:50.964 INFO:teuthology.orchestra.run.smithi022.stdout:/usr/bin/ceph: stderr
2024-02-26T04:49:50.130+0000 7fd789ffb700 1 -- 172.21.15.22:0/3703094081 <== mon.0 v2:172.21.15.22:3300/0 2 ==== config(29 keys) v1 ==== 1178+0+0 (secure 0 0 0) 0x7fd7740042c0 con 0x7fd78c1083c0
2024-02-26T04:49:50.964 INFO:teuthology.orchestra.run.smithi022.stdout:/usr/bin/ceph: stderr
2024-02-26T04:49:50.130+0000 7fd789ffb700 1 -- 172.21.15.22:0/3703094081 <== mon.0 v2:172.21.15.22:3300/0 3 ==== mon_map magic: 0 v1 ==== 205+0+0 (secure 0 0 0) 0x7fd774011c20 con 0x7fd78c1083c0
2024-02-26T04:49:50.964 INFO:teuthology.orchestra.run.smithi022.stdout:/usr/bin/ceph: stderr
2024-02-26T04:49:50.131+0000 7fd791960700 1 -- 172.21.15.22:0/3703094081 >> [v2:172.21.15.22:3300/0,v1:172.21.15.22:6789/0] conn(0x7fd78c1083c0 msgr2=0x7fd78c10a7b0 secure :-1 s=STATE_CONNECTION_ESTABLISHED l=1).mark_down
2024-02-26T04:49:50.964 INFO:teuthology.orchestra.run.smithi022.stdout:/usr/bin/ceph: stderr
2024-02-26T04:49:50.131+0000 7fd791960700 1 --2- 172.21.15.22:0/3703094081 >> [v2:172.21.15.22:3300/0,v1:172.21.15.22:6789/0] conn(0x7fd78c1083c0 0x7fd78c10a7b0 secure :-1 s=READY pgs=26 cs=0 l=1 rev1=1 crypto rx=0x7fd7740098a0 tx=0x7fd774009bb0 comp rx=0 tx=0).stop
2024-02-26T04:49:50.964 INFO:teuthology.orchestra.run.smithi022.stdout:/usr/bin/ceph: stderr
2024-02-26T04:49:50.131+0000 7fd791960700 1 -- 172.21.15.22:0/3703094081 shutdown_connections
2024-02-26T04:49:50.964 INFO:teuthology.orchestra.run.smithi022.stdout:/usr/bin/ceph: stderr
2024-02-26T04:49:50.131+0000 7fd791960700 1 --2- 172.21.15.22:0/3703094081 >> [v2:172.21.15.22:3300/0,v1:172.21.15.22:6789/0] conn(0x7fd78c1083c0 0x7fd78c10a7b0 unknown :-1 s=CLOSED pgs=26 cs=0 l=1 rev1=1 crypto rx=0 tx=0 comp rx=0 tx=0).stop
2024-02-26T04:49:50.965 INFO:teuthology.orchestra.run.smithi022.stdout:/usr/bin/ceph: stderr
2024-02-26T04:49:50.131+0000 7fd791960700 1 -- 172.21.15.22:0/3703094081 >> 172.21.15.22:0/3703094081 conn(0x7fd78c101e30 msgr2=0x7fd78c104250 unknown :-1 s=STATE_NONE l=0).mark_down
2024-02-26T04:49:50.965 INFO:teuthology.orchestra.run.smithi022.stdout:/usr/bin/ceph: stderr
2024-02-26T04:49:50.131+0000 7fd791960700 1 -- 172.21.15.22:0/3703094081 shutdown_connections
2024-02-26T04:49:50.965 INFO:teuthology.orchestra.run.smithi022.stdout:/usr/bin/ceph: stderr
2024-02-26T04:49:50.131+0000 7fd791960700 1 -- 172.21.15.22:0/3703094081 wait complete.
2024-02-26T04:49:50.965 INFO:teuthology.orchestra.run.smithi022.stdout:/usr/bin/ceph: stderr
2024-02-26T04:49:50.131+0000 7fd791960700 1 Processor -- start
2024-02-26T04:49:50.965 INFO:teuthology.orchestra.run.smithi022.stdout:/usr/bin/ceph: stderr
2024-02-26T04:49:50.132+0000 7fd791960700 1 -- start start
2024-02-26T04:49:50.965 INFO:teuthology.orchestra.run.smithi022.stdout:/usr/bin/ceph: stderr
2024-02-26T04:49:50.132+0000 7fd791960700 1 --2- >> [v2:172.21.15.22:3300/0,v1:172.21.15.22:6789/0] conn(0x7fd78c1083c0 0x7fd78c19b730 unknown :-1 s=NONE pgs=0 cs=0 l=1 rev1=0 crypto rx=0 tx=0 comp rx=0 tx=0).connect
2024-02-26T04:49:50.965 INFO:teuthology.orchestra.run.smithi022.stdout:/usr/bin/ceph: stderr
2024-02-26T04:49:50.132+0000 7fd791960700 1 -- --> [v2:172.21.15.22:3300/0,v1:172.21.15.22:6789/0] -- mon_getmap magic: 0 v1 -- 0x7fd78c19bc70 con 0x7fd78c1083c0
2024-02-26T04:49:50.965 INFO:teuthology.orchestra.run.smithi022.stdout:/usr/bin/ceph: stderr
2024-02-26T04:49:50.132+0000 7fd78affd700 1 --2- >> [v2:172.21.15.22:3300/0,v1:172.21.15.22:6789/0] conn(0x7fd78c1083c0 0x7fd78c19b730 unknown :-1 s=BANNER_CONNECTING pgs=0 cs=0 l=1 rev1=0 crypto rx=0 tx=0 comp rx=0 tx=0)._handle_peer_banner_payload supported=3 required=0
2024-02-26T04:49:50.965 INFO:teuthology.orchestra.run.smithi022.stdout:/usr/bin/ceph: stderr
2024-02-26T04:49:50.132+0000 7fd78affd700 1 --2- >> [v2:172.21.15.22:3300/0,v1:172.21.15.22:6789/0] conn(0x7fd78c1083c0 0x7fd78c19b730 unknown :-1 s=HELLO_CONNECTING pgs=0 cs=0 l=1 rev1=1 crypto rx=0 tx=0 comp rx=0 tx=0).handle_hello peer v2:172.21.15.22:3300/0 says I am v2:172.21.15.22:49686/0 (socket says 172.21.15.22:49686)
2024-02-26T04:49:50.965 INFO:teuthology.orchestra.run.smithi022.stdout:/usr/bin/ceph: stderr
2024-02-26T04:49:50.132+0000 7fd78affd700 1 -- 172.21.15.22:0/2753599758 learned_addr learned my addr 172.21.15.22:0/2753599758 (peer_addr_for_me v2:172.21.15.22:0/0)
2024-02-26T04:49:50.965 INFO:teuthology.orchestra.run.smithi022.stdout:/usr/bin/ceph: stderr
2024-02-26T04:49:50.132+0000 7fd78affd700 1 -- 172.21.15.22:0/2753599758 --> [v2:172.21.15.22:3300/0,v1:172.21.15.22:6789/0] -- mon_subscribe({config=0+,monmap=0+}) v3 -- 0x7fd774009550 con 0x7fd78c1083c0
2024-02-26T04:49:50.965 INFO:teuthology.orchestra.run.smithi022.stdout:/usr/bin/ceph: stderr
2024-02-26T04:49:50.132+0000 7fd78affd700 1 --2- 172.21.15.22:0/2753599758 >> [v2:172.21.15.22:3300/0,v1:172.21.15.22:6789/0] conn(0x7fd78c1083c0 0x7fd78c19b730 secure :-1 s=READY pgs=27 cs=0 l=1 rev1=1 crypto rx=0x7fd774011670 tx=0x7fd774011ca0 comp rx=0 tx=0).ready entity=mon.0 client_cookie=0 server_cookie=0 in_seq=0 out_seq=0
2024-02-26T04:49:50.965 INFO:teuthology.orchestra.run.smithi022.stdout:/usr/bin/ceph: stderr
2024-02-26T04:49:50.132+0000 7fd79095e700 1 -- 172.21.15.22:0/2753599758 <== mon.0 v2:172.21.15.22:3300/0 1 ==== mon_map magic: 0 v1 ==== 205+0+0 (secure 0 0 0) 0x7fd7740038b0 con 0x7fd78c1083c0
2024-02-26T04:49:50.965 INFO:teuthology.orchestra.run.smithi022.stdout:/usr/bin/ceph: stderr
2024-02-26T04:49:50.133+0000 7fd791960700 1 -- 172.21.15.22:0/2753599758 --> [v2:172.21.15.22:3300/0,v1:172.21.15.22:6789/0] -- mon_subscribe({mgrmap=0+}) v3 -- 0x7fd78c19be70 con 0x7fd78c1083c0
2024-02-26T04:49:50.965 INFO:teuthology.orchestra.run.smithi022.stdout:/usr/bin/ceph: stderr
2024-02-26T04:49:50.133+0000 7fd79095e700 1 -- 172.21.15.22:0/2753599758 <== mon.0 v2:172.21.15.22:3300/0 2 ==== config(29 keys) v1 ==== 1178+0+0 (secure 0 0 0) 0x7fd77401a430 con 0x7fd78c1083c0
2024-02-26T04:49:50.966 INFO:teuthology.orchestra.run.smithi022.stdout:/usr/bin/ceph: stderr
2024-02-26T04:49:50.133+0000 7fd79095e700 1 -- 172.21.15.22:0/2753599758 <== mon.0 v2:172.21.15.22:3300/0 3 ==== mon_map magic: 0 v1 ==== 205+0+0 (secure 0 0 0) 0x7fd7740195e0 con 0x7fd78c1083c0
2024-02-26T04:49:50.966 INFO:teuthology.orchestra.run.smithi022.stdout:/usr/bin/ceph: stderr
2024-02-26T04:49:50.133+0000 7fd791960700 1 -- 172.21.15.22:0/2753599758 --> [v2:172.21.15.22:3300/0,v1:172.21.15.22:6789/0] -- mon_subscribe({osdmap=0}) v3 -- 0x7fd78c19c310 con 0x7fd78c1083c0
2024-02-26T04:49:50.966 INFO:teuthology.orchestra.run.smithi022.stdout:/usr/bin/ceph: stderr
2024-02-26T04:49:50.133+0000 7fd79095e700 1 -- 172.21.15.22:0/2753599758 <== mon.0 v2:172.21.15.22:3300/0 4 ==== mgrmap(e 5) v1 ==== 45932+0+0 (secure 0 0 0) 0x7fd774019860 con 0x7fd78c1083c0
2024-02-26T04:49:50.966 INFO:teuthology.orchestra.run.smithi022.stdout:/usr/bin/ceph: stderr
2024-02-26T04:49:50.134+0000 7fd79095e700 1 --2- 172.21.15.22:0/2753599758 >> [v2:172.21.15.22:6800/974026955,v1:172.21.15.22:6801/974026955] conn(0x7fd778038e90 0x7fd77803b350 unknown :-1 s=NONE pgs=0 cs=0 l=1 rev1=0 crypto rx=0 tx=0 comp rx=0 tx=0).connect
2024-02-26T04:49:50.966 INFO:teuthology.orchestra.run.smithi022.stdout:/usr/bin/ceph: stderr
2024-02-26T04:49:50.134+0000 7fd79095e700 1 -- 172.21.15.22:0/2753599758 <== mon.0 v2:172.21.15.22:3300/0 5 ==== osd_map(1..1 src has 1..1) v4 ==== 725+0+0 (secure 0 0 0) 0x7fd77404cea0 con 0x7fd78c1083c0
2024-02-26T04:49:50.966 INFO:teuthology.orchestra.run.smithi022.stdout:/usr/bin/ceph: stderr
2024-02-26T04:49:50.134+0000 7fd78a7fc700 1 -- 172.21.15.22:0/2753599758 >> [v2:172.21.15.22:6800/974026955,v1:172.21.15.22:6801/974026955] conn(0x7fd778038e90 msgr2=0x7fd77803b350 unknown :-1 s=STATE_CONNECTING_RE l=1).process reconnect failed to v2:172.21.15.22:6800/974026955
2024-02-26T04:49:50.966 INFO:teuthology.orchestra.run.smithi022.stdout:/usr/bin/ceph: stderr
2024-02-26T04:49:50.134+0000 7fd78a7fc700 1 --2- 172.21.15.22:0/2753599758 >> [v2:172.21.15.22:6800/974026955,v1:172.21.15.22:6801/974026955] conn(0x7fd778038e90 0x7fd77803b350 unknown :-1 s=START_CONNECT pgs=0 cs=0 l=1 rev1=0 crypto rx=0 tx=0 comp rx=0 tx=0)._fault waiting 0.200000
2024-02-26T04:49:50.966 INFO:teuthology.orchestra.run.smithi022.stdout:/usr/bin/ceph: stderr
2024-02-26T04:49:50.134+0000 7fd791960700 1 -- 172.21.15.22:0/2753599758 --> [v2:172.21.15.22:3300/0,v1:172.21.15.22:6789/0] -- mon_command({"prefix": "get_command_descriptions"} v 0) v1 -- 0x7fd78c10bbb0 con 0x7fd78c1083c0
2024-02-26T04:49:50.966 INFO:teuthology.orchestra.run.smithi022.stdout:/usr/bin/ceph: stderr
2024-02-26T04:49:50.140+0000 7fd79095e700 1 -- 172.21.15.22:0/2753599758 <== mon.0 v2:172.21.15.22:3300/0 6 ==== mon_command_ack([{"prefix": "get_command_descriptions"}]=0 v0) v1 ==== 72+0+183564 (secure 0 0 0) 0x7fd774018a40 con 0x7fd78c1083c0
2024-02-26T04:49:50.966 INFO:teuthology.orchestra.run.smithi022.stdout:/usr/bin/ceph: stderr
2024-02-26T04:49:50.335+0000 7fd78a7fc700 1 -- 172.21.15.22:0/2753599758 >> [v2:172.21.15.22:6800/974026955,v1:172.21.15.22:6801/974026955] conn(0x7fd778038e90 msgr2=0x7fd77803b350 unknown :-1 s=STATE_CONNECTING_RE l=1).process reconnect failed to v2:172.21.15.22:6800/974026955
2024-02-26T04:49:50.966 INFO:teuthology.orchestra.run.smithi022.stdout:/usr/bin/ceph: stderr
2024-02-26T04:49:50.335+0000 7fd78a7fc700 1 --2- 172.21.15.22:0/2753599758 >> [v2:172.21.15.22:6800/974026955,v1:172.21.15.22:6801/974026955] conn(0x7fd778038e90 0x7fd77803b350 unknown :-1 s=START_CONNECT pgs=0 cs=0 l=1 rev1=0 crypto rx=0 tx=0 comp rx=0 tx=0)._fault waiting 0.400000
2024-02-26T04:49:50.966 INFO:teuthology.orchestra.run.smithi022.stdout:/usr/bin/ceph: stderr
2024-02-26T04:49:50.398+0000 7fd791960700 1 -- 172.21.15.22:0/2753599758 --> [v2:172.21.15.22:3300/0,v1:172.21.15.22:6789/0] -- mon_command({"prefix": "mgr stat"} v 0) v1 -- 0x7fd78c19ebf0 con 0x7fd78c1083c0
2024-02-26T04:49:50.966 INFO:teuthology.orchestra.run.smithi022.stdout:/usr/bin/ceph: stderr
2024-02-26T04:49:50.399+0000 7fd79095e700 1 -- 172.21.15.22:0/2753599758 <== mon.0 v2:172.21.15.22:3300/0 7 ==== mon_command_ack([{"prefix": "mgr stat"}]=0 v5) v1 ==== 56+0+88 (secure 0 0 0) 0x7fd774018350 con 0x7fd78c1083c0
2024-02-26T04:49:50.966 INFO:teuthology.orchestra.run.smithi022.stdout:/usr/bin/ceph: stderr
2024-02-26T04:49:50.401+0000 7fd791960700 1 -- 172.21.15.22:0/2753599758 >> [v2:172.21.15.22:6800/974026955,v1:172.21.15.22:6801/974026955] conn(0x7fd778038e90 msgr2=0x7fd77803b350 unknown :-1 s=STATE_CONNECTING l=1).mark_down
2024-02-26T04:49:50.967 INFO:teuthology.orchestra.run.smithi022.stdout:/usr/bin/ceph: stderr
2024-02-26T04:49:50.401+0000 7fd791960700 1 --2- 172.21.15.22:0/2753599758 >> [v2:172.21.15.22:6800/974026955,v1:172.21.15.22:6801/974026955] conn(0x7fd778038e90 0x7fd77803b350 unknown :-1 s=START_CONNECT pgs=0 cs=0 l=1 rev1=0 crypto rx=0 tx=0 comp rx=0 tx=0).stop
2024-02-26T04:49:50.967 INFO:teuthology.orchestra.run.smithi022.stdout:/usr/bin/ceph: stderr
2024-02-26T04:49:50.401+0000 7fd791960700 1 -- 172.21.15.22:0/2753599758 >> [v2:172.21.15.22:3300/0,v1:172.21.15.22:6789/0] conn(0x7fd78c1083c0 msgr2=0x7fd78c19b730 secure :-1 s=STATE_CONNECTION_ESTABLISHED l=1).mark_down
2024-02-26T04:49:50.967 INFO:teuthology.orchestra.run.smithi022.stdout:/usr/bin/ceph: stderr
2024-02-26T04:49:50.401+0000 7fd791960700 1 --2- 172.21.15.22:0/2753599758 >> [v2:172.21.15.22:3300/0,v1:172.21.15.22:6789/0] conn(0x7fd78c1083c0 0x7fd78c19b730 secure :-1 s=READY pgs=27 cs=0 l=1 rev1=1 crypto rx=0x7fd774011670 tx=0x7fd774011ca0 comp rx=0 tx=0).stop
2024-02-26T04:49:50.967 INFO:teuthology.orchestra.run.smithi022.stdout:/usr/bin/ceph: stderr
2024-02-26T04:49:50.401+0000 7fd791960700 1 -- 172.21.15.22:0/2753599758 shutdown_connections
2024-02-26T04:49:50.967 INFO:teuthology.orchestra.run.smithi022.stdout:/usr/bin/ceph: stderr
2024-02-26T04:49:50.401+0000 7fd791960700 1 --2- 172.21.15.22:0/2753599758 >> [v2:172.21.15.22:6800/974026955,v1:172.21.15.22:6801/974026955] conn(0x7fd778038e90 0x7fd77803b350 unknown :-1 s=CLOSED pgs=0 cs=0 l=1 rev1=0 crypto rx=0 tx=0 comp rx=0 tx=0).stop
2024-02-26T04:49:50.967 INFO:teuthology.orchestra.run.smithi022.stdout:/usr/bin/ceph: stderr
2024-02-26T04:49:50.401+0000 7fd791960700 1 --2- 172.21.15.22:0/2753599758 >> [v2:172.21.15.22:3300/0,v1:172.21.15.22:6789/0] conn(0x7fd78c1083c0 0x7fd78c19b730 unknown :-1 s=CLOSED pgs=27 cs=0 l=1 rev1=1 crypto rx=0 tx=0 comp rx=0 tx=0).stop
2024-02-26T04:49:50.967 INFO:teuthology.orchestra.run.smithi022.stdout:/usr/bin/ceph: stderr
2024-02-26T04:49:50.401+0000 7fd791960700 1 -- 172.21.15.22:0/2753599758 >> 172.21.15.22:0/2753599758 conn(0x7fd78c101e30 msgr2=0x7fd78c102900 unknown :-1 s=STATE_NONE l=0).mark_down
2024-02-26T04:49:50.967 INFO:teuthology.orchestra.run.smithi022.stdout:/usr/bin/ceph: stderr
2024-02-26T04:49:50.401+0000 7fd791960700 1 -- 172.21.15.22:0/2753599758 shutdown_connections
2024-02-26T04:49:50.967 INFO:teuthology.orchestra.run.smithi022.stdout:/usr/bin/ceph: stderr
2024-02-26T04:49:50.401+0000 7fd791960700 1 -- 172.21.15.22:0/2753599758 wait complete.
2024-02-26T04:49:50.967 INFO:teuthology.orchestra.run.smithi022.stdout:Waiting for the mgr to restart...
2024-02-26T04:49:50.967 INFO:teuthology.orchestra.run.smithi022.stdout:Waiting for mgr epoch 5...
2024-02-26T04:49:51.280 INFO:journalctl@ceph.mon.a.smithi022.stdout:Feb 26 04:49:51 smithi022 ceph-mon[32104]: from='client.? 172.21.15.22:0/2753599758' entity='client.admin' cmd=[{"prefix": "mgr stat"}]: dispatch
2024-02-26T04:49:51.280 INFO:journalctl@ceph.mgr.x.smithi022.stdout:Feb 26 04:49:51 smithi022 ceph-49afa24c-d462-11ee-95c3-87774f69a715-mgr-x[32335]:
2024-02-26T04:49:51.181+0000 7fc657a27200 -1 mgr[py] Module rgw has missing NOTIFY_TYPES member
2024-02-26T04:49:51.587 INFO:journalctl@ceph.mgr.x.smithi022.stdout:Feb 26 04:49:51 smithi022 ceph-49afa24c-d462-11ee-95c3-87774f69a715-mgr-x[32335]:
2024-02-26T04:49:51.293+0000 7fc657a27200 -1 mgr[py] Module rbd_support has missing NOTIFY_TYPES member
2024-02-26T04:49:51.587 INFO:journalctl@ceph.mgr.x.smithi022.stdout:Feb 26 04:49:51 smithi022 ceph-49afa24c-d462-11ee-95c3-87774f69a715-mgr-x[32335]:
2024-02-26T04:49:51.386+0000 7fc657a27200 -1 mgr[py] Module progress has missing NOTIFY_TYPES member
2024-02-26T04:49:51.587 INFO:journalctl@ceph.mgr.x.smithi022.stdout:Feb 26 04:49:51 smithi022 ceph-49afa24c-d462-11ee-95c3-87774f69a715-mgr-x[32335]:
2024-02-26T04:49:51.483+0000 7fc657a27200 -1 mgr[py] Module pg_autoscaler has missing NOTIFY_TYPES member
2024-02-26T04:49:51.855 INFO:journalctl@ceph.mgr.x.smithi022.stdout:Feb 26 04:49:51 smithi022 ceph-49afa24c-d462-11ee-95c3-87774f69a715-mgr-x[32335]:
2024-02-26T04:49:51.661+0000 7fc657a27200 -1 mgr[py] Module devicehealth has missing NOTIFY_TYPES member
2024-02-26T04:49:53.105 INFO:journalctl@ceph.mgr.x.smithi022.stdout:Feb 26 04:49:52 smithi022 ceph-49afa24c-d462-11ee-95c3-87774f69a715-mgr-x[32335]:
2024-02-26T04:49:52.648+0000 7fc657a27200 -1 mgr[py] Module rook has missing NOTIFY_TYPES member
