2024-02-26T04:50:25.593 INFO:teuthology.orchestra.run.smithi022.stdout:/usr/bin/ceph: stderr
2024-02-26T04:50:24.632+0000 7f285b7fe700 1 -- 172.21.15.22:0/4029317362 <== mon.0 v2:172.21.15.22:3300/0 2 ==== config(29 keys) v1 ==== 1209+0+0 (secure 0 0 0) 0x7f2850003bc0 con 0x7f285c1083e0
2024-02-26T04:50:25.594 INFO:teuthology.orchestra.run.smithi022.stdout:/usr/bin/ceph: stderr
2024-02-26T04:50:24.632+0000 7f285b7fe700 1 -- 172.21.15.22:0/4029317362 <== mon.0 v2:172.21.15.22:3300/0 3 ==== mon_map magic: 0 v1 ==== 205+0+0 (secure 0 0 0) 0x7f2850011be0 con 0x7f285c1083e0
2024-02-26T04:50:25.594 INFO:teuthology.orchestra.run.smithi022.stdout:/usr/bin/ceph: stderr
2024-02-26T04:50:24.632+0000 7f2862de4700 1 -- 172.21.15.22:0/4029317362 >> [v2:172.21.15.22:3300/0,v1:172.21.15.22:6789/0] conn(0x7f285c1083e0 msgr2=0x7f285c10a7d0 secure :-1 s=STATE_CONNECTION_ESTABLISHED l=1).mark_down
2024-02-26T04:50:25.594 INFO:teuthology.orchestra.run.smithi022.stdout:/usr/bin/ceph: stderr
2024-02-26T04:50:24.632+0000 7f2862de4700 1 --2- 172.21.15.22:0/4029317362 >> [v2:172.21.15.22:3300/0,v1:172.21.15.22:6789/0] conn(0x7f285c1083e0 0x7f285c10a7d0 secure :-1 s=READY pgs=70 cs=0 l=1 rev1=1 crypto rx=0x7f28500098a0 tx=0x7f2850009bb0 comp rx=0 tx=0).stop
2024-02-26T04:50:25.594 INFO:teuthology.orchestra.run.smithi022.stdout:/usr/bin/ceph: stderr
2024-02-26T04:50:24.633+0000 7f2862de4700 1 -- 172.21.15.22:0/4029317362 shutdown_connections
2024-02-26T04:50:25.594 INFO:teuthology.orchestra.run.smithi022.stdout:/usr/bin/ceph: stderr
2024-02-26T04:50:24.633+0000 7f2862de4700 1 --2- 172.21.15.22:0/4029317362 >> [v2:172.21.15.22:3300/0,v1:172.21.15.22:6789/0] conn(0x7f285c1083e0 0x7f285c10a7d0 unknown :-1 s=CLOSED pgs=70 cs=0 l=1 rev1=1 crypto rx=0 tx=0 comp rx=0 tx=0).stop
2024-02-26T04:50:25.594 INFO:teuthology.orchestra.run.smithi022.stdout:/usr/bin/ceph: stderr
2024-02-26T04:50:24.633+0000 7f2862de4700 1 -- 172.21.15.22:0/4029317362 >> 172.21.15.22:0/4029317362 conn(0x7f285c101df0 msgr2=0x7f285c104210 unknown :-1 s=STATE_NONE l=0).mark_down
2024-02-26T04:50:25.594 INFO:teuthology.orchestra.run.smithi022.stdout:/usr/bin/ceph: stderr
2024-02-26T04:50:24.633+0000 7f2862de4700 1 -- 172.21.15.22:0/4029317362 shutdown_connections
2024-02-26T04:50:25.594 INFO:teuthology.orchestra.run.smithi022.stdout:/usr/bin/ceph: stderr
2024-02-26T04:50:24.633+0000 7f2862de4700 1 -- 172.21.15.22:0/4029317362 wait complete.
2024-02-26T04:50:25.594 INFO:teuthology.orchestra.run.smithi022.stdout:/usr/bin/ceph: stderr
2024-02-26T04:50:24.633+0000 7f2862de4700 1 Processor -- start
2024-02-26T04:50:25.594 INFO:teuthology.orchestra.run.smithi022.stdout:/usr/bin/ceph: stderr
2024-02-26T04:50:24.633+0000 7f2862de4700 1 -- start start
2024-02-26T04:50:25.594 INFO:teuthology.orchestra.run.smithi022.stdout:/usr/bin/ceph: stderr
2024-02-26T04:50:24.633+0000 7f2862de4700 1 --2- >> [v2:172.21.15.22:3300/0,v1:172.21.15.22:6789/0] conn(0x7f285c1083e0 0x7f285c19b6f0 unknown :-1 s=NONE pgs=0 cs=0 l=1 rev1=0 crypto rx=0 tx=0 comp rx=0 tx=0).connect
2024-02-26T04:50:25.594 INFO:teuthology.orchestra.run.smithi022.stdout:/usr/bin/ceph: stderr
2024-02-26T04:50:24.633+0000 7f2862de4700 1 -- --> [v2:172.21.15.22:3300/0,v1:172.21.15.22:6789/0] -- mon_getmap magic: 0 v1 -- 0x7f285c19bc30 con 0x7f285c1083e0
2024-02-26T04:50:25.594 INFO:teuthology.orchestra.run.smithi022.stdout:/usr/bin/ceph: stderr
2024-02-26T04:50:24.634+0000 7f2860b80700 1 --2- >> [v2:172.21.15.22:3300/0,v1:172.21.15.22:6789/0] conn(0x7f285c1083e0 0x7f285c19b6f0 unknown :-1 s=BANNER_CONNECTING pgs=0 cs=0 l=1 rev1=0 crypto rx=0 tx=0 comp rx=0 tx=0)._handle_peer_banner_payload supported=3 required=0
2024-02-26T04:50:25.594 INFO:teuthology.orchestra.run.smithi022.stdout:/usr/bin/ceph: stderr
2024-02-26T04:50:24.634+0000 7f2860b80700 1 --2- >> [v2:172.21.15.22:3300/0,v1:172.21.15.22:6789/0] conn(0x7f285c1083e0 0x7f285c19b6f0 unknown :-1 s=HELLO_CONNECTING pgs=0 cs=0 l=1 rev1=1 crypto rx=0 tx=0 comp rx=0 tx=0).handle_hello peer v2:172.21.15.22:3300/0 says I am v2:172.21.15.22:32794/0 (socket says 172.21.15.22:32794)
2024-02-26T04:50:25.595 INFO:teuthology.orchestra.run.smithi022.stdout:/usr/bin/ceph: stderr
2024-02-26T04:50:24.634+0000 7f2860b80700 1 -- 172.21.15.22:0/967154008 learned_addr learned my addr 172.21.15.22:0/967154008 (peer_addr_for_me v2:172.21.15.22:0/0)
2024-02-26T04:50:25.595 INFO:teuthology.orchestra.run.smithi022.stdout:/usr/bin/ceph: stderr
2024-02-26T04:50:24.634+0000 7f2860b80700 1 -- 172.21.15.22:0/967154008 --> [v2:172.21.15.22:3300/0,v1:172.21.15.22:6789/0] -- mon_subscribe({config=0+,monmap=0+}) v3 -- 0x7f2850009550 con 0x7f285c1083e0
2024-02-26T04:50:25.595 INFO:teuthology.orchestra.run.smithi022.stdout:/usr/bin/ceph: stderr
2024-02-26T04:50:24.634+0000 7f2860b80700 1 --2- 172.21.15.22:0/967154008 >> [v2:172.21.15.22:3300/0,v1:172.21.15.22:6789/0] conn(0x7f285c1083e0 0x7f285c19b6f0 secure :-1 s=READY pgs=71 cs=0 l=1 rev1=1 crypto rx=0x7f2850000c00 tx=0x7f28500090c0 comp rx=0 tx=0).ready entity=mon.0 client_cookie=0 server_cookie=0 in_seq=0 out_seq=0
2024-02-26T04:50:25.595 INFO:teuthology.orchestra.run.smithi022.stdout:/usr/bin/ceph: stderr
2024-02-26T04:50:24.634+0000 7f2859ffb700 1 -- 172.21.15.22:0/967154008 <== mon.0 v2:172.21.15.22:3300/0 1 ==== mon_map magic: 0 v1 ==== 205+0+0 (secure 0 0 0) 0x7f2850004130 con 0x7f285c1083e0
2024-02-26T04:50:25.595 INFO:teuthology.orchestra.run.smithi022.stdout:/usr/bin/ceph: stderr
2024-02-26T04:50:24.634+0000 7f2859ffb700 1 -- 172.21.15.22:0/967154008 <== mon.0 v2:172.21.15.22:3300/0 2 ==== config(29 keys) v1 ==== 1209+0+0 (secure 0 0 0) 0x7f2850004290 con 0x7f285c1083e0
2024-02-26T04:50:25.595 INFO:teuthology.orchestra.run.smithi022.stdout:/usr/bin/ceph: stderr
2024-02-26T04:50:24.634+0000 7f2862de4700 1 -- 172.21.15.22:0/967154008 --> [v2:172.21.15.22:3300/0,v1:172.21.15.22:6789/0] -- mon_subscribe({mgrmap=0+}) v3 -- 0x7f285c19be30 con 0x7f285c1083e0
2024-02-26T04:50:25.595 INFO:teuthology.orchestra.run.smithi022.stdout:/usr/bin/ceph: stderr
2024-02-26T04:50:24.634+0000 7f2859ffb700 1 -- 172.21.15.22:0/967154008 <== mon.0 v2:172.21.15.22:3300/0 3 ==== mon_map magic: 0 v1 ==== 205+0+0 (secure 0 0 0) 0x7f2850024870 con 0x7f285c1083e0
2024-02-26T04:50:25.595 INFO:teuthology.orchestra.run.smithi022.stdout:/usr/bin/ceph: stderr
2024-02-26T04:50:24.634+0000 7f2862de4700 1 -- 172.21.15.22:0/967154008 --> [v2:172.21.15.22:3300/0,v1:172.21.15.22:6789/0] -- mon_subscribe({osdmap=0}) v3 -- 0x7f285c19c2d0 con 0x7f285c1083e0
2024-02-26T04:50:25.595 INFO:teuthology.orchestra.run.smithi022.stdout:/usr/bin/ceph: stderr
2024-02-26T04:50:24.635+0000 7f2862de4700 1 -- 172.21.15.22:0/967154008 --> [v2:172.21.15.22:3300/0,v1:172.21.15.22:6789/0] -- mon_command({"prefix": "get_command_descriptions"} v 0) v1 -- 0x7f285c10bbc0 con 0x7f285c1083e0
2024-02-26T04:50:25.595 INFO:teuthology.orchestra.run.smithi022.stdout:/usr/bin/ceph: stderr
2024-02-26T04:50:24.635+0000 7f2859ffb700 1 -- 172.21.15.22:0/967154008 <== mon.0 v2:172.21.15.22:3300/0 4 ==== mgrmap(e 11) v1 ==== 45839+0+0 (secure 0 0 0) 0x7f2850024ae0 con 0x7f285c1083e0
2024-02-26T04:50:25.595 INFO:teuthology.orchestra.run.smithi022.stdout:/usr/bin/ceph: stderr
2024-02-26T04:50:24.636+0000 7f2859ffb700 1 --2- 172.21.15.22:0/967154008 >> [v2:172.21.15.22:6800/3972024006,v1:172.21.15.22:6801/3972024006] conn(0x7f284c038e10 0x7f284c03b2d0 unknown :-1 s=NONE pgs=0 cs=0 l=1 rev1=0 crypto rx=0 tx=0 comp rx=0 tx=0).connect
2024-02-26T04:50:25.595 INFO:teuthology.orchestra.run.smithi022.stdout:/usr/bin/ceph: stderr
2024-02-26T04:50:24.636+0000 7f2859ffb700 1 -- 172.21.15.22:0/967154008 <== mon.0 v2:172.21.15.22:3300/0 5 ==== osd_map(3..3 src has 1..3) v4 ==== 1155+0+0 (secure 0 0 0) 0x7f285004cfd0 con 0x7f285c1083e0
2024-02-26T04:50:25.595 INFO:teuthology.orchestra.run.smithi022.stdout:/usr/bin/ceph: stderr
2024-02-26T04:50:24.636+0000 7f285bfff700 1 --2- 172.21.15.22:0/967154008 >> [v2:172.21.15.22:6800/3972024006,v1:172.21.15.22:6801/3972024006] conn(0x7f284c038e10 0x7f284c03b2d0 unknown :-1 s=BANNER_CONNECTING pgs=0 cs=0 l=1 rev1=0 crypto rx=0 tx=0 comp rx=0 tx=0)._handle_peer_banner_payload supported=3 required=0
2024-02-26T04:50:25.595 INFO:teuthology.orchestra.run.smithi022.stdout:/usr/bin/ceph: stderr
2024-02-26T04:50:24.636+0000 7f285bfff700 1 --2- 172.21.15.22:0/967154008 >> [v2:172.21.15.22:6800/3972024006,v1:172.21.15.22:6801/3972024006] conn(0x7f284c038e10 0x7f284c03b2d0 secure :-1 s=READY pgs=7 cs=0 l=1 rev1=1 crypto rx=0x7f2848006fd0 tx=0x7f2848006e40 comp rx=0 tx=0).ready entity=mgr.14152 client_cookie=0 server_cookie=0 in_seq=0 out_seq=0
2024-02-26T04:50:25.596 INFO:teuthology.orchestra.run.smithi022.stdout:/usr/bin/ceph: stderr
2024-02-26T04:50:24.645+0000 7f2859ffb700 1 -- 172.21.15.22:0/967154008 <== mon.0 v2:172.21.15.22:3300/0 6 ==== mon_command_ack([{"prefix": "get_command_descriptions"}]=0 v0) v1 ==== 72+0+183564 (secure 0 0 0) 0x7f2850010380 con 0x7f285c1083e0
2024-02-26T04:50:25.596 INFO:teuthology.orchestra.run.smithi022.stdout:/usr/bin/ceph: stderr
2024-02-26T04:50:24.786+0000 7f2859ffb700 1 -- 172.21.15.22:0/967154008 <== mon.0 v2:172.21.15.22:3300/0 7 ==== mgrmap(e 12) v1 ==== 45945+0+0 (secure 0 0 0) 0x7f285002dc90 con 0x7f285c1083e0
2024-02-26T04:50:25.596 INFO:teuthology.orchestra.run.smithi022.stdout:/usr/bin/ceph: stderr
2024-02-26T04:50:24.859+0000 7f2862de4700 1 -- 172.21.15.22:0/967154008 --> [v2:172.21.15.22:6800/3972024006,v1:172.21.15.22:6801/3972024006] -- mgr_command(tid 0: {"prefix": "dashboard create-self-signed-cert", "target": ["mon-mgr", ""]}) v1 -- 0x7f285c102ff0 con 0x7f284c038e10
2024-02-26T04:50:25.596 INFO:teuthology.orchestra.run.smithi022.stdout:/usr/bin/ceph: stderr
2024-02-26T04:50:25.061+0000 7f2859ffb700 1 -- 172.21.15.22:0/967154008 <== mgr.14152 v2:172.21.15.22:6800/3972024006 1 ==== mgr_command_reply(tid 0: 0 ) v1 ==== 8+0+32 (secure 0 0 0) 0x7f285c102ff0 con 0x7f284c038e10
2024-02-26T04:50:25.596 INFO:teuthology.orchestra.run.smithi022.stdout:/usr/bin/ceph: stderr
2024-02-26T04:50:25.063+0000 7f2862de4700 1 -- 172.21.15.22:0/967154008 >> [v2:172.21.15.22:6800/3972024006,v1:172.21.15.22:6801/3972024006] conn(0x7f284c038e10 msgr2=0x7f284c03b2d0 secure :-1 s=STATE_CONNECTION_ESTABLISHED l=1).mark_down
2024-02-26T04:50:25.596 INFO:teuthology.orchestra.run.smithi022.stdout:/usr/bin/ceph: stderr
2024-02-26T04:50:25.063+0000 7f2862de4700 1 --2- 172.21.15.22:0/967154008 >> [v2:172.21.15.22:6800/3972024006,v1:172.21.15.22:6801/3972024006] conn(0x7f284c038e10 0x7f284c03b2d0 secure :-1 s=READY pgs=7 cs=0 l=1 rev1=1 crypto rx=0x7f2848006fd0 tx=0x7f2848006e40 comp rx=0 tx=0).stop
2024-02-26T04:50:25.596 INFO:teuthology.orchestra.run.smithi022.stdout:/usr/bin/ceph: stderr
2024-02-26T04:50:25.063+0000 7f2862de4700 1 -- 172.21.15.22:0/967154008 >> [v2:172.21.15.22:3300/0,v1:172.21.15.22:6789/0] conn(0x7f285c1083e0 msgr2=0x7f285c19b6f0 secure :-1 s=STATE_CONNECTION_ESTABLISHED l=1).mark_down
2024-02-26T04:50:25.596 INFO:teuthology.orchestra.run.smithi022.stdout:/usr/bin/ceph: stderr
2024-02-26T04:50:25.063+0000 7f2862de4700 1 --2- 172.21.15.22:0/967154008 >> [v2:172.21.15.22:3300/0,v1:172.21.15.22:6789/0] conn(0x7f285c1083e0 0x7f285c19b6f0 secure :-1 s=READY pgs=71 cs=0 l=1 rev1=1 crypto rx=0x7f2850000c00 tx=0x7f28500090c0 comp rx=0 tx=0).stop
2024-02-26T04:50:25.596 INFO:teuthology.orchestra.run.smithi022.stdout:/usr/bin/ceph: stderr
2024-02-26T04:50:25.063+0000 7f2862de4700 1 -- 172.21.15.22:0/967154008 shutdown_connections
2024-02-26T04:50:25.596 INFO:teuthology.orchestra.run.smithi022.stdout:/usr/bin/ceph: stderr
2024-02-26T04:50:25.063+0000 7f2862de4700 1 --2- 172.21.15.22:0/967154008 >> [v2:172.21.15.22:6800/3972024006,v1:172.21.15.22:6801/3972024006] conn(0x7f284c038e10 0x7f284c03b2d0 unknown :-1 s=CLOSED pgs=7 cs=0 l=1 rev1=1 crypto rx=0 tx=0 comp rx=0 tx=0).stop
2024-02-26T04:50:25.596 INFO:teuthology.orchestra.run.smithi022.stdout:/usr/bin/ceph: stderr
2024-02-26T04:50:25.063+0000 7f2862de4700 1 --2- 172.21.15.22:0/967154008 >> [v2:172.21.15.22:3300/0,v1:172.21.15.22:6789/0] conn(0x7f285c1083e0 0x7f285c19b6f0 unknown :-1 s=CLOSED pgs=71 cs=0 l=1 rev1=1 crypto rx=0 tx=0 comp rx=0 tx=0).stop
2024-02-26T04:50:25.596 INFO:teuthology.orchestra.run.smithi022.stdout:/usr/bin/ceph: stderr
2024-02-26T04:50:25.063+0000 7f2862de4700 1 -- 172.21.15.22:0/967154008 >> 172.21.15.22:0/967154008 conn(0x7f285c101df0 msgr2=0x7f285c1028e0 unknown :-1 s=STATE_NONE l=0).mark_down
2024-02-26T04:50:25.596 INFO:teuthology.orchestra.run.smithi022.stdout:/usr/bin/ceph: stderr
2024-02-26T04:50:25.063+0000 7f2862de4700 1 -- 172.21.15.22:0/967154008 shutdown_connections
2024-02-26T04:50:25.596 INFO:teuthology.orchestra.run.smithi022.stdout:/usr/bin/ceph: stderr
2024-02-26T04:50:25.063+0000 7f2862de4700 1 -- 172.21.15.22:0/967154008 wait complete.
2024-02-26T04:50:25.596 INFO:teuthology.orchestra.run.smithi022.stdout:Creating initial admin user...
2024-02-26T04:50:25.855 INFO:journalctl@ceph.mon.a.smithi022.stdout:Feb 26 04:50:25 smithi022 ceph-mon[32104]: mgrmap e12: x(active, since 2s)
2024-02-26T04:50:25.856 INFO:journalctl@ceph.mon.a.smithi022.stdout:Feb 26 04:50:25 smithi022 ceph-mon[32104]: from='client.14164 -' entity='client.admin' cmd=[{"prefix": "dashboard create-self-signed-cert", "target": ["mon-mgr", ""]}]: dispatch
2024-02-26T04:50:25.856 INFO:journalctl@ceph.mon.a.smithi022.stdout:Feb 26 04:50:25 smithi022 ceph-mon[32104]: from='mgr.14152 172.21.15.22:0/1262250856' entity='mgr.x'
2024-02-26T04:50:25.856 INFO:journalctl@ceph.mon.a.smithi022.stdout:Feb 26 04:50:25 smithi022 ceph-mon[32104]: from='mgr.14152 172.21.15.22:0/1262250856' entity='mgr.x'
2024-02-26T04:50:25.856 INFO:journalctl@ceph.mon.a.smithi022.stdout:Feb 26 04:50:25 smithi022 ceph-mon[32104]: from='mgr.14152 172.21.15.22:0/1262250856' entity='mgr.x'
2024-02-26T04:50:27.245 INFO:teuthology.orchestra.run.smithi022.stdout:/usr/bin/ceph: stdout {"username": "admin", "password": "$2b$12$nYeAMQryv.C/8NWnff9zU.O2Cl/7d6WkPUbZKeuiAvEbWrwbq79m.", "roles": ["administrator"], "name": null, "email": null, "lastUpdate": 1708923026, "enabled": true, "pwdExpirationDate": null, "pwdUpdateRequired": true}
2024-02-26T04:50:27.245 INFO:teuthology.orchestra.run.smithi022.stdout:/usr/bin/ceph: stderr
2024-02-26T04:50:25.988+0000 7fab45e5a700 1 Processor -- start
2024-02-26T04:50:27.245 INFO:teuthology.orchestra.run.smithi022.stdout:/usr/bin/ceph: stderr
2024-02-26T04:50:25.988+0000 7fab45e5a700 1 -- start start
2024-02-26T04:50:27.246 INFO:teuthology.orchestra.run.smithi022.stdout:/usr/bin/ceph: stderr
2024-02-26T04:50:25.988+0000 7fab45e5a700 1 --2- >> [v2:172.21.15.22:3300/0,v1:172.21.15.22:6789/0] conn(0x7fab40108360 0x7fab4010a750 unknown :-1 s=NONE pgs=0 cs=0 l=0 rev1=0 crypto rx=0 tx=0 comp rx=0 tx=0).connect
2024-02-26T04:50:27.246 INFO:teuthology.orchestra.run.smithi022.stdout:/usr/bin/ceph: stderr
2024-02-26T04:50:25.988+0000 7fab45e5a700 1 -- --> [v2:172.21.15.22:3300/0,v1:172.21.15.22:6789/0] -- mon_getmap magic: 0 v1 -- 0x7fab4007aea0 con 0x7fab40108360
2024-02-26T04:50:27.246 INFO:teuthology.orchestra.run.smithi022.stdout:/usr/bin/ceph: stderr
2024-02-26T04:50:25.988+0000 7fab3f7fe700 1 --2- >> [v2:172.21.15.22:3300/0,v1:172.21.15.22:6789/0] conn(0x7fab40108360 0x7fab4010a750 unknown :-1 s=BANNER_CONNECTING pgs=0 cs=0 l=0 rev1=0 crypto rx=0 tx=0 comp rx=0 tx=0)._handle_peer_banner_payload supported=3 required=0
2024-02-26T04:50:27.246 INFO:teuthology.orchestra.run.smithi022.stdout:/usr/bin/ceph: stderr
2024-02-26T04:50:25.988+0000 7fab3f7fe700 1 --2- >> [v2:172.21.15.22:3300/0,v1:172.21.15.22:6789/0] conn(0x7fab40108360 0x7fab4010a750 unknown :-1 s=HELLO_CONNECTING pgs=0 cs=0 l=0 rev1=1 crypto rx=0 tx=0 comp rx=0 tx=0).handle_hello peer v2:172.21.15.22:3300/0 says I am v2:172.21.15.22:32802/0 (socket says 172.21.15.22:32802)
2024-02-26T04:50:27.246 INFO:teuthology.orchestra.run.smithi022.stdout:/usr/bin/ceph: stderr
2024-02-26T04:50:25.988+0000 7fab3f7fe700 1 -- 172.21.15.22:0/2587628634 learned_addr learned my addr 172.21.15.22:0/2587628634 (peer_addr_for_me v2:172.21.15.22:0/0)
2024-02-26T04:50:27.246 INFO:teuthology.orchestra.run.smithi022.stdout:/usr/bin/ceph: stderr
2024-02-26T04:50:25.988+0000 7fab3f7fe700 1 -- 172.21.15.22:0/2587628634 --> [v2:172.21.15.22:3300/0,v1:172.21.15.22:6789/0] -- mon_subscribe({config=0+,monmap=0+}) v3 -- 0x7fab4010ac90 con 0x7fab40108360
2024-02-26T04:50:27.246 INFO:teuthology.orchestra.run.smithi022.stdout:/usr/bin/ceph: stderr
2024-02-26T04:50:25.988+0000 7fab3f7fe700 1 --2- 172.21.15.22:0/2587628634 >> [v2:172.21.15.22:3300/0,v1:172.21.15.22:6789/0] conn(0x7fab40108360 0x7fab4010a750 secure :-1 s=READY pgs=72 cs=0 l=1 rev1=1 crypto rx=0x7fab300098a0 tx=0x7fab30009bb0 comp rx=0 tx=0).ready entity=mon.0 client_cookie=bc5dc814f081637a server_cookie=0 in_seq=0 out_seq=0
2024-02-26T04:50:27.246 INFO:teuthology.orchestra.run.smithi022.stdout:/usr/bin/ceph: stderr
2024-02-26T04:50:25.989+0000 7fab3e7fc700 1 -- 172.21.15.22:0/2587628634 <== mon.0 v2:172.21.15.22:3300/0 1 ==== mon_map magic: 0 v1 ==== 205+0+0 (secure 0 0 0) 0x7fab30004160 con 0x7fab40108360
2024-02-26T04:50:27.246 INFO:teuthology.orchestra.run.smithi022.stdout:/usr/bin/ceph: stderr
2024-02-26T04:50:25.989+0000 7fab3e7fc700 1 -- 172.21.15.22:0/2587628634 <== mon.0 v2:172.21.15.22:3300/0 2 ==== config(29 keys) v1 ==== 1209+0+0 (secure 0 0 0) 0x7fab30003bc0 con 0x7fab40108360
2024-02-26T04:50:27.246 INFO:teuthology.orchestra.run.smithi022.stdout:/usr/bin/ceph: stderr
2024-02-26T04:50:25.989+0000 7fab3e7fc700 1 -- 172.21.15.22:0/2587628634 <== mon.0 v2:172.21.15.22:3300/0 3 ==== mon_map magic: 0 v1 ==== 205+0+0 (secure 0 0 0) 0x7fab30011be0 con 0x7fab40108360
2024-02-26T04:50:27.246 INFO:teuthology.orchestra.run.smithi022.stdout:/usr/bin/ceph: stderr
2024-02-26T04:50:25.989+0000 7fab45e5a700 1 -- 172.21.15.22:0/2587628634 >> [v2:172.21.15.22:3300/0,v1:172.21.15.22:6789/0] conn(0x7fab40108360 msgr2=0x7fab4010a750 secure :-1 s=STATE_CONNECTION_ESTABLISHED l=1).mark_down
2024-02-26T04:50:27.246 INFO:teuthology.orchestra.run.smithi022.stdout:/usr/bin/ceph: stderr
2024-02-26T04:50:25.989+0000 7fab45e5a700 1 --2- 172.21.15.22:0/2587628634 >> [v2:172.21.15.22:3300/0,v1:172.21.15.22:6789/0] conn(0x7fab40108360 0x7fab4010a750 secure :-1 s=READY pgs=72 cs=0 l=1 rev1=1 crypto rx=0x7fab300098a0 tx=0x7fab30009bb0 comp rx=0 tx=0).stop
2024-02-26T04:50:27.246 INFO:teuthology.orchestra.run.smithi022.stdout:/usr/bin/ceph: stderr
2024-02-26T04:50:25.989+0000 7fab45e5a700 1 -- 172.21.15.22:0/2587628634 shutdown_connections
2024-02-26T04:50:27.246 INFO:teuthology.orchestra.run.smithi022.stdout:/usr/bin/ceph: stderr
2024-02-26T04:50:25.989+0000 7fab45e5a700 1 --2- 172.21.15.22:0/2587628634 >> [v2:172.21.15.22:3300/0,v1:172.21.15.22:6789/0] conn(0x7fab40108360 0x7fab4010a750 unknown :-1 s=CLOSED pgs=72 cs=0 l=1 rev1=1 crypto rx=0 tx=0 comp rx=0 tx=0).stop
2024-02-26T04:50:27.247 INFO:teuthology.orchestra.run.smithi022.stdout:/usr/bin/ceph: stderr
2024-02-26T04:50:25.989+0000 7fab45e5a700 1 -- 172.21.15.22:0/2587628634 >> 172.21.15.22:0/2587628634 conn(0x7fab40101e30 msgr2=0x7fab40104250 unknown :-1 s=STATE_NONE l=0).mark_down
2024-02-26T04:50:27.247 INFO:teuthology.orchestra.run.smithi022.stdout:/usr/bin/ceph: stderr
2024-02-26T04:50:25.989+0000 7fab45e5a700 1 -- 172.21.15.22:0/2587628634 shutdown_connections
2024-02-26T04:50:27.247 INFO:teuthology.orchestra.run.smithi022.stdout:/usr/bin/ceph: stderr
2024-02-26T04:50:25.989+0000 7fab45e5a700 1 -- 172.21.15.22:0/2587628634 wait complete.
2024-02-26T04:50:27.247 INFO:teuthology.orchestra.run.smithi022.stdout:/usr/bin/ceph: stderr
2024-02-26T04:50:25.990+0000 7fab45e5a700 1 Processor -- start
2024-02-26T04:50:27.247 INFO:teuthology.orchestra.run.smithi022.stdout:/usr/bin/ceph: stderr
2024-02-26T04:50:25.990+0000 7fab45e5a700 1 -- start start
2024-02-26T04:50:27.247 INFO:teuthology.orchestra.run.smithi022.stdout:/usr/bin/ceph: stderr
2024-02-26T04:50:25.990+0000 7fab45e5a700 1 --2- >> [v2:172.21.15.22:3300/0,v1:172.21.15.22:6789/0] conn(0x7fab40108360 0x7fab4019b6c0 unknown :-1 s=NONE pgs=0 cs=0 l=1 rev1=0 crypto rx=0 tx=0 comp rx=0 tx=0).connect
2024-02-26T04:50:27.247 INFO:teuthology.orchestra.run.smithi022.stdout:/usr/bin/ceph: stderr
2024-02-26T04:50:25.990+0000 7fab45e5a700 1 -- --> [v2:172.21.15.22:3300/0,v1:172.21.15.22:6789/0] -- mon_getmap magic: 0 v1 -- 0x7fab4019bc00 con 0x7fab40108360
2024-02-26T04:50:27.247 INFO:teuthology.orchestra.run.smithi022.stdout:/usr/bin/ceph: stderr
2024-02-26T04:50:25.990+0000 7fab3f7fe700 1 --2- >> [v2:172.21.15.22:3300/0,v1:172.21.15.22:6789/0] conn(0x7fab40108360 0x7fab4019b6c0 unknown :-1 s=BANNER_CONNECTING pgs=0 cs=0 l=1 rev1=0 crypto rx=0 tx=0 comp rx=0 tx=0)._handle_peer_banner_payload supported=3 required=0
2024-02-26T04:50:27.247 INFO:teuthology.orchestra.run.smithi022.stdout:/usr/bin/ceph: stderr
2024-02-26T04:50:25.990+0000 7fab3f7fe700 1 --2- >> [v2:172.21.15.22:3300/0,v1:172.21.15.22:6789/0] conn(0x7fab40108360 0x7fab4019b6c0 unknown :-1 s=HELLO_CONNECTING pgs=0 cs=0 l=1 rev1=1 crypto rx=0 tx=0 comp rx=0 tx=0).handle_hello peer v2:172.21.15.22:3300/0 says I am v2:172.21.15.22:32816/0 (socket says 172.21.15.22:32816)
2024-02-26T04:50:27.247 INFO:teuthology.orchestra.run.smithi022.stdout:/usr/bin/ceph: stderr
2024-02-26T04:50:25.990+0000 7fab3f7fe700 1 -- 172.21.15.22:0/817297661 learned_addr learned my addr 172.21.15.22:0/817297661 (peer_addr_for_me v2:172.21.15.22:0/0)
2024-02-26T04:50:27.247 INFO:teuthology.orchestra.run.smithi022.stdout:/usr/bin/ceph: stderr
2024-02-26T04:50:25.991+0000 7fab3f7fe700 1 -- 172.21.15.22:0/817297661 --> [v2:172.21.15.22:3300/0,v1:172.21.15.22:6789/0] -- mon_subscribe({config=0+,monmap=0+}) v3 -- 0x7fab30009550 con 0x7fab40108360
2024-02-26T04:50:27.247 INFO:teuthology.orchestra.run.smithi022.stdout:/usr/bin/ceph: stderr
2024-02-26T04:50:25.991+0000 7fab3f7fe700 1 --2- 172.21.15.22:0/817297661 >> [v2:172.21.15.22:3300/0,v1:172.21.15.22:6789/0] conn(0x7fab40108360 0x7fab4019b6c0 secure :-1 s=READY pgs=73 cs=0 l=1 rev1=1 crypto rx=0x7fab30000c00 tx=0x7fab300090c0 comp rx=0 tx=0).ready entity=mon.0 client_cookie=0 server_cookie=0 in_seq=0 out_seq=0
2024-02-26T04:50:27.247 INFO:teuthology.orchestra.run.smithi022.stdout:/usr/bin/ceph: stderr
2024-02-26T04:50:25.991+0000 7fab3cff9700 1 -- 172.21.15.22:0/817297661 <== mon.0 v2:172.21.15.22:3300/0 1 ==== mon_map magic: 0 v1 ==== 205+0+0 (secure 0 0 0) 0x7fab30004130 con 0x7fab40108360
2024-02-26T04:50:27.247 INFO:teuthology.orchestra.run.smithi022.stdout:/usr/bin/ceph: stderr
2024-02-26T04:50:25.991+0000 7fab3cff9700 1 -- 172.21.15.22:0/817297661 <== mon.0 v2:172.21.15.22:3300/0 2 ==== config(29 keys) v1 ==== 1209+0+0 (secure 0 0 0) 0x7fab30004290 con 0x7fab40108360
2024-02-26T04:50:27.247 INFO:teuthology.orchestra.run.smithi022.stdout:/usr/bin/ceph: stderr
2024-02-26T04:50:25.991+0000 7fab45e5a700 1 -- 172.21.15.22:0/817297661 --> [v2:172.21.15.22:3300/0,v1:172.21.15.22:6789/0] -- mon_subscribe({mgrmap=0+}) v3 -- 0x7fab4019be00 con 0x7fab40108360
2024-02-26T04:50:27.248 INFO:teuthology.orchestra.run.smithi022.stdout:/usr/bin/ceph: stderr
2024-02-26T04:50:25.991+0000 7fab3cff9700 1 -- 172.21.15.22:0/817297661 <== mon.0 v2:172.21.15.22:3300/0 3 ==== mon_map magic: 0 v1 ==== 205+0+0 (secure 0 0 0) 0x7fab30024870 con 0x7fab40108360
2024-02-26T04:50:27.248 INFO:teuthology.orchestra.run.smithi022.stdout:/usr/bin/ceph: stderr
2024-02-26T04:50:25.991+0000 7fab45e5a700 1 -- 172.21.15.22:0/817297661 --> [v2:172.21.15.22:3300/0,v1:172.21.15.22:6789/0] -- mon_subscribe({osdmap=0}) v3 -- 0x7fab4019c2a0 con 0x7fab40108360
2024-02-26T04:50:27.248 INFO:teuthology.orchestra.run.smithi022.stdout:/usr/bin/ceph: stderr
2024-02-26T04:50:25.992+0000 7fab3cff9700 1 -- 172.21.15.22:0/817297661 <== mon.0 v2:172.21.15.22:3300/0 4 ==== mgrmap(e 12) v1 ==== 45945+0+0 (secure 0 0 0) 0x7fab300249d0 con 0x7fab40108360
2024-02-26T04:50:27.248 INFO:teuthology.orchestra.run.smithi022.stdout:/usr/bin/ceph: stderr
2024-02-26T04:50:25.992+0000 7fab45e5a700 1 -- 172.21.15.22:0/817297661 --> [v2:172.21.15.22:3300/0,v1:172.21.15.22:6789/0] -- mon_command({"prefix": "get_command_descriptions"} v 0) v1 -- 0x7fab4010bbf0 con 0x7fab40108360
2024-02-26T04:50:27.248 INFO:teuthology.orchestra.run.smithi022.stdout:/usr/bin/ceph: stderr
2024-02-26T04:50:25.992+0000 7fab3cff9700 1 --2- 172.21.15.22:0/817297661 >> [v2:172.21.15.22:6800/3972024006,v1:172.21.15.22:6801/3972024006] conn(0x7fab28038f90 0x7fab2803b450 unknown :-1 s=NONE pgs=0 cs=0 l=1 rev1=0 crypto rx=0 tx=0 comp rx=0 tx=0).connect
2024-02-26T04:50:27.248 INFO:teuthology.orchestra.run.smithi022.stdout:/usr/bin/ceph: stderr
2024-02-26T04:50:25.992+0000 7fab3cff9700 1 -- 172.21.15.22:0/817297661 <== mon.0 v2:172.21.15.22:3300/0 5 ==== osd_map(3..3 src has 1..3) v4 ==== 1155+0+0 (secure 0 0 0) 0x7fab3004d180 con 0x7fab40108360
2024-02-26T04:50:27.248 INFO:teuthology.orchestra.run.smithi022.stdout:/usr/bin/ceph: stderr
2024-02-26T04:50:25.992+0000 7fab3effd700 1 --2- 172.21.15.22:0/817297661 >> [v2:172.21.15.22:6800/3972024006,v1:172.21.15.22:6801/3972024006] conn(0x7fab28038f90 0x7fab2803b450 unknown :-1 s=BANNER_CONNECTING pgs=0 cs=0 l=1 rev1=0 crypto rx=0 tx=0 comp rx=0 tx=0)._handle_peer_banner_payload supported=3 required=0
2024-02-26T04:50:27.248 INFO:teuthology.orchestra.run.smithi022.stdout:/usr/bin/ceph: stderr
2024-02-26T04:50:25.992+0000 7fab3effd700 1 --2- 172.21.15.22:0/817297661 >> [v2:172.21.15.22:6800/3972024006,v1:172.21.15.22:6801/3972024006] conn(0x7fab28038f90 0x7fab2803b450 secure :-1 s=READY pgs=8 cs=0 l=1 rev1=1 crypto rx=0x7fab34006fd0 tx=0x7fab34006e40 comp rx=0 tx=0).ready entity=mgr.14152 client_cookie=0 server_cookie=0 in_seq=0 out_seq=0
2024-02-26T04:50:27.248 INFO:teuthology.orchestra.run.smithi022.stdout:/usr/bin/ceph: stderr
2024-02-26T04:50:25.997+0000 7fab3cff9700 1 -- 172.21.15.22:0/817297661 <== mon.0 v2:172.21.15.22:3300/0 6 ==== mon_command_ack([{"prefix": "get_command_descriptions"}]=0 v0) v1 ==== 72+0+183564 (secure 0 0 0) 0x7fab30010790 con 0x7fab40108360
2024-02-26T04:50:27.248 INFO:teuthology.orchestra.run.smithi022.stdout:/usr/bin/ceph: stderr
2024-02-26T04:50:26.229+0000 7fab45e5a700 1 -- 172.21.15.22:0/817297661 --> [v2:172.21.15.22:6800/3972024006,v1:172.21.15.22:6801/3972024006] -- mgr_command(tid 0: {"prefix": "dashboard ac-user-create", "username": "admin", "rolename": "administrator", "force_password": true, "pwd_update_required": true, "target": ["mon-mgr", ""]}) v1 -- 0x7fab400630c0 con 0x7fab28038f90
2024-02-26T04:50:27.248 INFO:teuthology.orchestra.run.smithi022.stdout:/usr/bin/ceph: stderr
2024-02-26T04:50:26.475+0000 7fab3cff9700 1 -- 172.21.15.22:0/817297661 <== mgr.14152 v2:172.21.15.22:6800/3972024006 1 ==== mgr_command_reply(tid 0: 0 ) v1 ==== 8+0+252 (secure 0 0 0) 0x7fab400630c0 con 0x7fab28038f90
2024-02-26T04:50:27.248 INFO:teuthology.orchestra.run.smithi022.stdout:/usr/bin/ceph: stderr
2024-02-26T04:50:26.477+0000 7fab45e5a700 1 -- 172.21.15.22:0/817297661 >> [v2:172.21.15.22:6800/3972024006,v1:172.21.15.22:6801/3972024006] conn(0x7fab28038f90 msgr2=0x7fab2803b450 secure :-1 s=STATE_CONNECTION_ESTABLISHED l=1).mark_down
2024-02-26T04:50:27.248 INFO:teuthology.orchestra.run.smithi022.stdout:/usr/bin/ceph: stderr
2024-02-26T04:50:26.477+0000 7fab45e5a700 1 --2- 172.21.15.22:0/817297661 >> [v2:172.21.15.22:6800/3972024006,v1:172.21.15.22:6801/3972024006] conn(0x7fab28038f90 0x7fab2803b450 secure :-1 s=READY pgs=8 cs=0 l=1 rev1=1 crypto rx=0x7fab34006fd0 tx=0x7fab34006e40 comp rx=0 tx=0).stop
2024-02-26T04:50:27.248 INFO:teuthology.orchestra.run.smithi022.stdout:/usr/bin/ceph: stderr
2024-02-26T04:50:26.477+0000 7fab45e5a700 1 -- 172.21.15.22:0/817297661 >> [v2:172.21.15.22:3300/0,v1:172.21.15.22:6789/0] conn(0x7fab40108360 msgr2=0x7fab4019b6c0 secure :-1 s=STATE_CONNECTION_ESTABLISHED l=1).mark_down
2024-02-26T04:50:27.249 INFO:teuthology.orchestra.run.smithi022.stdout:/usr/bin/ceph: stderr
2024-02-26T04:50:26.477+0000 7fab45e5a700 1 --2- 172.21.15.22:0/817297661 >> [v2:172.21.15.22:3300/0,v1:172.21.15.22:6789/0] conn(0x7fab40108360 0x7fab4019b6c0 secure :-1 s=READY pgs=73 cs=0 l=1 rev1=1 crypto rx=0x7fab30000c00 tx=0x7fab300090c0 comp rx=0 tx=0).stop
2024-02-26T04:50:27.249 INFO:teuthology.orchestra.run.smithi022.stdout:/usr/bin/ceph: stderr
2024-02-26T04:50:26.477+0000 7fab45e5a700 1 -- 172.21.15.22:0/817297661 shutdown_connections
2024-02-26T04:50:27.249 INFO:teuthology.orchestra.run.smithi022.stdout:/usr/bin/ceph: stderr
2024-02-26T04:50:26.477+0000 7fab45e5a700 1 --2- 172.21.15.22:0/817297661 >> [v2:172.21.15.22:6800/3972024006,v1:172.21.15.22:6801/3972024006] conn(0x7fab28038f90 0x7fab2803b450 unknown :-1 s=CLOSED pgs=8 cs=0 l=1 rev1=1 crypto rx=0 tx=0 comp rx=0 tx=0).stop
2024-02-26T04:50:27.249 INFO:teuthology.orchestra.run.smithi022.stdout:/usr/bin/ceph: stderr
2024-02-26T04:50:26.477+0000 7fab45e5a700 1 --2- 172.21.15.22:0/817297661 >> [v2:172.21.15.22:3300/0,v1:172.21.15.22:6789/0] conn(0x7fab40108360 0x7fab4019b6c0 unknown :-1 s=CLOSED pgs=73 cs=0 l=1 rev1=1 crypto rx=0 tx=0 comp rx=0 tx=0).stop
2024-02-26T04:50:27.249 INFO:teuthology.orchestra.run.smithi022.stdout:/usr/bin/ceph: stderr
2024-02-26T04:50:26.477+0000 7fab45e5a700 1 -- 172.21.15.22:0/817297661 >> 172.21.15.22:0/817297661 conn(0x7fab40101e30 msgr2=0x7fab401028b0 unknown :-1 s=STATE_NONE l=0).mark_down
2024-02-26T04:50:27.249 INFO:teuthology.orchestra.run.smithi022.stdout:/usr/bin/ceph: stderr
2024-02-26T04:50:26.477+0000 7fab45e5a700 1 -- 172.21.15.22:0/817297661 shutdown_connections
2024-02-26T04:50:27.249 INFO:teuthology.orchestra.run.smithi022.stdout:/usr/bin/ceph: stderr
2024-02-26T04:50:26.477+0000 7fab45e5a700 1 -- 172.21.15.22:0/817297661 wait complete.
2024-02-26T04:50:27.249 INFO:teuthology.orchestra.run.smithi022.stdout:Fetching dashboard port number...
2024-02-26T04:50:27.605 INFO:journalctl@ceph.mon.a.smithi022.stdout:Feb 26 04:50:27 smithi022 ceph-mon[32104]: from='client.14166 -' entity='client.admin' cmd=[{"prefix": "dashboard ac-user-create", "username": "admin", "rolename": "administrator", "force_password": true, "pwd_update_required": true, "target": ["mon-mgr", ""]}]: dispatch
2024-02-26T04:50:27.605 INFO:journalctl@ceph.mon.a.smithi022.stdout:Feb 26 04:50:27 smithi022 ceph-mon[32104]: from='mgr.14152 172.21.15.22:0/1262250856' entity='mgr.x'
2024-02-26T04:50:28.578 INFO:journalctl@ceph.mon.a.smithi022.stdout:Feb 26 04:50:28 smithi022 ceph-mon[32104]: from='client.? 172.21.15.22:0/1851318875' entity='client.admin' cmd=[{"prefix": "config get", "who": "mgr", "key": "mgr/dashboard/ssl_server_port"}]: dispatch
2024-02-26T04:50:28.821 INFO:teuthology.orchestra.run.smithi022.stdout:/usr/bin/ceph: stdout 8443
2024-02-26T04:50:28.821 INFO:teuthology.orchestra.run.smithi022.stdout:/usr/bin/ceph: stderr
2024-02-26T04:50:28.068+0000 7f9a10257700 1 Processor -- start
2024-02-26T04:50:28.821 INFO:teuthology.orchestra.run.smithi022.stdout:/usr/bin/ceph: stderr
2024-02-26T04:50:28.068+0000 7f9a10257700 1 -- start start
2024-02-26T04:50:28.821 INFO:teuthology.orchestra.run.smithi022.stdout:/usr/bin/ceph: stderr
2024-02-26T04:50:28.068+0000 7f9a10257700 1 --2- >> [v2:172.21.15.22:3300/0,v1:172.21.15.22:6789/0] conn(0x7f9a081067f0 0x7f9a08106c10 unknown :-1 s=NONE pgs=0 cs=0 l=0 rev1=0 crypto rx=0 tx=0 comp rx=0 tx=0).connect
2024-02-26T04:50:28.821 INFO:teuthology.orchestra.run.smithi022.stdout:/usr/bin/ceph: stderr
2024-02-26T04:50:28.068+0000 7f9a10257700 1 -- --> [v2:172.21.15.22:3300/0,v1:172.21.15.22:6789/0] -- mon_getmap magic: 0 v1 -- 0x7f9a081071e0 con 0x7f9a081067f0
2024-02-26T04:50:28.821 INFO:teuthology.orchestra.run.smithi022.stdout:/usr/bin/ceph: stderr
2024-02-26T04:50:28.069+0000 7f9a0dff3700 1 --2- >> [v2:172.21.15.22:3300/0,v1:172.21.15.22:6789/0] conn(0x7f9a081067f0 0x7f9a08106c10 unknown :-1 s=BANNER_CONNECTING pgs=0 cs=0 l=0 rev1=0 crypto rx=0 tx=0 comp rx=0 tx=0)._handle_peer_banner_payload supported=3 required=0
2024-02-26T04:50:28.821 INFO:teuthology.orchestra.run.smithi022.stdout:/usr/bin/ceph: stderr
2024-02-26T04:50:28.069+0000 7f9a0dff3700 1 --2- >> [v2:172.21.15.22:3300/0,v1:172.21.15.22:6789/0] conn(0x7f9a081067f0 0x7f9a08106c10 unknown :-1 s=HELLO_CONNECTING pgs=0 cs=0 l=0 rev1=1 crypto rx=0 tx=0 comp rx=0 tx=0).handle_hello peer v2:172.21.15.22:3300/0 says I am v2:172.21.15.22:42034/0 (socket says 172.21.15.22:42034)
2024-02-26T04:50:28.822 INFO:teuthology.orchestra.run.smithi022.stdout:/usr/bin/ceph: stderr
2024-02-26T04:50:28.069+0000 7f9a0dff3700 1 -- 172.21.15.22:0/3189668102 learned_addr learned my addr 172.21.15.22:0/3189668102 (peer_addr_for_me v2:172.21.15.22:0/0)
2024-02-26T04:50:28.822 INFO:teuthology.orchestra.run.smithi022.stdout:/usr/bin/ceph: stderr
2024-02-26T04:50:28.069+0000 7f9a0dff3700 1 -- 172.21.15.22:0/3189668102 --> [v2:172.21.15.22:3300/0,v1:172.21.15.22:6789/0] -- mon_subscribe({config=0+,monmap=0+}) v3 -- 0x7f9a081079f0 con 0x7f9a081067f0
2024-02-26T04:50:28.822 INFO:teuthology.orchestra.run.smithi022.stdout:/usr/bin/ceph: stderr
2024-02-26T04:50:28.069+0000 7f9a0dff3700 1 --2- 172.21.15.22:0/3189668102 >> [v2:172.21.15.22:3300/0,v1:172.21.15.22:6789/0] conn(0x7f9a081067f0 0x7f9a08106c10 secure :-1 s=READY pgs=74 cs=0 l=1 rev1=1 crypto rx=0x7f99f8009e80 tx=0x7f99f800b330 comp rx=0 tx=0).ready entity=mon.0 client_cookie=d940f2af08f922ec server_cookie=0 in_seq=0 out_seq=0
2024-02-26T04:50:28.822 INFO:teuthology.orchestra.run.smithi022.stdout:/usr/bin/ceph: stderr
2024-02-26T04:50:28.069+0000 7f9a0cff1700 1 -- 172.21.15.22:0/3189668102 <== mon.0 v2:172.21.15.22:3300/0 1 ==== mon_map magic: 0 v1 ==== 205+0+0 (secure 0 0 0) 0x7f99f800e070 con 0x7f9a081067f0
2024-02-26T04:50:28.822 INFO:teuthology.orchestra.run.smithi022.stdout:/usr/bin/ceph: stderr
2024-02-26T04:50:28.069+0000 7f9a0cff1700 1 -- 172.21.15.22:0/3189668102 <== mon.0 v2:172.21.15.22:3300/0 2 ==== config(29 keys) v1 ==== 1209+0+0 (secure 0 0 0) 0x7f99f800b8c0 con 0x7f9a081067f0
2024-02-26T04:50:28.822 INFO:teuthology.orchestra.run.smithi022.stdout:/usr/bin/ceph: stderr
2024-02-26T04:50:28.069+0000 7f9a0cff1700 1 -- 172.21.15.22:0/3189668102 <== mon.0 v2:172.21.15.22:3300/0 3 ==== mon_map magic: 0 v1 ==== 205+0+0 (secure 0 0 0) 0x7f99f8004710 con 0x7f9a081067f0
2024-02-26T04:50:28.822 INFO:teuthology.orchestra.run.smithi022.stdout:/usr/bin/ceph: stderr
2024-02-26T04:50:28.070+0000 7f9a10257700 1 -- 172.21.15.22:0/3189668102 >> [v2:172.21.15.22:3300/0,v1:172.21.15.22:6789/0] conn(0x7f9a081067f0 msgr2=0x7f9a08106c10 secure :-1 s=STATE_CONNECTION_ESTABLISHED l=1).mark_down
2024-02-26T04:50:28.822 INFO:teuthology.orchestra.run.smithi022.stdout:/usr/bin/ceph: stderr
2024-02-26T04:50:28.070+0000 7f9a10257700 1 --2- 172.21.15.22:0/3189668102 >> [v2:172.21.15.22:3300/0,v1:172.21.15.22:6789/0] conn(0x7f9a081067f0 0x7f9a08106c10 secure :-1 s=READY pgs=74 cs=0 l=1 rev1=1 crypto rx=0x7f99f8009e80 tx=0x7f99f800b330 comp rx=0 tx=0).stop
2024-02-26T04:50:28.822 INFO:teuthology.orchestra.run.smithi022.stdout:/usr/bin/ceph: stderr
2024-02-26T04:50:28.070+0000 7f9a10257700 1 -- 172.21.15.22:0/3189668102 shutdown_connections
2024-02-26T04:50:28.822 INFO:teuthology.orchestra.run.smithi022.stdout:/usr/bin/ceph: stderr
2024-02-26T04:50:28.070+0000 7f9a10257700 1 --2- 172.21.15.22:0/3189668102 >> [v2:172.21.15.22:3300/0,v1:172.21.15.22:6789/0] conn(0x7f9a081067f0 0x7f9a08106c10 unknown :-1 s=CLOSED pgs=74 cs=0 l=1 rev1=1 crypto rx=0 tx=0 comp rx=0 tx=0).stop
2024-02-26T04:50:28.822 INFO:teuthology.orchestra.run.smithi022.stdout:/usr/bin/ceph: stderr
2024-02-26T04:50:28.070+0000 7f9a10257700 1 -- 172.21.15.22:0/3189668102 >> 172.21.15.22:0/3189668102 conn(0x7f9a08101e30 msgr2=0x7f9a08104250 unknown :-1 s=STATE_NONE l=0).mark_down
2024-02-26T04:50:28.822 INFO:teuthology.orchestra.run.smithi022.stdout:/usr/bin/ceph: stderr
2024-02-26T04:50:28.070+0000 7f9a10257700 1 -- 172.21.15.22:0/3189668102 shutdown_connections
2024-02-26T04:50:28.822 INFO:teuthology.orchestra.run.smithi022.stdout:/usr/bin/ceph: stderr
2024-02-26T04:50:28.070+0000 7f9a10257700 1 -- 172.21.15.22:0/3189668102 wait complete.
2024-02-26T04:50:28.823 INFO:teuthology.orchestra.run.smithi022.stdout:/usr/bin/ceph: stderr
2024-02-26T04:50:28.070+0000 7f9a10257700 1 Processor -- start
2024-02-26T04:50:28.823 INFO:teuthology.orchestra.run.smithi022.stdout:/usr/bin/ceph: stderr
2024-02-26T04:50:28.070+0000 7f9a10257700 1 -- start start
2024-02-26T04:50:28.823 INFO:teuthology.orchestra.run.smithi022.stdout:/usr/bin/ceph: stderr
2024-02-26T04:50:28.071+0000 7f9a10257700 1 --2- >> [v2:172.21.15.22:3300/0,v1:172.21.15.22:6789/0] conn(0x7f9a081067f0 0x7f9a0819a630 unknown :-1 s=NONE pgs=0 cs=0 l=1 rev1=0 crypto rx=0 tx=0 comp rx=0 tx=0).connect
2024-02-26T04:50:28.823 INFO:teuthology.orchestra.run.smithi022.stdout:/usr/bin/ceph: stderr
2024-02-26T04:50:28.071+0000 7f9a10257700 1 -- --> [v2:172.21.15.22:3300/0,v1:172.21.15.22:6789/0] -- mon_getmap magic: 0 v1 -- 0x7f9a0819ab70 con 0x7f9a081067f0
2024-02-26T04:50:28.823 INFO:teuthology.orchestra.run.smithi022.stdout:/usr/bin/ceph: stderr
2024-02-26T04:50:28.071+0000 7f9a0dff3700 1 --2- >> [v2:172.21.15.22:3300/0,v1:172.21.15.22:6789/0] conn(0x7f9a081067f0 0x7f9a0819a630 unknown :-1 s=BANNER_CONNECTING pgs=0 cs=0 l=1 rev1=0 crypto rx=0 tx=0 comp rx=0 tx=0)._handle_peer_banner_payload supported=3 required=0
2024-02-26T04:50:28.823 INFO:teuthology.orchestra.run.smithi022.stdout:/usr/bin/ceph: stderr
2024-02-26T04:50:28.071+0000 7f9a0dff3700 1 --2- >> [v2:172.21.15.22:3300/0,v1:172.21.15.22:6789/0] conn(0x7f9a081067f0 0x7f9a0819a630 unknown :-1 s=HELLO_CONNECTING pgs=0 cs=0 l=1 rev1=1 crypto rx=0 tx=0 comp rx=0 tx=0).handle_hello peer v2:172.21.15.22:3300/0 says I am v2:172.21.15.22:42048/0 (socket says 172.21.15.22:42048)
2024-02-26T04:50:28.823 INFO:teuthology.orchestra.run.smithi022.stdout:/usr/bin/ceph: stderr
2024-02-26T04:50:28.071+0000 7f9a0dff3700 1 -- 172.21.15.22:0/1851318875 learned_addr learned my addr 172.21.15.22:0/1851318875 (peer_addr_for_me v2:172.21.15.22:0/0)
2024-02-26T04:50:28.823 INFO:teuthology.orchestra.run.smithi022.stdout:/usr/bin/ceph: stderr
2024-02-26T04:50:28.071+0000 7f9a0dff3700 1 -- 172.21.15.22:0/1851318875 --> [v2:172.21.15.22:3300/0,v1:172.21.15.22:6789/0] -- mon_subscribe({config=0+,monmap=0+}) v3 -- 0x7f99f8009b30 con 0x7f9a081067f0
2024-02-26T04:50:28.823 INFO:teuthology.orchestra.run.smithi022.stdout:/usr/bin/ceph: stderr
2024-02-26T04:50:28.071+0000 7f9a0dff3700 1 --2- 172.21.15.22:0/1851318875 >> [v2:172.21.15.22:3300/0,v1:172.21.15.22:6789/0] conn(0x7f9a081067f0 0x7f9a0819a630 secure :-1 s=READY pgs=75 cs=0 l=1 rev1=1 crypto rx=0x7f99f8009fd0 tx=0x7f99f8009390 comp rx=0 tx=0).ready entity=mon.0 client_cookie=0 server_cookie=0 in_seq=0 out_seq=0
2024-02-26T04:50:28.823 INFO:teuthology.orchestra.run.smithi022.stdout:/usr/bin/ceph: stderr
2024-02-26T04:50:28.071+0000 7f9a06ffd700 1 -- 172.21.15.22:0/1851318875 <== mon.0 v2:172.21.15.22:3300/0 1 ==== mon_map magic: 0 v1 ==== 205+0+0 (secure 0 0 0) 0x7f99f800e040 con 0x7f9a081067f0
2024-02-26T04:50:28.823 INFO:teuthology.orchestra.run.smithi022.stdout:/usr/bin/ceph: stderr
2024-02-26T04:50:28.071+0000 7f9a06ffd700 1 -- 172.21.15.22:0/1851318875 <== mon.0 v2:172.21.15.22:3300/0 2 ==== config(29 keys) v1 ==== 1209+0+0 (secure 0 0 0) 0x7f99f800bd70 con 0x7f9a081067f0
2024-02-26T04:50:28.823 INFO:teuthology.orchestra.run.smithi022.stdout:/usr/bin/ceph: stderr
2024-02-26T04:50:28.071+0000 7f9a10257700 1 -- 172.21.15.22:0/1851318875 --> [v2:172.21.15.22:3300/0,v1:172.21.15.22:6789/0] -- mon_subscribe({mgrmap=0+}) v3 -- 0x7f9a0819ad70 con 0x7f9a081067f0
2024-02-26T04:50:28.823 INFO:teuthology.orchestra.run.smithi022.stdout:/usr/bin/ceph: stderr
2024-02-26T04:50:28.071+0000 7f9a06ffd700 1 -- 172.21.15.22:0/1851318875 <== mon.0 v2:172.21.15.22:3300/0 3 ==== mon_map magic: 0 v1 ==== 205+0+0 (secure 0 0 0) 0x7f99f8019860 con 0x7f9a081067f0
2024-02-26T04:50:28.823 INFO:teuthology.orchestra.run.smithi022.stdout:/usr/bin/ceph: stderr
2024-02-26T04:50:28.071+0000 7f9a10257700 1 -- 172.21.15.22:0/1851318875 --> [v2:172.21.15.22:3300/0,v1:172.21.15.22:6789/0] -- mon_subscribe({osdmap=0}) v3 -- 0x7f9a0819b270 con 0x7f9a081067f0
2024-02-26T04:50:28.823 INFO:teuthology.orchestra.run.smithi022.stdout:/usr/bin/ceph: stderr
2024-02-26T04:50:28.072+0000 7f9a06ffd700 1 -- 172.21.15.22:0/1851318875 <== mon.0 v2:172.21.15.22:3300/0 4 ==== mgrmap(e 12) v1 ==== 45945+0+0 (secure 0 0 0) 0x7f99f8019a90 con 0x7f9a081067f0
2024-02-26T04:50:28.824 INFO:teuthology.orchestra.run.smithi022.stdout:/usr/bin/ceph: stderr
2024-02-26T04:50:28.072+0000 7f9a10257700 1 -- 172.21.15.22:0/1851318875 --> [v2:172.21.15.22:3300/0,v1:172.21.15.22:6789/0] -- mon_command({"prefix": "get_command_descriptions"} v 0) v1 -- 0x7f9a0810ac20 con 0x7f9a081067f0
2024-02-26T04:50:28.824 INFO:teuthology.orchestra.run.smithi022.stdout:/usr/bin/ceph: stderr
2024-02-26T04:50:28.073+0000 7f9a06ffd700 1 --2- 172.21.15.22:0/1851318875 >> [v2:172.21.15.22:6800/3972024006,v1:172.21.15.22:6801/3972024006] conn(0x7f99f0038f90 0x7f99f003b450 unknown :-1 s=NONE pgs=0 cs=0 l=1 rev1=0 crypto rx=0 tx=0 comp rx=0 tx=0).connect
2024-02-26T04:50:28.824 INFO:teuthology.orchestra.run.smithi022.stdout:/usr/bin/ceph: stderr
2024-02-26T04:50:28.073+0000 7f9a06ffd700 1 -- 172.21.15.22:0/1851318875 <== mon.0 v2:172.21.15.22:3300/0 5 ==== osd_map(3..3 src has 1..3) v4 ==== 1155+0+0 (secure 0 0 0) 0x7f99f804ea60 con 0x7f9a081067f0
2024-02-26T04:50:28.824 INFO:teuthology.orchestra.run.smithi022.stdout:/usr/bin/ceph: stderr
2024-02-26T04:50:28.073+0000 7f9a0d7f2700 1 --2- 172.21.15.22:0/1851318875 >> [v2:172.21.15.22:6800/3972024006,v1:172.21.15.22:6801/3972024006] conn(0x7f99f0038f90 0x7f99f003b450 unknown :-1 s=BANNER_CONNECTING pgs=0 cs=0 l=1 rev1=0 crypto rx=0 tx=0 comp rx=0 tx=0)._handle_peer_banner_payload supported=3 required=0
2024-02-26T04:50:28.824 INFO:teuthology.orchestra.run.smithi022.stdout:/usr/bin/ceph: stderr
2024-02-26T04:50:28.073+0000 7f9a0d7f2700 1 --2- 172.21.15.22:0/1851318875 >> [v2:172.21.15.22:6800/3972024006,v1:172.21.15.22:6801/3972024006] conn(0x7f99f0038f90 0x7f99f003b450 secure :-1 s=READY pgs=9 cs=0 l=1 rev1=1 crypto rx=0x7f99fc006fd0 tx=0x7f99fc006e40 comp rx=0 tx=0).ready entity=mgr.14152 client_cookie=0 server_cookie=0 in_seq=0 out_seq=0
2024-02-26T04:50:28.824 INFO:teuthology.orchestra.run.smithi022.stdout:/usr/bin/ceph: stderr
2024-02-26T04:50:28.077+0000 7f9a06ffd700 1 -- 172.21.15.22:0/1851318875 <== mon.0 v2:172.21.15.22:3300/0 6 ==== mon_command_ack([{"prefix": "get_command_descriptions"}]=0 v0) v1 ==== 72+0+183564 (secure 0 0 0) 0x7f99f802a8e0 con 0x7f9a081067f0
2024-02-26T04:50:28.824 INFO:teuthology.orchestra.run.smithi022.stdout:/usr/bin/ceph: stderr
2024-02-26T04:50:28.279+0000 7f9a10257700 1 -- 172.21.15.22:0/1851318875 --> [v2:172.21.15.22:3300/0,v1:172.21.15.22:6789/0] -- mon_command({"prefix": "config get", "who": "mgr", "key": "mgr/dashboard/ssl_server_port"} v 0) v1 -- 0x7f9a0810ae30 con 0x7f9a081067f0
2024-02-26T04:50:28.824 INFO:teuthology.orchestra.run.smithi022.stdout:/usr/bin/ceph: stderr
2024-02-26T04:50:28.279+0000 7f9a06ffd700 1 -- 172.21.15.22:0/1851318875 <== mon.0 v2:172.21.15.22:3300/0 7 ==== mon_command_ack([{"prefix": "config get", "who": "mgr", "key": "mgr/dashboard/ssl_server_port"}]=0 v8) v1 ==== 112+0+5 (secure 0 0 0) 0x7f99f8017070 con 0x7f9a081067f0
2024-02-26T04:50:28.824 INFO:teuthology.orchestra.run.smithi022.stdout:/usr/bin/ceph: stderr
2024-02-26T04:50:28.281+0000 7f9a10257700 1 -- 172.21.15.22:0/1851318875 >> [v2:172.21.15.22:6800/3972024006,v1:172.21.15.22:6801/3972024006] conn(0x7f99f0038f90 msgr2=0x7f99f003b450 secure :-1 s=STATE_CONNECTION_ESTABLISHED l=1).mark_down
2024-02-26T04:50:28.824 INFO:teuthology.orchestra.run.smithi022.stdout:/usr/bin/ceph: stderr
2024-02-26T04:50:28.281+0000 7f9a10257700 1 --2- 172.21.15.22:0/1851318875 >> [v2:172.21.15.22:6800/3972024006,v1:172.21.15.22:6801/3972024006] conn(0x7f99f0038f90 0x7f99f003b450 secure :-1 s=READY pgs=9 cs=0 l=1 rev1=1 crypto rx=0x7f99fc006fd0 tx=0x7f99fc006e40 comp rx=0 tx=0).stop
2024-02-26T04:50:28.824 INFO:teuthology.orchestra.run.smithi022.stdout:/usr/bin/ceph: stderr
2024-02-26T04:50:28.281+0000 7f9a10257700 1 -- 172.21.15.22:0/1851318875 >> [v2:172.21.15.22:3300/0,v1:172.21.15.22:6789/0] conn(0x7f9a081067f0 msgr2=0x7f9a0819a630 secure :-1 s=STATE_CONNECTION_ESTABLISHED l=1).mark_down
2024-02-26T04:50:28.824 INFO:teuthology.orchestra.run.smithi022.stdout:/usr/bin/ceph: stderr
2024-02-26T04:50:28.281+0000 7f9a10257700 1 --2- 172.21.15.22:0/1851318875 >> [v2:172.21.15.22:3300/0,v1:172.21.15.22:6789/0] conn(0x7f9a081067f0 0x7f9a0819a630 secure :-1 s=READY pgs=75 cs=0 l=1 rev1=1 crypto rx=0x7f99f8009fd0 tx=0x7f99f8009390 comp rx=0 tx=0).stop
2024-02-26T04:50:28.824 INFO:teuthology.orchestra.run.smithi022.stdout:/usr/bin/ceph: stderr
2024-02-26T04:50:28.281+0000 7f9a10257700 1 -- 172.21.15.22:0/1851318875 shutdown_connections
2024-02-26T04:50:28.824 INFO:teuthology.orchestra.run.smithi022.stdout:/usr/bin/ceph: stderr
2024-02-26T04:50:28.281+0000 7f9a10257700 1 --2- 172.21.15.22:0/1851318875 >> [v2:172.21.15.22:6800/3972024006,v1:172.21.15.22:6801/3972024006] conn(0x7f99f0038f90 0x7f99f003b450 unknown :-1 s=CLOSED pgs=9 cs=0 l=1 rev1=1 crypto rx=0 tx=0 comp rx=0 tx=0).stop
2024-02-26T04:50:28.824 INFO:teuthology.orchestra.run.smithi022.stdout:/usr/bin/ceph: stderr
2024-02-26T04:50:28.281+0000 7f9a10257700 1 --2- 172.21.15.22:0/1851318875 >> [v2:172.21.15.22:3300/0,v1:172.21.15.22:6789/0] conn(0x7f9a081067f0 0x7f9a0819a630 unknown :-1 s=CLOSED pgs=75 cs=0 l=1 rev1=1 crypto rx=0 tx=0 comp rx=0 tx=0).stop
2024-02-26T04:50:28.825 INFO:teuthology.orchestra.run.smithi022.stdout:/usr/bin/ceph: stderr
2024-02-26T04:50:28.281+0000 7f9a10257700 1 -- 172.21.15.22:0/1851318875 >> 172.21.15.22:0/1851318875 conn(0x7f9a08101e30 msgr2=0x7f9a081028b0 unknown :-1 s=STATE_NONE l=0).mark_down
2024-02-26T04:50:28.825 INFO:teuthology.orchestra.run.smithi022.stdout:/usr/bin/ceph: stderr
2024-02-26T04:50:28.282+0000 7f9a10257700 1 -- 172.21.15.22:0/1851318875 shutdown_connections
2024-02-26T04:50:28.825 INFO:teuthology.orchestra.run.smithi022.stdout:/usr/bin/ceph: stderr
2024-02-26T04:50:28.282+0000 7f9a10257700 1 -- 172.21.15.22:0/1851318875 wait complete.
2024-02-26T04:50:28.827 INFO:teuthology.orchestra.run.smithi022.stdout:Non-zero exit code 1 from systemctl is-enabled firewalld.service
2024-02-26T04:50:28.827 INFO:teuthology.orchestra.run.smithi022.stdout:systemctl: stdout disabled
2024-02-26T04:50:28.834 INFO:teuthology.orchestra.run.smithi022.stdout:Non-zero exit code 3 from systemctl is-active firewalld.service
2024-02-26T04:50:28.834 INFO:teuthology.orchestra.run.smithi022.stdout:systemctl: stdout inactive
2024-02-26T04:50:28.834 INFO:teuthology.orchestra.run.smithi022.stdout:firewalld.service is not enabled
2024-02-26T04:50:28.834 INFO:teuthology.orchestra.run.smithi022.stdout:Not possible to open ports <[8443]>. firewalld.service is not available
2024-02-26T04:50:28.836 INFO:teuthology.orchestra.run.smithi022.stdout:Ceph Dashboard is now available at:
2024-02-26T04:50:28.836 INFO:teuthology.orchestra.run.smithi022.stdout:
2024-02-26T04:50:28.836 INFO:teuthology.orchestra.run.smithi022.stdout: URL: https://smithi022.front.sepia.ceph.com:8443/
2024-02-26T04:50:28.836 INFO:teuthology.orchestra.run.smithi022.stdout: User: admin
2024-02-26T04:50:28.836 INFO:teuthology.orchestra.run.smithi022.stdout: Password: nn9m12sxzc
2024-02-26T04:50:28.836 INFO:teuthology.orchestra.run.smithi022.stdout:
2024-02-26T04:50:28.836 INFO:teuthology.orchestra.run.smithi022.stdout:Saving cluster configuration to /var/lib/ceph/49afa24c-d462-11ee-95c3-87774f69a715/config directory
2024-02-26T04:50:28.836 INFO:teuthology.orchestra.run.smithi022.stdout:Enabling autotune for osd_memory_target
2024-02-26T04:50:29.855 INFO:journalctl@ceph.mon.a.smithi022.stdout:Feb 26 04:50:29 smithi022 ceph-mon[32104]: mgrmap e13: x(active, since 6s)
2024-02-26T04:50:29.969 INFO:teuthology.orchestra.run.smithi022.stdout:/usr/bin/ceph: stderr
2024-02-26T04:50:29.214+0000 7f67cb64b700 1 Processor -- start
2024-02-26T04:50:29.969 INFO:teuthology.orchestra.run.smithi022.stdout:/usr/bin/ceph: stderr
2024-02-26T04:50:29.215+0000 7f67cb64b700 1 -- start start
2024-02-26T04:50:29.970 INFO:teuthology.orchestra.run.smithi022.stdout:/usr/bin/ceph: stderr
2024-02-26T04:50:29.215+0000 7f67cb64b700 1 --2- >> [v2:172.21.15.22:3300/0,v1:172.21.15.22:6789/0] conn(0x7f67c41061d0 0x7f67c41065f0 unknown :-1 s=NONE pgs=0 cs=0 l=0 rev1=0 crypto rx=0 tx=0 comp rx=0 tx=0).connect
2024-02-26T04:50:29.970 INFO:teuthology.orchestra.run.smithi022.stdout:/usr/bin/ceph: stderr
2024-02-26T04:50:29.215+0000 7f67cb64b700 1 -- --> [v2:172.21.15.22:3300/0,v1:172.21.15.22:6789/0] -- mon_getmap magic: 0 v1 -- 0x7f67c407ae20 con 0x7f67c41061d0
2024-02-26T04:50:29.970 INFO:teuthology.orchestra.run.smithi022.stdout:/usr/bin/ceph: stderr
2024-02-26T04:50:29.215+0000 7f67c93e7700 1 --2- >> [v2:172.21.15.22:3300/0,v1:172.21.15.22:6789/0] conn(0x7f67c41061d0 0x7f67c41065f0 unknown :-1 s=BANNER_CONNECTING pgs=0 cs=0 l=0 rev1=0 crypto rx=0 tx=0 comp rx=0 tx=0)._handle_peer_banner_payload supported=3 required=0
2024-02-26T04:50:29.970 INFO:teuthology.orchestra.run.smithi022.stdout:/usr/bin/ceph: stderr
2024-02-26T04:50:29.215+0000 7f67c93e7700 1 --2- >> [v2:172.21.15.22:3300/0,v1:172.21.15.22:6789/0] conn(0x7f67c41061d0 0x7f67c41065f0 unknown :-1 s=HELLO_CONNECTING pgs=0 cs=0 l=0 rev1=1 crypto rx=0 tx=0 comp rx=0 tx=0).handle_hello peer v2:172.21.15.22:3300/0 says I am v2:172.21.15.22:42062/0 (socket says 172.21.15.22:42062)
2024-02-26T04:50:29.970 INFO:teuthology.orchestra.run.smithi022.stdout:/usr/bin/ceph: stderr
2024-02-26T04:50:29.215+0000 7f67c93e7700 1 -- 172.21.15.22:0/993377983 learned_addr learned my addr 172.21.15.22:0/993377983 (peer_addr_for_me v2:172.21.15.22:0/0)
2024-02-26T04:50:29.970 INFO:teuthology.orchestra.run.smithi022.stdout:/usr/bin/ceph: stderr
