2024-02-26T05:08:22.757+0000 7fca46a00700 1 -- 172.21.15.6:0/1714227227 --> [v2:172.21.15.6:3300/0,v1:172.21.15.6:6789/0] -- mon_subscribe({config=0+,monmap=0+}) v3 -- 0x7fca38009550 con 0x7fca48105b60
2024-02-26T05:08:23.743 INFO:teuthology.orchestra.run.smithi006.stdout:/usr/bin/ceph: stderr
2024-02-26T05:08:22.757+0000 7fca46a00700 1 --2- 172.21.15.6:0/1714227227 >> [v2:172.21.15.6:3300/0,v1:172.21.15.6:6789/0] conn(0x7fca48105b60 0x7fca4819d1f0 secure :-1 s=READY pgs=27 cs=0 l=1 rev1=1 crypto rx=0x7fca38011710 tx=0x7fca38011ab0 comp rx=0 tx=0).ready entity=mon.0 client_cookie=0 server_cookie=0 in_seq=0 out_seq=0
2024-02-26T05:08:23.743 INFO:teuthology.orchestra.run.smithi006.stdout:/usr/bin/ceph: stderr
2024-02-26T05:08:22.757+0000 7fca3f400700 1 -- 172.21.15.6:0/1714227227 <== mon.0 v2:172.21.15.6:3300/0 1 ==== mon_map magic: 0 v1 ==== 205+0+0 (secure 0 0 0) 0x7fca38003af0 con 0x7fca48105b60
2024-02-26T05:08:23.743 INFO:teuthology.orchestra.run.smithi006.stdout:/usr/bin/ceph: stderr
2024-02-26T05:08:22.757+0000 7fca3f400700 1 -- 172.21.15.6:0/1714227227 <== mon.0 v2:172.21.15.6:3300/0 2 ==== config(26 keys) v1 ==== 1071+0+0 (secure 0 0 0) 0x7fca38003c50 con 0x7fca48105b60
2024-02-26T05:08:23.743 INFO:teuthology.orchestra.run.smithi006.stdout:/usr/bin/ceph: stderr
2024-02-26T05:08:22.757+0000 7fca3f400700 1 -- 172.21.15.6:0/1714227227 <== mon.0 v2:172.21.15.6:3300/0 3 ==== mon_map magic: 0 v1 ==== 205+0+0 (secure 0 0 0) 0x7fca380197a0 con 0x7fca48105b60
2024-02-26T05:08:23.743 INFO:teuthology.orchestra.run.smithi006.stdout:/usr/bin/ceph: stderr
2024-02-26T05:08:22.757+0000 7fca47e00700 1 -- 172.21.15.6:0/1714227227 --> [v2:172.21.15.6:3300/0,v1:172.21.15.6:6789/0] -- mon_subscribe({mgrmap=0+}) v3 -- 0x7fca4819d930 con 0x7fca48105b60
2024-02-26T05:08:23.743 INFO:teuthology.orchestra.run.smithi006.stdout:/usr/bin/ceph: stderr
2024-02-26T05:08:22.758+0000 7fca47e00700 1 -- 172.21.15.6:0/1714227227 --> [v2:172.21.15.6:3300/0,v1:172.21.15.6:6789/0] -- mon_subscribe({osdmap=0}) v3 -- 0x7fca4819ddd0 con 0x7fca48105b60
2024-02-26T05:08:23.743 INFO:teuthology.orchestra.run.smithi006.stdout:/usr/bin/ceph: stderr
2024-02-26T05:08:22.758+0000 7fca3f400700 1 -- 172.21.15.6:0/1714227227 <== mon.0 v2:172.21.15.6:3300/0 4 ==== mgrmap(e 5) v1 ==== 45932+0+0 (secure 0 0 0) 0x7fca38019a10 con 0x7fca48105b60
2024-02-26T05:08:23.743 INFO:teuthology.orchestra.run.smithi006.stdout:/usr/bin/ceph: stderr
2024-02-26T05:08:22.759+0000 7fca47e00700 1 -- 172.21.15.6:0/1714227227 --> [v2:172.21.15.6:3300/0,v1:172.21.15.6:6789/0] -- mon_command({"prefix": "get_command_descriptions"} v 0) v1 -- 0x7fca48196e90 con 0x7fca48105b60
2024-02-26T05:08:23.744 INFO:teuthology.orchestra.run.smithi006.stdout:/usr/bin/ceph: stderr
2024-02-26T05:08:22.759+0000 7fca3f400700 1 --2- 172.21.15.6:0/1714227227 >> [v2:172.21.15.6:6800/2654489469,v1:172.21.15.6:6801/2654489469] conn(0x7fca2c038f30 0x7fca2c03b3f0 unknown :-1 s=NONE pgs=0 cs=0 l=1 rev1=0 crypto rx=0 tx=0 comp rx=0 tx=0).connect
2024-02-26T05:08:23.744 INFO:teuthology.orchestra.run.smithi006.stdout:/usr/bin/ceph: stderr
2024-02-26T05:08:22.759+0000 7fca3f400700 1 -- 172.21.15.6:0/1714227227 <== mon.0 v2:172.21.15.6:3300/0 5 ==== osd_map(1..1 src has 1..1) v4 ==== 725+0+0 (secure 0 0 0) 0x7fca3804cf30 con 0x7fca48105b60
2024-02-26T05:08:23.744 INFO:teuthology.orchestra.run.smithi006.stdout:/usr/bin/ceph: stderr
2024-02-26T05:08:22.759+0000 7fca46000700 1 -- 172.21.15.6:0/1714227227 >> [v2:172.21.15.6:6800/2654489469,v1:172.21.15.6:6801/2654489469] conn(0x7fca2c038f30 msgr2=0x7fca2c03b3f0 unknown :-1 s=STATE_CONNECTING_RE l=1).process reconnect failed to v2:172.21.15.6:6800/2654489469
2024-02-26T05:08:23.744 INFO:teuthology.orchestra.run.smithi006.stdout:/usr/bin/ceph: stderr
2024-02-26T05:08:22.759+0000 7fca46000700 1 --2- 172.21.15.6:0/1714227227 >> [v2:172.21.15.6:6800/2654489469,v1:172.21.15.6:6801/2654489469] conn(0x7fca2c038f30 0x7fca2c03b3f0 unknown :-1 s=START_CONNECT pgs=0 cs=0 l=1 rev1=0 crypto rx=0 tx=0 comp rx=0 tx=0)._fault waiting 0.200000
2024-02-26T05:08:23.744 INFO:teuthology.orchestra.run.smithi006.stdout:/usr/bin/ceph: stderr
2024-02-26T05:08:22.764+0000 7fca3f400700 1 -- 172.21.15.6:0/1714227227 <== mon.0 v2:172.21.15.6:3300/0 6 ==== mon_command_ack([{"prefix": "get_command_descriptions"}]=0 v0) v1 ==== 72+0+183564 (secure 0 0 0) 0x7fca38018c70 con 0x7fca48105b60
2024-02-26T05:08:23.744 INFO:teuthology.orchestra.run.smithi006.stdout:/usr/bin/ceph: stderr
2024-02-26T05:08:22.960+0000 7fca46000700 1 -- 172.21.15.6:0/1714227227 >> [v2:172.21.15.6:6800/2654489469,v1:172.21.15.6:6801/2654489469] conn(0x7fca2c038f30 msgr2=0x7fca2c03b3f0 unknown :-1 s=STATE_CONNECTING_RE l=1).process reconnect failed to v2:172.21.15.6:6800/2654489469
2024-02-26T05:08:23.744 INFO:teuthology.orchestra.run.smithi006.stdout:/usr/bin/ceph: stderr
2024-02-26T05:08:22.960+0000 7fca46000700 1 --2- 172.21.15.6:0/1714227227 >> [v2:172.21.15.6:6800/2654489469,v1:172.21.15.6:6801/2654489469] conn(0x7fca2c038f30 0x7fca2c03b3f0 unknown :-1 s=START_CONNECT pgs=0 cs=0 l=1 rev1=0 crypto rx=0 tx=0 comp rx=0 tx=0)._fault waiting 0.400000
2024-02-26T05:08:23.744 INFO:teuthology.orchestra.run.smithi006.stdout:/usr/bin/ceph: stderr
2024-02-26T05:08:23.045+0000 7fca47e00700 1 -- 172.21.15.6:0/1714227227 --> [v2:172.21.15.6:3300/0,v1:172.21.15.6:6789/0] -- mon_command({"prefix": "mgr stat"} v 0) v1 -- 0x7fca4802da30 con 0x7fca48105b60
2024-02-26T05:08:23.744 INFO:teuthology.orchestra.run.smithi006.stdout:/usr/bin/ceph: stderr
2024-02-26T05:08:23.046+0000 7fca3f400700 1 -- 172.21.15.6:0/1714227227 <== mon.0 v2:172.21.15.6:3300/0 7 ==== mon_command_ack([{"prefix": "mgr stat"}]=0 v5) v1 ==== 56+0+88 (secure 0 0 0) 0x7fca38018860 con 0x7fca48105b60
2024-02-26T05:08:23.744 INFO:teuthology.orchestra.run.smithi006.stdout:/usr/bin/ceph: stderr
2024-02-26T05:08:23.049+0000 7fca47e00700 1 -- 172.21.15.6:0/1714227227 >> [v2:172.21.15.6:6800/2654489469,v1:172.21.15.6:6801/2654489469] conn(0x7fca2c038f30 msgr2=0x7fca2c03b3f0 unknown :-1 s=STATE_CONNECTING l=1).mark_down
2024-02-26T05:08:23.745 INFO:teuthology.orchestra.run.smithi006.stdout:/usr/bin/ceph: stderr
2024-02-26T05:08:23.049+0000 7fca47e00700 1 --2- 172.21.15.6:0/1714227227 >> [v2:172.21.15.6:6800/2654489469,v1:172.21.15.6:6801/2654489469] conn(0x7fca2c038f30 0x7fca2c03b3f0 unknown :-1 s=START_CONNECT pgs=0 cs=0 l=1 rev1=0 crypto rx=0 tx=0 comp rx=0 tx=0).stop
2024-02-26T05:08:23.745 INFO:teuthology.orchestra.run.smithi006.stdout:/usr/bin/ceph: stderr
2024-02-26T05:08:23.049+0000 7fca47e00700 1 -- 172.21.15.6:0/1714227227 >> [v2:172.21.15.6:3300/0,v1:172.21.15.6:6789/0] conn(0x7fca48105b60 msgr2=0x7fca4819d1f0 secure :-1 s=STATE_CONNECTION_ESTABLISHED l=1).mark_down
2024-02-26T05:08:23.745 INFO:teuthology.orchestra.run.smithi006.stdout:/usr/bin/ceph: stderr
2024-02-26T05:08:23.049+0000 7fca47e00700 1 --2- 172.21.15.6:0/1714227227 >> [v2:172.21.15.6:3300/0,v1:172.21.15.6:6789/0] conn(0x7fca48105b60 0x7fca4819d1f0 secure :-1 s=READY pgs=27 cs=0 l=1 rev1=1 crypto rx=0x7fca38011710 tx=0x7fca38011ab0 comp rx=0 tx=0).stop
2024-02-26T05:08:23.745 INFO:teuthology.orchestra.run.smithi006.stdout:/usr/bin/ceph: stderr
2024-02-26T05:08:23.050+0000 7fca47e00700 1 -- 172.21.15.6:0/1714227227 shutdown_connections
2024-02-26T05:08:23.745 INFO:teuthology.orchestra.run.smithi006.stdout:/usr/bin/ceph: stderr
2024-02-26T05:08:23.050+0000 7fca47e00700 1 --2- 172.21.15.6:0/1714227227 >> [v2:172.21.15.6:6800/2654489469,v1:172.21.15.6:6801/2654489469] conn(0x7fca2c038f30 0x7fca2c03b3f0 unknown :-1 s=CLOSED pgs=0 cs=0 l=1 rev1=0 crypto rx=0 tx=0 comp rx=0 tx=0).stop
2024-02-26T05:08:23.745 INFO:teuthology.orchestra.run.smithi006.stdout:/usr/bin/ceph: stderr
2024-02-26T05:08:23.050+0000 7fca47e00700 1 --2- 172.21.15.6:0/1714227227 >> [v2:172.21.15.6:3300/0,v1:172.21.15.6:6789/0] conn(0x7fca48105b60 0x7fca4819d1f0 unknown :-1 s=CLOSED pgs=27 cs=0 l=1 rev1=1 crypto rx=0 tx=0 comp rx=0 tx=0).stop
2024-02-26T05:08:23.745 INFO:teuthology.orchestra.run.smithi006.stdout:/usr/bin/ceph: stderr
2024-02-26T05:08:23.050+0000 7fca47e00700 1 -- 172.21.15.6:0/1714227227 >> 172.21.15.6:0/1714227227 conn(0x7fca48101740 msgr2=0x7fca48193fd0 unknown :-1 s=STATE_NONE l=0).mark_down
2024-02-26T05:08:23.745 INFO:teuthology.orchestra.run.smithi006.stdout:/usr/bin/ceph: stderr
2024-02-26T05:08:23.050+0000 7fca47e00700 1 -- 172.21.15.6:0/1714227227 shutdown_connections
2024-02-26T05:08:23.745 INFO:teuthology.orchestra.run.smithi006.stdout:/usr/bin/ceph: stderr
2024-02-26T05:08:23.050+0000 7fca47e00700 1 -- 172.21.15.6:0/1714227227 wait complete.
2024-02-26T05:08:23.745 INFO:teuthology.orchestra.run.smithi006.stdout:Waiting for the mgr to restart...
2024-02-26T05:08:23.745 INFO:teuthology.orchestra.run.smithi006.stdout:Waiting for mgr epoch 5...
2024-02-26T05:08:24.014 INFO:journalctl@ceph.mgr.x.smithi006.stdout:Feb 26 05:08:23 smithi006 ceph-d5bd9620-d464-11ee-95c3-87774f69a715-mgr-x[32000]:
2024-02-26T05:08:23.744+0000 7f64f1477200 -1 mgr[py] Module alerts has missing NOTIFY_TYPES member
2024-02-26T05:08:24.014 INFO:journalctl@ceph.mgr.x.smithi006.stdout:Feb 26 05:08:23 smithi006 ceph-d5bd9620-d464-11ee-95c3-87774f69a715-mgr-x[32000]:
2024-02-26T05:08:23.861+0000 7f64f1477200 -1 mgr[py] Module iostat has missing NOTIFY_TYPES member
2024-02-26T05:08:24.290 INFO:journalctl@ceph.mgr.x.smithi006.stdout:Feb 26 05:08:24 smithi006 ceph-d5bd9620-d464-11ee-95c3-87774f69a715-mgr-x[32000]:
2024-02-26T05:08:24.212+0000 7f64f1477200 -1 mgr[py] Module rgw has missing NOTIFY_TYPES member
2024-02-26T05:08:24.606 INFO:journalctl@ceph.mgr.x.smithi006.stdout:Feb 26 05:08:24 smithi006 ceph-d5bd9620-d464-11ee-95c3-87774f69a715-mgr-x[32000]:
2024-02-26T05:08:24.359+0000 7f64f1477200 -1 mgr[py] Module rbd_support has missing NOTIFY_TYPES member
2024-02-26T05:08:24.606 INFO:journalctl@ceph.mgr.x.smithi006.stdout:Feb 26 05:08:24 smithi006 ceph-d5bd9620-d464-11ee-95c3-87774f69a715-mgr-x[32000]:
2024-02-26T05:08:24.475+0000 7f64f1477200 -1 mgr[py] Module progress has missing NOTIFY_TYPES member
2024-02-26T05:08:24.606 INFO:journalctl@ceph.mgr.x.smithi006.stdout:Feb 26 05:08:24 smithi006 ceph-d5bd9620-d464-11ee-95c3-87774f69a715-mgr-x[32000]:
2024-02-26T05:08:24.602+0000 7f64f1477200 -1 mgr[py] Module pg_autoscaler has missing NOTIFY_TYPES member
2024-02-26T05:08:24.880 INFO:journalctl@ceph.mgr.x.smithi006.stdout:Feb 26 05:08:24 smithi006 ceph-d5bd9620-d464-11ee-95c3-87774f69a715-mgr-x[32000]:
2024-02-26T05:08:24.827+0000 7f64f1477200 -1 mgr[py] Module devicehealth has missing NOTIFY_TYPES member
2024-02-26T05:08:26.630 INFO:journalctl@ceph.mgr.x.smithi006.stdout:Feb 26 05:08:26 smithi006 ceph-d5bd9620-d464-11ee-95c3-87774f69a715-mgr-x[32000]:
2024-02-26T05:08:26.159+0000 7f64f1477200 -1 mgr[py] Module rook has missing NOTIFY_TYPES member
2024-02-26T05:08:26.630 INFO:journalctl@ceph.mgr.x.smithi006.stdout:Feb 26 05:08:26 smithi006 ceph-d5bd9620-d464-11ee-95c3-87774f69a715-mgr-x[32000]:
2024-02-26T05:08:26.338+0000 7f64f1477200 -1 mgr[py] Module diskprediction_local has missing NOTIFY_TYPES member
2024-02-26T05:08:27.130 INFO:journalctl@ceph.mgr.x.smithi006.stdout:Feb 26 05:08:26 smithi006 ceph-d5bd9620-d464-11ee-95c3-87774f69a715-mgr-x[32000]:
2024-02-26T05:08:26.765+0000 7f64f1477200 -1 mgr[py] Module selftest has missing NOTIFY_TYPES member
2024-02-26T05:08:27.130 INFO:journalctl@ceph.mgr.x.smithi006.stdout:Feb 26 05:08:26 smithi006 ceph-d5bd9620-d464-11ee-95c3-87774f69a715-mgr-x[32000]:
2024-02-26T05:08:26.888+0000 7f64f1477200 -1 mgr[py] Module telegraf has missing NOTIFY_TYPES member
2024-02-26T05:08:27.408 INFO:journalctl@ceph.mgr.x.smithi006.stdout:Feb 26 05:08:27 smithi006 ceph-d5bd9620-d464-11ee-95c3-87774f69a715-mgr-x[32000]:
2024-02-26T05:08:27.152+0000 7f64f1477200 -1 mgr[py] Module test_orchestrator has missing NOTIFY_TYPES member
2024-02-26T05:08:27.796 INFO:journalctl@ceph.mgr.x.smithi006.stdout:Feb 26 05:08:27 smithi006 ceph-d5bd9620-d464-11ee-95c3-87774f69a715-mgr-x[32000]:
2024-02-26T05:08:27.405+0000 7f64f1477200 -1 mgr[py] Module crash has missing NOTIFY_TYPES member
2024-02-26T05:08:28.121 INFO:journalctl@ceph.mgr.x.smithi006.stdout:Feb 26 05:08:27 smithi006 ceph-d5bd9620-d464-11ee-95c3-87774f69a715-mgr-x[32000]:
2024-02-26T05:08:27.792+0000 7f64f1477200 -1 mgr[py] Module orchestrator has missing NOTIFY_TYPES member
2024-02-26T05:08:28.380 INFO:journalctl@ceph.mgr.x.smithi006.stdout:Feb 26 05:08:28 smithi006 ceph-d5bd9620-d464-11ee-95c3-87774f69a715-mgr-x[32000]:
2024-02-26T05:08:28.118+0000 7f64f1477200 -1 mgr[py] Module osd_support has missing NOTIFY_TYPES member
2024-02-26T05:08:28.880 INFO:journalctl@ceph.mgr.x.smithi006.stdout:Feb 26 05:08:28 smithi006 ceph-d5bd9620-d464-11ee-95c3-87774f69a715-mgr-x[32000]:
2024-02-26T05:08:28.432+0000 7f64f1477200 -1 mgr[py] Module volumes has missing NOTIFY_TYPES member
2024-02-26T05:08:29.782 INFO:journalctl@ceph.mgr.x.smithi006.stdout:Feb 26 05:08:29 smithi006 ceph-d5bd9620-d464-11ee-95c3-87774f69a715-mgr-x[32000]:
2024-02-26T05:08:29.505+0000 7f64f1477200 -1 mgr[py] Module telemetry has missing NOTIFY_TYPES member
2024-02-26T05:08:30.507 INFO:journalctl@ceph.mgr.x.smithi006.stdout:Feb 26 05:08:30 smithi006 ceph-d5bd9620-d464-11ee-95c3-87774f69a715-mgr-x[32000]:
2024-02-26T05:08:30.225+0000 7f64f1477200 -1 mgr[py] Module prometheus has missing NOTIFY_TYPES member
2024-02-26T05:08:30.507 INFO:journalctl@ceph.mgr.x.smithi006.stdout:Feb 26 05:08:30 smithi006 ceph-d5bd9620-d464-11ee-95c3-87774f69a715-mgr-x[32000]:
2024-02-26T05:08:30.360+0000 7f64f1477200 -1 mgr[py] Module status has missing NOTIFY_TYPES member
2024-02-26T05:08:30.804 INFO:journalctl@ceph.mgr.x.smithi006.stdout:Feb 26 05:08:30 smithi006 ceph-d5bd9620-d464-11ee-95c3-87774f69a715-mgr-x[32000]:
2024-02-26T05:08:30.649+0000 7f64f1477200 -1 mgr[py] Module nfs has missing NOTIFY_TYPES member
2024-02-26T05:08:30.804 INFO:journalctl@ceph.mon.a.smithi006.stdout:Feb 26 05:08:30 smithi006 ceph-mon[31775]: Active manager daemon x restarted
2024-02-26T05:08:30.804 INFO:journalctl@ceph.mon.a.smithi006.stdout:Feb 26 05:08:30 smithi006 ceph-mon[31775]: Activating manager daemon x
2024-02-26T05:08:30.804 INFO:journalctl@ceph.mon.a.smithi006.stdout:Feb 26 05:08:30 smithi006 ceph-mon[31775]: osdmap e2: 0 total, 0 up, 0 in
2024-02-26T05:08:30.804 INFO:journalctl@ceph.mon.a.smithi006.stdout:Feb 26 05:08:30 smithi006 ceph-mon[31775]: mgrmap e6: x(active, starting, since 0.0100647s)
2024-02-26T05:08:30.805 INFO:journalctl@ceph.mon.a.smithi006.stdout:Feb 26 05:08:30 smithi006 ceph-mon[31775]: from='mgr.14120 172.21.15.6:0/903097519' entity='mgr.x' cmd=[{"prefix": "mon metadata", "id": "a"}]: dispatch
2024-02-26T05:08:30.805 INFO:journalctl@ceph.mon.a.smithi006.stdout:Feb 26 05:08:30 smithi006 ceph-mon[31775]: from='mgr.14120 172.21.15.6:0/903097519' entity='mgr.x' cmd=[{"prefix": "mgr metadata", "who": "x", "id": "x"}]: dispatch
2024-02-26T05:08:30.805 INFO:journalctl@ceph.mon.a.smithi006.stdout:Feb 26 05:08:30 smithi006 ceph-mon[31775]: from='mgr.14120 172.21.15.6:0/903097519' entity='mgr.x' cmd=[{"prefix": "mds metadata"}]: dispatch
2024-02-26T05:08:30.805 INFO:journalctl@ceph.mon.a.smithi006.stdout:Feb 26 05:08:30 smithi006 ceph-mon[31775]: from='mgr.14120 172.21.15.6:0/903097519' entity='mgr.x' cmd=[{"prefix": "osd metadata"}]: dispatch
2024-02-26T05:08:30.805 INFO:journalctl@ceph.mon.a.smithi006.stdout:Feb 26 05:08:30 smithi006 ceph-mon[31775]: from='mgr.14120 172.21.15.6:0/903097519' entity='mgr.x' cmd=[{"prefix": "mon metadata"}]: dispatch
2024-02-26T05:08:30.805 INFO:journalctl@ceph.mon.a.smithi006.stdout:Feb 26 05:08:30 smithi006 ceph-mon[31775]: Manager daemon x is now available
2024-02-26T05:08:32.046 INFO:journalctl@ceph.mon.a.smithi006.stdout:Feb 26 05:08:31 smithi006 ceph-mon[31775]: Found migration_current of "None". Setting to last migration.
2024-02-26T05:08:32.046 INFO:journalctl@ceph.mon.a.smithi006.stdout:Feb 26 05:08:31 smithi006 ceph-mon[31775]: from='mgr.14120 172.21.15.6:0/903097519' entity='mgr.x'
2024-02-26T05:08:32.046 INFO:journalctl@ceph.mon.a.smithi006.stdout:Feb 26 05:08:31 smithi006 ceph-mon[31775]: from='mgr.14120 172.21.15.6:0/903097519' entity='mgr.x'
2024-02-26T05:08:32.046 INFO:journalctl@ceph.mon.a.smithi006.stdout:Feb 26 05:08:31 smithi006 ceph-mon[31775]: from='mgr.14120 172.21.15.6:0/903097519' entity='mgr.x' cmd=[{"prefix": "config dump", "format": "json"}]: dispatch
2024-02-26T05:08:32.047 INFO:journalctl@ceph.mon.a.smithi006.stdout:Feb 26 05:08:31 smithi006 ceph-mon[31775]: from='mgr.14120 172.21.15.6:0/903097519' entity='mgr.x' cmd=[{"prefix": "config dump", "format": "json"}]: dispatch
2024-02-26T05:08:32.047 INFO:journalctl@ceph.mon.a.smithi006.stdout:Feb 26 05:08:31 smithi006 ceph-mon[31775]: from='mgr.14120 172.21.15.6:0/903097519' entity='mgr.x' cmd=[{"prefix": "config dump", "format": "json"}]: dispatch
2024-02-26T05:08:32.047 INFO:journalctl@ceph.mon.a.smithi006.stdout:Feb 26 05:08:31 smithi006 ceph-mon[31775]: from='mgr.14120 172.21.15.6:0/903097519' entity='mgr.x' cmd=[{"prefix":"config rm","who":"mgr","name":"mgr/rbd_support/x/mirror_snapshot_schedule"}]: dispatch
2024-02-26T05:08:32.047 INFO:journalctl@ceph.mon.a.smithi006.stdout:Feb 26 05:08:31 smithi006 ceph-mon[31775]: from='mgr.14120 172.21.15.6:0/903097519' entity='mgr.x' cmd=[{"prefix":"config rm","who":"mgr","name":"mgr/rbd_support/x/trash_purge_schedule"}]: dispatch
2024-02-26T05:08:32.047 INFO:journalctl@ceph.mon.a.smithi006.stdout:Feb 26 05:08:31 smithi006 ceph-mon[31775]: from='mgr.14120 172.21.15.6:0/903097519' entity='mgr.x'
2024-02-26T05:08:32.047 INFO:journalctl@ceph.mon.a.smithi006.stdout:Feb 26 05:08:31 smithi006 ceph-mon[31775]: from='mgr.14120 172.21.15.6:0/903097519' entity='mgr.x'
2024-02-26T05:08:32.047 INFO:journalctl@ceph.mon.a.smithi006.stdout:Feb 26 05:08:31 smithi006 ceph-mon[31775]: mgrmap e7: x(active, since 1.0123s)
2024-02-26T05:08:32.361 INFO:teuthology.orchestra.run.smithi006.stdout:/usr/bin/ceph: stdout {
2024-02-26T05:08:32.361 INFO:teuthology.orchestra.run.smithi006.stdout:/usr/bin/ceph: stdout "mgrmap_epoch": 7,
2024-02-26T05:08:32.361 INFO:teuthology.orchestra.run.smithi006.stdout:/usr/bin/ceph: stdout "initialized": true
2024-02-26T05:08:32.361 INFO:teuthology.orchestra.run.smithi006.stdout:/usr/bin/ceph: stdout }
2024-02-26T05:08:32.361 INFO:teuthology.orchestra.run.smithi006.stdout:/usr/bin/ceph: stderr
2024-02-26T05:08:24.287+0000 7f046a400700 1 Processor -- start
2024-02-26T05:08:32.361 INFO:teuthology.orchestra.run.smithi006.stdout:/usr/bin/ceph: stderr
2024-02-26T05:08:24.287+0000 7f046a400700 1 -- start start
2024-02-26T05:08:32.361 INFO:teuthology.orchestra.run.smithi006.stdout:/usr/bin/ceph: stderr
2024-02-26T05:08:24.287+0000 7f046a400700 1 --2- >> [v2:172.21.15.6:3300/0,v1:172.21.15.6:6789/0] conn(0x7f046407ce30 0x7f046407b2e0 unknown :-1 s=NONE pgs=0 cs=0 l=0 rev1=0 crypto rx=0 tx=0 comp rx=0 tx=0).connect
2024-02-26T05:08:32.361 INFO:teuthology.orchestra.run.smithi006.stdout:/usr/bin/ceph: stderr
2024-02-26T05:08:24.287+0000 7f046a400700 1 -- --> [v2:172.21.15.6:3300/0,v1:172.21.15.6:6789/0] -- mon_getmap magic: 0 v1 -- 0x7f046407b8b0 con 0x7f046407ce30
2024-02-26T05:08:32.361 INFO:teuthology.orchestra.run.smithi006.stdout:/usr/bin/ceph: stderr
2024-02-26T05:08:24.288+0000 7f0469000700 1 --2- >> [v2:172.21.15.6:3300/0,v1:172.21.15.6:6789/0] conn(0x7f046407ce30 0x7f046407b2e0 unknown :-1 s=BANNER_CONNECTING pgs=0 cs=0 l=0 rev1=0 crypto rx=0 tx=0 comp rx=0 tx=0)._handle_peer_banner_payload supported=3 required=0
2024-02-26T05:08:32.362 INFO:teuthology.orchestra.run.smithi006.stdout:/usr/bin/ceph: stderr
2024-02-26T05:08:24.288+0000 7f0469000700 1 --2- >> [v2:172.21.15.6:3300/0,v1:172.21.15.6:6789/0] conn(0x7f046407ce30 0x7f046407b2e0 unknown :-1 s=HELLO_CONNECTING pgs=0 cs=0 l=0 rev1=1 crypto rx=0 tx=0 comp rx=0 tx=0).handle_hello peer v2:172.21.15.6:3300/0 says I am v2:172.21.15.6:40534/0 (socket says 172.21.15.6:40534)
2024-02-26T05:08:32.362 INFO:teuthology.orchestra.run.smithi006.stdout:/usr/bin/ceph: stderr
2024-02-26T05:08:24.288+0000 7f0469000700 1 -- 172.21.15.6:0/1521028197 learned_addr learned my addr 172.21.15.6:0/1521028197 (peer_addr_for_me v2:172.21.15.6:0/0)
2024-02-26T05:08:32.362 INFO:teuthology.orchestra.run.smithi006.stdout:/usr/bin/ceph: stderr
2024-02-26T05:08:24.288+0000 7f0469000700 1 -- 172.21.15.6:0/1521028197 --> [v2:172.21.15.6:3300/0,v1:172.21.15.6:6789/0] -- mon_subscribe({config=0+,monmap=0+}) v3 -- 0x7f046407b9f0 con 0x7f046407ce30
2024-02-26T05:08:32.362 INFO:teuthology.orchestra.run.smithi006.stdout:/usr/bin/ceph: stderr
2024-02-26T05:08:24.289+0000 7f0469000700 1 --2- 172.21.15.6:0/1521028197 >> [v2:172.21.15.6:3300/0,v1:172.21.15.6:6789/0] conn(0x7f046407ce30 0x7f046407b2e0 secure :-1 s=READY pgs=28 cs=0 l=1 rev1=1 crypto rx=0x7f04580098a0 tx=0x7f0458009bb0 comp rx=0 tx=0).ready entity=mon.0 client_cookie=b73bb2df03cc9a9a server_cookie=0 in_seq=0 out_seq=0
2024-02-26T05:08:32.362 INFO:teuthology.orchestra.run.smithi006.stdout:/usr/bin/ceph: stderr
2024-02-26T05:08:24.289+0000 7f0463400700 1 -- 172.21.15.6:0/1521028197 <== mon.0 v2:172.21.15.6:3300/0 1 ==== mon_map magic: 0 v1 ==== 205+0+0 (secure 0 0 0) 0x7f0458004160 con 0x7f046407ce30
2024-02-26T05:08:32.362 INFO:teuthology.orchestra.run.smithi006.stdout:/usr/bin/ceph: stderr
2024-02-26T05:08:24.289+0000 7f0463400700 1 -- 172.21.15.6:0/1521028197 <== mon.0 v2:172.21.15.6:3300/0 2 ==== config(26 keys) v1 ==== 1071+0+0 (secure 0 0 0) 0x7f04580042c0 con 0x7f046407ce30
2024-02-26T05:08:32.362 INFO:teuthology.orchestra.run.smithi006.stdout:/usr/bin/ceph: stderr
2024-02-26T05:08:24.289+0000 7f0463400700 1 -- 172.21.15.6:0/1521028197 <== mon.0 v2:172.21.15.6:3300/0 3 ==== mon_map magic: 0 v1 ==== 205+0+0 (secure 0 0 0) 0x7f0458011a50 con 0x7f046407ce30
2024-02-26T05:08:32.362 INFO:teuthology.orchestra.run.smithi006.stdout:/usr/bin/ceph: stderr
2024-02-26T05:08:24.290+0000 7f046a400700 1 -- 172.21.15.6:0/1521028197 >> [v2:172.21.15.6:3300/0,v1:172.21.15.6:6789/0] conn(0x7f046407ce30 msgr2=0x7f046407b2e0 secure :-1 s=STATE_CONNECTION_ESTABLISHED l=1).mark_down
2024-02-26T05:08:32.362 INFO:teuthology.orchestra.run.smithi006.stdout:/usr/bin/ceph: stderr
2024-02-26T05:08:24.290+0000 7f046a400700 1 --2- 172.21.15.6:0/1521028197 >> [v2:172.21.15.6:3300/0,v1:172.21.15.6:6789/0] conn(0x7f046407ce30 0x7f046407b2e0 secure :-1 s=READY pgs=28 cs=0 l=1 rev1=1 crypto rx=0x7f04580098a0 tx=0x7f0458009bb0 comp rx=0 tx=0).stop
2024-02-26T05:08:32.362 INFO:teuthology.orchestra.run.smithi006.stdout:/usr/bin/ceph: stderr
2024-02-26T05:08:24.290+0000 7f046a400700 1 -- 172.21.15.6:0/1521028197 shutdown_connections
2024-02-26T05:08:32.362 INFO:teuthology.orchestra.run.smithi006.stdout:/usr/bin/ceph: stderr
2024-02-26T05:08:24.290+0000 7f046a400700 1 --2- 172.21.15.6:0/1521028197 >> [v2:172.21.15.6:3300/0,v1:172.21.15.6:6789/0] conn(0x7f046407ce30 0x7f046407b2e0 unknown :-1 s=CLOSED pgs=28 cs=0 l=1 rev1=1 crypto rx=0 tx=0 comp rx=0 tx=0).stop
2024-02-26T05:08:32.362 INFO:teuthology.orchestra.run.smithi006.stdout:/usr/bin/ceph: stderr
2024-02-26T05:08:24.290+0000 7f046a400700 1 -- 172.21.15.6:0/1521028197 >> 172.21.15.6:0/1521028197 conn(0x7f04641028d0 msgr2=0x7f0464104cf0 unknown :-1 s=STATE_NONE l=0).mark_down
2024-02-26T05:08:32.362 INFO:teuthology.orchestra.run.smithi006.stdout:/usr/bin/ceph: stderr
2024-02-26T05:08:24.290+0000 7f046a400700 1 -- 172.21.15.6:0/1521028197 shutdown_connections
2024-02-26T05:08:32.362 INFO:teuthology.orchestra.run.smithi006.stdout:/usr/bin/ceph: stderr
2024-02-26T05:08:24.290+0000 7f046a400700 1 -- 172.21.15.6:0/1521028197 wait complete.
2024-02-26T05:08:32.362 INFO:teuthology.orchestra.run.smithi006.stdout:/usr/bin/ceph: stderr
2024-02-26T05:08:24.291+0000 7f046a400700 1 Processor -- start
2024-02-26T05:08:32.363 INFO:teuthology.orchestra.run.smithi006.stdout:/usr/bin/ceph: stderr
2024-02-26T05:08:24.292+0000 7f046a400700 1 -- start start
2024-02-26T05:08:32.363 INFO:teuthology.orchestra.run.smithi006.stdout:/usr/bin/ceph: stderr
2024-02-26T05:08:24.292+0000 7f046a400700 1 --2- >> [v2:172.21.15.6:3300/0,v1:172.21.15.6:6789/0] conn(0x7f046407ce30 0x7f046419d0d0 unknown :-1 s=NONE pgs=0 cs=0 l=1 rev1=0 crypto rx=0 tx=0 comp rx=0 tx=0).connect
2024-02-26T05:08:32.363 INFO:teuthology.orchestra.run.smithi006.stdout:/usr/bin/ceph: stderr
2024-02-26T05:08:24.292+0000 7f046a400700 1 -- --> [v2:172.21.15.6:3300/0,v1:172.21.15.6:6789/0] -- mon_getmap magic: 0 v1 -- 0x7f046419d610 con 0x7f046407ce30
2024-02-26T05:08:32.363 INFO:teuthology.orchestra.run.smithi006.stdout:/usr/bin/ceph: stderr
2024-02-26T05:08:24.292+0000 7f0469000700 1 --2- >> [v2:172.21.15.6:3300/0,v1:172.21.15.6:6789/0] conn(0x7f046407ce30 0x7f046419d0d0 unknown :-1 s=BANNER_CONNECTING pgs=0 cs=0 l=1 rev1=0 crypto rx=0 tx=0 comp rx=0 tx=0)._handle_peer_banner_payload supported=3 required=0
2024-02-26T05:08:32.363 INFO:teuthology.orchestra.run.smithi006.stdout:/usr/bin/ceph: stderr
2024-02-26T05:08:24.292+0000 7f0469000700 1 --2- >> [v2:172.21.15.6:3300/0,v1:172.21.15.6:6789/0] conn(0x7f046407ce30 0x7f046419d0d0 unknown :-1 s=HELLO_CONNECTING pgs=0 cs=0 l=1 rev1=1 crypto rx=0 tx=0 comp rx=0 tx=0).handle_hello peer v2:172.21.15.6:3300/0 says I am v2:172.21.15.6:40544/0 (socket says 172.21.15.6:40544)
2024-02-26T05:08:32.363 INFO:teuthology.orchestra.run.smithi006.stdout:/usr/bin/ceph: stderr
2024-02-26T05:08:24.292+0000 7f0469000700 1 -- 172.21.15.6:0/1229817118 learned_addr learned my addr 172.21.15.6:0/1229817118 (peer_addr_for_me v2:172.21.15.6:0/0)
2024-02-26T05:08:32.363 INFO:teuthology.orchestra.run.smithi006.stdout:/usr/bin/ceph: stderr
2024-02-26T05:08:24.293+0000 7f0469000700 1 -- 172.21.15.6:0/1229817118 --> [v2:172.21.15.6:3300/0,v1:172.21.15.6:6789/0] -- mon_subscribe({config=0+,monmap=0+}) v3 -- 0x7f0458009550 con 0x7f046407ce30
2024-02-26T05:08:32.363 INFO:teuthology.orchestra.run.smithi006.stdout:/usr/bin/ceph: stderr
2024-02-26T05:08:24.293+0000 7f0469000700 1 --2- 172.21.15.6:0/1229817118 >> [v2:172.21.15.6:3300/0,v1:172.21.15.6:6789/0] conn(0x7f046407ce30 0x7f046419d0d0 secure :-1 s=READY pgs=29 cs=0 l=1 rev1=1 crypto rx=0x7f0458011a00 tx=0x7f0458011ae0 comp rx=0 tx=0).ready entity=mon.0 client_cookie=0 server_cookie=0 in_seq=0 out_seq=0
2024-02-26T05:08:32.363 INFO:teuthology.orchestra.run.smithi006.stdout:/usr/bin/ceph: stderr
2024-02-26T05:08:24.293+0000 7f0461600700 1 -- 172.21.15.6:0/1229817118 <== mon.0 v2:172.21.15.6:3300/0 1 ==== mon_map magic: 0 v1 ==== 205+0+0 (secure 0 0 0) 0x7f0458003a40 con 0x7f046407ce30
2024-02-26T05:08:32.363 INFO:teuthology.orchestra.run.smithi006.stdout:/usr/bin/ceph: stderr
2024-02-26T05:08:24.293+0000 7f0461600700 1 -- 172.21.15.6:0/1229817118 <== mon.0 v2:172.21.15.6:3300/0 2 ==== config(26 keys) v1 ==== 1071+0+0 (secure 0 0 0) 0x7f0458003ba0 con 0x7f046407ce30
2024-02-26T05:08:32.363 INFO:teuthology.orchestra.run.smithi006.stdout:/usr/bin/ceph: stderr
2024-02-26T05:08:24.293+0000 7f046a400700 1 -- 172.21.15.6:0/1229817118 --> [v2:172.21.15.6:3300/0,v1:172.21.15.6:6789/0] -- mon_subscribe({mgrmap=0+}) v3 -- 0x7f046419d810 con 0x7f046407ce30
2024-02-26T05:08:32.363 INFO:teuthology.orchestra.run.smithi006.stdout:/usr/bin/ceph: stderr
2024-02-26T05:08:24.293+0000 7f0461600700 1 -- 172.21.15.6:0/1229817118 <== mon.0 v2:172.21.15.6:3300/0 3 ==== mon_map magic: 0 v1 ==== 205+0+0 (secure 0 0 0) 0x7f045801a6e0 con 0x7f046407ce30
2024-02-26T05:08:32.363 INFO:teuthology.orchestra.run.smithi006.stdout:/usr/bin/ceph: stderr
2024-02-26T05:08:24.293+0000 7f046a400700 1 -- 172.21.15.6:0/1229817118 --> [v2:172.21.15.6:3300/0,v1:172.21.15.6:6789/0] -- mon_subscribe({osdmap=0}) v3 -- 0x7f046419dcb0 con 0x7f046407ce30
2024-02-26T05:08:32.363 INFO:teuthology.orchestra.run.smithi006.stdout:/usr/bin/ceph: stderr
2024-02-26T05:08:24.295+0000 7f0461600700 1 -- 172.21.15.6:0/1229817118 <== mon.0 v2:172.21.15.6:3300/0 4 ==== mgrmap(e 5) v1 ==== 45932+0+0 (secure 0 0 0) 0x7f0458024af0 con 0x7f046407ce30
2024-02-26T05:08:32.364 INFO:teuthology.orchestra.run.smithi006.stdout:/usr/bin/ceph: stderr
2024-02-26T05:08:24.295+0000 7f0461600700 1 --2- 172.21.15.6:0/1229817118 >> [v2:172.21.15.6:6800/2654489469,v1:172.21.15.6:6801/2654489469] conn(0x7f044c038f30 0x7f044c03b3f0 unknown :-1 s=NONE pgs=0 cs=0 l=1 rev1=0 crypto rx=0 tx=0 comp rx=0 tx=0).connect
2024-02-26T05:08:32.364 INFO:teuthology.orchestra.run.smithi006.stdout:/usr/bin/ceph: stderr
2024-02-26T05:08:24.295+0000 7f0461600700 1 -- 172.21.15.6:0/1229817118 --> [v2:172.21.15.6:6800/2654489469,v1:172.21.15.6:6801/2654489469] -- command(tid 0: {"prefix": "get_command_descriptions"}) v1 -- 0x7f044c03bb00 con 0x7f044c038f30
2024-02-26T05:08:32.364 INFO:teuthology.orchestra.run.smithi006.stdout:/usr/bin/ceph: stderr
2024-02-26T05:08:24.295+0000 7f0461600700 1 -- 172.21.15.6:0/1229817118 <== mon.0 v2:172.21.15.6:3300/0 5 ==== osd_map(1..1 src has 1..1) v4 ==== 725+0+0 (secure 0 0 0) 0x7f045804cd60 con 0x7f046407ce30
2024-02-26T05:08:32.364 INFO:teuthology.orchestra.run.smithi006.stdout:/usr/bin/ceph: stderr
2024-02-26T05:08:24.295+0000 7f0463e00700 1 -- 172.21.15.6:0/1229817118 >> [v2:172.21.15.6:6800/2654489469,v1:172.21.15.6:6801/2654489469] conn(0x7f044c038f30 msgr2=0x7f044c03b3f0 unknown :-1 s=STATE_CONNECTING_RE l=1).process reconnect failed to v2:172.21.15.6:6800/2654489469
2024-02-26T05:08:32.364 INFO:teuthology.orchestra.run.smithi006.stdout:/usr/bin/ceph: stderr
2024-02-26T05:08:24.295+0000 7f0463e00700 1 --2- 172.21.15.6:0/1229817118 >> [v2:172.21.15.6:6800/2654489469,v1:172.21.15.6:6801/2654489469] conn(0x7f044c038f30 0x7f044c03b3f0 unknown :-1 s=START_CONNECT pgs=0 cs=0 l=1 rev1=0 crypto rx=0 tx=0 comp rx=0 tx=0)._fault waiting 0.200000
2024-02-26T05:08:32.364 INFO:teuthology.orchestra.run.smithi006.stdout:/usr/bin/ceph: stderr
2024-02-26T05:08:24.496+0000 7f0463e00700 1 -- 172.21.15.6:0/1229817118 >> [v2:172.21.15.6:6800/2654489469,v1:172.21.15.6:6801/2654489469] conn(0x7f044c038f30 msgr2=0x7f044c03b3f0 unknown :-1 s=STATE_CONNECTING_RE l=1).process reconnect failed to v2:172.21.15.6:6800/2654489469
2024-02-26T05:08:32.364 INFO:teuthology.orchestra.run.smithi006.stdout:/usr/bin/ceph: stderr
2024-02-26T05:08:24.496+0000 7f0463e00700 1 --2- 172.21.15.6:0/1229817118 >> [v2:172.21.15.6:6800/2654489469,v1:172.21.15.6:6801/2654489469] conn(0x7f044c038f30 0x7f044c03b3f0 unknown :-1 s=START_CONNECT pgs=0 cs=0 l=1 rev1=0 crypto rx=0 tx=0 comp rx=0 tx=0)._fault waiting 0.400000
2024-02-26T05:08:32.364 INFO:teuthology.orchestra.run.smithi006.stdout:/usr/bin/ceph: stderr
2024-02-26T05:08:24.897+0000 7f0463e00700 1 -- 172.21.15.6:0/1229817118 >> [v2:172.21.15.6:6800/2654489469,v1:172.21.15.6:6801/2654489469] conn(0x7f044c038f30 msgr2=0x7f044c03b3f0 unknown :-1 s=STATE_CONNECTING_RE l=1).process reconnect failed to v2:172.21.15.6:6800/2654489469
2024-02-26T05:08:32.364 INFO:teuthology.orchestra.run.smithi006.stdout:/usr/bin/ceph: stderr
2024-02-26T05:08:24.897+0000 7f0463e00700 1 --2- 172.21.15.6:0/1229817118 >> [v2:172.21.15.6:6800/2654489469,v1:172.21.15.6:6801/2654489469] conn(0x7f044c038f30 0x7f044c03b3f0 unknown :-1 s=START_CONNECT pgs=0 cs=0 l=1 rev1=0 crypto rx=0 tx=0 comp rx=0 tx=0)._fault waiting 0.800000
2024-02-26T05:08:32.364 INFO:teuthology.orchestra.run.smithi006.stdout:/usr/bin/ceph: stderr
2024-02-26T05:08:25.698+0000 7f0463e00700 1 -- 172.21.15.6:0/1229817118 >> [v2:172.21.15.6:6800/2654489469,v1:172.21.15.6:6801/2654489469] conn(0x7f044c038f30 msgr2=0x7f044c03b3f0 unknown :-1 s=STATE_CONNECTING_RE l=1).process reconnect failed to v2:172.21.15.6:6800/2654489469
2024-02-26T05:08:32.364 INFO:teuthology.orchestra.run.smithi006.stdout:/usr/bin/ceph: stderr
2024-02-26T05:08:25.698+0000 7f0463e00700 1 --2- 172.21.15.6:0/1229817118 >> [v2:172.21.15.6:6800/2654489469,v1:172.21.15.6:6801/2654489469] conn(0x7f044c038f30 0x7f044c03b3f0 unknown :-1 s=START_CONNECT pgs=0 cs=0 l=1 rev1=0 crypto rx=0 tx=0 comp rx=0 tx=0)._fault waiting 1.600000
2024-02-26T05:08:32.365 INFO:teuthology.orchestra.run.smithi006.stdout:/usr/bin/ceph: stderr
2024-02-26T05:08:27.300+0000 7f0463e00700 1 -- 172.21.15.6:0/1229817118 >> [v2:172.21.15.6:6800/2654489469,v1:172.21.15.6:6801/2654489469] conn(0x7f044c038f30 msgr2=0x7f044c03b3f0 unknown :-1 s=STATE_CONNECTING_RE l=1).process reconnect failed to v2:172.21.15.6:6800/2654489469
2024-02-26T05:08:32.365 INFO:teuthology.orchestra.run.smithi006.stdout:/usr/bin/ceph: stderr
2024-02-26T05:08:27.300+0000 7f0463e00700 1 --2- 172.21.15.6:0/1229817118 >> [v2:172.21.15.6:6800/2654489469,v1:172.21.15.6:6801/2654489469] conn(0x7f044c038f30 0x7f044c03b3f0 unknown :-1 s=START_CONNECT pgs=0 cs=0 l=1 rev1=0 crypto rx=0 tx=0 comp rx=0 tx=0)._fault waiting 3.200000
2024-02-26T05:08:32.365 INFO:teuthology.orchestra.run.smithi006.stdout:/usr/bin/ceph: stderr
2024-02-26T05:08:30.503+0000 7f0463e00700 1 -- 172.21.15.6:0/1229817118 >> [v2:172.21.15.6:6800/2654489469,v1:172.21.15.6:6801/2654489469] conn(0x7f044c038f30 msgr2=0x7f044c03b3f0 unknown :-1 s=STATE_CONNECTING_RE l=1).process reconnect failed to v2:172.21.15.6:6800/2654489469
2024-02-26T05:08:32.365 INFO:teuthology.orchestra.run.smithi006.stdout:/usr/bin/ceph: stderr
2024-02-26T05:08:30.503+0000 7f0463e00700 1 --2- 172.21.15.6:0/1229817118 >> [v2:172.21.15.6:6800/2654489469,v1:172.21.15.6:6801/2654489469] conn(0x7f044c038f30 0x7f044c03b3f0 unknown :-1 s=START_CONNECT pgs=0 cs=0 l=1 rev1=0 crypto rx=0 tx=0 comp rx=0 tx=0)._fault waiting 6.400000
2024-02-26T05:08:32.365 INFO:teuthology.orchestra.run.smithi006.stdout:/usr/bin/ceph: stderr
2024-02-26T05:08:30.660+0000 7f0461600700 1 -- 172.21.15.6:0/1229817118 <== mon.0 v2:172.21.15.6:3300/0 6 ==== mgrmap(e 6) v1 ==== 45699+0+0 (secure 0 0 0) 0x7f0458024620 con 0x7f046407ce30
2024-02-26T05:08:32.365 INFO:teuthology.orchestra.run.smithi006.stdout:/usr/bin/ceph: stderr
2024-02-26T05:08:30.660+0000 7f0461600700 1 -- 172.21.15.6:0/1229817118 >> [v2:172.21.15.6:6800/2654489469,v1:172.21.15.6:6801/2654489469] conn(0x7f044c038f30 msgr2=0x7f044c03b3f0 unknown :-1 s=STATE_CONNECTING l=1).mark_down
2024-02-26T05:08:32.365 INFO:teuthology.orchestra.run.smithi006.stdout:/usr/bin/ceph: stderr
2024-02-26T05:08:30.660+0000 7f0461600700 1 --2- 172.21.15.6:0/1229817118 >> [v2:172.21.15.6:6800/2654489469,v1:172.21.15.6:6801/2654489469] conn(0x7f044c038f30 0x7f044c03b3f0 unknown :-1 s=START_CONNECT pgs=0 cs=0 l=1 rev1=0 crypto rx=0 tx=0 comp rx=0 tx=0).stop
2024-02-26T05:08:32.365 INFO:teuthology.orchestra.run.smithi006.stdout:/usr/bin/ceph: stderr
2024-02-26T05:08:31.663+0000 7f0461600700 1 -- 172.21.15.6:0/1229817118 <== mon.0 v2:172.21.15.6:3300/0 7 ==== mgrmap(e 7) v1 ==== 45826+0+0 (secure 0 0 0) 0x7f045804eac0 con 0x7f046407ce30
2024-02-26T05:08:32.365 INFO:teuthology.orchestra.run.smithi006.stdout:/usr/bin/ceph: stderr
2024-02-26T05:08:31.664+0000 7f0461600700 1 --2- 172.21.15.6:0/1229817118 >> [v2:172.21.15.6:6800/3811359204,v1:172.21.15.6:6801/3811359204] conn(0x7f044c03c820 0x7f044c03ec10 unknown :-1 s=NONE pgs=0 cs=0 l=1 rev1=0 crypto rx=0 tx=0 comp rx=0 tx=0).connect
2024-02-26T05:08:32.365 INFO:teuthology.orchestra.run.smithi006.stdout:/usr/bin/ceph: stderr
2024-02-26T05:08:31.664+0000 7f0461600700 1 -- 172.21.15.6:0/1229817118 --> [v2:172.21.15.6:6800/3811359204,v1:172.21.15.6:6801/3811359204] -- command(tid 0: {"prefix": "get_command_descriptions"}) v1 -- 0x7f044c03bb00 con 0x7f044c03c820
2024-02-26T05:08:32.365 INFO:teuthology.orchestra.run.smithi006.stdout:/usr/bin/ceph: stderr
2024-02-26T05:08:31.665+0000 7f0463e00700 1 --2- 172.21.15.6:0/1229817118 >> [v2:172.21.15.6:6800/3811359204,v1:172.21.15.6:6801/3811359204] conn(0x7f044c03c820 0x7f044c03ec10 unknown :-1 s=BANNER_CONNECTING pgs=0 cs=0 l=1 rev1=0 crypto rx=0 tx=0 comp rx=0 tx=0)._handle_peer_banner_payload supported=3 required=0
2024-02-26T05:08:32.365 INFO:teuthology.orchestra.run.smithi006.stdout:/usr/bin/ceph: stderr
2024-02-26T05:08:31.668+0000 7f0463e00700 1 --2- 172.21.15.6:0/1229817118 >> [v2:172.21.15.6:6800/3811359204,v1:172.21.15.6:6801/3811359204] conn(0x7f044c03c820 0x7f044c03ec10 secure :-1 s=READY pgs=4 cs=0 l=1 rev1=1 crypto rx=0x7f0450003a10 tx=0x7f04500092b0 comp rx=0 tx=0).ready entity=mgr.14120 client_cookie=0 server_cookie=0 in_seq=0 out_seq=0
2024-02-26T05:08:32.365 INFO:teuthology.orchestra.run.smithi006.stdout:/usr/bin/ceph: stderr
2024-02-26T05:08:31.670+0000 7f0461600700 1 -- 172.21.15.6:0/1229817118 <== mgr.14120 v2:172.21.15.6:6800/3811359204 1 ==== command_reply(tid 0: 0 ) v1 ==== 8+0+7774 (secure 0 0 0) 0x7f044c03bb00 con 0x7f044c03c820
2024-02-26T05:08:32.365 INFO:teuthology.orchestra.run.smithi006.stdout:/usr/bin/ceph: stderr
2024-02-26T05:08:31.678+0000 7f046a400700 1 -- 172.21.15.6:0/1229817118 --> [v2:172.21.15.6:6800/3811359204,v1:172.21.15.6:6801/3811359204] -- command(tid 1: {"prefix": "mgr_status"}) v1 -- 0x7f046410d5c0 con 0x7f044c03c820
2024-02-26T05:08:32.365 INFO:teuthology.orchestra.run.smithi006.stdout:/usr/bin/ceph: stderr
2024-02-26T05:08:31.678+0000 7f0461600700 1 -- 172.21.15.6:0/1229817118 <== mgr.14120 v2:172.21.15.6:6800/3811359204 2 ==== command_reply(tid 1: 0 ) v1 ==== 8+0+51 (secure 0 0 0) 0x7f046410d5c0 con 0x7f044c03c820
2024-02-26T05:08:32.366 INFO:teuthology.orchestra.run.smithi006.stdout:/usr/bin/ceph: stderr
2024-02-26T05:08:31.679+0000 7f046a400700 1 -- 172.21.15.6:0/1229817118 >> [v2:172.21.15.6:6800/3811359204,v1:172.21.15.6:6801/3811359204] conn(0x7f044c03c820 msgr2=0x7f044c03ec10 secure :-1 s=STATE_CONNECTION_ESTABLISHED l=1).mark_down
2024-02-26T05:08:32.366 INFO:teuthology.orchestra.run.smithi006.stdout:/usr/bin/ceph: stderr
2024-02-26T05:08:31.679+0000 7f046a400700 1 --2- 172.21.15.6:0/1229817118 >> [v2:172.21.15.6:6800/3811359204,v1:172.21.15.6:6801/3811359204] conn(0x7f044c03c820 0x7f044c03ec10 secure :-1 s=READY pgs=4 cs=0 l=1 rev1=1 crypto rx=0x7f0450003a10 tx=0x7f04500092b0 comp rx=0 tx=0).stop
2024-02-26T05:08:32.366 INFO:teuthology.orchestra.run.smithi006.stdout:/usr/bin/ceph: stderr
2024-02-26T05:08:31.679+0000 7f046a400700 1 -- 172.21.15.6:0/1229817118 >> [v2:172.21.15.6:3300/0,v1:172.21.15.6:6789/0] conn(0x7f046407ce30 msgr2=0x7f046419d0d0 secure :-1 s=STATE_CONNECTION_ESTABLISHED l=1).mark_down
2024-02-26T05:08:32.366 INFO:teuthology.orchestra.run.smithi006.stdout:/usr/bin/ceph: stderr
2024-02-26T05:08:31.679+0000 7f046a400700 1 --2- 172.21.15.6:0/1229817118 >> [v2:172.21.15.6:3300/0,v1:172.21.15.6:6789/0] conn(0x7f046407ce30 0x7f046419d0d0 secure :-1 s=READY pgs=29 cs=0 l=1 rev1=1 crypto rx=0x7f0458011a00 tx=0x7f0458011ae0 comp rx=0 tx=0).stop
2024-02-26T05:08:32.366 INFO:teuthology.orchestra.run.smithi006.stdout:/usr/bin/ceph: stderr
2024-02-26T05:08:31.680+0000 7f046a400700 1 -- 172.21.15.6:0/1229817118 shutdown_connections
2024-02-26T05:08:32.366 INFO:teuthology.orchestra.run.smithi006.stdout:/usr/bin/ceph: stderr
2024-02-26T05:08:31.680+0000 7f046a400700 1 --2- 172.21.15.6:0/1229817118 >> [v2:172.21.15.6:3300/0,v1:172.21.15.6:6789/0] conn(0x7f046407ce30 0x7f046419d0d0 unknown :-1 s=CLOSED pgs=29 cs=0 l=1 rev1=1 crypto rx=0 tx=0 comp rx=0 tx=0).stop
2024-02-26T05:08:32.366 INFO:teuthology.orchestra.run.smithi006.stdout:/usr/bin/ceph: stderr
2024-02-26T05:08:31.680+0000 7f046a400700 1 --2- 172.21.15.6:0/1229817118 >> [v2:172.21.15.6:6800/3811359204,v1:172.21.15.6:6801/3811359204] conn(0x7f044c03c820 0x7f044c03ec10 unknown :-1 s=CLOSED pgs=4 cs=0 l=1 rev1=1 crypto rx=0 tx=0 comp rx=0 tx=0).stop
2024-02-26T05:08:32.366 INFO:teuthology.orchestra.run.smithi006.stdout:/usr/bin/ceph: stderr
2024-02-26T05:08:31.680+0000 7f046a400700 1 --2- 172.21.15.6:0/1229817118 >> [v2:172.21.15.6:6800/2654489469,v1:172.21.15.6:6801/2654489469] conn(0x7f044c038f30 0x7f044c03b3f0 unknown :-1 s=CLOSED pgs=0 cs=0 l=1 rev1=0 crypto rx=0 tx=0 comp rx=0 tx=0).stop
2024-02-26T05:08:32.366 INFO:teuthology.orchestra.run.smithi006.stdout:/usr/bin/ceph: stderr
2024-02-26T05:08:31.680+0000 7f046a400700 1 -- 172.21.15.6:0/1229817118 >> 172.21.15.6:0/1229817118 conn(0x7f04641028d0 msgr2=0x7f0464103370 unknown :-1 s=STATE_NONE l=0).mark_down
2024-02-26T05:08:32.366 INFO:teuthology.orchestra.run.smithi006.stdout:/usr/bin/ceph: stderr
2024-02-26T05:08:31.680+0000 7f046a400700 1 -- 172.21.15.6:0/1229817118 shutdown_connections
2024-02-26T05:08:32.366 INFO:teuthology.orchestra.run.smithi006.stdout:/usr/bin/ceph: stderr
2024-02-26T05:08:31.680+0000 7f046a400700 1 -- 172.21.15.6:0/1229817118 wait complete.
2024-02-26T05:08:32.366 INFO:teuthology.orchestra.run.smithi006.stdout:mgr epoch 5 is available
2024-02-26T05:08:32.366 INFO:teuthology.orchestra.run.smithi006.stdout:Setting orchestrator backend to cephadm...
2024-02-26T05:08:33.027 INFO:journalctl@ceph.mon.a.smithi006.stdout:Feb 26 05:08:32 smithi006 ceph-mon[31775]: from='client.14124 -' entity='client.admin' cmd=[{"prefix": "get_command_descriptions"}]: dispatch
2024-02-26T05:08:33.027 INFO:journalctl@ceph.mon.a.smithi006.stdout:Feb 26 05:08:32 smithi006 ceph-mon[31775]: from='client.14124 -' entity='client.admin' cmd=[{"prefix": "mgr_status"}]: dispatch
2024-02-26T05:08:33.027 INFO:journalctl@ceph.mon.a.smithi006.stdout:Feb 26 05:08:32 smithi006 ceph-mon[31775]: [26/Feb/2024:05:08:31] ENGINE Bus STARTING
2024-02-26T05:08:33.027 INFO:journalctl@ceph.mon.a.smithi006.stdout:Feb 26 05:08:32 smithi006 ceph-mon[31775]: [26/Feb/2024:05:08:31] ENGINE Serving on https://172.21.15.6:7150
2024-02-26T05:08:33.027 INFO:journalctl@ceph.mon.a.smithi006.stdout:Feb 26 05:08:32 smithi006 ceph-mon[31775]: [26/Feb/2024:05:08:32] ENGINE Serving on http://172.21.15.6:8765
2024-02-26T05:08:33.027 INFO:journalctl@ceph.mon.a.smithi006.stdout:Feb 26 05:08:32 smithi006 ceph-mon[31775]: [26/Feb/2024:05:08:32] ENGINE Bus STARTED
2024-02-26T05:08:33.028 INFO:journalctl@ceph.mon.a.smithi006.stdout:Feb 26 05:08:32 smithi006 ceph-mon[31775]: from='mgr.14120 172.21.15.6:0/903097519' entity='mgr.x' cmd=[{"prefix": "config dump", "format": "json"}]: dispatch
2024-02-26T05:08:33.880 INFO:journalctl@ceph.mon.a.smithi006.stdout:Feb 26 05:08:33 smithi006 ceph-mon[31775]: mgrmap e8: x(active, since 2s)
2024-02-26T05:08:33.880 INFO:journalctl@ceph.mon.a.smithi006.stdout:Feb 26 05:08:33 smithi006 ceph-mon[31775]: from='client.14132 -' entity='client.admin' cmd=[{"prefix": "orch set backend", "module_name": "cephadm", "target": ["mon-mgr", ""]}]: dispatch
2024-02-26T05:08:33.880 INFO:journalctl@ceph.mon.a.smithi006.stdout:Feb 26 05:08:33 smithi006 ceph-mon[31775]: from='mgr.14120 172.21.15.6:0/903097519' entity='mgr.x'
2024-02-26T05:08:33.880 INFO:journalctl@ceph.mon.a.smithi006.stdout:Feb 26 05:08:33 smithi006 ceph-mon[31775]: from='mgr.14120 172.21.15.6:0/903097519' entity='mgr.x' cmd=[{"prefix": "config dump", "format": "json"}]: dispatch
2024-02-26T05:08:33.962 INFO:teuthology.orchestra.run.smithi006.stdout:/usr/bin/ceph: stderr
2024-02-26T05:08:33.024+0000 7f2cc8800700 1 Processor -- start
2024-02-26T05:08:33.964 INFO:teuthology.orchestra.run.smithi006.stdout:/usr/bin/ceph: stderr
2024-02-26T05:08:33.024+0000 7f2cc8800700 1 -- start start
2024-02-26T05:08:33.964 INFO:teuthology.orchestra.run.smithi006.stdout:/usr/bin/ceph: stderr
2024-02-26T05:08:33.025+0000 7f2cc8800700 1 --2- >> [v2:172.21.15.6:3300/0,v1:172.21.15.6:6789/0] conn(0x7f2cc010f050 0x7f2cc010f470 unknown :-1 s=NONE pgs=0 cs=0 l=0 rev1=0 crypto rx=0 tx=0 comp rx=0 tx=0).connect
2024-02-26T05:08:33.964 INFO:teuthology.orchestra.run.smithi006.stdout:/usr/bin/ceph: stderr
2024-02-26T05:08:33.025+0000 7f2cc8800700 1 -- --> [v2:172.21.15.6:3300/0,v1:172.21.15.6:6789/0] -- mon_getmap magic: 0 v1 -- 0x7f2cc010fa40 con 0x7f2cc010f050
2024-02-26T05:08:33.964 INFO:teuthology.orchestra.run.smithi006.stdout:/usr/bin/ceph: stderr
2024-02-26T05:08:33.025+0000 7f2cc5e00700 1 --2- >> [v2:172.21.15.6:3300/0,v1:172.21.15.6:6789/0] conn(0x7f2cc010f050 0x7f2cc010f470 unknown :-1 s=BANNER_CONNECTING pgs=0 cs=0 l=0 rev1=0 crypto rx=0 tx=0 comp rx=0 tx=0)._handle_peer_banner_payload supported=3 required=0
2024-02-26T05:08:33.964 INFO:teuthology.orchestra.run.smithi006.stdout:/usr/bin/ceph: stderr
2024-02-26T05:08:33.025+0000 7f2cc5e00700 1 --2- >> [v2:172.21.15.6:3300/0,v1:172.21.15.6:6789/0] conn(0x7f2cc010f050 0x7f2cc010f470 unknown :-1 s=HELLO_CONNECTING pgs=0 cs=0 l=0 rev1=1 crypto rx=0 tx=0 comp rx=0 tx=0).handle_hello peer v2:172.21.15.6:3300/0 says I am v2:172.21.15.6:37956/0 (socket says 172.21.15.6:37956)
2024-02-26T05:08:33.964 INFO:teuthology.orchestra.run.smithi006.stdout:/usr/bin/ceph: stderr
2024-02-26T05:08:33.025+0000 7f2cc5e00700 1 -- 172.21.15.6:0/1481679174 learned_addr learned my addr 172.21.15.6:0/1481679174 (peer_addr_for_me v2:172.21.15.6:0/0)
2024-02-26T05:08:33.964 INFO:teuthology.orchestra.run.smithi006.stdout:/usr/bin/ceph: stderr
2024-02-26T05:08:33.026+0000 7f2cc5e00700 1 -- 172.21.15.6:0/1481679174 --> [v2:172.21.15.6:3300/0,v1:172.21.15.6:6789/0] -- mon_subscribe({config=0+,monmap=0+}) v3 -- 0x7f2cc010dcb0 con 0x7f2cc010f050
2024-02-26T05:08:33.964 INFO:teuthology.orchestra.run.smithi006.stdout:/usr/bin/ceph: stderr
2024-02-26T05:08:33.026+0000 7f2cc5e00700 1 --2- 172.21.15.6:0/1481679174 >> [v2:172.21.15.6:3300/0,v1:172.21.15.6:6789/0] conn(0x7f2cc010f050 0x7f2cc010f470 secure :-1 s=READY pgs=37 cs=0 l=1 rev1=1 crypto rx=0x7f2cb40098a0 tx=0x7f2cb4009bb0 comp rx=0 tx=0).ready entity=mon.0 client_cookie=16a288c036f66204 server_cookie=0 in_seq=0 out_seq=0
2024-02-26T05:08:33.964 INFO:teuthology.orchestra.run.smithi006.stdout:/usr/bin/ceph: stderr
2024-02-26T05:08:33.027+0000 7f2cc4a00700 1 -- 172.21.15.6:0/1481679174 <== mon.0 v2:172.21.15.6:3300/0 1 ==== mon_map magic: 0 v1 ==== 205+0+0 (secure 0 0 0) 0x7f2cb4004160 con 0x7f2cc010f050
2024-02-26T05:08:33.964 INFO:teuthology.orchestra.run.smithi006.stdout:/usr/bin/ceph: stderr
2024-02-26T05:08:33.027+0000 7f2cc4a00700 1 -- 172.21.15.6:0/1481679174 <== mon.0 v2:172.21.15.6:3300/0 2 ==== config(26 keys) v1 ==== 1071+0+0 (secure 0 0 0) 0x7f2cb40042c0 con 0x7f2cc010f050
2024-02-26T05:08:33.964 INFO:teuthology.orchestra.run.smithi006.stdout:/usr/bin/ceph: stderr
2024-02-26T05:08:33.027+0000 7f2cc4a00700 1 -- 172.21.15.6:0/1481679174 <== mon.0 v2:172.21.15.6:3300/0 3 ==== mon_map magic: 0 v1 ==== 205+0+0 (secure 0 0 0) 0x7f2cb4011a50 con 0x7f2cc010f050
2024-02-26T05:08:33.965 INFO:teuthology.orchestra.run.smithi006.stdout:/usr/bin/ceph: stderr
2024-02-26T05:08:33.027+0000 7f2cc8800700 1 -- 172.21.15.6:0/1481679174 >> [v2:172.21.15.6:3300/0,v1:172.21.15.6:6789/0] conn(0x7f2cc010f050 msgr2=0x7f2cc010f470 secure :-1 s=STATE_CONNECTION_ESTABLISHED l=1).mark_down
2024-02-26T05:08:33.965 INFO:teuthology.orchestra.run.smithi006.stdout:/usr/bin/ceph: stderr
2024-02-26T05:08:33.027+0000 7f2cc8800700 1 --2- 172.21.15.6:0/1481679174 >> [v2:172.21.15.6:3300/0,v1:172.21.15.6:6789/0] conn(0x7f2cc010f050 0x7f2cc010f470 secure :-1 s=READY pgs=37 cs=0 l=1 rev1=1 crypto rx=0x7f2cb40098a0 tx=0x7f2cb4009bb0 comp rx=0 tx=0).stop
2024-02-26T05:08:33.969 INFO:teuthology.orchestra.run.smithi006.stdout:/usr/bin/ceph: stderr
2024-02-26T05:08:33.028+0000 7f2cc8800700 1 -- 172.21.15.6:0/1481679174 shutdown_connections
2024-02-26T05:08:33.969 INFO:teuthology.orchestra.run.smithi006.stdout:/usr/bin/ceph: stderr
2024-02-26T05:08:33.028+0000 7f2cc8800700 1 --2- 172.21.15.6:0/1481679174 >> [v2:172.21.15.6:3300/0,v1:172.21.15.6:6789/0] conn(0x7f2cc010f050 0x7f2cc010f470 unknown :-1 s=CLOSED pgs=37 cs=0 l=1 rev1=1 crypto rx=0 tx=0 comp rx=0 tx=0).stop
2024-02-26T05:08:33.969 INFO:teuthology.orchestra.run.smithi006.stdout:/usr/bin/ceph: stderr
2024-02-26T05:08:33.028+0000 7f2cc8800700 1 -- 172.21.15.6:0/1481679174 >> 172.21.15.6:0/1481679174 conn(0x7f2cc007cbf0 msgr2=0x7f2cc007f010 unknown :-1 s=STATE_NONE l=0).mark_down
2024-02-26T05:08:33.969 INFO:teuthology.orchestra.run.smithi006.stdout:/usr/bin/ceph: stderr
2024-02-26T05:08:33.028+0000 7f2cc8800700 1 -- 172.21.15.6:0/1481679174 shutdown_connections
2024-02-26T05:08:33.969 INFO:teuthology.orchestra.run.smithi006.stdout:/usr/bin/ceph: stderr
2024-02-26T05:08:33.028+0000 7f2cc8800700 1 -- 172.21.15.6:0/1481679174 wait complete.
2024-02-26T05:08:33.969 INFO:teuthology.orchestra.run.smithi006.stdout:/usr/bin/ceph: stderr
2024-02-26T05:08:33.029+0000 7f2cc8800700 1 Processor -- start
2024-02-26T05:08:33.969 INFO:teuthology.orchestra.run.smithi006.stdout:/usr/bin/ceph: stderr
2024-02-26T05:08:33.029+0000 7f2cc8800700 1 -- start start
2024-02-26T05:08:33.969 INFO:teuthology.orchestra.run.smithi006.stdout:/usr/bin/ceph: stderr
2024-02-26T05:08:33.029+0000 7f2cc8800700 1 --2- >> [v2:172.21.15.6:3300/0,v1:172.21.15.6:6789/0] conn(0x7f2cc010f050 0x7f2cc01a17b0 unknown :-1 s=NONE pgs=0 cs=0 l=1 rev1=0 crypto rx=0 tx=0 comp rx=0 tx=0).connect
2024-02-26T05:08:33.969 INFO:teuthology.orchestra.run.smithi006.stdout:/usr/bin/ceph: stderr
2024-02-26T05:08:33.029+0000 7f2cc8800700 1 -- --> [v2:172.21.15.6:3300/0,v1:172.21.15.6:6789/0] -- mon_getmap magic: 0 v1 -- 0x7f2cc01a1cf0 con 0x7f2cc010f050
2024-02-26T05:08:33.970 INFO:teuthology.orchestra.run.smithi006.stdout:/usr/bin/ceph: stderr
2024-02-26T05:08:33.029+0000 7f2cc5e00700 1 --2- >> [v2:172.21.15.6:3300/0,v1:172.21.15.6:6789/0] conn(0x7f2cc010f050 0x7f2cc01a17b0 unknown :-1 s=BANNER_CONNECTING pgs=0 cs=0 l=1 rev1=0 crypto rx=0 tx=0 comp rx=0 tx=0)._handle_peer_banner_payload supported=3 required=0
2024-02-26T05:08:33.970 INFO:teuthology.orchestra.run.smithi006.stdout:/usr/bin/ceph: stderr
2024-02-26T05:08:33.030+0000 7f2cc5e00700 1 --2- >> [v2:172.21.15.6:3300/0,v1:172.21.15.6:6789/0] conn(0x7f2cc010f050 0x7f2cc01a17b0 unknown :-1 s=HELLO_CONNECTING pgs=0 cs=0 l=1 rev1=1 crypto rx=0 tx=0 comp rx=0 tx=0).handle_hello peer v2:172.21.15.6:3300/0 says I am v2:172.21.15.6:37970/0 (socket says 172.21.15.6:37970)
2024-02-26T05:08:33.970 INFO:teuthology.orchestra.run.smithi006.stdout:/usr/bin/ceph: stderr
2024-02-26T05:08:33.030+0000 7f2cc5e00700 1 -- 172.21.15.6:0/699780890 learned_addr learned my addr 172.21.15.6:0/699780890 (peer_addr_for_me v2:172.21.15.6:0/0)
2024-02-26T05:08:33.970 INFO:teuthology.orchestra.run.smithi006.stdout:/usr/bin/ceph: stderr
