2024-02-26T05:08:37.866+0000 7f708cc00700 1 --2- >> [v2:172.21.15.6:3300/0,v1:172.21.15.6:6789/0] conn(0x7f708810f0e0 0x7f70881a1760 unknown :-1 s=BANNER_CONNECTING pgs=0 cs=0 l=1 rev1=0 crypto rx=0 tx=0 comp rx=0 tx=0)._handle_peer_banner_payload supported=3 required=0
2024-02-26T05:08:38.716 INFO:teuthology.orchestra.run.smithi006.stdout:/usr/bin/ceph: stderr
2024-02-26T05:08:37.866+0000 7f708cc00700 1 --2- >> [v2:172.21.15.6:3300/0,v1:172.21.15.6:6789/0] conn(0x7f708810f0e0 0x7f70881a1760 unknown :-1 s=HELLO_CONNECTING pgs=0 cs=0 l=1 rev1=1 crypto rx=0 tx=0 comp rx=0 tx=0).handle_hello peer v2:172.21.15.6:3300/0 says I am v2:172.21.15.6:38032/0 (socket says 172.21.15.6:38032)
2024-02-26T05:08:38.716 INFO:teuthology.orchestra.run.smithi006.stdout:/usr/bin/ceph: stderr
2024-02-26T05:08:37.866+0000 7f708cc00700 1 -- 172.21.15.6:0/2032046006 learned_addr learned my addr 172.21.15.6:0/2032046006 (peer_addr_for_me v2:172.21.15.6:0/0)
2024-02-26T05:08:38.716 INFO:teuthology.orchestra.run.smithi006.stdout:/usr/bin/ceph: stderr
2024-02-26T05:08:37.867+0000 7f708cc00700 1 -- 172.21.15.6:0/2032046006 --> [v2:172.21.15.6:3300/0,v1:172.21.15.6:6789/0] -- mon_subscribe({config=0+,monmap=0+}) v3 -- 0x7f707c009550 con 0x7f708810f0e0
2024-02-26T05:08:38.716 INFO:teuthology.orchestra.run.smithi006.stdout:/usr/bin/ceph: stderr
2024-02-26T05:08:37.867+0000 7f708cc00700 1 --2- 172.21.15.6:0/2032046006 >> [v2:172.21.15.6:3300/0,v1:172.21.15.6:6789/0] conn(0x7f708810f0e0 0x7f70881a1760 secure :-1 s=READY pgs=44 cs=0 l=1 rev1=1 crypto rx=0x7f707c011710 tx=0x7f707c011ab0 comp rx=0 tx=0).ready entity=mon.0 client_cookie=0 server_cookie=0 in_seq=0 out_seq=0
2024-02-26T05:08:38.717 INFO:teuthology.orchestra.run.smithi006.stdout:/usr/bin/ceph: stderr
2024-02-26T05:08:37.867+0000 7f7085600700 1 -- 172.21.15.6:0/2032046006 <== mon.0 v2:172.21.15.6:3300/0 1 ==== mon_map magic: 0 v1 ==== 205+0+0 (secure 0 0 0) 0x7f707c003af0 con 0x7f708810f0e0
2024-02-26T05:08:38.717 INFO:teuthology.orchestra.run.smithi006.stdout:/usr/bin/ceph: stderr
2024-02-26T05:08:37.867+0000 7f7085600700 1 -- 172.21.15.6:0/2032046006 <== mon.0 v2:172.21.15.6:3300/0 2 ==== config(26 keys) v1 ==== 1071+0+0 (secure 0 0 0) 0x7f707c003c50 con 0x7f708810f0e0
2024-02-26T05:08:38.717 INFO:teuthology.orchestra.run.smithi006.stdout:/usr/bin/ceph: stderr
2024-02-26T05:08:37.867+0000 7f7085600700 1 -- 172.21.15.6:0/2032046006 <== mon.0 v2:172.21.15.6:3300/0 3 ==== mon_map magic: 0 v1 ==== 205+0+0 (secure 0 0 0) 0x7f707c0197a0 con 0x7f708810f0e0
2024-02-26T05:08:38.717 INFO:teuthology.orchestra.run.smithi006.stdout:/usr/bin/ceph: stderr
2024-02-26T05:08:37.867+0000 7f708f600700 1 -- 172.21.15.6:0/2032046006 --> [v2:172.21.15.6:3300/0,v1:172.21.15.6:6789/0] -- mon_subscribe({mgrmap=0+}) v3 -- 0x7f70881a1ea0 con 0x7f708810f0e0
2024-02-26T05:08:38.717 INFO:teuthology.orchestra.run.smithi006.stdout:/usr/bin/ceph: stderr
2024-02-26T05:08:37.867+0000 7f708f600700 1 -- 172.21.15.6:0/2032046006 --> [v2:172.21.15.6:3300/0,v1:172.21.15.6:6789/0] -- mon_subscribe({osdmap=0}) v3 -- 0x7f70881a2340 con 0x7f708810f0e0
2024-02-26T05:08:38.717 INFO:teuthology.orchestra.run.smithi006.stdout:/usr/bin/ceph: stderr
2024-02-26T05:08:37.868+0000 7f7085600700 1 -- 172.21.15.6:0/2032046006 <== mon.0 v2:172.21.15.6:3300/0 4 ==== mgrmap(e 8) v1 ==== 45932+0+0 (secure 0 0 0) 0x7f707c01ac30 con 0x7f708810f0e0
2024-02-26T05:08:38.717 INFO:teuthology.orchestra.run.smithi006.stdout:/usr/bin/ceph: stderr
2024-02-26T05:08:37.868+0000 7f708f600700 1 -- 172.21.15.6:0/2032046006 --> [v2:172.21.15.6:3300/0,v1:172.21.15.6:6789/0] -- mon_command({"prefix": "get_command_descriptions"} v 0) v1 -- 0x7f7088111ef0 con 0x7f708810f0e0
2024-02-26T05:08:38.717 INFO:teuthology.orchestra.run.smithi006.stdout:/usr/bin/ceph: stderr
2024-02-26T05:08:37.869+0000 7f7085600700 1 --2- 172.21.15.6:0/2032046006 >> [v2:172.21.15.6:6800/3811359204,v1:172.21.15.6:6801/3811359204] conn(0x7f7070038f30 0x7f707003b3f0 unknown :-1 s=NONE pgs=0 cs=0 l=1 rev1=0 crypto rx=0 tx=0 comp rx=0 tx=0).connect
2024-02-26T05:08:38.717 INFO:teuthology.orchestra.run.smithi006.stdout:/usr/bin/ceph: stderr
2024-02-26T05:08:37.869+0000 7f7085600700 1 -- 172.21.15.6:0/2032046006 <== mon.0 v2:172.21.15.6:3300/0 5 ==== osd_map(2..2 src has 1..2) v4 ==== 940+0+0 (secure 0 0 0) 0x7f707c04d2e0 con 0x7f708810f0e0
2024-02-26T05:08:38.717 INFO:teuthology.orchestra.run.smithi006.stdout:/usr/bin/ceph: stderr
2024-02-26T05:08:37.869+0000 7f7087e00700 1 --2- 172.21.15.6:0/2032046006 >> [v2:172.21.15.6:6800/3811359204,v1:172.21.15.6:6801/3811359204] conn(0x7f7070038f30 0x7f707003b3f0 unknown :-1 s=BANNER_CONNECTING pgs=0 cs=0 l=1 rev1=0 crypto rx=0 tx=0 comp rx=0 tx=0)._handle_peer_banner_payload supported=3 required=0
2024-02-26T05:08:38.717 INFO:teuthology.orchestra.run.smithi006.stdout:/usr/bin/ceph: stderr
2024-02-26T05:08:37.870+0000 7f7087e00700 1 --2- 172.21.15.6:0/2032046006 >> [v2:172.21.15.6:6800/3811359204,v1:172.21.15.6:6801/3811359204] conn(0x7f7070038f30 0x7f707003b3f0 secure :-1 s=READY pgs=10 cs=0 l=1 rev1=1 crypto rx=0x7f7074006fd0 tx=0x7f7074006e40 comp rx=0 tx=0).ready entity=mgr.14120 client_cookie=0 server_cookie=0 in_seq=0 out_seq=0
2024-02-26T05:08:38.717 INFO:teuthology.orchestra.run.smithi006.stdout:/usr/bin/ceph: stderr
2024-02-26T05:08:37.874+0000 7f7085600700 1 -- 172.21.15.6:0/2032046006 <== mon.0 v2:172.21.15.6:3300/0 6 ==== mon_command_ack([{"prefix": "get_command_descriptions"}]=0 v0) v1 ==== 72+0+183564 (secure 0 0 0) 0x7f707c01a430 con 0x7f708810f0e0
2024-02-26T05:08:38.718 INFO:teuthology.orchestra.run.smithi006.stdout:/usr/bin/ceph: stderr
2024-02-26T05:08:38.099+0000 7f708f600700 1 -- 172.21.15.6:0/2032046006 --> [v2:172.21.15.6:6800/3811359204,v1:172.21.15.6:6801/3811359204] -- mgr_command(tid 0: {"prefix": "cephadm get-pub-key", "target": ["mon-mgr", ""]}) v1 -- 0x7f708807ee40 con 0x7f7070038f30
2024-02-26T05:08:38.718 INFO:teuthology.orchestra.run.smithi006.stdout:/usr/bin/ceph: stderr
2024-02-26T05:08:38.101+0000 7f7085600700 1 -- 172.21.15.6:0/2032046006 <== mgr.14120 v2:172.21.15.6:6800/3811359204 1 ==== mgr_command_reply(tid 0: 0 ) v1 ==== 8+0+595 (secure 0 0 0) 0x7f708807ee40 con 0x7f7070038f30
2024-02-26T05:08:38.718 INFO:teuthology.orchestra.run.smithi006.stdout:/usr/bin/ceph: stderr
2024-02-26T05:08:38.104+0000 7f708f600700 1 -- 172.21.15.6:0/2032046006 >> [v2:172.21.15.6:6800/3811359204,v1:172.21.15.6:6801/3811359204] conn(0x7f7070038f30 msgr2=0x7f707003b3f0 secure :-1 s=STATE_CONNECTION_ESTABLISHED l=1).mark_down
2024-02-26T05:08:38.718 INFO:teuthology.orchestra.run.smithi006.stdout:/usr/bin/ceph: stderr
2024-02-26T05:08:38.104+0000 7f708f600700 1 --2- 172.21.15.6:0/2032046006 >> [v2:172.21.15.6:6800/3811359204,v1:172.21.15.6:6801/3811359204] conn(0x7f7070038f30 0x7f707003b3f0 secure :-1 s=READY pgs=10 cs=0 l=1 rev1=1 crypto rx=0x7f7074006fd0 tx=0x7f7074006e40 comp rx=0 tx=0).stop
2024-02-26T05:08:38.718 INFO:teuthology.orchestra.run.smithi006.stdout:/usr/bin/ceph: stderr
2024-02-26T05:08:38.104+0000 7f708f600700 1 -- 172.21.15.6:0/2032046006 >> [v2:172.21.15.6:3300/0,v1:172.21.15.6:6789/0] conn(0x7f708810f0e0 msgr2=0x7f70881a1760 secure :-1 s=STATE_CONNECTION_ESTABLISHED l=1).mark_down
2024-02-26T05:08:38.718 INFO:teuthology.orchestra.run.smithi006.stdout:/usr/bin/ceph: stderr
2024-02-26T05:08:38.104+0000 7f708f600700 1 --2- 172.21.15.6:0/2032046006 >> [v2:172.21.15.6:3300/0,v1:172.21.15.6:6789/0] conn(0x7f708810f0e0 0x7f70881a1760 secure :-1 s=READY pgs=44 cs=0 l=1 rev1=1 crypto rx=0x7f707c011710 tx=0x7f707c011ab0 comp rx=0 tx=0).stop
2024-02-26T05:08:38.718 INFO:teuthology.orchestra.run.smithi006.stdout:/usr/bin/ceph: stderr
2024-02-26T05:08:38.104+0000 7f708f600700 1 -- 172.21.15.6:0/2032046006 shutdown_connections
2024-02-26T05:08:38.718 INFO:teuthology.orchestra.run.smithi006.stdout:/usr/bin/ceph: stderr
2024-02-26T05:08:38.104+0000 7f708f600700 1 --2- 172.21.15.6:0/2032046006 >> [v2:172.21.15.6:6800/3811359204,v1:172.21.15.6:6801/3811359204] conn(0x7f7070038f30 0x7f707003b3f0 unknown :-1 s=CLOSED pgs=10 cs=0 l=1 rev1=1 crypto rx=0 tx=0 comp rx=0 tx=0).stop
2024-02-26T05:08:38.718 INFO:teuthology.orchestra.run.smithi006.stdout:/usr/bin/ceph: stderr
2024-02-26T05:08:38.104+0000 7f708f600700 1 --2- 172.21.15.6:0/2032046006 >> [v2:172.21.15.6:3300/0,v1:172.21.15.6:6789/0] conn(0x7f708810f0e0 0x7f70881a1760 unknown :-1 s=CLOSED pgs=44 cs=0 l=1 rev1=1 crypto rx=0 tx=0 comp rx=0 tx=0).stop
2024-02-26T05:08:38.718 INFO:teuthology.orchestra.run.smithi006.stdout:/usr/bin/ceph: stderr
2024-02-26T05:08:38.104+0000 7f708f600700 1 -- 172.21.15.6:0/2032046006 >> 172.21.15.6:0/2032046006 conn(0x7f708807cbd0 msgr2=0x7f708807e730 unknown :-1 s=STATE_NONE l=0).mark_down
2024-02-26T05:08:38.719 INFO:teuthology.orchestra.run.smithi006.stdout:/usr/bin/ceph: stderr
2024-02-26T05:08:38.105+0000 7f708f600700 1 -- 172.21.15.6:0/2032046006 shutdown_connections
2024-02-26T05:08:38.719 INFO:teuthology.orchestra.run.smithi006.stdout:/usr/bin/ceph: stderr
2024-02-26T05:08:38.105+0000 7f708f600700 1 -- 172.21.15.6:0/2032046006 wait complete.
2024-02-26T05:08:38.719 INFO:teuthology.orchestra.run.smithi006.stdout:Wrote public SSH key to /home/ubuntu/cephtest/ceph.pub
2024-02-26T05:08:38.719 INFO:teuthology.orchestra.run.smithi006.stdout:Adding key to root@localhost authorized_keys...
2024-02-26T05:08:38.719 INFO:teuthology.orchestra.run.smithi006.stdout:Adding host smithi006...
2024-02-26T05:08:39.021 INFO:journalctl@ceph.mon.a.smithi006.stdout:Feb 26 05:08:38 smithi006 ceph-mon[31775]: from='client.14138 -' entity='client.admin' cmd=[{"prefix": "cephadm get-pub-key", "target": ["mon-mgr", ""]}]: dispatch
2024-02-26T05:08:39.857 INFO:journalctl@ceph.mon.a.smithi006.stdout:Feb 26 05:08:39 smithi006 ceph-mon[31775]: from='client.14140 -' entity='client.admin' cmd=[{"prefix": "orch host add", "hostname": "smithi006", "addr": "172.21.15.6", "target": ["mon-mgr", ""]}]: dispatch
2024-02-26T05:08:42.045 INFO:journalctl@ceph.mon.a.smithi006.stdout:Feb 26 05:08:41 smithi006 ceph-mon[31775]: Deploying cephadm binary to smithi006
2024-02-26T05:08:46.865 INFO:teuthology.orchestra.run.smithi006.stdout:/usr/bin/ceph: stdout Added host 'smithi006' with addr '172.21.15.6'
2024-02-26T05:08:46.865 INFO:teuthology.orchestra.run.smithi006.stdout:/usr/bin/ceph: stderr
2024-02-26T05:08:39.317+0000 7f45dfc00700 1 Processor -- start
2024-02-26T05:08:46.865 INFO:teuthology.orchestra.run.smithi006.stdout:/usr/bin/ceph: stderr
2024-02-26T05:08:39.317+0000 7f45dfc00700 1 -- start start
2024-02-26T05:08:46.865 INFO:teuthology.orchestra.run.smithi006.stdout:/usr/bin/ceph: stderr
2024-02-26T05:08:39.318+0000 7f45dfc00700 1 --2- >> [v2:172.21.15.6:3300/0,v1:172.21.15.6:6789/0] conn(0x7f45d8106370 0x7f45d8106790 unknown :-1 s=NONE pgs=0 cs=0 l=0 rev1=0 crypto rx=0 tx=0 comp rx=0 tx=0).connect
2024-02-26T05:08:46.865 INFO:teuthology.orchestra.run.smithi006.stdout:/usr/bin/ceph: stderr
2024-02-26T05:08:39.318+0000 7f45dfc00700 1 -- --> [v2:172.21.15.6:3300/0,v1:172.21.15.6:6789/0] -- mon_getmap magic: 0 v1 -- 0x7f45d8106d60 con 0x7f45d8106370
2024-02-26T05:08:46.865 INFO:teuthology.orchestra.run.smithi006.stdout:/usr/bin/ceph: stderr
2024-02-26T05:08:39.318+0000 7f45dd200700 1 --2- >> [v2:172.21.15.6:3300/0,v1:172.21.15.6:6789/0] conn(0x7f45d8106370 0x7f45d8106790 unknown :-1 s=BANNER_CONNECTING pgs=0 cs=0 l=0 rev1=0 crypto rx=0 tx=0 comp rx=0 tx=0)._handle_peer_banner_payload supported=3 required=0
2024-02-26T05:08:46.865 INFO:teuthology.orchestra.run.smithi006.stdout:/usr/bin/ceph: stderr
2024-02-26T05:08:39.318+0000 7f45dd200700 1 --2- >> [v2:172.21.15.6:3300/0,v1:172.21.15.6:6789/0] conn(0x7f45d8106370 0x7f45d8106790 unknown :-1 s=HELLO_CONNECTING pgs=0 cs=0 l=0 rev1=1 crypto rx=0 tx=0 comp rx=0 tx=0).handle_hello peer v2:172.21.15.6:3300/0 says I am v2:172.21.15.6:38044/0 (socket says 172.21.15.6:38044)
2024-02-26T05:08:46.865 INFO:teuthology.orchestra.run.smithi006.stdout:/usr/bin/ceph: stderr
2024-02-26T05:08:39.318+0000 7f45dd200700 1 -- 172.21.15.6:0/3916092366 learned_addr learned my addr 172.21.15.6:0/3916092366 (peer_addr_for_me v2:172.21.15.6:0/0)
2024-02-26T05:08:46.865 INFO:teuthology.orchestra.run.smithi006.stdout:/usr/bin/ceph: stderr
2024-02-26T05:08:39.319+0000 7f45dd200700 1 -- 172.21.15.6:0/3916092366 --> [v2:172.21.15.6:3300/0,v1:172.21.15.6:6789/0] -- mon_subscribe({config=0+,monmap=0+}) v3 -- 0x7f45d8107570 con 0x7f45d8106370
2024-02-26T05:08:46.865 INFO:teuthology.orchestra.run.smithi006.stdout:/usr/bin/ceph: stderr
2024-02-26T05:08:39.319+0000 7f45dd200700 1 --2- 172.21.15.6:0/3916092366 >> [v2:172.21.15.6:3300/0,v1:172.21.15.6:6789/0] conn(0x7f45d8106370 0x7f45d8106790 secure :-1 s=READY pgs=45 cs=0 l=1 rev1=1 crypto rx=0x7f45c80098a0 tx=0x7f45c8009bb0 comp rx=0 tx=0).ready entity=mon.0 client_cookie=13e22e6cfd23888e server_cookie=0 in_seq=0 out_seq=0
2024-02-26T05:08:46.865 INFO:teuthology.orchestra.run.smithi006.stdout:/usr/bin/ceph: stderr
2024-02-26T05:08:39.319+0000 7f45d7e00700 1 -- 172.21.15.6:0/3916092366 <== mon.0 v2:172.21.15.6:3300/0 1 ==== mon_map magic: 0 v1 ==== 205+0+0 (secure 0 0 0) 0x7f45c8004160 con 0x7f45d8106370
2024-02-26T05:08:46.865 INFO:teuthology.orchestra.run.smithi006.stdout:/usr/bin/ceph: stderr
2024-02-26T05:08:39.319+0000 7f45d7e00700 1 -- 172.21.15.6:0/3916092366 <== mon.0 v2:172.21.15.6:3300/0 2 ==== config(26 keys) v1 ==== 1071+0+0 (secure 0 0 0) 0x7f45c80042c0 con 0x7f45d8106370
2024-02-26T05:08:46.866 INFO:teuthology.orchestra.run.smithi006.stdout:/usr/bin/ceph: stderr
2024-02-26T05:08:39.319+0000 7f45d7e00700 1 -- 172.21.15.6:0/3916092366 <== mon.0 v2:172.21.15.6:3300/0 3 ==== mon_map magic: 0 v1 ==== 205+0+0 (secure 0 0 0) 0x7f45c8011a50 con 0x7f45d8106370
2024-02-26T05:08:46.866 INFO:teuthology.orchestra.run.smithi006.stdout:/usr/bin/ceph: stderr
2024-02-26T05:08:39.320+0000 7f45dfc00700 1 -- 172.21.15.6:0/3916092366 >> [v2:172.21.15.6:3300/0,v1:172.21.15.6:6789/0] conn(0x7f45d8106370 msgr2=0x7f45d8106790 secure :-1 s=STATE_CONNECTION_ESTABLISHED l=1).mark_down
2024-02-26T05:08:46.866 INFO:teuthology.orchestra.run.smithi006.stdout:/usr/bin/ceph: stderr
2024-02-26T05:08:39.320+0000 7f45dfc00700 1 --2- 172.21.15.6:0/3916092366 >> [v2:172.21.15.6:3300/0,v1:172.21.15.6:6789/0] conn(0x7f45d8106370 0x7f45d8106790 secure :-1 s=READY pgs=45 cs=0 l=1 rev1=1 crypto rx=0x7f45c80098a0 tx=0x7f45c8009bb0 comp rx=0 tx=0).stop
2024-02-26T05:08:46.866 INFO:teuthology.orchestra.run.smithi006.stdout:/usr/bin/ceph: stderr
2024-02-26T05:08:39.320+0000 7f45dfc00700 1 -- 172.21.15.6:0/3916092366 shutdown_connections
2024-02-26T05:08:46.866 INFO:teuthology.orchestra.run.smithi006.stdout:/usr/bin/ceph: stderr
2024-02-26T05:08:39.320+0000 7f45dfc00700 1 --2- 172.21.15.6:0/3916092366 >> [v2:172.21.15.6:3300/0,v1:172.21.15.6:6789/0] conn(0x7f45d8106370 0x7f45d8106790 unknown :-1 s=CLOSED pgs=45 cs=0 l=1 rev1=1 crypto rx=0 tx=0 comp rx=0 tx=0).stop
2024-02-26T05:08:46.866 INFO:teuthology.orchestra.run.smithi006.stdout:/usr/bin/ceph: stderr
2024-02-26T05:08:39.320+0000 7f45dfc00700 1 -- 172.21.15.6:0/3916092366 >> 172.21.15.6:0/3916092366 conn(0x7f45d8101970 msgr2=0x7f45d8103d90 unknown :-1 s=STATE_NONE l=0).mark_down
2024-02-26T05:08:46.866 INFO:teuthology.orchestra.run.smithi006.stdout:/usr/bin/ceph: stderr
2024-02-26T05:08:39.320+0000 7f45dfc00700 1 -- 172.21.15.6:0/3916092366 shutdown_connections
2024-02-26T05:08:46.866 INFO:teuthology.orchestra.run.smithi006.stdout:/usr/bin/ceph: stderr
2024-02-26T05:08:39.320+0000 7f45dfc00700 1 -- 172.21.15.6:0/3916092366 wait complete.
2024-02-26T05:08:46.866 INFO:teuthology.orchestra.run.smithi006.stdout:/usr/bin/ceph: stderr
2024-02-26T05:08:39.321+0000 7f45dfc00700 1 Processor -- start
2024-02-26T05:08:46.866 INFO:teuthology.orchestra.run.smithi006.stdout:/usr/bin/ceph: stderr
2024-02-26T05:08:39.321+0000 7f45dfc00700 1 -- start start
2024-02-26T05:08:46.866 INFO:teuthology.orchestra.run.smithi006.stdout:/usr/bin/ceph: stderr
2024-02-26T05:08:39.322+0000 7f45dfc00700 1 --2- >> [v2:172.21.15.6:3300/0,v1:172.21.15.6:6789/0] conn(0x7f45d8106370 0x7f45d819d420 unknown :-1 s=NONE pgs=0 cs=0 l=1 rev1=0 crypto rx=0 tx=0 comp rx=0 tx=0).connect
2024-02-26T05:08:46.866 INFO:teuthology.orchestra.run.smithi006.stdout:/usr/bin/ceph: stderr
2024-02-26T05:08:39.322+0000 7f45dfc00700 1 -- --> [v2:172.21.15.6:3300/0,v1:172.21.15.6:6789/0] -- mon_getmap magic: 0 v1 -- 0x7f45d819d960 con 0x7f45d8106370
2024-02-26T05:08:46.866 INFO:teuthology.orchestra.run.smithi006.stdout:/usr/bin/ceph: stderr
2024-02-26T05:08:39.322+0000 7f45dd200700 1 --2- >> [v2:172.21.15.6:3300/0,v1:172.21.15.6:6789/0] conn(0x7f45d8106370 0x7f45d819d420 unknown :-1 s=BANNER_CONNECTING pgs=0 cs=0 l=1 rev1=0 crypto rx=0 tx=0 comp rx=0 tx=0)._handle_peer_banner_payload supported=3 required=0
2024-02-26T05:08:46.867 INFO:teuthology.orchestra.run.smithi006.stdout:/usr/bin/ceph: stderr
2024-02-26T05:08:39.322+0000 7f45dd200700 1 --2- >> [v2:172.21.15.6:3300/0,v1:172.21.15.6:6789/0] conn(0x7f45d8106370 0x7f45d819d420 unknown :-1 s=HELLO_CONNECTING pgs=0 cs=0 l=1 rev1=1 crypto rx=0 tx=0 comp rx=0 tx=0).handle_hello peer v2:172.21.15.6:3300/0 says I am v2:172.21.15.6:38058/0 (socket says 172.21.15.6:38058)
2024-02-26T05:08:46.867 INFO:teuthology.orchestra.run.smithi006.stdout:/usr/bin/ceph: stderr
2024-02-26T05:08:39.322+0000 7f45dd200700 1 -- 172.21.15.6:0/4061962382 learned_addr learned my addr 172.21.15.6:0/4061962382 (peer_addr_for_me v2:172.21.15.6:0/0)
2024-02-26T05:08:46.867 INFO:teuthology.orchestra.run.smithi006.stdout:/usr/bin/ceph: stderr
2024-02-26T05:08:39.322+0000 7f45dd200700 1 -- 172.21.15.6:0/4061962382 --> [v2:172.21.15.6:3300/0,v1:172.21.15.6:6789/0] -- mon_subscribe({config=0+,monmap=0+}) v3 -- 0x7f45c8009550 con 0x7f45d8106370
2024-02-26T05:08:46.867 INFO:teuthology.orchestra.run.smithi006.stdout:/usr/bin/ceph: stderr
2024-02-26T05:08:39.323+0000 7f45dd200700 1 --2- 172.21.15.6:0/4061962382 >> [v2:172.21.15.6:3300/0,v1:172.21.15.6:6789/0] conn(0x7f45d8106370 0x7f45d819d420 secure :-1 s=READY pgs=46 cs=0 l=1 rev1=1 crypto rx=0x7f45c8011710 tx=0x7f45c8011ad0 comp rx=0 tx=0).ready entity=mon.0 client_cookie=0 server_cookie=0 in_seq=0 out_seq=0
2024-02-26T05:08:46.867 INFO:teuthology.orchestra.run.smithi006.stdout:/usr/bin/ceph: stderr
2024-02-26T05:08:39.323+0000 7f45d6000700 1 -- 172.21.15.6:0/4061962382 <== mon.0 v2:172.21.15.6:3300/0 1 ==== mon_map magic: 0 v1 ==== 205+0+0 (secure 0 0 0) 0x7f45c80039e0 con 0x7f45d8106370
2024-02-26T05:08:46.867 INFO:teuthology.orchestra.run.smithi006.stdout:/usr/bin/ceph: stderr
2024-02-26T05:08:39.323+0000 7f45d6000700 1 -- 172.21.15.6:0/4061962382 <== mon.0 v2:172.21.15.6:3300/0 2 ==== config(26 keys) v1 ==== 1071+0+0 (secure 0 0 0) 0x7f45c8003b40 con 0x7f45d8106370
2024-02-26T05:08:46.867 INFO:teuthology.orchestra.run.smithi006.stdout:/usr/bin/ceph: stderr
2024-02-26T05:08:39.323+0000 7f45d6000700 1 -- 172.21.15.6:0/4061962382 <== mon.0 v2:172.21.15.6:3300/0 3 ==== mon_map magic: 0 v1 ==== 205+0+0 (secure 0 0 0) 0x7f45c8024730 con 0x7f45d8106370
2024-02-26T05:08:46.867 INFO:teuthology.orchestra.run.smithi006.stdout:/usr/bin/ceph: stderr
2024-02-26T05:08:39.323+0000 7f45dfc00700 1 -- 172.21.15.6:0/4061962382 --> [v2:172.21.15.6:3300/0,v1:172.21.15.6:6789/0] -- mon_subscribe({mgrmap=0+}) v3 -- 0x7f45d819db60 con 0x7f45d8106370
2024-02-26T05:08:46.867 INFO:teuthology.orchestra.run.smithi006.stdout:/usr/bin/ceph: stderr
2024-02-26T05:08:39.323+0000 7f45dfc00700 1 -- 172.21.15.6:0/4061962382 --> [v2:172.21.15.6:3300/0,v1:172.21.15.6:6789/0] -- mon_subscribe({osdmap=0}) v3 -- 0x7f45d819e000 con 0x7f45d8106370
2024-02-26T05:08:46.867 INFO:teuthology.orchestra.run.smithi006.stdout:/usr/bin/ceph: stderr
2024-02-26T05:08:39.325+0000 7f45dfc00700 1 -- 172.21.15.6:0/4061962382 --> [v2:172.21.15.6:3300/0,v1:172.21.15.6:6789/0] -- mon_command({"prefix": "get_command_descriptions"} v 0) v1 -- 0x7f45d81976e0 con 0x7f45d8106370
2024-02-26T05:08:46.867 INFO:teuthology.orchestra.run.smithi006.stdout:/usr/bin/ceph: stderr
2024-02-26T05:08:39.325+0000 7f45d6000700 1 -- 172.21.15.6:0/4061962382 <== mon.0 v2:172.21.15.6:3300/0 4 ==== mgrmap(e 8) v1 ==== 45932+0+0 (secure 0 0 0) 0x7f45c801abc0 con 0x7f45d8106370
2024-02-26T05:08:46.867 INFO:teuthology.orchestra.run.smithi006.stdout:/usr/bin/ceph: stderr
2024-02-26T05:08:39.325+0000 7f45d6000700 1 --2- 172.21.15.6:0/4061962382 >> [v2:172.21.15.6:6800/3811359204,v1:172.21.15.6:6801/3811359204] conn(0x7f45bc038f30 0x7f45bc03b3f0 unknown :-1 s=NONE pgs=0 cs=0 l=1 rev1=0 crypto rx=0 tx=0 comp rx=0 tx=0).connect
2024-02-26T05:08:46.867 INFO:teuthology.orchestra.run.smithi006.stdout:/usr/bin/ceph: stderr
2024-02-26T05:08:39.325+0000 7f45d6000700 1 -- 172.21.15.6:0/4061962382 <== mon.0 v2:172.21.15.6:3300/0 5 ==== osd_map(2..2 src has 1..2) v4 ==== 940+0+0 (secure 0 0 0) 0x7f45c804cfe0 con 0x7f45d8106370
2024-02-26T05:08:46.867 INFO:teuthology.orchestra.run.smithi006.stdout:/usr/bin/ceph: stderr
2024-02-26T05:08:39.326+0000 7f45cfe00700 1 --2- 172.21.15.6:0/4061962382 >> [v2:172.21.15.6:6800/3811359204,v1:172.21.15.6:6801/3811359204] conn(0x7f45bc038f30 0x7f45bc03b3f0 unknown :-1 s=BANNER_CONNECTING pgs=0 cs=0 l=1 rev1=0 crypto rx=0 tx=0 comp rx=0 tx=0)._handle_peer_banner_payload supported=3 required=0
2024-02-26T05:08:46.868 INFO:teuthology.orchestra.run.smithi006.stdout:/usr/bin/ceph: stderr
2024-02-26T05:08:39.326+0000 7f45cfe00700 1 --2- 172.21.15.6:0/4061962382 >> [v2:172.21.15.6:6800/3811359204,v1:172.21.15.6:6801/3811359204] conn(0x7f45bc038f30 0x7f45bc03b3f0 secure :-1 s=READY pgs=11 cs=0 l=1 rev1=1 crypto rx=0x7f45c0006fd0 tx=0x7f45c0006e40 comp rx=0 tx=0).ready entity=mgr.14120 client_cookie=0 server_cookie=0 in_seq=0 out_seq=0
2024-02-26T05:08:46.868 INFO:teuthology.orchestra.run.smithi006.stdout:/usr/bin/ceph: stderr
2024-02-26T05:08:39.331+0000 7f45d6000700 1 -- 172.21.15.6:0/4061962382 <== mon.0 v2:172.21.15.6:3300/0 6 ==== mon_command_ack([{"prefix": "get_command_descriptions"}]=0 v0) v1 ==== 72+0+183564 (secure 0 0 0) 0x7f45c801a430 con 0x7f45d8106370
2024-02-26T05:08:46.868 INFO:teuthology.orchestra.run.smithi006.stdout:/usr/bin/ceph: stderr
2024-02-26T05:08:39.560+0000 7f45dfc00700 1 -- 172.21.15.6:0/4061962382 --> [v2:172.21.15.6:6800/3811359204,v1:172.21.15.6:6801/3811359204] -- mgr_command(tid 0: {"prefix": "orch host add", "hostname": "smithi006", "addr": "172.21.15.6", "target": ["mon-mgr", ""]}) v1 -- 0x7f45d802d9d0 con 0x7f45bc038f30
2024-02-26T05:08:46.868 INFO:teuthology.orchestra.run.smithi006.stdout:/usr/bin/ceph: stderr
2024-02-26T05:08:46.138+0000 7f45d6000700 1 -- 172.21.15.6:0/4061962382 <== mgr.14120 v2:172.21.15.6:6800/3811359204 1 ==== mgr_command_reply(tid 0: 0 ) v1 ==== 8+0+47 (secure 0 0 0) 0x7f45d802d9d0 con 0x7f45bc038f30
2024-02-26T05:08:46.868 INFO:teuthology.orchestra.run.smithi006.stdout:/usr/bin/ceph: stderr
2024-02-26T05:08:46.142+0000 7f45dfc00700 1 -- 172.21.15.6:0/4061962382 >> [v2:172.21.15.6:6800/3811359204,v1:172.21.15.6:6801/3811359204] conn(0x7f45bc038f30 msgr2=0x7f45bc03b3f0 secure :-1 s=STATE_CONNECTION_ESTABLISHED l=1).mark_down
2024-02-26T05:08:46.868 INFO:teuthology.orchestra.run.smithi006.stdout:/usr/bin/ceph: stderr
2024-02-26T05:08:46.142+0000 7f45dfc00700 1 --2- 172.21.15.6:0/4061962382 >> [v2:172.21.15.6:6800/3811359204,v1:172.21.15.6:6801/3811359204] conn(0x7f45bc038f30 0x7f45bc03b3f0 secure :-1 s=READY pgs=11 cs=0 l=1 rev1=1 crypto rx=0x7f45c0006fd0 tx=0x7f45c0006e40 comp rx=0 tx=0).stop
2024-02-26T05:08:46.868 INFO:teuthology.orchestra.run.smithi006.stdout:/usr/bin/ceph: stderr
2024-02-26T05:08:46.142+0000 7f45dfc00700 1 -- 172.21.15.6:0/4061962382 >> [v2:172.21.15.6:3300/0,v1:172.21.15.6:6789/0] conn(0x7f45d8106370 msgr2=0x7f45d819d420 secure :-1 s=STATE_CONNECTION_ESTABLISHED l=1).mark_down
2024-02-26T05:08:46.868 INFO:teuthology.orchestra.run.smithi006.stdout:/usr/bin/ceph: stderr
2024-02-26T05:08:46.142+0000 7f45dfc00700 1 --2- 172.21.15.6:0/4061962382 >> [v2:172.21.15.6:3300/0,v1:172.21.15.6:6789/0] conn(0x7f45d8106370 0x7f45d819d420 secure :-1 s=READY pgs=46 cs=0 l=1 rev1=1 crypto rx=0x7f45c8011710 tx=0x7f45c8011ad0 comp rx=0 tx=0).stop
2024-02-26T05:08:46.868 INFO:teuthology.orchestra.run.smithi006.stdout:/usr/bin/ceph: stderr
2024-02-26T05:08:46.143+0000 7f45dfc00700 1 -- 172.21.15.6:0/4061962382 shutdown_connections
2024-02-26T05:08:46.868 INFO:teuthology.orchestra.run.smithi006.stdout:/usr/bin/ceph: stderr
2024-02-26T05:08:46.143+0000 7f45dfc00700 1 --2- 172.21.15.6:0/4061962382 >> [v2:172.21.15.6:6800/3811359204,v1:172.21.15.6:6801/3811359204] conn(0x7f45bc038f30 0x7f45bc03b3f0 unknown :-1 s=CLOSED pgs=11 cs=0 l=1 rev1=1 crypto rx=0 tx=0 comp rx=0 tx=0).stop
2024-02-26T05:08:46.868 INFO:teuthology.orchestra.run.smithi006.stdout:/usr/bin/ceph: stderr
2024-02-26T05:08:46.143+0000 7f45dfc00700 1 --2- 172.21.15.6:0/4061962382 >> [v2:172.21.15.6:3300/0,v1:172.21.15.6:6789/0] conn(0x7f45d8106370 0x7f45d819d420 unknown :-1 s=CLOSED pgs=46 cs=0 l=1 rev1=1 crypto rx=0 tx=0 comp rx=0 tx=0).stop
2024-02-26T05:08:46.868 INFO:teuthology.orchestra.run.smithi006.stdout:/usr/bin/ceph: stderr
2024-02-26T05:08:46.143+0000 7f45dfc00700 1 -- 172.21.15.6:0/4061962382 >> 172.21.15.6:0/4061962382 conn(0x7f45d8101970 msgr2=0x7f45d8102840 unknown :-1 s=STATE_NONE l=0).mark_down
2024-02-26T05:08:46.868 INFO:teuthology.orchestra.run.smithi006.stdout:/usr/bin/ceph: stderr
2024-02-26T05:08:46.143+0000 7f45dfc00700 1 -- 172.21.15.6:0/4061962382 shutdown_connections
2024-02-26T05:08:46.869 INFO:teuthology.orchestra.run.smithi006.stdout:/usr/bin/ceph: stderr
2024-02-26T05:08:46.143+0000 7f45dfc00700 1 -- 172.21.15.6:0/4061962382 wait complete.
2024-02-26T05:08:46.869 INFO:teuthology.orchestra.run.smithi006.stdout:Deploying unmanaged mon service...
2024-02-26T05:08:47.393 INFO:journalctl@ceph.mon.a.smithi006.stdout:Feb 26 05:08:47 smithi006 ceph-mon[31775]: from='mgr.14120 172.21.15.6:0/903097519' entity='mgr.x'
2024-02-26T05:08:47.393 INFO:journalctl@ceph.mon.a.smithi006.stdout:Feb 26 05:08:47 smithi006 ceph-mon[31775]: Added host smithi006
2024-02-26T05:08:47.393 INFO:journalctl@ceph.mon.a.smithi006.stdout:Feb 26 05:08:47 smithi006 ceph-mon[31775]: from='mgr.14120 172.21.15.6:0/903097519' entity='mgr.x' cmd=[{"prefix": "config dump", "format": "json"}]: dispatch
2024-02-26T05:08:48.633 INFO:teuthology.orchestra.run.smithi006.stdout:/usr/bin/ceph: stdout Scheduled mon update...
2024-02-26T05:08:48.633 INFO:teuthology.orchestra.run.smithi006.stdout:/usr/bin/ceph: stderr
2024-02-26T05:08:47.553+0000 7f790d200700 1 Processor -- start
2024-02-26T05:08:48.633 INFO:teuthology.orchestra.run.smithi006.stdout:/usr/bin/ceph: stderr
2024-02-26T05:08:47.554+0000 7f790d200700 1 -- start start
2024-02-26T05:08:48.633 INFO:teuthology.orchestra.run.smithi006.stdout:/usr/bin/ceph: stderr
2024-02-26T05:08:47.554+0000 7f790d200700 1 --2- >> [v2:172.21.15.6:3300/0,v1:172.21.15.6:6789/0] conn(0x7f7908107fd0 0x7f790810a3c0 unknown :-1 s=NONE pgs=0 cs=0 l=0 rev1=0 crypto rx=0 tx=0 comp rx=0 tx=0).connect
2024-02-26T05:08:48.633 INFO:teuthology.orchestra.run.smithi006.stdout:/usr/bin/ceph: stderr
2024-02-26T05:08:47.554+0000 7f790d200700 1 -- --> [v2:172.21.15.6:3300/0,v1:172.21.15.6:6789/0] -- mon_getmap magic: 0 v1 -- 0x7f790807adb0 con 0x7f7908107fd0
2024-02-26T05:08:48.633 INFO:teuthology.orchestra.run.smithi006.stdout:/usr/bin/ceph: stderr
2024-02-26T05:08:47.555+0000 7f7905e00700 1 --2- >> [v2:172.21.15.6:3300/0,v1:172.21.15.6:6789/0] conn(0x7f7908107fd0 0x7f790810a3c0 unknown :-1 s=BANNER_CONNECTING pgs=0 cs=0 l=0 rev1=0 crypto rx=0 tx=0 comp rx=0 tx=0)._handle_peer_banner_payload supported=3 required=0
2024-02-26T05:08:48.633 INFO:teuthology.orchestra.run.smithi006.stdout:/usr/bin/ceph: stderr
2024-02-26T05:08:47.555+0000 7f7905e00700 1 --2- >> [v2:172.21.15.6:3300/0,v1:172.21.15.6:6789/0] conn(0x7f7908107fd0 0x7f790810a3c0 unknown :-1 s=HELLO_CONNECTING pgs=0 cs=0 l=0 rev1=1 crypto rx=0 tx=0 comp rx=0 tx=0).handle_hello peer v2:172.21.15.6:3300/0 says I am v2:172.21.15.6:58942/0 (socket says 172.21.15.6:58942)
2024-02-26T05:08:48.633 INFO:teuthology.orchestra.run.smithi006.stdout:/usr/bin/ceph: stderr
2024-02-26T05:08:47.555+0000 7f7905e00700 1 -- 172.21.15.6:0/1909448750 learned_addr learned my addr 172.21.15.6:0/1909448750 (peer_addr_for_me v2:172.21.15.6:0/0)
2024-02-26T05:08:48.633 INFO:teuthology.orchestra.run.smithi006.stdout:/usr/bin/ceph: stderr
2024-02-26T05:08:47.555+0000 7f7905e00700 1 -- 172.21.15.6:0/1909448750 --> [v2:172.21.15.6:3300/0,v1:172.21.15.6:6789/0] -- mon_subscribe({config=0+,monmap=0+}) v3 -- 0x7f790807aef0 con 0x7f7908107fd0
2024-02-26T05:08:48.633 INFO:teuthology.orchestra.run.smithi006.stdout:/usr/bin/ceph: stderr
2024-02-26T05:08:47.556+0000 7f7905e00700 1 --2- 172.21.15.6:0/1909448750 >> [v2:172.21.15.6:3300/0,v1:172.21.15.6:6789/0] conn(0x7f7908107fd0 0x7f790810a3c0 secure :-1 s=READY pgs=47 cs=0 l=1 rev1=1 crypto rx=0x7f78f8009ab0 tx=0x7f78f8009dc0 comp rx=0 tx=0).ready entity=mon.0 client_cookie=b85991369f35e930 server_cookie=0 in_seq=0 out_seq=0
2024-02-26T05:08:48.634 INFO:teuthology.orchestra.run.smithi006.stdout:/usr/bin/ceph: stderr
2024-02-26T05:08:47.556+0000 7f7905400700 1 -- 172.21.15.6:0/1909448750 <== mon.0 v2:172.21.15.6:3300/0 1 ==== mon_map magic: 0 v1 ==== 205+0+0 (secure 0 0 0) 0x7f78f8004160 con 0x7f7908107fd0
2024-02-26T05:08:48.634 INFO:teuthology.orchestra.run.smithi006.stdout:/usr/bin/ceph: stderr
2024-02-26T05:08:47.556+0000 7f7905400700 1 -- 172.21.15.6:0/1909448750 <== mon.0 v2:172.21.15.6:3300/0 2 ==== config(26 keys) v1 ==== 1071+0+0 (secure 0 0 0) 0x7f78f800bc70 con 0x7f7908107fd0
2024-02-26T05:08:48.634 INFO:teuthology.orchestra.run.smithi006.stdout:/usr/bin/ceph: stderr
2024-02-26T05:08:47.556+0000 7f7905400700 1 -- 172.21.15.6:0/1909448750 <== mon.0 v2:172.21.15.6:3300/0 3 ==== mon_map magic: 0 v1 ==== 205+0+0 (secure 0 0 0) 0x7f78f8003c80 con 0x7f7908107fd0
2024-02-26T05:08:48.634 INFO:teuthology.orchestra.run.smithi006.stdout:/usr/bin/ceph: stderr
2024-02-26T05:08:47.557+0000 7f790d200700 1 -- 172.21.15.6:0/1909448750 >> [v2:172.21.15.6:3300/0,v1:172.21.15.6:6789/0] conn(0x7f7908107fd0 msgr2=0x7f790810a3c0 secure :-1 s=STATE_CONNECTION_ESTABLISHED l=1).mark_down
2024-02-26T05:08:48.634 INFO:teuthology.orchestra.run.smithi006.stdout:/usr/bin/ceph: stderr
2024-02-26T05:08:47.557+0000 7f790d200700 1 --2- 172.21.15.6:0/1909448750 >> [v2:172.21.15.6:3300/0,v1:172.21.15.6:6789/0] conn(0x7f7908107fd0 0x7f790810a3c0 secure :-1 s=READY pgs=47 cs=0 l=1 rev1=1 crypto rx=0x7f78f8009ab0 tx=0x7f78f8009dc0 comp rx=0 tx=0).stop
2024-02-26T05:08:48.634 INFO:teuthology.orchestra.run.smithi006.stdout:/usr/bin/ceph: stderr
2024-02-26T05:08:47.557+0000 7f790d200700 1 -- 172.21.15.6:0/1909448750 shutdown_connections
2024-02-26T05:08:48.634 INFO:teuthology.orchestra.run.smithi006.stdout:/usr/bin/ceph: stderr
2024-02-26T05:08:47.557+0000 7f790d200700 1 --2- 172.21.15.6:0/1909448750 >> [v2:172.21.15.6:3300/0,v1:172.21.15.6:6789/0] conn(0x7f7908107fd0 0x7f790810a3c0 unknown :-1 s=CLOSED pgs=47 cs=0 l=1 rev1=1 crypto rx=0 tx=0 comp rx=0 tx=0).stop
2024-02-26T05:08:48.634 INFO:teuthology.orchestra.run.smithi006.stdout:/usr/bin/ceph: stderr
2024-02-26T05:08:47.557+0000 7f790d200700 1 -- 172.21.15.6:0/1909448750 >> 172.21.15.6:0/1909448750 conn(0x7f7908101980 msgr2=0x7f7908103da0 unknown :-1 s=STATE_NONE l=0).mark_down
2024-02-26T05:08:48.634 INFO:teuthology.orchestra.run.smithi006.stdout:/usr/bin/ceph: stderr
2024-02-26T05:08:47.557+0000 7f790d200700 1 -- 172.21.15.6:0/1909448750 shutdown_connections
2024-02-26T05:08:48.634 INFO:teuthology.orchestra.run.smithi006.stdout:/usr/bin/ceph: stderr
2024-02-26T05:08:47.557+0000 7f790d200700 1 -- 172.21.15.6:0/1909448750 wait complete.
2024-02-26T05:08:48.634 INFO:teuthology.orchestra.run.smithi006.stdout:/usr/bin/ceph: stderr
2024-02-26T05:08:47.559+0000 7f790d200700 1 Processor -- start
2024-02-26T05:08:48.634 INFO:teuthology.orchestra.run.smithi006.stdout:/usr/bin/ceph: stderr
2024-02-26T05:08:47.559+0000 7f790d200700 1 -- start start
2024-02-26T05:08:48.634 INFO:teuthology.orchestra.run.smithi006.stdout:/usr/bin/ceph: stderr
2024-02-26T05:08:47.559+0000 7f790d200700 1 --2- >> [v2:172.21.15.6:3300/0,v1:172.21.15.6:6789/0] conn(0x7f7908107fd0 0x7f790819d2d0 unknown :-1 s=NONE pgs=0 cs=0 l=1 rev1=0 crypto rx=0 tx=0 comp rx=0 tx=0).connect
2024-02-26T05:08:48.635 INFO:teuthology.orchestra.run.smithi006.stdout:/usr/bin/ceph: stderr
2024-02-26T05:08:47.559+0000 7f790d200700 1 -- --> [v2:172.21.15.6:3300/0,v1:172.21.15.6:6789/0] -- mon_getmap magic: 0 v1 -- 0x7f790819d810 con 0x7f7908107fd0
2024-02-26T05:08:48.635 INFO:teuthology.orchestra.run.smithi006.stdout:/usr/bin/ceph: stderr
2024-02-26T05:08:47.560+0000 7f7905e00700 1 --2- >> [v2:172.21.15.6:3300/0,v1:172.21.15.6:6789/0] conn(0x7f7908107fd0 0x7f790819d2d0 unknown :-1 s=BANNER_CONNECTING pgs=0 cs=0 l=1 rev1=0 crypto rx=0 tx=0 comp rx=0 tx=0)._handle_peer_banner_payload supported=3 required=0
2024-02-26T05:08:48.635 INFO:teuthology.orchestra.run.smithi006.stdout:/usr/bin/ceph: stderr
2024-02-26T05:08:47.560+0000 7f7905e00700 1 --2- >> [v2:172.21.15.6:3300/0,v1:172.21.15.6:6789/0] conn(0x7f7908107fd0 0x7f790819d2d0 unknown :-1 s=HELLO_CONNECTING pgs=0 cs=0 l=1 rev1=1 crypto rx=0 tx=0 comp rx=0 tx=0).handle_hello peer v2:172.21.15.6:3300/0 says I am v2:172.21.15.6:58948/0 (socket says 172.21.15.6:58948)
2024-02-26T05:08:48.635 INFO:teuthology.orchestra.run.smithi006.stdout:/usr/bin/ceph: stderr
2024-02-26T05:08:47.560+0000 7f7905e00700 1 -- 172.21.15.6:0/2176260477 learned_addr learned my addr 172.21.15.6:0/2176260477 (peer_addr_for_me v2:172.21.15.6:0/0)
2024-02-26T05:08:48.635 INFO:teuthology.orchestra.run.smithi006.stdout:/usr/bin/ceph: stderr
2024-02-26T05:08:47.560+0000 7f7905e00700 1 -- 172.21.15.6:0/2176260477 --> [v2:172.21.15.6:3300/0,v1:172.21.15.6:6789/0] -- mon_subscribe({config=0+,monmap=0+}) v3 -- 0x7f78f8009550 con 0x7f7908107fd0
2024-02-26T05:08:48.635 INFO:teuthology.orchestra.run.smithi006.stdout:/usr/bin/ceph: stderr
2024-02-26T05:08:47.560+0000 7f7905e00700 1 --2- 172.21.15.6:0/2176260477 >> [v2:172.21.15.6:3300/0,v1:172.21.15.6:6789/0] conn(0x7f7908107fd0 0x7f790819d2d0 secure :-1 s=READY pgs=48 cs=0 l=1 rev1=1 crypto rx=0x7f78f8000c00 tx=0x7f78f800b890 comp rx=0 tx=0).ready entity=mon.0 client_cookie=0 server_cookie=0 in_seq=0 out_seq=0
2024-02-26T05:08:48.635 INFO:teuthology.orchestra.run.smithi006.stdout:/usr/bin/ceph: stderr
2024-02-26T05:08:47.561+0000 7f78fea00700 1 -- 172.21.15.6:0/2176260477 <== mon.0 v2:172.21.15.6:3300/0 1 ==== mon_map magic: 0 v1 ==== 205+0+0 (secure 0 0 0) 0x7f78f8004100 con 0x7f7908107fd0
2024-02-26T05:08:48.635 INFO:teuthology.orchestra.run.smithi006.stdout:/usr/bin/ceph: stderr
2024-02-26T05:08:47.561+0000 7f78fea00700 1 -- 172.21.15.6:0/2176260477 <== mon.0 v2:172.21.15.6:3300/0 2 ==== config(26 keys) v1 ==== 1071+0+0 (secure 0 0 0) 0x7f78f8004260 con 0x7f7908107fd0
2024-02-26T05:08:48.635 INFO:teuthology.orchestra.run.smithi006.stdout:/usr/bin/ceph: stderr
2024-02-26T05:08:47.561+0000 7f78fea00700 1 -- 172.21.15.6:0/2176260477 <== mon.0 v2:172.21.15.6:3300/0 3 ==== mon_map magic: 0 v1 ==== 205+0+0 (secure 0 0 0) 0x7f78f8011420 con 0x7f7908107fd0
2024-02-26T05:08:48.635 INFO:teuthology.orchestra.run.smithi006.stdout:/usr/bin/ceph: stderr
2024-02-26T05:08:47.561+0000 7f790d200700 1 -- 172.21.15.6:0/2176260477 --> [v2:172.21.15.6:3300/0,v1:172.21.15.6:6789/0] -- mon_subscribe({mgrmap=0+}) v3 -- 0x7f790819da10 con 0x7f7908107fd0
2024-02-26T05:08:48.635 INFO:teuthology.orchestra.run.smithi006.stdout:/usr/bin/ceph: stderr
2024-02-26T05:08:47.561+0000 7f790d200700 1 -- 172.21.15.6:0/2176260477 --> [v2:172.21.15.6:3300/0,v1:172.21.15.6:6789/0] -- mon_subscribe({osdmap=0}) v3 -- 0x7f790819deb0 con 0x7f7908107fd0
2024-02-26T05:08:48.635 INFO:teuthology.orchestra.run.smithi006.stdout:/usr/bin/ceph: stderr
2024-02-26T05:08:47.562+0000 7f78fea00700 1 -- 172.21.15.6:0/2176260477 <== mon.0 v2:172.21.15.6:3300/0 4 ==== mgrmap(e 8) v1 ==== 45932+0+0 (secure 0 0 0) 0x7f78f801a430 con 0x7f7908107fd0
2024-02-26T05:08:48.635 INFO:teuthology.orchestra.run.smithi006.stdout:/usr/bin/ceph: stderr
2024-02-26T05:08:47.562+0000 7f790d200700 1 -- 172.21.15.6:0/2176260477 --> [v2:172.21.15.6:3300/0,v1:172.21.15.6:6789/0] -- mon_command({"prefix": "get_command_descriptions"} v 0) v1 -- 0x7f790810b5c0 con 0x7f7908107fd0
2024-02-26T05:08:48.636 INFO:teuthology.orchestra.run.smithi006.stdout:/usr/bin/ceph: stderr
2024-02-26T05:08:47.563+0000 7f78fea00700 1 --2- 172.21.15.6:0/2176260477 >> [v2:172.21.15.6:6800/3811359204,v1:172.21.15.6:6801/3811359204] conn(0x7f78ec038ff0 0x7f78ec03b4b0 unknown :-1 s=NONE pgs=0 cs=0 l=1 rev1=0 crypto rx=0 tx=0 comp rx=0 tx=0).connect
2024-02-26T05:08:48.636 INFO:teuthology.orchestra.run.smithi006.stdout:/usr/bin/ceph: stderr
2024-02-26T05:08:47.563+0000 7f78fea00700 1 -- 172.21.15.6:0/2176260477 <== mon.0 v2:172.21.15.6:3300/0 5 ==== osd_map(2..2 src has 1..2) v4 ==== 940+0+0 (secure 0 0 0) 0x7f78f804cf30 con 0x7f7908107fd0
2024-02-26T05:08:48.636 INFO:teuthology.orchestra.run.smithi006.stdout:/usr/bin/ceph: stderr
2024-02-26T05:08:47.563+0000 7f78ffe00700 1 --2- 172.21.15.6:0/2176260477 >> [v2:172.21.15.6:6800/3811359204,v1:172.21.15.6:6801/3811359204] conn(0x7f78ec038ff0 0x7f78ec03b4b0 unknown :-1 s=BANNER_CONNECTING pgs=0 cs=0 l=1 rev1=0 crypto rx=0 tx=0 comp rx=0 tx=0)._handle_peer_banner_payload supported=3 required=0
2024-02-26T05:08:48.636 INFO:teuthology.orchestra.run.smithi006.stdout:/usr/bin/ceph: stderr
2024-02-26T05:08:47.564+0000 7f78ffe00700 1 --2- 172.21.15.6:0/2176260477 >> [v2:172.21.15.6:6800/3811359204,v1:172.21.15.6:6801/3811359204] conn(0x7f78ec038ff0 0x7f78ec03b4b0 secure :-1 s=READY pgs=12 cs=0 l=1 rev1=1 crypto rx=0x7f78f0006fd0 tx=0x7f78f0006e40 comp rx=0 tx=0).ready entity=mgr.14120 client_cookie=0 server_cookie=0 in_seq=0 out_seq=0
2024-02-26T05:08:48.636 INFO:teuthology.orchestra.run.smithi006.stdout:/usr/bin/ceph: stderr
2024-02-26T05:08:47.569+0000 7f78fea00700 1 -- 172.21.15.6:0/2176260477 <== mon.0 v2:172.21.15.6:3300/0 6 ==== mon_command_ack([{"prefix": "get_command_descriptions"}]=0 v0) v1 ==== 72+0+183564 (secure 0 0 0) 0x7f78f8018350 con 0x7f7908107fd0
2024-02-26T05:08:48.636 INFO:teuthology.orchestra.run.smithi006.stdout:/usr/bin/ceph: stderr
2024-02-26T05:08:47.819+0000 7f790d200700 1 -- 172.21.15.6:0/2176260477 --> [v2:172.21.15.6:6800/3811359204,v1:172.21.15.6:6801/3811359204] -- mgr_command(tid 0: {"prefix": "orch apply", "service_type": "mon", "unmanaged": true, "target": ["mon-mgr", ""]}) v1 -- 0x7f7908102a40 con 0x7f78ec038ff0
2024-02-26T05:08:48.636 INFO:teuthology.orchestra.run.smithi006.stdout:/usr/bin/ceph: stderr
2024-02-26T05:08:47.830+0000 7f78fea00700 1 -- 172.21.15.6:0/2176260477 <== mgr.14120 v2:172.21.15.6:6800/3811359204 1 ==== mgr_command_reply(tid 0: 0 ) v1 ==== 8+0+24 (secure 0 0 0) 0x7f7908102a40 con 0x7f78ec038ff0
2024-02-26T05:08:48.636 INFO:teuthology.orchestra.run.smithi006.stdout:/usr/bin/ceph: stderr
2024-02-26T05:08:47.833+0000 7f790d200700 1 -- 172.21.15.6:0/2176260477 >> [v2:172.21.15.6:6800/3811359204,v1:172.21.15.6:6801/3811359204] conn(0x7f78ec038ff0 msgr2=0x7f78ec03b4b0 secure :-1 s=STATE_CONNECTION_ESTABLISHED l=1).mark_down
2024-02-26T05:08:48.636 INFO:teuthology.orchestra.run.smithi006.stdout:/usr/bin/ceph: stderr
2024-02-26T05:08:47.833+0000 7f790d200700 1 --2- 172.21.15.6:0/2176260477 >> [v2:172.21.15.6:6800/3811359204,v1:172.21.15.6:6801/3811359204] conn(0x7f78ec038ff0 0x7f78ec03b4b0 secure :-1 s=READY pgs=12 cs=0 l=1 rev1=1 crypto rx=0x7f78f0006fd0 tx=0x7f78f0006e40 comp rx=0 tx=0).stop
2024-02-26T05:08:48.636 INFO:teuthology.orchestra.run.smithi006.stdout:/usr/bin/ceph: stderr
2024-02-26T05:08:47.833+0000 7f790d200700 1 -- 172.21.15.6:0/2176260477 >> [v2:172.21.15.6:3300/0,v1:172.21.15.6:6789/0] conn(0x7f7908107fd0 msgr2=0x7f790819d2d0 secure :-1 s=STATE_CONNECTION_ESTABLISHED l=1).mark_down
2024-02-26T05:08:48.636 INFO:teuthology.orchestra.run.smithi006.stdout:/usr/bin/ceph: stderr
2024-02-26T05:08:47.833+0000 7f790d200700 1 --2- 172.21.15.6:0/2176260477 >> [v2:172.21.15.6:3300/0,v1:172.21.15.6:6789/0] conn(0x7f7908107fd0 0x7f790819d2d0 secure :-1 s=READY pgs=48 cs=0 l=1 rev1=1 crypto rx=0x7f78f8000c00 tx=0x7f78f800b890 comp rx=0 tx=0).stop
2024-02-26T05:08:48.636 INFO:teuthology.orchestra.run.smithi006.stdout:/usr/bin/ceph: stderr
2024-02-26T05:08:47.833+0000 7f790d200700 1 -- 172.21.15.6:0/2176260477 shutdown_connections
2024-02-26T05:08:48.637 INFO:teuthology.orchestra.run.smithi006.stdout:/usr/bin/ceph: stderr
2024-02-26T05:08:47.833+0000 7f790d200700 1 --2- 172.21.15.6:0/2176260477 >> [v2:172.21.15.6:6800/3811359204,v1:172.21.15.6:6801/3811359204] conn(0x7f78ec038ff0 0x7f78ec03b4b0 unknown :-1 s=CLOSED pgs=12 cs=0 l=1 rev1=1 crypto rx=0 tx=0 comp rx=0 tx=0).stop
2024-02-26T05:08:48.637 INFO:teuthology.orchestra.run.smithi006.stdout:/usr/bin/ceph: stderr
2024-02-26T05:08:47.833+0000 7f790d200700 1 --2- 172.21.15.6:0/2176260477 >> [v2:172.21.15.6:3300/0,v1:172.21.15.6:6789/0] conn(0x7f7908107fd0 0x7f790819d2d0 unknown :-1 s=CLOSED pgs=48 cs=0 l=1 rev1=1 crypto rx=0 tx=0 comp rx=0 tx=0).stop
2024-02-26T05:08:48.637 INFO:teuthology.orchestra.run.smithi006.stdout:/usr/bin/ceph: stderr
2024-02-26T05:08:47.833+0000 7f790d200700 1 -- 172.21.15.6:0/2176260477 >> 172.21.15.6:0/2176260477 conn(0x7f7908101980 msgr2=0x7f7908102330 unknown :-1 s=STATE_NONE l=0).mark_down
2024-02-26T05:08:48.637 INFO:teuthology.orchestra.run.smithi006.stdout:/usr/bin/ceph: stderr
2024-02-26T05:08:47.833+0000 7f790d200700 1 -- 172.21.15.6:0/2176260477 shutdown_connections
2024-02-26T05:08:48.637 INFO:teuthology.orchestra.run.smithi006.stdout:/usr/bin/ceph: stderr
2024-02-26T05:08:47.833+0000 7f790d200700 1 -- 172.21.15.6:0/2176260477 wait complete.
2024-02-26T05:08:48.637 INFO:teuthology.orchestra.run.smithi006.stdout:Deploying unmanaged mgr service...
2024-02-26T05:08:49.109 INFO:journalctl@ceph.mon.a.smithi006.stdout:Feb 26 05:08:48 smithi006 ceph-mon[31775]: from='client.14142 -' entity='client.admin' cmd=[{"prefix": "orch apply", "service_type": "mon", "unmanaged": true, "target": ["mon-mgr", ""]}]: dispatch
2024-02-26T05:08:49.109 INFO:journalctl@ceph.mon.a.smithi006.stdout:Feb 26 05:08:48 smithi006 ceph-mon[31775]: Saving service mon spec with placement count:5
2024-02-26T05:08:49.109 INFO:journalctl@ceph.mon.a.smithi006.stdout:Feb 26 05:08:48 smithi006 ceph-mon[31775]: from='mgr.14120 172.21.15.6:0/903097519' entity='mgr.x'
2024-02-26T05:08:50.364 INFO:teuthology.orchestra.run.smithi006.stdout:/usr/bin/ceph: stdout Scheduled mgr update...
2024-02-26T05:08:50.365 INFO:teuthology.orchestra.run.smithi006.stdout:/usr/bin/ceph: stderr
2024-02-26T05:08:49.278+0000 7fdf3ea00700 1 Processor -- start
2024-02-26T05:08:50.365 INFO:teuthology.orchestra.run.smithi006.stdout:/usr/bin/ceph: stderr
2024-02-26T05:08:49.278+0000 7fdf3ea00700 1 -- start start
2024-02-26T05:08:50.365 INFO:teuthology.orchestra.run.smithi006.stdout:/usr/bin/ceph: stderr
2024-02-26T05:08:49.278+0000 7fdf3ea00700 1 --2- >> [v2:172.21.15.6:3300/0,v1:172.21.15.6:6789/0] conn(0x7fdf3807ce70 0x7fdf3807b320 unknown :-1 s=NONE pgs=0 cs=0 l=0 rev1=0 crypto rx=0 tx=0 comp rx=0 tx=0).connect
2024-02-26T05:08:50.365 INFO:teuthology.orchestra.run.smithi006.stdout:/usr/bin/ceph: stderr
2024-02-26T05:08:49.278+0000 7fdf3ea00700 1 -- --> [v2:172.21.15.6:3300/0,v1:172.21.15.6:6789/0] -- mon_getmap magic: 0 v1 -- 0x7fdf3807b8f0 con 0x7fdf3807ce70
2024-02-26T05:08:50.365 INFO:teuthology.orchestra.run.smithi006.stdout:/usr/bin/ceph: stderr
2024-02-26T05:08:49.279+0000 7fdf37e00700 1 --2- >> [v2:172.21.15.6:3300/0,v1:172.21.15.6:6789/0] conn(0x7fdf3807ce70 0x7fdf3807b320 unknown :-1 s=BANNER_CONNECTING pgs=0 cs=0 l=0 rev1=0 crypto rx=0 tx=0 comp rx=0 tx=0)._handle_peer_banner_payload supported=3 required=0
2024-02-26T05:08:50.365 INFO:teuthology.orchestra.run.smithi006.stdout:/usr/bin/ceph: stderr
2024-02-26T05:08:49.279+0000 7fdf37e00700 1 --2- >> [v2:172.21.15.6:3300/0,v1:172.21.15.6:6789/0] conn(0x7fdf3807ce70 0x7fdf3807b320 unknown :-1 s=HELLO_CONNECTING pgs=0 cs=0 l=0 rev1=1 crypto rx=0 tx=0 comp rx=0 tx=0).handle_hello peer v2:172.21.15.6:3300/0 says I am v2:172.21.15.6:58954/0 (socket says 172.21.15.6:58954)
2024-02-26T05:08:50.365 INFO:teuthology.orchestra.run.smithi006.stdout:/usr/bin/ceph: stderr
2024-02-26T05:08:49.279+0000 7fdf37e00700 1 -- 172.21.15.6:0/4166688266 learned_addr learned my addr 172.21.15.6:0/4166688266 (peer_addr_for_me v2:172.21.15.6:0/0)
2024-02-26T05:08:50.365 INFO:teuthology.orchestra.run.smithi006.stdout:/usr/bin/ceph: stderr
2024-02-26T05:08:49.279+0000 7fdf37e00700 1 -- 172.21.15.6:0/4166688266 --> [v2:172.21.15.6:3300/0,v1:172.21.15.6:6789/0] -- mon_subscribe({config=0+,monmap=0+}) v3 -- 0x7fdf3807ba30 con 0x7fdf3807ce70
2024-02-26T05:08:50.365 INFO:teuthology.orchestra.run.smithi006.stdout:/usr/bin/ceph: stderr
2024-02-26T05:08:49.280+0000 7fdf37e00700 1 --2- 172.21.15.6:0/4166688266 >> [v2:172.21.15.6:3300/0,v1:172.21.15.6:6789/0] conn(0x7fdf3807ce70 0x7fdf3807b320 secure :-1 s=READY pgs=49 cs=0 l=1 rev1=1 crypto rx=0x7fdf280098a0 tx=0x7fdf28009bb0 comp rx=0 tx=0).ready entity=mon.0 client_cookie=d12c7ffdbc5f6079 server_cookie=0 in_seq=0 out_seq=0
2024-02-26T05:08:50.365 INFO:teuthology.orchestra.run.smithi006.stdout:/usr/bin/ceph: stderr
2024-02-26T05:08:49.280+0000 7fdf37400700 1 -- 172.21.15.6:0/4166688266 <== mon.0 v2:172.21.15.6:3300/0 1 ==== mon_map magic: 0 v1 ==== 205+0+0 (secure 0 0 0) 0x7fdf28004160 con 0x7fdf3807ce70
2024-02-26T05:08:50.365 INFO:teuthology.orchestra.run.smithi006.stdout:/usr/bin/ceph: stderr
2024-02-26T05:08:49.280+0000 7fdf37400700 1 -- 172.21.15.6:0/4166688266 <== mon.0 v2:172.21.15.6:3300/0 2 ==== config(26 keys) v1 ==== 1071+0+0 (secure 0 0 0) 0x7fdf280042c0 con 0x7fdf3807ce70
2024-02-26T05:08:50.365 INFO:teuthology.orchestra.run.smithi006.stdout:/usr/bin/ceph: stderr
2024-02-26T05:08:49.280+0000 7fdf37400700 1 -- 172.21.15.6:0/4166688266 <== mon.0 v2:172.21.15.6:3300/0 3 ==== mon_map magic: 0 v1 ==== 205+0+0 (secure 0 0 0) 0x7fdf28011a50 con 0x7fdf3807ce70
2024-02-26T05:08:50.365 INFO:teuthology.orchestra.run.smithi006.stdout:/usr/bin/ceph: stderr
2024-02-26T05:08:49.281+0000 7fdf3ea00700 1 -- 172.21.15.6:0/4166688266 >> [v2:172.21.15.6:3300/0,v1:172.21.15.6:6789/0] conn(0x7fdf3807ce70 msgr2=0x7fdf3807b320 secure :-1 s=STATE_CONNECTION_ESTABLISHED l=1).mark_down
2024-02-26T05:08:50.366 INFO:teuthology.orchestra.run.smithi006.stdout:/usr/bin/ceph: stderr
2024-02-26T05:08:49.281+0000 7fdf3ea00700 1 --2- 172.21.15.6:0/4166688266 >> [v2:172.21.15.6:3300/0,v1:172.21.15.6:6789/0] conn(0x7fdf3807ce70 0x7fdf3807b320 secure :-1 s=READY pgs=49 cs=0 l=1 rev1=1 crypto rx=0x7fdf280098a0 tx=0x7fdf28009bb0 comp rx=0 tx=0).stop
2024-02-26T05:08:50.366 INFO:teuthology.orchestra.run.smithi006.stdout:/usr/bin/ceph: stderr
2024-02-26T05:08:49.281+0000 7fdf3ea00700 1 -- 172.21.15.6:0/4166688266 shutdown_connections
2024-02-26T05:08:50.366 INFO:teuthology.orchestra.run.smithi006.stdout:/usr/bin/ceph: stderr
2024-02-26T05:08:49.281+0000 7fdf3ea00700 1 --2- 172.21.15.6:0/4166688266 >> [v2:172.21.15.6:3300/0,v1:172.21.15.6:6789/0] conn(0x7fdf3807ce70 0x7fdf3807b320 unknown :-1 s=CLOSED pgs=49 cs=0 l=1 rev1=1 crypto rx=0 tx=0 comp rx=0 tx=0).stop
2024-02-26T05:08:50.366 INFO:teuthology.orchestra.run.smithi006.stdout:/usr/bin/ceph: stderr
2024-02-26T05:08:49.281+0000 7fdf3ea00700 1 -- 172.21.15.6:0/4166688266 >> 172.21.15.6:0/4166688266 conn(0x7fdf38102ae0 msgr2=0x7fdf38104f00 unknown :-1 s=STATE_NONE l=0).mark_down
2024-02-26T05:08:50.366 INFO:teuthology.orchestra.run.smithi006.stdout:/usr/bin/ceph: stderr
2024-02-26T05:08:49.281+0000 7fdf3ea00700 1 -- 172.21.15.6:0/4166688266 shutdown_connections
2024-02-26T05:08:50.366 INFO:teuthology.orchestra.run.smithi006.stdout:/usr/bin/ceph: stderr
2024-02-26T05:08:49.281+0000 7fdf3ea00700 1 -- 172.21.15.6:0/4166688266 wait complete.
2024-02-26T05:08:50.366 INFO:teuthology.orchestra.run.smithi006.stdout:/usr/bin/ceph: stderr
2024-02-26T05:08:49.282+0000 7fdf3ea00700 1 Processor -- start
2024-02-26T05:08:50.366 INFO:teuthology.orchestra.run.smithi006.stdout:/usr/bin/ceph: stderr
2024-02-26T05:08:49.283+0000 7fdf3ea00700 1 -- start start
2024-02-26T05:08:50.366 INFO:teuthology.orchestra.run.smithi006.stdout:/usr/bin/ceph: stderr
2024-02-26T05:08:49.283+0000 7fdf3ea00700 1 --2- >> [v2:172.21.15.6:3300/0,v1:172.21.15.6:6789/0] conn(0x7fdf3807ce70 0x7fdf381a16f0 unknown :-1 s=NONE pgs=0 cs=0 l=1 rev1=0 crypto rx=0 tx=0 comp rx=0 tx=0).connect
2024-02-26T05:08:50.366 INFO:teuthology.orchestra.run.smithi006.stdout:/usr/bin/ceph: stderr
2024-02-26T05:08:49.283+0000 7fdf3ea00700 1 -- --> [v2:172.21.15.6:3300/0,v1:172.21.15.6:6789/0] -- mon_getmap magic: 0 v1 -- 0x7fdf381a1c30 con 0x7fdf3807ce70
2024-02-26T05:08:50.366 INFO:teuthology.orchestra.run.smithi006.stdout:/usr/bin/ceph: stderr
2024-02-26T05:08:49.283+0000 7fdf37e00700 1 --2- >> [v2:172.21.15.6:3300/0,v1:172.21.15.6:6789/0] conn(0x7fdf3807ce70 0x7fdf381a16f0 unknown :-1 s=BANNER_CONNECTING pgs=0 cs=0 l=1 rev1=0 crypto rx=0 tx=0 comp rx=0 tx=0)._handle_peer_banner_payload supported=3 required=0
2024-02-26T05:08:50.366 INFO:teuthology.orchestra.run.smithi006.stdout:/usr/bin/ceph: stderr
2024-02-26T05:08:49.283+0000 7fdf37e00700 1 --2- >> [v2:172.21.15.6:3300/0,v1:172.21.15.6:6789/0] conn(0x7fdf3807ce70 0x7fdf381a16f0 unknown :-1 s=HELLO_CONNECTING pgs=0 cs=0 l=1 rev1=1 crypto rx=0 tx=0 comp rx=0 tx=0).handle_hello peer v2:172.21.15.6:3300/0 says I am v2:172.21.15.6:58968/0 (socket says 172.21.15.6:58968)
2024-02-26T05:08:50.366 INFO:teuthology.orchestra.run.smithi006.stdout:/usr/bin/ceph: stderr
2024-02-26T05:08:49.283+0000 7fdf37e00700 1 -- 172.21.15.6:0/870881430 learned_addr learned my addr 172.21.15.6:0/870881430 (peer_addr_for_me v2:172.21.15.6:0/0)
2024-02-26T05:08:50.366 INFO:teuthology.orchestra.run.smithi006.stdout:/usr/bin/ceph: stderr
