2024-02-26T04:48:41.371 INFO:teuthology.orchestra.run.smithi112.stdout:/usr/bin/ceph: stderr
2024-02-26T04:48:40.694+0000 7f361f600700 1 -- 172.21.15.112:0/2218123485 >> [v2:172.21.15.112:3300/0,v1:172.21.15.112:6789/0] conn(0x7f361807ce80 msgr2=0x7f361819d700 secure :-1 s=STATE_CONNECTION_ESTABLISHED l=1).mark_down
2024-02-26T04:48:41.371 INFO:teuthology.orchestra.run.smithi112.stdout:/usr/bin/ceph: stderr
2024-02-26T04:48:40.694+0000 7f361f600700 1 --2- 172.21.15.112:0/2218123485 >> [v2:172.21.15.112:3300/0,v1:172.21.15.112:6789/0] conn(0x7f361807ce80 0x7f361819d700 secure :-1 s=READY pgs=71 cs=0 l=1 rev1=1 crypto rx=0x7f360c011b40 tx=0x7f360c011c20 comp rx=0 tx=0).stop
2024-02-26T04:48:41.371 INFO:teuthology.orchestra.run.smithi112.stdout:/usr/bin/ceph: stderr
2024-02-26T04:48:40.694+0000 7f361f600700 1 -- 172.21.15.112:0/2218123485 shutdown_connections
2024-02-26T04:48:41.371 INFO:teuthology.orchestra.run.smithi112.stdout:/usr/bin/ceph: stderr
2024-02-26T04:48:40.694+0000 7f361f600700 1 --2- 172.21.15.112:0/2218123485 >> [v2:172.21.15.112:6800/2651562415,v1:172.21.15.112:6801/2651562415] conn(0x7f3600038ff0 0x7f360003b4b0 unknown :-1 s=CLOSED pgs=7 cs=0 l=1 rev1=1 crypto rx=0 tx=0 comp rx=0 tx=0).stop
2024-02-26T04:48:41.371 INFO:teuthology.orchestra.run.smithi112.stdout:/usr/bin/ceph: stderr
2024-02-26T04:48:40.694+0000 7f361f600700 1 --2- 172.21.15.112:0/2218123485 >> [v2:172.21.15.112:3300/0,v1:172.21.15.112:6789/0] conn(0x7f361807ce80 0x7f361819d700 unknown :-1 s=CLOSED pgs=71 cs=0 l=1 rev1=1 crypto rx=0 tx=0 comp rx=0 tx=0).stop
2024-02-26T04:48:41.371 INFO:teuthology.orchestra.run.smithi112.stdout:/usr/bin/ceph: stderr
2024-02-26T04:48:40.694+0000 7f361f600700 1 -- 172.21.15.112:0/2218123485 >> 172.21.15.112:0/2218123485 conn(0x7f3618102ea0 msgr2=0x7f3618103850 unknown :-1 s=STATE_NONE l=0).mark_down
2024-02-26T04:48:41.372 INFO:teuthology.orchestra.run.smithi112.stdout:/usr/bin/ceph: stderr
2024-02-26T04:48:40.694+0000 7f361f600700 1 -- 172.21.15.112:0/2218123485 shutdown_connections
2024-02-26T04:48:41.372 INFO:teuthology.orchestra.run.smithi112.stdout:/usr/bin/ceph: stderr
2024-02-26T04:48:40.694+0000 7f361f600700 1 -- 172.21.15.112:0/2218123485 wait complete.
2024-02-26T04:48:41.372 INFO:teuthology.orchestra.run.smithi112.stdout:Creating initial admin user...
2024-02-26T04:48:41.970 INFO:journalctl@ceph.mon.a.smithi112.stdout:Feb 26 04:48:41 smithi112 ceph-mon[31817]: from='client.14164 -' entity='client.admin' cmd=[{"prefix": "dashboard create-self-signed-cert", "target": ["mon-mgr", ""]}]: dispatch
2024-02-26T04:48:41.970 INFO:journalctl@ceph.mon.a.smithi112.stdout:Feb 26 04:48:41 smithi112 ceph-mon[31817]: from='mgr.14152 172.21.15.112:0/403211406' entity='mgr.x'
2024-02-26T04:48:41.971 INFO:journalctl@ceph.mon.a.smithi112.stdout:Feb 26 04:48:41 smithi112 ceph-mon[31817]: from='mgr.14152 172.21.15.112:0/403211406' entity='mgr.x'
2024-02-26T04:48:43.224 INFO:journalctl@ceph.mon.a.smithi112.stdout:Feb 26 04:48:43 smithi112 ceph-mon[31817]: from='mgr.14152 172.21.15.112:0/403211406' entity='mgr.x'
2024-02-26T04:48:43.225 INFO:journalctl@ceph.mon.a.smithi112.stdout:Feb 26 04:48:43 smithi112 ceph-mon[31817]: from='client.14166 -' entity='client.admin' cmd=[{"prefix": "dashboard ac-user-create", "username": "admin", "rolename": "administrator", "force_password": true, "pwd_update_required": true, "target": ["mon-mgr", ""]}]: dispatch
2024-02-26T04:48:43.225 INFO:journalctl@ceph.mon.a.smithi112.stdout:Feb 26 04:48:43 smithi112 ceph-mon[31817]: from='mgr.14152 172.21.15.112:0/403211406' entity='mgr.x'
2024-02-26T04:48:43.232 INFO:teuthology.orchestra.run.smithi112.stdout:/usr/bin/ceph: stdout {"username": "admin", "password": "$2b$12$LzkGL9WUMi1oNsi0jasQfe752SsO8.WdGNSpPbQarSGabDTR73ING", "roles": ["administrator"], "name": null, "email": null, "lastUpdate": 1708922922, "enabled": true, "pwdExpirationDate": null, "pwdUpdateRequired": true}
2024-02-26T04:48:43.233 INFO:teuthology.orchestra.run.smithi112.stdout:/usr/bin/ceph: stderr
2024-02-26T04:48:42.004+0000 7fe6e9800700 1 Processor -- start
2024-02-26T04:48:43.233 INFO:teuthology.orchestra.run.smithi112.stdout:/usr/bin/ceph: stderr
2024-02-26T04:48:42.004+0000 7fe6e9800700 1 -- start start
2024-02-26T04:48:43.233 INFO:teuthology.orchestra.run.smithi112.stdout:/usr/bin/ceph: stderr
2024-02-26T04:48:42.005+0000 7fe6e9800700 1 --2- >> [v2:172.21.15.112:3300/0,v1:172.21.15.112:6789/0] conn(0x7fe6e4107800 0x7fe6e4107c20 unknown :-1 s=NONE pgs=0 cs=0 l=0 rev1=0 crypto rx=0 tx=0 comp rx=0 tx=0).connect
2024-02-26T04:48:43.233 INFO:teuthology.orchestra.run.smithi112.stdout:/usr/bin/ceph: stderr
2024-02-26T04:48:42.005+0000 7fe6e9800700 1 -- --> [v2:172.21.15.112:3300/0,v1:172.21.15.112:6789/0] -- mon_getmap magic: 0 v1 -- 0x7fe6e41081f0 con 0x7fe6e4107800
2024-02-26T04:48:43.233 INFO:teuthology.orchestra.run.smithi112.stdout:/usr/bin/ceph: stderr
2024-02-26T04:48:42.005+0000 7fe6e2a00700 1 --2- >> [v2:172.21.15.112:3300/0,v1:172.21.15.112:6789/0] conn(0x7fe6e4107800 0x7fe6e4107c20 unknown :-1 s=BANNER_CONNECTING pgs=0 cs=0 l=0 rev1=0 crypto rx=0 tx=0 comp rx=0 tx=0)._handle_peer_banner_payload supported=3 required=0
2024-02-26T04:48:43.238 INFO:teuthology.orchestra.run.smithi112.stdout:/usr/bin/ceph: stderr
2024-02-26T04:48:42.005+0000 7fe6e2a00700 1 --2- >> [v2:172.21.15.112:3300/0,v1:172.21.15.112:6789/0] conn(0x7fe6e4107800 0x7fe6e4107c20 unknown :-1 s=HELLO_CONNECTING pgs=0 cs=0 l=0 rev1=1 crypto rx=0 tx=0 comp rx=0 tx=0).handle_hello peer v2:172.21.15.112:3300/0 says I am v2:172.21.15.112:43044/0 (socket says 172.21.15.112:43044)
2024-02-26T04:48:43.238 INFO:teuthology.orchestra.run.smithi112.stdout:/usr/bin/ceph: stderr
2024-02-26T04:48:42.005+0000 7fe6e2a00700 1 -- 172.21.15.112:0/2004891976 learned_addr learned my addr 172.21.15.112:0/2004891976 (peer_addr_for_me v2:172.21.15.112:0/0)
2024-02-26T04:48:43.238 INFO:teuthology.orchestra.run.smithi112.stdout:/usr/bin/ceph: stderr
2024-02-26T04:48:42.005+0000 7fe6e2a00700 1 -- 172.21.15.112:0/2004891976 --> [v2:172.21.15.112:3300/0,v1:172.21.15.112:6789/0] -- mon_subscribe({config=0+,monmap=0+}) v3 -- 0x7fe6e4108a00 con 0x7fe6e4107800
2024-02-26T04:48:43.238 INFO:teuthology.orchestra.run.smithi112.stdout:/usr/bin/ceph: stderr
2024-02-26T04:48:42.006+0000 7fe6e2a00700 1 --2- 172.21.15.112:0/2004891976 >> [v2:172.21.15.112:3300/0,v1:172.21.15.112:6789/0] conn(0x7fe6e4107800 0x7fe6e4107c20 secure :-1 s=READY pgs=72 cs=0 l=1 rev1=1 crypto rx=0x7fe6d40098a0 tx=0x7fe6d4009bb0 comp rx=0 tx=0).ready entity=mon.0 client_cookie=26c4081904cfcd4a server_cookie=0 in_seq=0 out_seq=0
2024-02-26T04:48:43.239 INFO:teuthology.orchestra.run.smithi112.stdout:/usr/bin/ceph: stderr
2024-02-26T04:48:42.006+0000 7fe6e1600700 1 -- 172.21.15.112:0/2004891976 <== mon.0 v2:172.21.15.112:3300/0 1 ==== mon_map magic: 0 v1 ==== 205+0+0 (secure 0 0 0) 0x7fe6d4004160 con 0x7fe6e4107800
2024-02-26T04:48:43.239 INFO:teuthology.orchestra.run.smithi112.stdout:/usr/bin/ceph: stderr
2024-02-26T04:48:42.006+0000 7fe6e1600700 1 -- 172.21.15.112:0/2004891976 <== mon.0 v2:172.21.15.112:3300/0 2 ==== config(28 keys) v1 ==== 1174+0+0 (secure 0 0 0) 0x7fe6d40042c0 con 0x7fe6e4107800
2024-02-26T04:48:43.239 INFO:teuthology.orchestra.run.smithi112.stdout:/usr/bin/ceph: stderr
2024-02-26T04:48:42.006+0000 7fe6e1600700 1 -- 172.21.15.112:0/2004891976 <== mon.0 v2:172.21.15.112:3300/0 3 ==== mon_map magic: 0 v1 ==== 205+0+0 (secure 0 0 0) 0x7fe6d4011b90 con 0x7fe6e4107800
2024-02-26T04:48:43.239 INFO:teuthology.orchestra.run.smithi112.stdout:/usr/bin/ceph: stderr
2024-02-26T04:48:42.007+0000 7fe6e9800700 1 -- 172.21.15.112:0/2004891976 >> [v2:172.21.15.112:3300/0,v1:172.21.15.112:6789/0] conn(0x7fe6e4107800 msgr2=0x7fe6e4107c20 secure :-1 s=STATE_CONNECTION_ESTABLISHED l=1).mark_down
2024-02-26T04:48:43.239 INFO:teuthology.orchestra.run.smithi112.stdout:/usr/bin/ceph: stderr
2024-02-26T04:48:42.007+0000 7fe6e9800700 1 --2- 172.21.15.112:0/2004891976 >> [v2:172.21.15.112:3300/0,v1:172.21.15.112:6789/0] conn(0x7fe6e4107800 0x7fe6e4107c20 secure :-1 s=READY pgs=72 cs=0 l=1 rev1=1 crypto rx=0x7fe6d40098a0 tx=0x7fe6d4009bb0 comp rx=0 tx=0).stop
2024-02-26T04:48:43.239 INFO:teuthology.orchestra.run.smithi112.stdout:/usr/bin/ceph: stderr
2024-02-26T04:48:42.007+0000 7fe6e9800700 1 -- 172.21.15.112:0/2004891976 shutdown_connections
2024-02-26T04:48:43.239 INFO:teuthology.orchestra.run.smithi112.stdout:/usr/bin/ceph: stderr
2024-02-26T04:48:42.007+0000 7fe6e9800700 1 --2- 172.21.15.112:0/2004891976 >> [v2:172.21.15.112:3300/0,v1:172.21.15.112:6789/0] conn(0x7fe6e4107800 0x7fe6e4107c20 unknown :-1 s=CLOSED pgs=72 cs=0 l=1 rev1=1 crypto rx=0 tx=0 comp rx=0 tx=0).stop
2024-02-26T04:48:43.239 INFO:teuthology.orchestra.run.smithi112.stdout:/usr/bin/ceph: stderr
2024-02-26T04:48:42.007+0000 7fe6e9800700 1 -- 172.21.15.112:0/2004891976 >> 172.21.15.112:0/2004891976 conn(0x7fe6e4102ea0 msgr2=0x7fe6e41052c0 unknown :-1 s=STATE_NONE l=0).mark_down
2024-02-26T04:48:43.239 INFO:teuthology.orchestra.run.smithi112.stdout:/usr/bin/ceph: stderr
2024-02-26T04:48:42.007+0000 7fe6e9800700 1 -- 172.21.15.112:0/2004891976 shutdown_connections
2024-02-26T04:48:43.239 INFO:teuthology.orchestra.run.smithi112.stdout:/usr/bin/ceph: stderr
2024-02-26T04:48:42.008+0000 7fe6e9800700 1 -- 172.21.15.112:0/2004891976 wait complete.
2024-02-26T04:48:43.239 INFO:teuthology.orchestra.run.smithi112.stdout:/usr/bin/ceph: stderr
2024-02-26T04:48:42.009+0000 7fe6e9800700 1 Processor -- start
2024-02-26T04:48:43.239 INFO:teuthology.orchestra.run.smithi112.stdout:/usr/bin/ceph: stderr
2024-02-26T04:48:42.009+0000 7fe6e9800700 1 -- start start
2024-02-26T04:48:43.239 INFO:teuthology.orchestra.run.smithi112.stdout:/usr/bin/ceph: stderr
2024-02-26T04:48:42.009+0000 7fe6e9800700 1 --2- >> [v2:172.21.15.112:3300/0,v1:172.21.15.112:6789/0] conn(0x7fe6e4107800 0x7fe6e419d760 unknown :-1 s=NONE pgs=0 cs=0 l=1 rev1=0 crypto rx=0 tx=0 comp rx=0 tx=0).connect
2024-02-26T04:48:43.239 INFO:teuthology.orchestra.run.smithi112.stdout:/usr/bin/ceph: stderr
2024-02-26T04:48:42.009+0000 7fe6e9800700 1 -- --> [v2:172.21.15.112:3300/0,v1:172.21.15.112:6789/0] -- mon_getmap magic: 0 v1 -- 0x7fe6e419dca0 con 0x7fe6e4107800
2024-02-26T04:48:43.240 INFO:teuthology.orchestra.run.smithi112.stdout:/usr/bin/ceph: stderr
2024-02-26T04:48:42.010+0000 7fe6e2a00700 1 --2- >> [v2:172.21.15.112:3300/0,v1:172.21.15.112:6789/0] conn(0x7fe6e4107800 0x7fe6e419d760 unknown :-1 s=BANNER_CONNECTING pgs=0 cs=0 l=1 rev1=0 crypto rx=0 tx=0 comp rx=0 tx=0)._handle_peer_banner_payload supported=3 required=0
2024-02-26T04:48:43.240 INFO:teuthology.orchestra.run.smithi112.stdout:/usr/bin/ceph: stderr
2024-02-26T04:48:42.010+0000 7fe6e2a00700 1 --2- >> [v2:172.21.15.112:3300/0,v1:172.21.15.112:6789/0] conn(0x7fe6e4107800 0x7fe6e419d760 unknown :-1 s=HELLO_CONNECTING pgs=0 cs=0 l=1 rev1=1 crypto rx=0 tx=0 comp rx=0 tx=0).handle_hello peer v2:172.21.15.112:3300/0 says I am v2:172.21.15.112:43052/0 (socket says 172.21.15.112:43052)
2024-02-26T04:48:43.240 INFO:teuthology.orchestra.run.smithi112.stdout:/usr/bin/ceph: stderr
2024-02-26T04:48:42.010+0000 7fe6e2a00700 1 -- 172.21.15.112:0/2534155865 learned_addr learned my addr 172.21.15.112:0/2534155865 (peer_addr_for_me v2:172.21.15.112:0/0)
2024-02-26T04:48:43.240 INFO:teuthology.orchestra.run.smithi112.stdout:/usr/bin/ceph: stderr
2024-02-26T04:48:42.010+0000 7fe6e2a00700 1 -- 172.21.15.112:0/2534155865 --> [v2:172.21.15.112:3300/0,v1:172.21.15.112:6789/0] -- mon_subscribe({config=0+,monmap=0+}) v3 -- 0x7fe6d4009550 con 0x7fe6e4107800
2024-02-26T04:48:43.240 INFO:teuthology.orchestra.run.smithi112.stdout:/usr/bin/ceph: stderr
2024-02-26T04:48:42.010+0000 7fe6e2a00700 1 --2- 172.21.15.112:0/2534155865 >> [v2:172.21.15.112:3300/0,v1:172.21.15.112:6789/0] conn(0x7fe6e4107800 0x7fe6e419d760 secure :-1 s=READY pgs=73 cs=0 l=1 rev1=1 crypto rx=0x7fe6d4000c00 tx=0x7fe6d4011bf0 comp rx=0 tx=0).ready entity=mon.0 client_cookie=0 server_cookie=0 in_seq=0 out_seq=0
2024-02-26T04:48:43.240 INFO:teuthology.orchestra.run.smithi112.stdout:/usr/bin/ceph: stderr
2024-02-26T04:48:42.011+0000 7fe6db400700 1 -- 172.21.15.112:0/2534155865 <== mon.0 v2:172.21.15.112:3300/0 1 ==== mon_map magic: 0 v1 ==== 205+0+0 (secure 0 0 0) 0x7fe6d4003aa0 con 0x7fe6e4107800
2024-02-26T04:48:43.240 INFO:teuthology.orchestra.run.smithi112.stdout:/usr/bin/ceph: stderr
2024-02-26T04:48:42.011+0000 7fe6db400700 1 -- 172.21.15.112:0/2534155865 <== mon.0 v2:172.21.15.112:3300/0 2 ==== config(28 keys) v1 ==== 1174+0+0 (secure 0 0 0) 0x7fe6d4003c00 con 0x7fe6e4107800
2024-02-26T04:48:43.240 INFO:teuthology.orchestra.run.smithi112.stdout:/usr/bin/ceph: stderr
2024-02-26T04:48:42.011+0000 7fe6e9800700 1 -- 172.21.15.112:0/2534155865 --> [v2:172.21.15.112:3300/0,v1:172.21.15.112:6789/0] -- mon_subscribe({mgrmap=0+}) v3 -- 0x7fe6e419dea0 con 0x7fe6e4107800
2024-02-26T04:48:43.240 INFO:teuthology.orchestra.run.smithi112.stdout:/usr/bin/ceph: stderr
2024-02-26T04:48:42.011+0000 7fe6db400700 1 -- 172.21.15.112:0/2534155865 <== mon.0 v2:172.21.15.112:3300/0 3 ==== mon_map magic: 0 v1 ==== 205+0+0 (secure 0 0 0) 0x7fe6d4024890 con 0x7fe6e4107800
2024-02-26T04:48:43.240 INFO:teuthology.orchestra.run.smithi112.stdout:/usr/bin/ceph: stderr
2024-02-26T04:48:42.011+0000 7fe6e9800700 1 -- 172.21.15.112:0/2534155865 --> [v2:172.21.15.112:3300/0,v1:172.21.15.112:6789/0] -- mon_subscribe({osdmap=0}) v3 -- 0x7fe6e419e340 con 0x7fe6e4107800
2024-02-26T04:48:43.240 INFO:teuthology.orchestra.run.smithi112.stdout:/usr/bin/ceph: stderr
2024-02-26T04:48:42.012+0000 7fe6db400700 1 -- 172.21.15.112:0/2534155865 <== mon.0 v2:172.21.15.112:3300/0 4 ==== mgrmap(e 12) v1 ==== 45945+0+0 (secure 0 0 0) 0x7fe6d40249f0 con 0x7fe6e4107800
2024-02-26T04:48:43.240 INFO:teuthology.orchestra.run.smithi112.stdout:/usr/bin/ceph: stderr
2024-02-26T04:48:42.012+0000 7fe6db400700 1 --2- 172.21.15.112:0/2534155865 >> [v2:172.21.15.112:6800/2651562415,v1:172.21.15.112:6801/2651562415] conn(0x7fe6c8039050 0x7fe6c803b510 unknown :-1 s=NONE pgs=0 cs=0 l=1 rev1=0 crypto rx=0 tx=0 comp rx=0 tx=0).connect
2024-02-26T04:48:43.240 INFO:teuthology.orchestra.run.smithi112.stdout:/usr/bin/ceph: stderr
2024-02-26T04:48:42.012+0000 7fe6db400700 1 -- 172.21.15.112:0/2534155865 <== mon.0 v2:172.21.15.112:3300/0 5 ==== osd_map(3..3 src has 1..3) v4 ==== 1155+0+0 (secure 0 0 0) 0x7fe6d404d2d0 con 0x7fe6e4107800
2024-02-26T04:48:43.240 INFO:teuthology.orchestra.run.smithi112.stdout:/usr/bin/ceph: stderr
2024-02-26T04:48:42.012+0000 7fe6e9800700 1 -- 172.21.15.112:0/2534155865 --> [v2:172.21.15.112:3300/0,v1:172.21.15.112:6789/0] -- mon_command({"prefix": "get_command_descriptions"} v 0) v1 -- 0x7fe6e410bc30 con 0x7fe6e4107800
2024-02-26T04:48:43.241 INFO:teuthology.orchestra.run.smithi112.stdout:/usr/bin/ceph: stderr
2024-02-26T04:48:42.014+0000 7fe6e2000700 1 --2- 172.21.15.112:0/2534155865 >> [v2:172.21.15.112:6800/2651562415,v1:172.21.15.112:6801/2651562415] conn(0x7fe6c8039050 0x7fe6c803b510 unknown :-1 s=BANNER_CONNECTING pgs=0 cs=0 l=1 rev1=0 crypto rx=0 tx=0 comp rx=0 tx=0)._handle_peer_banner_payload supported=3 required=0
2024-02-26T04:48:43.241 INFO:teuthology.orchestra.run.smithi112.stdout:/usr/bin/ceph: stderr
2024-02-26T04:48:42.014+0000 7fe6e2000700 1 --2- 172.21.15.112:0/2534155865 >> [v2:172.21.15.112:6800/2651562415,v1:172.21.15.112:6801/2651562415] conn(0x7fe6c8039050 0x7fe6c803b510 secure :-1 s=READY pgs=8 cs=0 l=1 rev1=1 crypto rx=0x7fe6d0006fd0 tx=0x7fe6d0006e40 comp rx=0 tx=0).ready entity=mgr.14152 client_cookie=0 server_cookie=0 in_seq=0 out_seq=0
2024-02-26T04:48:43.241 INFO:teuthology.orchestra.run.smithi112.stdout:/usr/bin/ceph: stderr
2024-02-26T04:48:42.019+0000 7fe6db400700 1 -- 172.21.15.112:0/2534155865 <== mon.0 v2:172.21.15.112:3300/0 6 ==== mon_command_ack([{"prefix": "get_command_descriptions"}]=0 v0) v1 ==== 72+0+183564 (secure 0 0 0) 0x7fe6d4024cf0 con 0x7fe6e4107800
2024-02-26T04:48:43.241 INFO:teuthology.orchestra.run.smithi112.stdout:/usr/bin/ceph: stderr
2024-02-26T04:48:42.296+0000 7fe6e9800700 1 -- 172.21.15.112:0/2534155865 --> [v2:172.21.15.112:6800/2651562415,v1:172.21.15.112:6801/2651562415] -- mgr_command(tid 0: {"prefix": "dashboard ac-user-create", "username": "admin", "rolename": "administrator", "force_password": true, "pwd_update_required": true, "target": ["mon-mgr", ""]}) v1 -- 0x7fe6e40630c0 con 0x7fe6c8039050
2024-02-26T04:48:43.241 INFO:teuthology.orchestra.run.smithi112.stdout:/usr/bin/ceph: stderr
2024-02-26T04:48:42.546+0000 7fe6db400700 1 -- 172.21.15.112:0/2534155865 <== mgr.14152 v2:172.21.15.112:6800/2651562415 1 ==== mgr_command_reply(tid 0: 0 ) v1 ==== 8+0+252 (secure 0 0 0) 0x7fe6e40630c0 con 0x7fe6c8039050
2024-02-26T04:48:43.241 INFO:teuthology.orchestra.run.smithi112.stdout:/usr/bin/ceph: stderr
2024-02-26T04:48:42.549+0000 7fe6e9800700 1 -- 172.21.15.112:0/2534155865 >> [v2:172.21.15.112:6800/2651562415,v1:172.21.15.112:6801/2651562415] conn(0x7fe6c8039050 msgr2=0x7fe6c803b510 secure :-1 s=STATE_CONNECTION_ESTABLISHED l=1).mark_down
2024-02-26T04:48:43.241 INFO:teuthology.orchestra.run.smithi112.stdout:/usr/bin/ceph: stderr
2024-02-26T04:48:42.549+0000 7fe6e9800700 1 --2- 172.21.15.112:0/2534155865 >> [v2:172.21.15.112:6800/2651562415,v1:172.21.15.112:6801/2651562415] conn(0x7fe6c8039050 0x7fe6c803b510 secure :-1 s=READY pgs=8 cs=0 l=1 rev1=1 crypto rx=0x7fe6d0006fd0 tx=0x7fe6d0006e40 comp rx=0 tx=0).stop
2024-02-26T04:48:43.242 INFO:teuthology.orchestra.run.smithi112.stdout:/usr/bin/ceph: stderr
2024-02-26T04:48:42.549+0000 7fe6e9800700 1 -- 172.21.15.112:0/2534155865 >> [v2:172.21.15.112:3300/0,v1:172.21.15.112:6789/0] conn(0x7fe6e4107800 msgr2=0x7fe6e419d760 secure :-1 s=STATE_CONNECTION_ESTABLISHED l=1).mark_down
2024-02-26T04:48:43.242 INFO:teuthology.orchestra.run.smithi112.stdout:/usr/bin/ceph: stderr
2024-02-26T04:48:42.549+0000 7fe6e9800700 1 --2- 172.21.15.112:0/2534155865 >> [v2:172.21.15.112:3300/0,v1:172.21.15.112:6789/0] conn(0x7fe6e4107800 0x7fe6e419d760 secure :-1 s=READY pgs=73 cs=0 l=1 rev1=1 crypto rx=0x7fe6d4000c00 tx=0x7fe6d4011bf0 comp rx=0 tx=0).stop
2024-02-26T04:48:43.242 INFO:teuthology.orchestra.run.smithi112.stdout:/usr/bin/ceph: stderr
2024-02-26T04:48:42.549+0000 7fe6e9800700 1 -- 172.21.15.112:0/2534155865 shutdown_connections
2024-02-26T04:48:43.242 INFO:teuthology.orchestra.run.smithi112.stdout:/usr/bin/ceph: stderr
2024-02-26T04:48:42.549+0000 7fe6e9800700 1 --2- 172.21.15.112:0/2534155865 >> [v2:172.21.15.112:6800/2651562415,v1:172.21.15.112:6801/2651562415] conn(0x7fe6c8039050 0x7fe6c803b510 unknown :-1 s=CLOSED pgs=8 cs=0 l=1 rev1=1 crypto rx=0 tx=0 comp rx=0 tx=0).stop
2024-02-26T04:48:43.242 INFO:teuthology.orchestra.run.smithi112.stdout:/usr/bin/ceph: stderr
2024-02-26T04:48:42.549+0000 7fe6e9800700 1 --2- 172.21.15.112:0/2534155865 >> [v2:172.21.15.112:3300/0,v1:172.21.15.112:6789/0] conn(0x7fe6e4107800 0x7fe6e419d760 unknown :-1 s=CLOSED pgs=73 cs=0 l=1 rev1=1 crypto rx=0 tx=0 comp rx=0 tx=0).stop
2024-02-26T04:48:43.242 INFO:teuthology.orchestra.run.smithi112.stdout:/usr/bin/ceph: stderr
2024-02-26T04:48:42.549+0000 7fe6e9800700 1 -- 172.21.15.112:0/2534155865 >> 172.21.15.112:0/2534155865 conn(0x7fe6e4102ea0 msgr2=0x7fe6e4103800 unknown :-1 s=STATE_NONE l=0).mark_down
2024-02-26T04:48:43.242 INFO:teuthology.orchestra.run.smithi112.stdout:/usr/bin/ceph: stderr
2024-02-26T04:48:42.549+0000 7fe6e9800700 1 -- 172.21.15.112:0/2534155865 shutdown_connections
2024-02-26T04:48:43.242 INFO:teuthology.orchestra.run.smithi112.stdout:/usr/bin/ceph: stderr
2024-02-26T04:48:42.550+0000 7fe6e9800700 1 -- 172.21.15.112:0/2534155865 wait complete.
2024-02-26T04:48:43.242 INFO:teuthology.orchestra.run.smithi112.stdout:Fetching dashboard port number...
2024-02-26T04:48:45.488 INFO:journalctl@ceph.mon.a.smithi112.stdout:Feb 26 04:48:45 smithi112 ceph-mon[31817]: mgrmap e13: x(active, since 6s)
2024-02-26T04:48:45.489 INFO:journalctl@ceph.mon.a.smithi112.stdout:Feb 26 04:48:45 smithi112 ceph-mon[31817]: from='client.? 172.21.15.112:0/1305393389' entity='client.admin' cmd=[{"prefix": "config get", "who": "mgr", "key": "mgr/dashboard/ssl_server_port"}]: dispatch
2024-02-26T04:48:45.540 INFO:teuthology.orchestra.run.smithi112.stdout:/usr/bin/ceph: stdout 8443
2024-02-26T04:48:45.546 INFO:teuthology.orchestra.run.smithi112.stdout:/usr/bin/ceph: stderr
2024-02-26T04:48:44.008+0000 7fba60000700 1 Processor -- start
2024-02-26T04:48:45.547 INFO:teuthology.orchestra.run.smithi112.stdout:/usr/bin/ceph: stderr
2024-02-26T04:48:44.008+0000 7fba60000700 1 -- start start
2024-02-26T04:48:45.547 INFO:teuthology.orchestra.run.smithi112.stdout:/usr/bin/ceph: stderr
2024-02-26T04:48:44.008+0000 7fba60000700 1 --2- >> [v2:172.21.15.112:3300/0,v1:172.21.15.112:6789/0] conn(0x7fba5810f290 0x7fba5810f6b0 unknown :-1 s=NONE pgs=0 cs=0 l=0 rev1=0 crypto rx=0 tx=0 comp rx=0 tx=0).connect
2024-02-26T04:48:45.547 INFO:teuthology.orchestra.run.smithi112.stdout:/usr/bin/ceph: stderr
2024-02-26T04:48:44.008+0000 7fba60000700 1 -- --> [v2:172.21.15.112:3300/0,v1:172.21.15.112:6789/0] -- mon_getmap magic: 0 v1 -- 0x7fba5810fc80 con 0x7fba5810f290
2024-02-26T04:48:45.547 INFO:teuthology.orchestra.run.smithi112.stdout:/usr/bin/ceph: stderr
2024-02-26T04:48:44.009+0000 7fba5d600700 1 --2- >> [v2:172.21.15.112:3300/0,v1:172.21.15.112:6789/0] conn(0x7fba5810f290 0x7fba5810f6b0 unknown :-1 s=BANNER_CONNECTING pgs=0 cs=0 l=0 rev1=0 crypto rx=0 tx=0 comp rx=0 tx=0)._handle_peer_banner_payload supported=3 required=0
2024-02-26T04:48:45.547 INFO:teuthology.orchestra.run.smithi112.stdout:/usr/bin/ceph: stderr
2024-02-26T04:48:44.009+0000 7fba5d600700 1 --2- >> [v2:172.21.15.112:3300/0,v1:172.21.15.112:6789/0] conn(0x7fba5810f290 0x7fba5810f6b0 unknown :-1 s=HELLO_CONNECTING pgs=0 cs=0 l=0 rev1=1 crypto rx=0 tx=0 comp rx=0 tx=0).handle_hello peer v2:172.21.15.112:3300/0 says I am v2:172.21.15.112:43064/0 (socket says 172.21.15.112:43064)
2024-02-26T04:48:45.547 INFO:teuthology.orchestra.run.smithi112.stdout:/usr/bin/ceph: stderr
2024-02-26T04:48:44.009+0000 7fba5d600700 1 -- 172.21.15.112:0/167860041 learned_addr learned my addr 172.21.15.112:0/167860041 (peer_addr_for_me v2:172.21.15.112:0/0)
2024-02-26T04:48:45.547 INFO:teuthology.orchestra.run.smithi112.stdout:/usr/bin/ceph: stderr
2024-02-26T04:48:44.010+0000 7fba5d600700 1 -- 172.21.15.112:0/167860041 --> [v2:172.21.15.112:3300/0,v1:172.21.15.112:6789/0] -- mon_subscribe({config=0+,monmap=0+}) v3 -- 0x7fba5810fdc0 con 0x7fba5810f290
2024-02-26T04:48:45.547 INFO:teuthology.orchestra.run.smithi112.stdout:/usr/bin/ceph: stderr
2024-02-26T04:48:44.010+0000 7fba5d600700 1 --2- 172.21.15.112:0/167860041 >> [v2:172.21.15.112:3300/0,v1:172.21.15.112:6789/0] conn(0x7fba5810f290 0x7fba5810f6b0 secure :-1 s=READY pgs=74 cs=0 l=1 rev1=1 crypto rx=0x7fba4c0098a0 tx=0x7fba4c009bb0 comp rx=0 tx=0).ready entity=mon.0 client_cookie=9fbcce45ca23e1a1 server_cookie=0 in_seq=0 out_seq=0
2024-02-26T04:48:45.547 INFO:teuthology.orchestra.run.smithi112.stdout:/usr/bin/ceph: stderr
2024-02-26T04:48:44.010+0000 7fba57e00700 1 -- 172.21.15.112:0/167860041 <== mon.0 v2:172.21.15.112:3300/0 1 ==== mon_map magic: 0 v1 ==== 205+0+0 (secure 0 0 0) 0x7fba4c004160 con 0x7fba5810f290
2024-02-26T04:48:45.548 INFO:teuthology.orchestra.run.smithi112.stdout:/usr/bin/ceph: stderr
2024-02-26T04:48:44.010+0000 7fba57e00700 1 -- 172.21.15.112:0/167860041 <== mon.0 v2:172.21.15.112:3300/0 2 ==== config(28 keys) v1 ==== 1174+0+0 (secure 0 0 0) 0x7fba4c0042c0 con 0x7fba5810f290
2024-02-26T04:48:45.548 INFO:teuthology.orchestra.run.smithi112.stdout:/usr/bin/ceph: stderr
2024-02-26T04:48:44.010+0000 7fba57e00700 1 -- 172.21.15.112:0/167860041 <== mon.0 v2:172.21.15.112:3300/0 3 ==== mon_map magic: 0 v1 ==== 205+0+0 (secure 0 0 0) 0x7fba4c011b90 con 0x7fba5810f290
2024-02-26T04:48:45.548 INFO:teuthology.orchestra.run.smithi112.stdout:/usr/bin/ceph: stderr
2024-02-26T04:48:44.011+0000 7fba60000700 1 -- 172.21.15.112:0/167860041 >> [v2:172.21.15.112:3300/0,v1:172.21.15.112:6789/0] conn(0x7fba5810f290 msgr2=0x7fba5810f6b0 secure :-1 s=STATE_CONNECTION_ESTABLISHED l=1).mark_down
2024-02-26T04:48:45.548 INFO:teuthology.orchestra.run.smithi112.stdout:/usr/bin/ceph: stderr
2024-02-26T04:48:44.011+0000 7fba60000700 1 --2- 172.21.15.112:0/167860041 >> [v2:172.21.15.112:3300/0,v1:172.21.15.112:6789/0] conn(0x7fba5810f290 0x7fba5810f6b0 secure :-1 s=READY pgs=74 cs=0 l=1 rev1=1 crypto rx=0x7fba4c0098a0 tx=0x7fba4c009bb0 comp rx=0 tx=0).stop
2024-02-26T04:48:45.548 INFO:teuthology.orchestra.run.smithi112.stdout:/usr/bin/ceph: stderr
2024-02-26T04:48:44.011+0000 7fba60000700 1 -- 172.21.15.112:0/167860041 shutdown_connections
2024-02-26T04:48:45.548 INFO:teuthology.orchestra.run.smithi112.stdout:/usr/bin/ceph: stderr
2024-02-26T04:48:44.011+0000 7fba60000700 1 --2- 172.21.15.112:0/167860041 >> [v2:172.21.15.112:3300/0,v1:172.21.15.112:6789/0] conn(0x7fba5810f290 0x7fba5810f6b0 unknown :-1 s=CLOSED pgs=74 cs=0 l=1 rev1=1 crypto rx=0 tx=0 comp rx=0 tx=0).stop
2024-02-26T04:48:45.548 INFO:teuthology.orchestra.run.smithi112.stdout:/usr/bin/ceph: stderr
2024-02-26T04:48:44.011+0000 7fba60000700 1 -- 172.21.15.112:0/167860041 >> 172.21.15.112:0/167860041 conn(0x7fba5807d110 msgr2=0x7fba5807f530 unknown :-1 s=STATE_NONE l=0).mark_down
2024-02-26T04:48:45.548 INFO:teuthology.orchestra.run.smithi112.stdout:/usr/bin/ceph: stderr
2024-02-26T04:48:44.011+0000 7fba60000700 1 -- 172.21.15.112:0/167860041 shutdown_connections
2024-02-26T04:48:45.549 INFO:teuthology.orchestra.run.smithi112.stdout:/usr/bin/ceph: stderr
2024-02-26T04:48:44.011+0000 7fba60000700 1 -- 172.21.15.112:0/167860041 wait complete.
2024-02-26T04:48:45.549 INFO:teuthology.orchestra.run.smithi112.stdout:/usr/bin/ceph: stderr
2024-02-26T04:48:44.012+0000 7fba60000700 1 Processor -- start
2024-02-26T04:48:45.549 INFO:teuthology.orchestra.run.smithi112.stdout:/usr/bin/ceph: stderr
2024-02-26T04:48:44.012+0000 7fba60000700 1 -- start start
2024-02-26T04:48:45.549 INFO:teuthology.orchestra.run.smithi112.stdout:/usr/bin/ceph: stderr
2024-02-26T04:48:44.012+0000 7fba60000700 1 --2- >> [v2:172.21.15.112:3300/0,v1:172.21.15.112:6789/0] conn(0x7fba5810f290 0x7fba581a1ad0 unknown :-1 s=NONE pgs=0 cs=0 l=1 rev1=0 crypto rx=0 tx=0 comp rx=0 tx=0).connect
2024-02-26T04:48:45.549 INFO:teuthology.orchestra.run.smithi112.stdout:/usr/bin/ceph: stderr
2024-02-26T04:48:44.012+0000 7fba60000700 1 -- --> [v2:172.21.15.112:3300/0,v1:172.21.15.112:6789/0] -- mon_getmap magic: 0 v1 -- 0x7fba581a2010 con 0x7fba5810f290
2024-02-26T04:48:45.549 INFO:teuthology.orchestra.run.smithi112.stdout:/usr/bin/ceph: stderr
2024-02-26T04:48:44.013+0000 7fba5d600700 1 --2- >> [v2:172.21.15.112:3300/0,v1:172.21.15.112:6789/0] conn(0x7fba5810f290 0x7fba581a1ad0 unknown :-1 s=BANNER_CONNECTING pgs=0 cs=0 l=1 rev1=0 crypto rx=0 tx=0 comp rx=0 tx=0)._handle_peer_banner_payload supported=3 required=0
2024-02-26T04:48:45.549 INFO:teuthology.orchestra.run.smithi112.stdout:/usr/bin/ceph: stderr
2024-02-26T04:48:44.013+0000 7fba5d600700 1 --2- >> [v2:172.21.15.112:3300/0,v1:172.21.15.112:6789/0] conn(0x7fba5810f290 0x7fba581a1ad0 unknown :-1 s=HELLO_CONNECTING pgs=0 cs=0 l=1 rev1=1 crypto rx=0 tx=0 comp rx=0 tx=0).handle_hello peer v2:172.21.15.112:3300/0 says I am v2:172.21.15.112:43080/0 (socket says 172.21.15.112:43080)
2024-02-26T04:48:45.550 INFO:teuthology.orchestra.run.smithi112.stdout:/usr/bin/ceph: stderr
2024-02-26T04:48:44.013+0000 7fba5d600700 1 -- 172.21.15.112:0/1305393389 learned_addr learned my addr 172.21.15.112:0/1305393389 (peer_addr_for_me v2:172.21.15.112:0/0)
2024-02-26T04:48:45.550 INFO:teuthology.orchestra.run.smithi112.stdout:/usr/bin/ceph: stderr
2024-02-26T04:48:44.013+0000 7fba5d600700 1 -- 172.21.15.112:0/1305393389 --> [v2:172.21.15.112:3300/0,v1:172.21.15.112:6789/0] -- mon_subscribe({config=0+,monmap=0+}) v3 -- 0x7fba4c009550 con 0x7fba5810f290
2024-02-26T04:48:45.550 INFO:teuthology.orchestra.run.smithi112.stdout:/usr/bin/ceph: stderr
2024-02-26T04:48:44.013+0000 7fba5d600700 1 --2- 172.21.15.112:0/1305393389 >> [v2:172.21.15.112:3300/0,v1:172.21.15.112:6789/0] conn(0x7fba5810f290 0x7fba581a1ad0 secure :-1 s=READY pgs=75 cs=0 l=1 rev1=1 crypto rx=0x7fba4c011b40 tx=0x7fba4c011c20 comp rx=0 tx=0).ready entity=mon.0 client_cookie=0 server_cookie=0 in_seq=0 out_seq=0
2024-02-26T04:48:45.550 INFO:teuthology.orchestra.run.smithi112.stdout:/usr/bin/ceph: stderr
2024-02-26T04:48:44.013+0000 7fba56000700 1 -- 172.21.15.112:0/1305393389 <== mon.0 v2:172.21.15.112:3300/0 1 ==== mon_map magic: 0 v1 ==== 205+0+0 (secure 0 0 0) 0x7fba4c003aa0 con 0x7fba5810f290
2024-02-26T04:48:45.550 INFO:teuthology.orchestra.run.smithi112.stdout:/usr/bin/ceph: stderr
2024-02-26T04:48:44.014+0000 7fba60000700 1 -- 172.21.15.112:0/1305393389 --> [v2:172.21.15.112:3300/0,v1:172.21.15.112:6789/0] -- mon_subscribe({mgrmap=0+}) v3 -- 0x7fba581a2210 con 0x7fba5810f290
2024-02-26T04:48:45.550 INFO:teuthology.orchestra.run.smithi112.stdout:/usr/bin/ceph: stderr
2024-02-26T04:48:44.014+0000 7fba56000700 1 -- 172.21.15.112:0/1305393389 <== mon.0 v2:172.21.15.112:3300/0 2 ==== config(28 keys) v1 ==== 1174+0+0 (secure 0 0 0) 0x7fba4c003c00 con 0x7fba5810f290
2024-02-26T04:48:45.550 INFO:teuthology.orchestra.run.smithi112.stdout:/usr/bin/ceph: stderr
2024-02-26T04:48:44.014+0000 7fba56000700 1 -- 172.21.15.112:0/1305393389 <== mon.0 v2:172.21.15.112:3300/0 3 ==== mon_map magic: 0 v1 ==== 205+0+0 (secure 0 0 0) 0x7fba4c024840 con 0x7fba5810f290
2024-02-26T04:48:45.550 INFO:teuthology.orchestra.run.smithi112.stdout:/usr/bin/ceph: stderr
2024-02-26T04:48:44.014+0000 7fba60000700 1 -- 172.21.15.112:0/1305393389 --> [v2:172.21.15.112:3300/0,v1:172.21.15.112:6789/0] -- mon_subscribe({osdmap=0}) v3 -- 0x7fba581a26b0 con 0x7fba5810f290
2024-02-26T04:48:45.550 INFO:teuthology.orchestra.run.smithi112.stdout:/usr/bin/ceph: stderr
2024-02-26T04:48:44.015+0000 7fba56000700 1 -- 172.21.15.112:0/1305393389 <== mon.0 v2:172.21.15.112:3300/0 4 ==== mgrmap(e 12) v1 ==== 45945+0+0 (secure 0 0 0) 0x7fba4c01abc0 con 0x7fba5810f290
2024-02-26T04:48:45.550 INFO:teuthology.orchestra.run.smithi112.stdout:/usr/bin/ceph: stderr
2024-02-26T04:48:44.015+0000 7fba60000700 1 -- 172.21.15.112:0/1305393389 --> [v2:172.21.15.112:3300/0,v1:172.21.15.112:6789/0] -- mon_command({"prefix": "get_command_descriptions"} v 0) v1 -- 0x7fba5810ea30 con 0x7fba5810f290
2024-02-26T04:48:45.550 INFO:teuthology.orchestra.run.smithi112.stdout:/usr/bin/ceph: stderr
2024-02-26T04:48:44.015+0000 7fba56000700 1 --2- 172.21.15.112:0/1305393389 >> [v2:172.21.15.112:6800/2651562415,v1:172.21.15.112:6801/2651562415] conn(0x7fba40039050 0x7fba4003b510 unknown :-1 s=NONE pgs=0 cs=0 l=1 rev1=0 crypto rx=0 tx=0 comp rx=0 tx=0).connect
2024-02-26T04:48:45.550 INFO:teuthology.orchestra.run.smithi112.stdout:/usr/bin/ceph: stderr
2024-02-26T04:48:44.015+0000 7fba56000700 1 -- 172.21.15.112:0/1305393389 <== mon.0 v2:172.21.15.112:3300/0 5 ==== osd_map(3..3 src has 1..3) v4 ==== 1155+0+0 (secure 0 0 0) 0x7fba4c04d200 con 0x7fba5810f290
2024-02-26T04:48:45.550 INFO:teuthology.orchestra.run.smithi112.stdout:/usr/bin/ceph: stderr
2024-02-26T04:48:44.015+0000 7fba5cc00700 1 --2- 172.21.15.112:0/1305393389 >> [v2:172.21.15.112:6800/2651562415,v1:172.21.15.112:6801/2651562415] conn(0x7fba40039050 0x7fba4003b510 unknown :-1 s=BANNER_CONNECTING pgs=0 cs=0 l=1 rev1=0 crypto rx=0 tx=0 comp rx=0 tx=0)._handle_peer_banner_payload supported=3 required=0
2024-02-26T04:48:45.551 INFO:teuthology.orchestra.run.smithi112.stdout:/usr/bin/ceph: stderr
2024-02-26T04:48:44.016+0000 7fba5cc00700 1 --2- 172.21.15.112:0/1305393389 >> [v2:172.21.15.112:6800/2651562415,v1:172.21.15.112:6801/2651562415] conn(0x7fba40039050 0x7fba4003b510 secure :-1 s=READY pgs=9 cs=0 l=1 rev1=1 crypto rx=0x7fba44006fd0 tx=0x7fba44006e40 comp rx=0 tx=0).ready entity=mgr.14152 client_cookie=0 server_cookie=0 in_seq=0 out_seq=0
2024-02-26T04:48:45.551 INFO:teuthology.orchestra.run.smithi112.stdout:/usr/bin/ceph: stderr
2024-02-26T04:48:44.020+0000 7fba56000700 1 -- 172.21.15.112:0/1305393389 <== mon.0 v2:172.21.15.112:3300/0 6 ==== mon_command_ack([{"prefix": "get_command_descriptions"}]=0 v0) v1 ==== 72+0+183564 (secure 0 0 0) 0x7fba4c0249a0 con 0x7fba5810f290
2024-02-26T04:48:45.551 INFO:teuthology.orchestra.run.smithi112.stdout:/usr/bin/ceph: stderr
2024-02-26T04:48:44.126+0000 7fba56000700 1 -- 172.21.15.112:0/1305393389 <== mon.0 v2:172.21.15.112:3300/0 7 ==== mgrmap(e 13) v1 ==== 45989+0+0 (secure 0 0 0) 0x7fba4c01a430 con 0x7fba5810f290
2024-02-26T04:48:45.551 INFO:teuthology.orchestra.run.smithi112.stdout:/usr/bin/ceph: stderr
2024-02-26T04:48:44.244+0000 7fba60000700 1 -- 172.21.15.112:0/1305393389 --> [v2:172.21.15.112:3300/0,v1:172.21.15.112:6789/0] -- mon_command({"prefix": "config get", "who": "mgr", "key": "mgr/dashboard/ssl_server_port"} v 0) v1 -- 0x7fba581a4f90 con 0x7fba5810f290
2024-02-26T04:48:45.551 INFO:teuthology.orchestra.run.smithi112.stdout:/usr/bin/ceph: stderr
2024-02-26T04:48:44.245+0000 7fba56000700 1 -- 172.21.15.112:0/1305393389 <== mon.0 v2:172.21.15.112:3300/0 8 ==== mon_command_ack([{"prefix": "config get", "who": "mgr", "key": "mgr/dashboard/ssl_server_port"}]=0 v8) v1 ==== 112+0+5 (secure 0 0 0) 0x7fba4c0249a0 con 0x7fba5810f290
2024-02-26T04:48:45.551 INFO:teuthology.orchestra.run.smithi112.stdout:/usr/bin/ceph: stderr
2024-02-26T04:48:44.248+0000 7fba60000700 1 -- 172.21.15.112:0/1305393389 >> [v2:172.21.15.112:6800/2651562415,v1:172.21.15.112:6801/2651562415] conn(0x7fba40039050 msgr2=0x7fba4003b510 secure :-1 s=STATE_CONNECTION_ESTABLISHED l=1).mark_down
2024-02-26T04:48:45.551 INFO:teuthology.orchestra.run.smithi112.stdout:/usr/bin/ceph: stderr
2024-02-26T04:48:44.248+0000 7fba60000700 1 --2- 172.21.15.112:0/1305393389 >> [v2:172.21.15.112:6800/2651562415,v1:172.21.15.112:6801/2651562415] conn(0x7fba40039050 0x7fba4003b510 secure :-1 s=READY pgs=9 cs=0 l=1 rev1=1 crypto rx=0x7fba44006fd0 tx=0x7fba44006e40 comp rx=0 tx=0).stop
2024-02-26T04:48:45.551 INFO:teuthology.orchestra.run.smithi112.stdout:/usr/bin/ceph: stderr
2024-02-26T04:48:44.248+0000 7fba60000700 1 -- 172.21.15.112:0/1305393389 >> [v2:172.21.15.112:3300/0,v1:172.21.15.112:6789/0] conn(0x7fba5810f290 msgr2=0x7fba581a1ad0 secure :-1 s=STATE_CONNECTION_ESTABLISHED l=1).mark_down
2024-02-26T04:48:45.551 INFO:teuthology.orchestra.run.smithi112.stdout:/usr/bin/ceph: stderr
2024-02-26T04:48:44.248+0000 7fba60000700 1 --2- 172.21.15.112:0/1305393389 >> [v2:172.21.15.112:3300/0,v1:172.21.15.112:6789/0] conn(0x7fba5810f290 0x7fba581a1ad0 secure :-1 s=READY pgs=75 cs=0 l=1 rev1=1 crypto rx=0x7fba4c011b40 tx=0x7fba4c011c20 comp rx=0 tx=0).stop
2024-02-26T04:48:45.551 INFO:teuthology.orchestra.run.smithi112.stdout:/usr/bin/ceph: stderr
2024-02-26T04:48:44.248+0000 7fba60000700 1 -- 172.21.15.112:0/1305393389 shutdown_connections
2024-02-26T04:48:45.551 INFO:teuthology.orchestra.run.smithi112.stdout:/usr/bin/ceph: stderr
2024-02-26T04:48:44.248+0000 7fba60000700 1 --2- 172.21.15.112:0/1305393389 >> [v2:172.21.15.112:6800/2651562415,v1:172.21.15.112:6801/2651562415] conn(0x7fba40039050 0x7fba4003b510 unknown :-1 s=CLOSED pgs=9 cs=0 l=1 rev1=1 crypto rx=0 tx=0 comp rx=0 tx=0).stop
2024-02-26T04:48:45.551 INFO:teuthology.orchestra.run.smithi112.stdout:/usr/bin/ceph: stderr
2024-02-26T04:48:44.248+0000 7fba60000700 1 --2- 172.21.15.112:0/1305393389 >> [v2:172.21.15.112:3300/0,v1:172.21.15.112:6789/0] conn(0x7fba5810f290 0x7fba581a1ad0 unknown :-1 s=CLOSED pgs=75 cs=0 l=1 rev1=1 crypto rx=0 tx=0 comp rx=0 tx=0).stop
2024-02-26T04:48:45.551 INFO:teuthology.orchestra.run.smithi112.stdout:/usr/bin/ceph: stderr
2024-02-26T04:48:44.248+0000 7fba60000700 1 -- 172.21.15.112:0/1305393389 >> 172.21.15.112:0/1305393389 conn(0x7fba5807d110 msgr2=0x7fba5807daf0 unknown :-1 s=STATE_NONE l=0).mark_down
2024-02-26T04:48:45.551 INFO:teuthology.orchestra.run.smithi112.stdout:/usr/bin/ceph: stderr
2024-02-26T04:48:44.248+0000 7fba60000700 1 -- 172.21.15.112:0/1305393389 shutdown_connections
2024-02-26T04:48:45.551 INFO:teuthology.orchestra.run.smithi112.stdout:/usr/bin/ceph: stderr
2024-02-26T04:48:44.248+0000 7fba60000700 1 -- 172.21.15.112:0/1305393389 wait complete.
2024-02-26T04:48:45.571 INFO:teuthology.orchestra.run.smithi112.stdout:Non-zero exit code 1 from systemctl is-enabled firewalld.service
2024-02-26T04:48:45.571 INFO:teuthology.orchestra.run.smithi112.stdout:systemctl: stdout disabled
2024-02-26T04:48:45.590 INFO:teuthology.orchestra.run.smithi112.stdout:Non-zero exit code 3 from systemctl is-active firewalld.service
2024-02-26T04:48:45.591 INFO:teuthology.orchestra.run.smithi112.stdout:systemctl: stdout inactive
2024-02-26T04:48:45.591 INFO:teuthology.orchestra.run.smithi112.stdout:firewalld.service is not enabled
2024-02-26T04:48:45.591 INFO:teuthology.orchestra.run.smithi112.stdout:Not possible to open ports <[8443]>. firewalld.service is not available
2024-02-26T04:48:45.594 INFO:teuthology.orchestra.run.smithi112.stdout:Ceph Dashboard is now available at:
2024-02-26T04:48:45.594 INFO:teuthology.orchestra.run.smithi112.stdout:
2024-02-26T04:48:45.594 INFO:teuthology.orchestra.run.smithi112.stdout: URL: https://smithi112.front.sepia.ceph.com:8443/
2024-02-26T04:48:45.594 INFO:teuthology.orchestra.run.smithi112.stdout: User: admin
2024-02-26T04:48:45.594 INFO:teuthology.orchestra.run.smithi112.stdout: Password: 516i4az8wo
2024-02-26T04:48:45.594 INFO:teuthology.orchestra.run.smithi112.stdout:
2024-02-26T04:48:45.595 INFO:teuthology.orchestra.run.smithi112.stdout:Saving cluster configuration to /var/lib/ceph/fa65e1ce-d461-11ee-95c3-87774f69a715/config directory
2024-02-26T04:48:45.595 INFO:teuthology.orchestra.run.smithi112.stdout:Enabling autotune for osd_memory_target
2024-02-26T04:48:47.143 INFO:teuthology.orchestra.run.smithi112.stdout:/usr/bin/ceph: stderr
2024-02-26T04:48:46.203+0000 7f92d6a00700 1 Processor -- start
2024-02-26T04:48:47.143 INFO:teuthology.orchestra.run.smithi112.stdout:/usr/bin/ceph: stderr
2024-02-26T04:48:46.203+0000 7f92d6a00700 1 -- start start
2024-02-26T04:48:47.143 INFO:teuthology.orchestra.run.smithi112.stdout:/usr/bin/ceph: stderr
2024-02-26T04:48:46.204+0000 7f92d6a00700 1 --2- >> [v2:172.21.15.112:3300/0,v1:172.21.15.112:6789/0] conn(0x7f92d01098c0 0x7f92d0109ce0 unknown :-1 s=NONE pgs=0 cs=0 l=0 rev1=0 crypto rx=0 tx=0 comp rx=0 tx=0).connect
2024-02-26T04:48:47.143 INFO:teuthology.orchestra.run.smithi112.stdout:/usr/bin/ceph: stderr
2024-02-26T04:48:46.204+0000 7f92d6a00700 1 -- --> [v2:172.21.15.112:3300/0,v1:172.21.15.112:6789/0] -- mon_getmap magic: 0 v1 -- 0x7f92d010a220 con 0x7f92d01098c0
2024-02-26T04:48:47.143 INFO:teuthology.orchestra.run.smithi112.stdout:/usr/bin/ceph: stderr
2024-02-26T04:48:46.204+0000 7f92d5600700 1 --2- >> [v2:172.21.15.112:3300/0,v1:172.21.15.112:6789/0] conn(0x7f92d01098c0 0x7f92d0109ce0 unknown :-1 s=BANNER_CONNECTING pgs=0 cs=0 l=0 rev1=0 crypto rx=0 tx=0 comp rx=0 tx=0)._handle_peer_banner_payload supported=3 required=0
2024-02-26T04:48:47.143 INFO:teuthology.orchestra.run.smithi112.stdout:/usr/bin/ceph: stderr
2024-02-26T04:48:46.204+0000 7f92d5600700 1 --2- >> [v2:172.21.15.112:3300/0,v1:172.21.15.112:6789/0] conn(0x7f92d01098c0 0x7f92d0109ce0 unknown :-1 s=HELLO_CONNECTING pgs=0 cs=0 l=0 rev1=1 crypto rx=0 tx=0 comp rx=0 tx=0).handle_hello peer v2:172.21.15.112:3300/0 says I am v2:172.21.15.112:50328/0 (socket says 172.21.15.112:50328)
2024-02-26T04:48:47.144 INFO:teuthology.orchestra.run.smithi112.stdout:/usr/bin/ceph: stderr
2024-02-26T04:48:46.204+0000 7f92d5600700 1 -- 172.21.15.112:0/3905658574 learned_addr learned my addr 172.21.15.112:0/3905658574 (peer_addr_for_me v2:172.21.15.112:0/0)
2024-02-26T04:48:47.144 INFO:teuthology.orchestra.run.smithi112.stdout:/usr/bin/ceph: stderr
2024-02-26T04:48:46.205+0000 7f92d5600700 1 -- 172.21.15.112:0/3905658574 --> [v2:172.21.15.112:3300/0,v1:172.21.15.112:6789/0] -- mon_subscribe({config=0+,monmap=0+}) v3 -- 0x7f92d010a360 con 0x7f92d01098c0
2024-02-26T04:48:47.144 INFO:teuthology.orchestra.run.smithi112.stdout:/usr/bin/ceph: stderr
2024-02-26T04:48:46.205+0000 7f92d5600700 1 --2- 172.21.15.112:0/3905658574 >> [v2:172.21.15.112:3300/0,v1:172.21.15.112:6789/0] conn(0x7f92d01098c0 0x7f92d0109ce0 secure :-1 s=READY pgs=76 cs=0 l=1 rev1=1 crypto rx=0x7f92c40098a0 tx=0x7f92c4009bb0 comp rx=0 tx=0).ready entity=mon.0 client_cookie=b79822356b7e0d7a server_cookie=0 in_seq=0 out_seq=0
2024-02-26T04:48:47.144 INFO:teuthology.orchestra.run.smithi112.stdout:/usr/bin/ceph: stderr
2024-02-26T04:48:46.206+0000 7f92cfe00700 1 -- 172.21.15.112:0/3905658574 <== mon.0 v2:172.21.15.112:3300/0 1 ==== mon_map magic: 0 v1 ==== 205+0+0 (secure 0 0 0) 0x7f92c4004160 con 0x7f92d01098c0
2024-02-26T04:48:47.144 INFO:teuthology.orchestra.run.smithi112.stdout:/usr/bin/ceph: stderr
2024-02-26T04:48:46.206+0000 7f92cfe00700 1 -- 172.21.15.112:0/3905658574 <== mon.0 v2:172.21.15.112:3300/0 2 ==== config(28 keys) v1 ==== 1174+0+0 (secure 0 0 0) 0x7f92c40042c0 con 0x7f92d01098c0
2024-02-26T04:48:47.144 INFO:teuthology.orchestra.run.smithi112.stdout:/usr/bin/ceph: stderr
2024-02-26T04:48:46.206+0000 7f92cfe00700 1 -- 172.21.15.112:0/3905658574 <== mon.0 v2:172.21.15.112:3300/0 3 ==== mon_map magic: 0 v1 ==== 205+0+0 (secure 0 0 0) 0x7f92c4011b90 con 0x7f92d01098c0
2024-02-26T04:48:47.144 INFO:teuthology.orchestra.run.smithi112.stdout:/usr/bin/ceph: stderr
2024-02-26T04:48:46.207+0000 7f92d6a00700 1 -- 172.21.15.112:0/3905658574 >> [v2:172.21.15.112:3300/0,v1:172.21.15.112:6789/0] conn(0x7f92d01098c0 msgr2=0x7f92d0109ce0 secure :-1 s=STATE_CONNECTION_ESTABLISHED l=1).mark_down
2024-02-26T04:48:47.144 INFO:teuthology.orchestra.run.smithi112.stdout:/usr/bin/ceph: stderr
2024-02-26T04:48:46.207+0000 7f92d6a00700 1 --2- 172.21.15.112:0/3905658574 >> [v2:172.21.15.112:3300/0,v1:172.21.15.112:6789/0] conn(0x7f92d01098c0 0x7f92d0109ce0 secure :-1 s=READY pgs=76 cs=0 l=1 rev1=1 crypto rx=0x7f92c40098a0 tx=0x7f92c4009bb0 comp rx=0 tx=0).stop
2024-02-26T04:48:47.144 INFO:teuthology.orchestra.run.smithi112.stdout:/usr/bin/ceph: stderr
2024-02-26T04:48:46.207+0000 7f92d6a00700 1 -- 172.21.15.112:0/3905658574 shutdown_connections
2024-02-26T04:48:47.144 INFO:teuthology.orchestra.run.smithi112.stdout:/usr/bin/ceph: stderr
2024-02-26T04:48:46.207+0000 7f92d6a00700 1 --2- 172.21.15.112:0/3905658574 >> [v2:172.21.15.112:3300/0,v1:172.21.15.112:6789/0] conn(0x7f92d01098c0 0x7f92d0109ce0 unknown :-1 s=CLOSED pgs=76 cs=0 l=1 rev1=1 crypto rx=0 tx=0 comp rx=0 tx=0).stop
2024-02-26T04:48:47.144 INFO:teuthology.orchestra.run.smithi112.stdout:/usr/bin/ceph: stderr
2024-02-26T04:48:46.207+0000 7f92d6a00700 1 -- 172.21.15.112:0/3905658574 >> 172.21.15.112:0/3905658574 conn(0x7f92d007cec0 msgr2=0x7f92d01074d0 unknown :-1 s=STATE_NONE l=0).mark_down
2024-02-26T04:48:47.144 INFO:teuthology.orchestra.run.smithi112.stdout:/usr/bin/ceph: stderr
2024-02-26T04:48:46.207+0000 7f92d6a00700 1 -- 172.21.15.112:0/3905658574 shutdown_connections
2024-02-26T04:48:47.144 INFO:teuthology.orchestra.run.smithi112.stdout:/usr/bin/ceph: stderr
2024-02-26T04:48:46.207+0000 7f92d6a00700 1 -- 172.21.15.112:0/3905658574 wait complete.
2024-02-26T04:48:47.145 INFO:teuthology.orchestra.run.smithi112.stdout:/usr/bin/ceph: stderr
2024-02-26T04:48:46.208+0000 7f92d6a00700 1 Processor -- start
2024-02-26T04:48:47.145 INFO:teuthology.orchestra.run.smithi112.stdout:/usr/bin/ceph: stderr
2024-02-26T04:48:46.208+0000 7f92d6a00700 1 -- start start
2024-02-26T04:48:47.145 INFO:teuthology.orchestra.run.smithi112.stdout:/usr/bin/ceph: stderr
2024-02-26T04:48:46.208+0000 7f92d6a00700 1 --2- >> [v2:172.21.15.112:3300/0,v1:172.21.15.112:6789/0] conn(0x7f92d01098c0 0x7f92d019d560 unknown :-1 s=NONE pgs=0 cs=0 l=1 rev1=0 crypto rx=0 tx=0 comp rx=0 tx=0).connect
2024-02-26T04:48:47.145 INFO:teuthology.orchestra.run.smithi112.stdout:/usr/bin/ceph: stderr
2024-02-26T04:48:46.208+0000 7f92d6a00700 1 -- --> [v2:172.21.15.112:3300/0,v1:172.21.15.112:6789/0] -- mon_getmap magic: 0 v1 -- 0x7f92d019daa0 con 0x7f92d01098c0
2024-02-26T04:48:47.145 INFO:teuthology.orchestra.run.smithi112.stdout:/usr/bin/ceph: stderr
2024-02-26T04:48:46.209+0000 7f92d5600700 1 --2- >> [v2:172.21.15.112:3300/0,v1:172.21.15.112:6789/0] conn(0x7f92d01098c0 0x7f92d019d560 unknown :-1 s=BANNER_CONNECTING pgs=0 cs=0 l=1 rev1=0 crypto rx=0 tx=0 comp rx=0 tx=0)._handle_peer_banner_payload supported=3 required=0
2024-02-26T04:48:47.145 INFO:teuthology.orchestra.run.smithi112.stdout:/usr/bin/ceph: stderr
2024-02-26T04:48:46.209+0000 7f92d5600700 1 --2- >> [v2:172.21.15.112:3300/0,v1:172.21.15.112:6789/0] conn(0x7f92d01098c0 0x7f92d019d560 unknown :-1 s=HELLO_CONNECTING pgs=0 cs=0 l=1 rev1=1 crypto rx=0 tx=0 comp rx=0 tx=0).handle_hello peer v2:172.21.15.112:3300/0 says I am v2:172.21.15.112:50338/0 (socket says 172.21.15.112:50338)
2024-02-26T04:48:47.145 INFO:teuthology.orchestra.run.smithi112.stdout:/usr/bin/ceph: stderr
2024-02-26T04:48:46.209+0000 7f92d5600700 1 -- 172.21.15.112:0/217709473 learned_addr learned my addr 172.21.15.112:0/217709473 (peer_addr_for_me v2:172.21.15.112:0/0)
2024-02-26T04:48:47.145 INFO:teuthology.orchestra.run.smithi112.stdout:/usr/bin/ceph: stderr
2024-02-26T04:48:46.209+0000 7f92d5600700 1 -- 172.21.15.112:0/217709473 --> [v2:172.21.15.112:3300/0,v1:172.21.15.112:6789/0] -- mon_subscribe({config=0+,monmap=0+}) v3 -- 0x7f92c4009550 con 0x7f92d01098c0
2024-02-26T04:48:47.145 INFO:teuthology.orchestra.run.smithi112.stdout:/usr/bin/ceph: stderr
2024-02-26T04:48:46.209+0000 7f92d5600700 1 --2- 172.21.15.112:0/217709473 >> [v2:172.21.15.112:3300/0,v1:172.21.15.112:6789/0] conn(0x7f92d01098c0 0x7f92d019d560 secure :-1 s=READY pgs=77 cs=0 l=1 rev1=1 crypto rx=0x7f92c4011b40 tx=0x7f92c4011c20 comp rx=0 tx=0).ready entity=mon.0 client_cookie=0 server_cookie=0 in_seq=0 out_seq=0
2024-02-26T04:48:47.145 INFO:teuthology.orchestra.run.smithi112.stdout:/usr/bin/ceph: stderr
2024-02-26T04:48:46.210+0000 7f92ce000700 1 -- 172.21.15.112:0/217709473 <== mon.0 v2:172.21.15.112:3300/0 1 ==== mon_map magic: 0 v1 ==== 205+0+0 (secure 0 0 0) 0x7f92c4003b20 con 0x7f92d01098c0
2024-02-26T04:48:47.146 INFO:teuthology.orchestra.run.smithi112.stdout:/usr/bin/ceph: stderr
2024-02-26T04:48:46.210+0000 7f92ce000700 1 -- 172.21.15.112:0/217709473 <== mon.0 v2:172.21.15.112:3300/0 2 ==== config(28 keys) v1 ==== 1174+0+0 (secure 0 0 0) 0x7f92c4003c80 con 0x7f92d01098c0
2024-02-26T04:48:47.146 INFO:teuthology.orchestra.run.smithi112.stdout:/usr/bin/ceph: stderr
2024-02-26T04:48:46.210+0000 7f92ce000700 1 -- 172.21.15.112:0/217709473 <== mon.0 v2:172.21.15.112:3300/0 3 ==== mon_map magic: 0 v1 ==== 205+0+0 (secure 0 0 0) 0x7f92c40248e0 con 0x7f92d01098c0
2024-02-26T04:48:47.146 INFO:teuthology.orchestra.run.smithi112.stdout:/usr/bin/ceph: stderr
2024-02-26T04:48:46.210+0000 7f92d6a00700 1 -- 172.21.15.112:0/217709473 --> [v2:172.21.15.112:3300/0,v1:172.21.15.112:6789/0] -- mon_subscribe({mgrmap=0+}) v3 -- 0x7f92d019dca0 con 0x7f92d01098c0
2024-02-26T04:48:47.146 INFO:teuthology.orchestra.run.smithi112.stdout:/usr/bin/ceph: stderr
2024-02-26T04:48:46.210+0000 7f92d6a00700 1 -- 172.21.15.112:0/217709473 --> [v2:172.21.15.112:3300/0,v1:172.21.15.112:6789/0] -- mon_subscribe({osdmap=0}) v3 -- 0x7f92d019e140 con 0x7f92d01098c0
2024-02-26T04:48:47.146 INFO:teuthology.orchestra.run.smithi112.stdout:/usr/bin/ceph: stderr
2024-02-26T04:48:46.211+0000 7f92d6a00700 1 -- 172.21.15.112:0/217709473 --> [v2:172.21.15.112:3300/0,v1:172.21.15.112:6789/0] -- mon_command({"prefix": "get_command_descriptions"} v 0) v1 -- 0x7f92d010dc90 con 0x7f92d01098c0
2024-02-26T04:48:47.146 INFO:teuthology.orchestra.run.smithi112.stdout:/usr/bin/ceph: stderr
2024-02-26T04:48:46.211+0000 7f92ce000700 1 -- 172.21.15.112:0/217709473 <== mon.0 v2:172.21.15.112:3300/0 4 ==== mgrmap(e 13) v1 ==== 45989+0+0 (secure 0 0 0) 0x7f92c401ac50 con 0x7f92d01098c0
2024-02-26T04:48:47.146 INFO:teuthology.orchestra.run.smithi112.stdout:/usr/bin/ceph: stderr
2024-02-26T04:48:46.211+0000 7f92ce000700 1 --2- 172.21.15.112:0/217709473 >> [v2:172.21.15.112:6800/2651562415,v1:172.21.15.112:6801/2651562415] conn(0x7f92b80390f0 0x7f92b803b5b0 unknown :-1 s=NONE pgs=0 cs=0 l=1 rev1=0 crypto rx=0 tx=0 comp rx=0 tx=0).connect
2024-02-26T04:48:47.146 INFO:teuthology.orchestra.run.smithi112.stdout:/usr/bin/ceph: stderr
2024-02-26T04:48:46.211+0000 7f92ce000700 1 -- 172.21.15.112:0/217709473 <== mon.0 v2:172.21.15.112:3300/0 5 ==== osd_map(3..3 src has 1..3) v4 ==== 1155+0+0 (secure 0 0 0) 0x7f92c404d300 con 0x7f92d01098c0
2024-02-26T04:48:47.147 INFO:teuthology.orchestra.run.smithi112.stdout:/usr/bin/ceph: stderr
2024-02-26T04:48:46.212+0000 7f92d4c00700 1 --2- 172.21.15.112:0/217709473 >> [v2:172.21.15.112:6800/2651562415,v1:172.21.15.112:6801/2651562415] conn(0x7f92b80390f0 0x7f92b803b5b0 unknown :-1 s=BANNER_CONNECTING pgs=0 cs=0 l=1 rev1=0 crypto rx=0 tx=0 comp rx=0 tx=0)._handle_peer_banner_payload supported=3 required=0
2024-02-26T04:48:47.147 INFO:teuthology.orchestra.run.smithi112.stdout:/usr/bin/ceph: stderr
2024-02-26T04:48:46.212+0000 7f92d4c00700 1 --2- 172.21.15.112:0/217709473 >> [v2:172.21.15.112:6800/2651562415,v1:172.21.15.112:6801/2651562415] conn(0x7f92b80390f0 0x7f92b803b5b0 secure :-1 s=READY pgs=10 cs=0 l=1 rev1=1 crypto rx=0x7f92bc006fd0 tx=0x7f92bc006e40 comp rx=0 tx=0).ready entity=mgr.14152 client_cookie=0 server_cookie=0 in_seq=0 out_seq=0
2024-02-26T04:48:47.147 INFO:teuthology.orchestra.run.smithi112.stdout:/usr/bin/ceph: stderr
2024-02-26T04:48:46.217+0000 7f92ce000700 1 -- 172.21.15.112:0/217709473 <== mon.0 v2:172.21.15.112:3300/0 6 ==== mon_command_ack([{"prefix": "get_command_descriptions"}]=0 v0) v1 ==== 72+0+183564 (secure 0 0 0) 0x7f92c4024aa0 con 0x7f92d01098c0
2024-02-26T04:48:47.147 INFO:teuthology.orchestra.run.smithi112.stdout:/usr/bin/ceph: stderr
