2024-02-26T04:48:07.658 INFO:teuthology.orchestra.run.smithi112.stdout:/usr/bin/ceph: stderr
2024-02-26T04:48:06.957+0000 7fc22f400700 1 -- 172.21.15.112:0/181516516 wait complete.
2024-02-26T04:48:07.658 INFO:teuthology.orchestra.run.smithi112.stdout:Generating ssh key...
2024-02-26T04:48:08.238 INFO:journalctl@ceph.mon.a.smithi112.stdout:Feb 26 04:48:07 smithi112 ceph-mon[31817]: from='client.14134 -' entity='client.admin' cmd=[{"prefix": "cephadm set-user", "user": "root", "target": ["mon-mgr", ""]}]: dispatch
2024-02-26T04:48:08.989 INFO:journalctl@ceph.mgr.x.smithi112.stdout:Feb 26 04:48:08 smithi112 ceph-fa65e1ce-d461-11ee-95c3-87774f69a715-mgr-x[32054]: Generating public/private rsa key pair.
2024-02-26T04:48:08.990 INFO:journalctl@ceph.mgr.x.smithi112.stdout:Feb 26 04:48:08 smithi112 ceph-fa65e1ce-d461-11ee-95c3-87774f69a715-mgr-x[32054]: Your identification has been saved in /tmp/tmptf1fwdqr/key.
2024-02-26T04:48:08.990 INFO:journalctl@ceph.mgr.x.smithi112.stdout:Feb 26 04:48:08 smithi112 ceph-fa65e1ce-d461-11ee-95c3-87774f69a715-mgr-x[32054]: Your public key has been saved in /tmp/tmptf1fwdqr/key.pub.
2024-02-26T04:48:08.990 INFO:journalctl@ceph.mgr.x.smithi112.stdout:Feb 26 04:48:08 smithi112 ceph-fa65e1ce-d461-11ee-95c3-87774f69a715-mgr-x[32054]: The key fingerprint is:
2024-02-26T04:48:08.990 INFO:journalctl@ceph.mgr.x.smithi112.stdout:Feb 26 04:48:08 smithi112 ceph-fa65e1ce-d461-11ee-95c3-87774f69a715-mgr-x[32054]: SHA256:BTN5B8sNIN/PLGwb7v+3U0enqcDN+faq2NVAzNLvLeY ceph-fa65e1ce-d461-11ee-95c3-87774f69a715
2024-02-26T04:48:08.990 INFO:journalctl@ceph.mgr.x.smithi112.stdout:Feb 26 04:48:08 smithi112 ceph-fa65e1ce-d461-11ee-95c3-87774f69a715-mgr-x[32054]: The key's randomart image is:
2024-02-26T04:48:08.990 INFO:journalctl@ceph.mgr.x.smithi112.stdout:Feb 26 04:48:08 smithi112 ceph-fa65e1ce-d461-11ee-95c3-87774f69a715-mgr-x[32054]: +---[RSA 3072]----+
2024-02-26T04:48:08.990 INFO:journalctl@ceph.mgr.x.smithi112.stdout:Feb 26 04:48:08 smithi112 ceph-fa65e1ce-d461-11ee-95c3-87774f69a715-mgr-x[32054]: | . =oo. |
2024-02-26T04:48:08.990 INFO:journalctl@ceph.mgr.x.smithi112.stdout:Feb 26 04:48:08 smithi112 ceph-fa65e1ce-d461-11ee-95c3-87774f69a715-mgr-x[32054]: | o.*.+.+ |
2024-02-26T04:48:08.990 INFO:journalctl@ceph.mgr.x.smithi112.stdout:Feb 26 04:48:08 smithi112 ceph-fa65e1ce-d461-11ee-95c3-87774f69a715-mgr-x[32054]: | ..=.o = |
2024-02-26T04:48:08.990 INFO:journalctl@ceph.mgr.x.smithi112.stdout:Feb 26 04:48:08 smithi112 ceph-fa65e1ce-d461-11ee-95c3-87774f69a715-mgr-x[32054]: | o + o .o|
2024-02-26T04:48:08.990 INFO:journalctl@ceph.mgr.x.smithi112.stdout:Feb 26 04:48:08 smithi112 ceph-fa65e1ce-d461-11ee-95c3-87774f69a715-mgr-x[32054]: | S.=o+..+o|
2024-02-26T04:48:08.990 INFO:journalctl@ceph.mgr.x.smithi112.stdout:Feb 26 04:48:08 smithi112 ceph-fa65e1ce-d461-11ee-95c3-87774f69a715-mgr-x[32054]: | oo++ o++|
2024-02-26T04:48:08.990 INFO:journalctl@ceph.mgr.x.smithi112.stdout:Feb 26 04:48:08 smithi112 ceph-fa65e1ce-d461-11ee-95c3-87774f69a715-mgr-x[32054]: | o. o+ *|
2024-02-26T04:48:08.990 INFO:journalctl@ceph.mgr.x.smithi112.stdout:Feb 26 04:48:08 smithi112 ceph-fa65e1ce-d461-11ee-95c3-87774f69a715-mgr-x[32054]: | . o.+oo.|
2024-02-26T04:48:08.990 INFO:journalctl@ceph.mgr.x.smithi112.stdout:Feb 26 04:48:08 smithi112 ceph-fa65e1ce-d461-11ee-95c3-87774f69a715-mgr-x[32054]: | o.++E=+|
2024-02-26T04:48:08.991 INFO:journalctl@ceph.mgr.x.smithi112.stdout:Feb 26 04:48:08 smithi112 ceph-fa65e1ce-d461-11ee-95c3-87774f69a715-mgr-x[32054]: +----[SHA256]-----+
2024-02-26T04:48:09.509 INFO:teuthology.orchestra.run.smithi112.stdout:/usr/bin/ceph: stderr
2024-02-26T04:48:08.289+0000 7fa275a00700 1 Processor -- start
2024-02-26T04:48:09.509 INFO:teuthology.orchestra.run.smithi112.stdout:/usr/bin/ceph: stderr
2024-02-26T04:48:08.289+0000 7fa275a00700 1 -- start start
2024-02-26T04:48:09.510 INFO:teuthology.orchestra.run.smithi112.stdout:/usr/bin/ceph: stderr
2024-02-26T04:48:08.289+0000 7fa275a00700 1 --2- >> [v2:172.21.15.112:3300/0,v1:172.21.15.112:6789/0] conn(0x7fa27007ce80 0x7fa27007b2e0 unknown :-1 s=NONE pgs=0 cs=0 l=0 rev1=0 crypto rx=0 tx=0 comp rx=0 tx=0).connect
2024-02-26T04:48:09.510 INFO:teuthology.orchestra.run.smithi112.stdout:/usr/bin/ceph: stderr
2024-02-26T04:48:08.289+0000 7fa275a00700 1 -- --> [v2:172.21.15.112:3300/0,v1:172.21.15.112:6789/0] -- mon_getmap magic: 0 v1 -- 0x7fa27007b8b0 con 0x7fa27007ce80
2024-02-26T04:48:09.510 INFO:teuthology.orchestra.run.smithi112.stdout:/usr/bin/ceph: stderr
2024-02-26T04:48:08.290+0000 7fa26ea00700 1 --2- >> [v2:172.21.15.112:3300/0,v1:172.21.15.112:6789/0] conn(0x7fa27007ce80 0x7fa27007b2e0 unknown :-1 s=BANNER_CONNECTING pgs=0 cs=0 l=0 rev1=0 crypto rx=0 tx=0 comp rx=0 tx=0)._handle_peer_banner_payload supported=3 required=0
2024-02-26T04:48:09.510 INFO:teuthology.orchestra.run.smithi112.stdout:/usr/bin/ceph: stderr
2024-02-26T04:48:08.290+0000 7fa26ea00700 1 --2- >> [v2:172.21.15.112:3300/0,v1:172.21.15.112:6789/0] conn(0x7fa27007ce80 0x7fa27007b2e0 unknown :-1 s=HELLO_CONNECTING pgs=0 cs=0 l=0 rev1=1 crypto rx=0 tx=0 comp rx=0 tx=0).handle_hello peer v2:172.21.15.112:3300/0 says I am v2:172.21.15.112:51616/0 (socket says 172.21.15.112:51616)
2024-02-26T04:48:09.510 INFO:teuthology.orchestra.run.smithi112.stdout:/usr/bin/ceph: stderr
2024-02-26T04:48:08.290+0000 7fa26ea00700 1 -- 172.21.15.112:0/416627425 learned_addr learned my addr 172.21.15.112:0/416627425 (peer_addr_for_me v2:172.21.15.112:0/0)
2024-02-26T04:48:09.510 INFO:teuthology.orchestra.run.smithi112.stdout:/usr/bin/ceph: stderr
2024-02-26T04:48:08.290+0000 7fa26ea00700 1 -- 172.21.15.112:0/416627425 --> [v2:172.21.15.112:3300/0,v1:172.21.15.112:6789/0] -- mon_subscribe({config=0+,monmap=0+}) v3 -- 0x7fa27007b9f0 con 0x7fa27007ce80
2024-02-26T04:48:09.510 INFO:teuthology.orchestra.run.smithi112.stdout:/usr/bin/ceph: stderr
2024-02-26T04:48:08.291+0000 7fa26ea00700 1 --2- 172.21.15.112:0/416627425 >> [v2:172.21.15.112:3300/0,v1:172.21.15.112:6789/0] conn(0x7fa27007ce80 0x7fa27007b2e0 secure :-1 s=READY pgs=41 cs=0 l=1 rev1=1 crypto rx=0x7fa2600098a0 tx=0x7fa260009bb0 comp rx=0 tx=0).ready entity=mon.0 client_cookie=2a97e1cd0873db3f server_cookie=0 in_seq=0 out_seq=0
2024-02-26T04:48:09.510 INFO:teuthology.orchestra.run.smithi112.stdout:/usr/bin/ceph: stderr
2024-02-26T04:48:08.291+0000 7fa26d600700 1 -- 172.21.15.112:0/416627425 <== mon.0 v2:172.21.15.112:3300/0 1 ==== mon_map magic: 0 v1 ==== 205+0+0 (secure 0 0 0) 0x7fa260004160 con 0x7fa27007ce80
2024-02-26T04:48:09.510 INFO:teuthology.orchestra.run.smithi112.stdout:/usr/bin/ceph: stderr
2024-02-26T04:48:08.291+0000 7fa26d600700 1 -- 172.21.15.112:0/416627425 <== mon.0 v2:172.21.15.112:3300/0 2 ==== config(28 keys) v1 ==== 1143+0+0 (secure 0 0 0) 0x7fa2600042c0 con 0x7fa27007ce80
2024-02-26T04:48:09.510 INFO:teuthology.orchestra.run.smithi112.stdout:/usr/bin/ceph: stderr
2024-02-26T04:48:08.291+0000 7fa26d600700 1 -- 172.21.15.112:0/416627425 <== mon.0 v2:172.21.15.112:3300/0 3 ==== mon_map magic: 0 v1 ==== 205+0+0 (secure 0 0 0) 0x7fa260011b70 con 0x7fa27007ce80
2024-02-26T04:48:09.511 INFO:teuthology.orchestra.run.smithi112.stdout:/usr/bin/ceph: stderr
2024-02-26T04:48:08.292+0000 7fa275a00700 1 -- 172.21.15.112:0/416627425 >> [v2:172.21.15.112:3300/0,v1:172.21.15.112:6789/0] conn(0x7fa27007ce80 msgr2=0x7fa27007b2e0 secure :-1 s=STATE_CONNECTION_ESTABLISHED l=1).mark_down
2024-02-26T04:48:09.511 INFO:teuthology.orchestra.run.smithi112.stdout:/usr/bin/ceph: stderr
2024-02-26T04:48:08.292+0000 7fa275a00700 1 --2- 172.21.15.112:0/416627425 >> [v2:172.21.15.112:3300/0,v1:172.21.15.112:6789/0] conn(0x7fa27007ce80 0x7fa27007b2e0 secure :-1 s=READY pgs=41 cs=0 l=1 rev1=1 crypto rx=0x7fa2600098a0 tx=0x7fa260009bb0 comp rx=0 tx=0).stop
2024-02-26T04:48:09.511 INFO:teuthology.orchestra.run.smithi112.stdout:/usr/bin/ceph: stderr
2024-02-26T04:48:08.292+0000 7fa275a00700 1 -- 172.21.15.112:0/416627425 shutdown_connections
2024-02-26T04:48:09.511 INFO:teuthology.orchestra.run.smithi112.stdout:/usr/bin/ceph: stderr
2024-02-26T04:48:08.292+0000 7fa275a00700 1 --2- 172.21.15.112:0/416627425 >> [v2:172.21.15.112:3300/0,v1:172.21.15.112:6789/0] conn(0x7fa27007ce80 0x7fa27007b2e0 unknown :-1 s=CLOSED pgs=41 cs=0 l=1 rev1=1 crypto rx=0 tx=0 comp rx=0 tx=0).stop
2024-02-26T04:48:09.511 INFO:teuthology.orchestra.run.smithi112.stdout:/usr/bin/ceph: stderr
2024-02-26T04:48:08.292+0000 7fa275a00700 1 -- 172.21.15.112:0/416627425 >> 172.21.15.112:0/416627425 conn(0x7fa270102ea0 msgr2=0x7fa2701052c0 unknown :-1 s=STATE_NONE l=0).mark_down
2024-02-26T04:48:09.511 INFO:teuthology.orchestra.run.smithi112.stdout:/usr/bin/ceph: stderr
2024-02-26T04:48:08.292+0000 7fa275a00700 1 -- 172.21.15.112:0/416627425 shutdown_connections
2024-02-26T04:48:09.511 INFO:teuthology.orchestra.run.smithi112.stdout:/usr/bin/ceph: stderr
2024-02-26T04:48:08.292+0000 7fa275a00700 1 -- 172.21.15.112:0/416627425 wait complete.
2024-02-26T04:48:09.511 INFO:teuthology.orchestra.run.smithi112.stdout:/usr/bin/ceph: stderr
2024-02-26T04:48:08.293+0000 7fa275a00700 1 Processor -- start
2024-02-26T04:48:09.511 INFO:teuthology.orchestra.run.smithi112.stdout:/usr/bin/ceph: stderr
2024-02-26T04:48:08.293+0000 7fa275a00700 1 -- start start
2024-02-26T04:48:09.511 INFO:teuthology.orchestra.run.smithi112.stdout:/usr/bin/ceph: stderr
2024-02-26T04:48:08.294+0000 7fa275a00700 1 --2- >> [v2:172.21.15.112:3300/0,v1:172.21.15.112:6789/0] conn(0x7fa27007ce80 0x7fa27019d6e0 unknown :-1 s=NONE pgs=0 cs=0 l=1 rev1=0 crypto rx=0 tx=0 comp rx=0 tx=0).connect
2024-02-26T04:48:09.511 INFO:teuthology.orchestra.run.smithi112.stdout:/usr/bin/ceph: stderr
2024-02-26T04:48:08.294+0000 7fa275a00700 1 -- --> [v2:172.21.15.112:3300/0,v1:172.21.15.112:6789/0] -- mon_getmap magic: 0 v1 -- 0x7fa27019dc20 con 0x7fa27007ce80
2024-02-26T04:48:09.511 INFO:teuthology.orchestra.run.smithi112.stdout:/usr/bin/ceph: stderr
2024-02-26T04:48:08.294+0000 7fa26ea00700 1 --2- >> [v2:172.21.15.112:3300/0,v1:172.21.15.112:6789/0] conn(0x7fa27007ce80 0x7fa27019d6e0 unknown :-1 s=BANNER_CONNECTING pgs=0 cs=0 l=1 rev1=0 crypto rx=0 tx=0 comp rx=0 tx=0)._handle_peer_banner_payload supported=3 required=0
2024-02-26T04:48:09.511 INFO:teuthology.orchestra.run.smithi112.stdout:/usr/bin/ceph: stderr
2024-02-26T04:48:08.294+0000 7fa26ea00700 1 --2- >> [v2:172.21.15.112:3300/0,v1:172.21.15.112:6789/0] conn(0x7fa27007ce80 0x7fa27019d6e0 unknown :-1 s=HELLO_CONNECTING pgs=0 cs=0 l=1 rev1=1 crypto rx=0 tx=0 comp rx=0 tx=0).handle_hello peer v2:172.21.15.112:3300/0 says I am v2:172.21.15.112:51622/0 (socket says 172.21.15.112:51622)
2024-02-26T04:48:09.511 INFO:teuthology.orchestra.run.smithi112.stdout:/usr/bin/ceph: stderr
2024-02-26T04:48:08.294+0000 7fa26ea00700 1 -- 172.21.15.112:0/2938471056 learned_addr learned my addr 172.21.15.112:0/2938471056 (peer_addr_for_me v2:172.21.15.112:0/0)
2024-02-26T04:48:09.512 INFO:teuthology.orchestra.run.smithi112.stdout:/usr/bin/ceph: stderr
2024-02-26T04:48:08.294+0000 7fa26ea00700 1 -- 172.21.15.112:0/2938471056 --> [v2:172.21.15.112:3300/0,v1:172.21.15.112:6789/0] -- mon_subscribe({config=0+,monmap=0+}) v3 -- 0x7fa260009550 con 0x7fa27007ce80
2024-02-26T04:48:09.512 INFO:teuthology.orchestra.run.smithi112.stdout:/usr/bin/ceph: stderr
2024-02-26T04:48:08.295+0000 7fa26ea00700 1 --2- 172.21.15.112:0/2938471056 >> [v2:172.21.15.112:3300/0,v1:172.21.15.112:6789/0] conn(0x7fa27007ce80 0x7fa27019d6e0 secure :-1 s=READY pgs=42 cs=0 l=1 rev1=1 crypto rx=0x7fa260009130 tx=0x7fa260011bf0 comp rx=0 tx=0).ready entity=mon.0 client_cookie=0 server_cookie=0 in_seq=0 out_seq=0
2024-02-26T04:48:09.512 INFO:teuthology.orchestra.run.smithi112.stdout:/usr/bin/ceph: stderr
2024-02-26T04:48:08.295+0000 7fa267400700 1 -- 172.21.15.112:0/2938471056 <== mon.0 v2:172.21.15.112:3300/0 1 ==== mon_map magic: 0 v1 ==== 205+0+0 (secure 0 0 0) 0x7fa260003aa0 con 0x7fa27007ce80
2024-02-26T04:48:09.512 INFO:teuthology.orchestra.run.smithi112.stdout:/usr/bin/ceph: stderr
2024-02-26T04:48:08.295+0000 7fa267400700 1 -- 172.21.15.112:0/2938471056 <== mon.0 v2:172.21.15.112:3300/0 2 ==== config(28 keys) v1 ==== 1143+0+0 (secure 0 0 0) 0x7fa260003c00 con 0x7fa27007ce80
2024-02-26T04:48:09.512 INFO:teuthology.orchestra.run.smithi112.stdout:/usr/bin/ceph: stderr
2024-02-26T04:48:08.295+0000 7fa267400700 1 -- 172.21.15.112:0/2938471056 <== mon.0 v2:172.21.15.112:3300/0 3 ==== mon_map magic: 0 v1 ==== 205+0+0 (secure 0 0 0) 0x7fa2600248b0 con 0x7fa27007ce80
2024-02-26T04:48:09.512 INFO:teuthology.orchestra.run.smithi112.stdout:/usr/bin/ceph: stderr
2024-02-26T04:48:08.295+0000 7fa275a00700 1 -- 172.21.15.112:0/2938471056 --> [v2:172.21.15.112:3300/0,v1:172.21.15.112:6789/0] -- mon_subscribe({mgrmap=0+}) v3 -- 0x7fa27019de20 con 0x7fa27007ce80
2024-02-26T04:48:09.512 INFO:teuthology.orchestra.run.smithi112.stdout:/usr/bin/ceph: stderr
2024-02-26T04:48:08.295+0000 7fa275a00700 1 -- 172.21.15.112:0/2938471056 --> [v2:172.21.15.112:3300/0,v1:172.21.15.112:6789/0] -- mon_subscribe({osdmap=0}) v3 -- 0x7fa27019e2c0 con 0x7fa27007ce80
2024-02-26T04:48:09.512 INFO:teuthology.orchestra.run.smithi112.stdout:/usr/bin/ceph: stderr
2024-02-26T04:48:08.296+0000 7fa275a00700 1 -- 172.21.15.112:0/2938471056 --> [v2:172.21.15.112:3300/0,v1:172.21.15.112:6789/0] -- mon_command({"prefix": "get_command_descriptions"} v 0) v1 -- 0x7fa27010dcb0 con 0x7fa27007ce80
2024-02-26T04:48:09.512 INFO:teuthology.orchestra.run.smithi112.stdout:/usr/bin/ceph: stderr
2024-02-26T04:48:08.297+0000 7fa267400700 1 -- 172.21.15.112:0/2938471056 <== mon.0 v2:172.21.15.112:3300/0 4 ==== mgrmap(e 8) v1 ==== 45932+0+0 (secure 0 0 0) 0x7fa26001ac30 con 0x7fa27007ce80
2024-02-26T04:48:09.512 INFO:teuthology.orchestra.run.smithi112.stdout:/usr/bin/ceph: stderr
2024-02-26T04:48:08.297+0000 7fa267400700 1 --2- 172.21.15.112:0/2938471056 >> [v2:172.21.15.112:6800/3855844960,v1:172.21.15.112:6801/3855844960] conn(0x7fa254038ff0 0x7fa25403b4b0 unknown :-1 s=NONE pgs=0 cs=0 l=1 rev1=0 crypto rx=0 tx=0 comp rx=0 tx=0).connect
2024-02-26T04:48:09.512 INFO:teuthology.orchestra.run.smithi112.stdout:/usr/bin/ceph: stderr
2024-02-26T04:48:08.298+0000 7fa267400700 1 -- 172.21.15.112:0/2938471056 <== mon.0 v2:172.21.15.112:3300/0 5 ==== osd_map(2..2 src has 1..2) v4 ==== 940+0+0 (secure 0 0 0) 0x7fa26004d080 con 0x7fa27007ce80
2024-02-26T04:48:09.512 INFO:teuthology.orchestra.run.smithi112.stdout:/usr/bin/ceph: stderr
2024-02-26T04:48:08.298+0000 7fa26e000700 1 --2- 172.21.15.112:0/2938471056 >> [v2:172.21.15.112:6800/3855844960,v1:172.21.15.112:6801/3855844960] conn(0x7fa254038ff0 0x7fa25403b4b0 unknown :-1 s=BANNER_CONNECTING pgs=0 cs=0 l=1 rev1=0 crypto rx=0 tx=0 comp rx=0 tx=0)._handle_peer_banner_payload supported=3 required=0
2024-02-26T04:48:09.512 INFO:teuthology.orchestra.run.smithi112.stdout:/usr/bin/ceph: stderr
2024-02-26T04:48:08.298+0000 7fa26e000700 1 --2- 172.21.15.112:0/2938471056 >> [v2:172.21.15.112:6800/3855844960,v1:172.21.15.112:6801/3855844960] conn(0x7fa254038ff0 0x7fa25403b4b0 secure :-1 s=READY pgs=9 cs=0 l=1 rev1=1 crypto rx=0x7fa25c006fd0 tx=0x7fa25c006e40 comp rx=0 tx=0).ready entity=mgr.14120 client_cookie=0 server_cookie=0 in_seq=0 out_seq=0
2024-02-26T04:48:09.513 INFO:teuthology.orchestra.run.smithi112.stdout:/usr/bin/ceph: stderr
2024-02-26T04:48:08.303+0000 7fa267400700 1 -- 172.21.15.112:0/2938471056 <== mon.0 v2:172.21.15.112:3300/0 6 ==== mon_command_ack([{"prefix": "get_command_descriptions"}]=0 v0) v1 ==== 72+0+183564 (secure 0 0 0) 0x7fa260024a10 con 0x7fa27007ce80
2024-02-26T04:48:09.513 INFO:teuthology.orchestra.run.smithi112.stdout:/usr/bin/ceph: stderr
2024-02-26T04:48:08.526+0000 7fa275a00700 1 -- 172.21.15.112:0/2938471056 --> [v2:172.21.15.112:6800/3855844960,v1:172.21.15.112:6801/3855844960] -- mgr_command(tid 0: {"prefix": "cephadm generate-key", "target": ["mon-mgr", ""]}) v1 -- 0x7fa2701a0ba0 con 0x7fa254038ff0
2024-02-26T04:48:09.513 INFO:teuthology.orchestra.run.smithi112.stdout:/usr/bin/ceph: stderr
2024-02-26T04:48:08.776+0000 7fa267400700 1 -- 172.21.15.112:0/2938471056 <== mgr.14120 v2:172.21.15.112:6800/3855844960 1 ==== mgr_command_reply(tid 0: 0 ) v1 ==== 8+0+0 (secure 0 0 0) 0x7fa2701a0ba0 con 0x7fa254038ff0
2024-02-26T04:48:09.513 INFO:teuthology.orchestra.run.smithi112.stdout:/usr/bin/ceph: stderr
2024-02-26T04:48:08.779+0000 7fa275a00700 1 -- 172.21.15.112:0/2938471056 >> [v2:172.21.15.112:6800/3855844960,v1:172.21.15.112:6801/3855844960] conn(0x7fa254038ff0 msgr2=0x7fa25403b4b0 secure :-1 s=STATE_CONNECTION_ESTABLISHED l=1).mark_down
2024-02-26T04:48:09.514 INFO:teuthology.orchestra.run.smithi112.stdout:/usr/bin/ceph: stderr
2024-02-26T04:48:08.779+0000 7fa275a00700 1 --2- 172.21.15.112:0/2938471056 >> [v2:172.21.15.112:6800/3855844960,v1:172.21.15.112:6801/3855844960] conn(0x7fa254038ff0 0x7fa25403b4b0 secure :-1 s=READY pgs=9 cs=0 l=1 rev1=1 crypto rx=0x7fa25c006fd0 tx=0x7fa25c006e40 comp rx=0 tx=0).stop
2024-02-26T04:48:09.514 INFO:teuthology.orchestra.run.smithi112.stdout:/usr/bin/ceph: stderr
2024-02-26T04:48:08.779+0000 7fa275a00700 1 -- 172.21.15.112:0/2938471056 >> [v2:172.21.15.112:3300/0,v1:172.21.15.112:6789/0] conn(0x7fa27007ce80 msgr2=0x7fa27019d6e0 secure :-1 s=STATE_CONNECTION_ESTABLISHED l=1).mark_down
2024-02-26T04:48:09.514 INFO:teuthology.orchestra.run.smithi112.stdout:/usr/bin/ceph: stderr
2024-02-26T04:48:08.779+0000 7fa275a00700 1 --2- 172.21.15.112:0/2938471056 >> [v2:172.21.15.112:3300/0,v1:172.21.15.112:6789/0] conn(0x7fa27007ce80 0x7fa27019d6e0 secure :-1 s=READY pgs=42 cs=0 l=1 rev1=1 crypto rx=0x7fa260009130 tx=0x7fa260011bf0 comp rx=0 tx=0).stop
2024-02-26T04:48:09.515 INFO:teuthology.orchestra.run.smithi112.stdout:/usr/bin/ceph: stderr
2024-02-26T04:48:08.780+0000 7fa275a00700 1 -- 172.21.15.112:0/2938471056 shutdown_connections
2024-02-26T04:48:09.515 INFO:teuthology.orchestra.run.smithi112.stdout:/usr/bin/ceph: stderr
2024-02-26T04:48:08.780+0000 7fa275a00700 1 --2- 172.21.15.112:0/2938471056 >> [v2:172.21.15.112:6800/3855844960,v1:172.21.15.112:6801/3855844960] conn(0x7fa254038ff0 0x7fa25403b4b0 unknown :-1 s=CLOSED pgs=9 cs=0 l=1 rev1=1 crypto rx=0 tx=0 comp rx=0 tx=0).stop
2024-02-26T04:48:09.516 INFO:teuthology.orchestra.run.smithi112.stdout:/usr/bin/ceph: stderr
2024-02-26T04:48:08.780+0000 7fa275a00700 1 --2- 172.21.15.112:0/2938471056 >> [v2:172.21.15.112:3300/0,v1:172.21.15.112:6789/0] conn(0x7fa27007ce80 0x7fa27019d6e0 unknown :-1 s=CLOSED pgs=42 cs=0 l=1 rev1=1 crypto rx=0 tx=0 comp rx=0 tx=0).stop
2024-02-26T04:48:09.516 INFO:teuthology.orchestra.run.smithi112.stdout:/usr/bin/ceph: stderr
2024-02-26T04:48:08.780+0000 7fa275a00700 1 -- 172.21.15.112:0/2938471056 >> 172.21.15.112:0/2938471056 conn(0x7fa270102ea0 msgr2=0x7fa2701038b0 unknown :-1 s=STATE_NONE l=0).mark_down
2024-02-26T04:48:09.516 INFO:teuthology.orchestra.run.smithi112.stdout:/usr/bin/ceph: stderr
2024-02-26T04:48:08.780+0000 7fa275a00700 1 -- 172.21.15.112:0/2938471056 shutdown_connections
2024-02-26T04:48:09.516 INFO:teuthology.orchestra.run.smithi112.stdout:/usr/bin/ceph: stderr
2024-02-26T04:48:08.780+0000 7fa275a00700 1 -- 172.21.15.112:0/2938471056 wait complete.
2024-02-26T04:48:10.045 INFO:journalctl@ceph.mon.a.smithi112.stdout:Feb 26 04:48:09 smithi112 ceph-mon[31817]: from='client.14136 -' entity='client.admin' cmd=[{"prefix": "cephadm generate-key", "target": ["mon-mgr", ""]}]: dispatch
2024-02-26T04:48:10.045 INFO:journalctl@ceph.mon.a.smithi112.stdout:Feb 26 04:48:09 smithi112 ceph-mon[31817]: Generating ssh key...
2024-02-26T04:48:10.045 INFO:journalctl@ceph.mon.a.smithi112.stdout:Feb 26 04:48:09 smithi112 ceph-mon[31817]: from='mgr.14120 172.21.15.112:0/2951488437' entity='mgr.x'
2024-02-26T04:48:10.045 INFO:journalctl@ceph.mon.a.smithi112.stdout:Feb 26 04:48:09 smithi112 ceph-mon[31817]: from='mgr.14120 172.21.15.112:0/2951488437' entity='mgr.x'
2024-02-26T04:48:10.956 INFO:teuthology.orchestra.run.smithi112.stdout:/usr/bin/ceph: stdout ssh-rsa AAAAB3NzaC1yc2EAAAADAQABAAABgQDc4S5lpo2y/qzLu2sCrGivfxIDVs9a3dNlcJQ9GkdbkQj+uUj1uZ0NYqPG7tl93nLeBeKxNRatDgJvhF0KnS1kW++RVjK0W/OUHy5PiS/3MCsjhZY8omLOOBaYzufBLu5yASdFQa14iykmmVFzasF8AGMekfwf66CtgB/FDUgTdPYtrURmb454kn6uVTj8vveL1zPMCUC7Fc6euDvj7wpByyJ5l0cXx4NI5E4N3U0LaILxDMMbc02y/+UQsFVjLhAoy/bnMtH1VFJuoD2zXsnag/1DhNU6Er2/eFWHrfyVxDrJq/aehjzNgg/A2zp5O/iez7uEuOv72ZXpI8tjBalNSUzfkh8LFtwFLQTjF2MXcjbG9PESmzfoEtptxNw1424Cc6nfyWhPTGsCNC0tG9wlGnH43FS+gEH4qjBa4tJjAapERa57JyR5imM5RDHIFbvkHErudF/QmO4fL7OpoKaoJt4BPbxAzFZ657+xVJREd4La9m+PeXSlG8vqhLz5gFc= ceph-fa65e1ce-d461-11ee-95c3-87774f69a715
2024-02-26T04:48:10.961 INFO:teuthology.orchestra.run.smithi112.stdout:/usr/bin/ceph: stderr
2024-02-26T04:48:10.041+0000 7fa10d200700 1 Processor -- start
2024-02-26T04:48:10.961 INFO:teuthology.orchestra.run.smithi112.stdout:/usr/bin/ceph: stderr
2024-02-26T04:48:10.041+0000 7fa10d200700 1 -- start start
2024-02-26T04:48:10.961 INFO:teuthology.orchestra.run.smithi112.stdout:/usr/bin/ceph: stderr
2024-02-26T04:48:10.042+0000 7fa10d200700 1 --2- >> [v2:172.21.15.112:3300/0,v1:172.21.15.112:6789/0] conn(0x7fa108106720 0x7fa108106b40 unknown :-1 s=NONE pgs=0 cs=0 l=0 rev1=0 crypto rx=0 tx=0 comp rx=0 tx=0).connect
2024-02-26T04:48:10.961 INFO:teuthology.orchestra.run.smithi112.stdout:/usr/bin/ceph: stderr
2024-02-26T04:48:10.042+0000 7fa10d200700 1 -- --> [v2:172.21.15.112:3300/0,v1:172.21.15.112:6789/0] -- mon_getmap magic: 0 v1 -- 0x7fa108107110 con 0x7fa108106720
2024-02-26T04:48:10.961 INFO:teuthology.orchestra.run.smithi112.stdout:/usr/bin/ceph: stderr
2024-02-26T04:48:10.042+0000 7fa105e00700 1 --2- >> [v2:172.21.15.112:3300/0,v1:172.21.15.112:6789/0] conn(0x7fa108106720 0x7fa108106b40 unknown :-1 s=BANNER_CONNECTING pgs=0 cs=0 l=0 rev1=0 crypto rx=0 tx=0 comp rx=0 tx=0)._handle_peer_banner_payload supported=3 required=0
2024-02-26T04:48:10.961 INFO:teuthology.orchestra.run.smithi112.stdout:/usr/bin/ceph: stderr
2024-02-26T04:48:10.042+0000 7fa105e00700 1 --2- >> [v2:172.21.15.112:3300/0,v1:172.21.15.112:6789/0] conn(0x7fa108106720 0x7fa108106b40 unknown :-1 s=HELLO_CONNECTING pgs=0 cs=0 l=0 rev1=1 crypto rx=0 tx=0 comp rx=0 tx=0).handle_hello peer v2:172.21.15.112:3300/0 says I am v2:172.21.15.112:51636/0 (socket says 172.21.15.112:51636)
2024-02-26T04:48:10.961 INFO:teuthology.orchestra.run.smithi112.stdout:/usr/bin/ceph: stderr
2024-02-26T04:48:10.042+0000 7fa105e00700 1 -- 172.21.15.112:0/222417971 learned_addr learned my addr 172.21.15.112:0/222417971 (peer_addr_for_me v2:172.21.15.112:0/0)
2024-02-26T04:48:10.961 INFO:teuthology.orchestra.run.smithi112.stdout:/usr/bin/ceph: stderr
2024-02-26T04:48:10.043+0000 7fa105e00700 1 -- 172.21.15.112:0/222417971 --> [v2:172.21.15.112:3300/0,v1:172.21.15.112:6789/0] -- mon_subscribe({config=0+,monmap=0+}) v3 -- 0x7fa108107920 con 0x7fa108106720
2024-02-26T04:48:10.962 INFO:teuthology.orchestra.run.smithi112.stdout:/usr/bin/ceph: stderr
2024-02-26T04:48:10.043+0000 7fa105e00700 1 --2- 172.21.15.112:0/222417971 >> [v2:172.21.15.112:3300/0,v1:172.21.15.112:6789/0] conn(0x7fa108106720 0x7fa108106b40 secure :-1 s=READY pgs=43 cs=0 l=1 rev1=1 crypto rx=0x7fa0f80098a0 tx=0x7fa0f8009bb0 comp rx=0 tx=0).ready entity=mon.0 client_cookie=ecf604afe3873013 server_cookie=0 in_seq=0 out_seq=0
2024-02-26T04:48:10.962 INFO:teuthology.orchestra.run.smithi112.stdout:/usr/bin/ceph: stderr
2024-02-26T04:48:10.044+0000 7fa104a00700 1 -- 172.21.15.112:0/222417971 <== mon.0 v2:172.21.15.112:3300/0 1 ==== mon_map magic: 0 v1 ==== 205+0+0 (secure 0 0 0) 0x7fa0f8004160 con 0x7fa108106720
2024-02-26T04:48:10.962 INFO:teuthology.orchestra.run.smithi112.stdout:/usr/bin/ceph: stderr
2024-02-26T04:48:10.044+0000 7fa104a00700 1 -- 172.21.15.112:0/222417971 <== mon.0 v2:172.21.15.112:3300/0 2 ==== config(28 keys) v1 ==== 1143+0+0 (secure 0 0 0) 0x7fa0f80042c0 con 0x7fa108106720
2024-02-26T04:48:10.962 INFO:teuthology.orchestra.run.smithi112.stdout:/usr/bin/ceph: stderr
2024-02-26T04:48:10.044+0000 7fa104a00700 1 -- 172.21.15.112:0/222417971 <== mon.0 v2:172.21.15.112:3300/0 3 ==== mon_map magic: 0 v1 ==== 205+0+0 (secure 0 0 0) 0x7fa0f8011b70 con 0x7fa108106720
2024-02-26T04:48:10.962 INFO:teuthology.orchestra.run.smithi112.stdout:/usr/bin/ceph: stderr
2024-02-26T04:48:10.045+0000 7fa10d200700 1 -- 172.21.15.112:0/222417971 >> [v2:172.21.15.112:3300/0,v1:172.21.15.112:6789/0] conn(0x7fa108106720 msgr2=0x7fa108106b40 secure :-1 s=STATE_CONNECTION_ESTABLISHED l=1).mark_down
2024-02-26T04:48:10.962 INFO:teuthology.orchestra.run.smithi112.stdout:/usr/bin/ceph: stderr
2024-02-26T04:48:10.045+0000 7fa10d200700 1 --2- 172.21.15.112:0/222417971 >> [v2:172.21.15.112:3300/0,v1:172.21.15.112:6789/0] conn(0x7fa108106720 0x7fa108106b40 secure :-1 s=READY pgs=43 cs=0 l=1 rev1=1 crypto rx=0x7fa0f80098a0 tx=0x7fa0f8009bb0 comp rx=0 tx=0).stop
2024-02-26T04:48:10.962 INFO:teuthology.orchestra.run.smithi112.stdout:/usr/bin/ceph: stderr
2024-02-26T04:48:10.045+0000 7fa10d200700 1 -- 172.21.15.112:0/222417971 shutdown_connections
2024-02-26T04:48:10.962 INFO:teuthology.orchestra.run.smithi112.stdout:/usr/bin/ceph: stderr
2024-02-26T04:48:10.045+0000 7fa10d200700 1 --2- 172.21.15.112:0/222417971 >> [v2:172.21.15.112:3300/0,v1:172.21.15.112:6789/0] conn(0x7fa108106720 0x7fa108106b40 unknown :-1 s=CLOSED pgs=43 cs=0 l=1 rev1=1 crypto rx=0 tx=0 comp rx=0 tx=0).stop
2024-02-26T04:48:10.962 INFO:teuthology.orchestra.run.smithi112.stdout:/usr/bin/ceph: stderr
2024-02-26T04:48:10.045+0000 7fa10d200700 1 -- 172.21.15.112:0/222417971 >> 172.21.15.112:0/222417971 conn(0x7fa108101d40 msgr2=0x7fa108104160 unknown :-1 s=STATE_NONE l=0).mark_down
2024-02-26T04:48:10.962 INFO:teuthology.orchestra.run.smithi112.stdout:/usr/bin/ceph: stderr
2024-02-26T04:48:10.045+0000 7fa10d200700 1 -- 172.21.15.112:0/222417971 shutdown_connections
2024-02-26T04:48:10.962 INFO:teuthology.orchestra.run.smithi112.stdout:/usr/bin/ceph: stderr
2024-02-26T04:48:10.045+0000 7fa10d200700 1 -- 172.21.15.112:0/222417971 wait complete.
2024-02-26T04:48:10.962 INFO:teuthology.orchestra.run.smithi112.stdout:/usr/bin/ceph: stderr
2024-02-26T04:48:10.046+0000 7fa10d200700 1 Processor -- start
2024-02-26T04:48:10.962 INFO:teuthology.orchestra.run.smithi112.stdout:/usr/bin/ceph: stderr
2024-02-26T04:48:10.046+0000 7fa10d200700 1 -- start start
2024-02-26T04:48:10.962 INFO:teuthology.orchestra.run.smithi112.stdout:/usr/bin/ceph: stderr
2024-02-26T04:48:10.046+0000 7fa10d200700 1 --2- >> [v2:172.21.15.112:3300/0,v1:172.21.15.112:6789/0] conn(0x7fa108106720 0x7fa10819d750 unknown :-1 s=NONE pgs=0 cs=0 l=1 rev1=0 crypto rx=0 tx=0 comp rx=0 tx=0).connect
2024-02-26T04:48:10.963 INFO:teuthology.orchestra.run.smithi112.stdout:/usr/bin/ceph: stderr
2024-02-26T04:48:10.046+0000 7fa10d200700 1 -- --> [v2:172.21.15.112:3300/0,v1:172.21.15.112:6789/0] -- mon_getmap magic: 0 v1 -- 0x7fa10819dc90 con 0x7fa108106720
2024-02-26T04:48:10.963 INFO:teuthology.orchestra.run.smithi112.stdout:/usr/bin/ceph: stderr
2024-02-26T04:48:10.047+0000 7fa105e00700 1 --2- >> [v2:172.21.15.112:3300/0,v1:172.21.15.112:6789/0] conn(0x7fa108106720 0x7fa10819d750 unknown :-1 s=BANNER_CONNECTING pgs=0 cs=0 l=1 rev1=0 crypto rx=0 tx=0 comp rx=0 tx=0)._handle_peer_banner_payload supported=3 required=0
2024-02-26T04:48:10.963 INFO:teuthology.orchestra.run.smithi112.stdout:/usr/bin/ceph: stderr
2024-02-26T04:48:10.047+0000 7fa105e00700 1 --2- >> [v2:172.21.15.112:3300/0,v1:172.21.15.112:6789/0] conn(0x7fa108106720 0x7fa10819d750 unknown :-1 s=HELLO_CONNECTING pgs=0 cs=0 l=1 rev1=1 crypto rx=0 tx=0 comp rx=0 tx=0).handle_hello peer v2:172.21.15.112:3300/0 says I am v2:172.21.15.112:51642/0 (socket says 172.21.15.112:51642)
2024-02-26T04:48:10.963 INFO:teuthology.orchestra.run.smithi112.stdout:/usr/bin/ceph: stderr
2024-02-26T04:48:10.047+0000 7fa105e00700 1 -- 172.21.15.112:0/3901014368 learned_addr learned my addr 172.21.15.112:0/3901014368 (peer_addr_for_me v2:172.21.15.112:0/0)
2024-02-26T04:48:10.963 INFO:teuthology.orchestra.run.smithi112.stdout:/usr/bin/ceph: stderr
2024-02-26T04:48:10.047+0000 7fa105e00700 1 -- 172.21.15.112:0/3901014368 --> [v2:172.21.15.112:3300/0,v1:172.21.15.112:6789/0] -- mon_subscribe({config=0+,monmap=0+}) v3 -- 0x7fa0f8009550 con 0x7fa108106720
2024-02-26T04:48:10.963 INFO:teuthology.orchestra.run.smithi112.stdout:/usr/bin/ceph: stderr
2024-02-26T04:48:10.047+0000 7fa105e00700 1 --2- 172.21.15.112:0/3901014368 >> [v2:172.21.15.112:3300/0,v1:172.21.15.112:6789/0] conn(0x7fa108106720 0x7fa10819d750 secure :-1 s=READY pgs=44 cs=0 l=1 rev1=1 crypto rx=0x7fa0f8000c00 tx=0x7fa0f8011bf0 comp rx=0 tx=0).ready entity=mon.0 client_cookie=0 server_cookie=0 in_seq=0 out_seq=0
2024-02-26T04:48:10.963 INFO:teuthology.orchestra.run.smithi112.stdout:/usr/bin/ceph: stderr
2024-02-26T04:48:10.048+0000 7fa0fea00700 1 -- 172.21.15.112:0/3901014368 <== mon.0 v2:172.21.15.112:3300/0 1 ==== mon_map magic: 0 v1 ==== 205+0+0 (secure 0 0 0) 0x7fa0f8003aa0 con 0x7fa108106720
2024-02-26T04:48:10.963 INFO:teuthology.orchestra.run.smithi112.stdout:/usr/bin/ceph: stderr
2024-02-26T04:48:10.048+0000 7fa0fea00700 1 -- 172.21.15.112:0/3901014368 <== mon.0 v2:172.21.15.112:3300/0 2 ==== config(28 keys) v1 ==== 1143+0+0 (secure 0 0 0) 0x7fa0f8003c00 con 0x7fa108106720
2024-02-26T04:48:10.963 INFO:teuthology.orchestra.run.smithi112.stdout:/usr/bin/ceph: stderr
2024-02-26T04:48:10.048+0000 7fa10d200700 1 -- 172.21.15.112:0/3901014368 --> [v2:172.21.15.112:3300/0,v1:172.21.15.112:6789/0] -- mon_subscribe({mgrmap=0+}) v3 -- 0x7fa10819de90 con 0x7fa108106720
2024-02-26T04:48:10.963 INFO:teuthology.orchestra.run.smithi112.stdout:/usr/bin/ceph: stderr
2024-02-26T04:48:10.048+0000 7fa0fea00700 1 -- 172.21.15.112:0/3901014368 <== mon.0 v2:172.21.15.112:3300/0 3 ==== mon_map magic: 0 v1 ==== 205+0+0 (secure 0 0 0) 0x7fa0f8024930 con 0x7fa108106720
2024-02-26T04:48:10.963 INFO:teuthology.orchestra.run.smithi112.stdout:/usr/bin/ceph: stderr
2024-02-26T04:48:10.048+0000 7fa10d200700 1 -- 172.21.15.112:0/3901014368 --> [v2:172.21.15.112:3300/0,v1:172.21.15.112:6789/0] -- mon_subscribe({osdmap=0}) v3 -- 0x7fa10819e330 con 0x7fa108106720
2024-02-26T04:48:10.963 INFO:teuthology.orchestra.run.smithi112.stdout:/usr/bin/ceph: stderr
2024-02-26T04:48:10.049+0000 7fa0fea00700 1 -- 172.21.15.112:0/3901014368 <== mon.0 v2:172.21.15.112:3300/0 4 ==== mgrmap(e 8) v1 ==== 45932+0+0 (secure 0 0 0) 0x7fa0f801aca0 con 0x7fa108106720
2024-02-26T04:48:10.963 INFO:teuthology.orchestra.run.smithi112.stdout:/usr/bin/ceph: stderr
2024-02-26T04:48:10.049+0000 7fa10d200700 1 -- 172.21.15.112:0/3901014368 --> [v2:172.21.15.112:3300/0,v1:172.21.15.112:6789/0] -- mon_command({"prefix": "get_command_descriptions"} v 0) v1 -- 0x7fa108197bc0 con 0x7fa108106720
2024-02-26T04:48:10.963 INFO:teuthology.orchestra.run.smithi112.stdout:/usr/bin/ceph: stderr
2024-02-26T04:48:10.049+0000 7fa0fea00700 1 --2- 172.21.15.112:0/3901014368 >> [v2:172.21.15.112:6800/3855844960,v1:172.21.15.112:6801/3855844960] conn(0x7fa0ec038fa0 0x7fa0ec03b460 unknown :-1 s=NONE pgs=0 cs=0 l=1 rev1=0 crypto rx=0 tx=0 comp rx=0 tx=0).connect
2024-02-26T04:48:10.964 INFO:teuthology.orchestra.run.smithi112.stdout:/usr/bin/ceph: stderr
2024-02-26T04:48:10.050+0000 7fa0fea00700 1 -- 172.21.15.112:0/3901014368 <== mon.0 v2:172.21.15.112:3300/0 5 ==== osd_map(2..2 src has 1..2) v4 ==== 940+0+0 (secure 0 0 0) 0x7fa0f804d0a0 con 0x7fa108106720
2024-02-26T04:48:10.964 INFO:teuthology.orchestra.run.smithi112.stdout:/usr/bin/ceph: stderr
2024-02-26T04:48:10.050+0000 7fa105400700 1 --2- 172.21.15.112:0/3901014368 >> [v2:172.21.15.112:6800/3855844960,v1:172.21.15.112:6801/3855844960] conn(0x7fa0ec038fa0 0x7fa0ec03b460 unknown :-1 s=BANNER_CONNECTING pgs=0 cs=0 l=1 rev1=0 crypto rx=0 tx=0 comp rx=0 tx=0)._handle_peer_banner_payload supported=3 required=0
2024-02-26T04:48:10.964 INFO:teuthology.orchestra.run.smithi112.stdout:/usr/bin/ceph: stderr
2024-02-26T04:48:10.050+0000 7fa105400700 1 --2- 172.21.15.112:0/3901014368 >> [v2:172.21.15.112:6800/3855844960,v1:172.21.15.112:6801/3855844960] conn(0x7fa0ec038fa0 0x7fa0ec03b460 secure :-1 s=READY pgs=10 cs=0 l=1 rev1=1 crypto rx=0x7fa0f4006fd0 tx=0x7fa0f4006e40 comp rx=0 tx=0).ready entity=mgr.14120 client_cookie=0 server_cookie=0 in_seq=0 out_seq=0
2024-02-26T04:48:10.964 INFO:teuthology.orchestra.run.smithi112.stdout:/usr/bin/ceph: stderr
2024-02-26T04:48:10.055+0000 7fa0fea00700 1 -- 172.21.15.112:0/3901014368 <== mon.0 v2:172.21.15.112:3300/0 6 ==== mon_command_ack([{"prefix": "get_command_descriptions"}]=0 v0) v1 ==== 72+0+183564 (secure 0 0 0) 0x7fa0f8018710 con 0x7fa108106720
2024-02-26T04:48:10.964 INFO:teuthology.orchestra.run.smithi112.stdout:/usr/bin/ceph: stderr
2024-02-26T04:48:10.273+0000 7fa10d200700 1 -- 172.21.15.112:0/3901014368 --> [v2:172.21.15.112:6800/3855844960,v1:172.21.15.112:6801/3855844960] -- mgr_command(tid 0: {"prefix": "cephadm get-pub-key", "target": ["mon-mgr", ""]}) v1 -- 0x7fa10802da30 con 0x7fa0ec038fa0
2024-02-26T04:48:10.965 INFO:teuthology.orchestra.run.smithi112.stdout:/usr/bin/ceph: stderr
2024-02-26T04:48:10.275+0000 7fa0fea00700 1 -- 172.21.15.112:0/3901014368 <== mgr.14120 v2:172.21.15.112:6800/3855844960 1 ==== mgr_command_reply(tid 0: 0 ) v1 ==== 8+0+595 (secure 0 0 0) 0x7fa10802da30 con 0x7fa0ec038fa0
2024-02-26T04:48:10.966 INFO:teuthology.orchestra.run.smithi112.stdout:/usr/bin/ceph: stderr
2024-02-26T04:48:10.278+0000 7fa10d200700 1 -- 172.21.15.112:0/3901014368 >> [v2:172.21.15.112:6800/3855844960,v1:172.21.15.112:6801/3855844960] conn(0x7fa0ec038fa0 msgr2=0x7fa0ec03b460 secure :-1 s=STATE_CONNECTION_ESTABLISHED l=1).mark_down
2024-02-26T04:48:10.966 INFO:teuthology.orchestra.run.smithi112.stdout:/usr/bin/ceph: stderr
2024-02-26T04:48:10.278+0000 7fa10d200700 1 --2- 172.21.15.112:0/3901014368 >> [v2:172.21.15.112:6800/3855844960,v1:172.21.15.112:6801/3855844960] conn(0x7fa0ec038fa0 0x7fa0ec03b460 secure :-1 s=READY pgs=10 cs=0 l=1 rev1=1 crypto rx=0x7fa0f4006fd0 tx=0x7fa0f4006e40 comp rx=0 tx=0).stop
2024-02-26T04:48:10.966 INFO:teuthology.orchestra.run.smithi112.stdout:/usr/bin/ceph: stderr
2024-02-26T04:48:10.278+0000 7fa10d200700 1 -- 172.21.15.112:0/3901014368 >> [v2:172.21.15.112:3300/0,v1:172.21.15.112:6789/0] conn(0x7fa108106720 msgr2=0x7fa10819d750 secure :-1 s=STATE_CONNECTION_ESTABLISHED l=1).mark_down
2024-02-26T04:48:10.966 INFO:teuthology.orchestra.run.smithi112.stdout:/usr/bin/ceph: stderr
2024-02-26T04:48:10.278+0000 7fa10d200700 1 --2- 172.21.15.112:0/3901014368 >> [v2:172.21.15.112:3300/0,v1:172.21.15.112:6789/0] conn(0x7fa108106720 0x7fa10819d750 secure :-1 s=READY pgs=44 cs=0 l=1 rev1=1 crypto rx=0x7fa0f8000c00 tx=0x7fa0f8011bf0 comp rx=0 tx=0).stop
2024-02-26T04:48:10.966 INFO:teuthology.orchestra.run.smithi112.stdout:/usr/bin/ceph: stderr
2024-02-26T04:48:10.278+0000 7fa10d200700 1 -- 172.21.15.112:0/3901014368 shutdown_connections
2024-02-26T04:48:10.966 INFO:teuthology.orchestra.run.smithi112.stdout:/usr/bin/ceph: stderr
2024-02-26T04:48:10.278+0000 7fa10d200700 1 --2- 172.21.15.112:0/3901014368 >> [v2:172.21.15.112:6800/3855844960,v1:172.21.15.112:6801/3855844960] conn(0x7fa0ec038fa0 0x7fa0ec03b460 unknown :-1 s=CLOSED pgs=10 cs=0 l=1 rev1=1 crypto rx=0 tx=0 comp rx=0 tx=0).stop
2024-02-26T04:48:10.966 INFO:teuthology.orchestra.run.smithi112.stdout:/usr/bin/ceph: stderr
2024-02-26T04:48:10.278+0000 7fa10d200700 1 --2- 172.21.15.112:0/3901014368 >> [v2:172.21.15.112:3300/0,v1:172.21.15.112:6789/0] conn(0x7fa108106720 0x7fa10819d750 unknown :-1 s=CLOSED pgs=44 cs=0 l=1 rev1=1 crypto rx=0 tx=0 comp rx=0 tx=0).stop
2024-02-26T04:48:10.966 INFO:teuthology.orchestra.run.smithi112.stdout:/usr/bin/ceph: stderr
2024-02-26T04:48:10.278+0000 7fa10d200700 1 -- 172.21.15.112:0/3901014368 >> 172.21.15.112:0/3901014368 conn(0x7fa108101d40 msgr2=0x7fa108102af0 unknown :-1 s=STATE_NONE l=0).mark_down
2024-02-26T04:48:10.966 INFO:teuthology.orchestra.run.smithi112.stdout:/usr/bin/ceph: stderr
2024-02-26T04:48:10.278+0000 7fa10d200700 1 -- 172.21.15.112:0/3901014368 shutdown_connections
2024-02-26T04:48:10.966 INFO:teuthology.orchestra.run.smithi112.stdout:/usr/bin/ceph: stderr
2024-02-26T04:48:10.278+0000 7fa10d200700 1 -- 172.21.15.112:0/3901014368 wait complete.
2024-02-26T04:48:10.966 INFO:teuthology.orchestra.run.smithi112.stdout:Wrote public SSH key to /home/ubuntu/cephtest/ceph.pub
2024-02-26T04:48:10.966 INFO:teuthology.orchestra.run.smithi112.stdout:Adding key to root@localhost authorized_keys...
2024-02-26T04:48:10.967 INFO:teuthology.orchestra.run.smithi112.stdout:Adding host smithi112...
2024-02-26T04:48:11.529 INFO:journalctl@ceph.mon.a.smithi112.stdout:Feb 26 04:48:11 smithi112 ceph-mon[31817]: from='client.14138 -' entity='client.admin' cmd=[{"prefix": "cephadm get-pub-key", "target": ["mon-mgr", ""]}]: dispatch
2024-02-26T04:48:12.324 INFO:journalctl@ceph.mon.a.smithi112.stdout:Feb 26 04:48:12 smithi112 ceph-mon[31817]: from='client.14140 -' entity='client.admin' cmd=[{"prefix": "orch host add", "hostname": "smithi112", "addr": "172.21.15.112", "target": ["mon-mgr", ""]}]: dispatch
2024-02-26T04:48:13.488 INFO:journalctl@ceph.mon.a.smithi112.stdout:Feb 26 04:48:13 smithi112 ceph-mon[31817]: Deploying cephadm binary to smithi112
2024-02-26T04:48:18.819 INFO:teuthology.orchestra.run.smithi112.stdout:/usr/bin/ceph: stdout Added host 'smithi112' with addr '172.21.15.112'
2024-02-26T04:48:18.819 INFO:teuthology.orchestra.run.smithi112.stdout:/usr/bin/ceph: stderr
2024-02-26T04:48:11.575+0000 7fa794800700 1 Processor -- start
2024-02-26T04:48:18.819 INFO:teuthology.orchestra.run.smithi112.stdout:/usr/bin/ceph: stderr
2024-02-26T04:48:11.576+0000 7fa794800700 1 -- start start
2024-02-26T04:48:18.819 INFO:teuthology.orchestra.run.smithi112.stdout:/usr/bin/ceph: stderr
2024-02-26T04:48:11.576+0000 7fa794800700 1 --2- >> [v2:172.21.15.112:3300/0,v1:172.21.15.112:6789/0] conn(0x7fa78c106140 0x7fa78c106560 unknown :-1 s=NONE pgs=0 cs=0 l=0 rev1=0 crypto rx=0 tx=0 comp rx=0 tx=0).connect
2024-02-26T04:48:18.819 INFO:teuthology.orchestra.run.smithi112.stdout:/usr/bin/ceph: stderr
2024-02-26T04:48:11.576+0000 7fa794800700 1 -- --> [v2:172.21.15.112:3300/0,v1:172.21.15.112:6789/0] -- mon_getmap magic: 0 v1 -- 0x7fa78c07ae10 con 0x7fa78c106140
2024-02-26T04:48:18.819 INFO:teuthology.orchestra.run.smithi112.stdout:/usr/bin/ceph: stderr
2024-02-26T04:48:11.577+0000 7fa791e00700 1 --2- >> [v2:172.21.15.112:3300/0,v1:172.21.15.112:6789/0] conn(0x7fa78c106140 0x7fa78c106560 unknown :-1 s=BANNER_CONNECTING pgs=0 cs=0 l=0 rev1=0 crypto rx=0 tx=0 comp rx=0 tx=0)._handle_peer_banner_payload supported=3 required=0
2024-02-26T04:48:18.820 INFO:teuthology.orchestra.run.smithi112.stdout:/usr/bin/ceph: stderr
2024-02-26T04:48:11.577+0000 7fa791e00700 1 --2- >> [v2:172.21.15.112:3300/0,v1:172.21.15.112:6789/0] conn(0x7fa78c106140 0x7fa78c106560 unknown :-1 s=HELLO_CONNECTING pgs=0 cs=0 l=0 rev1=1 crypto rx=0 tx=0 comp rx=0 tx=0).handle_hello peer v2:172.21.15.112:3300/0 says I am v2:172.21.15.112:51648/0 (socket says 172.21.15.112:51648)
2024-02-26T04:48:18.820 INFO:teuthology.orchestra.run.smithi112.stdout:/usr/bin/ceph: stderr
2024-02-26T04:48:11.577+0000 7fa791e00700 1 -- 172.21.15.112:0/99378288 learned_addr learned my addr 172.21.15.112:0/99378288 (peer_addr_for_me v2:172.21.15.112:0/0)
2024-02-26T04:48:18.820 INFO:teuthology.orchestra.run.smithi112.stdout:/usr/bin/ceph: stderr
2024-02-26T04:48:11.577+0000 7fa791e00700 1 -- 172.21.15.112:0/99378288 --> [v2:172.21.15.112:3300/0,v1:172.21.15.112:6789/0] -- mon_subscribe({config=0+,monmap=0+}) v3 -- 0x7fa78c07af50 con 0x7fa78c106140
2024-02-26T04:48:18.820 INFO:teuthology.orchestra.run.smithi112.stdout:/usr/bin/ceph: stderr
2024-02-26T04:48:11.578+0000 7fa791e00700 1 --2- 172.21.15.112:0/99378288 >> [v2:172.21.15.112:3300/0,v1:172.21.15.112:6789/0] conn(0x7fa78c106140 0x7fa78c106560 secure :-1 s=READY pgs=45 cs=0 l=1 rev1=1 crypto rx=0x7fa7800098a0 tx=0x7fa780009bb0 comp rx=0 tx=0).ready entity=mon.0 client_cookie=9e0d4149783fe969 server_cookie=0 in_seq=0 out_seq=0
2024-02-26T04:48:18.820 INFO:teuthology.orchestra.run.smithi112.stdout:/usr/bin/ceph: stderr
2024-02-26T04:48:11.578+0000 7fa790a00700 1 -- 172.21.15.112:0/99378288 <== mon.0 v2:172.21.15.112:3300/0 1 ==== mon_map magic: 0 v1 ==== 205+0+0 (secure 0 0 0) 0x7fa780004160 con 0x7fa78c106140
2024-02-26T04:48:18.820 INFO:teuthology.orchestra.run.smithi112.stdout:/usr/bin/ceph: stderr
2024-02-26T04:48:11.578+0000 7fa790a00700 1 -- 172.21.15.112:0/99378288 <== mon.0 v2:172.21.15.112:3300/0 2 ==== config(28 keys) v1 ==== 1143+0+0 (secure 0 0 0) 0x7fa7800042c0 con 0x7fa78c106140
2024-02-26T04:48:18.827 INFO:teuthology.orchestra.run.smithi112.stdout:/usr/bin/ceph: stderr
2024-02-26T04:48:11.578+0000 7fa790a00700 1 -- 172.21.15.112:0/99378288 <== mon.0 v2:172.21.15.112:3300/0 3 ==== mon_map magic: 0 v1 ==== 205+0+0 (secure 0 0 0) 0x7fa780011b70 con 0x7fa78c106140
2024-02-26T04:48:18.827 INFO:teuthology.orchestra.run.smithi112.stdout:/usr/bin/ceph: stderr
2024-02-26T04:48:11.578+0000 7fa794800700 1 -- 172.21.15.112:0/99378288 >> [v2:172.21.15.112:3300/0,v1:172.21.15.112:6789/0] conn(0x7fa78c106140 msgr2=0x7fa78c106560 secure :-1 s=STATE_CONNECTION_ESTABLISHED l=1).mark_down
2024-02-26T04:48:18.827 INFO:teuthology.orchestra.run.smithi112.stdout:/usr/bin/ceph: stderr
2024-02-26T04:48:11.578+0000 7fa794800700 1 --2- 172.21.15.112:0/99378288 >> [v2:172.21.15.112:3300/0,v1:172.21.15.112:6789/0] conn(0x7fa78c106140 0x7fa78c106560 secure :-1 s=READY pgs=45 cs=0 l=1 rev1=1 crypto rx=0x7fa7800098a0 tx=0x7fa780009bb0 comp rx=0 tx=0).stop
2024-02-26T04:48:18.827 INFO:teuthology.orchestra.run.smithi112.stdout:/usr/bin/ceph: stderr
2024-02-26T04:48:11.579+0000 7fa794800700 1 -- 172.21.15.112:0/99378288 shutdown_connections
2024-02-26T04:48:18.827 INFO:teuthology.orchestra.run.smithi112.stdout:/usr/bin/ceph: stderr
2024-02-26T04:48:11.579+0000 7fa794800700 1 --2- 172.21.15.112:0/99378288 >> [v2:172.21.15.112:3300/0,v1:172.21.15.112:6789/0] conn(0x7fa78c106140 0x7fa78c106560 unknown :-1 s=CLOSED pgs=45 cs=0 l=1 rev1=1 crypto rx=0 tx=0 comp rx=0 tx=0).stop
2024-02-26T04:48:18.827 INFO:teuthology.orchestra.run.smithi112.stdout:/usr/bin/ceph: stderr
2024-02-26T04:48:11.579+0000 7fa794800700 1 -- 172.21.15.112:0/99378288 >> 172.21.15.112:0/99378288 conn(0x7fa78c101dc0 msgr2=0x7fa78c1041e0 unknown :-1 s=STATE_NONE l=0).mark_down
2024-02-26T04:48:18.827 INFO:teuthology.orchestra.run.smithi112.stdout:/usr/bin/ceph: stderr
2024-02-26T04:48:11.579+0000 7fa794800700 1 -- 172.21.15.112:0/99378288 shutdown_connections
2024-02-26T04:48:18.827 INFO:teuthology.orchestra.run.smithi112.stdout:/usr/bin/ceph: stderr
2024-02-26T04:48:11.579+0000 7fa794800700 1 -- 172.21.15.112:0/99378288 wait complete.
2024-02-26T04:48:18.827 INFO:teuthology.orchestra.run.smithi112.stdout:/usr/bin/ceph: stderr
2024-02-26T04:48:11.580+0000 7fa794800700 1 Processor -- start
2024-02-26T04:48:18.827 INFO:teuthology.orchestra.run.smithi112.stdout:/usr/bin/ceph: stderr
2024-02-26T04:48:11.580+0000 7fa794800700 1 -- start start
2024-02-26T04:48:18.827 INFO:teuthology.orchestra.run.smithi112.stdout:/usr/bin/ceph: stderr
2024-02-26T04:48:11.580+0000 7fa794800700 1 --2- >> [v2:172.21.15.112:3300/0,v1:172.21.15.112:6789/0] conn(0x7fa78c106140 0x7fa78c19d750 unknown :-1 s=NONE pgs=0 cs=0 l=1 rev1=0 crypto rx=0 tx=0 comp rx=0 tx=0).connect
2024-02-26T04:48:18.827 INFO:teuthology.orchestra.run.smithi112.stdout:/usr/bin/ceph: stderr
2024-02-26T04:48:11.580+0000 7fa794800700 1 -- --> [v2:172.21.15.112:3300/0,v1:172.21.15.112:6789/0] -- mon_getmap magic: 0 v1 -- 0x7fa78c19dc90 con 0x7fa78c106140
2024-02-26T04:48:18.828 INFO:teuthology.orchestra.run.smithi112.stdout:/usr/bin/ceph: stderr
2024-02-26T04:48:11.580+0000 7fa791e00700 1 --2- >> [v2:172.21.15.112:3300/0,v1:172.21.15.112:6789/0] conn(0x7fa78c106140 0x7fa78c19d750 unknown :-1 s=BANNER_CONNECTING pgs=0 cs=0 l=1 rev1=0 crypto rx=0 tx=0 comp rx=0 tx=0)._handle_peer_banner_payload supported=3 required=0
2024-02-26T04:48:18.828 INFO:teuthology.orchestra.run.smithi112.stdout:/usr/bin/ceph: stderr
2024-02-26T04:48:11.580+0000 7fa791e00700 1 --2- >> [v2:172.21.15.112:3300/0,v1:172.21.15.112:6789/0] conn(0x7fa78c106140 0x7fa78c19d750 unknown :-1 s=HELLO_CONNECTING pgs=0 cs=0 l=1 rev1=1 crypto rx=0 tx=0 comp rx=0 tx=0).handle_hello peer v2:172.21.15.112:3300/0 says I am v2:172.21.15.112:51652/0 (socket says 172.21.15.112:51652)
2024-02-26T04:48:18.828 INFO:teuthology.orchestra.run.smithi112.stdout:/usr/bin/ceph: stderr
2024-02-26T04:48:11.580+0000 7fa791e00700 1 -- 172.21.15.112:0/3891713173 learned_addr learned my addr 172.21.15.112:0/3891713173 (peer_addr_for_me v2:172.21.15.112:0/0)
2024-02-26T04:48:18.828 INFO:teuthology.orchestra.run.smithi112.stdout:/usr/bin/ceph: stderr
2024-02-26T04:48:11.581+0000 7fa791e00700 1 -- 172.21.15.112:0/3891713173 --> [v2:172.21.15.112:3300/0,v1:172.21.15.112:6789/0] -- mon_subscribe({config=0+,monmap=0+}) v3 -- 0x7fa780009550 con 0x7fa78c106140
2024-02-26T04:48:18.828 INFO:teuthology.orchestra.run.smithi112.stdout:/usr/bin/ceph: stderr
2024-02-26T04:48:11.581+0000 7fa791e00700 1 --2- 172.21.15.112:0/3891713173 >> [v2:172.21.15.112:3300/0,v1:172.21.15.112:6789/0] conn(0x7fa78c106140 0x7fa78c19d750 secure :-1 s=READY pgs=46 cs=0 l=1 rev1=1 crypto rx=0x7fa780009130 tx=0x7fa780011bf0 comp rx=0 tx=0).ready entity=mon.0 client_cookie=0 server_cookie=0 in_seq=0 out_seq=0
2024-02-26T04:48:18.828 INFO:teuthology.orchestra.run.smithi112.stdout:/usr/bin/ceph: stderr
2024-02-26T04:48:11.581+0000 7fa786a00700 1 -- 172.21.15.112:0/3891713173 <== mon.0 v2:172.21.15.112:3300/0 1 ==== mon_map magic: 0 v1 ==== 205+0+0 (secure 0 0 0) 0x7fa780003aa0 con 0x7fa78c106140
2024-02-26T04:48:18.828 INFO:teuthology.orchestra.run.smithi112.stdout:/usr/bin/ceph: stderr
2024-02-26T04:48:11.581+0000 7fa786a00700 1 -- 172.21.15.112:0/3891713173 <== mon.0 v2:172.21.15.112:3300/0 2 ==== config(28 keys) v1 ==== 1143+0+0 (secure 0 0 0) 0x7fa780003c00 con 0x7fa78c106140
2024-02-26T04:48:18.828 INFO:teuthology.orchestra.run.smithi112.stdout:/usr/bin/ceph: stderr
2024-02-26T04:48:11.581+0000 7fa786a00700 1 -- 172.21.15.112:0/3891713173 <== mon.0 v2:172.21.15.112:3300/0 3 ==== mon_map magic: 0 v1 ==== 205+0+0 (secure 0 0 0) 0x7fa7800248b0 con 0x7fa78c106140
2024-02-26T04:48:18.828 INFO:teuthology.orchestra.run.smithi112.stdout:/usr/bin/ceph: stderr
2024-02-26T04:48:11.581+0000 7fa794800700 1 -- 172.21.15.112:0/3891713173 --> [v2:172.21.15.112:3300/0,v1:172.21.15.112:6789/0] -- mon_subscribe({mgrmap=0+}) v3 -- 0x7fa78c19de90 con 0x7fa78c106140
2024-02-26T04:48:18.828 INFO:teuthology.orchestra.run.smithi112.stdout:/usr/bin/ceph: stderr
2024-02-26T04:48:11.581+0000 7fa794800700 1 -- 172.21.15.112:0/3891713173 --> [v2:172.21.15.112:3300/0,v1:172.21.15.112:6789/0] -- mon_subscribe({osdmap=0}) v3 -- 0x7fa78c19e330 con 0x7fa78c106140
2024-02-26T04:48:18.828 INFO:teuthology.orchestra.run.smithi112.stdout:/usr/bin/ceph: stderr
2024-02-26T04:48:11.582+0000 7fa786a00700 1 -- 172.21.15.112:0/3891713173 <== mon.0 v2:172.21.15.112:3300/0 4 ==== mgrmap(e 8) v1 ==== 45932+0+0 (secure 0 0 0) 0x7fa78001ac30 con 0x7fa78c106140
2024-02-26T04:48:18.829 INFO:teuthology.orchestra.run.smithi112.stdout:/usr/bin/ceph: stderr
2024-02-26T04:48:11.583+0000 7fa794800700 1 -- 172.21.15.112:0/3891713173 --> [v2:172.21.15.112:3300/0,v1:172.21.15.112:6789/0] -- mon_command({"prefix": "get_command_descriptions"} v 0) v1 -- 0x7fa78c197420 con 0x7fa78c106140
2024-02-26T04:48:18.829 INFO:teuthology.orchestra.run.smithi112.stdout:/usr/bin/ceph: stderr
2024-02-26T04:48:11.583+0000 7fa786a00700 1 --2- 172.21.15.112:0/3891713173 >> [v2:172.21.15.112:6800/3855844960,v1:172.21.15.112:6801/3855844960] conn(0x7fa774038ff0 0x7fa77403b4b0 unknown :-1 s=NONE pgs=0 cs=0 l=1 rev1=0 crypto rx=0 tx=0 comp rx=0 tx=0).connect
2024-02-26T04:48:18.829 INFO:teuthology.orchestra.run.smithi112.stdout:/usr/bin/ceph: stderr
2024-02-26T04:48:11.583+0000 7fa786a00700 1 -- 172.21.15.112:0/3891713173 <== mon.0 v2:172.21.15.112:3300/0 5 ==== osd_map(2..2 src has 1..2) v4 ==== 940+0+0 (secure 0 0 0) 0x7fa78004d0c0 con 0x7fa78c106140
2024-02-26T04:48:18.829 INFO:teuthology.orchestra.run.smithi112.stdout:/usr/bin/ceph: stderr
2024-02-26T04:48:11.583+0000 7fa791400700 1 --2- 172.21.15.112:0/3891713173 >> [v2:172.21.15.112:6800/3855844960,v1:172.21.15.112:6801/3855844960] conn(0x7fa774038ff0 0x7fa77403b4b0 unknown :-1 s=BANNER_CONNECTING pgs=0 cs=0 l=1 rev1=0 crypto rx=0 tx=0 comp rx=0 tx=0)._handle_peer_banner_payload supported=3 required=0
2024-02-26T04:48:18.829 INFO:teuthology.orchestra.run.smithi112.stdout:/usr/bin/ceph: stderr
2024-02-26T04:48:11.584+0000 7fa791400700 1 --2- 172.21.15.112:0/3891713173 >> [v2:172.21.15.112:6800/3855844960,v1:172.21.15.112:6801/3855844960] conn(0x7fa774038ff0 0x7fa77403b4b0 secure :-1 s=READY pgs=11 cs=0 l=1 rev1=1 crypto rx=0x7fa77c006fd0 tx=0x7fa77c006e40 comp rx=0 tx=0).ready entity=mgr.14120 client_cookie=0 server_cookie=0 in_seq=0 out_seq=0
2024-02-26T04:48:18.829 INFO:teuthology.orchestra.run.smithi112.stdout:/usr/bin/ceph: stderr
2024-02-26T04:48:11.589+0000 7fa786a00700 1 -- 172.21.15.112:0/3891713173 <== mon.0 v2:172.21.15.112:3300/0 6 ==== mon_command_ack([{"prefix": "get_command_descriptions"}]=0 v0) v1 ==== 72+0+183564 (secure 0 0 0) 0x7fa780080d20 con 0x7fa78c106140
2024-02-26T04:48:18.829 INFO:teuthology.orchestra.run.smithi112.stdout:/usr/bin/ceph: stderr
2024-02-26T04:48:11.810+0000 7fa794800700 1 -- 172.21.15.112:0/3891713173 --> [v2:172.21.15.112:6800/3855844960,v1:172.21.15.112:6801/3855844960] -- mgr_command(tid 0: {"prefix": "orch host add", "hostname": "smithi112", "addr": "172.21.15.112", "target": ["mon-mgr", ""]}) v1 -- 0x7fa78c02da30 con 0x7fa774038ff0
2024-02-26T04:48:18.829 INFO:teuthology.orchestra.run.smithi112.stdout:/usr/bin/ceph: stderr
2024-02-26T04:48:18.084+0000 7fa786a00700 1 -- 172.21.15.112:0/3891713173 <== mgr.14120 v2:172.21.15.112:6800/3855844960 1 ==== mgr_command_reply(tid 0: 0 ) v1 ==== 8+0+49 (secure 0 0 0) 0x7fa78c02da30 con 0x7fa774038ff0
2024-02-26T04:48:18.829 INFO:teuthology.orchestra.run.smithi112.stdout:/usr/bin/ceph: stderr
