2024-02-26T04:47:57.052+0000 7fb54b800700 1 -- 172.21.15.112:0/1583125169 >> 172.21.15.112:0/1583125169 conn(0x7fb5441054c0 msgr2=0x7fb5441078b0 unknown :-1 s=STATE_NONE l=0).mark_down
2024-02-26T04:48:04.608 INFO:teuthology.orchestra.run.smithi112.stdout:/usr/bin/ceph: stderr
2024-02-26T04:47:57.052+0000 7fb54b800700 1 -- 172.21.15.112:0/1583125169 shutdown_connections
2024-02-26T04:48:04.608 INFO:teuthology.orchestra.run.smithi112.stdout:/usr/bin/ceph: stderr
2024-02-26T04:47:57.052+0000 7fb54b800700 1 -- 172.21.15.112:0/1583125169 wait complete.
2024-02-26T04:48:04.609 INFO:teuthology.orchestra.run.smithi112.stdout:/usr/bin/ceph: stderr
2024-02-26T04:47:57.053+0000 7fb54b800700 1 Processor -- start
2024-02-26T04:48:04.609 INFO:teuthology.orchestra.run.smithi112.stdout:/usr/bin/ceph: stderr
2024-02-26T04:47:57.053+0000 7fb54b800700 1 -- start start
2024-02-26T04:48:04.609 INFO:teuthology.orchestra.run.smithi112.stdout:/usr/bin/ceph: stderr
2024-02-26T04:47:57.054+0000 7fb54b800700 1 --2- >> [v2:172.21.15.112:3300/0,v1:172.21.15.112:6789/0] conn(0x7fb544109a30 0x7fb54419d6e0 unknown :-1 s=NONE pgs=0 cs=0 l=1 rev1=0 crypto rx=0 tx=0 comp rx=0 tx=0).connect
2024-02-26T04:48:04.609 INFO:teuthology.orchestra.run.smithi112.stdout:/usr/bin/ceph: stderr
2024-02-26T04:47:57.054+0000 7fb54b800700 1 -- --> [v2:172.21.15.112:3300/0,v1:172.21.15.112:6789/0] -- mon_getmap magic: 0 v1 -- 0x7fb54419dc20 con 0x7fb544109a30
2024-02-26T04:48:04.609 INFO:teuthology.orchestra.run.smithi112.stdout:/usr/bin/ceph: stderr
2024-02-26T04:47:57.054+0000 7fb548e00700 1 --2- >> [v2:172.21.15.112:3300/0,v1:172.21.15.112:6789/0] conn(0x7fb544109a30 0x7fb54419d6e0 unknown :-1 s=BANNER_CONNECTING pgs=0 cs=0 l=1 rev1=0 crypto rx=0 tx=0 comp rx=0 tx=0)._handle_peer_banner_payload supported=3 required=0
2024-02-26T04:48:04.614 INFO:teuthology.orchestra.run.smithi112.stdout:/usr/bin/ceph: stderr
2024-02-26T04:47:57.054+0000 7fb548e00700 1 --2- >> [v2:172.21.15.112:3300/0,v1:172.21.15.112:6789/0] conn(0x7fb544109a30 0x7fb54419d6e0 unknown :-1 s=HELLO_CONNECTING pgs=0 cs=0 l=1 rev1=1 crypto rx=0 tx=0 comp rx=0 tx=0).handle_hello peer v2:172.21.15.112:3300/0 says I am v2:172.21.15.112:33926/0 (socket says 172.21.15.112:33926)
2024-02-26T04:48:04.614 INFO:teuthology.orchestra.run.smithi112.stdout:/usr/bin/ceph: stderr
2024-02-26T04:47:57.054+0000 7fb548e00700 1 -- 172.21.15.112:0/2427720529 learned_addr learned my addr 172.21.15.112:0/2427720529 (peer_addr_for_me v2:172.21.15.112:0/0)
2024-02-26T04:48:04.614 INFO:teuthology.orchestra.run.smithi112.stdout:/usr/bin/ceph: stderr
2024-02-26T04:47:57.054+0000 7fb548e00700 1 -- 172.21.15.112:0/2427720529 --> [v2:172.21.15.112:3300/0,v1:172.21.15.112:6789/0] -- mon_subscribe({config=0+,monmap=0+}) v3 -- 0x7fb538009550 con 0x7fb544109a30
2024-02-26T04:48:04.614 INFO:teuthology.orchestra.run.smithi112.stdout:/usr/bin/ceph: stderr
2024-02-26T04:47:57.055+0000 7fb548e00700 1 --2- 172.21.15.112:0/2427720529 >> [v2:172.21.15.112:3300/0,v1:172.21.15.112:6789/0] conn(0x7fb544109a30 0x7fb54419d6e0 secure :-1 s=READY pgs=29 cs=0 l=1 rev1=1 crypto rx=0x7fb538011670 tx=0x7fb538011bf0 comp rx=0 tx=0).ready entity=mon.0 client_cookie=0 server_cookie=0 in_seq=0 out_seq=0
2024-02-26T04:48:04.614 INFO:teuthology.orchestra.run.smithi112.stdout:/usr/bin/ceph: stderr
2024-02-26T04:47:57.055+0000 7fb541600700 1 -- 172.21.15.112:0/2427720529 <== mon.0 v2:172.21.15.112:3300/0 1 ==== mon_map magic: 0 v1 ==== 205+0+0 (secure 0 0 0) 0x7fb5380039f0 con 0x7fb544109a30
2024-02-26T04:48:04.614 INFO:teuthology.orchestra.run.smithi112.stdout:/usr/bin/ceph: stderr
2024-02-26T04:47:57.055+0000 7fb541600700 1 -- 172.21.15.112:0/2427720529 <== mon.0 v2:172.21.15.112:3300/0 2 ==== config(28 keys) v1 ==== 1143+0+0 (secure 0 0 0) 0x7fb538003b50 con 0x7fb544109a30
2024-02-26T04:48:04.614 INFO:teuthology.orchestra.run.smithi112.stdout:/usr/bin/ceph: stderr
2024-02-26T04:47:57.055+0000 7fb54b800700 1 -- 172.21.15.112:0/2427720529 --> [v2:172.21.15.112:3300/0,v1:172.21.15.112:6789/0] -- mon_subscribe({mgrmap=0+}) v3 -- 0x7fb54419de20 con 0x7fb544109a30
2024-02-26T04:48:04.614 INFO:teuthology.orchestra.run.smithi112.stdout:/usr/bin/ceph: stderr
2024-02-26T04:47:57.055+0000 7fb541600700 1 -- 172.21.15.112:0/2427720529 <== mon.0 v2:172.21.15.112:3300/0 3 ==== mon_map magic: 0 v1 ==== 205+0+0 (secure 0 0 0) 0x7fb53801a6d0 con 0x7fb544109a30
2024-02-26T04:48:04.614 INFO:teuthology.orchestra.run.smithi112.stdout:/usr/bin/ceph: stderr
2024-02-26T04:47:57.055+0000 7fb54b800700 1 -- 172.21.15.112:0/2427720529 --> [v2:172.21.15.112:3300/0,v1:172.21.15.112:6789/0] -- mon_subscribe({osdmap=0}) v3 -- 0x7fb54419e2c0 con 0x7fb544109a30
2024-02-26T04:48:04.614 INFO:teuthology.orchestra.run.smithi112.stdout:/usr/bin/ceph: stderr
2024-02-26T04:47:57.056+0000 7fb541600700 1 -- 172.21.15.112:0/2427720529 <== mon.0 v2:172.21.15.112:3300/0 4 ==== mgrmap(e 5) v1 ==== 45932+0+0 (secure 0 0 0) 0x7fb53801a940 con 0x7fb544109a30
2024-02-26T04:48:04.615 INFO:teuthology.orchestra.run.smithi112.stdout:/usr/bin/ceph: stderr
2024-02-26T04:47:57.057+0000 7fb541600700 1 --2- 172.21.15.112:0/2427720529 >> [v2:172.21.15.112:6800/2190883855,v1:172.21.15.112:6801/2190883855] conn(0x7fb52c038fa0 0x7fb52c03b460 unknown :-1 s=NONE pgs=0 cs=0 l=1 rev1=0 crypto rx=0 tx=0 comp rx=0 tx=0).connect
2024-02-26T04:48:04.615 INFO:teuthology.orchestra.run.smithi112.stdout:/usr/bin/ceph: stderr
2024-02-26T04:47:57.057+0000 7fb54b800700 1 -- 172.21.15.112:0/2427720529 --> [v2:172.21.15.112:6800/2190883855,v1:172.21.15.112:6801/2190883855] -- command(tid 0: {"prefix": "get_command_descriptions"}) v1 -- 0x7fb5440632a0 con 0x7fb52c038fa0
2024-02-26T04:48:04.615 INFO:teuthology.orchestra.run.smithi112.stdout:/usr/bin/ceph: stderr
2024-02-26T04:47:57.057+0000 7fb541600700 1 -- 172.21.15.112:0/2427720529 <== mon.0 v2:172.21.15.112:3300/0 5 ==== osd_map(1..1 src has 1..1) v4 ==== 725+0+0 (secure 0 0 0) 0x7fb53804d070 con 0x7fb544109a30
2024-02-26T04:48:04.615 INFO:teuthology.orchestra.run.smithi112.stdout:/usr/bin/ceph: stderr
2024-02-26T04:47:57.057+0000 7fb543e00700 1 -- 172.21.15.112:0/2427720529 >> [v2:172.21.15.112:6800/2190883855,v1:172.21.15.112:6801/2190883855] conn(0x7fb52c038fa0 msgr2=0x7fb52c03b460 unknown :-1 s=STATE_CONNECTING_RE l=1).process reconnect failed to v2:172.21.15.112:6800/2190883855
2024-02-26T04:48:04.615 INFO:teuthology.orchestra.run.smithi112.stdout:/usr/bin/ceph: stderr
2024-02-26T04:47:57.057+0000 7fb543e00700 1 --2- 172.21.15.112:0/2427720529 >> [v2:172.21.15.112:6800/2190883855,v1:172.21.15.112:6801/2190883855] conn(0x7fb52c038fa0 0x7fb52c03b460 unknown :-1 s=START_CONNECT pgs=0 cs=0 l=1 rev1=0 crypto rx=0 tx=0 comp rx=0 tx=0)._fault waiting 0.200000
2024-02-26T04:48:04.615 INFO:teuthology.orchestra.run.smithi112.stdout:/usr/bin/ceph: stderr
2024-02-26T04:47:57.258+0000 7fb543e00700 1 -- 172.21.15.112:0/2427720529 >> [v2:172.21.15.112:6800/2190883855,v1:172.21.15.112:6801/2190883855] conn(0x7fb52c038fa0 msgr2=0x7fb52c03b460 unknown :-1 s=STATE_CONNECTING_RE l=1).process reconnect failed to v2:172.21.15.112:6800/2190883855
2024-02-26T04:48:04.615 INFO:teuthology.orchestra.run.smithi112.stdout:/usr/bin/ceph: stderr
2024-02-26T04:47:57.258+0000 7fb543e00700 1 --2- 172.21.15.112:0/2427720529 >> [v2:172.21.15.112:6800/2190883855,v1:172.21.15.112:6801/2190883855] conn(0x7fb52c038fa0 0x7fb52c03b460 unknown :-1 s=START_CONNECT pgs=0 cs=0 l=1 rev1=0 crypto rx=0 tx=0 comp rx=0 tx=0)._fault waiting 0.400000
2024-02-26T04:48:04.615 INFO:teuthology.orchestra.run.smithi112.stdout:/usr/bin/ceph: stderr
2024-02-26T04:47:57.659+0000 7fb543e00700 1 -- 172.21.15.112:0/2427720529 >> [v2:172.21.15.112:6800/2190883855,v1:172.21.15.112:6801/2190883855] conn(0x7fb52c038fa0 msgr2=0x7fb52c03b460 unknown :-1 s=STATE_CONNECTING_RE l=1).process reconnect failed to v2:172.21.15.112:6800/2190883855
2024-02-26T04:48:04.615 INFO:teuthology.orchestra.run.smithi112.stdout:/usr/bin/ceph: stderr
2024-02-26T04:47:57.659+0000 7fb543e00700 1 --2- 172.21.15.112:0/2427720529 >> [v2:172.21.15.112:6800/2190883855,v1:172.21.15.112:6801/2190883855] conn(0x7fb52c038fa0 0x7fb52c03b460 unknown :-1 s=START_CONNECT pgs=0 cs=0 l=1 rev1=0 crypto rx=0 tx=0 comp rx=0 tx=0)._fault waiting 0.800000
2024-02-26T04:48:04.615 INFO:teuthology.orchestra.run.smithi112.stdout:/usr/bin/ceph: stderr
2024-02-26T04:47:58.461+0000 7fb543e00700 1 -- 172.21.15.112:0/2427720529 >> [v2:172.21.15.112:6800/2190883855,v1:172.21.15.112:6801/2190883855] conn(0x7fb52c038fa0 msgr2=0x7fb52c03b460 unknown :-1 s=STATE_CONNECTING_RE l=1).process reconnect failed to v2:172.21.15.112:6800/2190883855
2024-02-26T04:48:04.615 INFO:teuthology.orchestra.run.smithi112.stdout:/usr/bin/ceph: stderr
2024-02-26T04:47:58.461+0000 7fb543e00700 1 --2- 172.21.15.112:0/2427720529 >> [v2:172.21.15.112:6800/2190883855,v1:172.21.15.112:6801/2190883855] conn(0x7fb52c038fa0 0x7fb52c03b460 unknown :-1 s=START_CONNECT pgs=0 cs=0 l=1 rev1=0 crypto rx=0 tx=0 comp rx=0 tx=0)._fault waiting 1.600000
2024-02-26T04:48:04.615 INFO:teuthology.orchestra.run.smithi112.stdout:/usr/bin/ceph: stderr
2024-02-26T04:48:00.063+0000 7fb543e00700 1 -- 172.21.15.112:0/2427720529 >> [v2:172.21.15.112:6800/2190883855,v1:172.21.15.112:6801/2190883855] conn(0x7fb52c038fa0 msgr2=0x7fb52c03b460 unknown :-1 s=STATE_CONNECTING_RE l=1).process reconnect failed to v2:172.21.15.112:6800/2190883855
2024-02-26T04:48:04.615 INFO:teuthology.orchestra.run.smithi112.stdout:/usr/bin/ceph: stderr
2024-02-26T04:48:00.063+0000 7fb543e00700 1 --2- 172.21.15.112:0/2427720529 >> [v2:172.21.15.112:6800/2190883855,v1:172.21.15.112:6801/2190883855] conn(0x7fb52c038fa0 0x7fb52c03b460 unknown :-1 s=START_CONNECT pgs=0 cs=0 l=1 rev1=0 crypto rx=0 tx=0 comp rx=0 tx=0)._fault waiting 3.200000
2024-02-26T04:48:04.615 INFO:teuthology.orchestra.run.smithi112.stdout:/usr/bin/ceph: stderr
2024-02-26T04:48:02.900+0000 7fb541600700 1 -- 172.21.15.112:0/2427720529 <== mon.0 v2:172.21.15.112:3300/0 6 ==== mgrmap(e 6) v1 ==== 45699+0+0 (secure 0 0 0) 0x7fb53802d9b0 con 0x7fb544109a30
2024-02-26T04:48:04.615 INFO:teuthology.orchestra.run.smithi112.stdout:/usr/bin/ceph: stderr
2024-02-26T04:48:02.900+0000 7fb541600700 1 -- 172.21.15.112:0/2427720529 >> [v2:172.21.15.112:6800/2190883855,v1:172.21.15.112:6801/2190883855] conn(0x7fb52c038fa0 msgr2=0x7fb52c03b460 unknown :-1 s=STATE_CONNECTING l=1).mark_down
2024-02-26T04:48:04.616 INFO:teuthology.orchestra.run.smithi112.stdout:/usr/bin/ceph: stderr
2024-02-26T04:48:02.900+0000 7fb541600700 1 --2- 172.21.15.112:0/2427720529 >> [v2:172.21.15.112:6800/2190883855,v1:172.21.15.112:6801/2190883855] conn(0x7fb52c038fa0 0x7fb52c03b460 unknown :-1 s=START_CONNECT pgs=0 cs=0 l=1 rev1=0 crypto rx=0 tx=0 comp rx=0 tx=0).stop
2024-02-26T04:48:04.616 INFO:teuthology.orchestra.run.smithi112.stdout:/usr/bin/ceph: stderr
2024-02-26T04:48:03.905+0000 7fb541600700 1 -- 172.21.15.112:0/2427720529 <== mon.0 v2:172.21.15.112:3300/0 7 ==== mgrmap(e 7) v1 ==== 45826+0+0 (secure 0 0 0) 0x7fb538018350 con 0x7fb544109a30
2024-02-26T04:48:04.616 INFO:teuthology.orchestra.run.smithi112.stdout:/usr/bin/ceph: stderr
2024-02-26T04:48:03.905+0000 7fb541600700 1 --2- 172.21.15.112:0/2427720529 >> [v2:172.21.15.112:6800/3855844960,v1:172.21.15.112:6801/3855844960] conn(0x7fb52c03c6e0 0x7fb52c03ead0 unknown :-1 s=NONE pgs=0 cs=0 l=1 rev1=0 crypto rx=0 tx=0 comp rx=0 tx=0).connect
2024-02-26T04:48:04.616 INFO:teuthology.orchestra.run.smithi112.stdout:/usr/bin/ceph: stderr
2024-02-26T04:48:03.905+0000 7fb541600700 1 -- 172.21.15.112:0/2427720529 --> [v2:172.21.15.112:6800/3855844960,v1:172.21.15.112:6801/3855844960] -- command(tid 0: {"prefix": "get_command_descriptions"}) v1 -- 0x7fb5440632a0 con 0x7fb52c03c6e0
2024-02-26T04:48:04.616 INFO:teuthology.orchestra.run.smithi112.stdout:/usr/bin/ceph: stderr
2024-02-26T04:48:03.907+0000 7fb543e00700 1 --2- 172.21.15.112:0/2427720529 >> [v2:172.21.15.112:6800/3855844960,v1:172.21.15.112:6801/3855844960] conn(0x7fb52c03c6e0 0x7fb52c03ead0 unknown :-1 s=BANNER_CONNECTING pgs=0 cs=0 l=1 rev1=0 crypto rx=0 tx=0 comp rx=0 tx=0)._handle_peer_banner_payload supported=3 required=0
2024-02-26T04:48:04.616 INFO:teuthology.orchestra.run.smithi112.stdout:/usr/bin/ceph: stderr
2024-02-26T04:48:03.910+0000 7fb543e00700 1 --2- 172.21.15.112:0/2427720529 >> [v2:172.21.15.112:6800/3855844960,v1:172.21.15.112:6801/3855844960] conn(0x7fb52c03c6e0 0x7fb52c03ead0 secure :-1 s=READY pgs=2 cs=0 l=1 rev1=1 crypto rx=0x7fb530003a10 tx=0x7fb5300092b0 comp rx=0 tx=0).ready entity=mgr.14120 client_cookie=0 server_cookie=0 in_seq=0 out_seq=0
2024-02-26T04:48:04.616 INFO:teuthology.orchestra.run.smithi112.stdout:/usr/bin/ceph: stderr
2024-02-26T04:48:03.912+0000 7fb541600700 1 -- 172.21.15.112:0/2427720529 <== mgr.14120 v2:172.21.15.112:6800/3855844960 1 ==== command_reply(tid 0: 0 ) v1 ==== 8+0+7774 (secure 0 0 0) 0x7fb5440632a0 con 0x7fb52c03c6e0
2024-02-26T04:48:04.616 INFO:teuthology.orchestra.run.smithi112.stdout:/usr/bin/ceph: stderr
2024-02-26T04:48:03.920+0000 7fb54b800700 1 -- 172.21.15.112:0/2427720529 --> [v2:172.21.15.112:6800/3855844960,v1:172.21.15.112:6801/3855844960] -- command(tid 1: {"prefix": "mgr_status"}) v1 -- 0x7fb54410dea0 con 0x7fb52c03c6e0
2024-02-26T04:48:04.616 INFO:teuthology.orchestra.run.smithi112.stdout:/usr/bin/ceph: stderr
2024-02-26T04:48:03.921+0000 7fb541600700 1 -- 172.21.15.112:0/2427720529 <== mgr.14120 v2:172.21.15.112:6800/3855844960 2 ==== command_reply(tid 1: 0 ) v1 ==== 8+0+51 (secure 0 0 0) 0x7fb54410dea0 con 0x7fb52c03c6e0
2024-02-26T04:48:04.616 INFO:teuthology.orchestra.run.smithi112.stdout:/usr/bin/ceph: stderr
2024-02-26T04:48:03.921+0000 7fb54b800700 1 -- 172.21.15.112:0/2427720529 >> [v2:172.21.15.112:6800/3855844960,v1:172.21.15.112:6801/3855844960] conn(0x7fb52c03c6e0 msgr2=0x7fb52c03ead0 secure :-1 s=STATE_CONNECTION_ESTABLISHED l=1).mark_down
2024-02-26T04:48:04.616 INFO:teuthology.orchestra.run.smithi112.stdout:/usr/bin/ceph: stderr
2024-02-26T04:48:03.921+0000 7fb54b800700 1 --2- 172.21.15.112:0/2427720529 >> [v2:172.21.15.112:6800/3855844960,v1:172.21.15.112:6801/3855844960] conn(0x7fb52c03c6e0 0x7fb52c03ead0 secure :-1 s=READY pgs=2 cs=0 l=1 rev1=1 crypto rx=0x7fb530003a10 tx=0x7fb5300092b0 comp rx=0 tx=0).stop
2024-02-26T04:48:04.616 INFO:teuthology.orchestra.run.smithi112.stdout:/usr/bin/ceph: stderr
2024-02-26T04:48:03.921+0000 7fb54b800700 1 -- 172.21.15.112:0/2427720529 >> [v2:172.21.15.112:3300/0,v1:172.21.15.112:6789/0] conn(0x7fb544109a30 msgr2=0x7fb54419d6e0 secure :-1 s=STATE_CONNECTION_ESTABLISHED l=1).mark_down
2024-02-26T04:48:04.616 INFO:teuthology.orchestra.run.smithi112.stdout:/usr/bin/ceph: stderr
2024-02-26T04:48:03.921+0000 7fb54b800700 1 --2- 172.21.15.112:0/2427720529 >> [v2:172.21.15.112:3300/0,v1:172.21.15.112:6789/0] conn(0x7fb544109a30 0x7fb54419d6e0 secure :-1 s=READY pgs=29 cs=0 l=1 rev1=1 crypto rx=0x7fb538011670 tx=0x7fb538011bf0 comp rx=0 tx=0).stop
2024-02-26T04:48:04.616 INFO:teuthology.orchestra.run.smithi112.stdout:/usr/bin/ceph: stderr
2024-02-26T04:48:03.922+0000 7fb54b800700 1 -- 172.21.15.112:0/2427720529 shutdown_connections
2024-02-26T04:48:04.617 INFO:teuthology.orchestra.run.smithi112.stdout:/usr/bin/ceph: stderr
2024-02-26T04:48:03.922+0000 7fb54b800700 1 --2- 172.21.15.112:0/2427720529 >> [v2:172.21.15.112:6800/3855844960,v1:172.21.15.112:6801/3855844960] conn(0x7fb52c03c6e0 0x7fb52c03ead0 unknown :-1 s=CLOSED pgs=2 cs=0 l=1 rev1=1 crypto rx=0 tx=0 comp rx=0 tx=0).stop
2024-02-26T04:48:04.617 INFO:teuthology.orchestra.run.smithi112.stdout:/usr/bin/ceph: stderr
2024-02-26T04:48:03.922+0000 7fb54b800700 1 --2- 172.21.15.112:0/2427720529 >> [v2:172.21.15.112:3300/0,v1:172.21.15.112:6789/0] conn(0x7fb544109a30 0x7fb54419d6e0 unknown :-1 s=CLOSED pgs=29 cs=0 l=1 rev1=1 crypto rx=0 tx=0 comp rx=0 tx=0).stop
2024-02-26T04:48:04.617 INFO:teuthology.orchestra.run.smithi112.stdout:/usr/bin/ceph: stderr
2024-02-26T04:48:03.922+0000 7fb54b800700 1 --2- 172.21.15.112:0/2427720529 >> [v2:172.21.15.112:6800/2190883855,v1:172.21.15.112:6801/2190883855] conn(0x7fb52c038fa0 0x7fb52c03b460 unknown :-1 s=CLOSED pgs=0 cs=0 l=1 rev1=0 crypto rx=0 tx=0 comp rx=0 tx=0).stop
2024-02-26T04:48:04.617 INFO:teuthology.orchestra.run.smithi112.stdout:/usr/bin/ceph: stderr
2024-02-26T04:48:03.922+0000 7fb54b800700 1 -- 172.21.15.112:0/2427720529 >> 172.21.15.112:0/2427720529 conn(0x7fb5441054c0 msgr2=0x7fb544106e60 unknown :-1 s=STATE_NONE l=0).mark_down
2024-02-26T04:48:04.617 INFO:teuthology.orchestra.run.smithi112.stdout:/usr/bin/ceph: stderr
2024-02-26T04:48:03.922+0000 7fb54b800700 1 -- 172.21.15.112:0/2427720529 shutdown_connections
2024-02-26T04:48:04.617 INFO:teuthology.orchestra.run.smithi112.stdout:/usr/bin/ceph: stderr
2024-02-26T04:48:03.922+0000 7fb54b800700 1 -- 172.21.15.112:0/2427720529 wait complete.
2024-02-26T04:48:04.617 INFO:teuthology.orchestra.run.smithi112.stdout:mgr epoch 5 is available
2024-02-26T04:48:04.617 INFO:teuthology.orchestra.run.smithi112.stdout:Setting orchestrator backend to cephadm...
2024-02-26T04:48:05.120 INFO:journalctl@ceph.mon.a.smithi112.stdout:Feb 26 04:48:04 smithi112 ceph-mon[31817]: [26/Feb/2024:04:48:03] ENGINE Bus STARTING
2024-02-26T04:48:05.120 INFO:journalctl@ceph.mon.a.smithi112.stdout:Feb 26 04:48:04 smithi112 ceph-mon[31817]: [26/Feb/2024:04:48:03] ENGINE Serving on https://172.21.15.112:7150
2024-02-26T04:48:05.120 INFO:journalctl@ceph.mon.a.smithi112.stdout:Feb 26 04:48:04 smithi112 ceph-mon[31817]: [26/Feb/2024:04:48:03] ENGINE Serving on http://172.21.15.112:8765
2024-02-26T04:48:05.120 INFO:journalctl@ceph.mon.a.smithi112.stdout:Feb 26 04:48:04 smithi112 ceph-mon[31817]: [26/Feb/2024:04:48:03] ENGINE Bus STARTED
2024-02-26T04:48:05.120 INFO:journalctl@ceph.mon.a.smithi112.stdout:Feb 26 04:48:04 smithi112 ceph-mon[31817]: from='client.14124 -' entity='client.admin' cmd=[{"prefix": "get_command_descriptions"}]: dispatch
2024-02-26T04:48:05.120 INFO:journalctl@ceph.mon.a.smithi112.stdout:Feb 26 04:48:04 smithi112 ceph-mon[31817]: from='client.14124 -' entity='client.admin' cmd=[{"prefix": "mgr_status"}]: dispatch
2024-02-26T04:48:06.099 INFO:journalctl@ceph.mon.a.smithi112.stdout:Feb 26 04:48:05 smithi112 ceph-mon[31817]: mgrmap e8: x(active, since 2s)
2024-02-26T04:48:06.099 INFO:journalctl@ceph.mon.a.smithi112.stdout:Feb 26 04:48:05 smithi112 ceph-mon[31817]: from='mgr.14120 172.21.15.112:0/2951488437' entity='mgr.x'
2024-02-26T04:48:06.099 INFO:journalctl@ceph.mon.a.smithi112.stdout:Feb 26 04:48:05 smithi112 ceph-mon[31817]: from='mgr.14120 172.21.15.112:0/2951488437' entity='mgr.x' cmd=[{"prefix": "config dump", "format": "json"}]: dispatch
2024-02-26T04:48:06.116 INFO:teuthology.orchestra.run.smithi112.stdout:/usr/bin/ceph: stderr
2024-02-26T04:48:05.191+0000 7f1801c00700 1 Processor -- start
2024-02-26T04:48:06.117 INFO:teuthology.orchestra.run.smithi112.stdout:/usr/bin/ceph: stderr
2024-02-26T04:48:05.191+0000 7f1801c00700 1 -- start start
2024-02-26T04:48:06.117 INFO:teuthology.orchestra.run.smithi112.stdout:/usr/bin/ceph: stderr
2024-02-26T04:48:05.192+0000 7f1801c00700 1 --2- >> [v2:172.21.15.112:3300/0,v1:172.21.15.112:6789/0] conn(0x7f17fc108370 0x7f17fc10a760 unknown :-1 s=NONE pgs=0 cs=0 l=0 rev1=0 crypto rx=0 tx=0 comp rx=0 tx=0).connect
2024-02-26T04:48:06.117 INFO:teuthology.orchestra.run.smithi112.stdout:/usr/bin/ceph: stderr
2024-02-26T04:48:05.192+0000 7f1801c00700 1 -- --> [v2:172.21.15.112:3300/0,v1:172.21.15.112:6789/0] -- mon_getmap magic: 0 v1 -- 0x7f17fc07add0 con 0x7f17fc108370
2024-02-26T04:48:06.117 INFO:teuthology.orchestra.run.smithi112.stdout:/usr/bin/ceph: stderr
2024-02-26T04:48:05.192+0000 7f17faa00700 1 --2- >> [v2:172.21.15.112:3300/0,v1:172.21.15.112:6789/0] conn(0x7f17fc108370 0x7f17fc10a760 unknown :-1 s=BANNER_CONNECTING pgs=0 cs=0 l=0 rev1=0 crypto rx=0 tx=0 comp rx=0 tx=0)._handle_peer_banner_payload supported=3 required=0
2024-02-26T04:48:06.117 INFO:teuthology.orchestra.run.smithi112.stdout:/usr/bin/ceph: stderr
2024-02-26T04:48:05.192+0000 7f17faa00700 1 --2- >> [v2:172.21.15.112:3300/0,v1:172.21.15.112:6789/0] conn(0x7f17fc108370 0x7f17fc10a760 unknown :-1 s=HELLO_CONNECTING pgs=0 cs=0 l=0 rev1=1 crypto rx=0 tx=0 comp rx=0 tx=0).handle_hello peer v2:172.21.15.112:3300/0 says I am v2:172.21.15.112:51572/0 (socket says 172.21.15.112:51572)
2024-02-26T04:48:06.117 INFO:teuthology.orchestra.run.smithi112.stdout:/usr/bin/ceph: stderr
2024-02-26T04:48:05.192+0000 7f17faa00700 1 -- 172.21.15.112:0/2217973489 learned_addr learned my addr 172.21.15.112:0/2217973489 (peer_addr_for_me v2:172.21.15.112:0/0)
2024-02-26T04:48:06.117 INFO:teuthology.orchestra.run.smithi112.stdout:/usr/bin/ceph: stderr
2024-02-26T04:48:05.192+0000 7f17faa00700 1 -- 172.21.15.112:0/2217973489 --> [v2:172.21.15.112:3300/0,v1:172.21.15.112:6789/0] -- mon_subscribe({config=0+,monmap=0+}) v3 -- 0x7f17fc07af10 con 0x7f17fc108370
2024-02-26T04:48:06.117 INFO:teuthology.orchestra.run.smithi112.stdout:/usr/bin/ceph: stderr
2024-02-26T04:48:05.193+0000 7f17faa00700 1 --2- 172.21.15.112:0/2217973489 >> [v2:172.21.15.112:3300/0,v1:172.21.15.112:6789/0] conn(0x7f17fc108370 0x7f17fc10a760 secure :-1 s=READY pgs=37 cs=0 l=1 rev1=1 crypto rx=0x7f17ec0098a0 tx=0x7f17ec009bb0 comp rx=0 tx=0).ready entity=mon.0 client_cookie=d80056031c1fd3eb server_cookie=0 in_seq=0 out_seq=0
2024-02-26T04:48:06.117 INFO:teuthology.orchestra.run.smithi112.stdout:/usr/bin/ceph: stderr
2024-02-26T04:48:05.193+0000 7f17f9600700 1 -- 172.21.15.112:0/2217973489 <== mon.0 v2:172.21.15.112:3300/0 1 ==== mon_map magic: 0 v1 ==== 205+0+0 (secure 0 0 0) 0x7f17ec004160 con 0x7f17fc108370
2024-02-26T04:48:06.117 INFO:teuthology.orchestra.run.smithi112.stdout:/usr/bin/ceph: stderr
2024-02-26T04:48:05.193+0000 7f17f9600700 1 -- 172.21.15.112:0/2217973489 <== mon.0 v2:172.21.15.112:3300/0 2 ==== config(28 keys) v1 ==== 1143+0+0 (secure 0 0 0) 0x7f17ec0042c0 con 0x7f17fc108370
2024-02-26T04:48:06.117 INFO:teuthology.orchestra.run.smithi112.stdout:/usr/bin/ceph: stderr
2024-02-26T04:48:05.193+0000 7f17f9600700 1 -- 172.21.15.112:0/2217973489 <== mon.0 v2:172.21.15.112:3300/0 3 ==== mon_map magic: 0 v1 ==== 205+0+0 (secure 0 0 0) 0x7f17ec011b70 con 0x7f17fc108370
2024-02-26T04:48:06.118 INFO:teuthology.orchestra.run.smithi112.stdout:/usr/bin/ceph: stderr
2024-02-26T04:48:05.194+0000 7f1801c00700 1 -- 172.21.15.112:0/2217973489 >> [v2:172.21.15.112:3300/0,v1:172.21.15.112:6789/0] conn(0x7f17fc108370 msgr2=0x7f17fc10a760 secure :-1 s=STATE_CONNECTION_ESTABLISHED l=1).mark_down
2024-02-26T04:48:06.118 INFO:teuthology.orchestra.run.smithi112.stdout:/usr/bin/ceph: stderr
2024-02-26T04:48:05.194+0000 7f1801c00700 1 --2- 172.21.15.112:0/2217973489 >> [v2:172.21.15.112:3300/0,v1:172.21.15.112:6789/0] conn(0x7f17fc108370 0x7f17fc10a760 secure :-1 s=READY pgs=37 cs=0 l=1 rev1=1 crypto rx=0x7f17ec0098a0 tx=0x7f17ec009bb0 comp rx=0 tx=0).stop
2024-02-26T04:48:06.118 INFO:teuthology.orchestra.run.smithi112.stdout:/usr/bin/ceph: stderr
2024-02-26T04:48:05.194+0000 7f1801c00700 1 -- 172.21.15.112:0/2217973489 shutdown_connections
2024-02-26T04:48:06.118 INFO:teuthology.orchestra.run.smithi112.stdout:/usr/bin/ceph: stderr
2024-02-26T04:48:05.194+0000 7f1801c00700 1 --2- 172.21.15.112:0/2217973489 >> [v2:172.21.15.112:3300/0,v1:172.21.15.112:6789/0] conn(0x7f17fc108370 0x7f17fc10a760 unknown :-1 s=CLOSED pgs=37 cs=0 l=1 rev1=1 crypto rx=0 tx=0 comp rx=0 tx=0).stop
2024-02-26T04:48:06.118 INFO:teuthology.orchestra.run.smithi112.stdout:/usr/bin/ceph: stderr
2024-02-26T04:48:05.194+0000 7f1801c00700 1 -- 172.21.15.112:0/2217973489 >> 172.21.15.112:0/2217973489 conn(0x7f17fc101d40 msgr2=0x7f17fc104160 unknown :-1 s=STATE_NONE l=0).mark_down
2024-02-26T04:48:06.118 INFO:teuthology.orchestra.run.smithi112.stdout:/usr/bin/ceph: stderr
2024-02-26T04:48:05.194+0000 7f1801c00700 1 -- 172.21.15.112:0/2217973489 shutdown_connections
2024-02-26T04:48:06.118 INFO:teuthology.orchestra.run.smithi112.stdout:/usr/bin/ceph: stderr
2024-02-26T04:48:05.194+0000 7f1801c00700 1 -- 172.21.15.112:0/2217973489 wait complete.
2024-02-26T04:48:06.118 INFO:teuthology.orchestra.run.smithi112.stdout:/usr/bin/ceph: stderr
2024-02-26T04:48:05.195+0000 7f1801c00700 1 Processor -- start
2024-02-26T04:48:06.118 INFO:teuthology.orchestra.run.smithi112.stdout:/usr/bin/ceph: stderr
2024-02-26T04:48:05.195+0000 7f1801c00700 1 -- start start
2024-02-26T04:48:06.118 INFO:teuthology.orchestra.run.smithi112.stdout:/usr/bin/ceph: stderr
2024-02-26T04:48:05.195+0000 7f1801c00700 1 --2- >> [v2:172.21.15.112:3300/0,v1:172.21.15.112:6789/0] conn(0x7f17fc108370 0x7f17fc107bf0 unknown :-1 s=NONE pgs=0 cs=0 l=1 rev1=0 crypto rx=0 tx=0 comp rx=0 tx=0).connect
2024-02-26T04:48:06.118 INFO:teuthology.orchestra.run.smithi112.stdout:/usr/bin/ceph: stderr
2024-02-26T04:48:05.195+0000 7f1801c00700 1 -- --> [v2:172.21.15.112:3300/0,v1:172.21.15.112:6789/0] -- mon_getmap magic: 0 v1 -- 0x7f17fc108130 con 0x7f17fc108370
2024-02-26T04:48:06.118 INFO:teuthology.orchestra.run.smithi112.stdout:/usr/bin/ceph: stderr
2024-02-26T04:48:05.196+0000 7f17faa00700 1 --2- >> [v2:172.21.15.112:3300/0,v1:172.21.15.112:6789/0] conn(0x7f17fc108370 0x7f17fc107bf0 unknown :-1 s=BANNER_CONNECTING pgs=0 cs=0 l=1 rev1=0 crypto rx=0 tx=0 comp rx=0 tx=0)._handle_peer_banner_payload supported=3 required=0
2024-02-26T04:48:06.118 INFO:teuthology.orchestra.run.smithi112.stdout:/usr/bin/ceph: stderr
2024-02-26T04:48:05.196+0000 7f17faa00700 1 --2- >> [v2:172.21.15.112:3300/0,v1:172.21.15.112:6789/0] conn(0x7f17fc108370 0x7f17fc107bf0 unknown :-1 s=HELLO_CONNECTING pgs=0 cs=0 l=1 rev1=1 crypto rx=0 tx=0 comp rx=0 tx=0).handle_hello peer v2:172.21.15.112:3300/0 says I am v2:172.21.15.112:51582/0 (socket says 172.21.15.112:51582)
2024-02-26T04:48:06.119 INFO:teuthology.orchestra.run.smithi112.stdout:/usr/bin/ceph: stderr
2024-02-26T04:48:05.196+0000 7f17faa00700 1 -- 172.21.15.112:0/3240705346 learned_addr learned my addr 172.21.15.112:0/3240705346 (peer_addr_for_me v2:172.21.15.112:0/0)
2024-02-26T04:48:06.119 INFO:teuthology.orchestra.run.smithi112.stdout:/usr/bin/ceph: stderr
2024-02-26T04:48:05.196+0000 7f17faa00700 1 -- 172.21.15.112:0/3240705346 --> [v2:172.21.15.112:3300/0,v1:172.21.15.112:6789/0] -- mon_subscribe({config=0+,monmap=0+}) v3 -- 0x7f17ec009550 con 0x7f17fc108370
2024-02-26T04:48:06.119 INFO:teuthology.orchestra.run.smithi112.stdout:/usr/bin/ceph: stderr
2024-02-26T04:48:05.196+0000 7f17faa00700 1 --2- 172.21.15.112:0/3240705346 >> [v2:172.21.15.112:3300/0,v1:172.21.15.112:6789/0] conn(0x7f17fc108370 0x7f17fc107bf0 secure :-1 s=READY pgs=38 cs=0 l=1 rev1=1 crypto rx=0x7f17ec009130 tx=0x7f17ec011bf0 comp rx=0 tx=0).ready entity=mon.0 client_cookie=0 server_cookie=0 in_seq=0 out_seq=0
2024-02-26T04:48:06.119 INFO:teuthology.orchestra.run.smithi112.stdout:/usr/bin/ceph: stderr
2024-02-26T04:48:05.197+0000 7f17f3400700 1 -- 172.21.15.112:0/3240705346 <== mon.0 v2:172.21.15.112:3300/0 1 ==== mon_map magic: 0 v1 ==== 205+0+0 (secure 0 0 0) 0x7f17ec003aa0 con 0x7f17fc108370
2024-02-26T04:48:06.119 INFO:teuthology.orchestra.run.smithi112.stdout:/usr/bin/ceph: stderr
2024-02-26T04:48:05.197+0000 7f17f3400700 1 -- 172.21.15.112:0/3240705346 <== mon.0 v2:172.21.15.112:3300/0 2 ==== config(28 keys) v1 ==== 1143+0+0 (secure 0 0 0) 0x7f17ec003c00 con 0x7f17fc108370
2024-02-26T04:48:06.119 INFO:teuthology.orchestra.run.smithi112.stdout:/usr/bin/ceph: stderr
2024-02-26T04:48:05.197+0000 7f17f3400700 1 -- 172.21.15.112:0/3240705346 <== mon.0 v2:172.21.15.112:3300/0 3 ==== mon_map magic: 0 v1 ==== 205+0+0 (secure 0 0 0) 0x7f17ec0248b0 con 0x7f17fc108370
2024-02-26T04:48:06.119 INFO:teuthology.orchestra.run.smithi112.stdout:/usr/bin/ceph: stderr
2024-02-26T04:48:05.197+0000 7f1801c00700 1 -- 172.21.15.112:0/3240705346 --> [v2:172.21.15.112:3300/0,v1:172.21.15.112:6789/0] -- mon_subscribe({mgrmap=0+}) v3 -- 0x7f17fc106320 con 0x7f17fc108370
2024-02-26T04:48:06.120 INFO:teuthology.orchestra.run.smithi112.stdout:/usr/bin/ceph: stderr
2024-02-26T04:48:05.197+0000 7f1801c00700 1 -- 172.21.15.112:0/3240705346 --> [v2:172.21.15.112:3300/0,v1:172.21.15.112:6789/0] -- mon_subscribe({osdmap=0}) v3 -- 0x7f17fc1067c0 con 0x7f17fc108370
2024-02-26T04:48:06.120 INFO:teuthology.orchestra.run.smithi112.stdout:/usr/bin/ceph: stderr
2024-02-26T04:48:05.198+0000 7f17f3400700 1 -- 172.21.15.112:0/3240705346 <== mon.0 v2:172.21.15.112:3300/0 4 ==== mgrmap(e 8) v1 ==== 45932+0+0 (secure 0 0 0) 0x7f17ec01ac30 con 0x7f17fc108370
2024-02-26T04:48:06.120 INFO:teuthology.orchestra.run.smithi112.stdout:/usr/bin/ceph: stderr
2024-02-26T04:48:05.198+0000 7f1801c00700 1 -- 172.21.15.112:0/3240705346 --> [v2:172.21.15.112:3300/0,v1:172.21.15.112:6789/0] -- mon_command({"prefix": "get_command_descriptions"} v 0) v1 -- 0x7f17fc10ba90 con 0x7f17fc108370
2024-02-26T04:48:06.120 INFO:teuthology.orchestra.run.smithi112.stdout:/usr/bin/ceph: stderr
2024-02-26T04:48:05.198+0000 7f17f3400700 1 --2- 172.21.15.112:0/3240705346 >> [v2:172.21.15.112:6800/3855844960,v1:172.21.15.112:6801/3855844960] conn(0x7f17e0038f30 0x7f17e003b3f0 unknown :-1 s=NONE pgs=0 cs=0 l=1 rev1=0 crypto rx=0 tx=0 comp rx=0 tx=0).connect
2024-02-26T04:48:06.120 INFO:teuthology.orchestra.run.smithi112.stdout:/usr/bin/ceph: stderr
2024-02-26T04:48:05.198+0000 7f17f3400700 1 -- 172.21.15.112:0/3240705346 <== mon.0 v2:172.21.15.112:3300/0 5 ==== osd_map(2..2 src has 1..2) v4 ==== 940+0+0 (secure 0 0 0) 0x7f17ec04d000 con 0x7f17fc108370
2024-02-26T04:48:06.120 INFO:teuthology.orchestra.run.smithi112.stdout:/usr/bin/ceph: stderr
2024-02-26T04:48:05.199+0000 7f17fa000700 1 --2- 172.21.15.112:0/3240705346 >> [v2:172.21.15.112:6800/3855844960,v1:172.21.15.112:6801/3855844960] conn(0x7f17e0038f30 0x7f17e003b3f0 unknown :-1 s=BANNER_CONNECTING pgs=0 cs=0 l=1 rev1=0 crypto rx=0 tx=0 comp rx=0 tx=0)._handle_peer_banner_payload supported=3 required=0
2024-02-26T04:48:06.120 INFO:teuthology.orchestra.run.smithi112.stdout:/usr/bin/ceph: stderr
2024-02-26T04:48:05.200+0000 7f17fa000700 1 --2- 172.21.15.112:0/3240705346 >> [v2:172.21.15.112:6800/3855844960,v1:172.21.15.112:6801/3855844960] conn(0x7f17e0038f30 0x7f17e003b3f0 secure :-1 s=READY pgs=7 cs=0 l=1 rev1=1 crypto rx=0x7f17e8006fd0 tx=0x7f17e8006e40 comp rx=0 tx=0).ready entity=mgr.14120 client_cookie=0 server_cookie=0 in_seq=0 out_seq=0
2024-02-26T04:48:06.120 INFO:teuthology.orchestra.run.smithi112.stdout:/usr/bin/ceph: stderr
2024-02-26T04:48:05.204+0000 7f17f3400700 1 -- 172.21.15.112:0/3240705346 <== mon.0 v2:172.21.15.112:3300/0 6 ==== mon_command_ack([{"prefix": "get_command_descriptions"}]=0 v0) v1 ==== 72+0+183564 (secure 0 0 0) 0x7f17ec080d20 con 0x7f17fc108370
2024-02-26T04:48:06.120 INFO:teuthology.orchestra.run.smithi112.stdout:/usr/bin/ceph: stderr
2024-02-26T04:48:05.439+0000 7f1801c00700 1 -- 172.21.15.112:0/3240705346 --> [v2:172.21.15.112:6800/3855844960,v1:172.21.15.112:6801/3855844960] -- mgr_command(tid 0: {"prefix": "orch set backend", "module_name": "cephadm", "target": ["mon-mgr", ""]}) v1 -- 0x7f17fc106e50 con 0x7f17e0038f30
2024-02-26T04:48:06.120 INFO:teuthology.orchestra.run.smithi112.stdout:/usr/bin/ceph: stderr
2024-02-26T04:48:05.454+0000 7f17f3400700 1 -- 172.21.15.112:0/3240705346 <== mgr.14120 v2:172.21.15.112:6800/3855844960 1 ==== mgr_command_reply(tid 0: 0 ) v1 ==== 8+0+0 (secure 0 0 0) 0x7f17fc106e50 con 0x7f17e0038f30
2024-02-26T04:48:06.120 INFO:teuthology.orchestra.run.smithi112.stdout:/usr/bin/ceph: stderr
2024-02-26T04:48:05.457+0000 7f1801c00700 1 -- 172.21.15.112:0/3240705346 >> [v2:172.21.15.112:6800/3855844960,v1:172.21.15.112:6801/3855844960] conn(0x7f17e0038f30 msgr2=0x7f17e003b3f0 secure :-1 s=STATE_CONNECTION_ESTABLISHED l=1).mark_down
2024-02-26T04:48:06.120 INFO:teuthology.orchestra.run.smithi112.stdout:/usr/bin/ceph: stderr
2024-02-26T04:48:05.457+0000 7f1801c00700 1 --2- 172.21.15.112:0/3240705346 >> [v2:172.21.15.112:6800/3855844960,v1:172.21.15.112:6801/3855844960] conn(0x7f17e0038f30 0x7f17e003b3f0 secure :-1 s=READY pgs=7 cs=0 l=1 rev1=1 crypto rx=0x7f17e8006fd0 tx=0x7f17e8006e40 comp rx=0 tx=0).stop
2024-02-26T04:48:06.120 INFO:teuthology.orchestra.run.smithi112.stdout:/usr/bin/ceph: stderr
2024-02-26T04:48:05.457+0000 7f1801c00700 1 -- 172.21.15.112:0/3240705346 >> [v2:172.21.15.112:3300/0,v1:172.21.15.112:6789/0] conn(0x7f17fc108370 msgr2=0x7f17fc107bf0 secure :-1 s=STATE_CONNECTION_ESTABLISHED l=1).mark_down
2024-02-26T04:48:06.121 INFO:teuthology.orchestra.run.smithi112.stdout:/usr/bin/ceph: stderr
2024-02-26T04:48:05.457+0000 7f1801c00700 1 --2- 172.21.15.112:0/3240705346 >> [v2:172.21.15.112:3300/0,v1:172.21.15.112:6789/0] conn(0x7f17fc108370 0x7f17fc107bf0 secure :-1 s=READY pgs=38 cs=0 l=1 rev1=1 crypto rx=0x7f17ec009130 tx=0x7f17ec011bf0 comp rx=0 tx=0).stop
2024-02-26T04:48:06.121 INFO:teuthology.orchestra.run.smithi112.stdout:/usr/bin/ceph: stderr
2024-02-26T04:48:05.457+0000 7f1801c00700 1 -- 172.21.15.112:0/3240705346 shutdown_connections
2024-02-26T04:48:06.121 INFO:teuthology.orchestra.run.smithi112.stdout:/usr/bin/ceph: stderr
2024-02-26T04:48:05.457+0000 7f1801c00700 1 --2- 172.21.15.112:0/3240705346 >> [v2:172.21.15.112:6800/3855844960,v1:172.21.15.112:6801/3855844960] conn(0x7f17e0038f30 0x7f17e003b3f0 unknown :-1 s=CLOSED pgs=7 cs=0 l=1 rev1=1 crypto rx=0 tx=0 comp rx=0 tx=0).stop
2024-02-26T04:48:06.121 INFO:teuthology.orchestra.run.smithi112.stdout:/usr/bin/ceph: stderr
2024-02-26T04:48:05.457+0000 7f1801c00700 1 --2- 172.21.15.112:0/3240705346 >> [v2:172.21.15.112:3300/0,v1:172.21.15.112:6789/0] conn(0x7f17fc108370 0x7f17fc107bf0 unknown :-1 s=CLOSED pgs=38 cs=0 l=1 rev1=1 crypto rx=0 tx=0 comp rx=0 tx=0).stop
2024-02-26T04:48:06.121 INFO:teuthology.orchestra.run.smithi112.stdout:/usr/bin/ceph: stderr
2024-02-26T04:48:05.457+0000 7f1801c00700 1 -- 172.21.15.112:0/3240705346 >> 172.21.15.112:0/3240705346 conn(0x7f17fc101d40 msgr2=0x7f17fc102830 unknown :-1 s=STATE_NONE l=0).mark_down
2024-02-26T04:48:06.121 INFO:teuthology.orchestra.run.smithi112.stdout:/usr/bin/ceph: stderr
2024-02-26T04:48:05.458+0000 7f1801c00700 1 -- 172.21.15.112:0/3240705346 shutdown_connections
2024-02-26T04:48:06.121 INFO:teuthology.orchestra.run.smithi112.stdout:/usr/bin/ceph: stderr
2024-02-26T04:48:05.458+0000 7f1801c00700 1 -- 172.21.15.112:0/3240705346 wait complete.
2024-02-26T04:48:06.976 INFO:journalctl@ceph.mon.a.smithi112.stdout:Feb 26 04:48:06 smithi112 ceph-mon[31817]: from='client.14132 -' entity='client.admin' cmd=[{"prefix": "orch set backend", "module_name": "cephadm", "target": ["mon-mgr", ""]}]: dispatch
2024-02-26T04:48:07.648 INFO:teuthology.orchestra.run.smithi112.stdout:/usr/bin/ceph: stdout value unchanged
2024-02-26T04:48:07.650 INFO:teuthology.orchestra.run.smithi112.stdout:/usr/bin/ceph: stderr
2024-02-26T04:48:06.718+0000 7fc22f400700 1 Processor -- start
2024-02-26T04:48:07.651 INFO:teuthology.orchestra.run.smithi112.stdout:/usr/bin/ceph: stderr
2024-02-26T04:48:06.718+0000 7fc22f400700 1 -- start start
2024-02-26T04:48:07.651 INFO:teuthology.orchestra.run.smithi112.stdout:/usr/bin/ceph: stderr
2024-02-26T04:48:06.718+0000 7fc22f400700 1 --2- >> [v2:172.21.15.112:3300/0,v1:172.21.15.112:6789/0] conn(0x7fc2281077c0 0x7fc228107be0 unknown :-1 s=NONE pgs=0 cs=0 l=0 rev1=0 crypto rx=0 tx=0 comp rx=0 tx=0).connect
2024-02-26T04:48:07.651 INFO:teuthology.orchestra.run.smithi112.stdout:/usr/bin/ceph: stderr
2024-02-26T04:48:06.718+0000 7fc22f400700 1 -- --> [v2:172.21.15.112:3300/0,v1:172.21.15.112:6789/0] -- mon_getmap magic: 0 v1 -- 0x7fc2281081b0 con 0x7fc2281077c0
2024-02-26T04:48:07.651 INFO:teuthology.orchestra.run.smithi112.stdout:/usr/bin/ceph: stderr
2024-02-26T04:48:06.719+0000 7fc22ca00700 1 --2- >> [v2:172.21.15.112:3300/0,v1:172.21.15.112:6789/0] conn(0x7fc2281077c0 0x7fc228107be0 unknown :-1 s=BANNER_CONNECTING pgs=0 cs=0 l=0 rev1=0 crypto rx=0 tx=0 comp rx=0 tx=0)._handle_peer_banner_payload supported=3 required=0
2024-02-26T04:48:07.651 INFO:teuthology.orchestra.run.smithi112.stdout:/usr/bin/ceph: stderr
2024-02-26T04:48:06.719+0000 7fc22ca00700 1 --2- >> [v2:172.21.15.112:3300/0,v1:172.21.15.112:6789/0] conn(0x7fc2281077c0 0x7fc228107be0 unknown :-1 s=HELLO_CONNECTING pgs=0 cs=0 l=0 rev1=1 crypto rx=0 tx=0 comp rx=0 tx=0).handle_hello peer v2:172.21.15.112:3300/0 says I am v2:172.21.15.112:51590/0 (socket says 172.21.15.112:51590)
2024-02-26T04:48:07.651 INFO:teuthology.orchestra.run.smithi112.stdout:/usr/bin/ceph: stderr
2024-02-26T04:48:06.719+0000 7fc22ca00700 1 -- 172.21.15.112:0/639530524 learned_addr learned my addr 172.21.15.112:0/639530524 (peer_addr_for_me v2:172.21.15.112:0/0)
2024-02-26T04:48:07.651 INFO:teuthology.orchestra.run.smithi112.stdout:/usr/bin/ceph: stderr
2024-02-26T04:48:06.719+0000 7fc22ca00700 1 -- 172.21.15.112:0/639530524 --> [v2:172.21.15.112:3300/0,v1:172.21.15.112:6789/0] -- mon_subscribe({config=0+,monmap=0+}) v3 -- 0x7fc2281089c0 con 0x7fc2281077c0
2024-02-26T04:48:07.651 INFO:teuthology.orchestra.run.smithi112.stdout:/usr/bin/ceph: stderr
2024-02-26T04:48:06.720+0000 7fc22ca00700 1 --2- 172.21.15.112:0/639530524 >> [v2:172.21.15.112:3300/0,v1:172.21.15.112:6789/0] conn(0x7fc2281077c0 0x7fc228107be0 secure :-1 s=READY pgs=39 cs=0 l=1 rev1=1 crypto rx=0x7fc21c0098a0 tx=0x7fc21c009bb0 comp rx=0 tx=0).ready entity=mon.0 client_cookie=6ce6d2511859f65d server_cookie=0 in_seq=0 out_seq=0
2024-02-26T04:48:07.651 INFO:teuthology.orchestra.run.smithi112.stdout:/usr/bin/ceph: stderr
2024-02-26T04:48:06.720+0000 7fc227400700 1 -- 172.21.15.112:0/639530524 <== mon.0 v2:172.21.15.112:3300/0 1 ==== mon_map magic: 0 v1 ==== 205+0+0 (secure 0 0 0) 0x7fc21c004160 con 0x7fc2281077c0
2024-02-26T04:48:07.651 INFO:teuthology.orchestra.run.smithi112.stdout:/usr/bin/ceph: stderr
2024-02-26T04:48:06.720+0000 7fc227400700 1 -- 172.21.15.112:0/639530524 <== mon.0 v2:172.21.15.112:3300/0 2 ==== config(28 keys) v1 ==== 1143+0+0 (secure 0 0 0) 0x7fc21c0042c0 con 0x7fc2281077c0
2024-02-26T04:48:07.651 INFO:teuthology.orchestra.run.smithi112.stdout:/usr/bin/ceph: stderr
2024-02-26T04:48:06.720+0000 7fc227400700 1 -- 172.21.15.112:0/639530524 <== mon.0 v2:172.21.15.112:3300/0 3 ==== mon_map magic: 0 v1 ==== 205+0+0 (secure 0 0 0) 0x7fc21c011b70 con 0x7fc2281077c0
2024-02-26T04:48:07.651 INFO:teuthology.orchestra.run.smithi112.stdout:/usr/bin/ceph: stderr
2024-02-26T04:48:06.721+0000 7fc22f400700 1 -- 172.21.15.112:0/639530524 >> [v2:172.21.15.112:3300/0,v1:172.21.15.112:6789/0] conn(0x7fc2281077c0 msgr2=0x7fc228107be0 secure :-1 s=STATE_CONNECTION_ESTABLISHED l=1).mark_down
2024-02-26T04:48:07.651 INFO:teuthology.orchestra.run.smithi112.stdout:/usr/bin/ceph: stderr
2024-02-26T04:48:06.721+0000 7fc22f400700 1 --2- 172.21.15.112:0/639530524 >> [v2:172.21.15.112:3300/0,v1:172.21.15.112:6789/0] conn(0x7fc2281077c0 0x7fc228107be0 secure :-1 s=READY pgs=39 cs=0 l=1 rev1=1 crypto rx=0x7fc21c0098a0 tx=0x7fc21c009bb0 comp rx=0 tx=0).stop
2024-02-26T04:48:07.652 INFO:teuthology.orchestra.run.smithi112.stdout:/usr/bin/ceph: stderr
2024-02-26T04:48:06.721+0000 7fc22f400700 1 -- 172.21.15.112:0/639530524 shutdown_connections
2024-02-26T04:48:07.652 INFO:teuthology.orchestra.run.smithi112.stdout:/usr/bin/ceph: stderr
2024-02-26T04:48:06.721+0000 7fc22f400700 1 --2- 172.21.15.112:0/639530524 >> [v2:172.21.15.112:3300/0,v1:172.21.15.112:6789/0] conn(0x7fc2281077c0 0x7fc228107be0 unknown :-1 s=CLOSED pgs=39 cs=0 l=1 rev1=1 crypto rx=0 tx=0 comp rx=0 tx=0).stop
2024-02-26T04:48:07.652 INFO:teuthology.orchestra.run.smithi112.stdout:/usr/bin/ceph: stderr
2024-02-26T04:48:06.721+0000 7fc22f400700 1 -- 172.21.15.112:0/639530524 >> 172.21.15.112:0/639530524 conn(0x7fc228102e40 msgr2=0x7fc228105260 unknown :-1 s=STATE_NONE l=0).mark_down
2024-02-26T04:48:07.652 INFO:teuthology.orchestra.run.smithi112.stdout:/usr/bin/ceph: stderr
2024-02-26T04:48:06.721+0000 7fc22f400700 1 -- 172.21.15.112:0/639530524 shutdown_connections
2024-02-26T04:48:07.652 INFO:teuthology.orchestra.run.smithi112.stdout:/usr/bin/ceph: stderr
2024-02-26T04:48:06.721+0000 7fc22f400700 1 -- 172.21.15.112:0/639530524 wait complete.
2024-02-26T04:48:07.652 INFO:teuthology.orchestra.run.smithi112.stdout:/usr/bin/ceph: stderr
2024-02-26T04:48:06.722+0000 7fc22f400700 1 Processor -- start
2024-02-26T04:48:07.652 INFO:teuthology.orchestra.run.smithi112.stdout:/usr/bin/ceph: stderr
2024-02-26T04:48:06.722+0000 7fc22f400700 1 -- start start
2024-02-26T04:48:07.655 INFO:teuthology.orchestra.run.smithi112.stdout:/usr/bin/ceph: stderr
2024-02-26T04:48:06.722+0000 7fc22f400700 1 --2- >> [v2:172.21.15.112:3300/0,v1:172.21.15.112:6789/0] conn(0x7fc2281077c0 0x7fc22819b570 unknown :-1 s=NONE pgs=0 cs=0 l=1 rev1=0 crypto rx=0 tx=0 comp rx=0 tx=0).connect
2024-02-26T04:48:07.655 INFO:teuthology.orchestra.run.smithi112.stdout:/usr/bin/ceph: stderr
2024-02-26T04:48:06.722+0000 7fc22f400700 1 -- --> [v2:172.21.15.112:3300/0,v1:172.21.15.112:6789/0] -- mon_getmap magic: 0 v1 -- 0x7fc22819bab0 con 0x7fc2281077c0
2024-02-26T04:48:07.655 INFO:teuthology.orchestra.run.smithi112.stdout:/usr/bin/ceph: stderr
2024-02-26T04:48:06.723+0000 7fc22ca00700 1 --2- >> [v2:172.21.15.112:3300/0,v1:172.21.15.112:6789/0] conn(0x7fc2281077c0 0x7fc22819b570 unknown :-1 s=BANNER_CONNECTING pgs=0 cs=0 l=1 rev1=0 crypto rx=0 tx=0 comp rx=0 tx=0)._handle_peer_banner_payload supported=3 required=0
2024-02-26T04:48:07.656 INFO:teuthology.orchestra.run.smithi112.stdout:/usr/bin/ceph: stderr
2024-02-26T04:48:06.723+0000 7fc22ca00700 1 --2- >> [v2:172.21.15.112:3300/0,v1:172.21.15.112:6789/0] conn(0x7fc2281077c0 0x7fc22819b570 unknown :-1 s=HELLO_CONNECTING pgs=0 cs=0 l=1 rev1=1 crypto rx=0 tx=0 comp rx=0 tx=0).handle_hello peer v2:172.21.15.112:3300/0 says I am v2:172.21.15.112:51606/0 (socket says 172.21.15.112:51606)
2024-02-26T04:48:07.656 INFO:teuthology.orchestra.run.smithi112.stdout:/usr/bin/ceph: stderr
2024-02-26T04:48:06.723+0000 7fc22ca00700 1 -- 172.21.15.112:0/181516516 learned_addr learned my addr 172.21.15.112:0/181516516 (peer_addr_for_me v2:172.21.15.112:0/0)
2024-02-26T04:48:07.656 INFO:teuthology.orchestra.run.smithi112.stdout:/usr/bin/ceph: stderr
2024-02-26T04:48:06.723+0000 7fc22ca00700 1 -- 172.21.15.112:0/181516516 --> [v2:172.21.15.112:3300/0,v1:172.21.15.112:6789/0] -- mon_subscribe({config=0+,monmap=0+}) v3 -- 0x7fc21c009550 con 0x7fc2281077c0
2024-02-26T04:48:07.656 INFO:teuthology.orchestra.run.smithi112.stdout:/usr/bin/ceph: stderr
2024-02-26T04:48:06.723+0000 7fc22ca00700 1 --2- 172.21.15.112:0/181516516 >> [v2:172.21.15.112:3300/0,v1:172.21.15.112:6789/0] conn(0x7fc2281077c0 0x7fc22819b570 secure :-1 s=READY pgs=40 cs=0 l=1 rev1=1 crypto rx=0x7fc21c000c00 tx=0x7fc21c011bf0 comp rx=0 tx=0).ready entity=mon.0 client_cookie=0 server_cookie=0 in_seq=0 out_seq=0
2024-02-26T04:48:07.656 INFO:teuthology.orchestra.run.smithi112.stdout:/usr/bin/ceph: stderr
2024-02-26T04:48:06.724+0000 7fc225600700 1 -- 172.21.15.112:0/181516516 <== mon.0 v2:172.21.15.112:3300/0 1 ==== mon_map magic: 0 v1 ==== 205+0+0 (secure 0 0 0) 0x7fc21c003aa0 con 0x7fc2281077c0
2024-02-26T04:48:07.656 INFO:teuthology.orchestra.run.smithi112.stdout:/usr/bin/ceph: stderr
2024-02-26T04:48:06.724+0000 7fc22f400700 1 -- 172.21.15.112:0/181516516 --> [v2:172.21.15.112:3300/0,v1:172.21.15.112:6789/0] -- mon_subscribe({mgrmap=0+}) v3 -- 0x7fc22819bcb0 con 0x7fc2281077c0
2024-02-26T04:48:07.656 INFO:teuthology.orchestra.run.smithi112.stdout:/usr/bin/ceph: stderr
2024-02-26T04:48:06.724+0000 7fc225600700 1 -- 172.21.15.112:0/181516516 <== mon.0 v2:172.21.15.112:3300/0 2 ==== config(28 keys) v1 ==== 1143+0+0 (secure 0 0 0) 0x7fc21c003c00 con 0x7fc2281077c0
2024-02-26T04:48:07.656 INFO:teuthology.orchestra.run.smithi112.stdout:/usr/bin/ceph: stderr
2024-02-26T04:48:06.724+0000 7fc225600700 1 -- 172.21.15.112:0/181516516 <== mon.0 v2:172.21.15.112:3300/0 3 ==== mon_map magic: 0 v1 ==== 205+0+0 (secure 0 0 0) 0x7fc21c024930 con 0x7fc2281077c0
2024-02-26T04:48:07.656 INFO:teuthology.orchestra.run.smithi112.stdout:/usr/bin/ceph: stderr
2024-02-26T04:48:06.724+0000 7fc22f400700 1 -- 172.21.15.112:0/181516516 --> [v2:172.21.15.112:3300/0,v1:172.21.15.112:6789/0] -- mon_subscribe({osdmap=0}) v3 -- 0x7fc22819c150 con 0x7fc2281077c0
2024-02-26T04:48:07.656 INFO:teuthology.orchestra.run.smithi112.stdout:/usr/bin/ceph: stderr
2024-02-26T04:48:06.725+0000 7fc225600700 1 -- 172.21.15.112:0/181516516 <== mon.0 v2:172.21.15.112:3300/0 4 ==== mgrmap(e 8) v1 ==== 45932+0+0 (secure 0 0 0) 0x7fc21c01aca0 con 0x7fc2281077c0
2024-02-26T04:48:07.657 INFO:teuthology.orchestra.run.smithi112.stdout:/usr/bin/ceph: stderr
2024-02-26T04:48:06.725+0000 7fc22f400700 1 -- 172.21.15.112:0/181516516 --> [v2:172.21.15.112:3300/0,v1:172.21.15.112:6789/0] -- mon_command({"prefix": "get_command_descriptions"} v 0) v1 -- 0x7fc22810bbf0 con 0x7fc2281077c0
2024-02-26T04:48:07.657 INFO:teuthology.orchestra.run.smithi112.stdout:/usr/bin/ceph: stderr
2024-02-26T04:48:06.725+0000 7fc225600700 1 --2- 172.21.15.112:0/181516516 >> [v2:172.21.15.112:6800/3855844960,v1:172.21.15.112:6801/3855844960] conn(0x7fc210038ff0 0x7fc21003b4b0 unknown :-1 s=NONE pgs=0 cs=0 l=1 rev1=0 crypto rx=0 tx=0 comp rx=0 tx=0).connect
2024-02-26T04:48:07.657 INFO:teuthology.orchestra.run.smithi112.stdout:/usr/bin/ceph: stderr
2024-02-26T04:48:06.725+0000 7fc225600700 1 -- 172.21.15.112:0/181516516 <== mon.0 v2:172.21.15.112:3300/0 5 ==== osd_map(2..2 src has 1..2) v4 ==== 940+0+0 (secure 0 0 0) 0x7fc21c04cfd0 con 0x7fc2281077c0
2024-02-26T04:48:07.657 INFO:teuthology.orchestra.run.smithi112.stdout:/usr/bin/ceph: stderr
2024-02-26T04:48:06.726+0000 7fc227e00700 1 --2- 172.21.15.112:0/181516516 >> [v2:172.21.15.112:6800/3855844960,v1:172.21.15.112:6801/3855844960] conn(0x7fc210038ff0 0x7fc21003b4b0 unknown :-1 s=BANNER_CONNECTING pgs=0 cs=0 l=1 rev1=0 crypto rx=0 tx=0 comp rx=0 tx=0)._handle_peer_banner_payload supported=3 required=0
2024-02-26T04:48:07.657 INFO:teuthology.orchestra.run.smithi112.stdout:/usr/bin/ceph: stderr
2024-02-26T04:48:06.726+0000 7fc227e00700 1 --2- 172.21.15.112:0/181516516 >> [v2:172.21.15.112:6800/3855844960,v1:172.21.15.112:6801/3855844960] conn(0x7fc210038ff0 0x7fc21003b4b0 secure :-1 s=READY pgs=8 cs=0 l=1 rev1=1 crypto rx=0x7fc214006fd0 tx=0x7fc214006e40 comp rx=0 tx=0).ready entity=mgr.14120 client_cookie=0 server_cookie=0 in_seq=0 out_seq=0
2024-02-26T04:48:07.657 INFO:teuthology.orchestra.run.smithi112.stdout:/usr/bin/ceph: stderr
2024-02-26T04:48:06.731+0000 7fc225600700 1 -- 172.21.15.112:0/181516516 <== mon.0 v2:172.21.15.112:3300/0 6 ==== mon_command_ack([{"prefix": "get_command_descriptions"}]=0 v0) v1 ==== 72+0+183564 (secure 0 0 0) 0x7fc21c01a430 con 0x7fc2281077c0
2024-02-26T04:48:07.657 INFO:teuthology.orchestra.run.smithi112.stdout:/usr/bin/ceph: stderr
2024-02-26T04:48:06.952+0000 7fc22f400700 1 -- 172.21.15.112:0/181516516 --> [v2:172.21.15.112:6800/3855844960,v1:172.21.15.112:6801/3855844960] -- mgr_command(tid 0: {"prefix": "cephadm set-user", "user": "root", "target": ["mon-mgr", ""]}) v1 -- 0x7fc228104020 con 0x7fc210038ff0
2024-02-26T04:48:07.657 INFO:teuthology.orchestra.run.smithi112.stdout:/usr/bin/ceph: stderr
2024-02-26T04:48:06.954+0000 7fc225600700 1 -- 172.21.15.112:0/181516516 <== mgr.14120 v2:172.21.15.112:6800/3855844960 1 ==== mgr_command_reply(tid 0: 0 ) v1 ==== 8+0+16 (secure 0 0 0) 0x7fc228104020 con 0x7fc210038ff0
2024-02-26T04:48:07.657 INFO:teuthology.orchestra.run.smithi112.stdout:/usr/bin/ceph: stderr
2024-02-26T04:48:06.956+0000 7fc22f400700 1 -- 172.21.15.112:0/181516516 >> [v2:172.21.15.112:6800/3855844960,v1:172.21.15.112:6801/3855844960] conn(0x7fc210038ff0 msgr2=0x7fc21003b4b0 secure :-1 s=STATE_CONNECTION_ESTABLISHED l=1).mark_down
2024-02-26T04:48:07.657 INFO:teuthology.orchestra.run.smithi112.stdout:/usr/bin/ceph: stderr
2024-02-26T04:48:06.956+0000 7fc22f400700 1 --2- 172.21.15.112:0/181516516 >> [v2:172.21.15.112:6800/3855844960,v1:172.21.15.112:6801/3855844960] conn(0x7fc210038ff0 0x7fc21003b4b0 secure :-1 s=READY pgs=8 cs=0 l=1 rev1=1 crypto rx=0x7fc214006fd0 tx=0x7fc214006e40 comp rx=0 tx=0).stop
2024-02-26T04:48:07.657 INFO:teuthology.orchestra.run.smithi112.stdout:/usr/bin/ceph: stderr
2024-02-26T04:48:06.956+0000 7fc22f400700 1 -- 172.21.15.112:0/181516516 >> [v2:172.21.15.112:3300/0,v1:172.21.15.112:6789/0] conn(0x7fc2281077c0 msgr2=0x7fc22819b570 secure :-1 s=STATE_CONNECTION_ESTABLISHED l=1).mark_down
2024-02-26T04:48:07.657 INFO:teuthology.orchestra.run.smithi112.stdout:/usr/bin/ceph: stderr
2024-02-26T04:48:06.956+0000 7fc22f400700 1 --2- 172.21.15.112:0/181516516 >> [v2:172.21.15.112:3300/0,v1:172.21.15.112:6789/0] conn(0x7fc2281077c0 0x7fc22819b570 secure :-1 s=READY pgs=40 cs=0 l=1 rev1=1 crypto rx=0x7fc21c000c00 tx=0x7fc21c011bf0 comp rx=0 tx=0).stop
2024-02-26T04:48:07.657 INFO:teuthology.orchestra.run.smithi112.stdout:/usr/bin/ceph: stderr
2024-02-26T04:48:06.956+0000 7fc22f400700 1 -- 172.21.15.112:0/181516516 shutdown_connections
2024-02-26T04:48:07.657 INFO:teuthology.orchestra.run.smithi112.stdout:/usr/bin/ceph: stderr
2024-02-26T04:48:06.956+0000 7fc22f400700 1 --2- 172.21.15.112:0/181516516 >> [v2:172.21.15.112:6800/3855844960,v1:172.21.15.112:6801/3855844960] conn(0x7fc210038ff0 0x7fc21003b4b0 unknown :-1 s=CLOSED pgs=8 cs=0 l=1 rev1=1 crypto rx=0 tx=0 comp rx=0 tx=0).stop
2024-02-26T04:48:07.658 INFO:teuthology.orchestra.run.smithi112.stdout:/usr/bin/ceph: stderr
2024-02-26T04:48:06.956+0000 7fc22f400700 1 --2- 172.21.15.112:0/181516516 >> [v2:172.21.15.112:3300/0,v1:172.21.15.112:6789/0] conn(0x7fc2281077c0 0x7fc22819b570 unknown :-1 s=CLOSED pgs=40 cs=0 l=1 rev1=1 crypto rx=0 tx=0 comp rx=0 tx=0).stop
2024-02-26T04:48:07.658 INFO:teuthology.orchestra.run.smithi112.stdout:/usr/bin/ceph: stderr
2024-02-26T04:48:06.956+0000 7fc22f400700 1 -- 172.21.15.112:0/181516516 >> 172.21.15.112:0/181516516 conn(0x7fc228102e40 msgr2=0x7fc228103910 unknown :-1 s=STATE_NONE l=0).mark_down
2024-02-26T04:48:07.658 INFO:teuthology.orchestra.run.smithi112.stdout:/usr/bin/ceph: stderr
2024-02-26T04:48:06.957+0000 7fc22f400700 1 -- 172.21.15.112:0/181516516 shutdown_connections
