2024-02-26T04:47:54.466 INFO:journalctl@ceph.mon.a.smithi112.stdout:Feb 26 04:47:54 smithi112 ceph-mon[31817]: from='client.? 172.21.15.112:0/3608799426' entity='client.admin' cmd=[{"prefix": "mgr module enable", "module": "cephadm"}]: dispatch
2024-02-26T04:47:54.466 INFO:journalctl@ceph.mgr.x.smithi112.stdout:Feb 26 04:47:54 smithi112 ceph-fa65e1ce-d461-11ee-95c3-87774f69a715-mgr-x[32054]: ignoring --setuser ceph since I am not root
2024-02-26T04:47:54.466 INFO:journalctl@ceph.mgr.x.smithi112.stdout:Feb 26 04:47:54 smithi112 ceph-fa65e1ce-d461-11ee-95c3-87774f69a715-mgr-x[32054]: ignoring --setgroup ceph since I am not root
2024-02-26T04:47:54.793 INFO:teuthology.orchestra.run.smithi112.stdout:/usr/bin/ceph: stderr
2024-02-26T04:47:53.784+0000 7fb33f400700 1 Processor -- start
2024-02-26T04:47:54.794 INFO:teuthology.orchestra.run.smithi112.stdout:/usr/bin/ceph: stderr
2024-02-26T04:47:53.784+0000 7fb33f400700 1 -- start start
2024-02-26T04:47:54.794 INFO:teuthology.orchestra.run.smithi112.stdout:/usr/bin/ceph: stderr
2024-02-26T04:47:53.785+0000 7fb33f400700 1 --2- >> [v2:172.21.15.112:3300/0,v1:172.21.15.112:6789/0] conn(0x7fb338107800 0x7fb338107c20 unknown :-1 s=NONE pgs=0 cs=0 l=0 rev1=0 crypto rx=0 tx=0 comp rx=0 tx=0).connect
2024-02-26T04:47:54.794 INFO:teuthology.orchestra.run.smithi112.stdout:/usr/bin/ceph: stderr
2024-02-26T04:47:53.785+0000 7fb33f400700 1 -- --> [v2:172.21.15.112:3300/0,v1:172.21.15.112:6789/0] -- mon_getmap magic: 0 v1 -- 0x7fb3381081f0 con 0x7fb338107800
2024-02-26T04:47:54.794 INFO:teuthology.orchestra.run.smithi112.stdout:/usr/bin/ceph: stderr
2024-02-26T04:47:53.785+0000 7fb33ca00700 1 --2- >> [v2:172.21.15.112:3300/0,v1:172.21.15.112:6789/0] conn(0x7fb338107800 0x7fb338107c20 unknown :-1 s=BANNER_CONNECTING pgs=0 cs=0 l=0 rev1=0 crypto rx=0 tx=0 comp rx=0 tx=0)._handle_peer_banner_payload supported=3 required=0
2024-02-26T04:47:54.794 INFO:teuthology.orchestra.run.smithi112.stdout:/usr/bin/ceph: stderr
2024-02-26T04:47:53.785+0000 7fb33ca00700 1 --2- >> [v2:172.21.15.112:3300/0,v1:172.21.15.112:6789/0] conn(0x7fb338107800 0x7fb338107c20 unknown :-1 s=HELLO_CONNECTING pgs=0 cs=0 l=0 rev1=1 crypto rx=0 tx=0 comp rx=0 tx=0).handle_hello peer v2:172.21.15.112:3300/0 says I am v2:172.21.15.112:56248/0 (socket says 172.21.15.112:56248)
2024-02-26T04:47:54.794 INFO:teuthology.orchestra.run.smithi112.stdout:/usr/bin/ceph: stderr
2024-02-26T04:47:53.785+0000 7fb33ca00700 1 -- 172.21.15.112:0/352857368 learned_addr learned my addr 172.21.15.112:0/352857368 (peer_addr_for_me v2:172.21.15.112:0/0)
2024-02-26T04:47:54.794 INFO:teuthology.orchestra.run.smithi112.stdout:/usr/bin/ceph: stderr
2024-02-26T04:47:53.786+0000 7fb33ca00700 1 -- 172.21.15.112:0/352857368 --> [v2:172.21.15.112:3300/0,v1:172.21.15.112:6789/0] -- mon_subscribe({config=0+,monmap=0+}) v3 -- 0x7fb338108a00 con 0x7fb338107800
2024-02-26T04:47:54.794 INFO:teuthology.orchestra.run.smithi112.stdout:/usr/bin/ceph: stderr
2024-02-26T04:47:53.786+0000 7fb33ca00700 1 --2- 172.21.15.112:0/352857368 >> [v2:172.21.15.112:3300/0,v1:172.21.15.112:6789/0] conn(0x7fb338107800 0x7fb338107c20 secure :-1 s=READY pgs=22 cs=0 l=1 rev1=1 crypto rx=0x7fb32c0098a0 tx=0x7fb32c009bb0 comp rx=0 tx=0).ready entity=mon.0 client_cookie=6066679f44a1fc16 server_cookie=0 in_seq=0 out_seq=0
2024-02-26T04:47:54.794 INFO:teuthology.orchestra.run.smithi112.stdout:/usr/bin/ceph: stderr
2024-02-26T04:47:53.786+0000 7fb337400700 1 -- 172.21.15.112:0/352857368 <== mon.0 v2:172.21.15.112:3300/0 1 ==== mon_map magic: 0 v1 ==== 205+0+0 (secure 0 0 0) 0x7fb32c004160 con 0x7fb338107800
2024-02-26T04:47:54.794 INFO:teuthology.orchestra.run.smithi112.stdout:/usr/bin/ceph: stderr
2024-02-26T04:47:53.787+0000 7fb337400700 1 -- 172.21.15.112:0/352857368 <== mon.0 v2:172.21.15.112:3300/0 2 ==== config(28 keys) v1 ==== 1143+0+0 (secure 0 0 0) 0x7fb32c0042c0 con 0x7fb338107800
2024-02-26T04:47:54.795 INFO:teuthology.orchestra.run.smithi112.stdout:/usr/bin/ceph: stderr
2024-02-26T04:47:53.787+0000 7fb337400700 1 -- 172.21.15.112:0/352857368 <== mon.0 v2:172.21.15.112:3300/0 3 ==== mon_map magic: 0 v1 ==== 205+0+0 (secure 0 0 0) 0x7fb32c011b70 con 0x7fb338107800
2024-02-26T04:47:54.795 INFO:teuthology.orchestra.run.smithi112.stdout:/usr/bin/ceph: stderr
2024-02-26T04:47:53.787+0000 7fb33f400700 1 -- 172.21.15.112:0/352857368 >> [v2:172.21.15.112:3300/0,v1:172.21.15.112:6789/0] conn(0x7fb338107800 msgr2=0x7fb338107c20 secure :-1 s=STATE_CONNECTION_ESTABLISHED l=1).mark_down
2024-02-26T04:47:54.795 INFO:teuthology.orchestra.run.smithi112.stdout:/usr/bin/ceph: stderr
2024-02-26T04:47:53.787+0000 7fb33f400700 1 --2- 172.21.15.112:0/352857368 >> [v2:172.21.15.112:3300/0,v1:172.21.15.112:6789/0] conn(0x7fb338107800 0x7fb338107c20 secure :-1 s=READY pgs=22 cs=0 l=1 rev1=1 crypto rx=0x7fb32c0098a0 tx=0x7fb32c009bb0 comp rx=0 tx=0).stop
2024-02-26T04:47:54.795 INFO:teuthology.orchestra.run.smithi112.stdout:/usr/bin/ceph: stderr
2024-02-26T04:47:53.787+0000 7fb33f400700 1 -- 172.21.15.112:0/352857368 shutdown_connections
2024-02-26T04:47:54.795 INFO:teuthology.orchestra.run.smithi112.stdout:/usr/bin/ceph: stderr
2024-02-26T04:47:53.787+0000 7fb33f400700 1 --2- 172.21.15.112:0/352857368 >> [v2:172.21.15.112:3300/0,v1:172.21.15.112:6789/0] conn(0x7fb338107800 0x7fb338107c20 unknown :-1 s=CLOSED pgs=22 cs=0 l=1 rev1=1 crypto rx=0 tx=0 comp rx=0 tx=0).stop
2024-02-26T04:47:54.795 INFO:teuthology.orchestra.run.smithi112.stdout:/usr/bin/ceph: stderr
2024-02-26T04:47:53.787+0000 7fb33f400700 1 -- 172.21.15.112:0/352857368 >> 172.21.15.112:0/352857368 conn(0x7fb338102ea0 msgr2=0x7fb3381052c0 unknown :-1 s=STATE_NONE l=0).mark_down
2024-02-26T04:47:54.795 INFO:teuthology.orchestra.run.smithi112.stdout:/usr/bin/ceph: stderr
2024-02-26T04:47:53.788+0000 7fb33f400700 1 -- 172.21.15.112:0/352857368 shutdown_connections
2024-02-26T04:47:54.795 INFO:teuthology.orchestra.run.smithi112.stdout:/usr/bin/ceph: stderr
2024-02-26T04:47:53.788+0000 7fb33f400700 1 -- 172.21.15.112:0/352857368 wait complete.
2024-02-26T04:47:54.795 INFO:teuthology.orchestra.run.smithi112.stdout:/usr/bin/ceph: stderr
2024-02-26T04:47:53.789+0000 7fb33f400700 1 Processor -- start
2024-02-26T04:47:54.796 INFO:teuthology.orchestra.run.smithi112.stdout:/usr/bin/ceph: stderr
2024-02-26T04:47:53.789+0000 7fb33f400700 1 -- start start
2024-02-26T04:47:54.796 INFO:teuthology.orchestra.run.smithi112.stdout:/usr/bin/ceph: stderr
2024-02-26T04:47:53.789+0000 7fb33f400700 1 --2- >> [v2:172.21.15.112:3300/0,v1:172.21.15.112:6789/0] conn(0x7fb338107800 0x7fb33819b560 unknown :-1 s=NONE pgs=0 cs=0 l=1 rev1=0 crypto rx=0 tx=0 comp rx=0 tx=0).connect
2024-02-26T04:47:54.796 INFO:teuthology.orchestra.run.smithi112.stdout:/usr/bin/ceph: stderr
2024-02-26T04:47:53.789+0000 7fb33f400700 1 -- --> [v2:172.21.15.112:3300/0,v1:172.21.15.112:6789/0] -- mon_getmap magic: 0 v1 -- 0x7fb33819baa0 con 0x7fb338107800
2024-02-26T04:47:54.796 INFO:teuthology.orchestra.run.smithi112.stdout:/usr/bin/ceph: stderr
2024-02-26T04:47:53.789+0000 7fb33ca00700 1 --2- >> [v2:172.21.15.112:3300/0,v1:172.21.15.112:6789/0] conn(0x7fb338107800 0x7fb33819b560 unknown :-1 s=BANNER_CONNECTING pgs=0 cs=0 l=1 rev1=0 crypto rx=0 tx=0 comp rx=0 tx=0)._handle_peer_banner_payload supported=3 required=0
2024-02-26T04:47:54.796 INFO:teuthology.orchestra.run.smithi112.stdout:/usr/bin/ceph: stderr
2024-02-26T04:47:53.789+0000 7fb33ca00700 1 --2- >> [v2:172.21.15.112:3300/0,v1:172.21.15.112:6789/0] conn(0x7fb338107800 0x7fb33819b560 unknown :-1 s=HELLO_CONNECTING pgs=0 cs=0 l=1 rev1=1 crypto rx=0 tx=0 comp rx=0 tx=0).handle_hello peer v2:172.21.15.112:3300/0 says I am v2:172.21.15.112:56258/0 (socket says 172.21.15.112:56258)
2024-02-26T04:47:54.797 INFO:teuthology.orchestra.run.smithi112.stdout:/usr/bin/ceph: stderr
2024-02-26T04:47:53.789+0000 7fb33ca00700 1 -- 172.21.15.112:0/3608799426 learned_addr learned my addr 172.21.15.112:0/3608799426 (peer_addr_for_me v2:172.21.15.112:0/0)
2024-02-26T04:47:54.797 INFO:teuthology.orchestra.run.smithi112.stdout:/usr/bin/ceph: stderr
2024-02-26T04:47:53.790+0000 7fb33ca00700 1 -- 172.21.15.112:0/3608799426 --> [v2:172.21.15.112:3300/0,v1:172.21.15.112:6789/0] -- mon_subscribe({config=0+,monmap=0+}) v3 -- 0x7fb32c009550 con 0x7fb338107800
2024-02-26T04:47:54.797 INFO:teuthology.orchestra.run.smithi112.stdout:/usr/bin/ceph: stderr
2024-02-26T04:47:53.790+0000 7fb33ca00700 1 --2- 172.21.15.112:0/3608799426 >> [v2:172.21.15.112:3300/0,v1:172.21.15.112:6789/0] conn(0x7fb338107800 0x7fb33819b560 secure :-1 s=READY pgs=23 cs=0 l=1 rev1=1 crypto rx=0x7fb32c000c00 tx=0x7fb32c011bf0 comp rx=0 tx=0).ready entity=mon.0 client_cookie=0 server_cookie=0 in_seq=0 out_seq=0
2024-02-26T04:47:54.798 INFO:teuthology.orchestra.run.smithi112.stdout:/usr/bin/ceph: stderr
2024-02-26T04:47:53.790+0000 7fb335600700 1 -- 172.21.15.112:0/3608799426 <== mon.0 v2:172.21.15.112:3300/0 1 ==== mon_map magic: 0 v1 ==== 205+0+0 (secure 0 0 0) 0x7fb32c003aa0 con 0x7fb338107800
2024-02-26T04:47:54.798 INFO:teuthology.orchestra.run.smithi112.stdout:/usr/bin/ceph: stderr
2024-02-26T04:47:53.790+0000 7fb335600700 1 -- 172.21.15.112:0/3608799426 <== mon.0 v2:172.21.15.112:3300/0 2 ==== config(28 keys) v1 ==== 1143+0+0 (secure 0 0 0) 0x7fb32c003c00 con 0x7fb338107800
2024-02-26T04:47:54.798 INFO:teuthology.orchestra.run.smithi112.stdout:/usr/bin/ceph: stderr
2024-02-26T04:47:53.790+0000 7fb33f400700 1 -- 172.21.15.112:0/3608799426 --> [v2:172.21.15.112:3300/0,v1:172.21.15.112:6789/0] -- mon_subscribe({mgrmap=0+}) v3 -- 0x7fb33819bca0 con 0x7fb338107800
2024-02-26T04:47:54.798 INFO:teuthology.orchestra.run.smithi112.stdout:/usr/bin/ceph: stderr
2024-02-26T04:47:53.790+0000 7fb335600700 1 -- 172.21.15.112:0/3608799426 <== mon.0 v2:172.21.15.112:3300/0 3 ==== mon_map magic: 0 v1 ==== 205+0+0 (secure 0 0 0) 0x7fb32c024930 con 0x7fb338107800
2024-02-26T04:47:54.798 INFO:teuthology.orchestra.run.smithi112.stdout:/usr/bin/ceph: stderr
2024-02-26T04:47:53.791+0000 7fb33f400700 1 -- 172.21.15.112:0/3608799426 --> [v2:172.21.15.112:3300/0,v1:172.21.15.112:6789/0] -- mon_subscribe({osdmap=0}) v3 -- 0x7fb33819c140 con 0x7fb338107800
2024-02-26T04:47:54.798 INFO:teuthology.orchestra.run.smithi112.stdout:/usr/bin/ceph: stderr
2024-02-26T04:47:53.791+0000 7fb335600700 1 -- 172.21.15.112:0/3608799426 <== mon.0 v2:172.21.15.112:3300/0 4 ==== mgrmap(e 4) v1 ==== 45921+0+0 (secure 0 0 0) 0x7fb32c01a430 con 0x7fb338107800
2024-02-26T04:47:54.798 INFO:teuthology.orchestra.run.smithi112.stdout:/usr/bin/ceph: stderr
2024-02-26T04:47:53.792+0000 7fb33f400700 1 -- 172.21.15.112:0/3608799426 --> [v2:172.21.15.112:3300/0,v1:172.21.15.112:6789/0] -- mon_command({"prefix": "get_command_descriptions"} v 0) v1 -- 0x7fb33810bc30 con 0x7fb338107800
2024-02-26T04:47:54.798 INFO:teuthology.orchestra.run.smithi112.stdout:/usr/bin/ceph: stderr
2024-02-26T04:47:53.792+0000 7fb335600700 1 --2- 172.21.15.112:0/3608799426 >> [v2:172.21.15.112:6800/2190883855,v1:172.21.15.112:6801/2190883855] conn(0x7fb320038fa0 0x7fb32003b460 unknown :-1 s=NONE pgs=0 cs=0 l=1 rev1=0 crypto rx=0 tx=0 comp rx=0 tx=0).connect
2024-02-26T04:47:54.798 INFO:teuthology.orchestra.run.smithi112.stdout:/usr/bin/ceph: stderr
2024-02-26T04:47:53.792+0000 7fb335600700 1 -- 172.21.15.112:0/3608799426 <== mon.0 v2:172.21.15.112:3300/0 5 ==== osd_map(1..1 src has 1..1) v4 ==== 725+0+0 (secure 0 0 0) 0x7fb32c04cd80 con 0x7fb338107800
2024-02-26T04:47:54.798 INFO:teuthology.orchestra.run.smithi112.stdout:/usr/bin/ceph: stderr
2024-02-26T04:47:53.792+0000 7fb337e00700 1 --2- 172.21.15.112:0/3608799426 >> [v2:172.21.15.112:6800/2190883855,v1:172.21.15.112:6801/2190883855] conn(0x7fb320038fa0 0x7fb32003b460 unknown :-1 s=BANNER_CONNECTING pgs=0 cs=0 l=1 rev1=0 crypto rx=0 tx=0 comp rx=0 tx=0)._handle_peer_banner_payload supported=3 required=0
2024-02-26T04:47:54.799 INFO:teuthology.orchestra.run.smithi112.stdout:/usr/bin/ceph: stderr
2024-02-26T04:47:53.793+0000 7fb337e00700 1 --2- 172.21.15.112:0/3608799426 >> [v2:172.21.15.112:6800/2190883855,v1:172.21.15.112:6801/2190883855] conn(0x7fb320038fa0 0x7fb32003b460 secure :-1 s=READY pgs=8 cs=0 l=1 rev1=1 crypto rx=0x7fb324006fd0 tx=0x7fb324006e40 comp rx=0 tx=0).ready entity=mgr.14100 client_cookie=0 server_cookie=0 in_seq=0 out_seq=0
2024-02-26T04:47:54.799 INFO:teuthology.orchestra.run.smithi112.stdout:/usr/bin/ceph: stderr
2024-02-26T04:47:53.797+0000 7fb335600700 1 -- 172.21.15.112:0/3608799426 <== mon.0 v2:172.21.15.112:3300/0 6 ==== mon_command_ack([{"prefix": "get_command_descriptions"}]=0 v0) v1 ==== 72+0+183564 (secure 0 0 0) 0x7fb32c052020 con 0x7fb338107800
2024-02-26T04:47:54.799 INFO:teuthology.orchestra.run.smithi112.stdout:/usr/bin/ceph: stderr
2024-02-26T04:47:54.074+0000 7fb33f400700 1 -- 172.21.15.112:0/3608799426 --> [v2:172.21.15.112:3300/0,v1:172.21.15.112:6789/0] -- mon_command({"prefix": "mgr module enable", "module": "cephadm"} v 0) v1 -- 0x7fb33819ef10 con 0x7fb338107800
2024-02-26T04:47:54.799 INFO:teuthology.orchestra.run.smithi112.stdout:/usr/bin/ceph: stderr
2024-02-26T04:47:54.127+0000 7fb335600700 1 -- 172.21.15.112:0/3608799426 <== mon.0 v2:172.21.15.112:3300/0 7 ==== mon_command_ack([{"prefix": "mgr module enable", "module": "cephadm"}]=0 v5) v1 ==== 86+0+0 (secure 0 0 0) 0x7fb32c01aca0 con 0x7fb338107800
2024-02-26T04:47:54.799 INFO:teuthology.orchestra.run.smithi112.stdout:/usr/bin/ceph: stderr
2024-02-26T04:47:54.130+0000 7fb335600700 1 -- 172.21.15.112:0/3608799426 <== mon.0 v2:172.21.15.112:3300/0 8 ==== mgrmap(e 5) v1 ==== 45932+0+0 (secure 0 0 0) 0x7fb32c01a790 con 0x7fb338107800
2024-02-26T04:47:54.799 INFO:teuthology.orchestra.run.smithi112.stdout:/usr/bin/ceph: stderr
2024-02-26T04:47:54.132+0000 7fb33f400700 1 -- 172.21.15.112:0/3608799426 >> [v2:172.21.15.112:6800/2190883855,v1:172.21.15.112:6801/2190883855] conn(0x7fb320038fa0 msgr2=0x7fb32003b460 secure :-1 s=STATE_CONNECTION_ESTABLISHED l=1).mark_down
2024-02-26T04:47:54.799 INFO:teuthology.orchestra.run.smithi112.stdout:/usr/bin/ceph: stderr
2024-02-26T04:47:54.132+0000 7fb33f400700 1 --2- 172.21.15.112:0/3608799426 >> [v2:172.21.15.112:6800/2190883855,v1:172.21.15.112:6801/2190883855] conn(0x7fb320038fa0 0x7fb32003b460 secure :-1 s=READY pgs=8 cs=0 l=1 rev1=1 crypto rx=0x7fb324006fd0 tx=0x7fb324006e40 comp rx=0 tx=0).stop
2024-02-26T04:47:54.799 INFO:teuthology.orchestra.run.smithi112.stdout:/usr/bin/ceph: stderr
2024-02-26T04:47:54.132+0000 7fb33f400700 1 -- 172.21.15.112:0/3608799426 >> [v2:172.21.15.112:3300/0,v1:172.21.15.112:6789/0] conn(0x7fb338107800 msgr2=0x7fb33819b560 secure :-1 s=STATE_CONNECTION_ESTABLISHED l=1).mark_down
2024-02-26T04:47:54.799 INFO:teuthology.orchestra.run.smithi112.stdout:/usr/bin/ceph: stderr
2024-02-26T04:47:54.132+0000 7fb33f400700 1 --2- 172.21.15.112:0/3608799426 >> [v2:172.21.15.112:3300/0,v1:172.21.15.112:6789/0] conn(0x7fb338107800 0x7fb33819b560 secure :-1 s=READY pgs=23 cs=0 l=1 rev1=1 crypto rx=0x7fb32c000c00 tx=0x7fb32c011bf0 comp rx=0 tx=0).stop
2024-02-26T04:47:54.799 INFO:teuthology.orchestra.run.smithi112.stdout:/usr/bin/ceph: stderr
2024-02-26T04:47:54.132+0000 7fb33f400700 1 -- 172.21.15.112:0/3608799426 shutdown_connections
2024-02-26T04:47:54.799 INFO:teuthology.orchestra.run.smithi112.stdout:/usr/bin/ceph: stderr
2024-02-26T04:47:54.132+0000 7fb33f400700 1 --2- 172.21.15.112:0/3608799426 >> [v2:172.21.15.112:6800/2190883855,v1:172.21.15.112:6801/2190883855] conn(0x7fb320038fa0 0x7fb32003b460 unknown :-1 s=CLOSED pgs=8 cs=0 l=1 rev1=1 crypto rx=0 tx=0 comp rx=0 tx=0).stop
2024-02-26T04:47:54.799 INFO:teuthology.orchestra.run.smithi112.stdout:/usr/bin/ceph: stderr
2024-02-26T04:47:54.132+0000 7fb33f400700 1 --2- 172.21.15.112:0/3608799426 >> [v2:172.21.15.112:3300/0,v1:172.21.15.112:6789/0] conn(0x7fb338107800 0x7fb33819b560 unknown :-1 s=CLOSED pgs=23 cs=0 l=1 rev1=1 crypto rx=0 tx=0 comp rx=0 tx=0).stop
2024-02-26T04:47:54.799 INFO:teuthology.orchestra.run.smithi112.stdout:/usr/bin/ceph: stderr
2024-02-26T04:47:54.132+0000 7fb33f400700 1 -- 172.21.15.112:0/3608799426 >> 172.21.15.112:0/3608799426 conn(0x7fb338102ea0 msgr2=0x7fb3381038f0 unknown :-1 s=STATE_NONE l=0).mark_down
2024-02-26T04:47:54.799 INFO:teuthology.orchestra.run.smithi112.stdout:/usr/bin/ceph: stderr
2024-02-26T04:47:54.133+0000 7fb33f400700 1 -- 172.21.15.112:0/3608799426 shutdown_connections
2024-02-26T04:47:54.800 INFO:teuthology.orchestra.run.smithi112.stdout:/usr/bin/ceph: stderr
2024-02-26T04:47:54.133+0000 7fb33f400700 1 -- 172.21.15.112:0/3608799426 wait complete.
2024-02-26T04:47:55.124 INFO:journalctl@ceph.mgr.x.smithi112.stdout:Feb 26 04:47:54 smithi112 ceph-fa65e1ce-d461-11ee-95c3-87774f69a715-mgr-x[32054]:
2024-02-26T04:47:54.895+0000 7fa3aabdc200 -1 mgr[py] Module osd_perf_query has missing NOTIFY_TYPES member
2024-02-26T04:47:55.124 INFO:journalctl@ceph.mgr.x.smithi112.stdout:Feb 26 04:47:55 smithi112 ceph-fa65e1ce-d461-11ee-95c3-87774f69a715-mgr-x[32054]:
2024-02-26T04:47:55.017+0000 7fa3aabdc200 -1 mgr[py] Module snap_schedule has missing NOTIFY_TYPES member
2024-02-26T04:47:55.399 INFO:journalctl@ceph.mon.a.smithi112.stdout:Feb 26 04:47:55 smithi112 ceph-mon[31817]: from='client.? 172.21.15.112:0/3608799426' entity='client.admin' cmd='[{"prefix": "mgr module enable", "module": "cephadm"}]': finished
2024-02-26T04:47:55.399 INFO:journalctl@ceph.mon.a.smithi112.stdout:Feb 26 04:47:55 smithi112 ceph-mon[31817]: mgrmap e5: x(active, since 6s)
2024-02-26T04:47:55.972 INFO:journalctl@ceph.mgr.x.smithi112.stdout:Feb 26 04:47:55 smithi112 ceph-fa65e1ce-d461-11ee-95c3-87774f69a715-mgr-x[32054]:
2024-02-26T04:47:55.847+0000 7fa3aabdc200 -1 mgr[py] Module zabbix has missing NOTIFY_TYPES member
2024-02-26T04:47:56.239 INFO:journalctl@ceph.mon.a.smithi112.stdout:Feb 26 04:47:56 smithi112 ceph-mon[31817]: from='client.? 172.21.15.112:0/3975475368' entity='client.admin' cmd=[{"prefix": "mgr stat"}]: dispatch
2024-02-26T04:47:56.239 INFO:journalctl@ceph.mgr.x.smithi112.stdout:Feb 26 04:47:55 smithi112 ceph-fa65e1ce-d461-11ee-95c3-87774f69a715-mgr-x[32054]:
2024-02-26T04:47:55.969+0000 7fa3aabdc200 -1 mgr[py] Module balancer has missing NOTIFY_TYPES member
2024-02-26T04:47:56.239 INFO:journalctl@ceph.mgr.x.smithi112.stdout:Feb 26 04:47:56 smithi112 ceph-fa65e1ce-d461-11ee-95c3-87774f69a715-mgr-x[32054]:
2024-02-26T04:47:56.165+0000 7fa3aabdc200 -1 mgr[py] Module influx has missing NOTIFY_TYPES member
2024-02-26T04:47:56.472 INFO:teuthology.orchestra.run.smithi112.stdout:/usr/bin/ceph: stdout {
2024-02-26T04:47:56.472 INFO:teuthology.orchestra.run.smithi112.stdout:/usr/bin/ceph: stdout "epoch": 5,
2024-02-26T04:47:56.472 INFO:teuthology.orchestra.run.smithi112.stdout:/usr/bin/ceph: stdout "available": true,
2024-02-26T04:47:56.472 INFO:teuthology.orchestra.run.smithi112.stdout:/usr/bin/ceph: stdout "active_name": "x",
2024-02-26T04:47:56.472 INFO:teuthology.orchestra.run.smithi112.stdout:/usr/bin/ceph: stdout "num_standby": 0
2024-02-26T04:47:56.472 INFO:teuthology.orchestra.run.smithi112.stdout:/usr/bin/ceph: stdout }
2024-02-26T04:47:56.473 INFO:teuthology.orchestra.run.smithi112.stdout:/usr/bin/ceph: stderr
2024-02-26T04:47:55.449+0000 7f04c4800700 1 Processor -- start
2024-02-26T04:47:56.473 INFO:teuthology.orchestra.run.smithi112.stdout:/usr/bin/ceph: stderr
2024-02-26T04:47:55.449+0000 7f04c4800700 1 -- start start
2024-02-26T04:47:56.473 INFO:teuthology.orchestra.run.smithi112.stdout:/usr/bin/ceph: stderr
2024-02-26T04:47:55.450+0000 7f04c4800700 1 --2- >> [v2:172.21.15.112:3300/0,v1:172.21.15.112:6789/0] conn(0x7f04bc106120 0x7f04bc106540 unknown :-1 s=NONE pgs=0 cs=0 l=0 rev1=0 crypto rx=0 tx=0 comp rx=0 tx=0).connect
2024-02-26T04:47:56.473 INFO:teuthology.orchestra.run.smithi112.stdout:/usr/bin/ceph: stderr
2024-02-26T04:47:55.450+0000 7f04c4800700 1 -- --> [v2:172.21.15.112:3300/0,v1:172.21.15.112:6789/0] -- mon_getmap magic: 0 v1 -- 0x7f04bc07ae10 con 0x7f04bc106120
2024-02-26T04:47:56.473 INFO:teuthology.orchestra.run.smithi112.stdout:/usr/bin/ceph: stderr
2024-02-26T04:47:55.450+0000 7f04c1e00700 1 --2- >> [v2:172.21.15.112:3300/0,v1:172.21.15.112:6789/0] conn(0x7f04bc106120 0x7f04bc106540 unknown :-1 s=BANNER_CONNECTING pgs=0 cs=0 l=0 rev1=0 crypto rx=0 tx=0 comp rx=0 tx=0)._handle_peer_banner_payload supported=3 required=0
2024-02-26T04:47:56.473 INFO:teuthology.orchestra.run.smithi112.stdout:/usr/bin/ceph: stderr
2024-02-26T04:47:55.450+0000 7f04c1e00700 1 --2- >> [v2:172.21.15.112:3300/0,v1:172.21.15.112:6789/0] conn(0x7f04bc106120 0x7f04bc106540 unknown :-1 s=HELLO_CONNECTING pgs=0 cs=0 l=0 rev1=1 crypto rx=0 tx=0 comp rx=0 tx=0).handle_hello peer v2:172.21.15.112:3300/0 says I am v2:172.21.15.112:33896/0 (socket says 172.21.15.112:33896)
2024-02-26T04:47:56.474 INFO:teuthology.orchestra.run.smithi112.stdout:/usr/bin/ceph: stderr
2024-02-26T04:47:55.450+0000 7f04c1e00700 1 -- 172.21.15.112:0/1349062570 learned_addr learned my addr 172.21.15.112:0/1349062570 (peer_addr_for_me v2:172.21.15.112:0/0)
2024-02-26T04:47:56.474 INFO:teuthology.orchestra.run.smithi112.stdout:/usr/bin/ceph: stderr
2024-02-26T04:47:55.450+0000 7f04c1e00700 1 -- 172.21.15.112:0/1349062570 --> [v2:172.21.15.112:3300/0,v1:172.21.15.112:6789/0] -- mon_subscribe({config=0+,monmap=0+}) v3 -- 0x7f04bc07af50 con 0x7f04bc106120
2024-02-26T04:47:56.474 INFO:teuthology.orchestra.run.smithi112.stdout:/usr/bin/ceph: stderr
2024-02-26T04:47:55.451+0000 7f04c1e00700 1 --2- 172.21.15.112:0/1349062570 >> [v2:172.21.15.112:3300/0,v1:172.21.15.112:6789/0] conn(0x7f04bc106120 0x7f04bc106540 secure :-1 s=READY pgs=26 cs=0 l=1 rev1=1 crypto rx=0x7f04b00098a0 tx=0x7f04b0009bb0 comp rx=0 tx=0).ready entity=mon.0 client_cookie=fcdd0501b1774e17 server_cookie=0 in_seq=0 out_seq=0
2024-02-26T04:47:56.474 INFO:teuthology.orchestra.run.smithi112.stdout:/usr/bin/ceph: stderr
2024-02-26T04:47:55.451+0000 7f04c0a00700 1 -- 172.21.15.112:0/1349062570 <== mon.0 v2:172.21.15.112:3300/0 1 ==== mon_map magic: 0 v1 ==== 205+0+0 (secure 0 0 0) 0x7f04b0004160 con 0x7f04bc106120
2024-02-26T04:47:56.474 INFO:teuthology.orchestra.run.smithi112.stdout:/usr/bin/ceph: stderr
2024-02-26T04:47:55.451+0000 7f04c0a00700 1 -- 172.21.15.112:0/1349062570 <== mon.0 v2:172.21.15.112:3300/0 2 ==== config(28 keys) v1 ==== 1143+0+0 (secure 0 0 0) 0x7f04b00042c0 con 0x7f04bc106120
2024-02-26T04:47:56.474 INFO:teuthology.orchestra.run.smithi112.stdout:/usr/bin/ceph: stderr
2024-02-26T04:47:55.451+0000 7f04c0a00700 1 -- 172.21.15.112:0/1349062570 <== mon.0 v2:172.21.15.112:3300/0 3 ==== mon_map magic: 0 v1 ==== 205+0+0 (secure 0 0 0) 0x7f04b0011b70 con 0x7f04bc106120
2024-02-26T04:47:56.475 INFO:teuthology.orchestra.run.smithi112.stdout:/usr/bin/ceph: stderr
2024-02-26T04:47:55.452+0000 7f04c4800700 1 -- 172.21.15.112:0/1349062570 >> [v2:172.21.15.112:3300/0,v1:172.21.15.112:6789/0] conn(0x7f04bc106120 msgr2=0x7f04bc106540 secure :-1 s=STATE_CONNECTION_ESTABLISHED l=1).mark_down
2024-02-26T04:47:56.475 INFO:teuthology.orchestra.run.smithi112.stdout:/usr/bin/ceph: stderr
2024-02-26T04:47:55.452+0000 7f04c4800700 1 --2- 172.21.15.112:0/1349062570 >> [v2:172.21.15.112:3300/0,v1:172.21.15.112:6789/0] conn(0x7f04bc106120 0x7f04bc106540 secure :-1 s=READY pgs=26 cs=0 l=1 rev1=1 crypto rx=0x7f04b00098a0 tx=0x7f04b0009bb0 comp rx=0 tx=0).stop
2024-02-26T04:47:56.475 INFO:teuthology.orchestra.run.smithi112.stdout:/usr/bin/ceph: stderr
2024-02-26T04:47:55.452+0000 7f04c4800700 1 -- 172.21.15.112:0/1349062570 shutdown_connections
2024-02-26T04:47:56.475 INFO:teuthology.orchestra.run.smithi112.stdout:/usr/bin/ceph: stderr
2024-02-26T04:47:55.452+0000 7f04c4800700 1 --2- 172.21.15.112:0/1349062570 >> [v2:172.21.15.112:3300/0,v1:172.21.15.112:6789/0] conn(0x7f04bc106120 0x7f04bc106540 unknown :-1 s=CLOSED pgs=26 cs=0 l=1 rev1=1 crypto rx=0 tx=0 comp rx=0 tx=0).stop
2024-02-26T04:47:56.475 INFO:teuthology.orchestra.run.smithi112.stdout:/usr/bin/ceph: stderr
2024-02-26T04:47:55.452+0000 7f04c4800700 1 -- 172.21.15.112:0/1349062570 >> 172.21.15.112:0/1349062570 conn(0x7f04bc101d40 msgr2=0x7f04bc104160 unknown :-1 s=STATE_NONE l=0).mark_down
2024-02-26T04:47:56.476 INFO:teuthology.orchestra.run.smithi112.stdout:/usr/bin/ceph: stderr
2024-02-26T04:47:55.452+0000 7f04c4800700 1 -- 172.21.15.112:0/1349062570 shutdown_connections
2024-02-26T04:47:56.476 INFO:teuthology.orchestra.run.smithi112.stdout:/usr/bin/ceph: stderr
2024-02-26T04:47:55.452+0000 7f04c4800700 1 -- 172.21.15.112:0/1349062570 wait complete.
2024-02-26T04:47:56.476 INFO:teuthology.orchestra.run.smithi112.stdout:/usr/bin/ceph: stderr
2024-02-26T04:47:55.453+0000 7f04c4800700 1 Processor -- start
2024-02-26T04:47:56.476 INFO:teuthology.orchestra.run.smithi112.stdout:/usr/bin/ceph: stderr
2024-02-26T04:47:55.453+0000 7f04c4800700 1 -- start start
2024-02-26T04:47:56.477 INFO:teuthology.orchestra.run.smithi112.stdout:/usr/bin/ceph: stderr
2024-02-26T04:47:55.453+0000 7f04c4800700 1 --2- >> [v2:172.21.15.112:3300/0,v1:172.21.15.112:6789/0] conn(0x7f04bc106120 0x7f04bc19d700 unknown :-1 s=NONE pgs=0 cs=0 l=1 rev1=0 crypto rx=0 tx=0 comp rx=0 tx=0).connect
2024-02-26T04:47:56.477 INFO:teuthology.orchestra.run.smithi112.stdout:/usr/bin/ceph: stderr
2024-02-26T04:47:55.453+0000 7f04c4800700 1 -- --> [v2:172.21.15.112:3300/0,v1:172.21.15.112:6789/0] -- mon_getmap magic: 0 v1 -- 0x7f04bc19dc40 con 0x7f04bc106120
2024-02-26T04:47:56.477 INFO:teuthology.orchestra.run.smithi112.stdout:/usr/bin/ceph: stderr
2024-02-26T04:47:55.454+0000 7f04c1e00700 1 --2- >> [v2:172.21.15.112:3300/0,v1:172.21.15.112:6789/0] conn(0x7f04bc106120 0x7f04bc19d700 unknown :-1 s=BANNER_CONNECTING pgs=0 cs=0 l=1 rev1=0 crypto rx=0 tx=0 comp rx=0 tx=0)._handle_peer_banner_payload supported=3 required=0
2024-02-26T04:47:56.477 INFO:teuthology.orchestra.run.smithi112.stdout:/usr/bin/ceph: stderr
2024-02-26T04:47:55.454+0000 7f04c1e00700 1 --2- >> [v2:172.21.15.112:3300/0,v1:172.21.15.112:6789/0] conn(0x7f04bc106120 0x7f04bc19d700 unknown :-1 s=HELLO_CONNECTING pgs=0 cs=0 l=1 rev1=1 crypto rx=0 tx=0 comp rx=0 tx=0).handle_hello peer v2:172.21.15.112:3300/0 says I am v2:172.21.15.112:33904/0 (socket says 172.21.15.112:33904)
2024-02-26T04:47:56.477 INFO:teuthology.orchestra.run.smithi112.stdout:/usr/bin/ceph: stderr
2024-02-26T04:47:55.454+0000 7f04c1e00700 1 -- 172.21.15.112:0/3975475368 learned_addr learned my addr 172.21.15.112:0/3975475368 (peer_addr_for_me v2:172.21.15.112:0/0)
2024-02-26T04:47:56.478 INFO:teuthology.orchestra.run.smithi112.stdout:/usr/bin/ceph: stderr
2024-02-26T04:47:55.454+0000 7f04c1e00700 1 -- 172.21.15.112:0/3975475368 --> [v2:172.21.15.112:3300/0,v1:172.21.15.112:6789/0] -- mon_subscribe({config=0+,monmap=0+}) v3 -- 0x7f04b0009550 con 0x7f04bc106120
2024-02-26T04:47:56.478 INFO:teuthology.orchestra.run.smithi112.stdout:/usr/bin/ceph: stderr
2024-02-26T04:47:55.454+0000 7f04c1e00700 1 --2- 172.21.15.112:0/3975475368 >> [v2:172.21.15.112:3300/0,v1:172.21.15.112:6789/0] conn(0x7f04bc106120 0x7f04bc19d700 secure :-1 s=READY pgs=27 cs=0 l=1 rev1=1 crypto rx=0x7f04b0009130 tx=0x7f04b0011bf0 comp rx=0 tx=0).ready entity=mon.0 client_cookie=0 server_cookie=0 in_seq=0 out_seq=0
2024-02-26T04:47:56.478 INFO:teuthology.orchestra.run.smithi112.stdout:/usr/bin/ceph: stderr
2024-02-26T04:47:55.454+0000 7f04b6a00700 1 -- 172.21.15.112:0/3975475368 <== mon.0 v2:172.21.15.112:3300/0 1 ==== mon_map magic: 0 v1 ==== 205+0+0 (secure 0 0 0) 0x7f04b0003aa0 con 0x7f04bc106120
2024-02-26T04:47:56.478 INFO:teuthology.orchestra.run.smithi112.stdout:/usr/bin/ceph: stderr
2024-02-26T04:47:55.455+0000 7f04b6a00700 1 -- 172.21.15.112:0/3975475368 <== mon.0 v2:172.21.15.112:3300/0 2 ==== config(28 keys) v1 ==== 1143+0+0 (secure 0 0 0) 0x7f04b0003c00 con 0x7f04bc106120
2024-02-26T04:47:56.478 INFO:teuthology.orchestra.run.smithi112.stdout:/usr/bin/ceph: stderr
2024-02-26T04:47:55.455+0000 7f04c4800700 1 -- 172.21.15.112:0/3975475368 --> [v2:172.21.15.112:3300/0,v1:172.21.15.112:6789/0] -- mon_subscribe({mgrmap=0+}) v3 -- 0x7f04bc19de40 con 0x7f04bc106120
2024-02-26T04:47:56.478 INFO:teuthology.orchestra.run.smithi112.stdout:/usr/bin/ceph: stderr
2024-02-26T04:47:55.455+0000 7f04b6a00700 1 -- 172.21.15.112:0/3975475368 <== mon.0 v2:172.21.15.112:3300/0 3 ==== mon_map magic: 0 v1 ==== 205+0+0 (secure 0 0 0) 0x7f04b00248b0 con 0x7f04bc106120
2024-02-26T04:47:56.478 INFO:teuthology.orchestra.run.smithi112.stdout:/usr/bin/ceph: stderr
2024-02-26T04:47:55.455+0000 7f04c4800700 1 -- 172.21.15.112:0/3975475368 --> [v2:172.21.15.112:3300/0,v1:172.21.15.112:6789/0] -- mon_subscribe({osdmap=0}) v3 -- 0x7f04bc19e2e0 con 0x7f04bc106120
2024-02-26T04:47:56.479 INFO:teuthology.orchestra.run.smithi112.stdout:/usr/bin/ceph: stderr
2024-02-26T04:47:55.456+0000 7f04b6a00700 1 -- 172.21.15.112:0/3975475368 <== mon.0 v2:172.21.15.112:3300/0 4 ==== mgrmap(e 5) v1 ==== 45932+0+0 (secure 0 0 0) 0x7f04b001a430 con 0x7f04bc106120
2024-02-26T04:47:56.479 INFO:teuthology.orchestra.run.smithi112.stdout:/usr/bin/ceph: stderr
2024-02-26T04:47:55.456+0000 7f04b6a00700 1 --2- 172.21.15.112:0/3975475368 >> [v2:172.21.15.112:6800/2190883855,v1:172.21.15.112:6801/2190883855] conn(0x7f04a4038fa0 0x7f04a403b460 unknown :-1 s=NONE pgs=0 cs=0 l=1 rev1=0 crypto rx=0 tx=0 comp rx=0 tx=0).connect
2024-02-26T04:47:56.479 INFO:teuthology.orchestra.run.smithi112.stdout:/usr/bin/ceph: stderr
2024-02-26T04:47:55.456+0000 7f04c4800700 1 -- 172.21.15.112:0/3975475368 --> [v2:172.21.15.112:3300/0,v1:172.21.15.112:6789/0] -- mon_command({"prefix": "get_command_descriptions"} v 0) v1 -- 0x7f04bc1973a0 con 0x7f04bc106120
2024-02-26T04:47:56.479 INFO:teuthology.orchestra.run.smithi112.stdout:/usr/bin/ceph: stderr
2024-02-26T04:47:55.456+0000 7f04c1400700 1 -- 172.21.15.112:0/3975475368 >> [v2:172.21.15.112:6800/2190883855,v1:172.21.15.112:6801/2190883855] conn(0x7f04a4038fa0 msgr2=0x7f04a403b460 unknown :-1 s=STATE_CONNECTING_RE l=1).process reconnect failed to v2:172.21.15.112:6800/2190883855
2024-02-26T04:47:56.479 INFO:teuthology.orchestra.run.smithi112.stdout:/usr/bin/ceph: stderr
2024-02-26T04:47:55.456+0000 7f04b6a00700 1 -- 172.21.15.112:0/3975475368 <== mon.0 v2:172.21.15.112:3300/0 5 ==== osd_map(1..1 src has 1..1) v4 ==== 725+0+0 (secure 0 0 0) 0x7f04b004cd70 con 0x7f04bc106120
2024-02-26T04:47:56.479 INFO:teuthology.orchestra.run.smithi112.stdout:/usr/bin/ceph: stderr
2024-02-26T04:47:55.456+0000 7f04c1400700 1 --2- 172.21.15.112:0/3975475368 >> [v2:172.21.15.112:6800/2190883855,v1:172.21.15.112:6801/2190883855] conn(0x7f04a4038fa0 0x7f04a403b460 unknown :-1 s=START_CONNECT pgs=0 cs=0 l=1 rev1=0 crypto rx=0 tx=0 comp rx=0 tx=0)._fault waiting 0.200000
2024-02-26T04:47:56.479 INFO:teuthology.orchestra.run.smithi112.stdout:/usr/bin/ceph: stderr
2024-02-26T04:47:55.462+0000 7f04b6a00700 1 -- 172.21.15.112:0/3975475368 <== mon.0 v2:172.21.15.112:3300/0 6 ==== mon_command_ack([{"prefix": "get_command_descriptions"}]=0 v0) v1 ==== 72+0+183564 (secure 0 0 0) 0x7f04b0018530 con 0x7f04bc106120
2024-02-26T04:47:56.480 INFO:teuthology.orchestra.run.smithi112.stdout:/usr/bin/ceph: stderr
2024-02-26T04:47:55.657+0000 7f04c1400700 1 -- 172.21.15.112:0/3975475368 >> [v2:172.21.15.112:6800/2190883855,v1:172.21.15.112:6801/2190883855] conn(0x7f04a4038fa0 msgr2=0x7f04a403b460 unknown :-1 s=STATE_CONNECTING_RE l=1).process reconnect failed to v2:172.21.15.112:6800/2190883855
2024-02-26T04:47:56.480 INFO:teuthology.orchestra.run.smithi112.stdout:/usr/bin/ceph: stderr
2024-02-26T04:47:55.657+0000 7f04c1400700 1 --2- 172.21.15.112:0/3975475368 >> [v2:172.21.15.112:6800/2190883855,v1:172.21.15.112:6801/2190883855] conn(0x7f04a4038fa0 0x7f04a403b460 unknown :-1 s=START_CONNECT pgs=0 cs=0 l=1 rev1=0 crypto rx=0 tx=0 comp rx=0 tx=0)._fault waiting 0.400000
2024-02-26T04:47:56.481 INFO:teuthology.orchestra.run.smithi112.stdout:/usr/bin/ceph: stderr
2024-02-26T04:47:55.744+0000 7f04c4800700 1 -- 172.21.15.112:0/3975475368 --> [v2:172.21.15.112:3300/0,v1:172.21.15.112:6789/0] -- mon_command({"prefix": "mgr stat"} v 0) v1 -- 0x7f04bc02d960 con 0x7f04bc106120
2024-02-26T04:47:56.481 INFO:teuthology.orchestra.run.smithi112.stdout:/usr/bin/ceph: stderr
2024-02-26T04:47:55.744+0000 7f04b6a00700 1 -- 172.21.15.112:0/3975475368 <== mon.0 v2:172.21.15.112:3300/0 7 ==== mon_command_ack([{"prefix": "mgr stat"}]=0 v5) v1 ==== 56+0+88 (secure 0 0 0) 0x7f04b0018350 con 0x7f04bc106120
2024-02-26T04:47:56.481 INFO:teuthology.orchestra.run.smithi112.stdout:/usr/bin/ceph: stderr
2024-02-26T04:47:55.747+0000 7f04c4800700 1 -- 172.21.15.112:0/3975475368 >> [v2:172.21.15.112:6800/2190883855,v1:172.21.15.112:6801/2190883855] conn(0x7f04a4038fa0 msgr2=0x7f04a403b460 unknown :-1 s=STATE_CONNECTING l=1).mark_down
2024-02-26T04:47:56.481 INFO:teuthology.orchestra.run.smithi112.stdout:/usr/bin/ceph: stderr
2024-02-26T04:47:55.747+0000 7f04c4800700 1 --2- 172.21.15.112:0/3975475368 >> [v2:172.21.15.112:6800/2190883855,v1:172.21.15.112:6801/2190883855] conn(0x7f04a4038fa0 0x7f04a403b460 unknown :-1 s=START_CONNECT pgs=0 cs=0 l=1 rev1=0 crypto rx=0 tx=0 comp rx=0 tx=0).stop
2024-02-26T04:47:56.481 INFO:teuthology.orchestra.run.smithi112.stdout:/usr/bin/ceph: stderr
2024-02-26T04:47:55.747+0000 7f04c4800700 1 -- 172.21.15.112:0/3975475368 >> [v2:172.21.15.112:3300/0,v1:172.21.15.112:6789/0] conn(0x7f04bc106120 msgr2=0x7f04bc19d700 secure :-1 s=STATE_CONNECTION_ESTABLISHED l=1).mark_down
2024-02-26T04:47:56.481 INFO:teuthology.orchestra.run.smithi112.stdout:/usr/bin/ceph: stderr
2024-02-26T04:47:55.747+0000 7f04c4800700 1 --2- 172.21.15.112:0/3975475368 >> [v2:172.21.15.112:3300/0,v1:172.21.15.112:6789/0] conn(0x7f04bc106120 0x7f04bc19d700 secure :-1 s=READY pgs=27 cs=0 l=1 rev1=1 crypto rx=0x7f04b0009130 tx=0x7f04b0011bf0 comp rx=0 tx=0).stop
2024-02-26T04:47:56.482 INFO:teuthology.orchestra.run.smithi112.stdout:/usr/bin/ceph: stderr
2024-02-26T04:47:55.747+0000 7f04c4800700 1 -- 172.21.15.112:0/3975475368 shutdown_connections
2024-02-26T04:47:56.482 INFO:teuthology.orchestra.run.smithi112.stdout:/usr/bin/ceph: stderr
2024-02-26T04:47:55.747+0000 7f04c4800700 1 --2- 172.21.15.112:0/3975475368 >> [v2:172.21.15.112:6800/2190883855,v1:172.21.15.112:6801/2190883855] conn(0x7f04a4038fa0 0x7f04a403b460 unknown :-1 s=CLOSED pgs=0 cs=0 l=1 rev1=0 crypto rx=0 tx=0 comp rx=0 tx=0).stop
2024-02-26T04:47:56.482 INFO:teuthology.orchestra.run.smithi112.stdout:/usr/bin/ceph: stderr
2024-02-26T04:47:55.747+0000 7f04c4800700 1 --2- 172.21.15.112:0/3975475368 >> [v2:172.21.15.112:3300/0,v1:172.21.15.112:6789/0] conn(0x7f04bc106120 0x7f04bc19d700 unknown :-1 s=CLOSED pgs=27 cs=0 l=1 rev1=1 crypto rx=0 tx=0 comp rx=0 tx=0).stop
2024-02-26T04:47:56.482 INFO:teuthology.orchestra.run.smithi112.stdout:/usr/bin/ceph: stderr
2024-02-26T04:47:55.747+0000 7f04c4800700 1 -- 172.21.15.112:0/3975475368 >> 172.21.15.112:0/3975475368 conn(0x7f04bc101d40 msgr2=0x7f04bc1944e0 unknown :-1 s=STATE_NONE l=0).mark_down
2024-02-26T04:47:56.482 INFO:teuthology.orchestra.run.smithi112.stdout:/usr/bin/ceph: stderr
2024-02-26T04:47:55.747+0000 7f04c4800700 1 -- 172.21.15.112:0/3975475368 shutdown_connections
2024-02-26T04:47:56.482 INFO:teuthology.orchestra.run.smithi112.stdout:/usr/bin/ceph: stderr
2024-02-26T04:47:55.747+0000 7f04c4800700 1 -- 172.21.15.112:0/3975475368 wait complete.
2024-02-26T04:47:56.482 INFO:teuthology.orchestra.run.smithi112.stdout:Waiting for the mgr to restart...
2024-02-26T04:47:56.482 INFO:teuthology.orchestra.run.smithi112.stdout:Waiting for mgr epoch 5...
2024-02-26T04:47:56.611 INFO:journalctl@ceph.mgr.x.smithi112.stdout:Feb 26 04:47:56 smithi112 ceph-fa65e1ce-d461-11ee-95c3-87774f69a715-mgr-x[32054]:
2024-02-26T04:47:56.298+0000 7fa3aabdc200 -1 mgr[py] Module alerts has missing NOTIFY_TYPES member
2024-02-26T04:47:56.611 INFO:journalctl@ceph.mgr.x.smithi112.stdout:Feb 26 04:47:56 smithi112 ceph-fa65e1ce-d461-11ee-95c3-87774f69a715-mgr-x[32054]:
2024-02-26T04:47:56.416+0000 7fa3aabdc200 -1 mgr[py] Module iostat has missing NOTIFY_TYPES member
2024-02-26T04:47:56.897 INFO:journalctl@ceph.mgr.x.smithi112.stdout:Feb 26 04:47:56 smithi112 ceph-fa65e1ce-d461-11ee-95c3-87774f69a715-mgr-x[32054]:
2024-02-26T04:47:56.760+0000 7fa3aabdc200 -1 mgr[py] Module rgw has missing NOTIFY_TYPES member
2024-02-26T04:47:57.239 INFO:journalctl@ceph.mgr.x.smithi112.stdout:Feb 26 04:47:56 smithi112 ceph-fa65e1ce-d461-11ee-95c3-87774f69a715-mgr-x[32054]:
2024-02-26T04:47:56.901+0000 7fa3aabdc200 -1 mgr[py] Module rbd_support has missing NOTIFY_TYPES member
2024-02-26T04:47:57.239 INFO:journalctl@ceph.mgr.x.smithi112.stdout:Feb 26 04:47:57 smithi112 ceph-fa65e1ce-d461-11ee-95c3-87774f69a715-mgr-x[32054]:
2024-02-26T04:47:57.019+0000 7fa3aabdc200 -1 mgr[py] Module progress has missing NOTIFY_TYPES member
2024-02-26T04:47:57.239 INFO:journalctl@ceph.mgr.x.smithi112.stdout:Feb 26 04:47:57 smithi112 ceph-fa65e1ce-d461-11ee-95c3-87774f69a715-mgr-x[32054]:
2024-02-26T04:47:57.143+0000 7fa3aabdc200 -1 mgr[py] Module pg_autoscaler has missing NOTIFY_TYPES member
2024-02-26T04:47:57.663 INFO:journalctl@ceph.mgr.x.smithi112.stdout:Feb 26 04:47:57 smithi112 ceph-fa65e1ce-d461-11ee-95c3-87774f69a715-mgr-x[32054]:
2024-02-26T04:47:57.360+0000 7fa3aabdc200 -1 mgr[py] Module devicehealth has missing NOTIFY_TYPES member
2024-02-26T04:47:58.738 INFO:journalctl@ceph.mgr.x.smithi112.stdout:Feb 26 04:47:58 smithi112 ceph-fa65e1ce-d461-11ee-95c3-87774f69a715-mgr-x[32054]:
2024-02-26T04:47:58.614+0000 7fa3aabdc200 -1 mgr[py] Module rook has missing NOTIFY_TYPES member
2024-02-26T04:47:59.201 INFO:journalctl@ceph.mgr.x.smithi112.stdout:Feb 26 04:47:58 smithi112 ceph-fa65e1ce-d461-11ee-95c3-87774f69a715-mgr-x[32054]:
2024-02-26T04:47:58.785+0000 7fa3aabdc200 -1 mgr[py] Module diskprediction_local has missing NOTIFY_TYPES member
2024-02-26T04:47:59.488 INFO:journalctl@ceph.mgr.x.smithi112.stdout:Feb 26 04:47:59 smithi112 ceph-fa65e1ce-d461-11ee-95c3-87774f69a715-mgr-x[32054]:
2024-02-26T04:47:59.198+0000 7fa3aabdc200 -1 mgr[py] Module selftest has missing NOTIFY_TYPES member
2024-02-26T04:47:59.488 INFO:journalctl@ceph.mgr.x.smithi112.stdout:Feb 26 04:47:59 smithi112 ceph-fa65e1ce-d461-11ee-95c3-87774f69a715-mgr-x[32054]:
2024-02-26T04:47:59.317+0000 7fa3aabdc200 -1 mgr[py] Module telegraf has missing NOTIFY_TYPES member
2024-02-26T04:47:59.988 INFO:journalctl@ceph.mgr.x.smithi112.stdout:Feb 26 04:47:59 smithi112 ceph-fa65e1ce-d461-11ee-95c3-87774f69a715-mgr-x[32054]:
2024-02-26T04:47:59.568+0000 7fa3aabdc200 -1 mgr[py] Module test_orchestrator has missing NOTIFY_TYPES member
2024-02-26T04:47:59.989 INFO:journalctl@ceph.mgr.x.smithi112.stdout:Feb 26 04:47:59 smithi112 ceph-fa65e1ce-d461-11ee-95c3-87774f69a715-mgr-x[32054]:
2024-02-26T04:47:59.809+0000 7fa3aabdc200 -1 mgr[py] Module crash has missing NOTIFY_TYPES member
2024-02-26T04:48:00.488 INFO:journalctl@ceph.mgr.x.smithi112.stdout:Feb 26 04:48:00 smithi112 ceph-fa65e1ce-d461-11ee-95c3-87774f69a715-mgr-x[32054]:
2024-02-26T04:48:00.179+0000 7fa3aabdc200 -1 mgr[py] Module orchestrator has missing NOTIFY_TYPES member
2024-02-26T04:48:00.795 INFO:journalctl@ceph.mgr.x.smithi112.stdout:Feb 26 04:48:00 smithi112 ceph-fa65e1ce-d461-11ee-95c3-87774f69a715-mgr-x[32054]:
2024-02-26T04:48:00.494+0000 7fa3aabdc200 -1 mgr[py] Module osd_support has missing NOTIFY_TYPES member
2024-02-26T04:48:00.796 INFO:journalctl@ceph.mgr.x.smithi112.stdout:Feb 26 04:48:00 smithi112 ceph-fa65e1ce-d461-11ee-95c3-87774f69a715-mgr-x[32054]:
2024-02-26T04:48:00.792+0000 7fa3aabdc200 -1 mgr[py] Module volumes has missing NOTIFY_TYPES member
2024-02-26T04:48:02.238 INFO:journalctl@ceph.mgr.x.smithi112.stdout:Feb 26 04:48:01 smithi112 ceph-fa65e1ce-d461-11ee-95c3-87774f69a715-mgr-x[32054]:
2024-02-26T04:48:01.797+0000 7fa3aabdc200 -1 mgr[py] Module telemetry has missing NOTIFY_TYPES member
2024-02-26T04:48:02.738 INFO:journalctl@ceph.mgr.x.smithi112.stdout:Feb 26 04:48:02 smithi112 ceph-fa65e1ce-d461-11ee-95c3-87774f69a715-mgr-x[32054]:
2024-02-26T04:48:02.483+0000 7fa3aabdc200 -1 mgr[py] Module prometheus has missing NOTIFY_TYPES member
2024-02-26T04:48:02.739 INFO:journalctl@ceph.mgr.x.smithi112.stdout:Feb 26 04:48:02 smithi112 ceph-fa65e1ce-d461-11ee-95c3-87774f69a715-mgr-x[32054]:
2024-02-26T04:48:02.611+0000 7fa3aabdc200 -1 mgr[py] Module status has missing NOTIFY_TYPES member
2024-02-26T04:48:03.238 INFO:journalctl@ceph.mgr.x.smithi112.stdout:Feb 26 04:48:02 smithi112 ceph-fa65e1ce-d461-11ee-95c3-87774f69a715-mgr-x[32054]:
2024-02-26T04:48:02.890+0000 7fa3aabdc200 -1 mgr[py] Module nfs has missing NOTIFY_TYPES member
2024-02-26T04:48:03.239 INFO:journalctl@ceph.mon.a.smithi112.stdout:Feb 26 04:48:02 smithi112 ceph-mon[31817]: Active manager daemon x restarted
2024-02-26T04:48:03.239 INFO:journalctl@ceph.mon.a.smithi112.stdout:Feb 26 04:48:02 smithi112 ceph-mon[31817]: Activating manager daemon x
2024-02-26T04:48:03.239 INFO:journalctl@ceph.mon.a.smithi112.stdout:Feb 26 04:48:02 smithi112 ceph-mon[31817]: osdmap e2: 0 total, 0 up, 0 in
2024-02-26T04:48:03.239 INFO:journalctl@ceph.mon.a.smithi112.stdout:Feb 26 04:48:02 smithi112 ceph-mon[31817]: mgrmap e6: x(active, starting, since 0.00859848s)
2024-02-26T04:48:03.239 INFO:journalctl@ceph.mon.a.smithi112.stdout:Feb 26 04:48:02 smithi112 ceph-mon[31817]: from='mgr.14120 172.21.15.112:0/2951488437' entity='mgr.x' cmd=[{"prefix": "mon metadata", "id": "a"}]: dispatch
2024-02-26T04:48:03.239 INFO:journalctl@ceph.mon.a.smithi112.stdout:Feb 26 04:48:02 smithi112 ceph-mon[31817]: from='mgr.14120 172.21.15.112:0/2951488437' entity='mgr.x' cmd=[{"prefix": "mgr metadata", "who": "x", "id": "x"}]: dispatch
2024-02-26T04:48:03.239 INFO:journalctl@ceph.mon.a.smithi112.stdout:Feb 26 04:48:02 smithi112 ceph-mon[31817]: from='mgr.14120 172.21.15.112:0/2951488437' entity='mgr.x' cmd=[{"prefix": "mds metadata"}]: dispatch
2024-02-26T04:48:03.239 INFO:journalctl@ceph.mon.a.smithi112.stdout:Feb 26 04:48:02 smithi112 ceph-mon[31817]: from='mgr.14120 172.21.15.112:0/2951488437' entity='mgr.x' cmd=[{"prefix": "osd metadata"}]: dispatch
2024-02-26T04:48:03.239 INFO:journalctl@ceph.mon.a.smithi112.stdout:Feb 26 04:48:02 smithi112 ceph-mon[31817]: from='mgr.14120 172.21.15.112:0/2951488437' entity='mgr.x' cmd=[{"prefix": "mon metadata"}]: dispatch
2024-02-26T04:48:03.239 INFO:journalctl@ceph.mon.a.smithi112.stdout:Feb 26 04:48:02 smithi112 ceph-mon[31817]: Manager daemon x is now available
2024-02-26T04:48:04.239 INFO:journalctl@ceph.mon.a.smithi112.stdout:Feb 26 04:48:03 smithi112 ceph-mon[31817]: Found migration_current of "None". Setting to last migration.
2024-02-26T04:48:04.239 INFO:journalctl@ceph.mon.a.smithi112.stdout:Feb 26 04:48:03 smithi112 ceph-mon[31817]: from='mgr.14120 172.21.15.112:0/2951488437' entity='mgr.x'
2024-02-26T04:48:04.239 INFO:journalctl@ceph.mon.a.smithi112.stdout:Feb 26 04:48:03 smithi112 ceph-mon[31817]: from='mgr.14120 172.21.15.112:0/2951488437' entity='mgr.x'
2024-02-26T04:48:04.239 INFO:journalctl@ceph.mon.a.smithi112.stdout:Feb 26 04:48:03 smithi112 ceph-mon[31817]: from='mgr.14120 172.21.15.112:0/2951488437' entity='mgr.x' cmd=[{"prefix": "config dump", "format": "json"}]: dispatch
2024-02-26T04:48:04.239 INFO:journalctl@ceph.mon.a.smithi112.stdout:Feb 26 04:48:03 smithi112 ceph-mon[31817]: from='mgr.14120 172.21.15.112:0/2951488437' entity='mgr.x' cmd=[{"prefix": "config dump", "format": "json"}]: dispatch
2024-02-26T04:48:04.239 INFO:journalctl@ceph.mon.a.smithi112.stdout:Feb 26 04:48:03 smithi112 ceph-mon[31817]: from='mgr.14120 172.21.15.112:0/2951488437' entity='mgr.x' cmd=[{"prefix": "config dump", "format": "json"}]: dispatch
2024-02-26T04:48:04.240 INFO:journalctl@ceph.mon.a.smithi112.stdout:Feb 26 04:48:03 smithi112 ceph-mon[31817]: from='mgr.14120 172.21.15.112:0/2951488437' entity='mgr.x' cmd=[{"prefix":"config rm","who":"mgr","name":"mgr/rbd_support/x/mirror_snapshot_schedule"}]: dispatch
2024-02-26T04:48:04.240 INFO:journalctl@ceph.mon.a.smithi112.stdout:Feb 26 04:48:03 smithi112 ceph-mon[31817]: from='mgr.14120 172.21.15.112:0/2951488437' entity='mgr.x' cmd=[{"prefix":"config rm","who":"mgr","name":"mgr/rbd_support/x/trash_purge_schedule"}]: dispatch
2024-02-26T04:48:04.240 INFO:journalctl@ceph.mon.a.smithi112.stdout:Feb 26 04:48:03 smithi112 ceph-mon[31817]: from='mgr.14120 172.21.15.112:0/2951488437' entity='mgr.x'
2024-02-26T04:48:04.240 INFO:journalctl@ceph.mon.a.smithi112.stdout:Feb 26 04:48:03 smithi112 ceph-mon[31817]: from='mgr.14120 172.21.15.112:0/2951488437' entity='mgr.x'
2024-02-26T04:48:04.240 INFO:journalctl@ceph.mon.a.smithi112.stdout:Feb 26 04:48:03 smithi112 ceph-mon[31817]: from='mgr.14120 172.21.15.112:0/2951488437' entity='mgr.x' cmd=[{"prefix": "config dump", "format": "json"}]: dispatch
2024-02-26T04:48:04.240 INFO:journalctl@ceph.mon.a.smithi112.stdout:Feb 26 04:48:03 smithi112 ceph-mon[31817]: mgrmap e7: x(active, since 1.01662s)
2024-02-26T04:48:04.603 INFO:teuthology.orchestra.run.smithi112.stdout:/usr/bin/ceph: stdout {
2024-02-26T04:48:04.603 INFO:teuthology.orchestra.run.smithi112.stdout:/usr/bin/ceph: stdout "mgrmap_epoch": 7,
2024-02-26T04:48:04.603 INFO:teuthology.orchestra.run.smithi112.stdout:/usr/bin/ceph: stdout "initialized": true
2024-02-26T04:48:04.603 INFO:teuthology.orchestra.run.smithi112.stdout:/usr/bin/ceph: stdout }
2024-02-26T04:48:04.606 INFO:teuthology.orchestra.run.smithi112.stdout:/usr/bin/ceph: stderr
2024-02-26T04:47:57.050+0000 7fb54b800700 1 Processor -- start
2024-02-26T04:48:04.606 INFO:teuthology.orchestra.run.smithi112.stdout:/usr/bin/ceph: stderr
2024-02-26T04:47:57.050+0000 7fb54b800700 1 -- start start
2024-02-26T04:48:04.606 INFO:teuthology.orchestra.run.smithi112.stdout:/usr/bin/ceph: stderr
2024-02-26T04:47:57.050+0000 7fb54b800700 1 --2- >> [v2:172.21.15.112:3300/0,v1:172.21.15.112:6789/0] conn(0x7fb544109a30 0x7fb544109e50 unknown :-1 s=NONE pgs=0 cs=0 l=0 rev1=0 crypto rx=0 tx=0 comp rx=0 tx=0).connect
2024-02-26T04:48:04.606 INFO:teuthology.orchestra.run.smithi112.stdout:/usr/bin/ceph: stderr
2024-02-26T04:47:57.050+0000 7fb54b800700 1 -- --> [v2:172.21.15.112:3300/0,v1:172.21.15.112:6789/0] -- mon_getmap magic: 0 v1 -- 0x7fb54410a390 con 0x7fb544109a30
2024-02-26T04:48:04.606 INFO:teuthology.orchestra.run.smithi112.stdout:/usr/bin/ceph: stderr
2024-02-26T04:47:57.050+0000 7fb548e00700 1 --2- >> [v2:172.21.15.112:3300/0,v1:172.21.15.112:6789/0] conn(0x7fb544109a30 0x7fb544109e50 unknown :-1 s=BANNER_CONNECTING pgs=0 cs=0 l=0 rev1=0 crypto rx=0 tx=0 comp rx=0 tx=0)._handle_peer_banner_payload supported=3 required=0
2024-02-26T04:48:04.606 INFO:teuthology.orchestra.run.smithi112.stdout:/usr/bin/ceph: stderr
2024-02-26T04:47:57.050+0000 7fb548e00700 1 --2- >> [v2:172.21.15.112:3300/0,v1:172.21.15.112:6789/0] conn(0x7fb544109a30 0x7fb544109e50 unknown :-1 s=HELLO_CONNECTING pgs=0 cs=0 l=0 rev1=1 crypto rx=0 tx=0 comp rx=0 tx=0).handle_hello peer v2:172.21.15.112:3300/0 says I am v2:172.21.15.112:33918/0 (socket says 172.21.15.112:33918)
2024-02-26T04:48:04.606 INFO:teuthology.orchestra.run.smithi112.stdout:/usr/bin/ceph: stderr
2024-02-26T04:47:57.050+0000 7fb548e00700 1 -- 172.21.15.112:0/1583125169 learned_addr learned my addr 172.21.15.112:0/1583125169 (peer_addr_for_me v2:172.21.15.112:0/0)
2024-02-26T04:48:04.606 INFO:teuthology.orchestra.run.smithi112.stdout:/usr/bin/ceph: stderr
2024-02-26T04:47:57.051+0000 7fb548e00700 1 -- 172.21.15.112:0/1583125169 --> [v2:172.21.15.112:3300/0,v1:172.21.15.112:6789/0] -- mon_subscribe({config=0+,monmap=0+}) v3 -- 0x7fb54410a4d0 con 0x7fb544109a30
2024-02-26T04:48:04.607 INFO:teuthology.orchestra.run.smithi112.stdout:/usr/bin/ceph: stderr
2024-02-26T04:47:57.051+0000 7fb548e00700 1 --2- 172.21.15.112:0/1583125169 >> [v2:172.21.15.112:3300/0,v1:172.21.15.112:6789/0] conn(0x7fb544109a30 0x7fb544109e50 secure :-1 s=READY pgs=28 cs=0 l=1 rev1=1 crypto rx=0x7fb5380098a0 tx=0x7fb538009bb0 comp rx=0 tx=0).ready entity=mon.0 client_cookie=caf68fe056e8d913 server_cookie=0 in_seq=0 out_seq=0
2024-02-26T04:48:04.607 INFO:teuthology.orchestra.run.smithi112.stdout:/usr/bin/ceph: stderr
2024-02-26T04:47:57.051+0000 7fb543400700 1 -- 172.21.15.112:0/1583125169 <== mon.0 v2:172.21.15.112:3300/0 1 ==== mon_map magic: 0 v1 ==== 205+0+0 (secure 0 0 0) 0x7fb538004160 con 0x7fb544109a30
2024-02-26T04:48:04.607 INFO:teuthology.orchestra.run.smithi112.stdout:/usr/bin/ceph: stderr
2024-02-26T04:47:57.051+0000 7fb543400700 1 -- 172.21.15.112:0/1583125169 <== mon.0 v2:172.21.15.112:3300/0 2 ==== config(28 keys) v1 ==== 1143+0+0 (secure 0 0 0) 0x7fb5380042c0 con 0x7fb544109a30
2024-02-26T04:48:04.607 INFO:teuthology.orchestra.run.smithi112.stdout:/usr/bin/ceph: stderr
2024-02-26T04:47:57.051+0000 7fb543400700 1 -- 172.21.15.112:0/1583125169 <== mon.0 v2:172.21.15.112:3300/0 3 ==== mon_map magic: 0 v1 ==== 205+0+0 (secure 0 0 0) 0x7fb538011b70 con 0x7fb544109a30
2024-02-26T04:48:04.607 INFO:teuthology.orchestra.run.smithi112.stdout:/usr/bin/ceph: stderr
2024-02-26T04:47:57.052+0000 7fb54b800700 1 -- 172.21.15.112:0/1583125169 >> [v2:172.21.15.112:3300/0,v1:172.21.15.112:6789/0] conn(0x7fb544109a30 msgr2=0x7fb544109e50 secure :-1 s=STATE_CONNECTION_ESTABLISHED l=1).mark_down
2024-02-26T04:48:04.607 INFO:teuthology.orchestra.run.smithi112.stdout:/usr/bin/ceph: stderr
2024-02-26T04:47:57.052+0000 7fb54b800700 1 --2- 172.21.15.112:0/1583125169 >> [v2:172.21.15.112:3300/0,v1:172.21.15.112:6789/0] conn(0x7fb544109a30 0x7fb544109e50 secure :-1 s=READY pgs=28 cs=0 l=1 rev1=1 crypto rx=0x7fb5380098a0 tx=0x7fb538009bb0 comp rx=0 tx=0).stop
2024-02-26T04:48:04.607 INFO:teuthology.orchestra.run.smithi112.stdout:/usr/bin/ceph: stderr
2024-02-26T04:47:57.052+0000 7fb54b800700 1 -- 172.21.15.112:0/1583125169 shutdown_connections
2024-02-26T04:48:04.608 INFO:teuthology.orchestra.run.smithi112.stdout:/usr/bin/ceph: stderr
2024-02-26T04:47:57.052+0000 7fb54b800700 1 --2- 172.21.15.112:0/1583125169 >> [v2:172.21.15.112:3300/0,v1:172.21.15.112:6789/0] conn(0x7fb544109a30 0x7fb544109e50 unknown :-1 s=CLOSED pgs=28 cs=0 l=1 rev1=1 crypto rx=0 tx=0 comp rx=0 tx=0).stop
2024-02-26T04:48:04.608 INFO:teuthology.orchestra.run.smithi112.stdout:/usr/bin/ceph: stderr
