2024-02-26T05:25:48.974 INFO:teuthology.orchestra.run.smithi016.stdout:/usr/bin/ceph: stderr
2024-02-26T05:25:48.052+0000 7f243f200700 1 -- --> [v2:172.21.15.16:3300/0,v1:172.21.15.16:6789/0] -- mon_getmap magic: 0 v1 -- 0x7f244019b610 con 0x7f24401073a0
2024-02-26T05:25:48.974 INFO:teuthology.orchestra.run.smithi016.stdout:/usr/bin/ceph: stderr
2024-02-26T05:25:48.052+0000 7f243de00700 1 --2- >> [v2:172.21.15.16:3300/0,v1:172.21.15.16:6789/0] conn(0x7f24401073a0 0x7f244019b0d0 unknown :-1 s=BANNER_CONNECTING pgs=0 cs=0 l=1 rev1=0 crypto rx=0 tx=0 comp rx=0 tx=0)._handle_peer_banner_payload supported=3 required=0
2024-02-26T05:25:48.974 INFO:teuthology.orchestra.run.smithi016.stdout:/usr/bin/ceph: stderr
2024-02-26T05:25:48.052+0000 7f243de00700 1 --2- >> [v2:172.21.15.16:3300/0,v1:172.21.15.16:6789/0] conn(0x7f24401073a0 0x7f244019b0d0 unknown :-1 s=HELLO_CONNECTING pgs=0 cs=0 l=1 rev1=1 crypto rx=0 tx=0 comp rx=0 tx=0).handle_hello peer v2:172.21.15.16:3300/0 says I am v2:172.21.15.16:49284/0 (socket says 172.21.15.16:49284)
2024-02-26T05:25:48.974 INFO:teuthology.orchestra.run.smithi016.stdout:/usr/bin/ceph: stderr
2024-02-26T05:25:48.052+0000 7f243de00700 1 -- 172.21.15.16:0/3054955996 learned_addr learned my addr 172.21.15.16:0/3054955996 (peer_addr_for_me v2:172.21.15.16:0/0)
2024-02-26T05:25:48.974 INFO:teuthology.orchestra.run.smithi016.stdout:/usr/bin/ceph: stderr
2024-02-26T05:25:48.053+0000 7f243de00700 1 -- 172.21.15.16:0/3054955996 --> [v2:172.21.15.16:3300/0,v1:172.21.15.16:6789/0] -- mon_subscribe({config=0+,monmap=0+}) v3 -- 0x7f2430009550 con 0x7f24401073a0
2024-02-26T05:25:48.974 INFO:teuthology.orchestra.run.smithi016.stdout:/usr/bin/ceph: stderr
2024-02-26T05:25:48.053+0000 7f243de00700 1 --2- 172.21.15.16:0/3054955996 >> [v2:172.21.15.16:3300/0,v1:172.21.15.16:6789/0] conn(0x7f24401073a0 0x7f244019b0d0 secure :-1 s=READY pgs=38 cs=0 l=1 rev1=1 crypto rx=0x7f2430009520 tx=0x7f2430011be0 comp rx=0 tx=0).ready entity=mon.0 client_cookie=0 server_cookie=0 in_seq=0 out_seq=0
2024-02-26T05:25:48.974 INFO:teuthology.orchestra.run.smithi016.stdout:/usr/bin/ceph: stderr
2024-02-26T05:25:48.053+0000 7f2436a00700 1 -- 172.21.15.16:0/3054955996 <== mon.0 v2:172.21.15.16:3300/0 1 ==== mon_map magic: 0 v1 ==== 205+0+0 (secure 0 0 0) 0x7f2430003af0 con 0x7f24401073a0
2024-02-26T05:25:48.974 INFO:teuthology.orchestra.run.smithi016.stdout:/usr/bin/ceph: stderr
2024-02-26T05:25:48.053+0000 7f2436a00700 1 -- 172.21.15.16:0/3054955996 <== mon.0 v2:172.21.15.16:3300/0 2 ==== config(28 keys) v1 ==== 1140+0+0 (secure 0 0 0) 0x7f2430003c50 con 0x7f24401073a0
2024-02-26T05:25:48.974 INFO:teuthology.orchestra.run.smithi016.stdout:/usr/bin/ceph: stderr
2024-02-26T05:25:48.053+0000 7f2436a00700 1 -- 172.21.15.16:0/3054955996 <== mon.0 v2:172.21.15.16:3300/0 3 ==== mon_map magic: 0 v1 ==== 205+0+0 (secure 0 0 0) 0x7f2430019760 con 0x7f24401073a0
2024-02-26T05:25:48.974 INFO:teuthology.orchestra.run.smithi016.stdout:/usr/bin/ceph: stderr
2024-02-26T05:25:48.053+0000 7f243f200700 1 -- 172.21.15.16:0/3054955996 --> [v2:172.21.15.16:3300/0,v1:172.21.15.16:6789/0] -- mon_subscribe({mgrmap=0+}) v3 -- 0x7f244019b810 con 0x7f24401073a0
2024-02-26T05:25:48.974 INFO:teuthology.orchestra.run.smithi016.stdout:/usr/bin/ceph: stderr
2024-02-26T05:25:48.053+0000 7f243f200700 1 -- 172.21.15.16:0/3054955996 --> [v2:172.21.15.16:3300/0,v1:172.21.15.16:6789/0] -- mon_subscribe({osdmap=0}) v3 -- 0x7f244019bcb0 con 0x7f24401073a0
2024-02-26T05:25:48.974 INFO:teuthology.orchestra.run.smithi016.stdout:/usr/bin/ceph: stderr
2024-02-26T05:25:48.054+0000 7f243f200700 1 -- 172.21.15.16:0/3054955996 --> [v2:172.21.15.16:3300/0,v1:172.21.15.16:6789/0] -- mon_command({"prefix": "get_command_descriptions"} v 0) v1 -- 0x7f244010b780 con 0x7f24401073a0
2024-02-26T05:25:48.974 INFO:teuthology.orchestra.run.smithi016.stdout:/usr/bin/ceph: stderr
2024-02-26T05:25:48.055+0000 7f2436a00700 1 -- 172.21.15.16:0/3054955996 <== mon.0 v2:172.21.15.16:3300/0 4 ==== mgrmap(e 7) v1 ==== 45826+0+0 (secure 0 0 0) 0x7f243001a430 con 0x7f24401073a0
2024-02-26T05:25:48.975 INFO:teuthology.orchestra.run.smithi016.stdout:/usr/bin/ceph: stderr
2024-02-26T05:25:48.055+0000 7f2436a00700 1 --2- 172.21.15.16:0/3054955996 >> [v2:172.21.15.16:6800/2277653030,v1:172.21.15.16:6801/2277653030] conn(0x7f2424038ed0 0x7f242403b390 unknown :-1 s=NONE pgs=0 cs=0 l=1 rev1=0 crypto rx=0 tx=0 comp rx=0 tx=0).connect
2024-02-26T05:25:48.975 INFO:teuthology.orchestra.run.smithi016.stdout:/usr/bin/ceph: stderr
2024-02-26T05:25:48.055+0000 7f2436a00700 1 -- 172.21.15.16:0/3054955996 <== mon.0 v2:172.21.15.16:3300/0 5 ==== osd_map(2..2 src has 1..2) v4 ==== 940+0+0 (secure 0 0 0) 0x7f243004d000 con 0x7f24401073a0
2024-02-26T05:25:48.975 INFO:teuthology.orchestra.run.smithi016.stdout:/usr/bin/ceph: stderr
2024-02-26T05:25:48.056+0000 7f243d400700 1 --2- 172.21.15.16:0/3054955996 >> [v2:172.21.15.16:6800/2277653030,v1:172.21.15.16:6801/2277653030] conn(0x7f2424038ed0 0x7f242403b390 unknown :-1 s=BANNER_CONNECTING pgs=0 cs=0 l=1 rev1=0 crypto rx=0 tx=0 comp rx=0 tx=0)._handle_peer_banner_payload supported=3 required=0
2024-02-26T05:25:48.975 INFO:teuthology.orchestra.run.smithi016.stdout:/usr/bin/ceph: stderr
2024-02-26T05:25:48.057+0000 7f243d400700 1 --2- 172.21.15.16:0/3054955996 >> [v2:172.21.15.16:6800/2277653030,v1:172.21.15.16:6801/2277653030] conn(0x7f2424038ed0 0x7f242403b390 secure :-1 s=READY pgs=7 cs=0 l=1 rev1=1 crypto rx=0x7f242c006fd0 tx=0x7f242c006e40 comp rx=0 tx=0).ready entity=mgr.14120 client_cookie=0 server_cookie=0 in_seq=0 out_seq=0
2024-02-26T05:25:48.976 INFO:teuthology.orchestra.run.smithi016.stdout:/usr/bin/ceph: stderr
2024-02-26T05:25:48.061+0000 7f2436a00700 1 -- 172.21.15.16:0/3054955996 <== mon.0 v2:172.21.15.16:3300/0 6 ==== mon_command_ack([{"prefix": "get_command_descriptions"}]=0 v0) v1 ==== 72+0+183564 (secure 0 0 0) 0x7f243001ab30 con 0x7f24401073a0
2024-02-26T05:25:48.977 INFO:teuthology.orchestra.run.smithi016.stdout:/usr/bin/ceph: stderr
2024-02-26T05:25:48.156+0000 7f2436a00700 1 -- 172.21.15.16:0/3054955996 <== mon.0 v2:172.21.15.16:3300/0 7 ==== mgrmap(e 8) v1 ==== 45932+0+0 (secure 0 0 0) 0x7f24300198c0 con 0x7f24401073a0
2024-02-26T05:25:48.977 INFO:teuthology.orchestra.run.smithi016.stdout:/usr/bin/ceph: stderr
2024-02-26T05:25:48.300+0000 7f243f200700 1 -- 172.21.15.16:0/3054955996 --> [v2:172.21.15.16:6800/2277653030,v1:172.21.15.16:6801/2277653030] -- mgr_command(tid 0: {"prefix": "orch set backend", "module_name": "cephadm", "target": ["mon-mgr", ""]}) v1 -- 0x7f244019e590 con 0x7f2424038ed0
2024-02-26T05:25:48.977 INFO:teuthology.orchestra.run.smithi016.stdout:/usr/bin/ceph: stderr
2024-02-26T05:25:48.313+0000 7f2436a00700 1 -- 172.21.15.16:0/3054955996 <== mgr.14120 v2:172.21.15.16:6800/2277653030 1 ==== mgr_command_reply(tid 0: 0 ) v1 ==== 8+0+0 (secure 0 0 0) 0x7f244019e590 con 0x7f2424038ed0
2024-02-26T05:25:48.977 INFO:teuthology.orchestra.run.smithi016.stdout:/usr/bin/ceph: stderr
2024-02-26T05:25:48.316+0000 7f243f200700 1 -- 172.21.15.16:0/3054955996 >> [v2:172.21.15.16:6800/2277653030,v1:172.21.15.16:6801/2277653030] conn(0x7f2424038ed0 msgr2=0x7f242403b390 secure :-1 s=STATE_CONNECTION_ESTABLISHED l=1).mark_down
2024-02-26T05:25:48.977 INFO:teuthology.orchestra.run.smithi016.stdout:/usr/bin/ceph: stderr
2024-02-26T05:25:48.316+0000 7f243f200700 1 --2- 172.21.15.16:0/3054955996 >> [v2:172.21.15.16:6800/2277653030,v1:172.21.15.16:6801/2277653030] conn(0x7f2424038ed0 0x7f242403b390 secure :-1 s=READY pgs=7 cs=0 l=1 rev1=1 crypto rx=0x7f242c006fd0 tx=0x7f242c006e40 comp rx=0 tx=0).stop
2024-02-26T05:25:48.977 INFO:teuthology.orchestra.run.smithi016.stdout:/usr/bin/ceph: stderr
2024-02-26T05:25:48.316+0000 7f243f200700 1 -- 172.21.15.16:0/3054955996 >> [v2:172.21.15.16:3300/0,v1:172.21.15.16:6789/0] conn(0x7f24401073a0 msgr2=0x7f244019b0d0 secure :-1 s=STATE_CONNECTION_ESTABLISHED l=1).mark_down
2024-02-26T05:25:48.977 INFO:teuthology.orchestra.run.smithi016.stdout:/usr/bin/ceph: stderr
2024-02-26T05:25:48.316+0000 7f243f200700 1 --2- 172.21.15.16:0/3054955996 >> [v2:172.21.15.16:3300/0,v1:172.21.15.16:6789/0] conn(0x7f24401073a0 0x7f244019b0d0 secure :-1 s=READY pgs=38 cs=0 l=1 rev1=1 crypto rx=0x7f2430009520 tx=0x7f2430011be0 comp rx=0 tx=0).stop
2024-02-26T05:25:48.977 INFO:teuthology.orchestra.run.smithi016.stdout:/usr/bin/ceph: stderr
2024-02-26T05:25:48.316+0000 7f243f200700 1 -- 172.21.15.16:0/3054955996 shutdown_connections
2024-02-26T05:25:48.977 INFO:teuthology.orchestra.run.smithi016.stdout:/usr/bin/ceph: stderr
2024-02-26T05:25:48.316+0000 7f243f200700 1 --2- 172.21.15.16:0/3054955996 >> [v2:172.21.15.16:6800/2277653030,v1:172.21.15.16:6801/2277653030] conn(0x7f2424038ed0 0x7f242403b390 unknown :-1 s=CLOSED pgs=7 cs=0 l=1 rev1=1 crypto rx=0 tx=0 comp rx=0 tx=0).stop
2024-02-26T05:25:48.977 INFO:teuthology.orchestra.run.smithi016.stdout:/usr/bin/ceph: stderr
2024-02-26T05:25:48.316+0000 7f243f200700 1 --2- 172.21.15.16:0/3054955996 >> [v2:172.21.15.16:3300/0,v1:172.21.15.16:6789/0] conn(0x7f24401073a0 0x7f244019b0d0 unknown :-1 s=CLOSED pgs=38 cs=0 l=1 rev1=1 crypto rx=0 tx=0 comp rx=0 tx=0).stop
2024-02-26T05:25:48.977 INFO:teuthology.orchestra.run.smithi016.stdout:/usr/bin/ceph: stderr
2024-02-26T05:25:48.316+0000 7f243f200700 1 -- 172.21.15.16:0/3054955996 >> 172.21.15.16:0/3054955996 conn(0x7f24401029e0 msgr2=0x7f24401034a0 unknown :-1 s=STATE_NONE l=0).mark_down
2024-02-26T05:25:48.977 INFO:teuthology.orchestra.run.smithi016.stdout:/usr/bin/ceph: stderr
2024-02-26T05:25:48.316+0000 7f243f200700 1 -- 172.21.15.16:0/3054955996 shutdown_connections
2024-02-26T05:25:48.977 INFO:teuthology.orchestra.run.smithi016.stdout:/usr/bin/ceph: stderr
2024-02-26T05:25:48.316+0000 7f243f200700 1 -- 172.21.15.16:0/3054955996 wait complete.
2024-02-26T05:25:49.226 INFO:journalctl@ceph.mon.a.smithi016.stdout:Feb 26 05:25:49 smithi016 ceph-mon[31692]: mgrmap e8: x(active, since 2s)
2024-02-26T05:25:49.226 INFO:journalctl@ceph.mon.a.smithi016.stdout:Feb 26 05:25:49 smithi016 ceph-mon[31692]: from='client.14132 -' entity='client.admin' cmd=[{"prefix": "orch set backend", "module_name": "cephadm", "target": ["mon-mgr", ""]}]: dispatch
2024-02-26T05:25:49.226 INFO:journalctl@ceph.mon.a.smithi016.stdout:Feb 26 05:25:49 smithi016 ceph-mon[31692]: from='mgr.14120 172.21.15.16:0/77424442' entity='mgr.x'
2024-02-26T05:25:49.226 INFO:journalctl@ceph.mon.a.smithi016.stdout:Feb 26 05:25:49 smithi016 ceph-mon[31692]: from='mgr.14120 172.21.15.16:0/77424442' entity='mgr.x' cmd=[{"prefix": "config dump", "format": "json"}]: dispatch
2024-02-26T05:25:49.226 INFO:journalctl@ceph.mon.a.smithi016.stdout:Feb 26 05:25:49 smithi016 ceph-mon[31692]: [26/Feb/2024:05:25:48] ENGINE Bus STARTING
2024-02-26T05:25:49.226 INFO:journalctl@ceph.mon.a.smithi016.stdout:Feb 26 05:25:49 smithi016 ceph-mon[31692]: [26/Feb/2024:05:25:48] ENGINE Serving on https://172.21.15.16:7150
2024-02-26T05:25:49.226 INFO:journalctl@ceph.mon.a.smithi016.stdout:Feb 26 05:25:49 smithi016 ceph-mon[31692]: [26/Feb/2024:05:25:48] ENGINE Serving on http://172.21.15.16:8765
2024-02-26T05:25:49.226 INFO:journalctl@ceph.mon.a.smithi016.stdout:Feb 26 05:25:49 smithi016 ceph-mon[31692]: [26/Feb/2024:05:25:48] ENGINE Bus STARTED
2024-02-26T05:25:49.226 INFO:journalctl@ceph.mon.a.smithi016.stdout:Feb 26 05:25:49 smithi016 ceph-mon[31692]: from='mgr.14120 172.21.15.16:0/77424442' entity='mgr.x' cmd=[{"prefix": "config dump", "format": "json"}]: dispatch
2024-02-26T05:25:50.448 INFO:journalctl@ceph.mon.a.smithi016.stdout:Feb 26 05:25:50 smithi016 ceph-mon[31692]: from='client.14134 -' entity='client.admin' cmd=[{"prefix": "cephadm set-user", "user": "root", "target": ["mon-mgr", ""]}]: dispatch
2024-02-26T05:25:50.484 INFO:teuthology.orchestra.run.smithi016.stdout:/usr/bin/ceph: stdout value unchanged
2024-02-26T05:25:50.484 INFO:teuthology.orchestra.run.smithi016.stdout:/usr/bin/ceph: stderr
2024-02-26T05:25:49.520+0000 7f0860c00700 1 Processor -- start
2024-02-26T05:25:50.485 INFO:teuthology.orchestra.run.smithi016.stdout:/usr/bin/ceph: stderr
2024-02-26T05:25:49.520+0000 7f0860c00700 1 -- start start
2024-02-26T05:25:50.485 INFO:teuthology.orchestra.run.smithi016.stdout:/usr/bin/ceph: stderr
2024-02-26T05:25:49.521+0000 7f0860c00700 1 --2- >> [v2:172.21.15.16:3300/0,v1:172.21.15.16:6789/0] conn(0x7f085c07ce10 0x7f085c07b2c0 unknown :-1 s=NONE pgs=0 cs=0 l=0 rev1=0 crypto rx=0 tx=0 comp rx=0 tx=0).connect
2024-02-26T05:25:50.485 INFO:teuthology.orchestra.run.smithi016.stdout:/usr/bin/ceph: stderr
2024-02-26T05:25:49.521+0000 7f0860c00700 1 -- --> [v2:172.21.15.16:3300/0,v1:172.21.15.16:6789/0] -- mon_getmap magic: 0 v1 -- 0x7f085c07b800 con 0x7f085c07ce10
2024-02-26T05:25:50.485 INFO:teuthology.orchestra.run.smithi016.stdout:/usr/bin/ceph: stderr
2024-02-26T05:25:49.521+0000 7f0859e00700 1 --2- >> [v2:172.21.15.16:3300/0,v1:172.21.15.16:6789/0] conn(0x7f085c07ce10 0x7f085c07b2c0 unknown :-1 s=BANNER_CONNECTING pgs=0 cs=0 l=0 rev1=0 crypto rx=0 tx=0 comp rx=0 tx=0)._handle_peer_banner_payload supported=3 required=0
2024-02-26T05:25:50.490 INFO:teuthology.orchestra.run.smithi016.stdout:/usr/bin/ceph: stderr
2024-02-26T05:25:49.521+0000 7f0859e00700 1 --2- >> [v2:172.21.15.16:3300/0,v1:172.21.15.16:6789/0] conn(0x7f085c07ce10 0x7f085c07b2c0 unknown :-1 s=HELLO_CONNECTING pgs=0 cs=0 l=0 rev1=1 crypto rx=0 tx=0 comp rx=0 tx=0).handle_hello peer v2:172.21.15.16:3300/0 says I am v2:172.21.15.16:49294/0 (socket says 172.21.15.16:49294)
2024-02-26T05:25:50.490 INFO:teuthology.orchestra.run.smithi016.stdout:/usr/bin/ceph: stderr
2024-02-26T05:25:49.521+0000 7f0859e00700 1 -- 172.21.15.16:0/416637244 learned_addr learned my addr 172.21.15.16:0/416637244 (peer_addr_for_me v2:172.21.15.16:0/0)
2024-02-26T05:25:50.490 INFO:teuthology.orchestra.run.smithi016.stdout:/usr/bin/ceph: stderr
2024-02-26T05:25:49.522+0000 7f0859e00700 1 -- 172.21.15.16:0/416637244 --> [v2:172.21.15.16:3300/0,v1:172.21.15.16:6789/0] -- mon_subscribe({config=0+,monmap=0+}) v3 -- 0x7f085c07b940 con 0x7f085c07ce10
2024-02-26T05:25:50.490 INFO:teuthology.orchestra.run.smithi016.stdout:/usr/bin/ceph: stderr
2024-02-26T05:25:49.522+0000 7f0859e00700 1 --2- 172.21.15.16:0/416637244 >> [v2:172.21.15.16:3300/0,v1:172.21.15.16:6789/0] conn(0x7f085c07ce10 0x7f085c07b2c0 secure :-1 s=READY pgs=39 cs=0 l=1 rev1=1 crypto rx=0x7f084c0098a0 tx=0x7f084c009bb0 comp rx=0 tx=0).ready entity=mon.0 client_cookie=ecf27aef13039b45 server_cookie=0 in_seq=0 out_seq=0
2024-02-26T05:25:50.490 INFO:teuthology.orchestra.run.smithi016.stdout:/usr/bin/ceph: stderr
2024-02-26T05:25:49.522+0000 7f0859400700 1 -- 172.21.15.16:0/416637244 <== mon.0 v2:172.21.15.16:3300/0 1 ==== mon_map magic: 0 v1 ==== 205+0+0 (secure 0 0 0) 0x7f084c004160 con 0x7f085c07ce10
2024-02-26T05:25:50.490 INFO:teuthology.orchestra.run.smithi016.stdout:/usr/bin/ceph: stderr
2024-02-26T05:25:49.522+0000 7f0859400700 1 -- 172.21.15.16:0/416637244 <== mon.0 v2:172.21.15.16:3300/0 2 ==== config(28 keys) v1 ==== 1140+0+0 (secure 0 0 0) 0x7f084c0042c0 con 0x7f085c07ce10
2024-02-26T05:25:50.490 INFO:teuthology.orchestra.run.smithi016.stdout:/usr/bin/ceph: stderr
2024-02-26T05:25:49.522+0000 7f0859400700 1 -- 172.21.15.16:0/416637244 <== mon.0 v2:172.21.15.16:3300/0 3 ==== mon_map magic: 0 v1 ==== 205+0+0 (secure 0 0 0) 0x7f084c011b60 con 0x7f085c07ce10
2024-02-26T05:25:50.490 INFO:teuthology.orchestra.run.smithi016.stdout:/usr/bin/ceph: stderr
2024-02-26T05:25:49.523+0000 7f0860c00700 1 -- 172.21.15.16:0/416637244 >> [v2:172.21.15.16:3300/0,v1:172.21.15.16:6789/0] conn(0x7f085c07ce10 msgr2=0x7f085c07b2c0 secure :-1 s=STATE_CONNECTION_ESTABLISHED l=1).mark_down
2024-02-26T05:25:50.490 INFO:teuthology.orchestra.run.smithi016.stdout:/usr/bin/ceph: stderr
2024-02-26T05:25:49.523+0000 7f0860c00700 1 --2- 172.21.15.16:0/416637244 >> [v2:172.21.15.16:3300/0,v1:172.21.15.16:6789/0] conn(0x7f085c07ce10 0x7f085c07b2c0 secure :-1 s=READY pgs=39 cs=0 l=1 rev1=1 crypto rx=0x7f084c0098a0 tx=0x7f084c009bb0 comp rx=0 tx=0).stop
2024-02-26T05:25:50.491 INFO:teuthology.orchestra.run.smithi016.stdout:/usr/bin/ceph: stderr
2024-02-26T05:25:49.523+0000 7f0860c00700 1 -- 172.21.15.16:0/416637244 shutdown_connections
2024-02-26T05:25:50.491 INFO:teuthology.orchestra.run.smithi016.stdout:/usr/bin/ceph: stderr
2024-02-26T05:25:49.523+0000 7f0860c00700 1 --2- 172.21.15.16:0/416637244 >> [v2:172.21.15.16:3300/0,v1:172.21.15.16:6789/0] conn(0x7f085c07ce10 0x7f085c07b2c0 unknown :-1 s=CLOSED pgs=39 cs=0 l=1 rev1=1 crypto rx=0 tx=0 comp rx=0 tx=0).stop
2024-02-26T05:25:50.491 INFO:teuthology.orchestra.run.smithi016.stdout:/usr/bin/ceph: stderr
2024-02-26T05:25:49.523+0000 7f0860c00700 1 -- 172.21.15.16:0/416637244 >> 172.21.15.16:0/416637244 conn(0x7f085c102b70 msgr2=0x7f085c104f90 unknown :-1 s=STATE_NONE l=0).mark_down
2024-02-26T05:25:50.491 INFO:teuthology.orchestra.run.smithi016.stdout:/usr/bin/ceph: stderr
2024-02-26T05:25:49.523+0000 7f0860c00700 1 -- 172.21.15.16:0/416637244 shutdown_connections
2024-02-26T05:25:50.491 INFO:teuthology.orchestra.run.smithi016.stdout:/usr/bin/ceph: stderr
2024-02-26T05:25:49.523+0000 7f0860c00700 1 -- 172.21.15.16:0/416637244 wait complete.
2024-02-26T05:25:50.491 INFO:teuthology.orchestra.run.smithi016.stdout:/usr/bin/ceph: stderr
2024-02-26T05:25:49.524+0000 7f0860c00700 1 Processor -- start
2024-02-26T05:25:50.491 INFO:teuthology.orchestra.run.smithi016.stdout:/usr/bin/ceph: stderr
2024-02-26T05:25:49.524+0000 7f0860c00700 1 -- start start
2024-02-26T05:25:50.491 INFO:teuthology.orchestra.run.smithi016.stdout:/usr/bin/ceph: stderr
2024-02-26T05:25:49.525+0000 7f0860c00700 1 --2- >> [v2:172.21.15.16:3300/0,v1:172.21.15.16:6789/0] conn(0x7f085c07ce10 0x7f085c19d570 unknown :-1 s=NONE pgs=0 cs=0 l=1 rev1=0 crypto rx=0 tx=0 comp rx=0 tx=0).connect
2024-02-26T05:25:50.491 INFO:teuthology.orchestra.run.smithi016.stdout:/usr/bin/ceph: stderr
2024-02-26T05:25:49.525+0000 7f0860c00700 1 -- --> [v2:172.21.15.16:3300/0,v1:172.21.15.16:6789/0] -- mon_getmap magic: 0 v1 -- 0x7f085c19dab0 con 0x7f085c07ce10
2024-02-26T05:25:50.491 INFO:teuthology.orchestra.run.smithi016.stdout:/usr/bin/ceph: stderr
2024-02-26T05:25:49.525+0000 7f0859e00700 1 --2- >> [v2:172.21.15.16:3300/0,v1:172.21.15.16:6789/0] conn(0x7f085c07ce10 0x7f085c19d570 unknown :-1 s=BANNER_CONNECTING pgs=0 cs=0 l=1 rev1=0 crypto rx=0 tx=0 comp rx=0 tx=0)._handle_peer_banner_payload supported=3 required=0
2024-02-26T05:25:50.491 INFO:teuthology.orchestra.run.smithi016.stdout:/usr/bin/ceph: stderr
2024-02-26T05:25:49.525+0000 7f0859e00700 1 --2- >> [v2:172.21.15.16:3300/0,v1:172.21.15.16:6789/0] conn(0x7f085c07ce10 0x7f085c19d570 unknown :-1 s=HELLO_CONNECTING pgs=0 cs=0 l=1 rev1=1 crypto rx=0 tx=0 comp rx=0 tx=0).handle_hello peer v2:172.21.15.16:3300/0 says I am v2:172.21.15.16:49298/0 (socket says 172.21.15.16:49298)
2024-02-26T05:25:50.491 INFO:teuthology.orchestra.run.smithi016.stdout:/usr/bin/ceph: stderr
2024-02-26T05:25:49.525+0000 7f0859e00700 1 -- 172.21.15.16:0/886043524 learned_addr learned my addr 172.21.15.16:0/886043524 (peer_addr_for_me v2:172.21.15.16:0/0)
2024-02-26T05:25:50.491 INFO:teuthology.orchestra.run.smithi016.stdout:/usr/bin/ceph: stderr
2024-02-26T05:25:49.525+0000 7f0859e00700 1 -- 172.21.15.16:0/886043524 --> [v2:172.21.15.16:3300/0,v1:172.21.15.16:6789/0] -- mon_subscribe({config=0+,monmap=0+}) v3 -- 0x7f084c009550 con 0x7f085c07ce10
2024-02-26T05:25:50.491 INFO:teuthology.orchestra.run.smithi016.stdout:/usr/bin/ceph: stderr
2024-02-26T05:25:49.526+0000 7f0859e00700 1 --2- 172.21.15.16:0/886043524 >> [v2:172.21.15.16:3300/0,v1:172.21.15.16:6789/0] conn(0x7f085c07ce10 0x7f085c19d570 secure :-1 s=READY pgs=40 cs=0 l=1 rev1=1 crypto rx=0x7f084c011670 tx=0x7f084c011bc0 comp rx=0 tx=0).ready entity=mon.0 client_cookie=0 server_cookie=0 in_seq=0 out_seq=0
2024-02-26T05:25:50.492 INFO:teuthology.orchestra.run.smithi016.stdout:/usr/bin/ceph: stderr
2024-02-26T05:25:49.526+0000 7f0853400700 1 -- 172.21.15.16:0/886043524 <== mon.0 v2:172.21.15.16:3300/0 1 ==== mon_map magic: 0 v1 ==== 205+0+0 (secure 0 0 0) 0x7f084c003930 con 0x7f085c07ce10
2024-02-26T05:25:50.492 INFO:teuthology.orchestra.run.smithi016.stdout:/usr/bin/ceph: stderr
2024-02-26T05:25:49.526+0000 7f0853400700 1 -- 172.21.15.16:0/886043524 <== mon.0 v2:172.21.15.16:3300/0 2 ==== config(28 keys) v1 ==== 1140+0+0 (secure 0 0 0) 0x7f084c003a90 con 0x7f085c07ce10
2024-02-26T05:25:50.492 INFO:teuthology.orchestra.run.smithi016.stdout:/usr/bin/ceph: stderr
2024-02-26T05:25:49.526+0000 7f0853400700 1 -- 172.21.15.16:0/886043524 <== mon.0 v2:172.21.15.16:3300/0 3 ==== mon_map magic: 0 v1 ==== 205+0+0 (secure 0 0 0) 0x7f084c019630 con 0x7f085c07ce10
2024-02-26T05:25:50.492 INFO:teuthology.orchestra.run.smithi016.stdout:/usr/bin/ceph: stderr
2024-02-26T05:25:49.526+0000 7f0860c00700 1 -- 172.21.15.16:0/886043524 --> [v2:172.21.15.16:3300/0,v1:172.21.15.16:6789/0] -- mon_subscribe({mgrmap=0+}) v3 -- 0x7f085c19dcb0 con 0x7f085c07ce10
2024-02-26T05:25:50.492 INFO:teuthology.orchestra.run.smithi016.stdout:/usr/bin/ceph: stderr
2024-02-26T05:25:49.526+0000 7f0860c00700 1 -- 172.21.15.16:0/886043524 --> [v2:172.21.15.16:3300/0,v1:172.21.15.16:6789/0] -- mon_subscribe({osdmap=0}) v3 -- 0x7f085c19e150 con 0x7f085c07ce10
2024-02-26T05:25:50.492 INFO:teuthology.orchestra.run.smithi016.stdout:/usr/bin/ceph: stderr
2024-02-26T05:25:49.527+0000 7f0860c00700 1 -- 172.21.15.16:0/886043524 --> [v2:172.21.15.16:3300/0,v1:172.21.15.16:6789/0] -- mon_command({"prefix": "get_command_descriptions"} v 0) v1 -- 0x7f085c10d9a0 con 0x7f085c07ce10
2024-02-26T05:25:50.492 INFO:teuthology.orchestra.run.smithi016.stdout:/usr/bin/ceph: stderr
2024-02-26T05:25:49.527+0000 7f0853400700 1 -- 172.21.15.16:0/886043524 <== mon.0 v2:172.21.15.16:3300/0 4 ==== mgrmap(e 8) v1 ==== 45932+0+0 (secure 0 0 0) 0x7f084c003c00 con 0x7f085c07ce10
2024-02-26T05:25:50.492 INFO:teuthology.orchestra.run.smithi016.stdout:/usr/bin/ceph: stderr
2024-02-26T05:25:49.528+0000 7f0853400700 1 --2- 172.21.15.16:0/886043524 >> [v2:172.21.15.16:6800/2277653030,v1:172.21.15.16:6801/2277653030] conn(0x7f0840038e90 0x7f084003b350 unknown :-1 s=NONE pgs=0 cs=0 l=1 rev1=0 crypto rx=0 tx=0 comp rx=0 tx=0).connect
2024-02-26T05:25:50.492 INFO:teuthology.orchestra.run.smithi016.stdout:/usr/bin/ceph: stderr
2024-02-26T05:25:49.528+0000 7f0853400700 1 -- 172.21.15.16:0/886043524 <== mon.0 v2:172.21.15.16:3300/0 5 ==== osd_map(2..2 src has 1..2) v4 ==== 940+0+0 (secure 0 0 0) 0x7f084c04d0b0 con 0x7f085c07ce10
2024-02-26T05:25:50.492 INFO:teuthology.orchestra.run.smithi016.stdout:/usr/bin/ceph: stderr
2024-02-26T05:25:49.528+0000 7f0851400700 1 --2- 172.21.15.16:0/886043524 >> [v2:172.21.15.16:6800/2277653030,v1:172.21.15.16:6801/2277653030] conn(0x7f0840038e90 0x7f084003b350 unknown :-1 s=BANNER_CONNECTING pgs=0 cs=0 l=1 rev1=0 crypto rx=0 tx=0 comp rx=0 tx=0)._handle_peer_banner_payload supported=3 required=0
2024-02-26T05:25:50.492 INFO:teuthology.orchestra.run.smithi016.stdout:/usr/bin/ceph: stderr
2024-02-26T05:25:49.529+0000 7f0851400700 1 --2- 172.21.15.16:0/886043524 >> [v2:172.21.15.16:6800/2277653030,v1:172.21.15.16:6801/2277653030] conn(0x7f0840038e90 0x7f084003b350 secure :-1 s=READY pgs=8 cs=0 l=1 rev1=1 crypto rx=0x7f0844006fd0 tx=0x7f0844006e40 comp rx=0 tx=0).ready entity=mgr.14120 client_cookie=0 server_cookie=0 in_seq=0 out_seq=0
2024-02-26T05:25:50.492 INFO:teuthology.orchestra.run.smithi016.stdout:/usr/bin/ceph: stderr
2024-02-26T05:25:49.534+0000 7f0853400700 1 -- 172.21.15.16:0/886043524 <== mon.0 v2:172.21.15.16:3300/0 6 ==== mon_command_ack([{"prefix": "get_command_descriptions"}]=0 v0) v1 ==== 72+0+183564 (secure 0 0 0) 0x7f084c023c20 con 0x7f085c07ce10
2024-02-26T05:25:50.492 INFO:teuthology.orchestra.run.smithi016.stdout:/usr/bin/ceph: stderr
2024-02-26T05:25:49.755+0000 7f0860c00700 1 -- 172.21.15.16:0/886043524 --> [v2:172.21.15.16:6800/2277653030,v1:172.21.15.16:6801/2277653030] -- mgr_command(tid 0: {"prefix": "cephadm set-user", "user": "root", "target": ["mon-mgr", ""]}) v1 -- 0x7f085c103df0 con 0x7f0840038e90
2024-02-26T05:25:50.492 INFO:teuthology.orchestra.run.smithi016.stdout:/usr/bin/ceph: stderr
2024-02-26T05:25:49.756+0000 7f0853400700 1 -- 172.21.15.16:0/886043524 <== mgr.14120 v2:172.21.15.16:6800/2277653030 1 ==== mgr_command_reply(tid 0: 0 ) v1 ==== 8+0+16 (secure 0 0 0) 0x7f085c103df0 con 0x7f0840038e90
2024-02-26T05:25:50.493 INFO:teuthology.orchestra.run.smithi016.stdout:/usr/bin/ceph: stderr
2024-02-26T05:25:49.759+0000 7f0860c00700 1 -- 172.21.15.16:0/886043524 >> [v2:172.21.15.16:6800/2277653030,v1:172.21.15.16:6801/2277653030] conn(0x7f0840038e90 msgr2=0x7f084003b350 secure :-1 s=STATE_CONNECTION_ESTABLISHED l=1).mark_down
2024-02-26T05:25:50.493 INFO:teuthology.orchestra.run.smithi016.stdout:/usr/bin/ceph: stderr
2024-02-26T05:25:49.759+0000 7f0860c00700 1 --2- 172.21.15.16:0/886043524 >> [v2:172.21.15.16:6800/2277653030,v1:172.21.15.16:6801/2277653030] conn(0x7f0840038e90 0x7f084003b350 secure :-1 s=READY pgs=8 cs=0 l=1 rev1=1 crypto rx=0x7f0844006fd0 tx=0x7f0844006e40 comp rx=0 tx=0).stop
2024-02-26T05:25:50.493 INFO:teuthology.orchestra.run.smithi016.stdout:/usr/bin/ceph: stderr
2024-02-26T05:25:49.759+0000 7f0860c00700 1 -- 172.21.15.16:0/886043524 >> [v2:172.21.15.16:3300/0,v1:172.21.15.16:6789/0] conn(0x7f085c07ce10 msgr2=0x7f085c19d570 secure :-1 s=STATE_CONNECTION_ESTABLISHED l=1).mark_down
2024-02-26T05:25:50.493 INFO:teuthology.orchestra.run.smithi016.stdout:/usr/bin/ceph: stderr
2024-02-26T05:25:49.759+0000 7f0860c00700 1 --2- 172.21.15.16:0/886043524 >> [v2:172.21.15.16:3300/0,v1:172.21.15.16:6789/0] conn(0x7f085c07ce10 0x7f085c19d570 secure :-1 s=READY pgs=40 cs=0 l=1 rev1=1 crypto rx=0x7f084c011670 tx=0x7f084c011bc0 comp rx=0 tx=0).stop
2024-02-26T05:25:50.493 INFO:teuthology.orchestra.run.smithi016.stdout:/usr/bin/ceph: stderr
2024-02-26T05:25:49.759+0000 7f0860c00700 1 -- 172.21.15.16:0/886043524 shutdown_connections
2024-02-26T05:25:50.493 INFO:teuthology.orchestra.run.smithi016.stdout:/usr/bin/ceph: stderr
2024-02-26T05:25:49.759+0000 7f0860c00700 1 --2- 172.21.15.16:0/886043524 >> [v2:172.21.15.16:6800/2277653030,v1:172.21.15.16:6801/2277653030] conn(0x7f0840038e90 0x7f084003b350 unknown :-1 s=CLOSED pgs=8 cs=0 l=1 rev1=1 crypto rx=0 tx=0 comp rx=0 tx=0).stop
2024-02-26T05:25:50.493 INFO:teuthology.orchestra.run.smithi016.stdout:/usr/bin/ceph: stderr
2024-02-26T05:25:49.759+0000 7f0860c00700 1 --2- 172.21.15.16:0/886043524 >> [v2:172.21.15.16:3300/0,v1:172.21.15.16:6789/0] conn(0x7f085c07ce10 0x7f085c19d570 unknown :-1 s=CLOSED pgs=40 cs=0 l=1 rev1=1 crypto rx=0 tx=0 comp rx=0 tx=0).stop
2024-02-26T05:25:50.493 INFO:teuthology.orchestra.run.smithi016.stdout:/usr/bin/ceph: stderr
2024-02-26T05:25:49.759+0000 7f0860c00700 1 -- 172.21.15.16:0/886043524 >> 172.21.15.16:0/886043524 conn(0x7f085c102b70 msgr2=0x7f085c1036e0 unknown :-1 s=STATE_NONE l=0).mark_down
2024-02-26T05:25:50.493 INFO:teuthology.orchestra.run.smithi016.stdout:/usr/bin/ceph: stderr
2024-02-26T05:25:49.759+0000 7f0860c00700 1 -- 172.21.15.16:0/886043524 shutdown_connections
2024-02-26T05:25:50.493 INFO:teuthology.orchestra.run.smithi016.stdout:/usr/bin/ceph: stderr
2024-02-26T05:25:49.759+0000 7f0860c00700 1 -- 172.21.15.16:0/886043524 wait complete.
2024-02-26T05:25:50.493 INFO:teuthology.orchestra.run.smithi016.stdout:Generating ssh key...
2024-02-26T05:25:51.951 INFO:journalctl@ceph.mgr.x.smithi016.stdout:Feb 26 05:25:51 smithi016 ceph-4006277a-d467-11ee-95c3-87774f69a715-mgr-x[31934]: Generating public/private rsa key pair.
2024-02-26T05:25:51.951 INFO:journalctl@ceph.mgr.x.smithi016.stdout:Feb 26 05:25:51 smithi016 ceph-4006277a-d467-11ee-95c3-87774f69a715-mgr-x[31934]: Your identification has been saved in /tmp/tmp5_2qmwvm/key.
2024-02-26T05:25:51.951 INFO:journalctl@ceph.mgr.x.smithi016.stdout:Feb 26 05:25:51 smithi016 ceph-4006277a-d467-11ee-95c3-87774f69a715-mgr-x[31934]: Your public key has been saved in /tmp/tmp5_2qmwvm/key.pub.
2024-02-26T05:25:51.951 INFO:journalctl@ceph.mgr.x.smithi016.stdout:Feb 26 05:25:51 smithi016 ceph-4006277a-d467-11ee-95c3-87774f69a715-mgr-x[31934]: The key fingerprint is:
2024-02-26T05:25:51.951 INFO:journalctl@ceph.mgr.x.smithi016.stdout:Feb 26 05:25:51 smithi016 ceph-4006277a-d467-11ee-95c3-87774f69a715-mgr-x[31934]: SHA256:xxmW7n5FlSx8N+VNCuRyzSm5Kx1yig80f4oVWEQtbGA ceph-4006277a-d467-11ee-95c3-87774f69a715
2024-02-26T05:25:51.951 INFO:journalctl@ceph.mgr.x.smithi016.stdout:Feb 26 05:25:51 smithi016 ceph-4006277a-d467-11ee-95c3-87774f69a715-mgr-x[31934]: The key's randomart image is:
2024-02-26T05:25:51.951 INFO:journalctl@ceph.mgr.x.smithi016.stdout:Feb 26 05:25:51 smithi016 ceph-4006277a-d467-11ee-95c3-87774f69a715-mgr-x[31934]: +---[RSA 3072]----+
2024-02-26T05:25:51.951 INFO:journalctl@ceph.mgr.x.smithi016.stdout:Feb 26 05:25:51 smithi016 ceph-4006277a-d467-11ee-95c3-87774f69a715-mgr-x[31934]: | E+oo+ . =|
2024-02-26T05:25:51.951 INFO:journalctl@ceph.mgr.x.smithi016.stdout:Feb 26 05:25:51 smithi016 ceph-4006277a-d467-11ee-95c3-87774f69a715-mgr-x[31934]: | . .+o.B X+|
2024-02-26T05:25:51.951 INFO:journalctl@ceph.mgr.x.smithi016.stdout:Feb 26 05:25:51 smithi016 ceph-4006277a-d467-11ee-95c3-87774f69a715-mgr-x[31934]: | .*.= B.=|
2024-02-26T05:25:51.951 INFO:journalctl@ceph.mgr.x.smithi016.stdout:Feb 26 05:25:51 smithi016 ceph-4006277a-d467-11ee-95c3-87774f69a715-mgr-x[31934]: | * = o. |
2024-02-26T05:25:51.951 INFO:journalctl@ceph.mgr.x.smithi016.stdout:Feb 26 05:25:51 smithi016 ceph-4006277a-d467-11ee-95c3-87774f69a715-mgr-x[31934]: | S B +. |
2024-02-26T05:25:51.951 INFO:journalctl@ceph.mgr.x.smithi016.stdout:Feb 26 05:25:51 smithi016 ceph-4006277a-d467-11ee-95c3-87774f69a715-mgr-x[31934]: | . * * o. |
2024-02-26T05:25:51.952 INFO:journalctl@ceph.mgr.x.smithi016.stdout:Feb 26 05:25:51 smithi016 ceph-4006277a-d467-11ee-95c3-87774f69a715-mgr-x[31934]: | o * +. |
2024-02-26T05:25:51.952 INFO:journalctl@ceph.mgr.x.smithi016.stdout:Feb 26 05:25:51 smithi016 ceph-4006277a-d467-11ee-95c3-87774f69a715-mgr-x[31934]: | * +. |
2024-02-26T05:25:51.952 INFO:journalctl@ceph.mgr.x.smithi016.stdout:Feb 26 05:25:51 smithi016 ceph-4006277a-d467-11ee-95c3-87774f69a715-mgr-x[31934]: | . +. |
2024-02-26T05:25:51.952 INFO:journalctl@ceph.mgr.x.smithi016.stdout:Feb 26 05:25:51 smithi016 ceph-4006277a-d467-11ee-95c3-87774f69a715-mgr-x[31934]: +----[SHA256]-----+
2024-02-26T05:25:52.333 INFO:teuthology.orchestra.run.smithi016.stdout:/usr/bin/ceph: stderr
2024-02-26T05:25:51.070+0000 7f73d6400700 1 Processor -- start
2024-02-26T05:25:52.338 INFO:teuthology.orchestra.run.smithi016.stdout:/usr/bin/ceph: stderr
2024-02-26T05:25:51.070+0000 7f73d6400700 1 -- start start
2024-02-26T05:25:52.338 INFO:teuthology.orchestra.run.smithi016.stdout:/usr/bin/ceph: stderr
2024-02-26T05:25:51.070+0000 7f73d6400700 1 --2- >> [v2:172.21.15.16:3300/0,v1:172.21.15.16:6789/0] conn(0x7f73d01062a0 0x7f73d01066c0 unknown :-1 s=NONE pgs=0 cs=0 l=0 rev1=0 crypto rx=0 tx=0 comp rx=0 tx=0).connect
2024-02-26T05:25:52.338 INFO:teuthology.orchestra.run.smithi016.stdout:/usr/bin/ceph: stderr
2024-02-26T05:25:51.070+0000 7f73d6400700 1 -- --> [v2:172.21.15.16:3300/0,v1:172.21.15.16:6789/0] -- mon_getmap magic: 0 v1 -- 0x7f73d0106c90 con 0x7f73d01062a0
2024-02-26T05:25:52.338 INFO:teuthology.orchestra.run.smithi016.stdout:/usr/bin/ceph: stderr
2024-02-26T05:25:51.071+0000 7f73d5000700 1 --2- >> [v2:172.21.15.16:3300/0,v1:172.21.15.16:6789/0] conn(0x7f73d01062a0 0x7f73d01066c0 unknown :-1 s=BANNER_CONNECTING pgs=0 cs=0 l=0 rev1=0 crypto rx=0 tx=0 comp rx=0 tx=0)._handle_peer_banner_payload supported=3 required=0
2024-02-26T05:25:52.339 INFO:teuthology.orchestra.run.smithi016.stdout:/usr/bin/ceph: stderr
2024-02-26T05:25:51.071+0000 7f73d5000700 1 --2- >> [v2:172.21.15.16:3300/0,v1:172.21.15.16:6789/0] conn(0x7f73d01062a0 0x7f73d01066c0 unknown :-1 s=HELLO_CONNECTING pgs=0 cs=0 l=0 rev1=1 crypto rx=0 tx=0 comp rx=0 tx=0).handle_hello peer v2:172.21.15.16:3300/0 says I am v2:172.21.15.16:59444/0 (socket says 172.21.15.16:59444)
2024-02-26T05:25:52.339 INFO:teuthology.orchestra.run.smithi016.stdout:/usr/bin/ceph: stderr
2024-02-26T05:25:51.071+0000 7f73d5000700 1 -- 172.21.15.16:0/3080721399 learned_addr learned my addr 172.21.15.16:0/3080721399 (peer_addr_for_me v2:172.21.15.16:0/0)
2024-02-26T05:25:52.339 INFO:teuthology.orchestra.run.smithi016.stdout:/usr/bin/ceph: stderr
2024-02-26T05:25:51.072+0000 7f73d5000700 1 -- 172.21.15.16:0/3080721399 --> [v2:172.21.15.16:3300/0,v1:172.21.15.16:6789/0] -- mon_subscribe({config=0+,monmap=0+}) v3 -- 0x7f73d01074a0 con 0x7f73d01062a0
2024-02-26T05:25:52.339 INFO:teuthology.orchestra.run.smithi016.stdout:/usr/bin/ceph: stderr
2024-02-26T05:25:51.072+0000 7f73d5000700 1 --2- 172.21.15.16:0/3080721399 >> [v2:172.21.15.16:3300/0,v1:172.21.15.16:6789/0] conn(0x7f73d01062a0 0x7f73d01066c0 secure :-1 s=READY pgs=41 cs=0 l=1 rev1=1 crypto rx=0x7f73c0009e80 tx=0x7f73c000b330 comp rx=0 tx=0).ready entity=mon.0 client_cookie=5189a1c9ff947ca0 server_cookie=0 in_seq=0 out_seq=0
2024-02-26T05:25:52.339 INFO:teuthology.orchestra.run.smithi016.stdout:/usr/bin/ceph: stderr
2024-02-26T05:25:51.072+0000 7f73cfe00700 1 -- 172.21.15.16:0/3080721399 <== mon.0 v2:172.21.15.16:3300/0 1 ==== mon_map magic: 0 v1 ==== 205+0+0 (secure 0 0 0) 0x7f73c000e070 con 0x7f73d01062a0
2024-02-26T05:25:52.339 INFO:teuthology.orchestra.run.smithi016.stdout:/usr/bin/ceph: stderr
2024-02-26T05:25:51.072+0000 7f73cfe00700 1 -- 172.21.15.16:0/3080721399 <== mon.0 v2:172.21.15.16:3300/0 2 ==== config(28 keys) v1 ==== 1140+0+0 (secure 0 0 0) 0x7f73c000b8c0 con 0x7f73d01062a0
2024-02-26T05:25:52.339 INFO:teuthology.orchestra.run.smithi016.stdout:/usr/bin/ceph: stderr
2024-02-26T05:25:51.072+0000 7f73cfe00700 1 -- 172.21.15.16:0/3080721399 <== mon.0 v2:172.21.15.16:3300/0 3 ==== mon_map magic: 0 v1 ==== 205+0+0 (secure 0 0 0) 0x7f73c0004650 con 0x7f73d01062a0
2024-02-26T05:25:52.339 INFO:teuthology.orchestra.run.smithi016.stdout:/usr/bin/ceph: stderr
2024-02-26T05:25:51.073+0000 7f73d6400700 1 -- 172.21.15.16:0/3080721399 >> [v2:172.21.15.16:3300/0,v1:172.21.15.16:6789/0] conn(0x7f73d01062a0 msgr2=0x7f73d01066c0 secure :-1 s=STATE_CONNECTION_ESTABLISHED l=1).mark_down
2024-02-26T05:25:52.339 INFO:teuthology.orchestra.run.smithi016.stdout:/usr/bin/ceph: stderr
2024-02-26T05:25:51.073+0000 7f73d6400700 1 --2- 172.21.15.16:0/3080721399 >> [v2:172.21.15.16:3300/0,v1:172.21.15.16:6789/0] conn(0x7f73d01062a0 0x7f73d01066c0 secure :-1 s=READY pgs=41 cs=0 l=1 rev1=1 crypto rx=0x7f73c0009e80 tx=0x7f73c000b330 comp rx=0 tx=0).stop
2024-02-26T05:25:52.339 INFO:teuthology.orchestra.run.smithi016.stdout:/usr/bin/ceph: stderr
2024-02-26T05:25:51.073+0000 7f73d6400700 1 -- 172.21.15.16:0/3080721399 shutdown_connections
2024-02-26T05:25:52.339 INFO:teuthology.orchestra.run.smithi016.stdout:/usr/bin/ceph: stderr
2024-02-26T05:25:51.073+0000 7f73d6400700 1 --2- 172.21.15.16:0/3080721399 >> [v2:172.21.15.16:3300/0,v1:172.21.15.16:6789/0] conn(0x7f73d01062a0 0x7f73d01066c0 unknown :-1 s=CLOSED pgs=41 cs=0 l=1 rev1=1 crypto rx=0 tx=0 comp rx=0 tx=0).stop
2024-02-26T05:25:52.339 INFO:teuthology.orchestra.run.smithi016.stdout:/usr/bin/ceph: stderr
2024-02-26T05:25:51.073+0000 7f73d6400700 1 -- 172.21.15.16:0/3080721399 >> 172.21.15.16:0/3080721399 conn(0x7f73d0101820 msgr2=0x7f73d0103c80 unknown :-1 s=STATE_NONE l=0).mark_down
2024-02-26T05:25:52.339 INFO:teuthology.orchestra.run.smithi016.stdout:/usr/bin/ceph: stderr
2024-02-26T05:25:51.073+0000 7f73d6400700 1 -- 172.21.15.16:0/3080721399 shutdown_connections
2024-02-26T05:25:52.340 INFO:teuthology.orchestra.run.smithi016.stdout:/usr/bin/ceph: stderr
2024-02-26T05:25:51.073+0000 7f73d6400700 1 -- 172.21.15.16:0/3080721399 wait complete.
2024-02-26T05:25:52.340 INFO:teuthology.orchestra.run.smithi016.stdout:/usr/bin/ceph: stderr
2024-02-26T05:25:51.074+0000 7f73d6400700 1 Processor -- start
2024-02-26T05:25:52.340 INFO:teuthology.orchestra.run.smithi016.stdout:/usr/bin/ceph: stderr
2024-02-26T05:25:51.075+0000 7f73d6400700 1 -- start start
2024-02-26T05:25:52.340 INFO:teuthology.orchestra.run.smithi016.stdout:/usr/bin/ceph: stderr
2024-02-26T05:25:51.075+0000 7f73d6400700 1 --2- >> [v2:172.21.15.16:3300/0,v1:172.21.15.16:6789/0] conn(0x7f73d01062a0 0x7f73d019d390 unknown :-1 s=NONE pgs=0 cs=0 l=1 rev1=0 crypto rx=0 tx=0 comp rx=0 tx=0).connect
2024-02-26T05:25:52.340 INFO:teuthology.orchestra.run.smithi016.stdout:/usr/bin/ceph: stderr
2024-02-26T05:25:51.075+0000 7f73d6400700 1 -- --> [v2:172.21.15.16:3300/0,v1:172.21.15.16:6789/0] -- mon_getmap magic: 0 v1 -- 0x7f73d019d8d0 con 0x7f73d01062a0
2024-02-26T05:25:52.340 INFO:teuthology.orchestra.run.smithi016.stdout:/usr/bin/ceph: stderr
2024-02-26T05:25:51.075+0000 7f73d5000700 1 --2- >> [v2:172.21.15.16:3300/0,v1:172.21.15.16:6789/0] conn(0x7f73d01062a0 0x7f73d019d390 unknown :-1 s=BANNER_CONNECTING pgs=0 cs=0 l=1 rev1=0 crypto rx=0 tx=0 comp rx=0 tx=0)._handle_peer_banner_payload supported=3 required=0
2024-02-26T05:25:52.340 INFO:teuthology.orchestra.run.smithi016.stdout:/usr/bin/ceph: stderr
2024-02-26T05:25:51.075+0000 7f73d5000700 1 --2- >> [v2:172.21.15.16:3300/0,v1:172.21.15.16:6789/0] conn(0x7f73d01062a0 0x7f73d019d390 unknown :-1 s=HELLO_CONNECTING pgs=0 cs=0 l=1 rev1=1 crypto rx=0 tx=0 comp rx=0 tx=0).handle_hello peer v2:172.21.15.16:3300/0 says I am v2:172.21.15.16:59448/0 (socket says 172.21.15.16:59448)
2024-02-26T05:25:52.340 INFO:teuthology.orchestra.run.smithi016.stdout:/usr/bin/ceph: stderr
2024-02-26T05:25:51.075+0000 7f73d5000700 1 -- 172.21.15.16:0/3808171130 learned_addr learned my addr 172.21.15.16:0/3808171130 (peer_addr_for_me v2:172.21.15.16:0/0)
2024-02-26T05:25:52.340 INFO:teuthology.orchestra.run.smithi016.stdout:/usr/bin/ceph: stderr
2024-02-26T05:25:51.076+0000 7f73d5000700 1 -- 172.21.15.16:0/3808171130 --> [v2:172.21.15.16:3300/0,v1:172.21.15.16:6789/0] -- mon_subscribe({config=0+,monmap=0+}) v3 -- 0x7f73c0009b30 con 0x7f73d01062a0
2024-02-26T05:25:52.340 INFO:teuthology.orchestra.run.smithi016.stdout:/usr/bin/ceph: stderr
2024-02-26T05:25:51.076+0000 7f73d5000700 1 --2- 172.21.15.16:0/3808171130 >> [v2:172.21.15.16:3300/0,v1:172.21.15.16:6789/0] conn(0x7f73d01062a0 0x7f73d019d390 secure :-1 s=READY pgs=42 cs=0 l=1 rev1=1 crypto rx=0x7f73c0003c50 tx=0x7f73c0003d30 comp rx=0 tx=0).ready entity=mon.0 client_cookie=0 server_cookie=0 in_seq=0 out_seq=0
2024-02-26T05:25:52.340 INFO:teuthology.orchestra.run.smithi016.stdout:/usr/bin/ceph: stderr
2024-02-26T05:25:51.076+0000 7f73ce000700 1 -- 172.21.15.16:0/3808171130 <== mon.0 v2:172.21.15.16:3300/0 1 ==== mon_map magic: 0 v1 ==== 205+0+0 (secure 0 0 0) 0x7f73c000e040 con 0x7f73d01062a0
2024-02-26T05:25:52.340 INFO:teuthology.orchestra.run.smithi016.stdout:/usr/bin/ceph: stderr
2024-02-26T05:25:51.076+0000 7f73ce000700 1 -- 172.21.15.16:0/3808171130 <== mon.0 v2:172.21.15.16:3300/0 2 ==== config(28 keys) v1 ==== 1140+0+0 (secure 0 0 0) 0x7f73c000be80 con 0x7f73d01062a0
2024-02-26T05:25:52.340 INFO:teuthology.orchestra.run.smithi016.stdout:/usr/bin/ceph: stderr
2024-02-26T05:25:51.076+0000 7f73d6400700 1 -- 172.21.15.16:0/3808171130 --> [v2:172.21.15.16:3300/0,v1:172.21.15.16:6789/0] -- mon_subscribe({mgrmap=0+}) v3 -- 0x7f73d019dad0 con 0x7f73d01062a0
2024-02-26T05:25:52.340 INFO:teuthology.orchestra.run.smithi016.stdout:/usr/bin/ceph: stderr
2024-02-26T05:25:51.076+0000 7f73ce000700 1 -- 172.21.15.16:0/3808171130 <== mon.0 v2:172.21.15.16:3300/0 3 ==== mon_map magic: 0 v1 ==== 205+0+0 (secure 0 0 0) 0x7f73c0012800 con 0x7f73d01062a0
2024-02-26T05:25:52.341 INFO:teuthology.orchestra.run.smithi016.stdout:/usr/bin/ceph: stderr
2024-02-26T05:25:51.076+0000 7f73d6400700 1 -- 172.21.15.16:0/3808171130 --> [v2:172.21.15.16:3300/0,v1:172.21.15.16:6789/0] -- mon_subscribe({osdmap=0}) v3 -- 0x7f73d019dfd0 con 0x7f73d01062a0
2024-02-26T05:25:52.341 INFO:teuthology.orchestra.run.smithi016.stdout:/usr/bin/ceph: stderr
2024-02-26T05:25:51.077+0000 7f73ce000700 1 -- 172.21.15.16:0/3808171130 <== mon.0 v2:172.21.15.16:3300/0 4 ==== mgrmap(e 8) v1 ==== 45932+0+0 (secure 0 0 0) 0x7f73c001cc40 con 0x7f73d01062a0
2024-02-26T05:25:52.341 INFO:teuthology.orchestra.run.smithi016.stdout:/usr/bin/ceph: stderr
2024-02-26T05:25:51.078+0000 7f73d6400700 1 -- 172.21.15.16:0/3808171130 --> [v2:172.21.15.16:3300/0,v1:172.21.15.16:6789/0] -- mon_command({"prefix": "get_command_descriptions"} v 0) v1 -- 0x7f73d0197740 con 0x7f73d01062a0
2024-02-26T05:25:52.341 INFO:teuthology.orchestra.run.smithi016.stdout:/usr/bin/ceph: stderr
2024-02-26T05:25:51.078+0000 7f73ce000700 1 --2- 172.21.15.16:0/3808171130 >> [v2:172.21.15.16:6800/2277653030,v1:172.21.15.16:6801/2277653030] conn(0x7f73b4038fa0 0x7f73b403b460 unknown :-1 s=NONE pgs=0 cs=0 l=1 rev1=0 crypto rx=0 tx=0 comp rx=0 tx=0).connect
2024-02-26T05:25:52.341 INFO:teuthology.orchestra.run.smithi016.stdout:/usr/bin/ceph: stderr
2024-02-26T05:25:51.078+0000 7f73ce000700 1 -- 172.21.15.16:0/3808171130 <== mon.0 v2:172.21.15.16:3300/0 5 ==== osd_map(2..2 src has 1..2) v4 ==== 940+0+0 (secure 0 0 0) 0x7f73c004d1c0 con 0x7f73d01062a0
2024-02-26T05:25:52.341 INFO:teuthology.orchestra.run.smithi016.stdout:/usr/bin/ceph: stderr
2024-02-26T05:25:51.078+0000 7f73c7e00700 1 --2- 172.21.15.16:0/3808171130 >> [v2:172.21.15.16:6800/2277653030,v1:172.21.15.16:6801/2277653030] conn(0x7f73b4038fa0 0x7f73b403b460 unknown :-1 s=BANNER_CONNECTING pgs=0 cs=0 l=1 rev1=0 crypto rx=0 tx=0 comp rx=0 tx=0)._handle_peer_banner_payload supported=3 required=0
2024-02-26T05:25:52.341 INFO:teuthology.orchestra.run.smithi016.stdout:/usr/bin/ceph: stderr
2024-02-26T05:25:51.079+0000 7f73c7e00700 1 --2- 172.21.15.16:0/3808171130 >> [v2:172.21.15.16:6800/2277653030,v1:172.21.15.16:6801/2277653030] conn(0x7f73b4038fa0 0x7f73b403b460 secure :-1 s=READY pgs=9 cs=0 l=1 rev1=1 crypto rx=0x7f73b8006fd0 tx=0x7f73b8006e40 comp rx=0 tx=0).ready entity=mgr.14120 client_cookie=0 server_cookie=0 in_seq=0 out_seq=0
2024-02-26T05:25:52.341 INFO:teuthology.orchestra.run.smithi016.stdout:/usr/bin/ceph: stderr
2024-02-26T05:25:51.083+0000 7f73ce000700 1 -- 172.21.15.16:0/3808171130 <== mon.0 v2:172.21.15.16:3300/0 6 ==== mon_command_ack([{"prefix": "get_command_descriptions"}]=0 v0) v1 ==== 72+0+183564 (secure 0 0 0) 0x7f73c001ba90 con 0x7f73d01062a0
2024-02-26T05:25:52.341 INFO:teuthology.orchestra.run.smithi016.stdout:/usr/bin/ceph: stderr
2024-02-26T05:25:51.305+0000 7f73d6400700 1 -- 172.21.15.16:0/3808171130 --> [v2:172.21.15.16:6800/2277653030,v1:172.21.15.16:6801/2277653030] -- mgr_command(tid 0: {"prefix": "cephadm generate-key", "target": ["mon-mgr", ""]}) v1 -- 0x7f73d010a6a0 con 0x7f73b4038fa0
2024-02-26T05:25:52.341 INFO:teuthology.orchestra.run.smithi016.stdout:/usr/bin/ceph: stderr
2024-02-26T05:25:51.634+0000 7f73ce000700 1 -- 172.21.15.16:0/3808171130 <== mgr.14120 v2:172.21.15.16:6800/2277653030 1 ==== mgr_command_reply(tid 0: 0 ) v1 ==== 8+0+0 (secure 0 0 0) 0x7f73d010a6a0 con 0x7f73b4038fa0
2024-02-26T05:25:52.341 INFO:teuthology.orchestra.run.smithi016.stdout:/usr/bin/ceph: stderr
2024-02-26T05:25:51.637+0000 7f73d6400700 1 -- 172.21.15.16:0/3808171130 >> [v2:172.21.15.16:6800/2277653030,v1:172.21.15.16:6801/2277653030] conn(0x7f73b4038fa0 msgr2=0x7f73b403b460 secure :-1 s=STATE_CONNECTION_ESTABLISHED l=1).mark_down
2024-02-26T05:25:52.341 INFO:teuthology.orchestra.run.smithi016.stdout:/usr/bin/ceph: stderr
2024-02-26T05:25:51.637+0000 7f73d6400700 1 --2- 172.21.15.16:0/3808171130 >> [v2:172.21.15.16:6800/2277653030,v1:172.21.15.16:6801/2277653030] conn(0x7f73b4038fa0 0x7f73b403b460 secure :-1 s=READY pgs=9 cs=0 l=1 rev1=1 crypto rx=0x7f73b8006fd0 tx=0x7f73b8006e40 comp rx=0 tx=0).stop
2024-02-26T05:25:52.341 INFO:teuthology.orchestra.run.smithi016.stdout:/usr/bin/ceph: stderr
2024-02-26T05:25:51.637+0000 7f73d6400700 1 -- 172.21.15.16:0/3808171130 >> [v2:172.21.15.16:3300/0,v1:172.21.15.16:6789/0] conn(0x7f73d01062a0 msgr2=0x7f73d019d390 secure :-1 s=STATE_CONNECTION_ESTABLISHED l=1).mark_down
2024-02-26T05:25:52.341 INFO:teuthology.orchestra.run.smithi016.stdout:/usr/bin/ceph: stderr
2024-02-26T05:25:51.637+0000 7f73d6400700 1 --2- 172.21.15.16:0/3808171130 >> [v2:172.21.15.16:3300/0,v1:172.21.15.16:6789/0] conn(0x7f73d01062a0 0x7f73d019d390 secure :-1 s=READY pgs=42 cs=0 l=1 rev1=1 crypto rx=0x7f73c0003c50 tx=0x7f73c0003d30 comp rx=0 tx=0).stop
2024-02-26T05:25:52.342 INFO:teuthology.orchestra.run.smithi016.stdout:/usr/bin/ceph: stderr
2024-02-26T05:25:51.638+0000 7f73d6400700 1 -- 172.21.15.16:0/3808171130 shutdown_connections
2024-02-26T05:25:52.342 INFO:teuthology.orchestra.run.smithi016.stdout:/usr/bin/ceph: stderr
2024-02-26T05:25:51.638+0000 7f73d6400700 1 --2- 172.21.15.16:0/3808171130 >> [v2:172.21.15.16:6800/2277653030,v1:172.21.15.16:6801/2277653030] conn(0x7f73b4038fa0 0x7f73b403b460 unknown :-1 s=CLOSED pgs=9 cs=0 l=1 rev1=1 crypto rx=0 tx=0 comp rx=0 tx=0).stop
2024-02-26T05:25:52.342 INFO:teuthology.orchestra.run.smithi016.stdout:/usr/bin/ceph: stderr
2024-02-26T05:25:51.638+0000 7f73d6400700 1 --2- 172.21.15.16:0/3808171130 >> [v2:172.21.15.16:3300/0,v1:172.21.15.16:6789/0] conn(0x7f73d01062a0 0x7f73d019d390 unknown :-1 s=CLOSED pgs=42 cs=0 l=1 rev1=1 crypto rx=0 tx=0 comp rx=0 tx=0).stop
2024-02-26T05:25:52.342 INFO:teuthology.orchestra.run.smithi016.stdout:/usr/bin/ceph: stderr
2024-02-26T05:25:51.638+0000 7f73d6400700 1 -- 172.21.15.16:0/3808171130 >> 172.21.15.16:0/3808171130 conn(0x7f73d0101820 msgr2=0x7f73d0102650 unknown :-1 s=STATE_NONE l=0).mark_down
2024-02-26T05:25:52.342 INFO:teuthology.orchestra.run.smithi016.stdout:/usr/bin/ceph: stderr
2024-02-26T05:25:51.638+0000 7f73d6400700 1 -- 172.21.15.16:0/3808171130 shutdown_connections
2024-02-26T05:25:52.342 INFO:teuthology.orchestra.run.smithi016.stdout:/usr/bin/ceph: stderr
2024-02-26T05:25:51.638+0000 7f73d6400700 1 -- 172.21.15.16:0/3808171130 wait complete.
2024-02-26T05:25:52.937 INFO:journalctl@ceph.mon.a.smithi016.stdout:Feb 26 05:25:52 smithi016 ceph-mon[31692]: from='client.14136 -' entity='client.admin' cmd=[{"prefix": "cephadm generate-key", "target": ["mon-mgr", ""]}]: dispatch
2024-02-26T05:25:52.938 INFO:journalctl@ceph.mon.a.smithi016.stdout:Feb 26 05:25:52 smithi016 ceph-mon[31692]: Generating ssh key...
2024-02-26T05:25:52.938 INFO:journalctl@ceph.mon.a.smithi016.stdout:Feb 26 05:25:52 smithi016 ceph-mon[31692]: from='mgr.14120 172.21.15.16:0/77424442' entity='mgr.x'
2024-02-26T05:25:52.938 INFO:journalctl@ceph.mon.a.smithi016.stdout:Feb 26 05:25:52 smithi016 ceph-mon[31692]: from='mgr.14120 172.21.15.16:0/77424442' entity='mgr.x'
2024-02-26T05:25:53.885 INFO:teuthology.orchestra.run.smithi016.stdout:/usr/bin/ceph: stdout ssh-rsa AAAAB3NzaC1yc2EAAAADAQABAAABgQDbe4/e4++AthFzV7P+0BQO3QWdkZn9iYS6TFLGbMoaiPV486b5qRfngfGfIGtxlpnWBWM+1zUC1mLx+m3uZImOuncdtMw8hNYEaRO8F8RVnwEGHwRuJ9/28w3JDpzGhqltNojMvaG7MZGmVWD2shxXTUM1n2bHER+DLCtjKDz6cUN5wRd/5a0GMpjNs+ntUBhCKDe6S53gxnU2b5jvJ1njSn4fEed1F74FC0GF9q88yAL5sj1tJZFxdYj5yRmrAHl1CLbdqYa636bhwnPBwi4GEf3GWLkmNw8mYWEwI4upYTbMJww+jahE4O2LklNaQ1RCi0cSxjJ1Xk4h50z6aNGUIW91yJ5KlTtEz2nvua96o8GgFmTJtWYS9GI+PirQOSuUw2efbJ0YYpkBLjOfDgMCfCs+6Yeg0fQU8Xv5WRooT720CB8lzptud5x47GvQguqoSb8KoGLkucb3ksI1i2aMwmHCxYL9L/NRHtnzcCwJiL9fYPDg+ZVep0koJygGVIM= ceph-4006277a-d467-11ee-95c3-87774f69a715
2024-02-26T05:25:53.886 INFO:teuthology.orchestra.run.smithi016.stdout:/usr/bin/ceph: stderr
2024-02-26T05:25:52.934+0000 7fa21f000700 1 Processor -- start
2024-02-26T05:25:53.886 INFO:teuthology.orchestra.run.smithi016.stdout:/usr/bin/ceph: stderr
2024-02-26T05:25:52.935+0000 7fa21f000700 1 -- start start
2024-02-26T05:25:53.886 INFO:teuthology.orchestra.run.smithi016.stdout:/usr/bin/ceph: stderr
2024-02-26T05:25:52.935+0000 7fa21f000700 1 --2- >> [v2:172.21.15.16:3300/0,v1:172.21.15.16:6789/0] conn(0x7fa21807ce10 0x7fa21807b2c0 unknown :-1 s=NONE pgs=0 cs=0 l=0 rev1=0 crypto rx=0 tx=0 comp rx=0 tx=0).connect
2024-02-26T05:25:53.887 INFO:teuthology.orchestra.run.smithi016.stdout:/usr/bin/ceph: stderr
2024-02-26T05:25:52.935+0000 7fa21f000700 1 -- --> [v2:172.21.15.16:3300/0,v1:172.21.15.16:6789/0] -- mon_getmap magic: 0 v1 -- 0x7fa21807b800 con 0x7fa21807ce10
2024-02-26T05:25:53.887 INFO:teuthology.orchestra.run.smithi016.stdout:/usr/bin/ceph: stderr
2024-02-26T05:25:52.936+0000 7fa217e00700 1 --2- >> [v2:172.21.15.16:3300/0,v1:172.21.15.16:6789/0] conn(0x7fa21807ce10 0x7fa21807b2c0 unknown :-1 s=BANNER_CONNECTING pgs=0 cs=0 l=0 rev1=0 crypto rx=0 tx=0 comp rx=0 tx=0)._handle_peer_banner_payload supported=3 required=0
2024-02-26T05:25:53.887 INFO:teuthology.orchestra.run.smithi016.stdout:/usr/bin/ceph: stderr
2024-02-26T05:25:52.936+0000 7fa217e00700 1 --2- >> [v2:172.21.15.16:3300/0,v1:172.21.15.16:6789/0] conn(0x7fa21807ce10 0x7fa21807b2c0 unknown :-1 s=HELLO_CONNECTING pgs=0 cs=0 l=0 rev1=1 crypto rx=0 tx=0 comp rx=0 tx=0).handle_hello peer v2:172.21.15.16:3300/0 says I am v2:172.21.15.16:59456/0 (socket says 172.21.15.16:59456)
2024-02-26T05:25:53.887 INFO:teuthology.orchestra.run.smithi016.stdout:/usr/bin/ceph: stderr
2024-02-26T05:25:52.936+0000 7fa217e00700 1 -- 172.21.15.16:0/843959289 learned_addr learned my addr 172.21.15.16:0/843959289 (peer_addr_for_me v2:172.21.15.16:0/0)
2024-02-26T05:25:53.887 INFO:teuthology.orchestra.run.smithi016.stdout:/usr/bin/ceph: stderr
2024-02-26T05:25:52.936+0000 7fa217e00700 1 -- 172.21.15.16:0/843959289 --> [v2:172.21.15.16:3300/0,v1:172.21.15.16:6789/0] -- mon_subscribe({config=0+,monmap=0+}) v3 -- 0x7fa21807b940 con 0x7fa21807ce10
2024-02-26T05:25:53.888 INFO:teuthology.orchestra.run.smithi016.stdout:/usr/bin/ceph: stderr
2024-02-26T05:25:52.936+0000 7fa217e00700 1 --2- 172.21.15.16:0/843959289 >> [v2:172.21.15.16:3300/0,v1:172.21.15.16:6789/0] conn(0x7fa21807ce10 0x7fa21807b2c0 secure :-1 s=READY pgs=43 cs=0 l=1 rev1=1 crypto rx=0x7fa2080098a0 tx=0x7fa208009bb0 comp rx=0 tx=0).ready entity=mon.0 client_cookie=25c718394cf2d586 server_cookie=0 in_seq=0 out_seq=0
2024-02-26T05:25:53.888 INFO:teuthology.orchestra.run.smithi016.stdout:/usr/bin/ceph: stderr
