2024-02-26T06:11:45.045+0000 7fa5be800700 1 --2- >> [v2:172.21.15.49:3300/0,v1:172.21.15.49:6789/0] conn(0x7fa5c01081a0 0x7fa5c010a590 unknown :-1 s=HELLO_CONNECTING pgs=0 cs=0 l=0 rev1=1 crypto rx=0 tx=0 comp rx=0 tx=0).handle_hello peer v2:172.21.15.49:3300/0 says I am v2:172.21.15.49:32800/0 (socket says 172.21.15.49:32800)
2024-02-26T06:11:53.143 INFO:teuthology.orchestra.run.smithi049.stdout:/usr/bin/ceph: stderr
2024-02-26T06:11:45.045+0000 7fa5be800700 1 -- 172.21.15.49:0/2985384971 learned_addr learned my addr 172.21.15.49:0/2985384971 (peer_addr_for_me v2:172.21.15.49:0/0)
2024-02-26T06:11:53.144 INFO:teuthology.orchestra.run.smithi049.stdout:/usr/bin/ceph: stderr
2024-02-26T06:11:45.046+0000 7fa5be800700 1 -- 172.21.15.49:0/2985384971 --> [v2:172.21.15.49:3300/0,v1:172.21.15.49:6789/0] -- mon_subscribe({config=0+,monmap=0+}) v3 -- 0x7fa5c007af30 con 0x7fa5c01081a0
2024-02-26T06:11:53.144 INFO:teuthology.orchestra.run.smithi049.stdout:/usr/bin/ceph: stderr
2024-02-26T06:11:45.046+0000 7fa5be800700 1 --2- 172.21.15.49:0/2985384971 >> [v2:172.21.15.49:3300/0,v1:172.21.15.49:6789/0] conn(0x7fa5c01081a0 0x7fa5c010a590 secure :-1 s=READY pgs=28 cs=0 l=1 rev1=1 crypto rx=0x7fa5b00098a0 tx=0x7fa5b0009bb0 comp rx=0 tx=0).ready entity=mon.0 client_cookie=520111a6405866c server_cookie=0 in_seq=0 out_seq=0
2024-02-26T06:11:53.144 INFO:teuthology.orchestra.run.smithi049.stdout:/usr/bin/ceph: stderr
2024-02-26T06:11:45.046+0000 7fa5bd400700 1 -- 172.21.15.49:0/2985384971 <== mon.0 v2:172.21.15.49:3300/0 1 ==== mon_map magic: 0 v1 ==== 205+0+0 (secure 0 0 0) 0x7fa5b0004160 con 0x7fa5c01081a0
2024-02-26T06:11:53.144 INFO:teuthology.orchestra.run.smithi049.stdout:/usr/bin/ceph: stderr
2024-02-26T06:11:45.046+0000 7fa5bd400700 1 -- 172.21.15.49:0/2985384971 <== mon.0 v2:172.21.15.49:3300/0 2 ==== config(27 keys) v1 ==== 1109+0+0 (secure 0 0 0) 0x7fa5b00042c0 con 0x7fa5c01081a0
2024-02-26T06:11:53.144 INFO:teuthology.orchestra.run.smithi049.stdout:/usr/bin/ceph: stderr
2024-02-26T06:11:45.046+0000 7fa5bd400700 1 -- 172.21.15.49:0/2985384971 <== mon.0 v2:172.21.15.49:3300/0 3 ==== mon_map magic: 0 v1 ==== 205+0+0 (secure 0 0 0) 0x7fa5b0011ac0 con 0x7fa5c01081a0
2024-02-26T06:11:53.144 INFO:teuthology.orchestra.run.smithi049.stdout:/usr/bin/ceph: stderr
2024-02-26T06:11:45.047+0000 7fa5c5400700 1 -- 172.21.15.49:0/2985384971 >> [v2:172.21.15.49:3300/0,v1:172.21.15.49:6789/0] conn(0x7fa5c01081a0 msgr2=0x7fa5c010a590 secure :-1 s=STATE_CONNECTION_ESTABLISHED l=1).mark_down
2024-02-26T06:11:53.144 INFO:teuthology.orchestra.run.smithi049.stdout:/usr/bin/ceph: stderr
2024-02-26T06:11:45.047+0000 7fa5c5400700 1 --2- 172.21.15.49:0/2985384971 >> [v2:172.21.15.49:3300/0,v1:172.21.15.49:6789/0] conn(0x7fa5c01081a0 0x7fa5c010a590 secure :-1 s=READY pgs=28 cs=0 l=1 rev1=1 crypto rx=0x7fa5b00098a0 tx=0x7fa5b0009bb0 comp rx=0 tx=0).stop
2024-02-26T06:11:53.144 INFO:teuthology.orchestra.run.smithi049.stdout:/usr/bin/ceph: stderr
2024-02-26T06:11:45.047+0000 7fa5c5400700 1 -- 172.21.15.49:0/2985384971 shutdown_connections
2024-02-26T06:11:53.144 INFO:teuthology.orchestra.run.smithi049.stdout:/usr/bin/ceph: stderr
2024-02-26T06:11:45.047+0000 7fa5c5400700 1 --2- 172.21.15.49:0/2985384971 >> [v2:172.21.15.49:3300/0,v1:172.21.15.49:6789/0] conn(0x7fa5c01081a0 0x7fa5c010a590 unknown :-1 s=CLOSED pgs=28 cs=0 l=1 rev1=1 crypto rx=0 tx=0 comp rx=0 tx=0).stop
2024-02-26T06:11:53.144 INFO:teuthology.orchestra.run.smithi049.stdout:/usr/bin/ceph: stderr
2024-02-26T06:11:45.047+0000 7fa5c5400700 1 -- 172.21.15.49:0/2985384971 >> 172.21.15.49:0/2985384971 conn(0x7fa5c0101b10 msgr2=0x7fa5c0103f30 unknown :-1 s=STATE_NONE l=0).mark_down
2024-02-26T06:11:53.144 INFO:teuthology.orchestra.run.smithi049.stdout:/usr/bin/ceph: stderr
2024-02-26T06:11:45.048+0000 7fa5c5400700 1 -- 172.21.15.49:0/2985384971 shutdown_connections
2024-02-26T06:11:53.144 INFO:teuthology.orchestra.run.smithi049.stdout:/usr/bin/ceph: stderr
2024-02-26T06:11:45.048+0000 7fa5c5400700 1 -- 172.21.15.49:0/2985384971 wait complete.
2024-02-26T06:11:53.144 INFO:teuthology.orchestra.run.smithi049.stdout:/usr/bin/ceph: stderr
2024-02-26T06:11:45.049+0000 7fa5c5400700 1 Processor -- start
2024-02-26T06:11:53.145 INFO:teuthology.orchestra.run.smithi049.stdout:/usr/bin/ceph: stderr
2024-02-26T06:11:45.049+0000 7fa5c5400700 1 -- start start
2024-02-26T06:11:53.145 INFO:teuthology.orchestra.run.smithi049.stdout:/usr/bin/ceph: stderr
2024-02-26T06:11:45.049+0000 7fa5c5400700 1 --2- >> [v2:172.21.15.49:3300/0,v1:172.21.15.49:6789/0] conn(0x7fa5c01081a0 0x7fa5c019b3e0 unknown :-1 s=NONE pgs=0 cs=0 l=1 rev1=0 crypto rx=0 tx=0 comp rx=0 tx=0).connect
2024-02-26T06:11:53.145 INFO:teuthology.orchestra.run.smithi049.stdout:/usr/bin/ceph: stderr
2024-02-26T06:11:45.049+0000 7fa5c5400700 1 -- --> [v2:172.21.15.49:3300/0,v1:172.21.15.49:6789/0] -- mon_getmap magic: 0 v1 -- 0x7fa5c019b920 con 0x7fa5c01081a0
2024-02-26T06:11:53.145 INFO:teuthology.orchestra.run.smithi049.stdout:/usr/bin/ceph: stderr
2024-02-26T06:11:45.049+0000 7fa5be800700 1 --2- >> [v2:172.21.15.49:3300/0,v1:172.21.15.49:6789/0] conn(0x7fa5c01081a0 0x7fa5c019b3e0 unknown :-1 s=BANNER_CONNECTING pgs=0 cs=0 l=1 rev1=0 crypto rx=0 tx=0 comp rx=0 tx=0)._handle_peer_banner_payload supported=3 required=0
2024-02-26T06:11:53.145 INFO:teuthology.orchestra.run.smithi049.stdout:/usr/bin/ceph: stderr
2024-02-26T06:11:45.049+0000 7fa5be800700 1 --2- >> [v2:172.21.15.49:3300/0,v1:172.21.15.49:6789/0] conn(0x7fa5c01081a0 0x7fa5c019b3e0 unknown :-1 s=HELLO_CONNECTING pgs=0 cs=0 l=1 rev1=1 crypto rx=0 tx=0 comp rx=0 tx=0).handle_hello peer v2:172.21.15.49:3300/0 says I am v2:172.21.15.49:32816/0 (socket says 172.21.15.49:32816)
2024-02-26T06:11:53.145 INFO:teuthology.orchestra.run.smithi049.stdout:/usr/bin/ceph: stderr
2024-02-26T06:11:45.049+0000 7fa5be800700 1 -- 172.21.15.49:0/3482894124 learned_addr learned my addr 172.21.15.49:0/3482894124 (peer_addr_for_me v2:172.21.15.49:0/0)
2024-02-26T06:11:53.145 INFO:teuthology.orchestra.run.smithi049.stdout:/usr/bin/ceph: stderr
2024-02-26T06:11:45.050+0000 7fa5be800700 1 -- 172.21.15.49:0/3482894124 --> [v2:172.21.15.49:3300/0,v1:172.21.15.49:6789/0] -- mon_subscribe({config=0+,monmap=0+}) v3 -- 0x7fa5b0009550 con 0x7fa5c01081a0
2024-02-26T06:11:53.145 INFO:teuthology.orchestra.run.smithi049.stdout:/usr/bin/ceph: stderr
2024-02-26T06:11:45.050+0000 7fa5be800700 1 --2- 172.21.15.49:0/3482894124 >> [v2:172.21.15.49:3300/0,v1:172.21.15.49:6789/0] conn(0x7fa5c01081a0 0x7fa5c019b3e0 secure :-1 s=READY pgs=29 cs=0 l=1 rev1=1 crypto rx=0x7fa5b0009130 tx=0x7fa5b0011b40 comp rx=0 tx=0).ready entity=mon.0 client_cookie=0 server_cookie=0 in_seq=0 out_seq=0
2024-02-26T06:11:53.145 INFO:teuthology.orchestra.run.smithi049.stdout:/usr/bin/ceph: stderr
2024-02-26T06:11:45.050+0000 7fa5b7400700 1 -- 172.21.15.49:0/3482894124 <== mon.0 v2:172.21.15.49:3300/0 1 ==== mon_map magic: 0 v1 ==== 205+0+0 (secure 0 0 0) 0x7fa5b0003aa0 con 0x7fa5c01081a0
2024-02-26T06:11:53.145 INFO:teuthology.orchestra.run.smithi049.stdout:/usr/bin/ceph: stderr
2024-02-26T06:11:45.050+0000 7fa5b7400700 1 -- 172.21.15.49:0/3482894124 <== mon.0 v2:172.21.15.49:3300/0 2 ==== config(27 keys) v1 ==== 1109+0+0 (secure 0 0 0) 0x7fa5b0003c00 con 0x7fa5c01081a0
2024-02-26T06:11:53.145 INFO:teuthology.orchestra.run.smithi049.stdout:/usr/bin/ceph: stderr
2024-02-26T06:11:45.050+0000 7fa5c5400700 1 -- 172.21.15.49:0/3482894124 --> [v2:172.21.15.49:3300/0,v1:172.21.15.49:6789/0] -- mon_subscribe({mgrmap=0+}) v3 -- 0x7fa5c019bb20 con 0x7fa5c01081a0
2024-02-26T06:11:53.145 INFO:teuthology.orchestra.run.smithi049.stdout:/usr/bin/ceph: stderr
2024-02-26T06:11:45.051+0000 7fa5b7400700 1 -- 172.21.15.49:0/3482894124 <== mon.0 v2:172.21.15.49:3300/0 3 ==== mon_map magic: 0 v1 ==== 205+0+0 (secure 0 0 0) 0x7fa5b0024800 con 0x7fa5c01081a0
2024-02-26T06:11:53.145 INFO:teuthology.orchestra.run.smithi049.stdout:/usr/bin/ceph: stderr
2024-02-26T06:11:45.051+0000 7fa5c5400700 1 -- 172.21.15.49:0/3482894124 --> [v2:172.21.15.49:3300/0,v1:172.21.15.49:6789/0] -- mon_subscribe({osdmap=0}) v3 -- 0x7fa5c019bfc0 con 0x7fa5c01081a0
2024-02-26T06:11:53.145 INFO:teuthology.orchestra.run.smithi049.stdout:/usr/bin/ceph: stderr
2024-02-26T06:11:45.052+0000 7fa5b7400700 1 -- 172.21.15.49:0/3482894124 <== mon.0 v2:172.21.15.49:3300/0 4 ==== mgrmap(e 5) v1 ==== 45932+0+0 (secure 0 0 0) 0x7fa5b001a430 con 0x7fa5c01081a0
2024-02-26T06:11:53.145 INFO:teuthology.orchestra.run.smithi049.stdout:/usr/bin/ceph: stderr
2024-02-26T06:11:45.052+0000 7fa5b7400700 1 --2- 172.21.15.49:0/3482894124 >> [v2:172.21.15.49:6800/765116076,v1:172.21.15.49:6801/765116076] conn(0x7fa5a4038ee0 0x7fa5a403b3a0 unknown :-1 s=NONE pgs=0 cs=0 l=1 rev1=0 crypto rx=0 tx=0 comp rx=0 tx=0).connect
2024-02-26T06:11:53.146 INFO:teuthology.orchestra.run.smithi049.stdout:/usr/bin/ceph: stderr
2024-02-26T06:11:45.052+0000 7fa5b7400700 1 -- 172.21.15.49:0/3482894124 --> [v2:172.21.15.49:6800/765116076,v1:172.21.15.49:6801/765116076] -- command(tid 0: {"prefix": "get_command_descriptions"}) v1 -- 0x7fa5a403bab0 con 0x7fa5a4038ee0
2024-02-26T06:11:53.146 INFO:teuthology.orchestra.run.smithi049.stdout:/usr/bin/ceph: stderr
2024-02-26T06:11:45.052+0000 7fa5b7400700 1 -- 172.21.15.49:0/3482894124 <== mon.0 v2:172.21.15.49:3300/0 5 ==== osd_map(1..1 src has 1..1) v4 ==== 725+0+0 (secure 0 0 0) 0x7fa5b004cdb0 con 0x7fa5c01081a0
2024-02-26T06:11:53.146 INFO:teuthology.orchestra.run.smithi049.stdout:/usr/bin/ceph: stderr
2024-02-26T06:11:45.052+0000 7fa5bde00700 1 -- 172.21.15.49:0/3482894124 >> [v2:172.21.15.49:6800/765116076,v1:172.21.15.49:6801/765116076] conn(0x7fa5a4038ee0 msgr2=0x7fa5a403b3a0 unknown :-1 s=STATE_CONNECTING_RE l=1).process reconnect failed to v2:172.21.15.49:6800/765116076
2024-02-26T06:11:53.146 INFO:teuthology.orchestra.run.smithi049.stdout:/usr/bin/ceph: stderr
2024-02-26T06:11:45.052+0000 7fa5bde00700 1 --2- 172.21.15.49:0/3482894124 >> [v2:172.21.15.49:6800/765116076,v1:172.21.15.49:6801/765116076] conn(0x7fa5a4038ee0 0x7fa5a403b3a0 unknown :-1 s=START_CONNECT pgs=0 cs=0 l=1 rev1=0 crypto rx=0 tx=0 comp rx=0 tx=0)._fault waiting 0.200000
2024-02-26T06:11:53.146 INFO:teuthology.orchestra.run.smithi049.stdout:/usr/bin/ceph: stderr
2024-02-26T06:11:45.253+0000 7fa5bde00700 1 -- 172.21.15.49:0/3482894124 >> [v2:172.21.15.49:6800/765116076,v1:172.21.15.49:6801/765116076] conn(0x7fa5a4038ee0 msgr2=0x7fa5a403b3a0 unknown :-1 s=STATE_CONNECTING_RE l=1).process reconnect failed to v2:172.21.15.49:6800/765116076
2024-02-26T06:11:53.146 INFO:teuthology.orchestra.run.smithi049.stdout:/usr/bin/ceph: stderr
2024-02-26T06:11:45.253+0000 7fa5bde00700 1 --2- 172.21.15.49:0/3482894124 >> [v2:172.21.15.49:6800/765116076,v1:172.21.15.49:6801/765116076] conn(0x7fa5a4038ee0 0x7fa5a403b3a0 unknown :-1 s=START_CONNECT pgs=0 cs=0 l=1 rev1=0 crypto rx=0 tx=0 comp rx=0 tx=0)._fault waiting 0.400000
2024-02-26T06:11:53.146 INFO:teuthology.orchestra.run.smithi049.stdout:/usr/bin/ceph: stderr
2024-02-26T06:11:45.654+0000 7fa5bde00700 1 -- 172.21.15.49:0/3482894124 >> [v2:172.21.15.49:6800/765116076,v1:172.21.15.49:6801/765116076] conn(0x7fa5a4038ee0 msgr2=0x7fa5a403b3a0 unknown :-1 s=STATE_CONNECTING_RE l=1).process reconnect failed to v2:172.21.15.49:6800/765116076
2024-02-26T06:11:53.146 INFO:teuthology.orchestra.run.smithi049.stdout:/usr/bin/ceph: stderr
2024-02-26T06:11:45.654+0000 7fa5bde00700 1 --2- 172.21.15.49:0/3482894124 >> [v2:172.21.15.49:6800/765116076,v1:172.21.15.49:6801/765116076] conn(0x7fa5a4038ee0 0x7fa5a403b3a0 unknown :-1 s=START_CONNECT pgs=0 cs=0 l=1 rev1=0 crypto rx=0 tx=0 comp rx=0 tx=0)._fault waiting 0.800000
2024-02-26T06:11:53.146 INFO:teuthology.orchestra.run.smithi049.stdout:/usr/bin/ceph: stderr
2024-02-26T06:11:46.455+0000 7fa5bde00700 1 -- 172.21.15.49:0/3482894124 >> [v2:172.21.15.49:6800/765116076,v1:172.21.15.49:6801/765116076] conn(0x7fa5a4038ee0 msgr2=0x7fa5a403b3a0 unknown :-1 s=STATE_CONNECTING_RE l=1).process reconnect failed to v2:172.21.15.49:6800/765116076
2024-02-26T06:11:53.146 INFO:teuthology.orchestra.run.smithi049.stdout:/usr/bin/ceph: stderr
2024-02-26T06:11:46.455+0000 7fa5bde00700 1 --2- 172.21.15.49:0/3482894124 >> [v2:172.21.15.49:6800/765116076,v1:172.21.15.49:6801/765116076] conn(0x7fa5a4038ee0 0x7fa5a403b3a0 unknown :-1 s=START_CONNECT pgs=0 cs=0 l=1 rev1=0 crypto rx=0 tx=0 comp rx=0 tx=0)._fault waiting 1.600000
2024-02-26T06:11:53.146 INFO:teuthology.orchestra.run.smithi049.stdout:/usr/bin/ceph: stderr
2024-02-26T06:11:48.057+0000 7fa5bde00700 1 -- 172.21.15.49:0/3482894124 >> [v2:172.21.15.49:6800/765116076,v1:172.21.15.49:6801/765116076] conn(0x7fa5a4038ee0 msgr2=0x7fa5a403b3a0 unknown :-1 s=STATE_CONNECTING_RE l=1).process reconnect failed to v2:172.21.15.49:6800/765116076
2024-02-26T06:11:53.146 INFO:teuthology.orchestra.run.smithi049.stdout:/usr/bin/ceph: stderr
2024-02-26T06:11:48.057+0000 7fa5bde00700 1 --2- 172.21.15.49:0/3482894124 >> [v2:172.21.15.49:6800/765116076,v1:172.21.15.49:6801/765116076] conn(0x7fa5a4038ee0 0x7fa5a403b3a0 unknown :-1 s=START_CONNECT pgs=0 cs=0 l=1 rev1=0 crypto rx=0 tx=0 comp rx=0 tx=0)._fault waiting 3.200000
2024-02-26T06:11:53.146 INFO:teuthology.orchestra.run.smithi049.stdout:/usr/bin/ceph: stderr
2024-02-26T06:11:51.260+0000 7fa5bde00700 1 -- 172.21.15.49:0/3482894124 >> [v2:172.21.15.49:6800/765116076,v1:172.21.15.49:6801/765116076] conn(0x7fa5a4038ee0 msgr2=0x7fa5a403b3a0 unknown :-1 s=STATE_CONNECTING_RE l=1).process reconnect failed to v2:172.21.15.49:6800/765116076
2024-02-26T06:11:53.147 INFO:teuthology.orchestra.run.smithi049.stdout:/usr/bin/ceph: stderr
2024-02-26T06:11:51.260+0000 7fa5bde00700 1 --2- 172.21.15.49:0/3482894124 >> [v2:172.21.15.49:6800/765116076,v1:172.21.15.49:6801/765116076] conn(0x7fa5a4038ee0 0x7fa5a403b3a0 unknown :-1 s=START_CONNECT pgs=0 cs=0 l=1 rev1=0 crypto rx=0 tx=0 comp rx=0 tx=0)._fault waiting 6.400000
2024-02-26T06:11:53.147 INFO:teuthology.orchestra.run.smithi049.stdout:/usr/bin/ceph: stderr
2024-02-26T06:11:51.415+0000 7fa5b7400700 1 -- 172.21.15.49:0/3482894124 <== mon.0 v2:172.21.15.49:3300/0 6 ==== mgrmap(e 6) v1 ==== 45699+0+0 (secure 0 0 0) 0x7fa5b0024ac0 con 0x7fa5c01081a0
2024-02-26T06:11:53.147 INFO:teuthology.orchestra.run.smithi049.stdout:/usr/bin/ceph: stderr
2024-02-26T06:11:51.415+0000 7fa5b7400700 1 -- 172.21.15.49:0/3482894124 >> [v2:172.21.15.49:6800/765116076,v1:172.21.15.49:6801/765116076] conn(0x7fa5a4038ee0 msgr2=0x7fa5a403b3a0 unknown :-1 s=STATE_CONNECTING l=1).mark_down
2024-02-26T06:11:53.147 INFO:teuthology.orchestra.run.smithi049.stdout:/usr/bin/ceph: stderr
2024-02-26T06:11:51.415+0000 7fa5b7400700 1 --2- 172.21.15.49:0/3482894124 >> [v2:172.21.15.49:6800/765116076,v1:172.21.15.49:6801/765116076] conn(0x7fa5a4038ee0 0x7fa5a403b3a0 unknown :-1 s=START_CONNECT pgs=0 cs=0 l=1 rev1=0 crypto rx=0 tx=0 comp rx=0 tx=0).stop
2024-02-26T06:11:53.147 INFO:teuthology.orchestra.run.smithi049.stdout:/usr/bin/ceph: stderr
2024-02-26T06:11:52.419+0000 7fa5b7400700 1 -- 172.21.15.49:0/3482894124 <== mon.0 v2:172.21.15.49:3300/0 7 ==== mgrmap(e 7) v1 ==== 45826+0+0 (secure 0 0 0) 0x7fa5b004e990 con 0x7fa5c01081a0
2024-02-26T06:11:53.147 INFO:teuthology.orchestra.run.smithi049.stdout:/usr/bin/ceph: stderr
2024-02-26T06:11:52.419+0000 7fa5b7400700 1 --2- 172.21.15.49:0/3482894124 >> [v2:172.21.15.49:6800/4089389406,v1:172.21.15.49:6801/4089389406] conn(0x7fa5a403c7d0 0x7fa5a403ebc0 unknown :-1 s=NONE pgs=0 cs=0 l=1 rev1=0 crypto rx=0 tx=0 comp rx=0 tx=0).connect
2024-02-26T06:11:53.147 INFO:teuthology.orchestra.run.smithi049.stdout:/usr/bin/ceph: stderr
2024-02-26T06:11:52.420+0000 7fa5b7400700 1 -- 172.21.15.49:0/3482894124 --> [v2:172.21.15.49:6800/4089389406,v1:172.21.15.49:6801/4089389406] -- command(tid 0: {"prefix": "get_command_descriptions"}) v1 -- 0x7fa5a403bab0 con 0x7fa5a403c7d0
2024-02-26T06:11:53.147 INFO:teuthology.orchestra.run.smithi049.stdout:/usr/bin/ceph: stderr
2024-02-26T06:11:52.421+0000 7fa5bde00700 1 --2- 172.21.15.49:0/3482894124 >> [v2:172.21.15.49:6800/4089389406,v1:172.21.15.49:6801/4089389406] conn(0x7fa5a403c7d0 0x7fa5a403ebc0 unknown :-1 s=BANNER_CONNECTING pgs=0 cs=0 l=1 rev1=0 crypto rx=0 tx=0 comp rx=0 tx=0)._handle_peer_banner_payload supported=3 required=0
2024-02-26T06:11:53.147 INFO:teuthology.orchestra.run.smithi049.stdout:/usr/bin/ceph: stderr
2024-02-26T06:11:52.425+0000 7fa5bde00700 1 --2- 172.21.15.49:0/3482894124 >> [v2:172.21.15.49:6800/4089389406,v1:172.21.15.49:6801/4089389406] conn(0x7fa5a403c7d0 0x7fa5a403ebc0 secure :-1 s=READY pgs=4 cs=0 l=1 rev1=1 crypto rx=0x7fa5ac003a10 tx=0x7fa5ac009290 comp rx=0 tx=0).ready entity=mgr.14120 client_cookie=0 server_cookie=0 in_seq=0 out_seq=0
2024-02-26T06:11:53.147 INFO:teuthology.orchestra.run.smithi049.stdout:/usr/bin/ceph: stderr
2024-02-26T06:11:52.427+0000 7fa5b7400700 1 -- 172.21.15.49:0/3482894124 <== mgr.14120 v2:172.21.15.49:6800/4089389406 1 ==== command_reply(tid 0: 0 ) v1 ==== 8+0+7774 (secure 0 0 0) 0x7fa5a403bab0 con 0x7fa5a403c7d0
2024-02-26T06:11:53.147 INFO:teuthology.orchestra.run.smithi049.stdout:/usr/bin/ceph: stderr
2024-02-26T06:11:52.440+0000 7fa5c5400700 1 -- 172.21.15.49:0/3482894124 --> [v2:172.21.15.49:6800/4089389406,v1:172.21.15.49:6801/4089389406] -- command(tid 1: {"prefix": "mgr_status"}) v1 -- 0x7fa5c010b860 con 0x7fa5a403c7d0
2024-02-26T06:11:53.147 INFO:teuthology.orchestra.run.smithi049.stdout:/usr/bin/ceph: stderr
2024-02-26T06:11:52.440+0000 7fa5b7400700 1 -- 172.21.15.49:0/3482894124 <== mgr.14120 v2:172.21.15.49:6800/4089389406 2 ==== command_reply(tid 1: 0 ) v1 ==== 8+0+51 (secure 0 0 0) 0x7fa5c010b860 con 0x7fa5a403c7d0
2024-02-26T06:11:53.147 INFO:teuthology.orchestra.run.smithi049.stdout:/usr/bin/ceph: stderr
2024-02-26T06:11:52.441+0000 7fa5c5400700 1 -- 172.21.15.49:0/3482894124 >> [v2:172.21.15.49:6800/4089389406,v1:172.21.15.49:6801/4089389406] conn(0x7fa5a403c7d0 msgr2=0x7fa5a403ebc0 secure :-1 s=STATE_CONNECTION_ESTABLISHED l=1).mark_down
2024-02-26T06:11:53.148 INFO:teuthology.orchestra.run.smithi049.stdout:/usr/bin/ceph: stderr
2024-02-26T06:11:52.441+0000 7fa5c5400700 1 --2- 172.21.15.49:0/3482894124 >> [v2:172.21.15.49:6800/4089389406,v1:172.21.15.49:6801/4089389406] conn(0x7fa5a403c7d0 0x7fa5a403ebc0 secure :-1 s=READY pgs=4 cs=0 l=1 rev1=1 crypto rx=0x7fa5ac003a10 tx=0x7fa5ac009290 comp rx=0 tx=0).stop
2024-02-26T06:11:53.148 INFO:teuthology.orchestra.run.smithi049.stdout:/usr/bin/ceph: stderr
2024-02-26T06:11:52.441+0000 7fa5c5400700 1 -- 172.21.15.49:0/3482894124 >> [v2:172.21.15.49:3300/0,v1:172.21.15.49:6789/0] conn(0x7fa5c01081a0 msgr2=0x7fa5c019b3e0 secure :-1 s=STATE_CONNECTION_ESTABLISHED l=1).mark_down
2024-02-26T06:11:53.148 INFO:teuthology.orchestra.run.smithi049.stdout:/usr/bin/ceph: stderr
2024-02-26T06:11:52.441+0000 7fa5c5400700 1 --2- 172.21.15.49:0/3482894124 >> [v2:172.21.15.49:3300/0,v1:172.21.15.49:6789/0] conn(0x7fa5c01081a0 0x7fa5c019b3e0 secure :-1 s=READY pgs=29 cs=0 l=1 rev1=1 crypto rx=0x7fa5b0009130 tx=0x7fa5b0011b40 comp rx=0 tx=0).stop
2024-02-26T06:11:53.148 INFO:teuthology.orchestra.run.smithi049.stdout:/usr/bin/ceph: stderr
2024-02-26T06:11:52.442+0000 7fa5c5400700 1 -- 172.21.15.49:0/3482894124 shutdown_connections
2024-02-26T06:11:53.148 INFO:teuthology.orchestra.run.smithi049.stdout:/usr/bin/ceph: stderr
2024-02-26T06:11:52.442+0000 7fa5c5400700 1 --2- 172.21.15.49:0/3482894124 >> [v2:172.21.15.49:6800/4089389406,v1:172.21.15.49:6801/4089389406] conn(0x7fa5a403c7d0 0x7fa5a403ebc0 unknown :-1 s=CLOSED pgs=4 cs=0 l=1 rev1=1 crypto rx=0 tx=0 comp rx=0 tx=0).stop
2024-02-26T06:11:53.148 INFO:teuthology.orchestra.run.smithi049.stdout:/usr/bin/ceph: stderr
2024-02-26T06:11:52.442+0000 7fa5c5400700 1 --2- 172.21.15.49:0/3482894124 >> [v2:172.21.15.49:3300/0,v1:172.21.15.49:6789/0] conn(0x7fa5c01081a0 0x7fa5c019b3e0 unknown :-1 s=CLOSED pgs=29 cs=0 l=1 rev1=1 crypto rx=0 tx=0 comp rx=0 tx=0).stop
2024-02-26T06:11:53.148 INFO:teuthology.orchestra.run.smithi049.stdout:/usr/bin/ceph: stderr
2024-02-26T06:11:52.442+0000 7fa5c5400700 1 --2- 172.21.15.49:0/3482894124 >> [v2:172.21.15.49:6800/765116076,v1:172.21.15.49:6801/765116076] conn(0x7fa5a4038ee0 0x7fa5a403b3a0 unknown :-1 s=CLOSED pgs=0 cs=0 l=1 rev1=0 crypto rx=0 tx=0 comp rx=0 tx=0).stop
2024-02-26T06:11:53.148 INFO:teuthology.orchestra.run.smithi049.stdout:/usr/bin/ceph: stderr
2024-02-26T06:11:52.442+0000 7fa5c5400700 1 -- 172.21.15.49:0/3482894124 >> 172.21.15.49:0/3482894124 conn(0x7fa5c0101b10 msgr2=0x7fa5c0102600 unknown :-1 s=STATE_NONE l=0).mark_down
2024-02-26T06:11:53.148 INFO:teuthology.orchestra.run.smithi049.stdout:/usr/bin/ceph: stderr
2024-02-26T06:11:52.442+0000 7fa5c5400700 1 -- 172.21.15.49:0/3482894124 shutdown_connections
2024-02-26T06:11:53.148 INFO:teuthology.orchestra.run.smithi049.stdout:/usr/bin/ceph: stderr
2024-02-26T06:11:52.442+0000 7fa5c5400700 1 -- 172.21.15.49:0/3482894124 wait complete.
2024-02-26T06:11:53.149 INFO:teuthology.orchestra.run.smithi049.stdout:mgr epoch 5 is available
2024-02-26T06:11:53.149 INFO:teuthology.orchestra.run.smithi049.stdout:Setting orchestrator backend to cephadm...
2024-02-26T06:11:53.743 INFO:journalctl@ceph.mon.a.smithi049.stdout:Feb 26 06:11:53 smithi049 ceph-mon[31696]: from='client.14124 -' entity='client.admin' cmd=[{"prefix": "get_command_descriptions"}]: dispatch
2024-02-26T06:11:54.828 INFO:journalctl@ceph.mon.a.smithi049.stdout:Feb 26 06:11:53 smithi049 ceph-mon[31696]: from='client.14124 -' entity='client.admin' cmd=[{"prefix": "mgr_status"}]: dispatch
2024-02-26T06:11:54.828 INFO:journalctl@ceph.mon.a.smithi049.stdout:Feb 26 06:11:53 smithi049 ceph-mon[31696]: from='mgr.14120 172.21.15.49:0/1379444384' entity='mgr.x'
2024-02-26T06:11:54.828 INFO:journalctl@ceph.mon.a.smithi049.stdout:Feb 26 06:11:53 smithi049 ceph-mon[31696]: from='mgr.14120 172.21.15.49:0/1379444384' entity='mgr.x'
2024-02-26T06:11:54.830 INFO:journalctl@ceph.mon.a.smithi049.stdout:Feb 26 06:11:54 smithi049 ceph-mon[31696]: [26/Feb/2024:06:11:53] ENGINE Bus STARTING
2024-02-26T06:11:54.830 INFO:journalctl@ceph.mon.a.smithi049.stdout:Feb 26 06:11:54 smithi049 ceph-mon[31696]: [26/Feb/2024:06:11:53] ENGINE Serving on https://172.21.15.49:7150
2024-02-26T06:11:54.830 INFO:journalctl@ceph.mon.a.smithi049.stdout:Feb 26 06:11:54 smithi049 ceph-mon[31696]: mgrmap e8: x(active, since 2s)
2024-02-26T06:11:54.830 INFO:journalctl@ceph.mon.a.smithi049.stdout:Feb 26 06:11:54 smithi049 ceph-mon[31696]: [26/Feb/2024:06:11:53] ENGINE Serving on http://172.21.15.49:8765
2024-02-26T06:11:54.830 INFO:journalctl@ceph.mon.a.smithi049.stdout:Feb 26 06:11:54 smithi049 ceph-mon[31696]: [26/Feb/2024:06:11:53] ENGINE Bus STARTED
2024-02-26T06:11:54.830 INFO:journalctl@ceph.mon.a.smithi049.stdout:Feb 26 06:11:54 smithi049 ceph-mon[31696]: from='mgr.14120 172.21.15.49:0/1379444384' entity='mgr.x' cmd=[{"prefix": "config dump", "format": "json"}]: dispatch
2024-02-26T06:11:54.830 INFO:journalctl@ceph.mon.a.smithi049.stdout:Feb 26 06:11:54 smithi049 ceph-mon[31696]: from='client.14132 -' entity='client.admin' cmd=[{"prefix": "orch set backend", "module_name": "cephadm", "target": ["mon-mgr", ""]}]: dispatch
2024-02-26T06:11:54.831 INFO:journalctl@ceph.mon.a.smithi049.stdout:Feb 26 06:11:54 smithi049 ceph-mon[31696]: from='mgr.14120 172.21.15.49:0/1379444384' entity='mgr.x'
2024-02-26T06:11:54.831 INFO:journalctl@ceph.mon.a.smithi049.stdout:Feb 26 06:11:54 smithi049 ceph-mon[31696]: from='mgr.14120 172.21.15.49:0/1379444384' entity='mgr.x' cmd=[{"prefix": "config dump", "format": "json"}]: dispatch
2024-02-26T06:11:54.841 INFO:teuthology.orchestra.run.smithi049.stdout:/usr/bin/ceph: stderr
2024-02-26T06:11:53.833+0000 7f0d23000700 1 Processor -- start
2024-02-26T06:11:54.841 INFO:teuthology.orchestra.run.smithi049.stdout:/usr/bin/ceph: stderr
2024-02-26T06:11:53.834+0000 7f0d23000700 1 -- start start
2024-02-26T06:11:54.841 INFO:teuthology.orchestra.run.smithi049.stdout:/usr/bin/ceph: stderr
2024-02-26T06:11:53.834+0000 7f0d23000700 1 --2- >> [v2:172.21.15.49:3300/0,v1:172.21.15.49:6789/0] conn(0x7f0d1c1076f0 0x7f0d1c107b10 unknown :-1 s=NONE pgs=0 cs=0 l=0 rev1=0 crypto rx=0 tx=0 comp rx=0 tx=0).connect
2024-02-26T06:11:54.841 INFO:teuthology.orchestra.run.smithi049.stdout:/usr/bin/ceph: stderr
2024-02-26T06:11:53.834+0000 7f0d23000700 1 -- --> [v2:172.21.15.49:3300/0,v1:172.21.15.49:6789/0] -- mon_getmap magic: 0 v1 -- 0x7f0d1c1080e0 con 0x7f0d1c1076f0
2024-02-26T06:11:54.841 INFO:teuthology.orchestra.run.smithi049.stdout:/usr/bin/ceph: stderr
2024-02-26T06:11:53.835+0000 7f0d1be00700 1 --2- >> [v2:172.21.15.49:3300/0,v1:172.21.15.49:6789/0] conn(0x7f0d1c1076f0 0x7f0d1c107b10 unknown :-1 s=BANNER_CONNECTING pgs=0 cs=0 l=0 rev1=0 crypto rx=0 tx=0 comp rx=0 tx=0)._handle_peer_banner_payload supported=3 required=0
2024-02-26T06:11:54.842 INFO:teuthology.orchestra.run.smithi049.stdout:/usr/bin/ceph: stderr
2024-02-26T06:11:53.835+0000 7f0d1be00700 1 --2- >> [v2:172.21.15.49:3300/0,v1:172.21.15.49:6789/0] conn(0x7f0d1c1076f0 0x7f0d1c107b10 unknown :-1 s=HELLO_CONNECTING pgs=0 cs=0 l=0 rev1=1 crypto rx=0 tx=0 comp rx=0 tx=0).handle_hello peer v2:172.21.15.49:3300/0 says I am v2:172.21.15.49:33232/0 (socket says 172.21.15.49:33232)
2024-02-26T06:11:54.842 INFO:teuthology.orchestra.run.smithi049.stdout:/usr/bin/ceph: stderr
2024-02-26T06:11:53.835+0000 7f0d1be00700 1 -- 172.21.15.49:0/3705784591 learned_addr learned my addr 172.21.15.49:0/3705784591 (peer_addr_for_me v2:172.21.15.49:0/0)
2024-02-26T06:11:54.842 INFO:teuthology.orchestra.run.smithi049.stdout:/usr/bin/ceph: stderr
2024-02-26T06:11:53.835+0000 7f0d1be00700 1 -- 172.21.15.49:0/3705784591 --> [v2:172.21.15.49:3300/0,v1:172.21.15.49:6789/0] -- mon_subscribe({config=0+,monmap=0+}) v3 -- 0x7f0d1c1088a0 con 0x7f0d1c1076f0
2024-02-26T06:11:54.842 INFO:teuthology.orchestra.run.smithi049.stdout:/usr/bin/ceph: stderr
2024-02-26T06:11:53.836+0000 7f0d1be00700 1 --2- 172.21.15.49:0/3705784591 >> [v2:172.21.15.49:3300/0,v1:172.21.15.49:6789/0] conn(0x7f0d1c1076f0 0x7f0d1c107b10 secure :-1 s=READY pgs=37 cs=0 l=1 rev1=1 crypto rx=0x7f0d0c009e80 tx=0x7f0d0c00b330 comp rx=0 tx=0).ready entity=mon.0 client_cookie=9422c96e1f23e74a server_cookie=0 in_seq=0 out_seq=0
2024-02-26T06:11:54.842 INFO:teuthology.orchestra.run.smithi049.stdout:/usr/bin/ceph: stderr
2024-02-26T06:11:53.836+0000 7f0d1b400700 1 -- 172.21.15.49:0/3705784591 <== mon.0 v2:172.21.15.49:3300/0 1 ==== mon_map magic: 0 v1 ==== 205+0+0 (secure 0 0 0) 0x7f0d0c00e070 con 0x7f0d1c1076f0
2024-02-26T06:11:54.842 INFO:teuthology.orchestra.run.smithi049.stdout:/usr/bin/ceph: stderr
2024-02-26T06:11:53.836+0000 7f0d1b400700 1 -- 172.21.15.49:0/3705784591 <== mon.0 v2:172.21.15.49:3300/0 2 ==== config(27 keys) v1 ==== 1109+0+0 (secure 0 0 0) 0x7f0d0c00b8c0 con 0x7f0d1c1076f0
2024-02-26T06:11:54.843 INFO:teuthology.orchestra.run.smithi049.stdout:/usr/bin/ceph: stderr
2024-02-26T06:11:53.836+0000 7f0d1b400700 1 -- 172.21.15.49:0/3705784591 <== mon.0 v2:172.21.15.49:3300/0 3 ==== mon_map magic: 0 v1 ==== 205+0+0 (secure 0 0 0) 0x7f0d0c004550 con 0x7f0d1c1076f0
2024-02-26T06:11:54.843 INFO:teuthology.orchestra.run.smithi049.stdout:/usr/bin/ceph: stderr
2024-02-26T06:11:53.837+0000 7f0d23000700 1 -- 172.21.15.49:0/3705784591 >> [v2:172.21.15.49:3300/0,v1:172.21.15.49:6789/0] conn(0x7f0d1c1076f0 msgr2=0x7f0d1c107b10 secure :-1 s=STATE_CONNECTION_ESTABLISHED l=1).mark_down
2024-02-26T06:11:54.843 INFO:teuthology.orchestra.run.smithi049.stdout:/usr/bin/ceph: stderr
2024-02-26T06:11:53.837+0000 7f0d23000700 1 --2- 172.21.15.49:0/3705784591 >> [v2:172.21.15.49:3300/0,v1:172.21.15.49:6789/0] conn(0x7f0d1c1076f0 0x7f0d1c107b10 secure :-1 s=READY pgs=37 cs=0 l=1 rev1=1 crypto rx=0x7f0d0c009e80 tx=0x7f0d0c00b330 comp rx=0 tx=0).stop
2024-02-26T06:11:54.843 INFO:teuthology.orchestra.run.smithi049.stdout:/usr/bin/ceph: stderr
2024-02-26T06:11:53.837+0000 7f0d23000700 1 -- 172.21.15.49:0/3705784591 shutdown_connections
2024-02-26T06:11:54.843 INFO:teuthology.orchestra.run.smithi049.stdout:/usr/bin/ceph: stderr
2024-02-26T06:11:53.837+0000 7f0d23000700 1 --2- 172.21.15.49:0/3705784591 >> [v2:172.21.15.49:3300/0,v1:172.21.15.49:6789/0] conn(0x7f0d1c1076f0 0x7f0d1c107b10 unknown :-1 s=CLOSED pgs=37 cs=0 l=1 rev1=1 crypto rx=0 tx=0 comp rx=0 tx=0).stop
2024-02-26T06:11:54.843 INFO:teuthology.orchestra.run.smithi049.stdout:/usr/bin/ceph: stderr
2024-02-26T06:11:53.837+0000 7f0d23000700 1 -- 172.21.15.49:0/3705784591 >> 172.21.15.49:0/3705784591 conn(0x7f0d1c102cd0 msgr2=0x7f0d1c1050f0 unknown :-1 s=STATE_NONE l=0).mark_down
2024-02-26T06:11:54.843 INFO:teuthology.orchestra.run.smithi049.stdout:/usr/bin/ceph: stderr
2024-02-26T06:11:53.837+0000 7f0d23000700 1 -- 172.21.15.49:0/3705784591 shutdown_connections
2024-02-26T06:11:54.844 INFO:teuthology.orchestra.run.smithi049.stdout:/usr/bin/ceph: stderr
2024-02-26T06:11:53.837+0000 7f0d23000700 1 -- 172.21.15.49:0/3705784591 wait complete.
2024-02-26T06:11:54.844 INFO:teuthology.orchestra.run.smithi049.stdout:/usr/bin/ceph: stderr
2024-02-26T06:11:53.838+0000 7f0d23000700 1 Processor -- start
2024-02-26T06:11:54.844 INFO:teuthology.orchestra.run.smithi049.stdout:/usr/bin/ceph: stderr
2024-02-26T06:11:53.839+0000 7f0d23000700 1 -- start start
2024-02-26T06:11:54.844 INFO:teuthology.orchestra.run.smithi049.stdout:/usr/bin/ceph: stderr
2024-02-26T06:11:53.839+0000 7f0d23000700 1 --2- >> [v2:172.21.15.49:3300/0,v1:172.21.15.49:6789/0] conn(0x7f0d1c1076f0 0x7f0d1c19d5f0 unknown :-1 s=NONE pgs=0 cs=0 l=1 rev1=0 crypto rx=0 tx=0 comp rx=0 tx=0).connect
2024-02-26T06:11:54.844 INFO:teuthology.orchestra.run.smithi049.stdout:/usr/bin/ceph: stderr
2024-02-26T06:11:53.839+0000 7f0d23000700 1 -- --> [v2:172.21.15.49:3300/0,v1:172.21.15.49:6789/0] -- mon_getmap magic: 0 v1 -- 0x7f0d1c19db30 con 0x7f0d1c1076f0
2024-02-26T06:11:54.844 INFO:teuthology.orchestra.run.smithi049.stdout:/usr/bin/ceph: stderr
2024-02-26T06:11:53.839+0000 7f0d1be00700 1 --2- >> [v2:172.21.15.49:3300/0,v1:172.21.15.49:6789/0] conn(0x7f0d1c1076f0 0x7f0d1c19d5f0 unknown :-1 s=BANNER_CONNECTING pgs=0 cs=0 l=1 rev1=0 crypto rx=0 tx=0 comp rx=0 tx=0)._handle_peer_banner_payload supported=3 required=0
2024-02-26T06:11:54.845 INFO:teuthology.orchestra.run.smithi049.stdout:/usr/bin/ceph: stderr
2024-02-26T06:11:53.839+0000 7f0d1be00700 1 --2- >> [v2:172.21.15.49:3300/0,v1:172.21.15.49:6789/0] conn(0x7f0d1c1076f0 0x7f0d1c19d5f0 unknown :-1 s=HELLO_CONNECTING pgs=0 cs=0 l=1 rev1=1 crypto rx=0 tx=0 comp rx=0 tx=0).handle_hello peer v2:172.21.15.49:3300/0 says I am v2:172.21.15.49:33240/0 (socket says 172.21.15.49:33240)
2024-02-26T06:11:54.845 INFO:teuthology.orchestra.run.smithi049.stdout:/usr/bin/ceph: stderr
2024-02-26T06:11:53.839+0000 7f0d1be00700 1 -- 172.21.15.49:0/1848095364 learned_addr learned my addr 172.21.15.49:0/1848095364 (peer_addr_for_me v2:172.21.15.49:0/0)
2024-02-26T06:11:54.845 INFO:teuthology.orchestra.run.smithi049.stdout:/usr/bin/ceph: stderr
2024-02-26T06:11:53.840+0000 7f0d1be00700 1 -- 172.21.15.49:0/1848095364 --> [v2:172.21.15.49:3300/0,v1:172.21.15.49:6789/0] -- mon_subscribe({config=0+,monmap=0+}) v3 -- 0x7f0d0c009b30 con 0x7f0d1c1076f0
2024-02-26T06:11:54.845 INFO:teuthology.orchestra.run.smithi049.stdout:/usr/bin/ceph: stderr
2024-02-26T06:11:53.840+0000 7f0d1be00700 1 --2- 172.21.15.49:0/1848095364 >> [v2:172.21.15.49:3300/0,v1:172.21.15.49:6789/0] conn(0x7f0d1c1076f0 0x7f0d1c19d5f0 secure :-1 s=READY pgs=38 cs=0 l=1 rev1=1 crypto rx=0x7f0d0c009fd0 tx=0x7f0d0c003d00 comp rx=0 tx=0).ready entity=mon.0 client_cookie=0 server_cookie=0 in_seq=0 out_seq=0
2024-02-26T06:11:54.845 INFO:teuthology.orchestra.run.smithi049.stdout:/usr/bin/ceph: stderr
2024-02-26T06:11:53.840+0000 7f0d19600700 1 -- 172.21.15.49:0/1848095364 <== mon.0 v2:172.21.15.49:3300/0 1 ==== mon_map magic: 0 v1 ==== 205+0+0 (secure 0 0 0) 0x7f0d0c00e040 con 0x7f0d1c1076f0
2024-02-26T06:11:54.845 INFO:teuthology.orchestra.run.smithi049.stdout:/usr/bin/ceph: stderr
2024-02-26T06:11:53.840+0000 7f0d19600700 1 -- 172.21.15.49:0/1848095364 <== mon.0 v2:172.21.15.49:3300/0 2 ==== config(27 keys) v1 ==== 1109+0+0 (secure 0 0 0) 0x7f0d0c0128f0 con 0x7f0d1c1076f0
2024-02-26T06:11:54.846 INFO:teuthology.orchestra.run.smithi049.stdout:/usr/bin/ceph: stderr
2024-02-26T06:11:53.840+0000 7f0d19600700 1 -- 172.21.15.49:0/1848095364 <== mon.0 v2:172.21.15.49:3300/0 3 ==== mon_map magic: 0 v1 ==== 205+0+0 (secure 0 0 0) 0x7f0d0c01c770 con 0x7f0d1c1076f0
2024-02-26T06:11:54.846 INFO:teuthology.orchestra.run.smithi049.stdout:/usr/bin/ceph: stderr
2024-02-26T06:11:53.840+0000 7f0d23000700 1 -- 172.21.15.49:0/1848095364 --> [v2:172.21.15.49:3300/0,v1:172.21.15.49:6789/0] -- mon_subscribe({mgrmap=0+}) v3 -- 0x7f0d1c19dd30 con 0x7f0d1c1076f0
2024-02-26T06:11:54.846 INFO:teuthology.orchestra.run.smithi049.stdout:/usr/bin/ceph: stderr
2024-02-26T06:11:53.840+0000 7f0d23000700 1 -- 172.21.15.49:0/1848095364 --> [v2:172.21.15.49:3300/0,v1:172.21.15.49:6789/0] -- mon_subscribe({osdmap=0}) v3 -- 0x7f0d1c19e1b0 con 0x7f0d1c1076f0
2024-02-26T06:11:54.846 INFO:teuthology.orchestra.run.smithi049.stdout:/usr/bin/ceph: stderr
2024-02-26T06:11:53.841+0000 7f0d23000700 1 -- 172.21.15.49:0/1848095364 --> [v2:172.21.15.49:3300/0,v1:172.21.15.49:6789/0] -- mon_command({"prefix": "get_command_descriptions"} v 0) v1 -- 0x7f0d1c10bad0 con 0x7f0d1c1076f0
2024-02-26T06:11:54.846 INFO:teuthology.orchestra.run.smithi049.stdout:/usr/bin/ceph: stderr
2024-02-26T06:11:53.842+0000 7f0d19600700 1 -- 172.21.15.49:0/1848095364 <== mon.0 v2:172.21.15.49:3300/0 4 ==== mgrmap(e 8) v1 ==== 45932+0+0 (secure 0 0 0) 0x7f0d0c012a60 con 0x7f0d1c1076f0
2024-02-26T06:11:54.846 INFO:teuthology.orchestra.run.smithi049.stdout:/usr/bin/ceph: stderr
2024-02-26T06:11:53.842+0000 7f0d19600700 1 --2- 172.21.15.49:0/1848095364 >> [v2:172.21.15.49:6800/4089389406,v1:172.21.15.49:6801/4089389406] conn(0x7f0d00038f30 0x7f0d0003b3f0 unknown :-1 s=NONE pgs=0 cs=0 l=1 rev1=0 crypto rx=0 tx=0 comp rx=0 tx=0).connect
2024-02-26T06:11:54.846 INFO:teuthology.orchestra.run.smithi049.stdout:/usr/bin/ceph: stderr
2024-02-26T06:11:53.842+0000 7f0d19600700 1 -- 172.21.15.49:0/1848095364 <== mon.0 v2:172.21.15.49:3300/0 5 ==== osd_map(2..2 src has 1..2) v4 ==== 940+0+0 (secure 0 0 0) 0x7f0d0c04cfa0 con 0x7f0d1c1076f0
2024-02-26T06:11:54.847 INFO:teuthology.orchestra.run.smithi049.stdout:/usr/bin/ceph: stderr
2024-02-26T06:11:53.842+0000 7f0d13400700 1 --2- 172.21.15.49:0/1848095364 >> [v2:172.21.15.49:6800/4089389406,v1:172.21.15.49:6801/4089389406] conn(0x7f0d00038f30 0x7f0d0003b3f0 unknown :-1 s=BANNER_CONNECTING pgs=0 cs=0 l=1 rev1=0 crypto rx=0 tx=0 comp rx=0 tx=0)._handle_peer_banner_payload supported=3 required=0
2024-02-26T06:11:54.847 INFO:teuthology.orchestra.run.smithi049.stdout:/usr/bin/ceph: stderr
2024-02-26T06:11:53.843+0000 7f0d13400700 1 --2- 172.21.15.49:0/1848095364 >> [v2:172.21.15.49:6800/4089389406,v1:172.21.15.49:6801/4089389406] conn(0x7f0d00038f30 0x7f0d0003b3f0 secure :-1 s=READY pgs=7 cs=0 l=1 rev1=1 crypto rx=0x7f0d04006fd0 tx=0x7f0d04006e40 comp rx=0 tx=0).ready entity=mgr.14120 client_cookie=0 server_cookie=0 in_seq=0 out_seq=0
2024-02-26T06:11:54.847 INFO:teuthology.orchestra.run.smithi049.stdout:/usr/bin/ceph: stderr
2024-02-26T06:11:53.848+0000 7f0d19600700 1 -- 172.21.15.49:0/1848095364 <== mon.0 v2:172.21.15.49:3300/0 6 ==== mon_command_ack([{"prefix": "get_command_descriptions"}]=0 v0) v1 ==== 72+0+183564 (secure 0 0 0) 0x7f0d0c024da0 con 0x7f0d1c1076f0
2024-02-26T06:11:54.847 INFO:teuthology.orchestra.run.smithi049.stdout:/usr/bin/ceph: stderr
2024-02-26T06:11:54.090+0000 7f0d23000700 1 -- 172.21.15.49:0/1848095364 --> [v2:172.21.15.49:6800/4089389406,v1:172.21.15.49:6801/4089389406] -- mgr_command(tid 0: {"prefix": "orch set backend", "module_name": "cephadm", "target": ["mon-mgr", ""]}) v1 -- 0x7f0d1c103e60 con 0x7f0d00038f30
2024-02-26T06:11:54.847 INFO:teuthology.orchestra.run.smithi049.stdout:/usr/bin/ceph: stderr
2024-02-26T06:11:54.102+0000 7f0d19600700 1 -- 172.21.15.49:0/1848095364 <== mgr.14120 v2:172.21.15.49:6800/4089389406 1 ==== mgr_command_reply(tid 0: 0 ) v1 ==== 8+0+0 (secure 0 0 0) 0x7f0d1c103e60 con 0x7f0d00038f30
2024-02-26T06:11:54.848 INFO:teuthology.orchestra.run.smithi049.stdout:/usr/bin/ceph: stderr
2024-02-26T06:11:54.104+0000 7f0d23000700 1 -- 172.21.15.49:0/1848095364 >> [v2:172.21.15.49:6800/4089389406,v1:172.21.15.49:6801/4089389406] conn(0x7f0d00038f30 msgr2=0x7f0d0003b3f0 secure :-1 s=STATE_CONNECTION_ESTABLISHED l=1).mark_down
2024-02-26T06:11:54.848 INFO:teuthology.orchestra.run.smithi049.stdout:/usr/bin/ceph: stderr
2024-02-26T06:11:54.104+0000 7f0d23000700 1 --2- 172.21.15.49:0/1848095364 >> [v2:172.21.15.49:6800/4089389406,v1:172.21.15.49:6801/4089389406] conn(0x7f0d00038f30 0x7f0d0003b3f0 secure :-1 s=READY pgs=7 cs=0 l=1 rev1=1 crypto rx=0x7f0d04006fd0 tx=0x7f0d04006e40 comp rx=0 tx=0).stop
2024-02-26T06:11:54.848 INFO:teuthology.orchestra.run.smithi049.stdout:/usr/bin/ceph: stderr
2024-02-26T06:11:54.105+0000 7f0d23000700 1 -- 172.21.15.49:0/1848095364 >> [v2:172.21.15.49:3300/0,v1:172.21.15.49:6789/0] conn(0x7f0d1c1076f0 msgr2=0x7f0d1c19d5f0 secure :-1 s=STATE_CONNECTION_ESTABLISHED l=1).mark_down
2024-02-26T06:11:54.848 INFO:teuthology.orchestra.run.smithi049.stdout:/usr/bin/ceph: stderr
2024-02-26T06:11:54.105+0000 7f0d23000700 1 --2- 172.21.15.49:0/1848095364 >> [v2:172.21.15.49:3300/0,v1:172.21.15.49:6789/0] conn(0x7f0d1c1076f0 0x7f0d1c19d5f0 secure :-1 s=READY pgs=38 cs=0 l=1 rev1=1 crypto rx=0x7f0d0c009fd0 tx=0x7f0d0c003d00 comp rx=0 tx=0).stop
2024-02-26T06:11:54.848 INFO:teuthology.orchestra.run.smithi049.stdout:/usr/bin/ceph: stderr
2024-02-26T06:11:54.105+0000 7f0d23000700 1 -- 172.21.15.49:0/1848095364 shutdown_connections
2024-02-26T06:11:54.849 INFO:teuthology.orchestra.run.smithi049.stdout:/usr/bin/ceph: stderr
2024-02-26T06:11:54.105+0000 7f0d23000700 1 --2- 172.21.15.49:0/1848095364 >> [v2:172.21.15.49:6800/4089389406,v1:172.21.15.49:6801/4089389406] conn(0x7f0d00038f30 0x7f0d0003b3f0 unknown :-1 s=CLOSED pgs=7 cs=0 l=1 rev1=1 crypto rx=0 tx=0 comp rx=0 tx=0).stop
2024-02-26T06:11:54.849 INFO:teuthology.orchestra.run.smithi049.stdout:/usr/bin/ceph: stderr
2024-02-26T06:11:54.105+0000 7f0d23000700 1 --2- 172.21.15.49:0/1848095364 >> [v2:172.21.15.49:3300/0,v1:172.21.15.49:6789/0] conn(0x7f0d1c1076f0 0x7f0d1c19d5f0 unknown :-1 s=CLOSED pgs=38 cs=0 l=1 rev1=1 crypto rx=0 tx=0 comp rx=0 tx=0).stop
2024-02-26T06:11:54.849 INFO:teuthology.orchestra.run.smithi049.stdout:/usr/bin/ceph: stderr
2024-02-26T06:11:54.105+0000 7f0d23000700 1 -- 172.21.15.49:0/1848095364 >> 172.21.15.49:0/1848095364 conn(0x7f0d1c102cd0 msgr2=0x7f0d1c103750 unknown :-1 s=STATE_NONE l=0).mark_down
2024-02-26T06:11:54.849 INFO:teuthology.orchestra.run.smithi049.stdout:/usr/bin/ceph: stderr
2024-02-26T06:11:54.105+0000 7f0d23000700 1 -- 172.21.15.49:0/1848095364 shutdown_connections
2024-02-26T06:11:54.850 INFO:teuthology.orchestra.run.smithi049.stdout:/usr/bin/ceph: stderr
2024-02-26T06:11:54.105+0000 7f0d23000700 1 -- 172.21.15.49:0/1848095364 wait complete.
2024-02-26T06:11:56.287 INFO:teuthology.orchestra.run.smithi049.stdout:/usr/bin/ceph: stdout value unchanged
2024-02-26T06:11:56.288 INFO:teuthology.orchestra.run.smithi049.stdout:/usr/bin/ceph: stderr
2024-02-26T06:11:55.380+0000 7fe24f400700 1 Processor -- start
2024-02-26T06:11:56.288 INFO:teuthology.orchestra.run.smithi049.stdout:/usr/bin/ceph: stderr
2024-02-26T06:11:55.381+0000 7fe24f400700 1 -- start start
2024-02-26T06:11:56.293 INFO:teuthology.orchestra.run.smithi049.stdout:/usr/bin/ceph: stderr
2024-02-26T06:11:55.381+0000 7fe24f400700 1 --2- >> [v2:172.21.15.49:3300/0,v1:172.21.15.49:6789/0] conn(0x7fe248109870 0x7fe248109c90 unknown :-1 s=NONE pgs=0 cs=0 l=0 rev1=0 crypto rx=0 tx=0 comp rx=0 tx=0).connect
2024-02-26T06:11:56.293 INFO:teuthology.orchestra.run.smithi049.stdout:/usr/bin/ceph: stderr
2024-02-26T06:11:55.381+0000 7fe24f400700 1 -- --> [v2:172.21.15.49:3300/0,v1:172.21.15.49:6789/0] -- mon_getmap magic: 0 v1 -- 0x7fe24810a260 con 0x7fe248109870
2024-02-26T06:11:56.293 INFO:teuthology.orchestra.run.smithi049.stdout:/usr/bin/ceph: stderr
2024-02-26T06:11:55.382+0000 7fe24ca00700 1 --2- >> [v2:172.21.15.49:3300/0,v1:172.21.15.49:6789/0] conn(0x7fe248109870 0x7fe248109c90 unknown :-1 s=BANNER_CONNECTING pgs=0 cs=0 l=0 rev1=0 crypto rx=0 tx=0 comp rx=0 tx=0)._handle_peer_banner_payload supported=3 required=0
2024-02-26T06:11:56.293 INFO:teuthology.orchestra.run.smithi049.stdout:/usr/bin/ceph: stderr
2024-02-26T06:11:55.382+0000 7fe24ca00700 1 --2- >> [v2:172.21.15.49:3300/0,v1:172.21.15.49:6789/0] conn(0x7fe248109870 0x7fe248109c90 unknown :-1 s=HELLO_CONNECTING pgs=0 cs=0 l=0 rev1=1 crypto rx=0 tx=0 comp rx=0 tx=0).handle_hello peer v2:172.21.15.49:3300/0 says I am v2:172.21.15.49:33254/0 (socket says 172.21.15.49:33254)
2024-02-26T06:11:56.293 INFO:teuthology.orchestra.run.smithi049.stdout:/usr/bin/ceph: stderr
2024-02-26T06:11:55.382+0000 7fe24ca00700 1 -- 172.21.15.49:0/3789387626 learned_addr learned my addr 172.21.15.49:0/3789387626 (peer_addr_for_me v2:172.21.15.49:0/0)
2024-02-26T06:11:56.293 INFO:teuthology.orchestra.run.smithi049.stdout:/usr/bin/ceph: stderr
2024-02-26T06:11:55.382+0000 7fe24ca00700 1 -- 172.21.15.49:0/3789387626 --> [v2:172.21.15.49:3300/0,v1:172.21.15.49:6789/0] -- mon_subscribe({config=0+,monmap=0+}) v3 -- 0x7fe24810aa20 con 0x7fe248109870
2024-02-26T06:11:56.293 INFO:teuthology.orchestra.run.smithi049.stdout:/usr/bin/ceph: stderr
2024-02-26T06:11:55.383+0000 7fe24ca00700 1 --2- 172.21.15.49:0/3789387626 >> [v2:172.21.15.49:3300/0,v1:172.21.15.49:6789/0] conn(0x7fe248109870 0x7fe248109c90 secure :-1 s=READY pgs=39 cs=0 l=1 rev1=1 crypto rx=0x7fe23c0098a0 tx=0x7fe23c009bb0 comp rx=0 tx=0).ready entity=mon.0 client_cookie=9f6b14dc60a34c4e server_cookie=0 in_seq=0 out_seq=0
2024-02-26T06:11:56.293 INFO:teuthology.orchestra.run.smithi049.stdout:/usr/bin/ceph: stderr
2024-02-26T06:11:55.383+0000 7fe247400700 1 -- 172.21.15.49:0/3789387626 <== mon.0 v2:172.21.15.49:3300/0 1 ==== mon_map magic: 0 v1 ==== 205+0+0 (secure 0 0 0) 0x7fe23c004160 con 0x7fe248109870
2024-02-26T06:11:56.293 INFO:teuthology.orchestra.run.smithi049.stdout:/usr/bin/ceph: stderr
2024-02-26T06:11:55.383+0000 7fe247400700 1 -- 172.21.15.49:0/3789387626 <== mon.0 v2:172.21.15.49:3300/0 2 ==== config(27 keys) v1 ==== 1109+0+0 (secure 0 0 0) 0x7fe23c0042c0 con 0x7fe248109870
2024-02-26T06:11:56.293 INFO:teuthology.orchestra.run.smithi049.stdout:/usr/bin/ceph: stderr
2024-02-26T06:11:55.383+0000 7fe247400700 1 -- 172.21.15.49:0/3789387626 <== mon.0 v2:172.21.15.49:3300/0 3 ==== mon_map magic: 0 v1 ==== 205+0+0 (secure 0 0 0) 0x7fe23c011ac0 con 0x7fe248109870
2024-02-26T06:11:56.294 INFO:teuthology.orchestra.run.smithi049.stdout:/usr/bin/ceph: stderr
2024-02-26T06:11:55.384+0000 7fe24f400700 1 -- 172.21.15.49:0/3789387626 >> [v2:172.21.15.49:3300/0,v1:172.21.15.49:6789/0] conn(0x7fe248109870 msgr2=0x7fe248109c90 secure :-1 s=STATE_CONNECTION_ESTABLISHED l=1).mark_down
2024-02-26T06:11:56.294 INFO:teuthology.orchestra.run.smithi049.stdout:/usr/bin/ceph: stderr
2024-02-26T06:11:55.384+0000 7fe24f400700 1 --2- 172.21.15.49:0/3789387626 >> [v2:172.21.15.49:3300/0,v1:172.21.15.49:6789/0] conn(0x7fe248109870 0x7fe248109c90 secure :-1 s=READY pgs=39 cs=0 l=1 rev1=1 crypto rx=0x7fe23c0098a0 tx=0x7fe23c009bb0 comp rx=0 tx=0).stop
2024-02-26T06:11:56.294 INFO:teuthology.orchestra.run.smithi049.stdout:/usr/bin/ceph: stderr
2024-02-26T06:11:55.384+0000 7fe24f400700 1 -- 172.21.15.49:0/3789387626 shutdown_connections
2024-02-26T06:11:56.294 INFO:teuthology.orchestra.run.smithi049.stdout:/usr/bin/ceph: stderr
2024-02-26T06:11:55.384+0000 7fe24f400700 1 --2- 172.21.15.49:0/3789387626 >> [v2:172.21.15.49:3300/0,v1:172.21.15.49:6789/0] conn(0x7fe248109870 0x7fe248109c90 unknown :-1 s=CLOSED pgs=39 cs=0 l=1 rev1=1 crypto rx=0 tx=0 comp rx=0 tx=0).stop
2024-02-26T06:11:56.294 INFO:teuthology.orchestra.run.smithi049.stdout:/usr/bin/ceph: stderr
2024-02-26T06:11:55.384+0000 7fe24f400700 1 -- 172.21.15.49:0/3789387626 >> 172.21.15.49:0/3789387626 conn(0x7fe24807ce30 msgr2=0x7fe2481074f0 unknown :-1 s=STATE_NONE l=0).mark_down
2024-02-26T06:11:56.294 INFO:teuthology.orchestra.run.smithi049.stdout:/usr/bin/ceph: stderr
2024-02-26T06:11:55.384+0000 7fe24f400700 1 -- 172.21.15.49:0/3789387626 shutdown_connections
2024-02-26T06:11:56.294 INFO:teuthology.orchestra.run.smithi049.stdout:/usr/bin/ceph: stderr
2024-02-26T06:11:55.384+0000 7fe24f400700 1 -- 172.21.15.49:0/3789387626 wait complete.
2024-02-26T06:11:56.294 INFO:teuthology.orchestra.run.smithi049.stdout:/usr/bin/ceph: stderr
2024-02-26T06:11:55.385+0000 7fe24f400700 1 Processor -- start
2024-02-26T06:11:56.294 INFO:teuthology.orchestra.run.smithi049.stdout:/usr/bin/ceph: stderr
2024-02-26T06:11:55.386+0000 7fe24f400700 1 -- start start
2024-02-26T06:11:56.294 INFO:teuthology.orchestra.run.smithi049.stdout:/usr/bin/ceph: stderr
2024-02-26T06:11:55.386+0000 7fe24f400700 1 --2- >> [v2:172.21.15.49:3300/0,v1:172.21.15.49:6789/0] conn(0x7fe248109870 0x7fe24819d600 unknown :-1 s=NONE pgs=0 cs=0 l=1 rev1=0 crypto rx=0 tx=0 comp rx=0 tx=0).connect
2024-02-26T06:11:56.294 INFO:teuthology.orchestra.run.smithi049.stdout:/usr/bin/ceph: stderr
2024-02-26T06:11:55.386+0000 7fe24f400700 1 -- --> [v2:172.21.15.49:3300/0,v1:172.21.15.49:6789/0] -- mon_getmap magic: 0 v1 -- 0x7fe24819db40 con 0x7fe248109870
2024-02-26T06:11:56.294 INFO:teuthology.orchestra.run.smithi049.stdout:/usr/bin/ceph: stderr
2024-02-26T06:11:55.386+0000 7fe24ca00700 1 --2- >> [v2:172.21.15.49:3300/0,v1:172.21.15.49:6789/0] conn(0x7fe248109870 0x7fe24819d600 unknown :-1 s=BANNER_CONNECTING pgs=0 cs=0 l=1 rev1=0 crypto rx=0 tx=0 comp rx=0 tx=0)._handle_peer_banner_payload supported=3 required=0
2024-02-26T06:11:56.294 INFO:teuthology.orchestra.run.smithi049.stdout:/usr/bin/ceph: stderr
2024-02-26T06:11:55.386+0000 7fe24ca00700 1 --2- >> [v2:172.21.15.49:3300/0,v1:172.21.15.49:6789/0] conn(0x7fe248109870 0x7fe24819d600 unknown :-1 s=HELLO_CONNECTING pgs=0 cs=0 l=1 rev1=1 crypto rx=0 tx=0 comp rx=0 tx=0).handle_hello peer v2:172.21.15.49:3300/0 says I am v2:172.21.15.49:33258/0 (socket says 172.21.15.49:33258)
2024-02-26T06:11:56.295 INFO:teuthology.orchestra.run.smithi049.stdout:/usr/bin/ceph: stderr
2024-02-26T06:11:55.386+0000 7fe24ca00700 1 -- 172.21.15.49:0/2143914980 learned_addr learned my addr 172.21.15.49:0/2143914980 (peer_addr_for_me v2:172.21.15.49:0/0)
2024-02-26T06:11:56.295 INFO:teuthology.orchestra.run.smithi049.stdout:/usr/bin/ceph: stderr
2024-02-26T06:11:55.387+0000 7fe24ca00700 1 -- 172.21.15.49:0/2143914980 --> [v2:172.21.15.49:3300/0,v1:172.21.15.49:6789/0] -- mon_subscribe({config=0+,monmap=0+}) v3 -- 0x7fe23c009550 con 0x7fe248109870
2024-02-26T06:11:56.295 INFO:teuthology.orchestra.run.smithi049.stdout:/usr/bin/ceph: stderr
2024-02-26T06:11:55.387+0000 7fe24ca00700 1 --2- 172.21.15.49:0/2143914980 >> [v2:172.21.15.49:3300/0,v1:172.21.15.49:6789/0] conn(0x7fe248109870 0x7fe24819d600 secure :-1 s=READY pgs=40 cs=0 l=1 rev1=1 crypto rx=0x7fe23c000c00 tx=0x7fe23c011b40 comp rx=0 tx=0).ready entity=mon.0 client_cookie=0 server_cookie=0 in_seq=0 out_seq=0
2024-02-26T06:11:56.295 INFO:teuthology.orchestra.run.smithi049.stdout:/usr/bin/ceph: stderr
2024-02-26T06:11:55.387+0000 7fe245600700 1 -- 172.21.15.49:0/2143914980 <== mon.0 v2:172.21.15.49:3300/0 1 ==== mon_map magic: 0 v1 ==== 205+0+0 (secure 0 0 0) 0x7fe23c003aa0 con 0x7fe248109870
2024-02-26T06:11:56.295 INFO:teuthology.orchestra.run.smithi049.stdout:/usr/bin/ceph: stderr
2024-02-26T06:11:55.387+0000 7fe245600700 1 -- 172.21.15.49:0/2143914980 <== mon.0 v2:172.21.15.49:3300/0 2 ==== config(27 keys) v1 ==== 1109+0+0 (secure 0 0 0) 0x7fe23c003c00 con 0x7fe248109870
2024-02-26T06:11:56.295 INFO:teuthology.orchestra.run.smithi049.stdout:/usr/bin/ceph: stderr
2024-02-26T06:11:55.387+0000 7fe24f400700 1 -- 172.21.15.49:0/2143914980 --> [v2:172.21.15.49:3300/0,v1:172.21.15.49:6789/0] -- mon_subscribe({mgrmap=0+}) v3 -- 0x7fe24819dd40 con 0x7fe248109870
2024-02-26T06:11:56.295 INFO:teuthology.orchestra.run.smithi049.stdout:/usr/bin/ceph: stderr
2024-02-26T06:11:55.387+0000 7fe245600700 1 -- 172.21.15.49:0/2143914980 <== mon.0 v2:172.21.15.49:3300/0 3 ==== mon_map magic: 0 v1 ==== 205+0+0 (secure 0 0 0) 0x7fe23c0248a0 con 0x7fe248109870
2024-02-26T06:11:56.295 INFO:teuthology.orchestra.run.smithi049.stdout:/usr/bin/ceph: stderr
2024-02-26T06:11:55.388+0000 7fe24f400700 1 -- 172.21.15.49:0/2143914980 --> [v2:172.21.15.49:3300/0,v1:172.21.15.49:6789/0] -- mon_subscribe({osdmap=0}) v3 -- 0x7fe24819e1e0 con 0x7fe248109870
2024-02-26T06:11:56.295 INFO:teuthology.orchestra.run.smithi049.stdout:/usr/bin/ceph: stderr
2024-02-26T06:11:55.389+0000 7fe245600700 1 -- 172.21.15.49:0/2143914980 <== mon.0 v2:172.21.15.49:3300/0 4 ==== mgrmap(e 8) v1 ==== 45932+0+0 (secure 0 0 0) 0x7fe23c01ac60 con 0x7fe248109870
2024-02-26T06:11:56.295 INFO:teuthology.orchestra.run.smithi049.stdout:/usr/bin/ceph: stderr
2024-02-26T06:11:55.389+0000 7fe24f400700 1 -- 172.21.15.49:0/2143914980 --> [v2:172.21.15.49:3300/0,v1:172.21.15.49:6789/0] -- mon_command({"prefix": "get_command_descriptions"} v 0) v1 -- 0x7fe24810dc50 con 0x7fe248109870
2024-02-26T06:11:56.297 INFO:teuthology.orchestra.run.smithi049.stdout:/usr/bin/ceph: stderr
2024-02-26T06:11:55.389+0000 7fe245600700 1 --2- 172.21.15.49:0/2143914980 >> [v2:172.21.15.49:6800/4089389406,v1:172.21.15.49:6801/4089389406] conn(0x7fe230038ee0 0x7fe23003b3a0 unknown :-1 s=NONE pgs=0 cs=0 l=1 rev1=0 crypto rx=0 tx=0 comp rx=0 tx=0).connect
2024-02-26T06:11:56.297 INFO:teuthology.orchestra.run.smithi049.stdout:/usr/bin/ceph: stderr
2024-02-26T06:11:55.389+0000 7fe245600700 1 -- 172.21.15.49:0/2143914980 <== mon.0 v2:172.21.15.49:3300/0 5 ==== osd_map(2..2 src has 1..2) v4 ==== 940+0+0 (secure 0 0 0) 0x7fe23c04d180 con 0x7fe248109870
2024-02-26T06:11:56.298 INFO:teuthology.orchestra.run.smithi049.stdout:/usr/bin/ceph: stderr
