2024-03-04T04:51:58.519 INFO:teuthology.orchestra.run.smithi037.stdout:/usr/bin/ceph: stderr
2024-03-04T04:51:57.437+0000 7f431aa00700 1 -- 172.21.15.37:0/4013573888 <== mon.0 v2:172.21.15.37:3300/0 6 ==== mon_command_ack([{"prefix": "get_command_descriptions"}]=0 v0) v1 ==== 72+0+175031 (secure 0 0 0) 0x7f431402b4d0 con 0x7f432407c7a0
2024-03-04T04:51:58.519 INFO:teuthology.orchestra.run.smithi037.stdout:/usr/bin/ceph: stderr
2024-03-04T04:51:57.653+0000 7f4329800700 1 -- 172.21.15.37:0/4013573888 --> [v2:172.21.15.37:3300/0,v1:172.21.15.37:6789/0] -- mon_command({"prefix": "config get", "who": "mgr", "key": "mgr/dashboard/ssl_server_port"} v 0) v1 -- 0x7f432404bed0 con 0x7f432407c7a0
2024-03-04T04:51:58.519 INFO:teuthology.orchestra.run.smithi037.stdout:/usr/bin/ceph: stderr
2024-03-04T04:51:57.655+0000 7f431aa00700 1 -- 172.21.15.37:0/4013573888 <== mon.0 v2:172.21.15.37:3300/0 7 ==== mon_command_ack([{"prefix": "config get", "who": "mgr", "key": "mgr/dashboard/ssl_server_port"}]=0 v8) v1 ==== 112+0+5 (secure 0 0 0) 0x7f431402b2f0 con 0x7f432407c7a0
2024-03-04T04:51:58.519 INFO:teuthology.orchestra.run.smithi037.stdout:/usr/bin/ceph: stderr
2024-03-04T04:51:57.658+0000 7f4329800700 1 -- 172.21.15.37:0/4013573888 >> [v2:172.21.15.37:6800/1079356164,v1:172.21.15.37:6801/1079356164] conn(0x7f43080368d0 msgr2=0x7f4308038d80 secure :-1 s=STATE_CONNECTION_ESTABLISHED l=1).mark_down
2024-03-04T04:51:58.519 INFO:teuthology.orchestra.run.smithi037.stdout:/usr/bin/ceph: stderr
2024-03-04T04:51:57.658+0000 7f4329800700 1 --2- 172.21.15.37:0/4013573888 >> [v2:172.21.15.37:6800/1079356164,v1:172.21.15.37:6801/1079356164] conn(0x7f43080368d0 0x7f4308038d80 secure :-1 s=READY pgs=9 cs=0 l=1 rev1=1 crypto rx=0x7f430c009990 tx=0x7f430c006e40 comp rx=0 tx=0).stop
2024-03-04T04:51:58.519 INFO:teuthology.orchestra.run.smithi037.stdout:/usr/bin/ceph: stderr
2024-03-04T04:51:57.658+0000 7f4329800700 1 -- 172.21.15.37:0/4013573888 >> [v2:172.21.15.37:3300/0,v1:172.21.15.37:6789/0] conn(0x7f432407c7a0 msgr2=0x7f4324117bd0 secure :-1 s=STATE_CONNECTION_ESTABLISHED l=1).mark_down
2024-03-04T04:51:58.519 INFO:teuthology.orchestra.run.smithi037.stdout:/usr/bin/ceph: stderr
2024-03-04T04:51:57.658+0000 7f4329800700 1 --2- 172.21.15.37:0/4013573888 >> [v2:172.21.15.37:3300/0,v1:172.21.15.37:6789/0] conn(0x7f432407c7a0 0x7f4324117bd0 secure :-1 s=READY pgs=85 cs=0 l=1 rev1=1 crypto rx=0x7f43140094c0 tx=0x7f4314009250 comp rx=0 tx=0).stop
2024-03-04T04:51:58.519 INFO:teuthology.orchestra.run.smithi037.stdout:/usr/bin/ceph: stderr
2024-03-04T04:51:57.658+0000 7f4329800700 1 -- 172.21.15.37:0/4013573888 shutdown_connections
2024-03-04T04:51:58.519 INFO:teuthology.orchestra.run.smithi037.stdout:/usr/bin/ceph: stderr
2024-03-04T04:51:57.658+0000 7f4329800700 1 --2- 172.21.15.37:0/4013573888 >> [v2:172.21.15.37:6800/1079356164,v1:172.21.15.37:6801/1079356164] conn(0x7f43080368d0 0x7f4308038d80 unknown :-1 s=CLOSED pgs=9 cs=0 l=1 rev1=1 crypto rx=0 tx=0 comp rx=0 tx=0).stop
2024-03-04T04:51:58.520 INFO:teuthology.orchestra.run.smithi037.stdout:/usr/bin/ceph: stderr
2024-03-04T04:51:57.658+0000 7f4329800700 1 --2- 172.21.15.37:0/4013573888 >> [v2:172.21.15.37:3300/0,v1:172.21.15.37:6789/0] conn(0x7f432407c7a0 0x7f4324117bd0 unknown :-1 s=CLOSED pgs=85 cs=0 l=1 rev1=1 crypto rx=0 tx=0 comp rx=0 tx=0).stop
2024-03-04T04:51:58.520 INFO:teuthology.orchestra.run.smithi037.stdout:/usr/bin/ceph: stderr
2024-03-04T04:51:57.658+0000 7f4329800700 1 -- 172.21.15.37:0/4013573888 >> 172.21.15.37:0/4013573888 conn(0x7f4324078030 msgr2=0x7f432407a750 unknown :-1 s=STATE_NONE l=0).mark_down
2024-03-04T04:51:58.520 INFO:teuthology.orchestra.run.smithi037.stdout:/usr/bin/ceph: stderr
2024-03-04T04:51:57.659+0000 7f4329800700 1 -- 172.21.15.37:0/4013573888 shutdown_connections
2024-03-04T04:51:58.520 INFO:teuthology.orchestra.run.smithi037.stdout:/usr/bin/ceph: stderr
2024-03-04T04:51:57.659+0000 7f4329800700 1 -- 172.21.15.37:0/4013573888 wait complete.
2024-03-04T04:51:58.538 INFO:teuthology.orchestra.run.smithi037.stdout:Non-zero exit code 1 from systemctl is-enabled firewalld.service
2024-03-04T04:51:58.539 INFO:teuthology.orchestra.run.smithi037.stdout:systemctl: stdout disabled
2024-03-04T04:51:58.563 INFO:teuthology.orchestra.run.smithi037.stdout:Non-zero exit code 3 from systemctl is-active firewalld.service
2024-03-04T04:51:58.563 INFO:teuthology.orchestra.run.smithi037.stdout:systemctl: stdout inactive
2024-03-04T04:51:58.563 INFO:teuthology.orchestra.run.smithi037.stdout:firewalld.service is not enabled
2024-03-04T04:51:58.563 INFO:teuthology.orchestra.run.smithi037.stdout:Not possible to open ports <[8443]>. firewalld.service is not available
2024-03-04T04:51:58.567 INFO:teuthology.orchestra.run.smithi037.stdout:Ceph Dashboard is now available at:
2024-03-04T04:51:58.567 INFO:teuthology.orchestra.run.smithi037.stdout:
2024-03-04T04:51:58.568 INFO:teuthology.orchestra.run.smithi037.stdout: URL: https://smithi037.front.sepia.ceph.com:8443/
2024-03-04T04:51:58.568 INFO:teuthology.orchestra.run.smithi037.stdout: User: admin
2024-03-04T04:51:58.568 INFO:teuthology.orchestra.run.smithi037.stdout: Password: 43x1mjx63k
2024-03-04T04:51:58.568 INFO:teuthology.orchestra.run.smithi037.stdout:
2024-03-04T04:51:58.569 INFO:teuthology.orchestra.run.smithi037.stdout:Saving cluster configuration to /var/lib/ceph/97618cfa-d9e2-11ee-95c6-87774f69a715/config directory
2024-03-04T04:51:58.569 INFO:teuthology.orchestra.run.smithi037.stdout:Enabling autotune for osd_memory_target
2024-03-04T04:51:58.753 INFO:journalctl@ceph.mon.smithi037.smithi037.stdout:Mar 04 04:51:58 smithi037 ceph-mon[28611]: from='client.? 172.21.15.37:0/4013573888' entity='client.admin' cmd=[{"prefix": "config get", "who": "mgr", "key": "mgr/dashboard/ssl_server_port"}]: dispatch
2024-03-04T04:52:00.139 INFO:teuthology.orchestra.run.smithi037.stdout:/usr/bin/ceph: stderr
2024-03-04T04:51:59.217+0000 7fe657a00700 1 Processor -- start
2024-03-04T04:52:00.139 INFO:teuthology.orchestra.run.smithi037.stdout:/usr/bin/ceph: stderr
2024-03-04T04:51:59.218+0000 7fe657a00700 1 -- start start
2024-03-04T04:52:00.140 INFO:teuthology.orchestra.run.smithi037.stdout:/usr/bin/ceph: stderr
2024-03-04T04:51:59.218+0000 7fe657a00700 1 --2- >> [v2:172.21.15.37:3300/0,v1:172.21.15.37:6789/0] conn(0x7fe650102770 0x7fe650102b80 unknown :-1 s=NONE pgs=0 cs=0 l=0 rev1=0 crypto rx=0 tx=0 comp rx=0 tx=0).connect
2024-03-04T04:52:00.140 INFO:teuthology.orchestra.run.smithi037.stdout:/usr/bin/ceph: stderr
2024-03-04T04:51:59.218+0000 7fe657a00700 1 -- --> [v2:172.21.15.37:3300/0,v1:172.21.15.37:6789/0] -- mon_getmap magic: 0 v1 -- 0x7fe6501030c0 con 0x7fe650102770
2024-03-04T04:52:00.140 INFO:teuthology.orchestra.run.smithi037.stdout:/usr/bin/ceph: stderr
2024-03-04T04:51:59.218+0000 7fe655000700 1 --2- >> [v2:172.21.15.37:3300/0,v1:172.21.15.37:6789/0] conn(0x7fe650102770 0x7fe650102b80 unknown :-1 s=BANNER_CONNECTING pgs=0 cs=0 l=0 rev1=0 crypto rx=0 tx=0 comp rx=0 tx=0)._handle_peer_banner_payload supported=3 required=0
2024-03-04T04:52:00.140 INFO:teuthology.orchestra.run.smithi037.stdout:/usr/bin/ceph: stderr
2024-03-04T04:51:59.218+0000 7fe655000700 1 --2- >> [v2:172.21.15.37:3300/0,v1:172.21.15.37:6789/0] conn(0x7fe650102770 0x7fe650102b80 unknown :-1 s=HELLO_CONNECTING pgs=0 cs=0 l=0 rev1=1 crypto rx=0 tx=0 comp rx=0 tx=0).handle_hello peer v2:172.21.15.37:3300/0 says I am v2:172.21.15.37:44806/0 (socket says 172.21.15.37:44806)
2024-03-04T04:52:00.140 INFO:teuthology.orchestra.run.smithi037.stdout:/usr/bin/ceph: stderr
2024-03-04T04:51:59.219+0000 7fe655000700 1 -- 172.21.15.37:0/3883757639 learned_addr learned my addr 172.21.15.37:0/3883757639 (peer_addr_for_me v2:172.21.15.37:0/0)
2024-03-04T04:52:00.140 INFO:teuthology.orchestra.run.smithi037.stdout:/usr/bin/ceph: stderr
2024-03-04T04:51:59.219+0000 7fe655000700 1 -- 172.21.15.37:0/3883757639 --> [v2:172.21.15.37:3300/0,v1:172.21.15.37:6789/0] -- mon_subscribe({config=0+,monmap=0+}) v3 -- 0x7fe650103200 con 0x7fe650102770
2024-03-04T04:52:00.140 INFO:teuthology.orchestra.run.smithi037.stdout:/usr/bin/ceph: stderr
2024-03-04T04:51:59.219+0000 7fe655000700 1 --2- 172.21.15.37:0/3883757639 >> [v2:172.21.15.37:3300/0,v1:172.21.15.37:6789/0] conn(0x7fe650102770 0x7fe650102b80 secure :-1 s=READY pgs=86 cs=0 l=1 rev1=1 crypto rx=0x7fe6440098e0 tx=0x7fe644009250 comp rx=0 tx=0).ready entity=mon.0 client_cookie=af3eeea65c52f094 server_cookie=0 in_seq=0 out_seq=0
2024-03-04T04:52:00.140 INFO:teuthology.orchestra.run.smithi037.stdout:/usr/bin/ceph: stderr
2024-03-04T04:51:59.220+0000 7fe64f400700 1 -- 172.21.15.37:0/3883757639 <== mon.0 v2:172.21.15.37:3300/0 1 ==== mon_map magic: 0 v1 ==== 229+0+0 (secure 0 0 0) 0x7fe64400b860 con 0x7fe650102770
2024-03-04T04:52:00.140 INFO:teuthology.orchestra.run.smithi037.stdout:/usr/bin/ceph: stderr
2024-03-04T04:51:59.220+0000 7fe64f400700 1 -- 172.21.15.37:0/3883757639 <== mon.0 v2:172.21.15.37:3300/0 2 ==== config(27 keys) v1 ==== 1109+0+0 (secure 0 0 0) 0x7fe64400be90 con 0x7fe650102770
2024-03-04T04:52:00.140 INFO:teuthology.orchestra.run.smithi037.stdout:/usr/bin/ceph: stderr
2024-03-04T04:51:59.220+0000 7fe64f400700 1 -- 172.21.15.37:0/3883757639 <== mon.0 v2:172.21.15.37:3300/0 3 ==== mon_map magic: 0 v1 ==== 229+0+0 (secure 0 0 0) 0x7fe6440103c0 con 0x7fe650102770
2024-03-04T04:52:00.140 INFO:teuthology.orchestra.run.smithi037.stdout:/usr/bin/ceph: stderr
2024-03-04T04:51:59.220+0000 7fe657a00700 1 -- 172.21.15.37:0/3883757639 >> [v2:172.21.15.37:3300/0,v1:172.21.15.37:6789/0] conn(0x7fe650102770 msgr2=0x7fe650102b80 secure :-1 s=STATE_CONNECTION_ESTABLISHED l=1).mark_down
2024-03-04T04:52:00.140 INFO:teuthology.orchestra.run.smithi037.stdout:/usr/bin/ceph: stderr
2024-03-04T04:51:59.220+0000 7fe657a00700 1 --2- 172.21.15.37:0/3883757639 >> [v2:172.21.15.37:3300/0,v1:172.21.15.37:6789/0] conn(0x7fe650102770 0x7fe650102b80 secure :-1 s=READY pgs=86 cs=0 l=1 rev1=1 crypto rx=0x7fe6440098e0 tx=0x7fe644009250 comp rx=0 tx=0).stop
2024-03-04T04:52:00.141 INFO:teuthology.orchestra.run.smithi037.stdout:/usr/bin/ceph: stderr
2024-03-04T04:51:59.221+0000 7fe657a00700 1 -- 172.21.15.37:0/3883757639 shutdown_connections
2024-03-04T04:52:00.141 INFO:teuthology.orchestra.run.smithi037.stdout:/usr/bin/ceph: stderr
2024-03-04T04:51:59.221+0000 7fe657a00700 1 --2- 172.21.15.37:0/3883757639 >> [v2:172.21.15.37:3300/0,v1:172.21.15.37:6789/0] conn(0x7fe650102770 0x7fe650102b80 unknown :-1 s=CLOSED pgs=86 cs=0 l=1 rev1=1 crypto rx=0 tx=0 comp rx=0 tx=0).stop
2024-03-04T04:52:00.141 INFO:teuthology.orchestra.run.smithi037.stdout:/usr/bin/ceph: stderr
2024-03-04T04:51:59.221+0000 7fe657a00700 1 -- 172.21.15.37:0/3883757639 >> 172.21.15.37:0/3883757639 conn(0x7fe6500fded0 msgr2=0x7fe650100300 unknown :-1 s=STATE_NONE l=0).mark_down
2024-03-04T04:52:00.141 INFO:teuthology.orchestra.run.smithi037.stdout:/usr/bin/ceph: stderr
2024-03-04T04:51:59.221+0000 7fe657a00700 1 -- 172.21.15.37:0/3883757639 shutdown_connections
2024-03-04T04:52:00.141 INFO:teuthology.orchestra.run.smithi037.stdout:/usr/bin/ceph: stderr
2024-03-04T04:51:59.221+0000 7fe657a00700 1 -- 172.21.15.37:0/3883757639 wait complete.
2024-03-04T04:52:00.141 INFO:teuthology.orchestra.run.smithi037.stdout:/usr/bin/ceph: stderr
2024-03-04T04:51:59.222+0000 7fe657a00700 1 Processor -- start
2024-03-04T04:52:00.141 INFO:teuthology.orchestra.run.smithi037.stdout:/usr/bin/ceph: stderr
2024-03-04T04:51:59.222+0000 7fe657a00700 1 -- start start
2024-03-04T04:52:00.141 INFO:teuthology.orchestra.run.smithi037.stdout:/usr/bin/ceph: stderr
2024-03-04T04:51:59.222+0000 7fe657a00700 1 --2- >> [v2:172.21.15.37:3300/0,v1:172.21.15.37:6789/0] conn(0x7fe650102770 0x7fe650077c00 unknown :-1 s=NONE pgs=0 cs=0 l=1 rev1=0 crypto rx=0 tx=0 comp rx=0 tx=0).connect
2024-03-04T04:52:00.141 INFO:teuthology.orchestra.run.smithi037.stdout:/usr/bin/ceph: stderr
2024-03-04T04:51:59.222+0000 7fe657a00700 1 -- --> [v2:172.21.15.37:3300/0,v1:172.21.15.37:6789/0] -- mon_getmap magic: 0 v1 -- 0x7fe650076080 con 0x7fe650102770
2024-03-04T04:52:00.141 INFO:teuthology.orchestra.run.smithi037.stdout:/usr/bin/ceph: stderr
2024-03-04T04:51:59.223+0000 7fe655000700 1 --2- >> [v2:172.21.15.37:3300/0,v1:172.21.15.37:6789/0] conn(0x7fe650102770 0x7fe650077c00 unknown :-1 s=BANNER_CONNECTING pgs=0 cs=0 l=1 rev1=0 crypto rx=0 tx=0 comp rx=0 tx=0)._handle_peer_banner_payload supported=3 required=0
2024-03-04T04:52:00.141 INFO:teuthology.orchestra.run.smithi037.stdout:/usr/bin/ceph: stderr
2024-03-04T04:51:59.223+0000 7fe655000700 1 --2- >> [v2:172.21.15.37:3300/0,v1:172.21.15.37:6789/0] conn(0x7fe650102770 0x7fe650077c00 unknown :-1 s=HELLO_CONNECTING pgs=0 cs=0 l=1 rev1=1 crypto rx=0 tx=0 comp rx=0 tx=0).handle_hello peer v2:172.21.15.37:3300/0 says I am v2:172.21.15.37:44810/0 (socket says 172.21.15.37:44810)
2024-03-04T04:52:00.141 INFO:teuthology.orchestra.run.smithi037.stdout:/usr/bin/ceph: stderr
2024-03-04T04:51:59.223+0000 7fe655000700 1 -- 172.21.15.37:0/2312308781 learned_addr learned my addr 172.21.15.37:0/2312308781 (peer_addr_for_me v2:172.21.15.37:0/0)
2024-03-04T04:52:00.141 INFO:teuthology.orchestra.run.smithi037.stdout:/usr/bin/ceph: stderr
2024-03-04T04:51:59.223+0000 7fe655000700 1 -- 172.21.15.37:0/2312308781 --> [v2:172.21.15.37:3300/0,v1:172.21.15.37:6789/0] -- mon_subscribe({config=0+,monmap=0+}) v3 -- 0x7fe6440094f0 con 0x7fe650102770
2024-03-04T04:52:00.141 INFO:teuthology.orchestra.run.smithi037.stdout:/usr/bin/ceph: stderr
2024-03-04T04:51:59.223+0000 7fe655000700 1 --2- 172.21.15.37:0/2312308781 >> [v2:172.21.15.37:3300/0,v1:172.21.15.37:6789/0] conn(0x7fe650102770 0x7fe650077c00 secure :-1 s=READY pgs=87 cs=0 l=1 rev1=1 crypto rx=0x7fe644006b00 tx=0x7fe644009250 comp rx=0 tx=0).ready entity=mon.0 client_cookie=0 server_cookie=0 in_seq=0 out_seq=0
2024-03-04T04:52:00.142 INFO:teuthology.orchestra.run.smithi037.stdout:/usr/bin/ceph: stderr
2024-03-04T04:51:59.224+0000 7fe64cc00700 1 -- 172.21.15.37:0/2312308781 <== mon.0 v2:172.21.15.37:3300/0 1 ==== mon_map magic: 0 v1 ==== 229+0+0 (secure 0 0 0) 0x7fe6440109a0 con 0x7fe650102770
2024-03-04T04:52:00.142 INFO:teuthology.orchestra.run.smithi037.stdout:/usr/bin/ceph: stderr
2024-03-04T04:51:59.224+0000 7fe64cc00700 1 -- 172.21.15.37:0/2312308781 <== mon.0 v2:172.21.15.37:3300/0 2 ==== config(27 keys) v1 ==== 1109+0+0 (secure 0 0 0) 0x7fe64401a430 con 0x7fe650102770
2024-03-04T04:52:00.142 INFO:teuthology.orchestra.run.smithi037.stdout:/usr/bin/ceph: stderr
2024-03-04T04:51:59.224+0000 7fe64cc00700 1 -- 172.21.15.37:0/2312308781 <== mon.0 v2:172.21.15.37:3300/0 3 ==== mon_map magic: 0 v1 ==== 229+0+0 (secure 0 0 0) 0x7fe6440245b0 con 0x7fe650102770
2024-03-04T04:52:00.142 INFO:teuthology.orchestra.run.smithi037.stdout:/usr/bin/ceph: stderr
2024-03-04T04:51:59.224+0000 7fe657a00700 1 -- 172.21.15.37:0/2312308781 --> [v2:172.21.15.37:3300/0,v1:172.21.15.37:6789/0] -- mon_subscribe({mgrmap=0+}) v3 -- 0x7fe650076280 con 0x7fe650102770
2024-03-04T04:52:00.142 INFO:teuthology.orchestra.run.smithi037.stdout:/usr/bin/ceph: stderr
2024-03-04T04:51:59.224+0000 7fe657a00700 1 -- 172.21.15.37:0/2312308781 --> [v2:172.21.15.37:3300/0,v1:172.21.15.37:6789/0] -- mon_subscribe({osdmap=0}) v3 -- 0x7fe650076710 con 0x7fe650102770
2024-03-04T04:52:00.142 INFO:teuthology.orchestra.run.smithi037.stdout:/usr/bin/ceph: stderr
2024-03-04T04:51:59.225+0000 7fe64cc00700 1 -- 172.21.15.37:0/2312308781 <== mon.0 v2:172.21.15.37:3300/0 4 ==== mgrmap(e 13) v1 ==== 43424+0+0 (secure 0 0 0) 0x7fe64401aaa0 con 0x7fe650102770
2024-03-04T04:52:00.142 INFO:teuthology.orchestra.run.smithi037.stdout:/usr/bin/ceph: stderr
2024-03-04T04:51:59.225+0000 7fe642000700 1 -- 172.21.15.37:0/2312308781 --> [v2:172.21.15.37:3300/0,v1:172.21.15.37:6789/0] -- mon_command({"prefix": "get_command_descriptions"} v 0) v1 -- 0x7fe62c0052b0 con 0x7fe650102770
2024-03-04T04:52:00.142 INFO:teuthology.orchestra.run.smithi037.stdout:/usr/bin/ceph: stderr
2024-03-04T04:51:59.225+0000 7fe64cc00700 1 --2- 172.21.15.37:0/2312308781 >> [v2:172.21.15.37:6800/1079356164,v1:172.21.15.37:6801/1079356164] conn(0x7fe6380368d0 0x7fe638038d80 unknown :-1 s=NONE pgs=0 cs=0 l=1 rev1=0 crypto rx=0 tx=0 comp rx=0 tx=0).connect
2024-03-04T04:52:00.142 INFO:teuthology.orchestra.run.smithi037.stdout:/usr/bin/ceph: stderr
2024-03-04T04:51:59.226+0000 7fe64cc00700 1 -- 172.21.15.37:0/2312308781 <== mon.0 v2:172.21.15.37:3300/0 5 ==== osd_map(3..3 src has 1..3) v4 ==== 1151+0+0 (secure 0 0 0) 0x7fe64404a870 con 0x7fe650102770
2024-03-04T04:52:00.142 INFO:teuthology.orchestra.run.smithi037.stdout:/usr/bin/ceph: stderr
2024-03-04T04:51:59.226+0000 7fe64fe00700 1 --2- 172.21.15.37:0/2312308781 >> [v2:172.21.15.37:6800/1079356164,v1:172.21.15.37:6801/1079356164] conn(0x7fe6380368d0 0x7fe638038d80 unknown :-1 s=BANNER_CONNECTING pgs=0 cs=0 l=1 rev1=0 crypto rx=0 tx=0 comp rx=0 tx=0)._handle_peer_banner_payload supported=3 required=0
2024-03-04T04:52:00.142 INFO:teuthology.orchestra.run.smithi037.stdout:/usr/bin/ceph: stderr
2024-03-04T04:51:59.227+0000 7fe64fe00700 1 --2- 172.21.15.37:0/2312308781 >> [v2:172.21.15.37:6800/1079356164,v1:172.21.15.37:6801/1079356164] conn(0x7fe6380368d0 0x7fe638038d80 secure :-1 s=READY pgs=10 cs=0 l=1 rev1=1 crypto rx=0x7fe63c009990 tx=0x7fe63c006e40 comp rx=0 tx=0).ready entity=mgr.14162 client_cookie=0 server_cookie=0 in_seq=0 out_seq=0
2024-03-04T04:52:00.142 INFO:teuthology.orchestra.run.smithi037.stdout:/usr/bin/ceph: stderr
2024-03-04T04:51:59.231+0000 7fe64cc00700 1 -- 172.21.15.37:0/2312308781 <== mon.0 v2:172.21.15.37:3300/0 6 ==== mon_command_ack([{"prefix": "get_command_descriptions"}]=0 v0) v1 ==== 72+0+175031 (secure 0 0 0) 0x7fe64402c340 con 0x7fe650102770
2024-03-04T04:52:00.142 INFO:teuthology.orchestra.run.smithi037.stdout:/usr/bin/ceph: stderr
2024-03-04T04:51:59.442+0000 7fe642000700 1 -- 172.21.15.37:0/2312308781 --> [v2:172.21.15.37:3300/0,v1:172.21.15.37:6789/0] -- mon_command([{prefix=config set, name=osd_memory_target_autotune}] v 0) v1 -- 0x7fe62c005ae0 con 0x7fe650102770
2024-03-04T04:52:00.142 INFO:teuthology.orchestra.run.smithi037.stdout:/usr/bin/ceph: stderr
2024-03-04T04:51:59.442+0000 7fe64cc00700 1 -- 172.21.15.37:0/2312308781 <== mon.0 v2:172.21.15.37:3300/0 7 ==== mon_command_ack([{prefix=config set, name=osd_memory_target_autotune}]=0 v8)=0 v8) v1 ==== 127+0+0 (secure 0 0 0) 0x7fe644018b40 con 0x7fe650102770
2024-03-04T04:52:00.143 INFO:teuthology.orchestra.run.smithi037.stdout:/usr/bin/ceph: stderr
2024-03-04T04:51:59.445+0000 7fe642000700 1 -- 172.21.15.37:0/2312308781 >> [v2:172.21.15.37:6800/1079356164,v1:172.21.15.37:6801/1079356164] conn(0x7fe6380368d0 msgr2=0x7fe638038d80 secure :-1 s=STATE_CONNECTION_ESTABLISHED l=1).mark_down
2024-03-04T04:52:00.143 INFO:teuthology.orchestra.run.smithi037.stdout:/usr/bin/ceph: stderr
2024-03-04T04:51:59.445+0000 7fe642000700 1 --2- 172.21.15.37:0/2312308781 >> [v2:172.21.15.37:6800/1079356164,v1:172.21.15.37:6801/1079356164] conn(0x7fe6380368d0 0x7fe638038d80 secure :-1 s=READY pgs=10 cs=0 l=1 rev1=1 crypto rx=0x7fe63c009990 tx=0x7fe63c006e40 comp rx=0 tx=0).stop
2024-03-04T04:52:00.143 INFO:teuthology.orchestra.run.smithi037.stdout:/usr/bin/ceph: stderr
2024-03-04T04:51:59.445+0000 7fe642000700 1 -- 172.21.15.37:0/2312308781 >> [v2:172.21.15.37:3300/0,v1:172.21.15.37:6789/0] conn(0x7fe650102770 msgr2=0x7fe650077c00 secure :-1 s=STATE_CONNECTION_ESTABLISHED l=1).mark_down
2024-03-04T04:52:00.143 INFO:teuthology.orchestra.run.smithi037.stdout:/usr/bin/ceph: stderr
2024-03-04T04:51:59.445+0000 7fe642000700 1 --2- 172.21.15.37:0/2312308781 >> [v2:172.21.15.37:3300/0,v1:172.21.15.37:6789/0] conn(0x7fe650102770 0x7fe650077c00 secure :-1 s=READY pgs=87 cs=0 l=1 rev1=1 crypto rx=0x7fe644006b00 tx=0x7fe644009250 comp rx=0 tx=0).stop
2024-03-04T04:52:00.143 INFO:teuthology.orchestra.run.smithi037.stdout:/usr/bin/ceph: stderr
2024-03-04T04:51:59.445+0000 7fe642000700 1 -- 172.21.15.37:0/2312308781 shutdown_connections
2024-03-04T04:52:00.143 INFO:teuthology.orchestra.run.smithi037.stdout:/usr/bin/ceph: stderr
2024-03-04T04:51:59.445+0000 7fe642000700 1 --2- 172.21.15.37:0/2312308781 >> [v2:172.21.15.37:6800/1079356164,v1:172.21.15.37:6801/1079356164] conn(0x7fe6380368d0 0x7fe638038d80 unknown :-1 s=CLOSED pgs=10 cs=0 l=1 rev1=1 crypto rx=0 tx=0 comp rx=0 tx=0).stop
2024-03-04T04:52:00.143 INFO:teuthology.orchestra.run.smithi037.stdout:/usr/bin/ceph: stderr
2024-03-04T04:51:59.445+0000 7fe642000700 1 --2- 172.21.15.37:0/2312308781 >> [v2:172.21.15.37:3300/0,v1:172.21.15.37:6789/0] conn(0x7fe650102770 0x7fe650077c00 unknown :-1 s=CLOSED pgs=87 cs=0 l=1 rev1=1 crypto rx=0 tx=0 comp rx=0 tx=0).stop
2024-03-04T04:52:00.143 INFO:teuthology.orchestra.run.smithi037.stdout:/usr/bin/ceph: stderr
2024-03-04T04:51:59.445+0000 7fe642000700 1 -- 172.21.15.37:0/2312308781 >> 172.21.15.37:0/2312308781 conn(0x7fe6500fded0 msgr2=0x7fe6500fee80 unknown :-1 s=STATE_NONE l=0).mark_down
2024-03-04T04:52:00.143 INFO:teuthology.orchestra.run.smithi037.stdout:/usr/bin/ceph: stderr
2024-03-04T04:51:59.446+0000 7fe642000700 1 -- 172.21.15.37:0/2312308781 shutdown_connections
2024-03-04T04:52:00.143 INFO:teuthology.orchestra.run.smithi037.stdout:/usr/bin/ceph: stderr
2024-03-04T04:51:59.446+0000 7fe642000700 1 -- 172.21.15.37:0/2312308781 wait complete.
2024-03-04T04:52:01.728 INFO:teuthology.orchestra.run.smithi037.stdout:/usr/bin/ceph: stderr
2024-03-04T04:52:00.749+0000 7f37a9200700 1 Processor -- start
2024-03-04T04:52:01.728 INFO:teuthology.orchestra.run.smithi037.stdout:/usr/bin/ceph: stderr
2024-03-04T04:52:00.750+0000 7f37a9200700 1 -- start start
2024-03-04T04:52:01.728 INFO:teuthology.orchestra.run.smithi037.stdout:/usr/bin/ceph: stderr
2024-03-04T04:52:00.750+0000 7f37a9200700 1 --2- >> [v2:172.21.15.37:3300/0,v1:172.21.15.37:6789/0] conn(0x7f37a40714a0 0x7f37a4105360 unknown :-1 s=NONE pgs=0 cs=0 l=0 rev1=0 crypto rx=0 tx=0 comp rx=0 tx=0).connect
2024-03-04T04:52:01.729 INFO:teuthology.orchestra.run.smithi037.stdout:/usr/bin/ceph: stderr
2024-03-04T04:52:00.750+0000 7f37a9200700 1 -- --> [v2:172.21.15.37:3300/0,v1:172.21.15.37:6789/0] -- mon_getmap magic: 0 v1 -- 0x7f37a41058a0 con 0x7f37a40714a0
2024-03-04T04:52:01.730 INFO:teuthology.orchestra.run.smithi037.stdout:/usr/bin/ceph: stderr
2024-03-04T04:52:00.750+0000 7f37a1e00700 1 --2- >> [v2:172.21.15.37:3300/0,v1:172.21.15.37:6789/0] conn(0x7f37a40714a0 0x7f37a4105360 unknown :-1 s=BANNER_CONNECTING pgs=0 cs=0 l=0 rev1=0 crypto rx=0 tx=0 comp rx=0 tx=0)._handle_peer_banner_payload supported=3 required=0
2024-03-04T04:52:01.730 INFO:teuthology.orchestra.run.smithi037.stdout:/usr/bin/ceph: stderr
2024-03-04T04:52:00.751+0000 7f37a1e00700 1 --2- >> [v2:172.21.15.37:3300/0,v1:172.21.15.37:6789/0] conn(0x7f37a40714a0 0x7f37a4105360 unknown :-1 s=HELLO_CONNECTING pgs=0 cs=0 l=0 rev1=1 crypto rx=0 tx=0 comp rx=0 tx=0).handle_hello peer v2:172.21.15.37:3300/0 says I am v2:172.21.15.37:44824/0 (socket says 172.21.15.37:44824)
2024-03-04T04:52:01.730 INFO:teuthology.orchestra.run.smithi037.stdout:/usr/bin/ceph: stderr
2024-03-04T04:52:00.751+0000 7f37a1e00700 1 -- 172.21.15.37:0/346202110 learned_addr learned my addr 172.21.15.37:0/346202110 (peer_addr_for_me v2:172.21.15.37:0/0)
2024-03-04T04:52:01.730 INFO:teuthology.orchestra.run.smithi037.stdout:/usr/bin/ceph: stderr
2024-03-04T04:52:00.751+0000 7f37a1e00700 1 -- 172.21.15.37:0/346202110 --> [v2:172.21.15.37:3300/0,v1:172.21.15.37:6789/0] -- mon_subscribe({config=0+,monmap=0+}) v3 -- 0x7f37a41059e0 con 0x7f37a40714a0
2024-03-04T04:52:01.730 INFO:teuthology.orchestra.run.smithi037.stdout:/usr/bin/ceph: stderr
2024-03-04T04:52:00.751+0000 7f37a1e00700 1 --2- 172.21.15.37:0/346202110 >> [v2:172.21.15.37:3300/0,v1:172.21.15.37:6789/0] conn(0x7f37a40714a0 0x7f37a4105360 secure :-1 s=READY pgs=88 cs=0 l=1 rev1=1 crypto rx=0x7f3794009e50 tx=0x7f3794009840 comp rx=0 tx=0).ready entity=mon.0 client_cookie=e2f94a30ad09fe79 server_cookie=0 in_seq=0 out_seq=0
2024-03-04T04:52:01.730 INFO:teuthology.orchestra.run.smithi037.stdout:/usr/bin/ceph: stderr
2024-03-04T04:52:00.752+0000 7f37a1400700 1 -- 172.21.15.37:0/346202110 <== mon.0 v2:172.21.15.37:3300/0 1 ==== mon_map magic: 0 v1 ==== 229+0+0 (secure 0 0 0) 0x7f37940092e0 con 0x7f37a40714a0
2024-03-04T04:52:01.730 INFO:teuthology.orchestra.run.smithi037.stdout:/usr/bin/ceph: stderr
2024-03-04T04:52:00.752+0000 7f37a1400700 1 -- 172.21.15.37:0/346202110 <== mon.0 v2:172.21.15.37:3300/0 2 ==== config(27 keys) v1 ==== 1109+0+0 (secure 0 0 0) 0x7f3794012430 con 0x7f37a40714a0
2024-03-04T04:52:01.730 INFO:teuthology.orchestra.run.smithi037.stdout:/usr/bin/ceph: stderr
2024-03-04T04:52:00.752+0000 7f37a1400700 1 -- 172.21.15.37:0/346202110 <== mon.0 v2:172.21.15.37:3300/0 3 ==== mon_map magic: 0 v1 ==== 229+0+0 (secure 0 0 0) 0x7f37940075a0 con 0x7f37a40714a0
2024-03-04T04:52:01.735 INFO:teuthology.orchestra.run.smithi037.stdout:/usr/bin/ceph: stderr
2024-03-04T04:52:00.752+0000 7f37a9200700 1 -- 172.21.15.37:0/346202110 >> [v2:172.21.15.37:3300/0,v1:172.21.15.37:6789/0] conn(0x7f37a40714a0 msgr2=0x7f37a4105360 secure :-1 s=STATE_CONNECTION_ESTABLISHED l=1).mark_down
2024-03-04T04:52:01.735 INFO:teuthology.orchestra.run.smithi037.stdout:/usr/bin/ceph: stderr
2024-03-04T04:52:00.752+0000 7f37a9200700 1 --2- 172.21.15.37:0/346202110 >> [v2:172.21.15.37:3300/0,v1:172.21.15.37:6789/0] conn(0x7f37a40714a0 0x7f37a4105360 secure :-1 s=READY pgs=88 cs=0 l=1 rev1=1 crypto rx=0x7f3794009e50 tx=0x7f3794009840 comp rx=0 tx=0).stop
2024-03-04T04:52:01.735 INFO:teuthology.orchestra.run.smithi037.stdout:/usr/bin/ceph: stderr
2024-03-04T04:52:00.753+0000 7f37a9200700 1 -- 172.21.15.37:0/346202110 shutdown_connections
2024-03-04T04:52:01.736 INFO:teuthology.orchestra.run.smithi037.stdout:/usr/bin/ceph: stderr
2024-03-04T04:52:00.753+0000 7f37a9200700 1 --2- 172.21.15.37:0/346202110 >> [v2:172.21.15.37:3300/0,v1:172.21.15.37:6789/0] conn(0x7f37a40714a0 0x7f37a4105360 unknown :-1 s=CLOSED pgs=88 cs=0 l=1 rev1=1 crypto rx=0 tx=0 comp rx=0 tx=0).stop
2024-03-04T04:52:01.736 INFO:teuthology.orchestra.run.smithi037.stdout:/usr/bin/ceph: stderr
2024-03-04T04:52:00.753+0000 7f37a9200700 1 -- 172.21.15.37:0/346202110 >> 172.21.15.37:0/346202110 conn(0x7f37a40fcdd0 msgr2=0x7f37a40ff200 unknown :-1 s=STATE_NONE l=0).mark_down
2024-03-04T04:52:01.736 INFO:teuthology.orchestra.run.smithi037.stdout:/usr/bin/ceph: stderr
2024-03-04T04:52:00.753+0000 7f37a9200700 1 -- 172.21.15.37:0/346202110 shutdown_connections
2024-03-04T04:52:01.736 INFO:teuthology.orchestra.run.smithi037.stdout:/usr/bin/ceph: stderr
2024-03-04T04:52:00.753+0000 7f37a9200700 1 -- 172.21.15.37:0/346202110 wait complete.
2024-03-04T04:52:01.736 INFO:teuthology.orchestra.run.smithi037.stdout:/usr/bin/ceph: stderr
2024-03-04T04:52:00.754+0000 7f37a9200700 1 Processor -- start
2024-03-04T04:52:01.736 INFO:teuthology.orchestra.run.smithi037.stdout:/usr/bin/ceph: stderr
2024-03-04T04:52:00.754+0000 7f37a9200700 1 -- start start
2024-03-04T04:52:01.736 INFO:teuthology.orchestra.run.smithi037.stdout:/usr/bin/ceph: stderr
2024-03-04T04:52:00.754+0000 7f37a9200700 1 --2- >> [v2:172.21.15.37:3300/0,v1:172.21.15.37:6789/0] conn(0x7f37a40714a0 0x7f37a4113840 unknown :-1 s=NONE pgs=0 cs=0 l=1 rev1=0 crypto rx=0 tx=0 comp rx=0 tx=0).connect
2024-03-04T04:52:01.736 INFO:teuthology.orchestra.run.smithi037.stdout:/usr/bin/ceph: stderr
2024-03-04T04:52:00.754+0000 7f37a9200700 1 -- --> [v2:172.21.15.37:3300/0,v1:172.21.15.37:6789/0] -- mon_getmap magic: 0 v1 -- 0x7f37a4113d80 con 0x7f37a40714a0
2024-03-04T04:52:01.736 INFO:teuthology.orchestra.run.smithi037.stdout:/usr/bin/ceph: stderr
2024-03-04T04:52:00.754+0000 7f37a1e00700 1 --2- >> [v2:172.21.15.37:3300/0,v1:172.21.15.37:6789/0] conn(0x7f37a40714a0 0x7f37a4113840 unknown :-1 s=BANNER_CONNECTING pgs=0 cs=0 l=1 rev1=0 crypto rx=0 tx=0 comp rx=0 tx=0)._handle_peer_banner_payload supported=3 required=0
2024-03-04T04:52:01.736 INFO:teuthology.orchestra.run.smithi037.stdout:/usr/bin/ceph: stderr
2024-03-04T04:52:00.754+0000 7f37a1e00700 1 --2- >> [v2:172.21.15.37:3300/0,v1:172.21.15.37:6789/0] conn(0x7f37a40714a0 0x7f37a4113840 unknown :-1 s=HELLO_CONNECTING pgs=0 cs=0 l=1 rev1=1 crypto rx=0 tx=0 comp rx=0 tx=0).handle_hello peer v2:172.21.15.37:3300/0 says I am v2:172.21.15.37:44826/0 (socket says 172.21.15.37:44826)
2024-03-04T04:52:01.736 INFO:teuthology.orchestra.run.smithi037.stdout:/usr/bin/ceph: stderr
2024-03-04T04:52:00.754+0000 7f37a1e00700 1 -- 172.21.15.37:0/772964609 learned_addr learned my addr 172.21.15.37:0/772964609 (peer_addr_for_me v2:172.21.15.37:0/0)
2024-03-04T04:52:01.736 INFO:teuthology.orchestra.run.smithi037.stdout:/usr/bin/ceph: stderr
2024-03-04T04:52:00.755+0000 7f37a1e00700 1 -- 172.21.15.37:0/772964609 --> [v2:172.21.15.37:3300/0,v1:172.21.15.37:6789/0] -- mon_subscribe({config=0+,monmap=0+}) v3 -- 0x7f3794009ae0 con 0x7f37a40714a0
2024-03-04T04:52:01.736 INFO:teuthology.orchestra.run.smithi037.stdout:/usr/bin/ceph: stderr
2024-03-04T04:52:00.755+0000 7f37a1e00700 1 --2- 172.21.15.37:0/772964609 >> [v2:172.21.15.37:3300/0,v1:172.21.15.37:6789/0] conn(0x7f37a40714a0 0x7f37a4113840 secure :-1 s=READY pgs=89 cs=0 l=1 rev1=1 crypto rx=0x7f3794009fd0 tx=0x7f3794009840 comp rx=0 tx=0).ready entity=mon.0 client_cookie=0 server_cookie=0 in_seq=0 out_seq=0
2024-03-04T04:52:01.737 INFO:teuthology.orchestra.run.smithi037.stdout:/usr/bin/ceph: stderr
2024-03-04T04:52:00.755+0000 7f379aa00700 1 -- 172.21.15.37:0/772964609 <== mon.0 v2:172.21.15.37:3300/0 1 ==== mon_map magic: 0 v1 ==== 229+0+0 (secure 0 0 0) 0x7f37940092e0 con 0x7f37a40714a0
2024-03-04T04:52:01.737 INFO:teuthology.orchestra.run.smithi037.stdout:/usr/bin/ceph: stderr
2024-03-04T04:52:00.755+0000 7f379aa00700 1 -- 172.21.15.37:0/772964609 <== mon.0 v2:172.21.15.37:3300/0 2 ==== config(27 keys) v1 ==== 1109+0+0 (secure 0 0 0) 0x7f3794007ce0 con 0x7f37a40714a0
2024-03-04T04:52:01.737 INFO:teuthology.orchestra.run.smithi037.stdout:/usr/bin/ceph: stderr
2024-03-04T04:52:00.755+0000 7f379aa00700 1 -- 172.21.15.37:0/772964609 <== mon.0 v2:172.21.15.37:3300/0 3 ==== mon_map magic: 0 v1 ==== 229+0+0 (secure 0 0 0) 0x7f37940259c0 con 0x7f37a40714a0
2024-03-04T04:52:01.737 INFO:teuthology.orchestra.run.smithi037.stdout:/usr/bin/ceph: stderr
2024-03-04T04:52:00.755+0000 7f37a9200700 1 -- 172.21.15.37:0/772964609 --> [v2:172.21.15.37:3300/0,v1:172.21.15.37:6789/0] -- mon_subscribe({mgrmap=0+}) v3 -- 0x7f37a4113f80 con 0x7f37a40714a0
2024-03-04T04:52:01.737 INFO:teuthology.orchestra.run.smithi037.stdout:/usr/bin/ceph: stderr
2024-03-04T04:52:00.756+0000 7f37a9200700 1 -- 172.21.15.37:0/772964609 --> [v2:172.21.15.37:3300/0,v1:172.21.15.37:6789/0] -- mon_subscribe({osdmap=0}) v3 -- 0x7f37a4114c20 con 0x7f37a40714a0
2024-03-04T04:52:01.737 INFO:teuthology.orchestra.run.smithi037.stdout:/usr/bin/ceph: stderr
2024-03-04T04:52:00.757+0000 7f379aa00700 1 -- 172.21.15.37:0/772964609 <== mon.0 v2:172.21.15.37:3300/0 4 ==== mgrmap(e 13) v1 ==== 43424+0+0 (secure 0 0 0) 0x7f3794019050 con 0x7f37a40714a0
2024-03-04T04:52:01.737 INFO:teuthology.orchestra.run.smithi037.stdout:/usr/bin/ceph: stderr
2024-03-04T04:52:00.757+0000 7f3793400700 1 -- 172.21.15.37:0/772964609 --> [v2:172.21.15.37:3300/0,v1:172.21.15.37:6789/0] -- mon_command({"prefix": "get_command_descriptions"} v 0) v1 -- 0x7f377c0052b0 con 0x7f37a40714a0
2024-03-04T04:52:01.737 INFO:teuthology.orchestra.run.smithi037.stdout:/usr/bin/ceph: stderr
2024-03-04T04:52:00.757+0000 7f379aa00700 1 --2- 172.21.15.37:0/772964609 >> [v2:172.21.15.37:6800/1079356164,v1:172.21.15.37:6801/1079356164] conn(0x7f37880368d0 0x7f3788038d80 unknown :-1 s=NONE pgs=0 cs=0 l=1 rev1=0 crypto rx=0 tx=0 comp rx=0 tx=0).connect
2024-03-04T04:52:01.737 INFO:teuthology.orchestra.run.smithi037.stdout:/usr/bin/ceph: stderr
2024-03-04T04:52:00.757+0000 7f379aa00700 1 -- 172.21.15.37:0/772964609 <== mon.0 v2:172.21.15.37:3300/0 5 ==== osd_map(3..3 src has 1..3) v4 ==== 1151+0+0 (secure 0 0 0) 0x7f379404a220 con 0x7f37a40714a0
2024-03-04T04:52:01.737 INFO:teuthology.orchestra.run.smithi037.stdout:/usr/bin/ceph: stderr
2024-03-04T04:52:00.758+0000 7f3799400700 1 --2- 172.21.15.37:0/772964609 >> [v2:172.21.15.37:6800/1079356164,v1:172.21.15.37:6801/1079356164] conn(0x7f37880368d0 0x7f3788038d80 unknown :-1 s=BANNER_CONNECTING pgs=0 cs=0 l=1 rev1=0 crypto rx=0 tx=0 comp rx=0 tx=0)._handle_peer_banner_payload supported=3 required=0
2024-03-04T04:52:01.737 INFO:teuthology.orchestra.run.smithi037.stdout:/usr/bin/ceph: stderr
2024-03-04T04:52:00.758+0000 7f3799400700 1 --2- 172.21.15.37:0/772964609 >> [v2:172.21.15.37:6800/1079356164,v1:172.21.15.37:6801/1079356164] conn(0x7f37880368d0 0x7f3788038d80 secure :-1 s=READY pgs=11 cs=0 l=1 rev1=1 crypto rx=0x7f378c009990 tx=0x7f378c006e40 comp rx=0 tx=0).ready entity=mgr.14162 client_cookie=0 server_cookie=0 in_seq=0 out_seq=0
2024-03-04T04:52:01.737 INFO:teuthology.orchestra.run.smithi037.stdout:/usr/bin/ceph: stderr
2024-03-04T04:52:00.762+0000 7f379aa00700 1 -- 172.21.15.37:0/772964609 <== mon.0 v2:172.21.15.37:3300/0 6 ==== mon_command_ack([{"prefix": "get_command_descriptions"}]=0 v0) v1 ==== 72+0+175031 (secure 0 0 0) 0x7f379400be50 con 0x7f37a40714a0
2024-03-04T04:52:01.737 INFO:teuthology.orchestra.run.smithi037.stdout:/usr/bin/ceph: stderr
2024-03-04T04:52:01.085+0000 7f3793400700 1 -- 172.21.15.37:0/772964609 --> [v2:172.21.15.37:3300/0,v1:172.21.15.37:6789/0] -- mon_command([{prefix=config-key set, key=mgr/dashboard/cluster/status}] v 0) v1 -- 0x7f377c005ae0 con 0x7f37a40714a0
2024-03-04T04:52:01.737 INFO:teuthology.orchestra.run.smithi037.stdout:/usr/bin/ceph: stderr
2024-03-04T04:52:01.089+0000 7f379aa00700 1 -- 172.21.15.37:0/772964609 <== mon.0 v2:172.21.15.37:3300/0 7 ==== mon_command_ack([{prefix=config-key set, key=mgr/dashboard/cluster/status}]=0 set mgr/dashboard/cluster/status v33)=0 set mgr/dashboard/cluster/status v33) v1 ==== 153+0+0 (secure 0 0 0) 0x7f3794020070 con 0x7f37a40714a0
2024-03-04T04:52:01.737 INFO:teuthology.orchestra.run.smithi037.stdout:/usr/bin/ceph: stderr
2024-03-04T04:52:01.091+0000 7f3793400700 1 -- 172.21.15.37:0/772964609 >> [v2:172.21.15.37:6800/1079356164,v1:172.21.15.37:6801/1079356164] conn(0x7f37880368d0 msgr2=0x7f3788038d80 secure :-1 s=STATE_CONNECTION_ESTABLISHED l=1).mark_down
2024-03-04T04:52:01.738 INFO:teuthology.orchestra.run.smithi037.stdout:/usr/bin/ceph: stderr
2024-03-04T04:52:01.091+0000 7f3793400700 1 --2- 172.21.15.37:0/772964609 >> [v2:172.21.15.37:6800/1079356164,v1:172.21.15.37:6801/1079356164] conn(0x7f37880368d0 0x7f3788038d80 secure :-1 s=READY pgs=11 cs=0 l=1 rev1=1 crypto rx=0x7f378c009990 tx=0x7f378c006e40 comp rx=0 tx=0).stop
2024-03-04T04:52:01.738 INFO:teuthology.orchestra.run.smithi037.stdout:/usr/bin/ceph: stderr
2024-03-04T04:52:01.091+0000 7f3793400700 1 -- 172.21.15.37:0/772964609 >> [v2:172.21.15.37:3300/0,v1:172.21.15.37:6789/0] conn(0x7f37a40714a0 msgr2=0x7f37a4113840 secure :-1 s=STATE_CONNECTION_ESTABLISHED l=1).mark_down
2024-03-04T04:52:01.738 INFO:teuthology.orchestra.run.smithi037.stdout:/usr/bin/ceph: stderr
2024-03-04T04:52:01.091+0000 7f3793400700 1 --2- 172.21.15.37:0/772964609 >> [v2:172.21.15.37:3300/0,v1:172.21.15.37:6789/0] conn(0x7f37a40714a0 0x7f37a4113840 secure :-1 s=READY pgs=89 cs=0 l=1 rev1=1 crypto rx=0x7f3794009fd0 tx=0x7f3794009840 comp rx=0 tx=0).stop
2024-03-04T04:52:01.738 INFO:teuthology.orchestra.run.smithi037.stdout:/usr/bin/ceph: stderr
2024-03-04T04:52:01.091+0000 7f3793400700 1 -- 172.21.15.37:0/772964609 shutdown_connections
2024-03-04T04:52:01.738 INFO:teuthology.orchestra.run.smithi037.stdout:/usr/bin/ceph: stderr
2024-03-04T04:52:01.091+0000 7f3793400700 1 --2- 172.21.15.37:0/772964609 >> [v2:172.21.15.37:6800/1079356164,v1:172.21.15.37:6801/1079356164] conn(0x7f37880368d0 0x7f3788038d80 unknown :-1 s=CLOSED pgs=11 cs=0 l=1 rev1=1 crypto rx=0 tx=0 comp rx=0 tx=0).stop
2024-03-04T04:52:01.738 INFO:teuthology.orchestra.run.smithi037.stdout:/usr/bin/ceph: stderr
2024-03-04T04:52:01.091+0000 7f3793400700 1 --2- 172.21.15.37:0/772964609 >> [v2:172.21.15.37:3300/0,v1:172.21.15.37:6789/0] conn(0x7f37a40714a0 0x7f37a4113840 unknown :-1 s=CLOSED pgs=89 cs=0 l=1 rev1=1 crypto rx=0 tx=0 comp rx=0 tx=0).stop
2024-03-04T04:52:01.738 INFO:teuthology.orchestra.run.smithi037.stdout:/usr/bin/ceph: stderr
2024-03-04T04:52:01.091+0000 7f3793400700 1 -- 172.21.15.37:0/772964609 >> 172.21.15.37:0/772964609 conn(0x7f37a40fcdd0 msgr2=0x7f37a40fe4b0 unknown :-1 s=STATE_NONE l=0).mark_down
2024-03-04T04:52:01.738 INFO:teuthology.orchestra.run.smithi037.stdout:/usr/bin/ceph: stderr
2024-03-04T04:52:01.092+0000 7f3793400700 1 -- 172.21.15.37:0/772964609 shutdown_connections
2024-03-04T04:52:01.738 INFO:teuthology.orchestra.run.smithi037.stdout:/usr/bin/ceph: stderr
2024-03-04T04:52:01.092+0000 7f3793400700 1 -- 172.21.15.37:0/772964609 wait complete.
2024-03-04T04:52:01.738 INFO:teuthology.orchestra.run.smithi037.stdout:/usr/bin/ceph: stderr set mgr/dashboard/cluster/status
2024-03-04T04:52:01.739 INFO:teuthology.orchestra.run.smithi037.stdout:You can access the Ceph CLI as following in case of multi-cluster or non-default config:
2024-03-04T04:52:01.739 INFO:teuthology.orchestra.run.smithi037.stdout:
2024-03-04T04:52:01.739 INFO:teuthology.orchestra.run.smithi037.stdout: sudo /home/ubuntu/cephtest/cephadm shell --fsid 97618cfa-d9e2-11ee-95c6-87774f69a715 -c /etc/ceph/ceph.conf -k /etc/ceph/ceph.client.admin.keyring
2024-03-04T04:52:01.739 INFO:teuthology.orchestra.run.smithi037.stdout:
2024-03-04T04:52:01.739 INFO:teuthology.orchestra.run.smithi037.stdout:Or, if you are only running a single cluster on this host:
2024-03-04T04:52:01.739 INFO:teuthology.orchestra.run.smithi037.stdout:
2024-03-04T04:52:01.739 INFO:teuthology.orchestra.run.smithi037.stdout: sudo /home/ubuntu/cephtest/cephadm shell
2024-03-04T04:52:01.739 INFO:teuthology.orchestra.run.smithi037.stdout:
2024-03-04T04:52:01.739 INFO:teuthology.orchestra.run.smithi037.stdout:Please consider enabling telemetry to help improve Ceph:
2024-03-04T04:52:01.740 INFO:teuthology.orchestra.run.smithi037.stdout:
2024-03-04T04:52:01.740 INFO:teuthology.orchestra.run.smithi037.stdout: ceph telemetry on
2024-03-04T04:52:01.740 INFO:teuthology.orchestra.run.smithi037.stdout:
2024-03-04T04:52:01.740 INFO:teuthology.orchestra.run.smithi037.stdout:For more information see:
2024-03-04T04:52:01.740 INFO:teuthology.orchestra.run.smithi037.stdout:
2024-03-04T04:52:01.740 INFO:teuthology.orchestra.run.smithi037.stdout: https://docs.ceph.com/docs/master/mgr/telemetry/
2024-03-04T04:52:01.740 INFO:teuthology.orchestra.run.smithi037.stdout:
2024-03-04T04:52:01.740 INFO:teuthology.orchestra.run.smithi037.stdout:Bootstrap complete.
2024-03-04T04:52:01.856 INFO:tasks.cephadm:Fetching config...
2024-03-04T04:52:01.857 DEBUG:teuthology.orchestra.run.smithi037:> set -ex
2024-03-04T04:52:01.857 DEBUG:teuthology.orchestra.run.smithi037:> dd if=/etc/ceph/ceph.conf of=/dev/stdout
2024-03-04T04:52:01.911 INFO:tasks.cephadm:Fetching client.admin keyring...
2024-03-04T04:52:01.911 DEBUG:teuthology.orchestra.run.smithi037:> set -ex
2024-03-04T04:52:01.911 DEBUG:teuthology.orchestra.run.smithi037:> dd if=/etc/ceph/ceph.client.admin.keyring of=/dev/stdout
2024-03-04T04:52:01.954 INFO:tasks.cephadm:Fetching mon keyring...
2024-03-04T04:52:01.954 DEBUG:teuthology.orchestra.run.smithi037:> set -ex
2024-03-04T04:52:01.954 DEBUG:teuthology.orchestra.run.smithi037:> sudo dd if=/var/lib/ceph/97618cfa-d9e2-11ee-95c6-87774f69a715/mon.smithi037/keyring of=/dev/stdout
2024-03-04T04:52:02.087 INFO:tasks.cephadm:Fetching pub ssh key...
2024-03-04T04:52:02.087 DEBUG:teuthology.orchestra.run.smithi037:> set -ex
2024-03-04T04:52:02.087 DEBUG:teuthology.orchestra.run.smithi037:> dd if=/home/ubuntu/cephtest/ceph.pub of=/dev/stdout
2024-03-04T04:52:02.140 INFO:tasks.cephadm:Installing pub ssh key for root users...
2024-03-04T04:52:02.140 DEBUG:teuthology.orchestra.run.smithi037:> sudo install -d -m 0700 /root/.ssh && echo 'ssh-rsa AAAAB3NzaC1yc2EAAAADAQABAAABgQCQqnVaVoOAkX5sibbO0XKUkGCoKjPLI2diF+6hiut03l+houG/5uDG9AnXYCALSISF5sFewnSCiFP/g5unyvmbGnpkw6trXbxR8b7v9PCLviS8OMunZUDoBqkcQNb3C4GW6H6snRxqxax2d2+bx5isIqROyYRWgbyVmuxIJjL6mqP5EcRtmmFQo7cm+iU0cjCGO1JJSfevPP1NlxsBf7BtMyZQrxXcO89m6I8AJVQmuPCOscg2rxG11SGxmFFGVQQagp3FMgo7NyZKUInnnQ9hWgh4RqwYvBqeHaaGoq143seB2eovunOCHBgRZ8BYZQ/Q6EhMByEkNsSEBQ6QJ55IxzRS82eYOUulb+NTyn9vSc0qe7EmPvWmMevrLDhE2YyoiB04kL2XHhHE2zem8le1wdActJ0+YvG3BGWMwWOEz5TuU5VPusPaA6+iItC22qpFGMX1QospFhBneaGa/2Lo/+0xnH7rCgFitVX1rLLg7lTzPnhkuZiPOvNpqi22FwE= ceph-97618cfa-d9e2-11ee-95c6-87774f69a715' | sudo tee -a /root/.ssh/authorized_keys && sudo chmod 0600 /root/.ssh/authorized_keys
2024-03-04T04:52:02.275 INFO:teuthology.orchestra.run.smithi037.stdout:ssh-rsa AAAAB3NzaC1yc2EAAAADAQABAAABgQCQqnVaVoOAkX5sibbO0XKUkGCoKjPLI2diF+6hiut03l+houG/5uDG9AnXYCALSISF5sFewnSCiFP/g5unyvmbGnpkw6trXbxR8b7v9PCLviS8OMunZUDoBqkcQNb3C4GW6H6snRxqxax2d2+bx5isIqROyYRWgbyVmuxIJjL6mqP5EcRtmmFQo7cm+iU0cjCGO1JJSfevPP1NlxsBf7BtMyZQrxXcO89m6I8AJVQmuPCOscg2rxG11SGxmFFGVQQagp3FMgo7NyZKUInnnQ9hWgh4RqwYvBqeHaaGoq143seB2eovunOCHBgRZ8BYZQ/Q6EhMByEkNsSEBQ6QJ55IxzRS82eYOUulb+NTyn9vSc0qe7EmPvWmMevrLDhE2YyoiB04kL2XHhHE2zem8le1wdActJ0+YvG3BGWMwWOEz5TuU5VPusPaA6+iItC22qpFGMX1QospFhBneaGa/2Lo/+0xnH7rCgFitVX1rLLg7lTzPnhkuZiPOvNpqi22FwE= ceph-97618cfa-d9e2-11ee-95c6-87774f69a715
2024-03-04T04:52:02.313 INFO:journalctl@ceph.mon.smithi037.smithi037.stdout:Mar 04 04:52:02 smithi037 ceph-mon[28611]: from='client.? 172.21.15.37:0/772964609' entity='client.admin'
2024-03-04T04:52:02.333 DEBUG:teuthology.orchestra.run.smithi193:> sudo install -d -m 0700 /root/.ssh && echo 'ssh-rsa AAAAB3NzaC1yc2EAAAADAQABAAABgQCQqnVaVoOAkX5sibbO0XKUkGCoKjPLI2diF+6hiut03l+houG/5uDG9AnXYCALSISF5sFewnSCiFP/g5unyvmbGnpkw6trXbxR8b7v9PCLviS8OMunZUDoBqkcQNb3C4GW6H6snRxqxax2d2+bx5isIqROyYRWgbyVmuxIJjL6mqP5EcRtmmFQo7cm+iU0cjCGO1JJSfevPP1NlxsBf7BtMyZQrxXcO89m6I8AJVQmuPCOscg2rxG11SGxmFFGVQQagp3FMgo7NyZKUInnnQ9hWgh4RqwYvBqeHaaGoq143seB2eovunOCHBgRZ8BYZQ/Q6EhMByEkNsSEBQ6QJ55IxzRS82eYOUulb+NTyn9vSc0qe7EmPvWmMevrLDhE2YyoiB04kL2XHhHE2zem8le1wdActJ0+YvG3BGWMwWOEz5TuU5VPusPaA6+iItC22qpFGMX1QospFhBneaGa/2Lo/+0xnH7rCgFitVX1rLLg7lTzPnhkuZiPOvNpqi22FwE= ceph-97618cfa-d9e2-11ee-95c6-87774f69a715' | sudo tee -a /root/.ssh/authorized_keys && sudo chmod 0600 /root/.ssh/authorized_keys
2024-03-04T04:52:02.465 INFO:teuthology.orchestra.run.smithi193.stdout:ssh-rsa AAAAB3NzaC1yc2EAAAADAQABAAABgQCQqnVaVoOAkX5sibbO0XKUkGCoKjPLI2diF+6hiut03l+houG/5uDG9AnXYCALSISF5sFewnSCiFP/g5unyvmbGnpkw6trXbxR8b7v9PCLviS8OMunZUDoBqkcQNb3C4GW6H6snRxqxax2d2+bx5isIqROyYRWgbyVmuxIJjL6mqP5EcRtmmFQo7cm+iU0cjCGO1JJSfevPP1NlxsBf7BtMyZQrxXcO89m6I8AJVQmuPCOscg2rxG11SGxmFFGVQQagp3FMgo7NyZKUInnnQ9hWgh4RqwYvBqeHaaGoq143seB2eovunOCHBgRZ8BYZQ/Q6EhMByEkNsSEBQ6QJ55IxzRS82eYOUulb+NTyn9vSc0qe7EmPvWmMevrLDhE2YyoiB04kL2XHhHE2zem8le1wdActJ0+YvG3BGWMwWOEz5TuU5VPusPaA6+iItC22qpFGMX1QospFhBneaGa/2Lo/+0xnH7rCgFitVX1rLLg7lTzPnhkuZiPOvNpqi22FwE= ceph-97618cfa-d9e2-11ee-95c6-87774f69a715
2024-03-04T04:52:02.526 DEBUG:teuthology.orchestra.run.smithi037:> sudo /home/ubuntu/cephtest/cephadm --image quay.ceph.io/ceph-ci/ceph:quincy shell -c /etc/ceph/ceph.conf -k /etc/ceph/ceph.client.admin.keyring --fsid 97618cfa-d9e2-11ee-95c6-87774f69a715 -- ceph config set mgr mgr/cephadm/allow_ptrace true
2024-03-04T04:52:02.992 INFO:teuthology.orchestra.run.smithi037.stderr:Inferring config /var/lib/ceph/97618cfa-d9e2-11ee-95c6-87774f69a715/mon.smithi037/config
2024-03-04T04:52:05.460 INFO:teuthology.orchestra.run.smithi037.stderr:2024-03-04T04:52:05.458+0000 7f7948400700 1 -- 172.21.15.37:0/3087707767 >> [v2:172.21.15.37:3300/0,v1:172.21.15.37:6789/0] conn(0x7f79400fcbb0 msgr2=0x7f79400fcfc0 secure :-1 s=STATE_CONNECTION_ESTABLISHED l=1).mark_down
2024-03-04T04:52:05.460 INFO:teuthology.orchestra.run.smithi037.stderr:2024-03-04T04:52:05.458+0000 7f7948400700 1 --2- 172.21.15.37:0/3087707767 >> [v2:172.21.15.37:3300/0,v1:172.21.15.37:6789/0] conn(0x7f79400fcbb0 0x7f79400fcfc0 secure :-1 s=READY pgs=90 cs=0 l=1 rev1=1 crypto rx=0x7f79340048c0 tx=0x7f7934009e30 comp rx=0 tx=0).stop
2024-03-04T04:52:05.460 INFO:teuthology.orchestra.run.smithi037.stderr:2024-03-04T04:52:05.458+0000 7f7948400700 1 -- 172.21.15.37:0/3087707767 shutdown_connections
2024-03-04T04:52:05.460 INFO:teuthology.orchestra.run.smithi037.stderr:2024-03-04T04:52:05.458+0000 7f7948400700 1 --2- 172.21.15.37:0/3087707767 >> [v2:172.21.15.37:3300/0,v1:172.21.15.37:6789/0] conn(0x7f79400fcbb0 0x7f79400fcfc0 unknown :-1 s=CLOSED pgs=90 cs=0 l=1 rev1=1 crypto rx=0 tx=0 comp rx=0 tx=0).stop
2024-03-04T04:52:05.460 INFO:teuthology.orchestra.run.smithi037.stderr:2024-03-04T04:52:05.458+0000 7f7948400700 1 -- 172.21.15.37:0/3087707767 >> 172.21.15.37:0/3087707767 conn(0x7f79400f8330 msgr2=0x7f79400fa740 unknown :-1 s=STATE_NONE l=0).mark_down
2024-03-04T04:52:05.460 INFO:teuthology.orchestra.run.smithi037.stderr:2024-03-04T04:52:05.458+0000 7f7948400700 1 -- 172.21.15.37:0/3087707767 shutdown_connections
2024-03-04T04:52:05.461 INFO:teuthology.orchestra.run.smithi037.stderr:2024-03-04T04:52:05.458+0000 7f7948400700 1 -- 172.21.15.37:0/3087707767 wait complete.
2024-03-04T04:52:05.461 INFO:teuthology.orchestra.run.smithi037.stderr:2024-03-04T04:52:05.459+0000 7f7948400700 1 Processor -- start
2024-03-04T04:52:05.461 INFO:teuthology.orchestra.run.smithi037.stderr:2024-03-04T04:52:05.460+0000 7f7948400700 1 -- start start
2024-03-04T04:52:05.461 INFO:teuthology.orchestra.run.smithi037.stderr:2024-03-04T04:52:05.460+0000 7f7948400700 1 --2- >> [v2:172.21.15.37:3300/0,v1:172.21.15.37:6789/0] conn(0x7f79400fcbb0 0x7f7940071e60 unknown :-1 s=NONE pgs=0 cs=0 l=1 rev1=0 crypto rx=0 tx=0 comp rx=0 tx=0).connect
2024-03-04T04:52:05.461 INFO:teuthology.orchestra.run.smithi037.stderr:2024-03-04T04:52:05.460+0000 7f7948400700 1 -- --> [v2:172.21.15.37:3300/0,v1:172.21.15.37:6789/0] -- mon_getmap magic: 0 v1 -- 0x7f79400702e0 con 0x7f79400fcbb0
2024-03-04T04:52:05.462 INFO:teuthology.orchestra.run.smithi037.stderr:2024-03-04T04:52:05.460+0000 7f7945a00700 1 --2- >> [v2:172.21.15.37:3300/0,v1:172.21.15.37:6789/0] conn(0x7f79400fcbb0 0x7f7940071e60 unknown :-1 s=BANNER_CONNECTING pgs=0 cs=0 l=1 rev1=0 crypto rx=0 tx=0 comp rx=0 tx=0)._handle_peer_banner_payload supported=3 required=0
2024-03-04T04:52:05.462 INFO:teuthology.orchestra.run.smithi037.stderr:2024-03-04T04:52:05.460+0000 7f7945a00700 1 --2- >> [v2:172.21.15.37:3300/0,v1:172.21.15.37:6789/0] conn(0x7f79400fcbb0 0x7f7940071e60 unknown :-1 s=HELLO_CONNECTING pgs=0 cs=0 l=1 rev1=1 crypto rx=0 tx=0 comp rx=0 tx=0).handle_hello peer v2:172.21.15.37:3300/0 says I am v2:172.21.15.37:44844/0 (socket says 172.21.15.37:44844)
2024-03-04T04:52:05.462 INFO:teuthology.orchestra.run.smithi037.stderr:2024-03-04T04:52:05.460+0000 7f7945a00700 1 -- 172.21.15.37:0/1180401062 learned_addr learned my addr 172.21.15.37:0/1180401062 (peer_addr_for_me v2:172.21.15.37:0/0)
2024-03-04T04:52:05.462 INFO:teuthology.orchestra.run.smithi037.stderr:2024-03-04T04:52:05.461+0000 7f7945a00700 1 -- 172.21.15.37:0/1180401062 --> [v2:172.21.15.37:3300/0,v1:172.21.15.37:6789/0] -- mon_subscribe({config=0+,monmap=0+}) v3 -- 0x7f7934005040 con 0x7f79400fcbb0
2024-03-04T04:52:05.462 INFO:teuthology.orchestra.run.smithi037.stderr:2024-03-04T04:52:05.461+0000 7f7945a00700 1 --2- 172.21.15.37:0/1180401062 >> [v2:172.21.15.37:3300/0,v1:172.21.15.37:6789/0] conn(0x7f79400fcbb0 0x7f7940071e60 secure :-1 s=READY pgs=91 cs=0 l=1 rev1=1 crypto rx=0x7f7934009b80 tx=0x7f7934009e30 comp rx=0 tx=0).ready entity=mon.0 client_cookie=0 server_cookie=0 in_seq=0 out_seq=0
2024-03-04T04:52:05.463 INFO:teuthology.orchestra.run.smithi037.stderr:2024-03-04T04:52:05.461+0000 7f793d600700 1 -- 172.21.15.37:0/1180401062 <== mon.0 v2:172.21.15.37:3300/0 1 ==== mon_map magic: 0 v1 ==== 229+0+0 (secure 0 0 0) 0x7f793400b5c0 con 0x7f79400fcbb0
2024-03-04T04:52:05.463 INFO:teuthology.orchestra.run.smithi037.stderr:2024-03-04T04:52:05.461+0000 7f793d600700 1 -- 172.21.15.37:0/1180401062 <== mon.0 v2:172.21.15.37:3300/0 2 ==== config(27 keys) v1 ==== 1109+0+0 (secure 0 0 0) 0x7f793400be70 con 0x7f79400fcbb0
2024-03-04T04:52:05.463 INFO:teuthology.orchestra.run.smithi037.stderr:2024-03-04T04:52:05.461+0000 7f7948400700 1 -- 172.21.15.37:0/1180401062 --> [v2:172.21.15.37:3300/0,v1:172.21.15.37:6789/0] -- mon_subscribe({mgrmap=0+}) v3 -- 0x7f79400704e0 con 0x7f79400fcbb0
2024-03-04T04:52:05.463 INFO:teuthology.orchestra.run.smithi037.stderr:2024-03-04T04:52:05.461+0000 7f793d600700 1 -- 172.21.15.37:0/1180401062 <== mon.0 v2:172.21.15.37:3300/0 3 ==== mon_map magic: 0 v1 ==== 229+0+0 (secure 0 0 0) 0x7f793401c660 con 0x7f79400fcbb0
2024-03-04T04:52:05.463 INFO:teuthology.orchestra.run.smithi037.stderr:2024-03-04T04:52:05.461+0000 7f7948400700 1 -- 172.21.15.37:0/1180401062 --> [v2:172.21.15.37:3300/0,v1:172.21.15.37:6789/0] -- mon_subscribe({osdmap=0}) v3 -- 0x7f79400709d0 con 0x7f79400fcbb0
2024-03-04T04:52:05.464 INFO:teuthology.orchestra.run.smithi037.stderr:2024-03-04T04:52:05.462+0000 7f7948400700 1 -- 172.21.15.37:0/1180401062 --> [v2:172.21.15.37:3300/0,v1:172.21.15.37:6789/0] -- mon_command({"prefix": "get_command_descriptions"} v 0) v1 -- 0x7f7940106900 con 0x7f79400fcbb0
2024-03-04T04:52:05.464 INFO:teuthology.orchestra.run.smithi037.stderr:2024-03-04T04:52:05.463+0000 7f793d600700 1 -- 172.21.15.37:0/1180401062 <== mon.0 v2:172.21.15.37:3300/0 4 ==== mgrmap(e 13) v1 ==== 43424+0+0 (secure 0 0 0) 0x7f793401c8d0 con 0x7f79400fcbb0
2024-03-04T04:52:05.464 INFO:teuthology.orchestra.run.smithi037.stderr:2024-03-04T04:52:05.463+0000 7f793d600700 1 --2- 172.21.15.37:0/1180401062 >> [v2:172.21.15.37:6800/1079356164,v1:172.21.15.37:6801/1079356164] conn(0x7f7928036870 0x7f7928038d20 unknown :-1 s=NONE pgs=0 cs=0 l=1 rev1=0 crypto rx=0 tx=0 comp rx=0 tx=0).connect
