2024-03-13T14:37:52.013+0000 7f5c2fe00700 1 -- 172.21.15.176:0/3264567026 <== mon.0 v2:172.21.15.176:3300/0 2 ==== config(27 keys) v1 ==== 1101+0+0 (secure 0 0 0) 0x7f5c240042e0 con 0x7f5c3007ad60
2024-03-13T14:37:53.496 INFO:teuthology.orchestra.run.smithi176.stdout:/usr/bin/ceph: stderr
2024-03-13T14:37:52.013+0000 7f5c2fe00700 1 -- 172.21.15.176:0/3264567026 <== mon.0 v2:172.21.15.176:3300/0 3 ==== mon_map magic: 0 v1 ==== 229+0+0 (secure 0 0 0) 0x7f5c24011af0 con 0x7f5c3007ad60
2024-03-13T14:37:53.496 INFO:teuthology.orchestra.run.smithi176.stdout:/usr/bin/ceph: stderr
2024-03-13T14:37:52.014+0000 7f5c38200700 1 -- 172.21.15.176:0/3264567026 >> [v2:172.21.15.176:3300/0,v1:172.21.15.176:6789/0] conn(0x7f5c3007ad60 msgr2=0x7f5c300791c0 secure :-1 s=STATE_CONNECTION_ESTABLISHED l=1).mark_down
2024-03-13T14:37:53.496 INFO:teuthology.orchestra.run.smithi176.stdout:/usr/bin/ceph: stderr
2024-03-13T14:37:52.014+0000 7f5c38200700 1 --2- 172.21.15.176:0/3264567026 >> [v2:172.21.15.176:3300/0,v1:172.21.15.176:6789/0] conn(0x7f5c3007ad60 0x7f5c300791c0 secure :-1 s=READY pgs=84 cs=0 l=1 rev1=1 crypto rx=0x7f5c240098a0 tx=0x7f5c24009bb0 comp rx=0 tx=0).stop
2024-03-13T14:37:53.497 INFO:teuthology.orchestra.run.smithi176.stdout:/usr/bin/ceph: stderr
2024-03-13T14:37:52.014+0000 7f5c38200700 1 -- 172.21.15.176:0/3264567026 shutdown_connections
2024-03-13T14:37:53.497 INFO:teuthology.orchestra.run.smithi176.stdout:/usr/bin/ceph: stderr
2024-03-13T14:37:52.014+0000 7f5c38200700 1 --2- 172.21.15.176:0/3264567026 >> [v2:172.21.15.176:3300/0,v1:172.21.15.176:6789/0] conn(0x7f5c3007ad60 0x7f5c300791c0 unknown :-1 s=CLOSED pgs=84 cs=0 l=1 rev1=1 crypto rx=0 tx=0 comp rx=0 tx=0).stop
2024-03-13T14:37:53.497 INFO:teuthology.orchestra.run.smithi176.stdout:/usr/bin/ceph: stderr
2024-03-13T14:37:52.014+0000 7f5c38200700 1 -- 172.21.15.176:0/3264567026 >> 172.21.15.176:0/3264567026 conn(0x7f5c301019b0 msgr2=0x7f5c30103e10 unknown :-1 s=STATE_NONE l=0).mark_down
2024-03-13T14:37:53.497 INFO:teuthology.orchestra.run.smithi176.stdout:/usr/bin/ceph: stderr
2024-03-13T14:37:52.014+0000 7f5c38200700 1 -- 172.21.15.176:0/3264567026 shutdown_connections
2024-03-13T14:37:53.500 INFO:teuthology.orchestra.run.smithi176.stdout:/usr/bin/ceph: stderr
2024-03-13T14:37:52.014+0000 7f5c38200700 1 -- 172.21.15.176:0/3264567026 wait complete.
2024-03-13T14:37:53.501 INFO:teuthology.orchestra.run.smithi176.stdout:/usr/bin/ceph: stderr
2024-03-13T14:37:52.015+0000 7f5c38200700 1 Processor -- start
2024-03-13T14:37:53.501 INFO:teuthology.orchestra.run.smithi176.stdout:/usr/bin/ceph: stderr
2024-03-13T14:37:52.016+0000 7f5c38200700 1 -- start start
2024-03-13T14:37:53.501 INFO:teuthology.orchestra.run.smithi176.stdout:/usr/bin/ceph: stderr
2024-03-13T14:37:52.016+0000 7f5c38200700 1 --2- >> [v2:172.21.15.176:3300/0,v1:172.21.15.176:6789/0] conn(0x7f5c3007ad60 0x7f5c3019c380 unknown :-1 s=NONE pgs=0 cs=0 l=1 rev1=0 crypto rx=0 tx=0 comp rx=0 tx=0).connect
2024-03-13T14:37:53.501 INFO:teuthology.orchestra.run.smithi176.stdout:/usr/bin/ceph: stderr
2024-03-13T14:37:52.016+0000 7f5c38200700 1 -- --> [v2:172.21.15.176:3300/0,v1:172.21.15.176:6789/0] -- mon_getmap magic: 0 v1 -- 0x7f5c3019c8c0 con 0x7f5c3007ad60
2024-03-13T14:37:53.501 INFO:teuthology.orchestra.run.smithi176.stdout:/usr/bin/ceph: stderr
2024-03-13T14:37:52.016+0000 7f5c35800700 1 --2- >> [v2:172.21.15.176:3300/0,v1:172.21.15.176:6789/0] conn(0x7f5c3007ad60 0x7f5c3019c380 unknown :-1 s=BANNER_CONNECTING pgs=0 cs=0 l=1 rev1=0 crypto rx=0 tx=0 comp rx=0 tx=0)._handle_peer_banner_payload supported=3 required=0
2024-03-13T14:37:53.501 INFO:teuthology.orchestra.run.smithi176.stdout:/usr/bin/ceph: stderr
2024-03-13T14:37:52.016+0000 7f5c35800700 1 --2- >> [v2:172.21.15.176:3300/0,v1:172.21.15.176:6789/0] conn(0x7f5c3007ad60 0x7f5c3019c380 unknown :-1 s=HELLO_CONNECTING pgs=0 cs=0 l=1 rev1=1 crypto rx=0 tx=0 comp rx=0 tx=0).handle_hello peer v2:172.21.15.176:3300/0 says I am v2:172.21.15.176:54840/0 (socket says 172.21.15.176:54840)
2024-03-13T14:37:53.501 INFO:teuthology.orchestra.run.smithi176.stdout:/usr/bin/ceph: stderr
2024-03-13T14:37:52.016+0000 7f5c35800700 1 -- 172.21.15.176:0/517963282 learned_addr learned my addr 172.21.15.176:0/517963282 (peer_addr_for_me v2:172.21.15.176:0/0)
2024-03-13T14:37:53.501 INFO:teuthology.orchestra.run.smithi176.stdout:/usr/bin/ceph: stderr
2024-03-13T14:37:52.017+0000 7f5c35800700 1 -- 172.21.15.176:0/517963282 --> [v2:172.21.15.176:3300/0,v1:172.21.15.176:6789/0] -- mon_subscribe({config=0+,monmap=0+}) v3 -- 0x7f5c24009550 con 0x7f5c3007ad60
2024-03-13T14:37:53.501 INFO:teuthology.orchestra.run.smithi176.stdout:/usr/bin/ceph: stderr
2024-03-13T14:37:52.017+0000 7f5c35800700 1 --2- 172.21.15.176:0/517963282 >> [v2:172.21.15.176:3300/0,v1:172.21.15.176:6789/0] conn(0x7f5c3007ad60 0x7f5c3019c380 secure :-1 s=READY pgs=85 cs=0 l=1 rev1=1 crypto rx=0x7f5c24011670 tx=0x7f5c24011b50 comp rx=0 tx=0).ready entity=mon.0 client_cookie=0 server_cookie=0 in_seq=0 out_seq=0
2024-03-13T14:37:53.501 INFO:teuthology.orchestra.run.smithi176.stdout:/usr/bin/ceph: stderr
2024-03-13T14:37:52.017+0000 7f5c2e000700 1 -- 172.21.15.176:0/517963282 <== mon.0 v2:172.21.15.176:3300/0 1 ==== mon_map magic: 0 v1 ==== 229+0+0 (secure 0 0 0) 0x7f5c24003a40 con 0x7f5c3007ad60
2024-03-13T14:37:53.501 INFO:teuthology.orchestra.run.smithi176.stdout:/usr/bin/ceph: stderr
2024-03-13T14:37:52.017+0000 7f5c2e000700 1 -- 172.21.15.176:0/517963282 <== mon.0 v2:172.21.15.176:3300/0 2 ==== config(27 keys) v1 ==== 1101+0+0 (secure 0 0 0) 0x7f5c24003ba0 con 0x7f5c3007ad60
2024-03-13T14:37:53.501 INFO:teuthology.orchestra.run.smithi176.stdout:/usr/bin/ceph: stderr
2024-03-13T14:37:52.017+0000 7f5c38200700 1 -- 172.21.15.176:0/517963282 --> [v2:172.21.15.176:3300/0,v1:172.21.15.176:6789/0] -- mon_subscribe({mgrmap=0+}) v3 -- 0x7f5c3019cac0 con 0x7f5c3007ad60
2024-03-13T14:37:53.501 INFO:teuthology.orchestra.run.smithi176.stdout:/usr/bin/ceph: stderr
2024-03-13T14:37:52.017+0000 7f5c2e000700 1 -- 172.21.15.176:0/517963282 <== mon.0 v2:172.21.15.176:3300/0 3 ==== mon_map magic: 0 v1 ==== 229+0+0 (secure 0 0 0) 0x7f5c24024790 con 0x7f5c3007ad60
2024-03-13T14:37:53.502 INFO:teuthology.orchestra.run.smithi176.stdout:/usr/bin/ceph: stderr
2024-03-13T14:37:52.018+0000 7f5c38200700 1 -- 172.21.15.176:0/517963282 --> [v2:172.21.15.176:3300/0,v1:172.21.15.176:6789/0] -- mon_subscribe({osdmap=0}) v3 -- 0x7f5c3019cf60 con 0x7f5c3007ad60
2024-03-13T14:37:53.502 INFO:teuthology.orchestra.run.smithi176.stdout:/usr/bin/ceph: stderr
2024-03-13T14:37:52.019+0000 7f5c2e000700 1 -- 172.21.15.176:0/517963282 <== mon.0 v2:172.21.15.176:3300/0 4 ==== mgrmap(e 12) v1 ==== 45296+0+0 (secure 0 0 0) 0x7f5c2401a430 con 0x7f5c3007ad60
2024-03-13T14:37:53.502 INFO:teuthology.orchestra.run.smithi176.stdout:/usr/bin/ceph: stderr
2024-03-13T14:37:52.019+0000 7f5c38200700 1 -- 172.21.15.176:0/517963282 --> [v2:172.21.15.176:3300/0,v1:172.21.15.176:6789/0] -- mon_command({"prefix": "get_command_descriptions"} v 0) v1 -- 0x7f5c3010c7d0 con 0x7f5c3007ad60
2024-03-13T14:37:53.502 INFO:teuthology.orchestra.run.smithi176.stdout:/usr/bin/ceph: stderr
2024-03-13T14:37:52.019+0000 7f5c2e000700 1 --2- 172.21.15.176:0/517963282 >> [v2:172.21.15.176:6800/456564682,v1:172.21.15.176:6801/456564682] conn(0x7f5c180383c0 0x7f5c1803a880 unknown :-1 s=NONE pgs=0 cs=0 l=1 rev1=0 crypto rx=0 tx=0 comp rx=0 tx=0).connect
2024-03-13T14:37:53.502 INFO:teuthology.orchestra.run.smithi176.stdout:/usr/bin/ceph: stderr
2024-03-13T14:37:52.020+0000 7f5c2e000700 1 -- 172.21.15.176:0/517963282 <== mon.0 v2:172.21.15.176:3300/0 5 ==== osd_map(3..3 src has 1..3) v4 ==== 1155+0+0 (secure 0 0 0) 0x7f5c2404c630 con 0x7f5c3007ad60
2024-03-13T14:37:53.502 INFO:teuthology.orchestra.run.smithi176.stdout:/usr/bin/ceph: stderr
2024-03-13T14:37:52.020+0000 7f5c34e00700 1 --2- 172.21.15.176:0/517963282 >> [v2:172.21.15.176:6800/456564682,v1:172.21.15.176:6801/456564682] conn(0x7f5c180383c0 0x7f5c1803a880 unknown :-1 s=BANNER_CONNECTING pgs=0 cs=0 l=1 rev1=0 crypto rx=0 tx=0 comp rx=0 tx=0)._handle_peer_banner_payload supported=3 required=0
2024-03-13T14:37:53.502 INFO:teuthology.orchestra.run.smithi176.stdout:/usr/bin/ceph: stderr
2024-03-13T14:37:52.020+0000 7f5c34e00700 1 --2- 172.21.15.176:0/517963282 >> [v2:172.21.15.176:6800/456564682,v1:172.21.15.176:6801/456564682] conn(0x7f5c180383c0 0x7f5c1803a880 secure :-1 s=READY pgs=8 cs=0 l=1 rev1=1 crypto rx=0x7f5c1c006fd0 tx=0x7f5c1c006e40 comp rx=0 tx=0).ready entity=mgr.14164 client_cookie=0 server_cookie=0 in_seq=0 out_seq=0
2024-03-13T14:37:53.502 INFO:teuthology.orchestra.run.smithi176.stdout:/usr/bin/ceph: stderr
2024-03-13T14:37:52.024+0000 7f5c2e000700 1 -- 172.21.15.176:0/517963282 <== mon.0 v2:172.21.15.176:3300/0 6 ==== mon_command_ack([{"prefix": "get_command_descriptions"}]=0 v0) v1 ==== 72+0+180422 (secure 0 0 0) 0x7f5c2401ac50 con 0x7f5c3007ad60
2024-03-13T14:37:53.502 INFO:teuthology.orchestra.run.smithi176.stdout:/usr/bin/ceph: stderr
2024-03-13T14:37:52.255+0000 7f5c38200700 1 -- 172.21.15.176:0/517963282 --> [v2:172.21.15.176:6800/456564682,v1:172.21.15.176:6801/456564682] -- mgr_command(tid 0: {"prefix": "dashboard ac-user-create", "username": "admin", "rolename": "administrator", "force_password": true, "pwd_update_required": true, "target": ["mon-mgr", ""]}) v1 -- 0x7f5c300621e0 con 0x7f5c180383c0
2024-03-13T14:37:53.502 INFO:teuthology.orchestra.run.smithi176.stdout:/usr/bin/ceph: stderr
2024-03-13T14:37:52.492+0000 7f5c2e000700 1 -- 172.21.15.176:0/517963282 <== mgr.14164 v2:172.21.15.176:6800/456564682 1 ==== mgr_command_reply(tid 0: 0 ) v1 ==== 8+0+252 (secure 0 0 0) 0x7f5c300621e0 con 0x7f5c180383c0
2024-03-13T14:37:53.502 INFO:teuthology.orchestra.run.smithi176.stdout:/usr/bin/ceph: stderr
2024-03-13T14:37:52.494+0000 7f5c38200700 1 -- 172.21.15.176:0/517963282 >> [v2:172.21.15.176:6800/456564682,v1:172.21.15.176:6801/456564682] conn(0x7f5c180383c0 msgr2=0x7f5c1803a880 secure :-1 s=STATE_CONNECTION_ESTABLISHED l=1).mark_down
2024-03-13T14:37:53.502 INFO:teuthology.orchestra.run.smithi176.stdout:/usr/bin/ceph: stderr
2024-03-13T14:37:52.494+0000 7f5c38200700 1 --2- 172.21.15.176:0/517963282 >> [v2:172.21.15.176:6800/456564682,v1:172.21.15.176:6801/456564682] conn(0x7f5c180383c0 0x7f5c1803a880 secure :-1 s=READY pgs=8 cs=0 l=1 rev1=1 crypto rx=0x7f5c1c006fd0 tx=0x7f5c1c006e40 comp rx=0 tx=0).stop
2024-03-13T14:37:53.502 INFO:teuthology.orchestra.run.smithi176.stdout:/usr/bin/ceph: stderr
2024-03-13T14:37:52.494+0000 7f5c38200700 1 -- 172.21.15.176:0/517963282 >> [v2:172.21.15.176:3300/0,v1:172.21.15.176:6789/0] conn(0x7f5c3007ad60 msgr2=0x7f5c3019c380 secure :-1 s=STATE_CONNECTION_ESTABLISHED l=1).mark_down
2024-03-13T14:37:53.503 INFO:teuthology.orchestra.run.smithi176.stdout:/usr/bin/ceph: stderr
2024-03-13T14:37:52.494+0000 7f5c38200700 1 --2- 172.21.15.176:0/517963282 >> [v2:172.21.15.176:3300/0,v1:172.21.15.176:6789/0] conn(0x7f5c3007ad60 0x7f5c3019c380 secure :-1 s=READY pgs=85 cs=0 l=1 rev1=1 crypto rx=0x7f5c24011670 tx=0x7f5c24011b50 comp rx=0 tx=0).stop
2024-03-13T14:37:53.503 INFO:teuthology.orchestra.run.smithi176.stdout:/usr/bin/ceph: stderr
2024-03-13T14:37:52.494+0000 7f5c38200700 1 -- 172.21.15.176:0/517963282 shutdown_connections
2024-03-13T14:37:53.503 INFO:teuthology.orchestra.run.smithi176.stdout:/usr/bin/ceph: stderr
2024-03-13T14:37:52.494+0000 7f5c38200700 1 --2- 172.21.15.176:0/517963282 >> [v2:172.21.15.176:6800/456564682,v1:172.21.15.176:6801/456564682] conn(0x7f5c180383c0 0x7f5c1803a880 unknown :-1 s=CLOSED pgs=8 cs=0 l=1 rev1=1 crypto rx=0 tx=0 comp rx=0 tx=0).stop
2024-03-13T14:37:53.503 INFO:teuthology.orchestra.run.smithi176.stdout:/usr/bin/ceph: stderr
2024-03-13T14:37:52.494+0000 7f5c38200700 1 --2- 172.21.15.176:0/517963282 >> [v2:172.21.15.176:3300/0,v1:172.21.15.176:6789/0] conn(0x7f5c3007ad60 0x7f5c3019c380 unknown :-1 s=CLOSED pgs=85 cs=0 l=1 rev1=1 crypto rx=0 tx=0 comp rx=0 tx=0).stop
2024-03-13T14:37:53.503 INFO:teuthology.orchestra.run.smithi176.stdout:/usr/bin/ceph: stderr
2024-03-13T14:37:52.494+0000 7f5c38200700 1 -- 172.21.15.176:0/517963282 >> 172.21.15.176:0/517963282 conn(0x7f5c301019b0 msgr2=0x7f5c30103110 unknown :-1 s=STATE_NONE l=0).mark_down
2024-03-13T14:37:53.503 INFO:teuthology.orchestra.run.smithi176.stdout:/usr/bin/ceph: stderr
2024-03-13T14:37:52.494+0000 7f5c38200700 1 -- 172.21.15.176:0/517963282 shutdown_connections
2024-03-13T14:37:53.503 INFO:teuthology.orchestra.run.smithi176.stdout:/usr/bin/ceph: stderr
2024-03-13T14:37:52.494+0000 7f5c38200700 1 -- 172.21.15.176:0/517963282 wait complete.
2024-03-13T14:37:53.503 INFO:teuthology.orchestra.run.smithi176.stdout:Fetching dashboard port number...
2024-03-13T14:37:54.083 INFO:journalctl@ceph.mon.smithi176.smithi176.stdout:Mar 13 14:37:53 smithi176 ceph-mon[29064]: from='client.14178 -' entity='client.admin' cmd=[{"prefix": "dashboard ac-user-create", "username": "admin", "rolename": "administrator", "force_password": true, "pwd_update_required": true, "target": ["mon-mgr", ""]}]: dispatch
2024-03-13T14:37:55.133 INFO:journalctl@ceph.mon.smithi176.smithi176.stdout:Mar 13 14:37:54 smithi176 ceph-mon[29064]: mgrmap e13: smithi176.tzfdwd(active, since 6s)
2024-03-13T14:37:55.751 INFO:teuthology.orchestra.run.smithi176.stdout:/usr/bin/ceph: stdout 8443
2024-03-13T14:37:55.752 INFO:teuthology.orchestra.run.smithi176.stdout:/usr/bin/ceph: stderr
2024-03-13T14:37:54.939+0000 7f2bd6600700 1 Processor -- start
2024-03-13T14:37:55.752 INFO:teuthology.orchestra.run.smithi176.stdout:/usr/bin/ceph: stderr
2024-03-13T14:37:54.939+0000 7f2bd6600700 1 -- start start
2024-03-13T14:37:55.752 INFO:teuthology.orchestra.run.smithi176.stdout:/usr/bin/ceph: stderr
2024-03-13T14:37:54.940+0000 7f2bd6600700 1 --2- >> [v2:172.21.15.176:3300/0,v1:172.21.15.176:6789/0] conn(0x7f2bd0106420 0x7f2bd0106840 unknown :-1 s=NONE pgs=0 cs=0 l=0 rev1=0 crypto rx=0 tx=0 comp rx=0 tx=0).connect
2024-03-13T14:37:55.752 INFO:teuthology.orchestra.run.smithi176.stdout:/usr/bin/ceph: stderr
2024-03-13T14:37:54.940+0000 7f2bd6600700 1 -- --> [v2:172.21.15.176:3300/0,v1:172.21.15.176:6789/0] -- mon_getmap magic: 0 v1 -- 0x7f2bd0106e10 con 0x7f2bd0106420
2024-03-13T14:37:55.752 INFO:teuthology.orchestra.run.smithi176.stdout:/usr/bin/ceph: stderr
2024-03-13T14:37:54.940+0000 7f2bcf400700 1 --2- >> [v2:172.21.15.176:3300/0,v1:172.21.15.176:6789/0] conn(0x7f2bd0106420 0x7f2bd0106840 unknown :-1 s=BANNER_CONNECTING pgs=0 cs=0 l=0 rev1=0 crypto rx=0 tx=0 comp rx=0 tx=0)._handle_peer_banner_payload supported=3 required=0
2024-03-13T14:37:55.752 INFO:teuthology.orchestra.run.smithi176.stdout:/usr/bin/ceph: stderr
2024-03-13T14:37:54.940+0000 7f2bcf400700 1 --2- >> [v2:172.21.15.176:3300/0,v1:172.21.15.176:6789/0] conn(0x7f2bd0106420 0x7f2bd0106840 unknown :-1 s=HELLO_CONNECTING pgs=0 cs=0 l=0 rev1=1 crypto rx=0 tx=0 comp rx=0 tx=0).handle_hello peer v2:172.21.15.176:3300/0 says I am v2:172.21.15.176:54848/0 (socket says 172.21.15.176:54848)
2024-03-13T14:37:55.752 INFO:teuthology.orchestra.run.smithi176.stdout:/usr/bin/ceph: stderr
2024-03-13T14:37:54.940+0000 7f2bcf400700 1 -- 172.21.15.176:0/3226406032 learned_addr learned my addr 172.21.15.176:0/3226406032 (peer_addr_for_me v2:172.21.15.176:0/0)
2024-03-13T14:37:55.752 INFO:teuthology.orchestra.run.smithi176.stdout:/usr/bin/ceph: stderr
2024-03-13T14:37:54.941+0000 7f2bcf400700 1 -- 172.21.15.176:0/3226406032 --> [v2:172.21.15.176:3300/0,v1:172.21.15.176:6789/0] -- mon_subscribe({config=0+,monmap=0+}) v3 -- 0x7f2bd0107620 con 0x7f2bd0106420
2024-03-13T14:37:55.752 INFO:teuthology.orchestra.run.smithi176.stdout:/usr/bin/ceph: stderr
2024-03-13T14:37:54.941+0000 7f2bcf400700 1 --2- 172.21.15.176:0/3226406032 >> [v2:172.21.15.176:3300/0,v1:172.21.15.176:6789/0] conn(0x7f2bd0106420 0x7f2bd0106840 secure :-1 s=READY pgs=86 cs=0 l=1 rev1=1 crypto rx=0x7f2bc00098a0 tx=0x7f2bc0009bb0 comp rx=0 tx=0).ready entity=mon.0 client_cookie=9ce0ac5451237a7 server_cookie=0 in_seq=0 out_seq=0
2024-03-13T14:37:55.752 INFO:teuthology.orchestra.run.smithi176.stdout:/usr/bin/ceph: stderr
2024-03-13T14:37:54.941+0000 7f2bce000700 1 -- 172.21.15.176:0/3226406032 <== mon.0 v2:172.21.15.176:3300/0 1 ==== mon_map magic: 0 v1 ==== 229+0+0 (secure 0 0 0) 0x7f2bc0004180 con 0x7f2bd0106420
2024-03-13T14:37:55.752 INFO:teuthology.orchestra.run.smithi176.stdout:/usr/bin/ceph: stderr
2024-03-13T14:37:54.941+0000 7f2bce000700 1 -- 172.21.15.176:0/3226406032 <== mon.0 v2:172.21.15.176:3300/0 2 ==== config(27 keys) v1 ==== 1101+0+0 (secure 0 0 0) 0x7f2bc00042e0 con 0x7f2bd0106420
2024-03-13T14:37:55.752 INFO:teuthology.orchestra.run.smithi176.stdout:/usr/bin/ceph: stderr
2024-03-13T14:37:54.941+0000 7f2bce000700 1 -- 172.21.15.176:0/3226406032 <== mon.0 v2:172.21.15.176:3300/0 3 ==== mon_map magic: 0 v1 ==== 229+0+0 (secure 0 0 0) 0x7f2bc0011af0 con 0x7f2bd0106420
2024-03-13T14:37:55.753 INFO:teuthology.orchestra.run.smithi176.stdout:/usr/bin/ceph: stderr
2024-03-13T14:37:54.942+0000 7f2bd6600700 1 -- 172.21.15.176:0/3226406032 >> [v2:172.21.15.176:3300/0,v1:172.21.15.176:6789/0] conn(0x7f2bd0106420 msgr2=0x7f2bd0106840 secure :-1 s=STATE_CONNECTION_ESTABLISHED l=1).mark_down
2024-03-13T14:37:55.753 INFO:teuthology.orchestra.run.smithi176.stdout:/usr/bin/ceph: stderr
2024-03-13T14:37:54.942+0000 7f2bd6600700 1 --2- 172.21.15.176:0/3226406032 >> [v2:172.21.15.176:3300/0,v1:172.21.15.176:6789/0] conn(0x7f2bd0106420 0x7f2bd0106840 secure :-1 s=READY pgs=86 cs=0 l=1 rev1=1 crypto rx=0x7f2bc00098a0 tx=0x7f2bc0009bb0 comp rx=0 tx=0).stop
2024-03-13T14:37:55.753 INFO:teuthology.orchestra.run.smithi176.stdout:/usr/bin/ceph: stderr
2024-03-13T14:37:54.942+0000 7f2bd6600700 1 -- 172.21.15.176:0/3226406032 shutdown_connections
2024-03-13T14:37:55.753 INFO:teuthology.orchestra.run.smithi176.stdout:/usr/bin/ceph: stderr
2024-03-13T14:37:54.942+0000 7f2bd6600700 1 --2- 172.21.15.176:0/3226406032 >> [v2:172.21.15.176:3300/0,v1:172.21.15.176:6789/0] conn(0x7f2bd0106420 0x7f2bd0106840 unknown :-1 s=CLOSED pgs=86 cs=0 l=1 rev1=1 crypto rx=0 tx=0 comp rx=0 tx=0).stop
2024-03-13T14:37:55.753 INFO:teuthology.orchestra.run.smithi176.stdout:/usr/bin/ceph: stderr
2024-03-13T14:37:54.942+0000 7f2bd6600700 1 -- 172.21.15.176:0/3226406032 >> 172.21.15.176:0/3226406032 conn(0x7f2bd0101a00 msgr2=0x7f2bd0103e20 unknown :-1 s=STATE_NONE l=0).mark_down
2024-03-13T14:37:55.753 INFO:teuthology.orchestra.run.smithi176.stdout:/usr/bin/ceph: stderr
2024-03-13T14:37:54.942+0000 7f2bd6600700 1 -- 172.21.15.176:0/3226406032 shutdown_connections
2024-03-13T14:37:55.753 INFO:teuthology.orchestra.run.smithi176.stdout:/usr/bin/ceph: stderr
2024-03-13T14:37:54.942+0000 7f2bd6600700 1 -- 172.21.15.176:0/3226406032 wait complete.
2024-03-13T14:37:55.753 INFO:teuthology.orchestra.run.smithi176.stdout:/usr/bin/ceph: stderr
2024-03-13T14:37:54.943+0000 7f2bd6600700 1 Processor -- start
2024-03-13T14:37:55.753 INFO:teuthology.orchestra.run.smithi176.stdout:/usr/bin/ceph: stderr
2024-03-13T14:37:54.943+0000 7f2bd6600700 1 -- start start
2024-03-13T14:37:55.753 INFO:teuthology.orchestra.run.smithi176.stdout:/usr/bin/ceph: stderr
2024-03-13T14:37:54.944+0000 7f2bd6600700 1 --2- >> [v2:172.21.15.176:3300/0,v1:172.21.15.176:6789/0] conn(0x7f2bd0106420 0x7f2bd019a0e0 unknown :-1 s=NONE pgs=0 cs=0 l=1 rev1=0 crypto rx=0 tx=0 comp rx=0 tx=0).connect
2024-03-13T14:37:55.753 INFO:teuthology.orchestra.run.smithi176.stdout:/usr/bin/ceph: stderr
2024-03-13T14:37:54.944+0000 7f2bd6600700 1 -- --> [v2:172.21.15.176:3300/0,v1:172.21.15.176:6789/0] -- mon_getmap magic: 0 v1 -- 0x7f2bd019a620 con 0x7f2bd0106420
2024-03-13T14:37:55.753 INFO:teuthology.orchestra.run.smithi176.stdout:/usr/bin/ceph: stderr
2024-03-13T14:37:54.944+0000 7f2bcf400700 1 --2- >> [v2:172.21.15.176:3300/0,v1:172.21.15.176:6789/0] conn(0x7f2bd0106420 0x7f2bd019a0e0 unknown :-1 s=BANNER_CONNECTING pgs=0 cs=0 l=1 rev1=0 crypto rx=0 tx=0 comp rx=0 tx=0)._handle_peer_banner_payload supported=3 required=0
2024-03-13T14:37:55.753 INFO:teuthology.orchestra.run.smithi176.stdout:/usr/bin/ceph: stderr
2024-03-13T14:37:54.944+0000 7f2bcf400700 1 --2- >> [v2:172.21.15.176:3300/0,v1:172.21.15.176:6789/0] conn(0x7f2bd0106420 0x7f2bd019a0e0 unknown :-1 s=HELLO_CONNECTING pgs=0 cs=0 l=1 rev1=1 crypto rx=0 tx=0 comp rx=0 tx=0).handle_hello peer v2:172.21.15.176:3300/0 says I am v2:172.21.15.176:54864/0 (socket says 172.21.15.176:54864)
2024-03-13T14:37:55.753 INFO:teuthology.orchestra.run.smithi176.stdout:/usr/bin/ceph: stderr
2024-03-13T14:37:54.944+0000 7f2bcf400700 1 -- 172.21.15.176:0/2259413571 learned_addr learned my addr 172.21.15.176:0/2259413571 (peer_addr_for_me v2:172.21.15.176:0/0)
2024-03-13T14:37:55.754 INFO:teuthology.orchestra.run.smithi176.stdout:/usr/bin/ceph: stderr
2024-03-13T14:37:54.944+0000 7f2bcf400700 1 -- 172.21.15.176:0/2259413571 --> [v2:172.21.15.176:3300/0,v1:172.21.15.176:6789/0] -- mon_subscribe({config=0+,monmap=0+}) v3 -- 0x7f2bc0009550 con 0x7f2bd0106420
2024-03-13T14:37:55.754 INFO:teuthology.orchestra.run.smithi176.stdout:/usr/bin/ceph: stderr
2024-03-13T14:37:54.945+0000 7f2bcf400700 1 --2- 172.21.15.176:0/2259413571 >> [v2:172.21.15.176:3300/0,v1:172.21.15.176:6789/0] conn(0x7f2bd0106420 0x7f2bd019a0e0 secure :-1 s=READY pgs=87 cs=0 l=1 rev1=1 crypto rx=0x7f2bc0006ba0 tx=0x7f2bc0011b50 comp rx=0 tx=0).ready entity=mon.0 client_cookie=0 server_cookie=0 in_seq=0 out_seq=0
2024-03-13T14:37:55.754 INFO:teuthology.orchestra.run.smithi176.stdout:/usr/bin/ceph: stderr
2024-03-13T14:37:54.945+0000 7f2bc7e00700 1 -- 172.21.15.176:0/2259413571 <== mon.0 v2:172.21.15.176:3300/0 1 ==== mon_map magic: 0 v1 ==== 229+0+0 (secure 0 0 0) 0x7f2bc0003b00 con 0x7f2bd0106420
2024-03-13T14:37:55.754 INFO:teuthology.orchestra.run.smithi176.stdout:/usr/bin/ceph: stderr
2024-03-13T14:37:54.945+0000 7f2bc7e00700 1 -- 172.21.15.176:0/2259413571 <== mon.0 v2:172.21.15.176:3300/0 2 ==== config(27 keys) v1 ==== 1101+0+0 (secure 0 0 0) 0x7f2bc001a8e0 con 0x7f2bd0106420
2024-03-13T14:37:55.754 INFO:teuthology.orchestra.run.smithi176.stdout:/usr/bin/ceph: stderr
2024-03-13T14:37:54.945+0000 7f2bc7e00700 1 -- 172.21.15.176:0/2259413571 <== mon.0 v2:172.21.15.176:3300/0 3 ==== mon_map magic: 0 v1 ==== 229+0+0 (secure 0 0 0) 0x7f2bc0019990 con 0x7f2bd0106420
2024-03-13T14:37:55.754 INFO:teuthology.orchestra.run.smithi176.stdout:/usr/bin/ceph: stderr
2024-03-13T14:37:54.945+0000 7f2bd6600700 1 -- 172.21.15.176:0/2259413571 --> [v2:172.21.15.176:3300/0,v1:172.21.15.176:6789/0] -- mon_subscribe({mgrmap=0+}) v3 -- 0x7f2bd019a820 con 0x7f2bd0106420
2024-03-13T14:37:55.754 INFO:teuthology.orchestra.run.smithi176.stdout:/usr/bin/ceph: stderr
2024-03-13T14:37:54.945+0000 7f2bd6600700 1 -- 172.21.15.176:0/2259413571 --> [v2:172.21.15.176:3300/0,v1:172.21.15.176:6789/0] -- mon_subscribe({osdmap=0}) v3 -- 0x7f2bd019acc0 con 0x7f2bd0106420
2024-03-13T14:37:55.754 INFO:teuthology.orchestra.run.smithi176.stdout:/usr/bin/ceph: stderr
2024-03-13T14:37:54.946+0000 7f2bc7e00700 1 -- 172.21.15.176:0/2259413571 <== mon.0 v2:172.21.15.176:3300/0 4 ==== mgrmap(e 13) v1 ==== 45340+0+0 (secure 0 0 0) 0x7f2bc0019c00 con 0x7f2bd0106420
2024-03-13T14:37:55.754 INFO:teuthology.orchestra.run.smithi176.stdout:/usr/bin/ceph: stderr
2024-03-13T14:37:54.946+0000 7f2bd6600700 1 -- 172.21.15.176:0/2259413571 --> [v2:172.21.15.176:3300/0,v1:172.21.15.176:6789/0] -- mon_command({"prefix": "get_command_descriptions"} v 0) v1 -- 0x7f2bd00623c0 con 0x7f2bd0106420
2024-03-13T14:37:55.754 INFO:teuthology.orchestra.run.smithi176.stdout:/usr/bin/ceph: stderr
2024-03-13T14:37:54.947+0000 7f2bc7e00700 1 --2- 172.21.15.176:0/2259413571 >> [v2:172.21.15.176:6800/456564682,v1:172.21.15.176:6801/456564682] conn(0x7f2bb4038410 0x7f2bb403a8d0 unknown :-1 s=NONE pgs=0 cs=0 l=1 rev1=0 crypto rx=0 tx=0 comp rx=0 tx=0).connect
2024-03-13T14:37:55.754 INFO:teuthology.orchestra.run.smithi176.stdout:/usr/bin/ceph: stderr
2024-03-13T14:37:54.947+0000 7f2bc7e00700 1 -- 172.21.15.176:0/2259413571 <== mon.0 v2:172.21.15.176:3300/0 5 ==== osd_map(3..3 src has 1..3) v4 ==== 1155+0+0 (secure 0 0 0) 0x7f2bc004c7e0 con 0x7f2bd0106420
2024-03-13T14:37:55.754 INFO:teuthology.orchestra.run.smithi176.stdout:/usr/bin/ceph: stderr
2024-03-13T14:37:54.947+0000 7f2bcea00700 1 --2- 172.21.15.176:0/2259413571 >> [v2:172.21.15.176:6800/456564682,v1:172.21.15.176:6801/456564682] conn(0x7f2bb4038410 0x7f2bb403a8d0 unknown :-1 s=BANNER_CONNECTING pgs=0 cs=0 l=1 rev1=0 crypto rx=0 tx=0 comp rx=0 tx=0)._handle_peer_banner_payload supported=3 required=0
2024-03-13T14:37:55.755 INFO:teuthology.orchestra.run.smithi176.stdout:/usr/bin/ceph: stderr
2024-03-13T14:37:54.948+0000 7f2bcea00700 1 --2- 172.21.15.176:0/2259413571 >> [v2:172.21.15.176:6800/456564682,v1:172.21.15.176:6801/456564682] conn(0x7f2bb4038410 0x7f2bb403a8d0 secure :-1 s=READY pgs=9 cs=0 l=1 rev1=1 crypto rx=0x7f2bbc006fd0 tx=0x7f2bbc006e40 comp rx=0 tx=0).ready entity=mgr.14164 client_cookie=0 server_cookie=0 in_seq=0 out_seq=0
2024-03-13T14:37:55.755 INFO:teuthology.orchestra.run.smithi176.stdout:/usr/bin/ceph: stderr
2024-03-13T14:37:54.952+0000 7f2bc7e00700 1 -- 172.21.15.176:0/2259413571 <== mon.0 v2:172.21.15.176:3300/0 6 ==== mon_command_ack([{"prefix": "get_command_descriptions"}]=0 v0) v1 ==== 72+0+180422 (secure 0 0 0) 0x7f2bc0018710 con 0x7f2bd0106420
2024-03-13T14:37:55.755 INFO:teuthology.orchestra.run.smithi176.stdout:/usr/bin/ceph: stderr
2024-03-13T14:37:55.166+0000 7f2bd6600700 1 -- 172.21.15.176:0/2259413571 --> [v2:172.21.15.176:3300/0,v1:172.21.15.176:6789/0] -- mon_command({"prefix": "config get", "who": "mgr", "key": "mgr/dashboard/ssl_server_port"} v 0) v1 -- 0x7f2bd019dbc0 con 0x7f2bd0106420
2024-03-13T14:37:55.755 INFO:teuthology.orchestra.run.smithi176.stdout:/usr/bin/ceph: stderr
2024-03-13T14:37:55.167+0000 7f2bc7e00700 1 -- 172.21.15.176:0/2259413571 <== mon.0 v2:172.21.15.176:3300/0 7 ==== mon_command_ack([{"prefix": "config get", "who": "mgr", "key": "mgr/dashboard/ssl_server_port"}]=0 v8) v1 ==== 112+0+5 (secure 0 0 0) 0x7f2bc0018350 con 0x7f2bd0106420
2024-03-13T14:37:55.755 INFO:teuthology.orchestra.run.smithi176.stdout:/usr/bin/ceph: stderr
2024-03-13T14:37:55.169+0000 7f2bd6600700 1 -- 172.21.15.176:0/2259413571 >> [v2:172.21.15.176:6800/456564682,v1:172.21.15.176:6801/456564682] conn(0x7f2bb4038410 msgr2=0x7f2bb403a8d0 secure :-1 s=STATE_CONNECTION_ESTABLISHED l=1).mark_down
2024-03-13T14:37:55.755 INFO:teuthology.orchestra.run.smithi176.stdout:/usr/bin/ceph: stderr
2024-03-13T14:37:55.169+0000 7f2bd6600700 1 --2- 172.21.15.176:0/2259413571 >> [v2:172.21.15.176:6800/456564682,v1:172.21.15.176:6801/456564682] conn(0x7f2bb4038410 0x7f2bb403a8d0 secure :-1 s=READY pgs=9 cs=0 l=1 rev1=1 crypto rx=0x7f2bbc006fd0 tx=0x7f2bbc006e40 comp rx=0 tx=0).stop
2024-03-13T14:37:55.755 INFO:teuthology.orchestra.run.smithi176.stdout:/usr/bin/ceph: stderr
2024-03-13T14:37:55.169+0000 7f2bd6600700 1 -- 172.21.15.176:0/2259413571 >> [v2:172.21.15.176:3300/0,v1:172.21.15.176:6789/0] conn(0x7f2bd0106420 msgr2=0x7f2bd019a0e0 secure :-1 s=STATE_CONNECTION_ESTABLISHED l=1).mark_down
2024-03-13T14:37:55.755 INFO:teuthology.orchestra.run.smithi176.stdout:/usr/bin/ceph: stderr
2024-03-13T14:37:55.169+0000 7f2bd6600700 1 --2- 172.21.15.176:0/2259413571 >> [v2:172.21.15.176:3300/0,v1:172.21.15.176:6789/0] conn(0x7f2bd0106420 0x7f2bd019a0e0 secure :-1 s=READY pgs=87 cs=0 l=1 rev1=1 crypto rx=0x7f2bc0006ba0 tx=0x7f2bc0011b50 comp rx=0 tx=0).stop
2024-03-13T14:37:55.755 INFO:teuthology.orchestra.run.smithi176.stdout:/usr/bin/ceph: stderr
2024-03-13T14:37:55.170+0000 7f2bd6600700 1 -- 172.21.15.176:0/2259413571 shutdown_connections
2024-03-13T14:37:55.755 INFO:teuthology.orchestra.run.smithi176.stdout:/usr/bin/ceph: stderr
2024-03-13T14:37:55.170+0000 7f2bd6600700 1 --2- 172.21.15.176:0/2259413571 >> [v2:172.21.15.176:6800/456564682,v1:172.21.15.176:6801/456564682] conn(0x7f2bb4038410 0x7f2bb403a8d0 unknown :-1 s=CLOSED pgs=9 cs=0 l=1 rev1=1 crypto rx=0 tx=0 comp rx=0 tx=0).stop
2024-03-13T14:37:55.755 INFO:teuthology.orchestra.run.smithi176.stdout:/usr/bin/ceph: stderr
2024-03-13T14:37:55.170+0000 7f2bd6600700 1 --2- 172.21.15.176:0/2259413571 >> [v2:172.21.15.176:3300/0,v1:172.21.15.176:6789/0] conn(0x7f2bd0106420 0x7f2bd019a0e0 unknown :-1 s=CLOSED pgs=87 cs=0 l=1 rev1=1 crypto rx=0 tx=0 comp rx=0 tx=0).stop
2024-03-13T14:37:55.755 INFO:teuthology.orchestra.run.smithi176.stdout:/usr/bin/ceph: stderr
2024-03-13T14:37:55.170+0000 7f2bd6600700 1 -- 172.21.15.176:0/2259413571 >> 172.21.15.176:0/2259413571 conn(0x7f2bd0101a00 msgr2=0x7f2bd01027d0 unknown :-1 s=STATE_NONE l=0).mark_down
2024-03-13T14:37:55.755 INFO:teuthology.orchestra.run.smithi176.stdout:/usr/bin/ceph: stderr
2024-03-13T14:37:55.170+0000 7f2bd6600700 1 -- 172.21.15.176:0/2259413571 shutdown_connections
2024-03-13T14:37:55.755 INFO:teuthology.orchestra.run.smithi176.stdout:/usr/bin/ceph: stderr
2024-03-13T14:37:55.170+0000 7f2bd6600700 1 -- 172.21.15.176:0/2259413571 wait complete.
2024-03-13T14:37:55.781 INFO:teuthology.orchestra.run.smithi176.stdout:Non-zero exit code 1 from systemctl is-enabled firewalld.service
2024-03-13T14:37:55.781 INFO:teuthology.orchestra.run.smithi176.stdout:systemctl: stdout disabled
2024-03-13T14:37:55.806 INFO:teuthology.orchestra.run.smithi176.stdout:Non-zero exit code 3 from systemctl is-active firewalld.service
2024-03-13T14:37:55.807 INFO:teuthology.orchestra.run.smithi176.stdout:systemctl: stdout inactive
2024-03-13T14:37:55.807 INFO:teuthology.orchestra.run.smithi176.stdout:firewalld.service is not enabled
2024-03-13T14:37:55.807 INFO:teuthology.orchestra.run.smithi176.stdout:Not possible to open ports <[8443]>. firewalld.service is not available
2024-03-13T14:37:55.814 INFO:teuthology.orchestra.run.smithi176.stdout:Ceph Dashboard is now available at:
2024-03-13T14:37:55.814 INFO:teuthology.orchestra.run.smithi176.stdout:
2024-03-13T14:37:55.814 INFO:teuthology.orchestra.run.smithi176.stdout: URL: https://smithi176.front.sepia.ceph.com:8443/
2024-03-13T14:37:55.814 INFO:teuthology.orchestra.run.smithi176.stdout: User: admin
2024-03-13T14:37:55.814 INFO:teuthology.orchestra.run.smithi176.stdout: Password: g83qfvm5ug
2024-03-13T14:37:55.815 INFO:teuthology.orchestra.run.smithi176.stdout:
2024-03-13T14:37:55.815 INFO:teuthology.orchestra.run.smithi176.stdout:Saving cluster configuration to /var/lib/ceph/f60e35da-e146-11ee-95c9-87774f69a715/config directory
2024-03-13T14:37:55.817 INFO:teuthology.orchestra.run.smithi176.stdout:Enabling autotune for osd_memory_target
2024-03-13T14:37:56.098 INFO:journalctl@ceph.mon.smithi176.smithi176.stdout:Mar 13 14:37:55 smithi176 ceph-mon[29064]: from='client.? 172.21.15.176:0/2259413571' entity='client.admin' cmd=[{"prefix": "config get", "who": "mgr", "key": "mgr/dashboard/ssl_server_port"}]: dispatch
2024-03-13T14:37:57.344 INFO:teuthology.orchestra.run.smithi176.stdout:/usr/bin/ceph: stderr
2024-03-13T14:37:56.405+0000 7f7a82200700 1 Processor -- start
2024-03-13T14:37:57.350 INFO:teuthology.orchestra.run.smithi176.stdout:/usr/bin/ceph: stderr
2024-03-13T14:37:56.406+0000 7f7a82200700 1 -- start start
2024-03-13T14:37:57.350 INFO:teuthology.orchestra.run.smithi176.stdout:/usr/bin/ceph: stderr
2024-03-13T14:37:56.406+0000 7f7a82200700 1 --2- >> [v2:172.21.15.176:3300/0,v1:172.21.15.176:6789/0] conn(0x7f7a7c106430 0x7f7a7c106850 unknown :-1 s=NONE pgs=0 cs=0 l=0 rev1=0 crypto rx=0 tx=0 comp rx=0 tx=0).connect
2024-03-13T14:37:57.351 INFO:teuthology.orchestra.run.smithi176.stdout:/usr/bin/ceph: stderr
2024-03-13T14:37:56.406+0000 7f7a82200700 1 -- --> [v2:172.21.15.176:3300/0,v1:172.21.15.176:6789/0] -- mon_getmap magic: 0 v1 -- 0x7f7a7c106e20 con 0x7f7a7c106430
2024-03-13T14:37:57.351 INFO:teuthology.orchestra.run.smithi176.stdout:/usr/bin/ceph: stderr
2024-03-13T14:37:56.406+0000 7f7a7b400700 1 --2- >> [v2:172.21.15.176:3300/0,v1:172.21.15.176:6789/0] conn(0x7f7a7c106430 0x7f7a7c106850 unknown :-1 s=BANNER_CONNECTING pgs=0 cs=0 l=0 rev1=0 crypto rx=0 tx=0 comp rx=0 tx=0)._handle_peer_banner_payload supported=3 required=0
2024-03-13T14:37:57.351 INFO:teuthology.orchestra.run.smithi176.stdout:/usr/bin/ceph: stderr
2024-03-13T14:37:56.406+0000 7f7a7b400700 1 --2- >> [v2:172.21.15.176:3300/0,v1:172.21.15.176:6789/0] conn(0x7f7a7c106430 0x7f7a7c106850 unknown :-1 s=HELLO_CONNECTING pgs=0 cs=0 l=0 rev1=1 crypto rx=0 tx=0 comp rx=0 tx=0).handle_hello peer v2:172.21.15.176:3300/0 says I am v2:172.21.15.176:54876/0 (socket says 172.21.15.176:54876)
2024-03-13T14:37:57.351 INFO:teuthology.orchestra.run.smithi176.stdout:/usr/bin/ceph: stderr
2024-03-13T14:37:56.406+0000 7f7a7b400700 1 -- 172.21.15.176:0/1292670117 learned_addr learned my addr 172.21.15.176:0/1292670117 (peer_addr_for_me v2:172.21.15.176:0/0)
2024-03-13T14:37:57.351 INFO:teuthology.orchestra.run.smithi176.stdout:/usr/bin/ceph: stderr
2024-03-13T14:37:56.407+0000 7f7a7b400700 1 -- 172.21.15.176:0/1292670117 --> [v2:172.21.15.176:3300/0,v1:172.21.15.176:6789/0] -- mon_subscribe({config=0+,monmap=0+}) v3 -- 0x7f7a7c107630 con 0x7f7a7c106430
2024-03-13T14:37:57.351 INFO:teuthology.orchestra.run.smithi176.stdout:/usr/bin/ceph: stderr
2024-03-13T14:37:56.407+0000 7f7a7b400700 1 --2- 172.21.15.176:0/1292670117 >> [v2:172.21.15.176:3300/0,v1:172.21.15.176:6789/0] conn(0x7f7a7c106430 0x7f7a7c106850 secure :-1 s=READY pgs=88 cs=0 l=1 rev1=1 crypto rx=0x7f7a6c0098a0 tx=0x7f7a6c009bb0 comp rx=0 tx=0).ready entity=mon.0 client_cookie=eb9368c8073e6597 server_cookie=0 in_seq=0 out_seq=0
2024-03-13T14:37:57.351 INFO:teuthology.orchestra.run.smithi176.stdout:/usr/bin/ceph: stderr
2024-03-13T14:37:56.408+0000 7f7a7aa00700 1 -- 172.21.15.176:0/1292670117 <== mon.0 v2:172.21.15.176:3300/0 1 ==== mon_map magic: 0 v1 ==== 229+0+0 (secure 0 0 0) 0x7f7a6c004180 con 0x7f7a7c106430
2024-03-13T14:37:57.351 INFO:teuthology.orchestra.run.smithi176.stdout:/usr/bin/ceph: stderr
2024-03-13T14:37:56.408+0000 7f7a7aa00700 1 -- 172.21.15.176:0/1292670117 <== mon.0 v2:172.21.15.176:3300/0 2 ==== config(27 keys) v1 ==== 1101+0+0 (secure 0 0 0) 0x7f7a6c0042e0 con 0x7f7a7c106430
2024-03-13T14:37:57.351 INFO:teuthology.orchestra.run.smithi176.stdout:/usr/bin/ceph: stderr
2024-03-13T14:37:56.408+0000 7f7a7aa00700 1 -- 172.21.15.176:0/1292670117 <== mon.0 v2:172.21.15.176:3300/0 3 ==== mon_map magic: 0 v1 ==== 229+0+0 (secure 0 0 0) 0x7f7a6c011af0 con 0x7f7a7c106430
2024-03-13T14:37:57.351 INFO:teuthology.orchestra.run.smithi176.stdout:/usr/bin/ceph: stderr
2024-03-13T14:37:56.408+0000 7f7a82200700 1 -- 172.21.15.176:0/1292670117 >> [v2:172.21.15.176:3300/0,v1:172.21.15.176:6789/0] conn(0x7f7a7c106430 msgr2=0x7f7a7c106850 secure :-1 s=STATE_CONNECTION_ESTABLISHED l=1).mark_down
2024-03-13T14:37:57.351 INFO:teuthology.orchestra.run.smithi176.stdout:/usr/bin/ceph: stderr
2024-03-13T14:37:56.408+0000 7f7a82200700 1 --2- 172.21.15.176:0/1292670117 >> [v2:172.21.15.176:3300/0,v1:172.21.15.176:6789/0] conn(0x7f7a7c106430 0x7f7a7c106850 secure :-1 s=READY pgs=88 cs=0 l=1 rev1=1 crypto rx=0x7f7a6c0098a0 tx=0x7f7a6c009bb0 comp rx=0 tx=0).stop
2024-03-13T14:37:57.351 INFO:teuthology.orchestra.run.smithi176.stdout:/usr/bin/ceph: stderr
2024-03-13T14:37:56.409+0000 7f7a82200700 1 -- 172.21.15.176:0/1292670117 shutdown_connections
2024-03-13T14:37:57.352 INFO:teuthology.orchestra.run.smithi176.stdout:/usr/bin/ceph: stderr
2024-03-13T14:37:56.409+0000 7f7a82200700 1 --2- 172.21.15.176:0/1292670117 >> [v2:172.21.15.176:3300/0,v1:172.21.15.176:6789/0] conn(0x7f7a7c106430 0x7f7a7c106850 unknown :-1 s=CLOSED pgs=88 cs=0 l=1 rev1=1 crypto rx=0 tx=0 comp rx=0 tx=0).stop
2024-03-13T14:37:57.352 INFO:teuthology.orchestra.run.smithi176.stdout:/usr/bin/ceph: stderr
2024-03-13T14:37:56.409+0000 7f7a82200700 1 -- 172.21.15.176:0/1292670117 >> 172.21.15.176:0/1292670117 conn(0x7f7a7c1019d0 msgr2=0x7f7a7c103e10 unknown :-1 s=STATE_NONE l=0).mark_down
2024-03-13T14:37:57.352 INFO:teuthology.orchestra.run.smithi176.stdout:/usr/bin/ceph: stderr
2024-03-13T14:37:56.409+0000 7f7a82200700 1 -- 172.21.15.176:0/1292670117 shutdown_connections
2024-03-13T14:37:57.352 INFO:teuthology.orchestra.run.smithi176.stdout:/usr/bin/ceph: stderr
2024-03-13T14:37:56.409+0000 7f7a82200700 1 -- 172.21.15.176:0/1292670117 wait complete.
2024-03-13T14:37:57.352 INFO:teuthology.orchestra.run.smithi176.stdout:/usr/bin/ceph: stderr
2024-03-13T14:37:56.410+0000 7f7a82200700 1 Processor -- start
2024-03-13T14:37:57.352 INFO:teuthology.orchestra.run.smithi176.stdout:/usr/bin/ceph: stderr
2024-03-13T14:37:56.410+0000 7f7a82200700 1 -- start start
2024-03-13T14:37:57.352 INFO:teuthology.orchestra.run.smithi176.stdout:/usr/bin/ceph: stderr
2024-03-13T14:37:56.410+0000 7f7a82200700 1 --2- >> [v2:172.21.15.176:3300/0,v1:172.21.15.176:6789/0] conn(0x7f7a7c106430 0x7f7a7c19a1d0 unknown :-1 s=NONE pgs=0 cs=0 l=1 rev1=0 crypto rx=0 tx=0 comp rx=0 tx=0).connect
2024-03-13T14:37:57.352 INFO:teuthology.orchestra.run.smithi176.stdout:/usr/bin/ceph: stderr
2024-03-13T14:37:56.410+0000 7f7a82200700 1 -- --> [v2:172.21.15.176:3300/0,v1:172.21.15.176:6789/0] -- mon_getmap magic: 0 v1 -- 0x7f7a7c19a710 con 0x7f7a7c106430
2024-03-13T14:37:57.352 INFO:teuthology.orchestra.run.smithi176.stdout:/usr/bin/ceph: stderr
2024-03-13T14:37:56.411+0000 7f7a7b400700 1 --2- >> [v2:172.21.15.176:3300/0,v1:172.21.15.176:6789/0] conn(0x7f7a7c106430 0x7f7a7c19a1d0 unknown :-1 s=BANNER_CONNECTING pgs=0 cs=0 l=1 rev1=0 crypto rx=0 tx=0 comp rx=0 tx=0)._handle_peer_banner_payload supported=3 required=0
2024-03-13T14:37:57.352 INFO:teuthology.orchestra.run.smithi176.stdout:/usr/bin/ceph: stderr
2024-03-13T14:37:56.411+0000 7f7a7b400700 1 --2- >> [v2:172.21.15.176:3300/0,v1:172.21.15.176:6789/0] conn(0x7f7a7c106430 0x7f7a7c19a1d0 unknown :-1 s=HELLO_CONNECTING pgs=0 cs=0 l=1 rev1=1 crypto rx=0 tx=0 comp rx=0 tx=0).handle_hello peer v2:172.21.15.176:3300/0 says I am v2:172.21.15.176:54880/0 (socket says 172.21.15.176:54880)
2024-03-13T14:37:57.352 INFO:teuthology.orchestra.run.smithi176.stdout:/usr/bin/ceph: stderr
2024-03-13T14:37:56.411+0000 7f7a7b400700 1 -- 172.21.15.176:0/4157566475 learned_addr learned my addr 172.21.15.176:0/4157566475 (peer_addr_for_me v2:172.21.15.176:0/0)
2024-03-13T14:37:57.352 INFO:teuthology.orchestra.run.smithi176.stdout:/usr/bin/ceph: stderr
2024-03-13T14:37:56.411+0000 7f7a7b400700 1 -- 172.21.15.176:0/4157566475 --> [v2:172.21.15.176:3300/0,v1:172.21.15.176:6789/0] -- mon_subscribe({config=0+,monmap=0+}) v3 -- 0x7f7a6c009550 con 0x7f7a7c106430
2024-03-13T14:37:57.353 INFO:teuthology.orchestra.run.smithi176.stdout:/usr/bin/ceph: stderr
2024-03-13T14:37:56.411+0000 7f7a7b400700 1 --2- 172.21.15.176:0/4157566475 >> [v2:172.21.15.176:3300/0,v1:172.21.15.176:6789/0] conn(0x7f7a7c106430 0x7f7a7c19a1d0 secure :-1 s=READY pgs=89 cs=0 l=1 rev1=1 crypto rx=0x7f7a6c011670 tx=0x7f7a6c011b50 comp rx=0 tx=0).ready entity=mon.0 client_cookie=0 server_cookie=0 in_seq=0 out_seq=0
2024-03-13T14:37:57.353 INFO:teuthology.orchestra.run.smithi176.stdout:/usr/bin/ceph: stderr
2024-03-13T14:37:56.411+0000 7f7a78c00700 1 -- 172.21.15.176:0/4157566475 <== mon.0 v2:172.21.15.176:3300/0 1 ==== mon_map magic: 0 v1 ==== 229+0+0 (secure 0 0 0) 0x7f7a6c0039f0 con 0x7f7a7c106430
2024-03-13T14:37:57.353 INFO:teuthology.orchestra.run.smithi176.stdout:/usr/bin/ceph: stderr
2024-03-13T14:37:56.411+0000 7f7a78c00700 1 -- 172.21.15.176:0/4157566475 <== mon.0 v2:172.21.15.176:3300/0 2 ==== config(27 keys) v1 ==== 1101+0+0 (secure 0 0 0) 0x7f7a6c003b50 con 0x7f7a7c106430
2024-03-13T14:37:57.353 INFO:teuthology.orchestra.run.smithi176.stdout:/usr/bin/ceph: stderr
2024-03-13T14:37:56.412+0000 7f7a82200700 1 -- 172.21.15.176:0/4157566475 --> [v2:172.21.15.176:3300/0,v1:172.21.15.176:6789/0] -- mon_subscribe({mgrmap=0+}) v3 -- 0x7f7a7c19a910 con 0x7f7a7c106430
2024-03-13T14:37:57.353 INFO:teuthology.orchestra.run.smithi176.stdout:/usr/bin/ceph: stderr
2024-03-13T14:37:56.412+0000 7f7a78c00700 1 -- 172.21.15.176:0/4157566475 <== mon.0 v2:172.21.15.176:3300/0 3 ==== mon_map magic: 0 v1 ==== 229+0+0 (secure 0 0 0) 0x7f7a6c0247c0 con 0x7f7a7c106430
2024-03-13T14:37:57.353 INFO:teuthology.orchestra.run.smithi176.stdout:/usr/bin/ceph: stderr
2024-03-13T14:37:56.412+0000 7f7a82200700 1 -- 172.21.15.176:0/4157566475 --> [v2:172.21.15.176:3300/0,v1:172.21.15.176:6789/0] -- mon_subscribe({osdmap=0}) v3 -- 0x7f7a7c19adb0 con 0x7f7a7c106430
2024-03-13T14:37:57.353 INFO:teuthology.orchestra.run.smithi176.stdout:/usr/bin/ceph: stderr
2024-03-13T14:37:56.413+0000 7f7a78c00700 1 -- 172.21.15.176:0/4157566475 <== mon.0 v2:172.21.15.176:3300/0 4 ==== mgrmap(e 13) v1 ==== 45340+0+0 (secure 0 0 0) 0x7f7a6c01a430 con 0x7f7a7c106430
2024-03-13T14:37:57.353 INFO:teuthology.orchestra.run.smithi176.stdout:/usr/bin/ceph: stderr
2024-03-13T14:37:56.413+0000 7f7a82200700 1 -- 172.21.15.176:0/4157566475 --> [v2:172.21.15.176:3300/0,v1:172.21.15.176:6789/0] -- mon_command({"prefix": "get_command_descriptions"} v 0) v1 -- 0x7f7a7c0623c0 con 0x7f7a7c106430
2024-03-13T14:37:57.353 INFO:teuthology.orchestra.run.smithi176.stdout:/usr/bin/ceph: stderr
2024-03-13T14:37:56.413+0000 7f7a78c00700 1 --2- 172.21.15.176:0/4157566475 >> [v2:172.21.15.176:6800/456564682,v1:172.21.15.176:6801/456564682] conn(0x7f7a60038460 0x7f7a6003a920 unknown :-1 s=NONE pgs=0 cs=0 l=1 rev1=0 crypto rx=0 tx=0 comp rx=0 tx=0).connect
2024-03-13T14:37:57.353 INFO:teuthology.orchestra.run.smithi176.stdout:/usr/bin/ceph: stderr
2024-03-13T14:37:56.413+0000 7f7a78c00700 1 -- 172.21.15.176:0/4157566475 <== mon.0 v2:172.21.15.176:3300/0 5 ==== osd_map(3..3 src has 1..3) v4 ==== 1155+0+0 (secure 0 0 0) 0x7f7a6c04c530 con 0x7f7a7c106430
2024-03-13T14:37:57.353 INFO:teuthology.orchestra.run.smithi176.stdout:/usr/bin/ceph: stderr
2024-03-13T14:37:56.413+0000 7f7a73e00700 1 --2- 172.21.15.176:0/4157566475 >> [v2:172.21.15.176:6800/456564682,v1:172.21.15.176:6801/456564682] conn(0x7f7a60038460 0x7f7a6003a920 unknown :-1 s=BANNER_CONNECTING pgs=0 cs=0 l=1 rev1=0 crypto rx=0 tx=0 comp rx=0 tx=0)._handle_peer_banner_payload supported=3 required=0
2024-03-13T14:37:57.353 INFO:teuthology.orchestra.run.smithi176.stdout:/usr/bin/ceph: stderr
2024-03-13T14:37:56.414+0000 7f7a73e00700 1 --2- 172.21.15.176:0/4157566475 >> [v2:172.21.15.176:6800/456564682,v1:172.21.15.176:6801/456564682] conn(0x7f7a60038460 0x7f7a6003a920 secure :-1 s=READY pgs=10 cs=0 l=1 rev1=1 crypto rx=0x7f7a64006fd0 tx=0x7f7a64006e40 comp rx=0 tx=0).ready entity=mgr.14164 client_cookie=0 server_cookie=0 in_seq=0 out_seq=0
2024-03-13T14:37:57.354 INFO:teuthology.orchestra.run.smithi176.stdout:/usr/bin/ceph: stderr
2024-03-13T14:37:56.418+0000 7f7a78c00700 1 -- 172.21.15.176:0/4157566475 <== mon.0 v2:172.21.15.176:3300/0 6 ==== mon_command_ack([{"prefix": "get_command_descriptions"}]=0 v0) v1 ==== 72+0+180422 (secure 0 0 0) 0x7f7a6c018b40 con 0x7f7a7c106430
2024-03-13T14:37:57.354 INFO:teuthology.orchestra.run.smithi176.stdout:/usr/bin/ceph: stderr
2024-03-13T14:37:56.631+0000 7f7a82200700 1 -- 172.21.15.176:0/4157566475 --> [v2:172.21.15.176:3300/0,v1:172.21.15.176:6789/0] -- mon_command([{prefix=config set, name=osd_memory_target_autotune}] v 0) v1 -- 0x7f7a7c19dcb0 con 0x7f7a7c106430
2024-03-13T14:37:57.354 INFO:teuthology.orchestra.run.smithi176.stdout:/usr/bin/ceph: stderr
2024-03-13T14:37:56.632+0000 7f7a78c00700 1 -- 172.21.15.176:0/4157566475 <== mon.0 v2:172.21.15.176:3300/0 7 ==== mon_command_ack([{prefix=config set, name=osd_memory_target_autotune}]=0 v8)=0 v8) v1 ==== 127+0+0 (secure 0 0 0) 0x7f7a6c018b40 con 0x7f7a7c106430
2024-03-13T14:37:57.354 INFO:teuthology.orchestra.run.smithi176.stdout:/usr/bin/ceph: stderr
2024-03-13T14:37:56.635+0000 7f7a82200700 1 -- 172.21.15.176:0/4157566475 >> [v2:172.21.15.176:6800/456564682,v1:172.21.15.176:6801/456564682] conn(0x7f7a60038460 msgr2=0x7f7a6003a920 secure :-1 s=STATE_CONNECTION_ESTABLISHED l=1).mark_down
2024-03-13T14:37:57.354 INFO:teuthology.orchestra.run.smithi176.stdout:/usr/bin/ceph: stderr
2024-03-13T14:37:56.635+0000 7f7a82200700 1 --2- 172.21.15.176:0/4157566475 >> [v2:172.21.15.176:6800/456564682,v1:172.21.15.176:6801/456564682] conn(0x7f7a60038460 0x7f7a6003a920 secure :-1 s=READY pgs=10 cs=0 l=1 rev1=1 crypto rx=0x7f7a64006fd0 tx=0x7f7a64006e40 comp rx=0 tx=0).stop
2024-03-13T14:37:57.354 INFO:teuthology.orchestra.run.smithi176.stdout:/usr/bin/ceph: stderr
2024-03-13T14:37:56.635+0000 7f7a82200700 1 -- 172.21.15.176:0/4157566475 >> [v2:172.21.15.176:3300/0,v1:172.21.15.176:6789/0] conn(0x7f7a7c106430 msgr2=0x7f7a7c19a1d0 secure :-1 s=STATE_CONNECTION_ESTABLISHED l=1).mark_down
2024-03-13T14:37:57.354 INFO:teuthology.orchestra.run.smithi176.stdout:/usr/bin/ceph: stderr
2024-03-13T14:37:56.635+0000 7f7a82200700 1 --2- 172.21.15.176:0/4157566475 >> [v2:172.21.15.176:3300/0,v1:172.21.15.176:6789/0] conn(0x7f7a7c106430 0x7f7a7c19a1d0 secure :-1 s=READY pgs=89 cs=0 l=1 rev1=1 crypto rx=0x7f7a6c011670 tx=0x7f7a6c011b50 comp rx=0 tx=0).stop
2024-03-13T14:37:57.354 INFO:teuthology.orchestra.run.smithi176.stdout:/usr/bin/ceph: stderr
2024-03-13T14:37:56.635+0000 7f7a82200700 1 -- 172.21.15.176:0/4157566475 shutdown_connections
2024-03-13T14:37:57.354 INFO:teuthology.orchestra.run.smithi176.stdout:/usr/bin/ceph: stderr
2024-03-13T14:37:56.635+0000 7f7a82200700 1 --2- 172.21.15.176:0/4157566475 >> [v2:172.21.15.176:6800/456564682,v1:172.21.15.176:6801/456564682] conn(0x7f7a60038460 0x7f7a6003a920 unknown :-1 s=CLOSED pgs=10 cs=0 l=1 rev1=1 crypto rx=0 tx=0 comp rx=0 tx=0).stop
2024-03-13T14:37:57.354 INFO:teuthology.orchestra.run.smithi176.stdout:/usr/bin/ceph: stderr
2024-03-13T14:37:56.635+0000 7f7a82200700 1 --2- 172.21.15.176:0/4157566475 >> [v2:172.21.15.176:3300/0,v1:172.21.15.176:6789/0] conn(0x7f7a7c106430 0x7f7a7c19a1d0 unknown :-1 s=CLOSED pgs=89 cs=0 l=1 rev1=1 crypto rx=0 tx=0 comp rx=0 tx=0).stop
2024-03-13T14:37:57.354 INFO:teuthology.orchestra.run.smithi176.stdout:/usr/bin/ceph: stderr
2024-03-13T14:37:56.635+0000 7f7a82200700 1 -- 172.21.15.176:0/4157566475 >> 172.21.15.176:0/4157566475 conn(0x7f7a7c1019d0 msgr2=0x7f7a7c1030c0 unknown :-1 s=STATE_NONE l=0).mark_down
2024-03-13T14:37:57.354 INFO:teuthology.orchestra.run.smithi176.stdout:/usr/bin/ceph: stderr
2024-03-13T14:37:56.635+0000 7f7a82200700 1 -- 172.21.15.176:0/4157566475 shutdown_connections
2024-03-13T14:37:57.354 INFO:teuthology.orchestra.run.smithi176.stdout:/usr/bin/ceph: stderr
2024-03-13T14:37:56.635+0000 7f7a82200700 1 -- 172.21.15.176:0/4157566475 wait complete.
2024-03-13T14:37:58.952 INFO:teuthology.orchestra.run.smithi176.stdout:/usr/bin/ceph: stderr
2024-03-13T14:37:57.915+0000 7f9671800700 1 Processor -- start
2024-03-13T14:37:58.952 INFO:teuthology.orchestra.run.smithi176.stdout:/usr/bin/ceph: stderr
2024-03-13T14:37:57.915+0000 7f9671800700 1 -- start start
2024-03-13T14:37:58.952 INFO:teuthology.orchestra.run.smithi176.stdout:/usr/bin/ceph: stderr
2024-03-13T14:37:57.916+0000 7f9671800700 1 --2- >> [v2:172.21.15.176:3300/0,v1:172.21.15.176:6789/0] conn(0x7f966c106f70 0x7f966c109360 unknown :-1 s=NONE pgs=0 cs=0 l=0 rev1=0 crypto rx=0 tx=0 comp rx=0 tx=0).connect
2024-03-13T14:37:58.952 INFO:teuthology.orchestra.run.smithi176.stdout:/usr/bin/ceph: stderr
2024-03-13T14:37:57.916+0000 7f9671800700 1 -- --> [v2:172.21.15.176:3300/0,v1:172.21.15.176:6789/0] -- mon_getmap magic: 0 v1 -- 0x7f966c0745c0 con 0x7f966c106f70
2024-03-13T14:37:58.952 INFO:teuthology.orchestra.run.smithi176.stdout:/usr/bin/ceph: stderr
2024-03-13T14:37:57.916+0000 7f966aa00700 1 --2- >> [v2:172.21.15.176:3300/0,v1:172.21.15.176:6789/0] conn(0x7f966c106f70 0x7f966c109360 unknown :-1 s=BANNER_CONNECTING pgs=0 cs=0 l=0 rev1=0 crypto rx=0 tx=0 comp rx=0 tx=0)._handle_peer_banner_payload supported=3 required=0
2024-03-13T14:37:58.952 INFO:teuthology.orchestra.run.smithi176.stdout:/usr/bin/ceph: stderr
2024-03-13T14:37:57.916+0000 7f966aa00700 1 --2- >> [v2:172.21.15.176:3300/0,v1:172.21.15.176:6789/0] conn(0x7f966c106f70 0x7f966c109360 unknown :-1 s=HELLO_CONNECTING pgs=0 cs=0 l=0 rev1=1 crypto rx=0 tx=0 comp rx=0 tx=0).handle_hello peer v2:172.21.15.176:3300/0 says I am v2:172.21.15.176:54884/0 (socket says 172.21.15.176:54884)
2024-03-13T14:37:58.952 INFO:teuthology.orchestra.run.smithi176.stdout:/usr/bin/ceph: stderr
2024-03-13T14:37:57.916+0000 7f966aa00700 1 -- 172.21.15.176:0/1321485046 learned_addr learned my addr 172.21.15.176:0/1321485046 (peer_addr_for_me v2:172.21.15.176:0/0)
2024-03-13T14:37:58.952 INFO:teuthology.orchestra.run.smithi176.stdout:/usr/bin/ceph: stderr
2024-03-13T14:37:57.916+0000 7f966aa00700 1 -- 172.21.15.176:0/1321485046 --> [v2:172.21.15.176:3300/0,v1:172.21.15.176:6789/0] -- mon_subscribe({config=0+,monmap=0+}) v3 -- 0x7f966c074700 con 0x7f966c106f70
2024-03-13T14:37:58.952 INFO:teuthology.orchestra.run.smithi176.stdout:/usr/bin/ceph: stderr
2024-03-13T14:37:57.917+0000 7f966aa00700 1 --2- 172.21.15.176:0/1321485046 >> [v2:172.21.15.176:3300/0,v1:172.21.15.176:6789/0] conn(0x7f966c106f70 0x7f966c109360 secure :-1 s=READY pgs=90 cs=0 l=1 rev1=1 crypto rx=0x7f965c0098a0 tx=0x7f965c009bb0 comp rx=0 tx=0).ready entity=mon.0 client_cookie=6d2868eebb6218a7 server_cookie=0 in_seq=0 out_seq=0
2024-03-13T14:37:58.952 INFO:teuthology.orchestra.run.smithi176.stdout:/usr/bin/ceph: stderr
2024-03-13T14:37:57.917+0000 7f9669600700 1 -- 172.21.15.176:0/1321485046 <== mon.0 v2:172.21.15.176:3300/0 1 ==== mon_map magic: 0 v1 ==== 229+0+0 (secure 0 0 0) 0x7f965c004180 con 0x7f966c106f70
2024-03-13T14:37:58.952 INFO:teuthology.orchestra.run.smithi176.stdout:/usr/bin/ceph: stderr
2024-03-13T14:37:57.917+0000 7f9669600700 1 -- 172.21.15.176:0/1321485046 <== mon.0 v2:172.21.15.176:3300/0 2 ==== config(27 keys) v1 ==== 1101+0+0 (secure 0 0 0) 0x7f965c0042e0 con 0x7f966c106f70
2024-03-13T14:37:58.952 INFO:teuthology.orchestra.run.smithi176.stdout:/usr/bin/ceph: stderr
2024-03-13T14:37:57.917+0000 7f9669600700 1 -- 172.21.15.176:0/1321485046 <== mon.0 v2:172.21.15.176:3300/0 3 ==== mon_map magic: 0 v1 ==== 229+0+0 (secure 0 0 0) 0x7f965c011af0 con 0x7f966c106f70
