2024-03-19T05:52:10.208 INFO:teuthology.orchestra.run.smithi072.stdout:/usr/bin/ceph: stderr
2024-03-19T05:52:08.440+0000 7fea95600700 1 -- 172.21.15.72:0/2523008512 >> [v2:172.21.15.72:6800/3022348314,v1:172.21.15.72:6801/3022348314] conn(0x7fea80038440 msgr2=0x7fea8003a8f0 unknown :-1 s=STATE_CONNECTING l=1).mark_down
2024-03-19T05:52:10.208 INFO:teuthology.orchestra.run.smithi072.stdout:/usr/bin/ceph: stderr
2024-03-19T05:52:08.440+0000 7fea95600700 1 --2- 172.21.15.72:0/2523008512 >> [v2:172.21.15.72:6800/3022348314,v1:172.21.15.72:6801/3022348314] conn(0x7fea80038440 0x7fea8003a8f0 unknown :-1 s=START_CONNECT pgs=0 cs=0 l=1 rev1=0 crypto rx=0 tx=0 comp rx=0 tx=0).stop
2024-03-19T05:52:10.208 INFO:teuthology.orchestra.run.smithi072.stdout:/usr/bin/ceph: stderr
2024-03-19T05:52:09.443+0000 7fea95600700 1 -- 172.21.15.72:0/2523008512 <== mon.0 v2:172.21.15.72:3300/0 7 ==== mgrmap(e 7) v1 ==== 44978+0+0 (secure 0 0 0) 0x7fea8c019910 con 0x7fea98105800
2024-03-19T05:52:10.208 INFO:teuthology.orchestra.run.smithi072.stdout:/usr/bin/ceph: stderr
2024-03-19T05:52:09.443+0000 7fea95600700 1 --2- 172.21.15.72:0/2523008512 >> [v2:172.21.15.72:6800/2294511988,v1:172.21.15.72:6801/2294511988] conn(0x7fea8003bd10 0x7fea8003e0f0 unknown :-1 s=NONE pgs=0 cs=0 l=1 rev1=0 crypto rx=0 tx=0 comp rx=0 tx=0).connect
2024-03-19T05:52:10.208 INFO:teuthology.orchestra.run.smithi072.stdout:/usr/bin/ceph: stderr
2024-03-19T05:52:09.444+0000 7fea95600700 1 -- 172.21.15.72:0/2523008512 --> [v2:172.21.15.72:6800/2294511988,v1:172.21.15.72:6801/2294511988] -- command(tid 0: {"prefix": "get_command_descriptions"}) v1 -- 0x7fea8003b000 con 0x7fea8003bd10
2024-03-19T05:52:10.208 INFO:teuthology.orchestra.run.smithi072.stdout:/usr/bin/ceph: stderr
2024-03-19T05:52:09.445+0000 7fea97e00700 1 --2- 172.21.15.72:0/2523008512 >> [v2:172.21.15.72:6800/2294511988,v1:172.21.15.72:6801/2294511988] conn(0x7fea8003bd10 0x7fea8003e0f0 unknown :-1 s=BANNER_CONNECTING pgs=0 cs=0 l=1 rev1=0 crypto rx=0 tx=0 comp rx=0 tx=0)._handle_peer_banner_payload supported=3 required=0
2024-03-19T05:52:10.208 INFO:teuthology.orchestra.run.smithi072.stdout:/usr/bin/ceph: stderr
2024-03-19T05:52:09.448+0000 7fea97e00700 1 --2- 172.21.15.72:0/2523008512 >> [v2:172.21.15.72:6800/2294511988,v1:172.21.15.72:6801/2294511988] conn(0x7fea8003bd10 0x7fea8003e0f0 secure :-1 s=READY pgs=2 cs=0 l=1 rev1=1 crypto rx=0x7fea84003a10 tx=0x7fea840092b0 comp rx=0 tx=0).ready entity=mgr.14120 client_cookie=0 server_cookie=0 in_seq=0 out_seq=0
2024-03-19T05:52:10.208 INFO:teuthology.orchestra.run.smithi072.stdout:/usr/bin/ceph: stderr
2024-03-19T05:52:09.450+0000 7fea95600700 1 -- 172.21.15.72:0/2523008512 <== mgr.14120 v2:172.21.15.72:6800/2294511988 1 ==== command_reply(tid 0: 0 ) v1 ==== 8+0+6910 (secure 0 0 0) 0x7fea8003b000 con 0x7fea8003bd10
2024-03-19T05:52:10.208 INFO:teuthology.orchestra.run.smithi072.stdout:/usr/bin/ceph: stderr
2024-03-19T05:52:09.457+0000 7fea9e400700 1 -- 172.21.15.72:0/2523008512 --> [v2:172.21.15.72:6800/2294511988,v1:172.21.15.72:6801/2294511988] -- command(tid 1: {"prefix": "mgr_status"}) v1 -- 0x7fea9819a890 con 0x7fea8003bd10
2024-03-19T05:52:10.208 INFO:teuthology.orchestra.run.smithi072.stdout:/usr/bin/ceph: stderr
2024-03-19T05:52:09.458+0000 7fea95600700 1 -- 172.21.15.72:0/2523008512 <== mgr.14120 v2:172.21.15.72:6800/2294511988 2 ==== command_reply(tid 1: 0 ) v1 ==== 8+0+51 (secure 0 0 0) 0x7fea9819a890 con 0x7fea8003bd10
2024-03-19T05:52:10.209 INFO:teuthology.orchestra.run.smithi072.stdout:/usr/bin/ceph: stderr
2024-03-19T05:52:09.458+0000 7fea9e400700 1 -- 172.21.15.72:0/2523008512 >> [v2:172.21.15.72:6800/2294511988,v1:172.21.15.72:6801/2294511988] conn(0x7fea8003bd10 msgr2=0x7fea8003e0f0 secure :-1 s=STATE_CONNECTION_ESTABLISHED l=1).mark_down
2024-03-19T05:52:10.209 INFO:teuthology.orchestra.run.smithi072.stdout:/usr/bin/ceph: stderr
2024-03-19T05:52:09.458+0000 7fea9e400700 1 --2- 172.21.15.72:0/2523008512 >> [v2:172.21.15.72:6800/2294511988,v1:172.21.15.72:6801/2294511988] conn(0x7fea8003bd10 0x7fea8003e0f0 secure :-1 s=READY pgs=2 cs=0 l=1 rev1=1 crypto rx=0x7fea84003a10 tx=0x7fea840092b0 comp rx=0 tx=0).stop
2024-03-19T05:52:10.209 INFO:teuthology.orchestra.run.smithi072.stdout:/usr/bin/ceph: stderr
2024-03-19T05:52:09.458+0000 7fea9e400700 1 -- 172.21.15.72:0/2523008512 >> [v2:172.21.15.72:3300/0,v1:172.21.15.72:6789/0] conn(0x7fea98105800 msgr2=0x7fea98199550 secure :-1 s=STATE_CONNECTION_ESTABLISHED l=1).mark_down
2024-03-19T05:52:10.209 INFO:teuthology.orchestra.run.smithi072.stdout:/usr/bin/ceph: stderr
2024-03-19T05:52:09.458+0000 7fea9e400700 1 --2- 172.21.15.72:0/2523008512 >> [v2:172.21.15.72:3300/0,v1:172.21.15.72:6789/0] conn(0x7fea98105800 0x7fea98199550 secure :-1 s=READY pgs=29 cs=0 l=1 rev1=1 crypto rx=0x7fea8c003de0 tx=0x7fea8c011ab0 comp rx=0 tx=0).stop
2024-03-19T05:52:10.209 INFO:teuthology.orchestra.run.smithi072.stdout:/usr/bin/ceph: stderr
2024-03-19T05:52:09.458+0000 7fea9e400700 1 -- 172.21.15.72:0/2523008512 shutdown_connections
2024-03-19T05:52:10.209 INFO:teuthology.orchestra.run.smithi072.stdout:/usr/bin/ceph: stderr
2024-03-19T05:52:09.458+0000 7fea9e400700 1 --2- 172.21.15.72:0/2523008512 >> [v2:172.21.15.72:6800/2294511988,v1:172.21.15.72:6801/2294511988] conn(0x7fea8003bd10 0x7fea8003e0f0 unknown :-1 s=CLOSED pgs=2 cs=0 l=1 rev1=1 crypto rx=0 tx=0 comp rx=0 tx=0).stop
2024-03-19T05:52:10.209 INFO:teuthology.orchestra.run.smithi072.stdout:/usr/bin/ceph: stderr
2024-03-19T05:52:09.458+0000 7fea9e400700 1 --2- 172.21.15.72:0/2523008512 >> [v2:172.21.15.72:3300/0,v1:172.21.15.72:6789/0] conn(0x7fea98105800 0x7fea98199550 unknown :-1 s=CLOSED pgs=29 cs=0 l=1 rev1=1 crypto rx=0 tx=0 comp rx=0 tx=0).stop
2024-03-19T05:52:10.209 INFO:teuthology.orchestra.run.smithi072.stdout:/usr/bin/ceph: stderr
2024-03-19T05:52:09.458+0000 7fea9e400700 1 --2- 172.21.15.72:0/2523008512 >> [v2:172.21.15.72:6800/3022348314,v1:172.21.15.72:6801/3022348314] conn(0x7fea80038440 0x7fea8003a8f0 unknown :-1 s=CLOSED pgs=0 cs=0 l=1 rev1=0 crypto rx=0 tx=0 comp rx=0 tx=0).stop
2024-03-19T05:52:10.209 INFO:teuthology.orchestra.run.smithi072.stdout:/usr/bin/ceph: stderr
2024-03-19T05:52:09.458+0000 7fea9e400700 1 -- 172.21.15.72:0/2523008512 >> 172.21.15.72:0/2523008512 conn(0x7fea98100e50 msgr2=0x7fea981024f0 unknown :-1 s=STATE_NONE l=0).mark_down
2024-03-19T05:52:10.209 INFO:teuthology.orchestra.run.smithi072.stdout:/usr/bin/ceph: stderr
2024-03-19T05:52:09.459+0000 7fea9e400700 1 -- 172.21.15.72:0/2523008512 shutdown_connections
2024-03-19T05:52:10.209 INFO:teuthology.orchestra.run.smithi072.stdout:/usr/bin/ceph: stderr
2024-03-19T05:52:09.459+0000 7fea9e400700 1 -- 172.21.15.72:0/2523008512 wait complete.
2024-03-19T05:52:10.209 INFO:teuthology.orchestra.run.smithi072.stdout:mgr epoch 5 is available
2024-03-19T05:52:10.209 INFO:teuthology.orchestra.run.smithi072.stdout:Setting orchestrator backend to cephadm...
2024-03-19T05:52:10.820 INFO:journalctl@ceph.mon.smithi072.smithi072.stdout:Mar 19 05:52:10 smithi072 ceph-mon[28706]: from='client.14124 -' entity='client.admin' cmd=[{"prefix": "get_command_descriptions"}]: dispatch
2024-03-19T05:52:10.821 INFO:journalctl@ceph.mon.smithi072.smithi072.stdout:Mar 19 05:52:10 smithi072 ceph-mon[28706]: from='client.14124 -' entity='client.admin' cmd=[{"prefix": "mgr_status"}]: dispatch
2024-03-19T05:52:10.821 INFO:journalctl@ceph.mon.smithi072.smithi072.stdout:Mar 19 05:52:10 smithi072 ceph-mon[28706]: from='mgr.14120 172.21.15.72:0/4011971040' entity='mgr.smithi072.jydpjk'
2024-03-19T05:52:10.821 INFO:journalctl@ceph.mon.smithi072.smithi072.stdout:Mar 19 05:52:10 smithi072 ceph-mon[28706]: from='mgr.14120 172.21.15.72:0/4011971040' entity='mgr.smithi072.jydpjk'
2024-03-19T05:52:10.821 INFO:journalctl@ceph.mon.smithi072.smithi072.stdout:Mar 19 05:52:10 smithi072 ceph-mon[28706]: [19/Mar/2024:05:52:09] ENGINE Bus STARTING
2024-03-19T05:52:10.821 INFO:journalctl@ceph.mon.smithi072.smithi072.stdout:Mar 19 05:52:10 smithi072 ceph-mon[28706]: [19/Mar/2024:05:52:09] ENGINE Serving on https://172.21.15.72:7150
2024-03-19T05:52:10.821 INFO:journalctl@ceph.mon.smithi072.smithi072.stdout:Mar 19 05:52:10 smithi072 ceph-mon[28706]: [19/Mar/2024:05:52:09] ENGINE Serving on http://172.21.15.72:8765
2024-03-19T05:52:10.821 INFO:journalctl@ceph.mon.smithi072.smithi072.stdout:Mar 19 05:52:10 smithi072 ceph-mon[28706]: [19/Mar/2024:05:52:09] ENGINE Bus STARTED
2024-03-19T05:52:10.822 INFO:journalctl@ceph.mon.smithi072.smithi072.stdout:Mar 19 05:52:10 smithi072 ceph-mon[28706]: from='mgr.14120 172.21.15.72:0/4011971040' entity='mgr.smithi072.jydpjk' cmd=[{"prefix": "config dump", "format": "json"}]: dispatch
2024-03-19T05:52:11.789 INFO:journalctl@ceph.mon.smithi072.smithi072.stdout:Mar 19 05:52:11 smithi072 ceph-mon[28706]: mgrmap e8: smithi072.jydpjk(active, since 2s)
2024-03-19T05:52:11.789 INFO:journalctl@ceph.mon.smithi072.smithi072.stdout:Mar 19 05:52:11 smithi072 ceph-mon[28706]: from='mgr.14120 172.21.15.72:0/4011971040' entity='mgr.smithi072.jydpjk'
2024-03-19T05:52:11.789 INFO:journalctl@ceph.mon.smithi072.smithi072.stdout:Mar 19 05:52:11 smithi072 ceph-mon[28706]: from='mgr.14120 172.21.15.72:0/4011971040' entity='mgr.smithi072.jydpjk' cmd=[{"prefix": "config dump", "format": "json"}]: dispatch
2024-03-19T05:52:11.798 INFO:teuthology.orchestra.run.smithi072.stdout:/usr/bin/ceph: stderr
2024-03-19T05:52:10.827+0000 7f3aa0200700 1 Processor -- start
2024-03-19T05:52:11.798 INFO:teuthology.orchestra.run.smithi072.stdout:/usr/bin/ceph: stderr
2024-03-19T05:52:10.827+0000 7f3aa0200700 1 -- start start
2024-03-19T05:52:11.798 INFO:teuthology.orchestra.run.smithi072.stdout:/usr/bin/ceph: stderr
2024-03-19T05:52:10.828+0000 7f3aa0200700 1 --2- >> [v2:172.21.15.72:3300/0,v1:172.21.15.72:6789/0] conn(0x7f3a98107be0 0x7f3a98107ff0 unknown :-1 s=NONE pgs=0 cs=0 l=0 rev1=0 crypto rx=0 tx=0 comp rx=0 tx=0).connect
2024-03-19T05:52:11.798 INFO:teuthology.orchestra.run.smithi072.stdout:/usr/bin/ceph: stderr
2024-03-19T05:52:10.828+0000 7f3aa0200700 1 -- --> [v2:172.21.15.72:3300/0,v1:172.21.15.72:6789/0] -- mon_getmap magic: 0 v1 -- 0x7f3a98108530 con 0x7f3a98107be0
2024-03-19T05:52:11.798 INFO:teuthology.orchestra.run.smithi072.stdout:/usr/bin/ceph: stderr
2024-03-19T05:52:10.828+0000 7f3a9d800700 1 --2- >> [v2:172.21.15.72:3300/0,v1:172.21.15.72:6789/0] conn(0x7f3a98107be0 0x7f3a98107ff0 unknown :-1 s=BANNER_CONNECTING pgs=0 cs=0 l=0 rev1=0 crypto rx=0 tx=0 comp rx=0 tx=0)._handle_peer_banner_payload supported=3 required=0
2024-03-19T05:52:11.798 INFO:teuthology.orchestra.run.smithi072.stdout:/usr/bin/ceph: stderr
2024-03-19T05:52:10.828+0000 7f3a9d800700 1 --2- >> [v2:172.21.15.72:3300/0,v1:172.21.15.72:6789/0] conn(0x7f3a98107be0 0x7f3a98107ff0 unknown :-1 s=HELLO_CONNECTING pgs=0 cs=0 l=0 rev1=1 crypto rx=0 tx=0 comp rx=0 tx=0).handle_hello peer v2:172.21.15.72:3300/0 says I am v2:172.21.15.72:36390/0 (socket says 172.21.15.72:36390)
2024-03-19T05:52:11.798 INFO:teuthology.orchestra.run.smithi072.stdout:/usr/bin/ceph: stderr
2024-03-19T05:52:10.828+0000 7f3a9d800700 1 -- 172.21.15.72:0/3546147367 learned_addr learned my addr 172.21.15.72:0/3546147367 (peer_addr_for_me v2:172.21.15.72:0/0)
2024-03-19T05:52:11.798 INFO:teuthology.orchestra.run.smithi072.stdout:/usr/bin/ceph: stderr
2024-03-19T05:52:10.829+0000 7f3a9d800700 1 -- 172.21.15.72:0/3546147367 --> [v2:172.21.15.72:3300/0,v1:172.21.15.72:6789/0] -- mon_subscribe({config=0+,monmap=0+}) v3 -- 0x7f3a98108670 con 0x7f3a98107be0
2024-03-19T05:52:11.798 INFO:teuthology.orchestra.run.smithi072.stdout:/usr/bin/ceph: stderr
2024-03-19T05:52:10.829+0000 7f3a9d800700 1 --2- 172.21.15.72:0/3546147367 >> [v2:172.21.15.72:3300/0,v1:172.21.15.72:6789/0] conn(0x7f3a98107be0 0x7f3a98107ff0 secure :-1 s=READY pgs=37 cs=0 l=1 rev1=1 crypto rx=0x7f3a8c0098a0 tx=0x7f3a8c009bb0 comp rx=0 tx=0).ready entity=mon.0 client_cookie=7317393ca7023f49 server_cookie=0 in_seq=0 out_seq=0
2024-03-19T05:52:11.798 INFO:teuthology.orchestra.run.smithi072.stdout:/usr/bin/ceph: stderr
2024-03-19T05:52:10.829+0000 7f3a97e00700 1 -- 172.21.15.72:0/3546147367 <== mon.0 v2:172.21.15.72:3300/0 1 ==== mon_map magic: 0 v1 ==== 229+0+0 (secure 0 0 0) 0x7f3a8c004180 con 0x7f3a98107be0
2024-03-19T05:52:11.803 INFO:teuthology.orchestra.run.smithi072.stdout:/usr/bin/ceph: stderr
2024-03-19T05:52:10.829+0000 7f3a97e00700 1 -- 172.21.15.72:0/3546147367 <== mon.0 v2:172.21.15.72:3300/0 2 ==== config(27 keys) v1 ==== 1037+0+0 (secure 0 0 0) 0x7f3a8c0042e0 con 0x7f3a98107be0
2024-03-19T05:52:11.803 INFO:teuthology.orchestra.run.smithi072.stdout:/usr/bin/ceph: stderr
2024-03-19T05:52:10.829+0000 7f3a97e00700 1 -- 172.21.15.72:0/3546147367 <== mon.0 v2:172.21.15.72:3300/0 3 ==== mon_map magic: 0 v1 ==== 229+0+0 (secure 0 0 0) 0x7f3a8c011a50 con 0x7f3a98107be0
2024-03-19T05:52:11.803 INFO:teuthology.orchestra.run.smithi072.stdout:/usr/bin/ceph: stderr
2024-03-19T05:52:10.830+0000 7f3aa0200700 1 -- 172.21.15.72:0/3546147367 >> [v2:172.21.15.72:3300/0,v1:172.21.15.72:6789/0] conn(0x7f3a98107be0 msgr2=0x7f3a98107ff0 secure :-1 s=STATE_CONNECTION_ESTABLISHED l=1).mark_down
2024-03-19T05:52:11.803 INFO:teuthology.orchestra.run.smithi072.stdout:/usr/bin/ceph: stderr
2024-03-19T05:52:10.830+0000 7f3aa0200700 1 --2- 172.21.15.72:0/3546147367 >> [v2:172.21.15.72:3300/0,v1:172.21.15.72:6789/0] conn(0x7f3a98107be0 0x7f3a98107ff0 secure :-1 s=READY pgs=37 cs=0 l=1 rev1=1 crypto rx=0x7f3a8c0098a0 tx=0x7f3a8c009bb0 comp rx=0 tx=0).stop
2024-03-19T05:52:11.803 INFO:teuthology.orchestra.run.smithi072.stdout:/usr/bin/ceph: stderr
2024-03-19T05:52:10.830+0000 7f3aa0200700 1 -- 172.21.15.72:0/3546147367 shutdown_connections
2024-03-19T05:52:11.803 INFO:teuthology.orchestra.run.smithi072.stdout:/usr/bin/ceph: stderr
2024-03-19T05:52:10.830+0000 7f3aa0200700 1 --2- 172.21.15.72:0/3546147367 >> [v2:172.21.15.72:3300/0,v1:172.21.15.72:6789/0] conn(0x7f3a98107be0 0x7f3a98107ff0 unknown :-1 s=CLOSED pgs=37 cs=0 l=1 rev1=1 crypto rx=0 tx=0 comp rx=0 tx=0).stop
2024-03-19T05:52:11.803 INFO:teuthology.orchestra.run.smithi072.stdout:/usr/bin/ceph: stderr
2024-03-19T05:52:10.830+0000 7f3aa0200700 1 -- 172.21.15.72:0/3546147367 >> 172.21.15.72:0/3546147367 conn(0x7f3a9807b200 msgr2=0x7f3a9807b660 unknown :-1 s=STATE_NONE l=0).mark_down
2024-03-19T05:52:11.803 INFO:teuthology.orchestra.run.smithi072.stdout:/usr/bin/ceph: stderr
2024-03-19T05:52:10.830+0000 7f3aa0200700 1 -- 172.21.15.72:0/3546147367 shutdown_connections
2024-03-19T05:52:11.803 INFO:teuthology.orchestra.run.smithi072.stdout:/usr/bin/ceph: stderr
2024-03-19T05:52:10.830+0000 7f3aa0200700 1 -- 172.21.15.72:0/3546147367 wait complete.
2024-03-19T05:52:11.804 INFO:teuthology.orchestra.run.smithi072.stdout:/usr/bin/ceph: stderr
2024-03-19T05:52:10.831+0000 7f3aa0200700 1 Processor -- start
2024-03-19T05:52:11.804 INFO:teuthology.orchestra.run.smithi072.stdout:/usr/bin/ceph: stderr
2024-03-19T05:52:10.832+0000 7f3aa0200700 1 -- start start
2024-03-19T05:52:11.804 INFO:teuthology.orchestra.run.smithi072.stdout:/usr/bin/ceph: stderr
2024-03-19T05:52:10.832+0000 7f3aa0200700 1 --2- >> [v2:172.21.15.72:3300/0,v1:172.21.15.72:6789/0] conn(0x7f3a98107be0 0x7f3a9819b990 unknown :-1 s=NONE pgs=0 cs=0 l=1 rev1=0 crypto rx=0 tx=0 comp rx=0 tx=0).connect
2024-03-19T05:52:11.804 INFO:teuthology.orchestra.run.smithi072.stdout:/usr/bin/ceph: stderr
2024-03-19T05:52:10.832+0000 7f3aa0200700 1 -- --> [v2:172.21.15.72:3300/0,v1:172.21.15.72:6789/0] -- mon_getmap magic: 0 v1 -- 0x7f3a9819bed0 con 0x7f3a98107be0
2024-03-19T05:52:11.804 INFO:teuthology.orchestra.run.smithi072.stdout:/usr/bin/ceph: stderr
2024-03-19T05:52:10.832+0000 7f3a9d800700 1 --2- >> [v2:172.21.15.72:3300/0,v1:172.21.15.72:6789/0] conn(0x7f3a98107be0 0x7f3a9819b990 unknown :-1 s=BANNER_CONNECTING pgs=0 cs=0 l=1 rev1=0 crypto rx=0 tx=0 comp rx=0 tx=0)._handle_peer_banner_payload supported=3 required=0
2024-03-19T05:52:11.804 INFO:teuthology.orchestra.run.smithi072.stdout:/usr/bin/ceph: stderr
2024-03-19T05:52:10.832+0000 7f3a9d800700 1 --2- >> [v2:172.21.15.72:3300/0,v1:172.21.15.72:6789/0] conn(0x7f3a98107be0 0x7f3a9819b990 unknown :-1 s=HELLO_CONNECTING pgs=0 cs=0 l=1 rev1=1 crypto rx=0 tx=0 comp rx=0 tx=0).handle_hello peer v2:172.21.15.72:3300/0 says I am v2:172.21.15.72:36406/0 (socket says 172.21.15.72:36406)
2024-03-19T05:52:11.804 INFO:teuthology.orchestra.run.smithi072.stdout:/usr/bin/ceph: stderr
2024-03-19T05:52:10.832+0000 7f3a9d800700 1 -- 172.21.15.72:0/1033895693 learned_addr learned my addr 172.21.15.72:0/1033895693 (peer_addr_for_me v2:172.21.15.72:0/0)
2024-03-19T05:52:11.804 INFO:teuthology.orchestra.run.smithi072.stdout:/usr/bin/ceph: stderr
2024-03-19T05:52:10.832+0000 7f3a9d800700 1 -- 172.21.15.72:0/1033895693 --> [v2:172.21.15.72:3300/0,v1:172.21.15.72:6789/0] -- mon_subscribe({config=0+,monmap=0+}) v3 -- 0x7f3a8c009550 con 0x7f3a98107be0
2024-03-19T05:52:11.804 INFO:teuthology.orchestra.run.smithi072.stdout:/usr/bin/ceph: stderr
2024-03-19T05:52:10.833+0000 7f3a9d800700 1 --2- 172.21.15.72:0/1033895693 >> [v2:172.21.15.72:3300/0,v1:172.21.15.72:6789/0] conn(0x7f3a98107be0 0x7f3a9819b990 secure :-1 s=READY pgs=38 cs=0 l=1 rev1=1 crypto rx=0x7f3a8c003de0 tx=0x7f3a8c011ab0 comp rx=0 tx=0).ready entity=mon.0 client_cookie=0 server_cookie=0 in_seq=0 out_seq=0
2024-03-19T05:52:11.804 INFO:teuthology.orchestra.run.smithi072.stdout:/usr/bin/ceph: stderr
2024-03-19T05:52:10.833+0000 7f3a96000700 1 -- 172.21.15.72:0/1033895693 <== mon.0 v2:172.21.15.72:3300/0 1 ==== mon_map magic: 0 v1 ==== 229+0+0 (secure 0 0 0) 0x7f3a8c003930 con 0x7f3a98107be0
2024-03-19T05:52:11.804 INFO:teuthology.orchestra.run.smithi072.stdout:/usr/bin/ceph: stderr
2024-03-19T05:52:10.833+0000 7f3a96000700 1 -- 172.21.15.72:0/1033895693 <== mon.0 v2:172.21.15.72:3300/0 2 ==== config(27 keys) v1 ==== 1037+0+0 (secure 0 0 0) 0x7f3a8c003a90 con 0x7f3a98107be0
2024-03-19T05:52:11.804 INFO:teuthology.orchestra.run.smithi072.stdout:/usr/bin/ceph: stderr
2024-03-19T05:52:10.833+0000 7f3aa0200700 1 -- 172.21.15.72:0/1033895693 --> [v2:172.21.15.72:3300/0,v1:172.21.15.72:6789/0] -- mon_subscribe({mgrmap=0+}) v3 -- 0x7f3a9819c0d0 con 0x7f3a98107be0
2024-03-19T05:52:11.804 INFO:teuthology.orchestra.run.smithi072.stdout:/usr/bin/ceph: stderr
2024-03-19T05:52:10.833+0000 7f3a96000700 1 -- 172.21.15.72:0/1033895693 <== mon.0 v2:172.21.15.72:3300/0 3 ==== mon_map magic: 0 v1 ==== 229+0+0 (secure 0 0 0) 0x7f3a8c019730 con 0x7f3a98107be0
2024-03-19T05:52:11.805 INFO:teuthology.orchestra.run.smithi072.stdout:/usr/bin/ceph: stderr
2024-03-19T05:52:10.833+0000 7f3aa0200700 1 -- 172.21.15.72:0/1033895693 --> [v2:172.21.15.72:3300/0,v1:172.21.15.72:6789/0] -- mon_subscribe({osdmap=0}) v3 -- 0x7f3a9819c570 con 0x7f3a98107be0
2024-03-19T05:52:11.805 INFO:teuthology.orchestra.run.smithi072.stdout:/usr/bin/ceph: stderr
2024-03-19T05:52:10.834+0000 7f3aa0200700 1 -- 172.21.15.72:0/1033895693 --> [v2:172.21.15.72:3300/0,v1:172.21.15.72:6789/0] -- mon_command({"prefix": "get_command_descriptions"} v 0) v1 -- 0x7f3a98062380 con 0x7f3a98107be0
2024-03-19T05:52:11.805 INFO:teuthology.orchestra.run.smithi072.stdout:/usr/bin/ceph: stderr
2024-03-19T05:52:10.834+0000 7f3a96000700 1 -- 172.21.15.72:0/1033895693 <== mon.0 v2:172.21.15.72:3300/0 4 ==== mgrmap(e 8) v1 ==== 45084+0+0 (secure 0 0 0) 0x7f3a8c0199b0 con 0x7f3a98107be0
2024-03-19T05:52:11.805 INFO:teuthology.orchestra.run.smithi072.stdout:/usr/bin/ceph: stderr
2024-03-19T05:52:10.835+0000 7f3a96000700 1 --2- 172.21.15.72:0/1033895693 >> [v2:172.21.15.72:6800/2294511988,v1:172.21.15.72:6801/2294511988] conn(0x7f3a800383f0 0x7f3a8003a8a0 unknown :-1 s=NONE pgs=0 cs=0 l=1 rev1=0 crypto rx=0 tx=0 comp rx=0 tx=0).connect
2024-03-19T05:52:11.805 INFO:teuthology.orchestra.run.smithi072.stdout:/usr/bin/ceph: stderr
2024-03-19T05:52:10.835+0000 7f3a96000700 1 -- 172.21.15.72:0/1033895693 <== mon.0 v2:172.21.15.72:3300/0 5 ==== osd_map(2..2 src has 1..2) v4 ==== 940+0+0 (secure 0 0 0) 0x7f3a8c04c530 con 0x7f3a98107be0
2024-03-19T05:52:11.805 INFO:teuthology.orchestra.run.smithi072.stdout:/usr/bin/ceph: stderr
2024-03-19T05:52:10.835+0000 7f3a9ce00700 1 --2- 172.21.15.72:0/1033895693 >> [v2:172.21.15.72:6800/2294511988,v1:172.21.15.72:6801/2294511988] conn(0x7f3a800383f0 0x7f3a8003a8a0 unknown :-1 s=BANNER_CONNECTING pgs=0 cs=0 l=1 rev1=0 crypto rx=0 tx=0 comp rx=0 tx=0)._handle_peer_banner_payload supported=3 required=0
2024-03-19T05:52:11.805 INFO:teuthology.orchestra.run.smithi072.stdout:/usr/bin/ceph: stderr
2024-03-19T05:52:10.836+0000 7f3a9ce00700 1 --2- 172.21.15.72:0/1033895693 >> [v2:172.21.15.72:6800/2294511988,v1:172.21.15.72:6801/2294511988] conn(0x7f3a800383f0 0x7f3a8003a8a0 secure :-1 s=READY pgs=7 cs=0 l=1 rev1=1 crypto rx=0x7f3a84006fd0 tx=0x7f3a84006e40 comp rx=0 tx=0).ready entity=mgr.14120 client_cookie=0 server_cookie=0 in_seq=0 out_seq=0
2024-03-19T05:52:11.805 INFO:teuthology.orchestra.run.smithi072.stdout:/usr/bin/ceph: stderr
2024-03-19T05:52:10.840+0000 7f3a96000700 1 -- 172.21.15.72:0/1033895693 <== mon.0 v2:172.21.15.72:3300/0 6 ==== mon_command_ack([{"prefix": "get_command_descriptions"}]=0 v0) v1 ==== 72+0+177933 (secure 0 0 0) 0x7f3a8c010380 con 0x7f3a98107be0
2024-03-19T05:52:11.805 INFO:teuthology.orchestra.run.smithi072.stdout:/usr/bin/ceph: stderr
2024-03-19T05:52:11.053+0000 7f3aa0200700 1 -- 172.21.15.72:0/1033895693 --> [v2:172.21.15.72:6800/2294511988,v1:172.21.15.72:6801/2294511988] -- mgr_command(tid 0: {"prefix": "orch set backend", "module_name": "cephadm", "target": ["mon-mgr", ""]}) v1 -- 0x7f3a98106c80 con 0x7f3a800383f0
2024-03-19T05:52:11.805 INFO:teuthology.orchestra.run.smithi072.stdout:/usr/bin/ceph: stderr
2024-03-19T05:52:11.068+0000 7f3a96000700 1 -- 172.21.15.72:0/1033895693 <== mgr.14120 v2:172.21.15.72:6800/2294511988 1 ==== mgr_command_reply(tid 0: 0 ) v1 ==== 8+0+0 (secure 0 0 0) 0x7f3a98106c80 con 0x7f3a800383f0
2024-03-19T05:52:11.805 INFO:teuthology.orchestra.run.smithi072.stdout:/usr/bin/ceph: stderr
2024-03-19T05:52:11.071+0000 7f3aa0200700 1 -- 172.21.15.72:0/1033895693 >> [v2:172.21.15.72:6800/2294511988,v1:172.21.15.72:6801/2294511988] conn(0x7f3a800383f0 msgr2=0x7f3a8003a8a0 secure :-1 s=STATE_CONNECTION_ESTABLISHED l=1).mark_down
2024-03-19T05:52:11.805 INFO:teuthology.orchestra.run.smithi072.stdout:/usr/bin/ceph: stderr
2024-03-19T05:52:11.071+0000 7f3aa0200700 1 --2- 172.21.15.72:0/1033895693 >> [v2:172.21.15.72:6800/2294511988,v1:172.21.15.72:6801/2294511988] conn(0x7f3a800383f0 0x7f3a8003a8a0 secure :-1 s=READY pgs=7 cs=0 l=1 rev1=1 crypto rx=0x7f3a84006fd0 tx=0x7f3a84006e40 comp rx=0 tx=0).stop
2024-03-19T05:52:11.805 INFO:teuthology.orchestra.run.smithi072.stdout:/usr/bin/ceph: stderr
2024-03-19T05:52:11.071+0000 7f3aa0200700 1 -- 172.21.15.72:0/1033895693 >> [v2:172.21.15.72:3300/0,v1:172.21.15.72:6789/0] conn(0x7f3a98107be0 msgr2=0x7f3a9819b990 secure :-1 s=STATE_CONNECTION_ESTABLISHED l=1).mark_down
2024-03-19T05:52:11.805 INFO:teuthology.orchestra.run.smithi072.stdout:/usr/bin/ceph: stderr
2024-03-19T05:52:11.071+0000 7f3aa0200700 1 --2- 172.21.15.72:0/1033895693 >> [v2:172.21.15.72:3300/0,v1:172.21.15.72:6789/0] conn(0x7f3a98107be0 0x7f3a9819b990 secure :-1 s=READY pgs=38 cs=0 l=1 rev1=1 crypto rx=0x7f3a8c003de0 tx=0x7f3a8c011ab0 comp rx=0 tx=0).stop
2024-03-19T05:52:11.806 INFO:teuthology.orchestra.run.smithi072.stdout:/usr/bin/ceph: stderr
2024-03-19T05:52:11.071+0000 7f3aa0200700 1 -- 172.21.15.72:0/1033895693 shutdown_connections
2024-03-19T05:52:11.806 INFO:teuthology.orchestra.run.smithi072.stdout:/usr/bin/ceph: stderr
2024-03-19T05:52:11.071+0000 7f3aa0200700 1 --2- 172.21.15.72:0/1033895693 >> [v2:172.21.15.72:6800/2294511988,v1:172.21.15.72:6801/2294511988] conn(0x7f3a800383f0 0x7f3a8003a8a0 unknown :-1 s=CLOSED pgs=7 cs=0 l=1 rev1=1 crypto rx=0 tx=0 comp rx=0 tx=0).stop
2024-03-19T05:52:11.806 INFO:teuthology.orchestra.run.smithi072.stdout:/usr/bin/ceph: stderr
2024-03-19T05:52:11.071+0000 7f3aa0200700 1 --2- 172.21.15.72:0/1033895693 >> [v2:172.21.15.72:3300/0,v1:172.21.15.72:6789/0] conn(0x7f3a98107be0 0x7f3a9819b990 unknown :-1 s=CLOSED pgs=38 cs=0 l=1 rev1=1 crypto rx=0 tx=0 comp rx=0 tx=0).stop
2024-03-19T05:52:11.806 INFO:teuthology.orchestra.run.smithi072.stdout:/usr/bin/ceph: stderr
2024-03-19T05:52:11.071+0000 7f3aa0200700 1 -- 172.21.15.72:0/1033895693 >> 172.21.15.72:0/1033895693 conn(0x7f3a9807b200 msgr2=0x7f3a98106060 unknown :-1 s=STATE_NONE l=0).mark_down
2024-03-19T05:52:11.806 INFO:teuthology.orchestra.run.smithi072.stdout:/usr/bin/ceph: stderr
2024-03-19T05:52:11.071+0000 7f3aa0200700 1 -- 172.21.15.72:0/1033895693 shutdown_connections
2024-03-19T05:52:11.806 INFO:teuthology.orchestra.run.smithi072.stdout:/usr/bin/ceph: stderr
2024-03-19T05:52:11.071+0000 7f3aa0200700 1 -- 172.21.15.72:0/1033895693 wait complete.
2024-03-19T05:52:12.674 INFO:journalctl@ceph.mon.smithi072.smithi072.stdout:Mar 19 05:52:12 smithi072 ceph-mon[28706]: from='client.14132 -' entity='client.admin' cmd=[{"prefix": "orch set backend", "module_name": "cephadm", "target": ["mon-mgr", ""]}]: dispatch
2024-03-19T05:52:13.373 INFO:teuthology.orchestra.run.smithi072.stdout:/usr/bin/ceph: stdout value unchanged
2024-03-19T05:52:13.380 INFO:teuthology.orchestra.run.smithi072.stdout:/usr/bin/ceph: stderr
2024-03-19T05:52:12.429+0000 7fae6f800700 1 Processor -- start
2024-03-19T05:52:13.380 INFO:teuthology.orchestra.run.smithi072.stdout:/usr/bin/ceph: stderr
2024-03-19T05:52:12.429+0000 7fae6f800700 1 -- start start
2024-03-19T05:52:13.380 INFO:teuthology.orchestra.run.smithi072.stdout:/usr/bin/ceph: stderr
2024-03-19T05:52:12.430+0000 7fae6f800700 1 --2- >> [v2:172.21.15.72:3300/0,v1:172.21.15.72:6789/0] conn(0x7fae6807be10 0x7fae6807a310 unknown :-1 s=NONE pgs=0 cs=0 l=0 rev1=0 crypto rx=0 tx=0 comp rx=0 tx=0).connect
2024-03-19T05:52:13.380 INFO:teuthology.orchestra.run.smithi072.stdout:/usr/bin/ceph: stderr
2024-03-19T05:52:12.430+0000 7fae6f800700 1 -- --> [v2:172.21.15.72:3300/0,v1:172.21.15.72:6789/0] -- mon_getmap magic: 0 v1 -- 0x7fae6807a850 con 0x7fae6807be10
2024-03-19T05:52:13.380 INFO:teuthology.orchestra.run.smithi072.stdout:/usr/bin/ceph: stderr
2024-03-19T05:52:12.430+0000 7fae6ce00700 1 --2- >> [v2:172.21.15.72:3300/0,v1:172.21.15.72:6789/0] conn(0x7fae6807be10 0x7fae6807a310 unknown :-1 s=BANNER_CONNECTING pgs=0 cs=0 l=0 rev1=0 crypto rx=0 tx=0 comp rx=0 tx=0)._handle_peer_banner_payload supported=3 required=0
2024-03-19T05:52:13.380 INFO:teuthology.orchestra.run.smithi072.stdout:/usr/bin/ceph: stderr
2024-03-19T05:52:12.430+0000 7fae6ce00700 1 --2- >> [v2:172.21.15.72:3300/0,v1:172.21.15.72:6789/0] conn(0x7fae6807be10 0x7fae6807a310 unknown :-1 s=HELLO_CONNECTING pgs=0 cs=0 l=0 rev1=1 crypto rx=0 tx=0 comp rx=0 tx=0).handle_hello peer v2:172.21.15.72:3300/0 says I am v2:172.21.15.72:36412/0 (socket says 172.21.15.72:36412)
2024-03-19T05:52:13.380 INFO:teuthology.orchestra.run.smithi072.stdout:/usr/bin/ceph: stderr
2024-03-19T05:52:12.430+0000 7fae6ce00700 1 -- 172.21.15.72:0/2867225193 learned_addr learned my addr 172.21.15.72:0/2867225193 (peer_addr_for_me v2:172.21.15.72:0/0)
2024-03-19T05:52:13.380 INFO:teuthology.orchestra.run.smithi072.stdout:/usr/bin/ceph: stderr
2024-03-19T05:52:12.431+0000 7fae6ce00700 1 -- 172.21.15.72:0/2867225193 --> [v2:172.21.15.72:3300/0,v1:172.21.15.72:6789/0] -- mon_subscribe({config=0+,monmap=0+}) v3 -- 0x7fae6807a990 con 0x7fae6807be10
2024-03-19T05:52:13.380 INFO:teuthology.orchestra.run.smithi072.stdout:/usr/bin/ceph: stderr
2024-03-19T05:52:12.431+0000 7fae6ce00700 1 --2- 172.21.15.72:0/2867225193 >> [v2:172.21.15.72:3300/0,v1:172.21.15.72:6789/0] conn(0x7fae6807be10 0x7fae6807a310 secure :-1 s=READY pgs=39 cs=0 l=1 rev1=1 crypto rx=0x7fae5c009890 tx=0x7fae5c009ba0 comp rx=0 tx=0).ready entity=mon.0 client_cookie=edd639d95f8acb78 server_cookie=0 in_seq=0 out_seq=0
2024-03-19T05:52:13.380 INFO:teuthology.orchestra.run.smithi072.stdout:/usr/bin/ceph: stderr
2024-03-19T05:52:12.431+0000 7fae67400700 1 -- 172.21.15.72:0/2867225193 <== mon.0 v2:172.21.15.72:3300/0 1 ==== mon_map magic: 0 v1 ==== 229+0+0 (secure 0 0 0) 0x7fae5c004180 con 0x7fae6807be10
2024-03-19T05:52:13.380 INFO:teuthology.orchestra.run.smithi072.stdout:/usr/bin/ceph: stderr
2024-03-19T05:52:12.432+0000 7fae67400700 1 -- 172.21.15.72:0/2867225193 <== mon.0 v2:172.21.15.72:3300/0 2 ==== config(27 keys) v1 ==== 1037+0+0 (secure 0 0 0) 0x7fae5c0042e0 con 0x7fae6807be10
2024-03-19T05:52:13.380 INFO:teuthology.orchestra.run.smithi072.stdout:/usr/bin/ceph: stderr
2024-03-19T05:52:12.432+0000 7fae67400700 1 -- 172.21.15.72:0/2867225193 <== mon.0 v2:172.21.15.72:3300/0 3 ==== mon_map magic: 0 v1 ==== 229+0+0 (secure 0 0 0) 0x7fae5c011a40 con 0x7fae6807be10
2024-03-19T05:52:13.380 INFO:teuthology.orchestra.run.smithi072.stdout:/usr/bin/ceph: stderr
2024-03-19T05:52:12.432+0000 7fae6f800700 1 -- 172.21.15.72:0/2867225193 >> [v2:172.21.15.72:3300/0,v1:172.21.15.72:6789/0] conn(0x7fae6807be10 msgr2=0x7fae6807a310 secure :-1 s=STATE_CONNECTION_ESTABLISHED l=1).mark_down
2024-03-19T05:52:13.381 INFO:teuthology.orchestra.run.smithi072.stdout:/usr/bin/ceph: stderr
2024-03-19T05:52:12.432+0000 7fae6f800700 1 --2- 172.21.15.72:0/2867225193 >> [v2:172.21.15.72:3300/0,v1:172.21.15.72:6789/0] conn(0x7fae6807be10 0x7fae6807a310 secure :-1 s=READY pgs=39 cs=0 l=1 rev1=1 crypto rx=0x7fae5c009890 tx=0x7fae5c009ba0 comp rx=0 tx=0).stop
2024-03-19T05:52:13.381 INFO:teuthology.orchestra.run.smithi072.stdout:/usr/bin/ceph: stderr
2024-03-19T05:52:12.432+0000 7fae6f800700 1 -- 172.21.15.72:0/2867225193 shutdown_connections
2024-03-19T05:52:13.381 INFO:teuthology.orchestra.run.smithi072.stdout:/usr/bin/ceph: stderr
2024-03-19T05:52:12.432+0000 7fae6f800700 1 --2- 172.21.15.72:0/2867225193 >> [v2:172.21.15.72:3300/0,v1:172.21.15.72:6789/0] conn(0x7fae6807be10 0x7fae6807a310 unknown :-1 s=CLOSED pgs=39 cs=0 l=1 rev1=1 crypto rx=0 tx=0 comp rx=0 tx=0).stop
2024-03-19T05:52:13.381 INFO:teuthology.orchestra.run.smithi072.stdout:/usr/bin/ceph: stderr
2024-03-19T05:52:12.432+0000 7fae6f800700 1 -- 172.21.15.72:0/2867225193 >> 172.21.15.72:0/2867225193 conn(0x7fae68101020 msgr2=0x7fae68103450 unknown :-1 s=STATE_NONE l=0).mark_down
2024-03-19T05:52:13.381 INFO:teuthology.orchestra.run.smithi072.stdout:/usr/bin/ceph: stderr
2024-03-19T05:52:12.432+0000 7fae6f800700 1 -- 172.21.15.72:0/2867225193 shutdown_connections
2024-03-19T05:52:13.381 INFO:teuthology.orchestra.run.smithi072.stdout:/usr/bin/ceph: stderr
2024-03-19T05:52:12.432+0000 7fae6f800700 1 -- 172.21.15.72:0/2867225193 wait complete.
2024-03-19T05:52:13.381 INFO:teuthology.orchestra.run.smithi072.stdout:/usr/bin/ceph: stderr
2024-03-19T05:52:12.434+0000 7fae6f800700 1 Processor -- start
2024-03-19T05:52:13.381 INFO:teuthology.orchestra.run.smithi072.stdout:/usr/bin/ceph: stderr
2024-03-19T05:52:12.434+0000 7fae6f800700 1 -- start start
2024-03-19T05:52:13.381 INFO:teuthology.orchestra.run.smithi072.stdout:/usr/bin/ceph: stderr
2024-03-19T05:52:12.434+0000 7fae6f800700 1 --2- >> [v2:172.21.15.72:3300/0,v1:172.21.15.72:6789/0] conn(0x7fae6807be10 0x7fae6819fd30 unknown :-1 s=NONE pgs=0 cs=0 l=1 rev1=0 crypto rx=0 tx=0 comp rx=0 tx=0).connect
2024-03-19T05:52:13.381 INFO:teuthology.orchestra.run.smithi072.stdout:/usr/bin/ceph: stderr
2024-03-19T05:52:12.434+0000 7fae6f800700 1 -- --> [v2:172.21.15.72:3300/0,v1:172.21.15.72:6789/0] -- mon_getmap magic: 0 v1 -- 0x7fae681a0270 con 0x7fae6807be10
2024-03-19T05:52:13.381 INFO:teuthology.orchestra.run.smithi072.stdout:/usr/bin/ceph: stderr
2024-03-19T05:52:12.434+0000 7fae6ce00700 1 --2- >> [v2:172.21.15.72:3300/0,v1:172.21.15.72:6789/0] conn(0x7fae6807be10 0x7fae6819fd30 unknown :-1 s=BANNER_CONNECTING pgs=0 cs=0 l=1 rev1=0 crypto rx=0 tx=0 comp rx=0 tx=0)._handle_peer_banner_payload supported=3 required=0
2024-03-19T05:52:13.381 INFO:teuthology.orchestra.run.smithi072.stdout:/usr/bin/ceph: stderr
2024-03-19T05:52:12.434+0000 7fae6ce00700 1 --2- >> [v2:172.21.15.72:3300/0,v1:172.21.15.72:6789/0] conn(0x7fae6807be10 0x7fae6819fd30 unknown :-1 s=HELLO_CONNECTING pgs=0 cs=0 l=1 rev1=1 crypto rx=0 tx=0 comp rx=0 tx=0).handle_hello peer v2:172.21.15.72:3300/0 says I am v2:172.21.15.72:36426/0 (socket says 172.21.15.72:36426)
2024-03-19T05:52:13.381 INFO:teuthology.orchestra.run.smithi072.stdout:/usr/bin/ceph: stderr
2024-03-19T05:52:12.434+0000 7fae6ce00700 1 -- 172.21.15.72:0/542763837 learned_addr learned my addr 172.21.15.72:0/542763837 (peer_addr_for_me v2:172.21.15.72:0/0)
2024-03-19T05:52:13.381 INFO:teuthology.orchestra.run.smithi072.stdout:/usr/bin/ceph: stderr
2024-03-19T05:52:12.435+0000 7fae6ce00700 1 -- 172.21.15.72:0/542763837 --> [v2:172.21.15.72:3300/0,v1:172.21.15.72:6789/0] -- mon_subscribe({config=0+,monmap=0+}) v3 -- 0x7fae5c0094f0 con 0x7fae6807be10
2024-03-19T05:52:13.382 INFO:teuthology.orchestra.run.smithi072.stdout:/usr/bin/ceph: stderr
2024-03-19T05:52:12.435+0000 7fae6ce00700 1 --2- 172.21.15.72:0/542763837 >> [v2:172.21.15.72:3300/0,v1:172.21.15.72:6789/0] conn(0x7fae6807be10 0x7fae6819fd30 secure :-1 s=READY pgs=40 cs=0 l=1 rev1=1 crypto rx=0x7fae5c006fa0 tx=0x7fae5c003750 comp rx=0 tx=0).ready entity=mon.0 client_cookie=0 server_cookie=0 in_seq=0 out_seq=0
2024-03-19T05:52:13.382 INFO:teuthology.orchestra.run.smithi072.stdout:/usr/bin/ceph: stderr
2024-03-19T05:52:12.435+0000 7fae65600700 1 -- 172.21.15.72:0/542763837 <== mon.0 v2:172.21.15.72:3300/0 1 ==== mon_map magic: 0 v1 ==== 229+0+0 (secure 0 0 0) 0x7fae5c003cd0 con 0x7fae6807be10
2024-03-19T05:52:13.382 INFO:teuthology.orchestra.run.smithi072.stdout:/usr/bin/ceph: stderr
2024-03-19T05:52:12.435+0000 7fae65600700 1 -- 172.21.15.72:0/542763837 <== mon.0 v2:172.21.15.72:3300/0 2 ==== config(27 keys) v1 ==== 1037+0+0 (secure 0 0 0) 0x7fae5c01b8b0 con 0x7fae6807be10
2024-03-19T05:52:13.382 INFO:teuthology.orchestra.run.smithi072.stdout:/usr/bin/ceph: stderr
2024-03-19T05:52:12.435+0000 7fae6f800700 1 -- 172.21.15.72:0/542763837 --> [v2:172.21.15.72:3300/0,v1:172.21.15.72:6789/0] -- mon_subscribe({mgrmap=0+}) v3 -- 0x7fae681a0470 con 0x7fae6807be10
2024-03-19T05:52:13.382 INFO:teuthology.orchestra.run.smithi072.stdout:/usr/bin/ceph: stderr
2024-03-19T05:52:12.435+0000 7fae65600700 1 -- 172.21.15.72:0/542763837 <== mon.0 v2:172.21.15.72:3300/0 3 ==== mon_map magic: 0 v1 ==== 229+0+0 (secure 0 0 0) 0x7fae5c019930 con 0x7fae6807be10
2024-03-19T05:52:13.382 INFO:teuthology.orchestra.run.smithi072.stdout:/usr/bin/ceph: stderr
2024-03-19T05:52:12.436+0000 7fae6f800700 1 -- 172.21.15.72:0/542763837 --> [v2:172.21.15.72:3300/0,v1:172.21.15.72:6789/0] -- mon_subscribe({osdmap=0}) v3 -- 0x7fae681a0910 con 0x7fae6807be10
2024-03-19T05:52:13.382 INFO:teuthology.orchestra.run.smithi072.stdout:/usr/bin/ceph: stderr
2024-03-19T05:52:12.437+0000 7fae6f800700 1 -- 172.21.15.72:0/542763837 --> [v2:172.21.15.72:3300/0,v1:172.21.15.72:6789/0] -- mon_command({"prefix": "get_command_descriptions"} v 0) v1 -- 0x7fae68199510 con 0x7fae6807be10
2024-03-19T05:52:13.382 INFO:teuthology.orchestra.run.smithi072.stdout:/usr/bin/ceph: stderr
2024-03-19T05:52:12.437+0000 7fae65600700 1 -- 172.21.15.72:0/542763837 <== mon.0 v2:172.21.15.72:3300/0 4 ==== mgrmap(e 8) v1 ==== 45084+0+0 (secure 0 0 0) 0x7fae5c01ba20 con 0x7fae6807be10
2024-03-19T05:52:13.382 INFO:teuthology.orchestra.run.smithi072.stdout:/usr/bin/ceph: stderr
2024-03-19T05:52:12.437+0000 7fae65600700 1 --2- 172.21.15.72:0/542763837 >> [v2:172.21.15.72:6800/2294511988,v1:172.21.15.72:6801/2294511988] conn(0x7fae500383a0 0x7fae5003a850 unknown :-1 s=NONE pgs=0 cs=0 l=1 rev1=0 crypto rx=0 tx=0 comp rx=0 tx=0).connect
2024-03-19T05:52:13.382 INFO:teuthology.orchestra.run.smithi072.stdout:/usr/bin/ceph: stderr
2024-03-19T05:52:12.437+0000 7fae65600700 1 -- 172.21.15.72:0/542763837 <== mon.0 v2:172.21.15.72:3300/0 5 ==== osd_map(2..2 src has 1..2) v4 ==== 940+0+0 (secure 0 0 0) 0x7fae5c04c5e0 con 0x7fae6807be10
2024-03-19T05:52:13.382 INFO:teuthology.orchestra.run.smithi072.stdout:/usr/bin/ceph: stderr
2024-03-19T05:52:12.437+0000 7fae67e00700 1 --2- 172.21.15.72:0/542763837 >> [v2:172.21.15.72:6800/2294511988,v1:172.21.15.72:6801/2294511988] conn(0x7fae500383a0 0x7fae5003a850 unknown :-1 s=BANNER_CONNECTING pgs=0 cs=0 l=1 rev1=0 crypto rx=0 tx=0 comp rx=0 tx=0)._handle_peer_banner_payload supported=3 required=0
2024-03-19T05:52:13.382 INFO:teuthology.orchestra.run.smithi072.stdout:/usr/bin/ceph: stderr
2024-03-19T05:52:12.438+0000 7fae67e00700 1 --2- 172.21.15.72:0/542763837 >> [v2:172.21.15.72:6800/2294511988,v1:172.21.15.72:6801/2294511988] conn(0x7fae500383a0 0x7fae5003a850 secure :-1 s=READY pgs=8 cs=0 l=1 rev1=1 crypto rx=0x7fae54006fd0 tx=0x7fae54006e40 comp rx=0 tx=0).ready entity=mgr.14120 client_cookie=0 server_cookie=0 in_seq=0 out_seq=0
2024-03-19T05:52:13.382 INFO:teuthology.orchestra.run.smithi072.stdout:/usr/bin/ceph: stderr
2024-03-19T05:52:12.443+0000 7fae65600700 1 -- 172.21.15.72:0/542763837 <== mon.0 v2:172.21.15.72:3300/0 6 ==== mon_command_ack([{"prefix": "get_command_descriptions"}]=0 v0) v1 ==== 72+0+177933 (secure 0 0 0) 0x7fae5c018940 con 0x7fae6807be10
2024-03-19T05:52:13.383 INFO:teuthology.orchestra.run.smithi072.stdout:/usr/bin/ceph: stderr
2024-03-19T05:52:12.660+0000 7fae6f800700 1 -- 172.21.15.72:0/542763837 --> [v2:172.21.15.72:6800/2294511988,v1:172.21.15.72:6801/2294511988] -- mgr_command(tid 0: {"prefix": "cephadm set-user", "user": "root", "target": ["mon-mgr", ""]}) v1 -- 0x7fae68061190 con 0x7fae500383a0
2024-03-19T05:52:13.383 INFO:teuthology.orchestra.run.smithi072.stdout:/usr/bin/ceph: stderr
2024-03-19T05:52:12.661+0000 7fae65600700 1 -- 172.21.15.72:0/542763837 <== mgr.14120 v2:172.21.15.72:6800/2294511988 1 ==== mgr_command_reply(tid 0: 0 ) v1 ==== 8+0+16 (secure 0 0 0) 0x7fae68061190 con 0x7fae500383a0
2024-03-19T05:52:13.383 INFO:teuthology.orchestra.run.smithi072.stdout:/usr/bin/ceph: stderr
2024-03-19T05:52:12.664+0000 7fae6f800700 1 -- 172.21.15.72:0/542763837 >> [v2:172.21.15.72:6800/2294511988,v1:172.21.15.72:6801/2294511988] conn(0x7fae500383a0 msgr2=0x7fae5003a850 secure :-1 s=STATE_CONNECTION_ESTABLISHED l=1).mark_down
2024-03-19T05:52:13.383 INFO:teuthology.orchestra.run.smithi072.stdout:/usr/bin/ceph: stderr
2024-03-19T05:52:12.664+0000 7fae6f800700 1 --2- 172.21.15.72:0/542763837 >> [v2:172.21.15.72:6800/2294511988,v1:172.21.15.72:6801/2294511988] conn(0x7fae500383a0 0x7fae5003a850 secure :-1 s=READY pgs=8 cs=0 l=1 rev1=1 crypto rx=0x7fae54006fd0 tx=0x7fae54006e40 comp rx=0 tx=0).stop
2024-03-19T05:52:13.383 INFO:teuthology.orchestra.run.smithi072.stdout:/usr/bin/ceph: stderr
2024-03-19T05:52:12.664+0000 7fae6f800700 1 -- 172.21.15.72:0/542763837 >> [v2:172.21.15.72:3300/0,v1:172.21.15.72:6789/0] conn(0x7fae6807be10 msgr2=0x7fae6819fd30 secure :-1 s=STATE_CONNECTION_ESTABLISHED l=1).mark_down
2024-03-19T05:52:13.383 INFO:teuthology.orchestra.run.smithi072.stdout:/usr/bin/ceph: stderr
2024-03-19T05:52:12.664+0000 7fae6f800700 1 --2- 172.21.15.72:0/542763837 >> [v2:172.21.15.72:3300/0,v1:172.21.15.72:6789/0] conn(0x7fae6807be10 0x7fae6819fd30 secure :-1 s=READY pgs=40 cs=0 l=1 rev1=1 crypto rx=0x7fae5c006fa0 tx=0x7fae5c003750 comp rx=0 tx=0).stop
2024-03-19T05:52:13.383 INFO:teuthology.orchestra.run.smithi072.stdout:/usr/bin/ceph: stderr
2024-03-19T05:52:12.664+0000 7fae6f800700 1 -- 172.21.15.72:0/542763837 shutdown_connections
2024-03-19T05:52:13.383 INFO:teuthology.orchestra.run.smithi072.stdout:/usr/bin/ceph: stderr
2024-03-19T05:52:12.664+0000 7fae6f800700 1 --2- 172.21.15.72:0/542763837 >> [v2:172.21.15.72:6800/2294511988,v1:172.21.15.72:6801/2294511988] conn(0x7fae500383a0 0x7fae5003a850 unknown :-1 s=CLOSED pgs=8 cs=0 l=1 rev1=1 crypto rx=0 tx=0 comp rx=0 tx=0).stop
2024-03-19T05:52:13.383 INFO:teuthology.orchestra.run.smithi072.stdout:/usr/bin/ceph: stderr
2024-03-19T05:52:12.664+0000 7fae6f800700 1 --2- 172.21.15.72:0/542763837 >> [v2:172.21.15.72:3300/0,v1:172.21.15.72:6789/0] conn(0x7fae6807be10 0x7fae6819fd30 unknown :-1 s=CLOSED pgs=40 cs=0 l=1 rev1=1 crypto rx=0 tx=0 comp rx=0 tx=0).stop
2024-03-19T05:52:13.383 INFO:teuthology.orchestra.run.smithi072.stdout:/usr/bin/ceph: stderr
2024-03-19T05:52:12.664+0000 7fae6f800700 1 -- 172.21.15.72:0/542763837 >> 172.21.15.72:0/542763837 conn(0x7fae68101020 msgr2=0x7fae68103450 unknown :-1 s=STATE_NONE l=0).mark_down
2024-03-19T05:52:13.383 INFO:teuthology.orchestra.run.smithi072.stdout:/usr/bin/ceph: stderr
2024-03-19T05:52:12.664+0000 7fae6f800700 1 -- 172.21.15.72:0/542763837 shutdown_connections
2024-03-19T05:52:13.383 INFO:teuthology.orchestra.run.smithi072.stdout:/usr/bin/ceph: stderr
2024-03-19T05:52:12.665+0000 7fae6f800700 1 -- 172.21.15.72:0/542763837 wait complete.
2024-03-19T05:52:13.383 INFO:teuthology.orchestra.run.smithi072.stdout:Generating ssh key...
2024-03-19T05:52:13.663 INFO:journalctl@ceph.mon.smithi072.smithi072.stdout:Mar 19 05:52:13 smithi072 ceph-mon[28706]: from='client.14134 -' entity='client.admin' cmd=[{"prefix": "cephadm set-user", "user": "root", "target": ["mon-mgr", ""]}]: dispatch
2024-03-19T05:52:15.225 INFO:teuthology.orchestra.run.smithi072.stdout:/usr/bin/ceph: stderr
2024-03-19T05:52:13.976+0000 7f8eb5400700 1 Processor -- start
2024-03-19T05:52:15.225 INFO:teuthology.orchestra.run.smithi072.stdout:/usr/bin/ceph: stderr
2024-03-19T05:52:13.976+0000 7f8eb5400700 1 -- start start
2024-03-19T05:52:15.225 INFO:teuthology.orchestra.run.smithi072.stdout:/usr/bin/ceph: stderr
2024-03-19T05:52:13.977+0000 7f8eb5400700 1 --2- >> [v2:172.21.15.72:3300/0,v1:172.21.15.72:6789/0] conn(0x7f8eb007aca0 0x7f8eb00791a0 unknown :-1 s=NONE pgs=0 cs=0 l=0 rev1=0 crypto rx=0 tx=0 comp rx=0 tx=0).connect
2024-03-19T05:52:15.225 INFO:teuthology.orchestra.run.smithi072.stdout:/usr/bin/ceph: stderr
2024-03-19T05:52:13.977+0000 7f8eb5400700 1 -- --> [v2:172.21.15.72:3300/0,v1:172.21.15.72:6789/0] -- mon_getmap magic: 0 v1 -- 0x7f8eb00796e0 con 0x7f8eb007aca0
2024-03-19T05:52:15.226 INFO:teuthology.orchestra.run.smithi072.stdout:/usr/bin/ceph: stderr
2024-03-19T05:52:13.977+0000 7f8eae800700 1 --2- >> [v2:172.21.15.72:3300/0,v1:172.21.15.72:6789/0] conn(0x7f8eb007aca0 0x7f8eb00791a0 unknown :-1 s=BANNER_CONNECTING pgs=0 cs=0 l=0 rev1=0 crypto rx=0 tx=0 comp rx=0 tx=0)._handle_peer_banner_payload supported=3 required=0
2024-03-19T05:52:15.226 INFO:teuthology.orchestra.run.smithi072.stdout:/usr/bin/ceph: stderr
2024-03-19T05:52:13.977+0000 7f8eae800700 1 --2- >> [v2:172.21.15.72:3300/0,v1:172.21.15.72:6789/0] conn(0x7f8eb007aca0 0x7f8eb00791a0 unknown :-1 s=HELLO_CONNECTING pgs=0 cs=0 l=0 rev1=1 crypto rx=0 tx=0 comp rx=0 tx=0).handle_hello peer v2:172.21.15.72:3300/0 says I am v2:172.21.15.72:52944/0 (socket says 172.21.15.72:52944)
2024-03-19T05:52:15.226 INFO:teuthology.orchestra.run.smithi072.stdout:/usr/bin/ceph: stderr
2024-03-19T05:52:13.977+0000 7f8eae800700 1 -- 172.21.15.72:0/19072343 learned_addr learned my addr 172.21.15.72:0/19072343 (peer_addr_for_me v2:172.21.15.72:0/0)
2024-03-19T05:52:15.226 INFO:teuthology.orchestra.run.smithi072.stdout:/usr/bin/ceph: stderr
2024-03-19T05:52:13.978+0000 7f8eae800700 1 -- 172.21.15.72:0/19072343 --> [v2:172.21.15.72:3300/0,v1:172.21.15.72:6789/0] -- mon_subscribe({config=0+,monmap=0+}) v3 -- 0x7f8eb0079820 con 0x7f8eb007aca0
2024-03-19T05:52:15.226 INFO:teuthology.orchestra.run.smithi072.stdout:/usr/bin/ceph: stderr
2024-03-19T05:52:13.978+0000 7f8eae800700 1 --2- 172.21.15.72:0/19072343 >> [v2:172.21.15.72:3300/0,v1:172.21.15.72:6789/0] conn(0x7f8eb007aca0 0x7f8eb00791a0 secure :-1 s=READY pgs=41 cs=0 l=1 rev1=1 crypto rx=0x7f8ea00098a0 tx=0x7f8ea0009bb0 comp rx=0 tx=0).ready entity=mon.0 client_cookie=698d840a6d7b3f0d server_cookie=0 in_seq=0 out_seq=0
2024-03-19T05:52:15.226 INFO:teuthology.orchestra.run.smithi072.stdout:/usr/bin/ceph: stderr
2024-03-19T05:52:13.978+0000 7f8eade00700 1 -- 172.21.15.72:0/19072343 <== mon.0 v2:172.21.15.72:3300/0 1 ==== mon_map magic: 0 v1 ==== 229+0+0 (secure 0 0 0) 0x7f8ea0004180 con 0x7f8eb007aca0
2024-03-19T05:52:15.226 INFO:teuthology.orchestra.run.smithi072.stdout:/usr/bin/ceph: stderr
2024-03-19T05:52:13.978+0000 7f8eade00700 1 -- 172.21.15.72:0/19072343 <== mon.0 v2:172.21.15.72:3300/0 2 ==== config(27 keys) v1 ==== 1037+0+0 (secure 0 0 0) 0x7f8ea00042e0 con 0x7f8eb007aca0
2024-03-19T05:52:15.226 INFO:teuthology.orchestra.run.smithi072.stdout:/usr/bin/ceph: stderr
2024-03-19T05:52:13.978+0000 7f8eade00700 1 -- 172.21.15.72:0/19072343 <== mon.0 v2:172.21.15.72:3300/0 3 ==== mon_map magic: 0 v1 ==== 229+0+0 (secure 0 0 0) 0x7f8ea0011a50 con 0x7f8eb007aca0
2024-03-19T05:52:15.226 INFO:teuthology.orchestra.run.smithi072.stdout:/usr/bin/ceph: stderr
2024-03-19T05:52:13.979+0000 7f8eb5400700 1 -- 172.21.15.72:0/19072343 >> [v2:172.21.15.72:3300/0,v1:172.21.15.72:6789/0] conn(0x7f8eb007aca0 msgr2=0x7f8eb00791a0 secure :-1 s=STATE_CONNECTION_ESTABLISHED l=1).mark_down
2024-03-19T05:52:15.226 INFO:teuthology.orchestra.run.smithi072.stdout:/usr/bin/ceph: stderr
2024-03-19T05:52:13.979+0000 7f8eb5400700 1 --2- 172.21.15.72:0/19072343 >> [v2:172.21.15.72:3300/0,v1:172.21.15.72:6789/0] conn(0x7f8eb007aca0 0x7f8eb00791a0 secure :-1 s=READY pgs=41 cs=0 l=1 rev1=1 crypto rx=0x7f8ea00098a0 tx=0x7f8ea0009bb0 comp rx=0 tx=0).stop
2024-03-19T05:52:15.226 INFO:teuthology.orchestra.run.smithi072.stdout:/usr/bin/ceph: stderr
2024-03-19T05:52:13.979+0000 7f8eb5400700 1 -- 172.21.15.72:0/19072343 shutdown_connections
2024-03-19T05:52:15.226 INFO:teuthology.orchestra.run.smithi072.stdout:/usr/bin/ceph: stderr
2024-03-19T05:52:13.979+0000 7f8eb5400700 1 --2- 172.21.15.72:0/19072343 >> [v2:172.21.15.72:3300/0,v1:172.21.15.72:6789/0] conn(0x7f8eb007aca0 0x7f8eb00791a0 unknown :-1 s=CLOSED pgs=41 cs=0 l=1 rev1=1 crypto rx=0 tx=0 comp rx=0 tx=0).stop
2024-03-19T05:52:15.226 INFO:teuthology.orchestra.run.smithi072.stdout:/usr/bin/ceph: stderr
2024-03-19T05:52:13.979+0000 7f8eb5400700 1 -- 172.21.15.72:0/19072343 >> 172.21.15.72:0/19072343 conn(0x7f8eb0100fd0 msgr2=0x7f8eb0103440 unknown :-1 s=STATE_NONE l=0).mark_down
2024-03-19T05:52:15.227 INFO:teuthology.orchestra.run.smithi072.stdout:/usr/bin/ceph: stderr
2024-03-19T05:52:13.979+0000 7f8eb5400700 1 -- 172.21.15.72:0/19072343 shutdown_connections
2024-03-19T05:52:15.227 INFO:teuthology.orchestra.run.smithi072.stdout:/usr/bin/ceph: stderr
2024-03-19T05:52:13.979+0000 7f8eb5400700 1 -- 172.21.15.72:0/19072343 wait complete.
2024-03-19T05:52:15.227 INFO:teuthology.orchestra.run.smithi072.stdout:/usr/bin/ceph: stderr
2024-03-19T05:52:13.980+0000 7f8eb5400700 1 Processor -- start
2024-03-19T05:52:15.227 INFO:teuthology.orchestra.run.smithi072.stdout:/usr/bin/ceph: stderr
2024-03-19T05:52:13.981+0000 7f8eb5400700 1 -- start start
2024-03-19T05:52:15.227 INFO:teuthology.orchestra.run.smithi072.stdout:/usr/bin/ceph: stderr
2024-03-19T05:52:13.981+0000 7f8eb5400700 1 --2- >> [v2:172.21.15.72:3300/0,v1:172.21.15.72:6789/0] conn(0x7f8eb007aca0 0x7f8eb019b980 unknown :-1 s=NONE pgs=0 cs=0 l=1 rev1=0 crypto rx=0 tx=0 comp rx=0 tx=0).connect
2024-03-19T05:52:15.227 INFO:teuthology.orchestra.run.smithi072.stdout:/usr/bin/ceph: stderr
2024-03-19T05:52:13.981+0000 7f8eb5400700 1 -- --> [v2:172.21.15.72:3300/0,v1:172.21.15.72:6789/0] -- mon_getmap magic: 0 v1 -- 0x7f8eb019bec0 con 0x7f8eb007aca0
2024-03-19T05:52:15.227 INFO:teuthology.orchestra.run.smithi072.stdout:/usr/bin/ceph: stderr
2024-03-19T05:52:13.981+0000 7f8eae800700 1 --2- >> [v2:172.21.15.72:3300/0,v1:172.21.15.72:6789/0] conn(0x7f8eb007aca0 0x7f8eb019b980 unknown :-1 s=BANNER_CONNECTING pgs=0 cs=0 l=1 rev1=0 crypto rx=0 tx=0 comp rx=0 tx=0)._handle_peer_banner_payload supported=3 required=0
2024-03-19T05:52:15.227 INFO:teuthology.orchestra.run.smithi072.stdout:/usr/bin/ceph: stderr
2024-03-19T05:52:13.981+0000 7f8eae800700 1 --2- >> [v2:172.21.15.72:3300/0,v1:172.21.15.72:6789/0] conn(0x7f8eb007aca0 0x7f8eb019b980 unknown :-1 s=HELLO_CONNECTING pgs=0 cs=0 l=1 rev1=1 crypto rx=0 tx=0 comp rx=0 tx=0).handle_hello peer v2:172.21.15.72:3300/0 says I am v2:172.21.15.72:52956/0 (socket says 172.21.15.72:52956)
2024-03-19T05:52:15.227 INFO:teuthology.orchestra.run.smithi072.stdout:/usr/bin/ceph: stderr
2024-03-19T05:52:13.981+0000 7f8eae800700 1 -- 172.21.15.72:0/913867790 learned_addr learned my addr 172.21.15.72:0/913867790 (peer_addr_for_me v2:172.21.15.72:0/0)
2024-03-19T05:52:15.227 INFO:teuthology.orchestra.run.smithi072.stdout:/usr/bin/ceph: stderr
2024-03-19T05:52:13.982+0000 7f8eae800700 1 -- 172.21.15.72:0/913867790 --> [v2:172.21.15.72:3300/0,v1:172.21.15.72:6789/0] -- mon_subscribe({config=0+,monmap=0+}) v3 -- 0x7f8ea0009550 con 0x7f8eb007aca0
2024-03-19T05:52:15.227 INFO:teuthology.orchestra.run.smithi072.stdout:/usr/bin/ceph: stderr
2024-03-19T05:52:13.982+0000 7f8eae800700 1 --2- 172.21.15.72:0/913867790 >> [v2:172.21.15.72:3300/0,v1:172.21.15.72:6789/0] conn(0x7f8eb007aca0 0x7f8eb019b980 secure :-1 s=READY pgs=42 cs=0 l=1 rev1=1 crypto rx=0x7f8ea0003de0 tx=0x7f8ea00047c0 comp rx=0 tx=0).ready entity=mon.0 client_cookie=0 server_cookie=0 in_seq=0 out_seq=0
2024-03-19T05:52:15.227 INFO:teuthology.orchestra.run.smithi072.stdout:/usr/bin/ceph: stderr
2024-03-19T05:52:13.982+0000 7f8ea7400700 1 -- 172.21.15.72:0/913867790 <== mon.0 v2:172.21.15.72:3300/0 1 ==== mon_map magic: 0 v1 ==== 229+0+0 (secure 0 0 0) 0x7f8ea00038b0 con 0x7f8eb007aca0
2024-03-19T05:52:15.227 INFO:teuthology.orchestra.run.smithi072.stdout:/usr/bin/ceph: stderr
2024-03-19T05:52:13.982+0000 7f8ea7400700 1 -- 172.21.15.72:0/913867790 <== mon.0 v2:172.21.15.72:3300/0 2 ==== config(27 keys) v1 ==== 1037+0+0 (secure 0 0 0) 0x7f8ea0003a10 con 0x7f8eb007aca0
2024-03-19T05:52:15.227 INFO:teuthology.orchestra.run.smithi072.stdout:/usr/bin/ceph: stderr
2024-03-19T05:52:13.982+0000 7f8ea7400700 1 -- 172.21.15.72:0/913867790 <== mon.0 v2:172.21.15.72:3300/0 3 ==== mon_map magic: 0 v1 ==== 229+0+0 (secure 0 0 0) 0x7f8ea0019600 con 0x7f8eb007aca0
2024-03-19T05:52:15.228 INFO:teuthology.orchestra.run.smithi072.stdout:/usr/bin/ceph: stderr
