2024-03-19T06:18:32.870 INFO:journalctl@ceph.mon.a.smithi027.stdout:Mar 19 06:18:32 smithi027 ceph-mon[32075]: from='client.? 172.21.15.27:0/3692168457' entity='client.admin' cmd=[{"prefix": "config get", "who": "mgr", "key": "mgr/dashboard/ssl_server_port"}]: dispatch
2024-03-19T06:18:34.184 INFO:teuthology.orchestra.run.smithi027.stdout:/usr/bin/ceph: stderr
2024-03-19T06:18:33.292+0000 7ff6ef1e4700 1 Processor -- start
2024-03-19T06:18:34.184 INFO:teuthology.orchestra.run.smithi027.stdout:/usr/bin/ceph: stderr
2024-03-19T06:18:33.292+0000 7ff6ef1e4700 1 -- start start
2024-03-19T06:18:34.184 INFO:teuthology.orchestra.run.smithi027.stdout:/usr/bin/ceph: stderr
2024-03-19T06:18:33.292+0000 7ff6ef1e4700 1 --2- >> [v2:172.21.15.27:3300/0,v1:172.21.15.27:6789/0] conn(0x7ff6e8105fb0 0x7ff6e81063d0 unknown :-1 s=NONE pgs=0 cs=0 l=0 rev1=0 crypto rx=0 tx=0 comp rx=0 tx=0).connect
2024-03-19T06:18:34.184 INFO:teuthology.orchestra.run.smithi027.stdout:/usr/bin/ceph: stderr
2024-03-19T06:18:33.292+0000 7ff6ef1e4700 1 -- --> [v2:172.21.15.27:3300/0,v1:172.21.15.27:6789/0] -- mon_getmap magic: 0 v1 -- 0x7ff6e807ae30 con 0x7ff6e8105fb0
2024-03-19T06:18:34.185 INFO:teuthology.orchestra.run.smithi027.stdout:/usr/bin/ceph: stderr
2024-03-19T06:18:33.293+0000 7ff6ecf80700 1 --2- >> [v2:172.21.15.27:3300/0,v1:172.21.15.27:6789/0] conn(0x7ff6e8105fb0 0x7ff6e81063d0 unknown :-1 s=BANNER_CONNECTING pgs=0 cs=0 l=0 rev1=0 crypto rx=0 tx=0 comp rx=0 tx=0)._handle_peer_banner_payload supported=3 required=0
2024-03-19T06:18:34.185 INFO:teuthology.orchestra.run.smithi027.stdout:/usr/bin/ceph: stderr
2024-03-19T06:18:33.293+0000 7ff6ecf80700 1 --2- >> [v2:172.21.15.27:3300/0,v1:172.21.15.27:6789/0] conn(0x7ff6e8105fb0 0x7ff6e81063d0 unknown :-1 s=HELLO_CONNECTING pgs=0 cs=0 l=0 rev1=1 crypto rx=0 tx=0 comp rx=0 tx=0).handle_hello peer v2:172.21.15.27:3300/0 says I am v2:172.21.15.27:36838/0 (socket says 172.21.15.27:36838)
2024-03-19T06:18:34.185 INFO:teuthology.orchestra.run.smithi027.stdout:/usr/bin/ceph: stderr
2024-03-19T06:18:33.293+0000 7ff6ecf80700 1 -- 172.21.15.27:0/43983305 learned_addr learned my addr 172.21.15.27:0/43983305 (peer_addr_for_me v2:172.21.15.27:0/0)
2024-03-19T06:18:34.185 INFO:teuthology.orchestra.run.smithi027.stdout:/usr/bin/ceph: stderr
2024-03-19T06:18:33.293+0000 7ff6ecf80700 1 -- 172.21.15.27:0/43983305 --> [v2:172.21.15.27:3300/0,v1:172.21.15.27:6789/0] -- mon_subscribe({config=0+,monmap=0+}) v3 -- 0x7ff6e8106910 con 0x7ff6e8105fb0
2024-03-19T06:18:34.185 INFO:teuthology.orchestra.run.smithi027.stdout:/usr/bin/ceph: stderr
2024-03-19T06:18:33.293+0000 7ff6ecf80700 1 --2- 172.21.15.27:0/43983305 >> [v2:172.21.15.27:3300/0,v1:172.21.15.27:6789/0] conn(0x7ff6e8105fb0 0x7ff6e81063d0 secure :-1 s=READY pgs=76 cs=0 l=1 rev1=1 crypto rx=0x7ff6e0009e80 tx=0x7ff6e000b330 comp rx=0 tx=0).ready entity=mon.0 client_cookie=2380a1c515f739a9 server_cookie=0 in_seq=0 out_seq=0
2024-03-19T06:18:34.185 INFO:teuthology.orchestra.run.smithi027.stdout:/usr/bin/ceph: stderr
2024-03-19T06:18:33.294+0000 7ff6e77fe700 1 -- 172.21.15.27:0/43983305 <== mon.0 v2:172.21.15.27:3300/0 1 ==== mon_map magic: 0 v1 ==== 205+0+0 (secure 0 0 0) 0x7ff6e0017070 con 0x7ff6e8105fb0
2024-03-19T06:18:34.185 INFO:teuthology.orchestra.run.smithi027.stdout:/usr/bin/ceph: stderr
2024-03-19T06:18:33.294+0000 7ff6e77fe700 1 -- 172.21.15.27:0/43983305 <== mon.0 v2:172.21.15.27:3300/0 2 ==== config(27 keys) v1 ==== 1140+0+0 (secure 0 0 0) 0x7ff6e000b8c0 con 0x7ff6e8105fb0
2024-03-19T06:18:34.185 INFO:teuthology.orchestra.run.smithi027.stdout:/usr/bin/ceph: stderr
2024-03-19T06:18:33.294+0000 7ff6e77fe700 1 -- 172.21.15.27:0/43983305 <== mon.0 v2:172.21.15.27:3300/0 3 ==== mon_map magic: 0 v1 ==== 205+0+0 (secure 0 0 0) 0x7ff6e00045c0 con 0x7ff6e8105fb0
2024-03-19T06:18:34.185 INFO:teuthology.orchestra.run.smithi027.stdout:/usr/bin/ceph: stderr
2024-03-19T06:18:33.294+0000 7ff6ef1e4700 1 -- 172.21.15.27:0/43983305 >> [v2:172.21.15.27:3300/0,v1:172.21.15.27:6789/0] conn(0x7ff6e8105fb0 msgr2=0x7ff6e81063d0 secure :-1 s=STATE_CONNECTION_ESTABLISHED l=1).mark_down
2024-03-19T06:18:34.185 INFO:teuthology.orchestra.run.smithi027.stdout:/usr/bin/ceph: stderr
2024-03-19T06:18:33.294+0000 7ff6ef1e4700 1 --2- 172.21.15.27:0/43983305 >> [v2:172.21.15.27:3300/0,v1:172.21.15.27:6789/0] conn(0x7ff6e8105fb0 0x7ff6e81063d0 secure :-1 s=READY pgs=76 cs=0 l=1 rev1=1 crypto rx=0x7ff6e0009e80 tx=0x7ff6e000b330 comp rx=0 tx=0).stop
2024-03-19T06:18:34.185 INFO:teuthology.orchestra.run.smithi027.stdout:/usr/bin/ceph: stderr
2024-03-19T06:18:33.294+0000 7ff6ef1e4700 1 -- 172.21.15.27:0/43983305 shutdown_connections
2024-03-19T06:18:34.185 INFO:teuthology.orchestra.run.smithi027.stdout:/usr/bin/ceph: stderr
2024-03-19T06:18:33.294+0000 7ff6ef1e4700 1 --2- 172.21.15.27:0/43983305 >> [v2:172.21.15.27:3300/0,v1:172.21.15.27:6789/0] conn(0x7ff6e8105fb0 0x7ff6e81063d0 unknown :-1 s=CLOSED pgs=76 cs=0 l=1 rev1=1 crypto rx=0 tx=0 comp rx=0 tx=0).stop
2024-03-19T06:18:34.185 INFO:teuthology.orchestra.run.smithi027.stdout:/usr/bin/ceph: stderr
2024-03-19T06:18:33.294+0000 7ff6ef1e4700 1 -- 172.21.15.27:0/43983305 >> 172.21.15.27:0/43983305 conn(0x7ff6e8101b90 msgr2=0x7ff6e8103fb0 unknown :-1 s=STATE_NONE l=0).mark_down
2024-03-19T06:18:34.185 INFO:teuthology.orchestra.run.smithi027.stdout:/usr/bin/ceph: stderr
2024-03-19T06:18:33.294+0000 7ff6ef1e4700 1 -- 172.21.15.27:0/43983305 shutdown_connections
2024-03-19T06:18:34.185 INFO:teuthology.orchestra.run.smithi027.stdout:/usr/bin/ceph: stderr
2024-03-19T06:18:33.294+0000 7ff6ef1e4700 1 -- 172.21.15.27:0/43983305 wait complete.
2024-03-19T06:18:34.186 INFO:teuthology.orchestra.run.smithi027.stdout:/usr/bin/ceph: stderr
2024-03-19T06:18:33.295+0000 7ff6ef1e4700 1 Processor -- start
2024-03-19T06:18:34.186 INFO:teuthology.orchestra.run.smithi027.stdout:/usr/bin/ceph: stderr
2024-03-19T06:18:33.295+0000 7ff6ef1e4700 1 -- start start
2024-03-19T06:18:34.186 INFO:teuthology.orchestra.run.smithi027.stdout:/usr/bin/ceph: stderr
2024-03-19T06:18:33.295+0000 7ff6ef1e4700 1 --2- >> [v2:172.21.15.27:3300/0,v1:172.21.15.27:6789/0] conn(0x7ff6e8105fb0 0x7ff6e819d8a0 unknown :-1 s=NONE pgs=0 cs=0 l=1 rev1=0 crypto rx=0 tx=0 comp rx=0 tx=0).connect
2024-03-19T06:18:34.186 INFO:teuthology.orchestra.run.smithi027.stdout:/usr/bin/ceph: stderr
2024-03-19T06:18:33.295+0000 7ff6ef1e4700 1 -- --> [v2:172.21.15.27:3300/0,v1:172.21.15.27:6789/0] -- mon_getmap magic: 0 v1 -- 0x7ff6e81079e0 con 0x7ff6e8105fb0
2024-03-19T06:18:34.186 INFO:teuthology.orchestra.run.smithi027.stdout:/usr/bin/ceph: stderr
2024-03-19T06:18:33.295+0000 7ff6ecf80700 1 --2- >> [v2:172.21.15.27:3300/0,v1:172.21.15.27:6789/0] conn(0x7ff6e8105fb0 0x7ff6e819d8a0 unknown :-1 s=BANNER_CONNECTING pgs=0 cs=0 l=1 rev1=0 crypto rx=0 tx=0 comp rx=0 tx=0)._handle_peer_banner_payload supported=3 required=0
2024-03-19T06:18:34.186 INFO:teuthology.orchestra.run.smithi027.stdout:/usr/bin/ceph: stderr
2024-03-19T06:18:33.295+0000 7ff6ecf80700 1 --2- >> [v2:172.21.15.27:3300/0,v1:172.21.15.27:6789/0] conn(0x7ff6e8105fb0 0x7ff6e819d8a0 unknown :-1 s=HELLO_CONNECTING pgs=0 cs=0 l=1 rev1=1 crypto rx=0 tx=0 comp rx=0 tx=0).handle_hello peer v2:172.21.15.27:3300/0 says I am v2:172.21.15.27:36846/0 (socket says 172.21.15.27:36846)
2024-03-19T06:18:34.186 INFO:teuthology.orchestra.run.smithi027.stdout:/usr/bin/ceph: stderr
2024-03-19T06:18:33.295+0000 7ff6ecf80700 1 -- 172.21.15.27:0/3795146726 learned_addr learned my addr 172.21.15.27:0/3795146726 (peer_addr_for_me v2:172.21.15.27:0/0)
2024-03-19T06:18:34.186 INFO:teuthology.orchestra.run.smithi027.stdout:/usr/bin/ceph: stderr
2024-03-19T06:18:33.296+0000 7ff6ecf80700 1 -- 172.21.15.27:0/3795146726 --> [v2:172.21.15.27:3300/0,v1:172.21.15.27:6789/0] -- mon_subscribe({config=0+,monmap=0+}) v3 -- 0x7ff6e819dde0 con 0x7ff6e8105fb0
2024-03-19T06:18:34.186 INFO:teuthology.orchestra.run.smithi027.stdout:/usr/bin/ceph: stderr
2024-03-19T06:18:33.296+0000 7ff6ecf80700 1 --2- 172.21.15.27:0/3795146726 >> [v2:172.21.15.27:3300/0,v1:172.21.15.27:6789/0] conn(0x7ff6e8105fb0 0x7ff6e819d8a0 secure :-1 s=READY pgs=77 cs=0 l=1 rev1=1 crypto rx=0x7ff6e0004350 tx=0x7ff6e000bd50 comp rx=0 tx=0).ready entity=mon.0 client_cookie=0 server_cookie=0 in_seq=0 out_seq=0
2024-03-19T06:18:34.186 INFO:teuthology.orchestra.run.smithi027.stdout:/usr/bin/ceph: stderr
2024-03-19T06:18:33.296+0000 7ff6e5ffb700 1 -- 172.21.15.27:0/3795146726 <== mon.0 v2:172.21.15.27:3300/0 1 ==== mon_map magic: 0 v1 ==== 205+0+0 (secure 0 0 0) 0x7ff6e0020020 con 0x7ff6e8105fb0
2024-03-19T06:18:34.186 INFO:teuthology.orchestra.run.smithi027.stdout:/usr/bin/ceph: stderr
2024-03-19T06:18:33.296+0000 7ff6e5ffb700 1 -- 172.21.15.27:0/3795146726 <== mon.0 v2:172.21.15.27:3300/0 2 ==== config(27 keys) v1 ==== 1140+0+0 (secure 0 0 0) 0x7ff6e0003d90 con 0x7ff6e8105fb0
2024-03-19T06:18:34.186 INFO:teuthology.orchestra.run.smithi027.stdout:/usr/bin/ceph: stderr
2024-03-19T06:18:33.296+0000 7ff6e5ffb700 1 -- 172.21.15.27:0/3795146726 <== mon.0 v2:172.21.15.27:3300/0 3 ==== mon_map magic: 0 v1 ==== 205+0+0 (secure 0 0 0) 0x7ff6e0017040 con 0x7ff6e8105fb0
2024-03-19T06:18:34.186 INFO:teuthology.orchestra.run.smithi027.stdout:/usr/bin/ceph: stderr
2024-03-19T06:18:33.296+0000 7ff6ef1e4700 1 -- 172.21.15.27:0/3795146726 --> [v2:172.21.15.27:3300/0,v1:172.21.15.27:6789/0] -- mon_subscribe({mgrmap=0+}) v3 -- 0x7ff6e819e070 con 0x7ff6e8105fb0
2024-03-19T06:18:34.186 INFO:teuthology.orchestra.run.smithi027.stdout:/usr/bin/ceph: stderr
2024-03-19T06:18:33.296+0000 7ff6ef1e4700 1 -- 172.21.15.27:0/3795146726 --> [v2:172.21.15.27:3300/0,v1:172.21.15.27:6789/0] -- mon_subscribe({osdmap=0}) v3 -- 0x7ff6e81a0d60 con 0x7ff6e8105fb0
2024-03-19T06:18:34.186 INFO:teuthology.orchestra.run.smithi027.stdout:/usr/bin/ceph: stderr
2024-03-19T06:18:33.297+0000 7ff6e5ffb700 1 -- 172.21.15.27:0/3795146726 <== mon.0 v2:172.21.15.27:3300/0 4 ==== mgrmap(e 12) v1 ==== 46119+0+0 (secure 0 0 0) 0x7ff6e0023020 con 0x7ff6e8105fb0
2024-03-19T06:18:34.187 INFO:teuthology.orchestra.run.smithi027.stdout:/usr/bin/ceph: stderr
2024-03-19T06:18:33.297+0000 7ff6ef1e4700 1 -- 172.21.15.27:0/3795146726 --> [v2:172.21.15.27:3300/0,v1:172.21.15.27:6789/0] -- mon_command({"prefix": "get_command_descriptions"} v 0) v1 -- 0x7ff6e8063410 con 0x7ff6e8105fb0
2024-03-19T06:18:34.187 INFO:teuthology.orchestra.run.smithi027.stdout:/usr/bin/ceph: stderr
2024-03-19T06:18:33.297+0000 7ff6e5ffb700 1 --2- 172.21.15.27:0/3795146726 >> [v2:172.21.15.27:6800/921179493,v1:172.21.15.27:6801/921179493] conn(0x7ff6d0038f80 0x7ff6d003b440 unknown :-1 s=NONE pgs=0 cs=0 l=1 rev1=0 crypto rx=0 tx=0 comp rx=0 tx=0).connect
2024-03-19T06:18:34.187 INFO:teuthology.orchestra.run.smithi027.stdout:/usr/bin/ceph: stderr
2024-03-19T06:18:33.297+0000 7ff6e5ffb700 1 -- 172.21.15.27:0/3795146726 <== mon.0 v2:172.21.15.27:3300/0 5 ==== osd_map(3..3 src has 1..3) v4 ==== 1155+0+0 (secure 0 0 0) 0x7ff6e000f050 con 0x7ff6e8105fb0
2024-03-19T06:18:34.187 INFO:teuthology.orchestra.run.smithi027.stdout:/usr/bin/ceph: stderr
2024-03-19T06:18:33.297+0000 7ff6e7fff700 1 --2- 172.21.15.27:0/3795146726 >> [v2:172.21.15.27:6800/921179493,v1:172.21.15.27:6801/921179493] conn(0x7ff6d0038f80 0x7ff6d003b440 unknown :-1 s=BANNER_CONNECTING pgs=0 cs=0 l=1 rev1=0 crypto rx=0 tx=0 comp rx=0 tx=0)._handle_peer_banner_payload supported=3 required=0
2024-03-19T06:18:34.187 INFO:teuthology.orchestra.run.smithi027.stdout:/usr/bin/ceph: stderr
2024-03-19T06:18:33.298+0000 7ff6e7fff700 1 --2- 172.21.15.27:0/3795146726 >> [v2:172.21.15.27:6800/921179493,v1:172.21.15.27:6801/921179493] conn(0x7ff6d0038f80 0x7ff6d003b440 secure :-1 s=READY pgs=10 cs=0 l=1 rev1=1 crypto rx=0x7ff6dc006fd0 tx=0x7ff6dc006e40 comp rx=0 tx=0).ready entity=mgr.14152 client_cookie=0 server_cookie=0 in_seq=0 out_seq=0
2024-03-19T06:18:34.187 INFO:teuthology.orchestra.run.smithi027.stdout:/usr/bin/ceph: stderr
2024-03-19T06:18:33.302+0000 7ff6e5ffb700 1 -- 172.21.15.27:0/3795146726 <== mon.0 v2:172.21.15.27:3300/0 6 ==== mon_command_ack([{"prefix": "get_command_descriptions"}]=0 v0) v1 ==== 72+0+184781 (secure 0 0 0) 0x7ff6e002a020 con 0x7ff6e8105fb0
2024-03-19T06:18:34.187 INFO:teuthology.orchestra.run.smithi027.stdout:/usr/bin/ceph: stderr
2024-03-19T06:18:33.504+0000 7ff6ef1e4700 1 -- 172.21.15.27:0/3795146726 --> [v2:172.21.15.27:3300/0,v1:172.21.15.27:6789/0] -- mon_command([{prefix=config set, name=osd_memory_target_autotune}] v 0) v1 -- 0x7ff6e802daf0 con 0x7ff6e8105fb0
2024-03-19T06:18:34.187 INFO:teuthology.orchestra.run.smithi027.stdout:/usr/bin/ceph: stderr
2024-03-19T06:18:33.505+0000 7ff6e5ffb700 1 -- 172.21.15.27:0/3795146726 <== mon.0 v2:172.21.15.27:3300/0 7 ==== mon_command_ack([{prefix=config set, name=osd_memory_target_autotune}]=0 v8)=0 v8) v1 ==== 127+0+0 (secure 0 0 0) 0x7ff6e0025460 con 0x7ff6e8105fb0
2024-03-19T06:18:34.187 INFO:teuthology.orchestra.run.smithi027.stdout:/usr/bin/ceph: stderr
2024-03-19T06:18:33.507+0000 7ff6ef1e4700 1 -- 172.21.15.27:0/3795146726 >> [v2:172.21.15.27:6800/921179493,v1:172.21.15.27:6801/921179493] conn(0x7ff6d0038f80 msgr2=0x7ff6d003b440 secure :-1 s=STATE_CONNECTION_ESTABLISHED l=1).mark_down
2024-03-19T06:18:34.187 INFO:teuthology.orchestra.run.smithi027.stdout:/usr/bin/ceph: stderr
2024-03-19T06:18:33.507+0000 7ff6ef1e4700 1 --2- 172.21.15.27:0/3795146726 >> [v2:172.21.15.27:6800/921179493,v1:172.21.15.27:6801/921179493] conn(0x7ff6d0038f80 0x7ff6d003b440 secure :-1 s=READY pgs=10 cs=0 l=1 rev1=1 crypto rx=0x7ff6dc006fd0 tx=0x7ff6dc006e40 comp rx=0 tx=0).stop
2024-03-19T06:18:34.187 INFO:teuthology.orchestra.run.smithi027.stdout:/usr/bin/ceph: stderr
2024-03-19T06:18:33.507+0000 7ff6ef1e4700 1 -- 172.21.15.27:0/3795146726 >> [v2:172.21.15.27:3300/0,v1:172.21.15.27:6789/0] conn(0x7ff6e8105fb0 msgr2=0x7ff6e819d8a0 secure :-1 s=STATE_CONNECTION_ESTABLISHED l=1).mark_down
2024-03-19T06:18:34.187 INFO:teuthology.orchestra.run.smithi027.stdout:/usr/bin/ceph: stderr
2024-03-19T06:18:33.507+0000 7ff6ef1e4700 1 --2- 172.21.15.27:0/3795146726 >> [v2:172.21.15.27:3300/0,v1:172.21.15.27:6789/0] conn(0x7ff6e8105fb0 0x7ff6e819d8a0 secure :-1 s=READY pgs=77 cs=0 l=1 rev1=1 crypto rx=0x7ff6e0004350 tx=0x7ff6e000bd50 comp rx=0 tx=0).stop
2024-03-19T06:18:34.187 INFO:teuthology.orchestra.run.smithi027.stdout:/usr/bin/ceph: stderr
2024-03-19T06:18:33.507+0000 7ff6ef1e4700 1 -- 172.21.15.27:0/3795146726 shutdown_connections
2024-03-19T06:18:34.187 INFO:teuthology.orchestra.run.smithi027.stdout:/usr/bin/ceph: stderr
2024-03-19T06:18:33.507+0000 7ff6ef1e4700 1 --2- 172.21.15.27:0/3795146726 >> [v2:172.21.15.27:6800/921179493,v1:172.21.15.27:6801/921179493] conn(0x7ff6d0038f80 0x7ff6d003b440 unknown :-1 s=CLOSED pgs=10 cs=0 l=1 rev1=1 crypto rx=0 tx=0 comp rx=0 tx=0).stop
2024-03-19T06:18:34.187 INFO:teuthology.orchestra.run.smithi027.stdout:/usr/bin/ceph: stderr
2024-03-19T06:18:33.507+0000 7ff6ef1e4700 1 --2- 172.21.15.27:0/3795146726 >> [v2:172.21.15.27:3300/0,v1:172.21.15.27:6789/0] conn(0x7ff6e8105fb0 0x7ff6e819d8a0 unknown :-1 s=CLOSED pgs=77 cs=0 l=1 rev1=1 crypto rx=0 tx=0 comp rx=0 tx=0).stop
2024-03-19T06:18:34.188 INFO:teuthology.orchestra.run.smithi027.stdout:/usr/bin/ceph: stderr
2024-03-19T06:18:33.507+0000 7ff6ef1e4700 1 -- 172.21.15.27:0/3795146726 >> 172.21.15.27:0/3795146726 conn(0x7ff6e8101b90 msgr2=0x7ff6e8194510 unknown :-1 s=STATE_NONE l=0).mark_down
2024-03-19T06:18:34.188 INFO:teuthology.orchestra.run.smithi027.stdout:/usr/bin/ceph: stderr
2024-03-19T06:18:33.507+0000 7ff6ef1e4700 1 -- 172.21.15.27:0/3795146726 shutdown_connections
2024-03-19T06:18:34.188 INFO:teuthology.orchestra.run.smithi027.stdout:/usr/bin/ceph: stderr
2024-03-19T06:18:33.507+0000 7ff6ef1e4700 1 -- 172.21.15.27:0/3795146726 wait complete.
2024-03-19T06:18:34.870 INFO:journalctl@ceph.mon.a.smithi027.stdout:Mar 19 06:18:34 smithi027 ceph-mon[32075]: mgrmap e13: x(active, since 6s)
2024-03-19T06:18:35.646 INFO:teuthology.orchestra.run.smithi027.stdout:/usr/bin/ceph: stderr
2024-03-19T06:18:34.604+0000 7fd8bc92e700 1 Processor -- start
2024-03-19T06:18:35.646 INFO:teuthology.orchestra.run.smithi027.stdout:/usr/bin/ceph: stderr
2024-03-19T06:18:34.604+0000 7fd8bc92e700 1 -- start start
2024-03-19T06:18:35.646 INFO:teuthology.orchestra.run.smithi027.stdout:/usr/bin/ceph: stderr
2024-03-19T06:18:34.604+0000 7fd8bc92e700 1 --2- >> [v2:172.21.15.27:3300/0,v1:172.21.15.27:6789/0] conn(0x7fd8b8105d60 0x7fd8b8106180 unknown :-1 s=NONE pgs=0 cs=0 l=0 rev1=0 crypto rx=0 tx=0 comp rx=0 tx=0).connect
2024-03-19T06:18:35.646 INFO:teuthology.orchestra.run.smithi027.stdout:/usr/bin/ceph: stderr
2024-03-19T06:18:34.604+0000 7fd8bc92e700 1 -- --> [v2:172.21.15.27:3300/0,v1:172.21.15.27:6789/0] -- mon_getmap magic: 0 v1 -- 0x7fd8b8106750 con 0x7fd8b8105d60
2024-03-19T06:18:35.646 INFO:teuthology.orchestra.run.smithi027.stdout:/usr/bin/ceph: stderr
2024-03-19T06:18:34.605+0000 7fd8b659c700 1 --2- >> [v2:172.21.15.27:3300/0,v1:172.21.15.27:6789/0] conn(0x7fd8b8105d60 0x7fd8b8106180 unknown :-1 s=BANNER_CONNECTING pgs=0 cs=0 l=0 rev1=0 crypto rx=0 tx=0 comp rx=0 tx=0)._handle_peer_banner_payload supported=3 required=0
2024-03-19T06:18:35.646 INFO:teuthology.orchestra.run.smithi027.stdout:/usr/bin/ceph: stderr
2024-03-19T06:18:34.605+0000 7fd8b659c700 1 --2- >> [v2:172.21.15.27:3300/0,v1:172.21.15.27:6789/0] conn(0x7fd8b8105d60 0x7fd8b8106180 unknown :-1 s=HELLO_CONNECTING pgs=0 cs=0 l=0 rev1=1 crypto rx=0 tx=0 comp rx=0 tx=0).handle_hello peer v2:172.21.15.27:3300/0 says I am v2:172.21.15.27:36860/0 (socket says 172.21.15.27:36860)
2024-03-19T06:18:35.647 INFO:teuthology.orchestra.run.smithi027.stdout:/usr/bin/ceph: stderr
2024-03-19T06:18:34.605+0000 7fd8b659c700 1 -- 172.21.15.27:0/3053773642 learned_addr learned my addr 172.21.15.27:0/3053773642 (peer_addr_for_me v2:172.21.15.27:0/0)
2024-03-19T06:18:35.647 INFO:teuthology.orchestra.run.smithi027.stdout:/usr/bin/ceph: stderr
2024-03-19T06:18:34.605+0000 7fd8b659c700 1 -- 172.21.15.27:0/3053773642 --> [v2:172.21.15.27:3300/0,v1:172.21.15.27:6789/0] -- mon_subscribe({config=0+,monmap=0+}) v3 -- 0x7fd8b8106f30 con 0x7fd8b8105d60
2024-03-19T06:18:35.647 INFO:teuthology.orchestra.run.smithi027.stdout:/usr/bin/ceph: stderr
2024-03-19T06:18:34.605+0000 7fd8b659c700 1 --2- 172.21.15.27:0/3053773642 >> [v2:172.21.15.27:3300/0,v1:172.21.15.27:6789/0] conn(0x7fd8b8105d60 0x7fd8b8106180 secure :-1 s=READY pgs=78 cs=0 l=1 rev1=1 crypto rx=0x7fd8a800aa40 tx=0x7fd8a800ad50 comp rx=0 tx=0).ready entity=mon.0 client_cookie=8745c741cf2473bb server_cookie=0 in_seq=0 out_seq=0
2024-03-19T06:18:35.647 INFO:teuthology.orchestra.run.smithi027.stdout:/usr/bin/ceph: stderr
2024-03-19T06:18:34.605+0000 7fd8b559a700 1 -- 172.21.15.27:0/3053773642 <== mon.0 v2:172.21.15.27:3300/0 1 ==== mon_map magic: 0 v1 ==== 205+0+0 (secure 0 0 0) 0x7fd8a800b040 con 0x7fd8b8105d60
2024-03-19T06:18:35.647 INFO:teuthology.orchestra.run.smithi027.stdout:/usr/bin/ceph: stderr
2024-03-19T06:18:34.605+0000 7fd8b559a700 1 -- 172.21.15.27:0/3053773642 <== mon.0 v2:172.21.15.27:3300/0 2 ==== config(27 keys) v1 ==== 1140+0+0 (secure 0 0 0) 0x7fd8a800c8f0 con 0x7fd8b8105d60
2024-03-19T06:18:35.647 INFO:teuthology.orchestra.run.smithi027.stdout:/usr/bin/ceph: stderr
2024-03-19T06:18:34.605+0000 7fd8b559a700 1 -- 172.21.15.27:0/3053773642 <== mon.0 v2:172.21.15.27:3300/0 3 ==== mon_map magic: 0 v1 ==== 205+0+0 (secure 0 0 0) 0x7fd8a8003c10 con 0x7fd8b8105d60
2024-03-19T06:18:35.647 INFO:teuthology.orchestra.run.smithi027.stdout:/usr/bin/ceph: stderr
2024-03-19T06:18:34.606+0000 7fd8bc92e700 1 -- 172.21.15.27:0/3053773642 >> [v2:172.21.15.27:3300/0,v1:172.21.15.27:6789/0] conn(0x7fd8b8105d60 msgr2=0x7fd8b8106180 secure :-1 s=STATE_CONNECTION_ESTABLISHED l=1).mark_down
2024-03-19T06:18:35.647 INFO:teuthology.orchestra.run.smithi027.stdout:/usr/bin/ceph: stderr
2024-03-19T06:18:34.606+0000 7fd8bc92e700 1 --2- 172.21.15.27:0/3053773642 >> [v2:172.21.15.27:3300/0,v1:172.21.15.27:6789/0] conn(0x7fd8b8105d60 0x7fd8b8106180 secure :-1 s=READY pgs=78 cs=0 l=1 rev1=1 crypto rx=0x7fd8a800aa40 tx=0x7fd8a800ad50 comp rx=0 tx=0).stop
2024-03-19T06:18:35.647 INFO:teuthology.orchestra.run.smithi027.stdout:/usr/bin/ceph: stderr
2024-03-19T06:18:34.606+0000 7fd8bc92e700 1 -- 172.21.15.27:0/3053773642 shutdown_connections
2024-03-19T06:18:35.647 INFO:teuthology.orchestra.run.smithi027.stdout:/usr/bin/ceph: stderr
2024-03-19T06:18:34.606+0000 7fd8bc92e700 1 --2- 172.21.15.27:0/3053773642 >> [v2:172.21.15.27:3300/0,v1:172.21.15.27:6789/0] conn(0x7fd8b8105d60 0x7fd8b8106180 unknown :-1 s=CLOSED pgs=78 cs=0 l=1 rev1=1 crypto rx=0 tx=0 comp rx=0 tx=0).stop
2024-03-19T06:18:35.647 INFO:teuthology.orchestra.run.smithi027.stdout:/usr/bin/ceph: stderr
2024-03-19T06:18:34.606+0000 7fd8bc92e700 1 -- 172.21.15.27:0/3053773642 >> 172.21.15.27:0/3053773642 conn(0x7fd8b8100f20 msgr2=0x7fd8b8103340 unknown :-1 s=STATE_NONE l=0).mark_down
2024-03-19T06:18:35.647 INFO:teuthology.orchestra.run.smithi027.stdout:/usr/bin/ceph: stderr
2024-03-19T06:18:34.606+0000 7fd8bc92e700 1 -- 172.21.15.27:0/3053773642 shutdown_connections
2024-03-19T06:18:35.647 INFO:teuthology.orchestra.run.smithi027.stdout:/usr/bin/ceph: stderr
2024-03-19T06:18:34.606+0000 7fd8bc92e700 1 -- 172.21.15.27:0/3053773642 wait complete.
2024-03-19T06:18:35.648 INFO:teuthology.orchestra.run.smithi027.stdout:/usr/bin/ceph: stderr
2024-03-19T06:18:34.607+0000 7fd8bc92e700 1 Processor -- start
2024-03-19T06:18:35.648 INFO:teuthology.orchestra.run.smithi027.stdout:/usr/bin/ceph: stderr
2024-03-19T06:18:34.607+0000 7fd8bc92e700 1 -- start start
2024-03-19T06:18:35.648 INFO:teuthology.orchestra.run.smithi027.stdout:/usr/bin/ceph: stderr
2024-03-19T06:18:34.607+0000 7fd8bc92e700 1 --2- >> [v2:172.21.15.27:3300/0,v1:172.21.15.27:6789/0] conn(0x7fd8b8105d60 0x7fd8b819d8b0 unknown :-1 s=NONE pgs=0 cs=0 l=1 rev1=0 crypto rx=0 tx=0 comp rx=0 tx=0).connect
2024-03-19T06:18:35.648 INFO:teuthology.orchestra.run.smithi027.stdout:/usr/bin/ceph: stderr
2024-03-19T06:18:34.607+0000 7fd8bc92e700 1 -- --> [v2:172.21.15.27:3300/0,v1:172.21.15.27:6789/0] -- mon_getmap magic: 0 v1 -- 0x7fd8b8107690 con 0x7fd8b8105d60
2024-03-19T06:18:35.648 INFO:teuthology.orchestra.run.smithi027.stdout:/usr/bin/ceph: stderr
2024-03-19T06:18:34.607+0000 7fd8b659c700 1 --2- >> [v2:172.21.15.27:3300/0,v1:172.21.15.27:6789/0] conn(0x7fd8b8105d60 0x7fd8b819d8b0 unknown :-1 s=BANNER_CONNECTING pgs=0 cs=0 l=1 rev1=0 crypto rx=0 tx=0 comp rx=0 tx=0)._handle_peer_banner_payload supported=3 required=0
2024-03-19T06:18:35.648 INFO:teuthology.orchestra.run.smithi027.stdout:/usr/bin/ceph: stderr
2024-03-19T06:18:34.607+0000 7fd8b659c700 1 --2- >> [v2:172.21.15.27:3300/0,v1:172.21.15.27:6789/0] conn(0x7fd8b8105d60 0x7fd8b819d8b0 unknown :-1 s=HELLO_CONNECTING pgs=0 cs=0 l=1 rev1=1 crypto rx=0 tx=0 comp rx=0 tx=0).handle_hello peer v2:172.21.15.27:3300/0 says I am v2:172.21.15.27:36874/0 (socket says 172.21.15.27:36874)
2024-03-19T06:18:35.648 INFO:teuthology.orchestra.run.smithi027.stdout:/usr/bin/ceph: stderr
2024-03-19T06:18:34.607+0000 7fd8b659c700 1 -- 172.21.15.27:0/1303192272 learned_addr learned my addr 172.21.15.27:0/1303192272 (peer_addr_for_me v2:172.21.15.27:0/0)
2024-03-19T06:18:35.648 INFO:teuthology.orchestra.run.smithi027.stdout:/usr/bin/ceph: stderr
2024-03-19T06:18:34.607+0000 7fd8b659c700 1 -- 172.21.15.27:0/1303192272 --> [v2:172.21.15.27:3300/0,v1:172.21.15.27:6789/0] -- mon_subscribe({config=0+,monmap=0+}) v3 -- 0x7fd8b819ddf0 con 0x7fd8b8105d60
2024-03-19T06:18:35.648 INFO:teuthology.orchestra.run.smithi027.stdout:/usr/bin/ceph: stderr
2024-03-19T06:18:34.607+0000 7fd8b659c700 1 --2- 172.21.15.27:0/1303192272 >> [v2:172.21.15.27:3300/0,v1:172.21.15.27:6789/0] conn(0x7fd8b8105d60 0x7fd8b819d8b0 secure :-1 s=READY pgs=79 cs=0 l=1 rev1=1 crypto rx=0x7fd8a800c550 tx=0x7fd8a8018a90 comp rx=0 tx=0).ready entity=mon.0 client_cookie=0 server_cookie=0 in_seq=0 out_seq=0
2024-03-19T06:18:35.648 INFO:teuthology.orchestra.run.smithi027.stdout:/usr/bin/ceph: stderr
2024-03-19T06:18:34.608+0000 7fd8a77fe700 1 -- 172.21.15.27:0/1303192272 <== mon.0 v2:172.21.15.27:3300/0 1 ==== mon_map magic: 0 v1 ==== 205+0+0 (secure 0 0 0) 0x7fd8a8025070 con 0x7fd8b8105d60
2024-03-19T06:18:35.648 INFO:teuthology.orchestra.run.smithi027.stdout:/usr/bin/ceph: stderr
2024-03-19T06:18:34.608+0000 7fd8bc92e700 1 -- 172.21.15.27:0/1303192272 --> [v2:172.21.15.27:3300/0,v1:172.21.15.27:6789/0] -- mon_subscribe({mgrmap=0+}) v3 -- 0x7fd8b819e080 con 0x7fd8b8105d60
2024-03-19T06:18:35.648 INFO:teuthology.orchestra.run.smithi027.stdout:/usr/bin/ceph: stderr
2024-03-19T06:18:34.608+0000 7fd8a77fe700 1 -- 172.21.15.27:0/1303192272 <== mon.0 v2:172.21.15.27:3300/0 2 ==== config(27 keys) v1 ==== 1140+0+0 (secure 0 0 0) 0x7fd8a80208e0 con 0x7fd8b8105d60
2024-03-19T06:18:35.648 INFO:teuthology.orchestra.run.smithi027.stdout:/usr/bin/ceph: stderr
2024-03-19T06:18:34.608+0000 7fd8a77fe700 1 -- 172.21.15.27:0/1303192272 <== mon.0 v2:172.21.15.27:3300/0 3 ==== mon_map magic: 0 v1 ==== 205+0+0 (secure 0 0 0) 0x7fd8a80108c0 con 0x7fd8b8105d60
2024-03-19T06:18:35.648 INFO:teuthology.orchestra.run.smithi027.stdout:/usr/bin/ceph: stderr
2024-03-19T06:18:34.608+0000 7fd8bc92e700 1 -- 172.21.15.27:0/1303192272 --> [v2:172.21.15.27:3300/0,v1:172.21.15.27:6789/0] -- mon_subscribe({osdmap=0}) v3 -- 0x7fd8b81a0d70 con 0x7fd8b8105d60
2024-03-19T06:18:35.649 INFO:teuthology.orchestra.run.smithi027.stdout:/usr/bin/ceph: stderr
2024-03-19T06:18:34.609+0000 7fd8a77fe700 1 -- 172.21.15.27:0/1303192272 <== mon.0 v2:172.21.15.27:3300/0 4 ==== mgrmap(e 13) v1 ==== 46162+0+0 (secure 0 0 0) 0x7fd8a8028070 con 0x7fd8b8105d60
2024-03-19T06:18:35.649 INFO:teuthology.orchestra.run.smithi027.stdout:/usr/bin/ceph: stderr
2024-03-19T06:18:34.609+0000 7fd8bc92e700 1 -- 172.21.15.27:0/1303192272 --> [v2:172.21.15.27:3300/0,v1:172.21.15.27:6789/0] -- mon_command({"prefix": "get_command_descriptions"} v 0) v1 -- 0x7fd8b8063410 con 0x7fd8b8105d60
2024-03-19T06:18:35.649 INFO:teuthology.orchestra.run.smithi027.stdout:/usr/bin/ceph: stderr
2024-03-19T06:18:34.609+0000 7fd8a77fe700 1 --2- 172.21.15.27:0/1303192272 >> [v2:172.21.15.27:6800/921179493,v1:172.21.15.27:6801/921179493] conn(0x7fd8a0038fc0 0x7fd8a003b480 unknown :-1 s=NONE pgs=0 cs=0 l=1 rev1=0 crypto rx=0 tx=0 comp rx=0 tx=0).connect
2024-03-19T06:18:35.649 INFO:teuthology.orchestra.run.smithi027.stdout:/usr/bin/ceph: stderr
2024-03-19T06:18:34.609+0000 7fd8a77fe700 1 -- 172.21.15.27:0/1303192272 <== mon.0 v2:172.21.15.27:3300/0 5 ==== osd_map(3..3 src has 1..3) v4 ==== 1155+0+0 (secure 0 0 0) 0x7fd8a804cdf0 con 0x7fd8b8105d60
2024-03-19T06:18:35.649 INFO:teuthology.orchestra.run.smithi027.stdout:/usr/bin/ceph: stderr
2024-03-19T06:18:34.609+0000 7fd8b5d9b700 1 --2- 172.21.15.27:0/1303192272 >> [v2:172.21.15.27:6800/921179493,v1:172.21.15.27:6801/921179493] conn(0x7fd8a0038fc0 0x7fd8a003b480 unknown :-1 s=BANNER_CONNECTING pgs=0 cs=0 l=1 rev1=0 crypto rx=0 tx=0 comp rx=0 tx=0)._handle_peer_banner_payload supported=3 required=0
2024-03-19T06:18:35.649 INFO:teuthology.orchestra.run.smithi027.stdout:/usr/bin/ceph: stderr
2024-03-19T06:18:34.609+0000 7fd8b5d9b700 1 --2- 172.21.15.27:0/1303192272 >> [v2:172.21.15.27:6800/921179493,v1:172.21.15.27:6801/921179493] conn(0x7fd8a0038fc0 0x7fd8a003b480 secure :-1 s=READY pgs=11 cs=0 l=1 rev1=1 crypto rx=0x7fd8ac006fd0 tx=0x7fd8ac006e40 comp rx=0 tx=0).ready entity=mgr.14152 client_cookie=0 server_cookie=0 in_seq=0 out_seq=0
2024-03-19T06:18:35.649 INFO:teuthology.orchestra.run.smithi027.stdout:/usr/bin/ceph: stderr
2024-03-19T06:18:34.614+0000 7fd8a77fe700 1 -- 172.21.15.27:0/1303192272 <== mon.0 v2:172.21.15.27:3300/0 6 ==== mon_command_ack([{"prefix": "get_command_descriptions"}]=0 v0) v1 ==== 72+0+184781 (secure 0 0 0) 0x7fd8a8014070 con 0x7fd8b8105d60
2024-03-19T06:18:35.649 INFO:teuthology.orchestra.run.smithi027.stdout:/usr/bin/ceph: stderr
2024-03-19T06:18:34.935+0000 7fd8bc92e700 1 -- 172.21.15.27:0/1303192272 --> [v2:172.21.15.27:3300/0,v1:172.21.15.27:6789/0] -- mon_command([{prefix=config-key set, key=mgr/dashboard/cluster/status}] v 0) v1 -- 0x7fd8b802da80 con 0x7fd8b8105d60
2024-03-19T06:18:35.649 INFO:teuthology.orchestra.run.smithi027.stdout:/usr/bin/ceph: stderr
2024-03-19T06:18:34.940+0000 7fd8a77fe700 1 -- 172.21.15.27:0/1303192272 <== mon.0 v2:172.21.15.27:3300/0 7 ==== mon_command_ack([{prefix=config-key set, key=mgr/dashboard/cluster/status}]=0 set mgr/dashboard/cluster/status v28)=0 set mgr/dashboard/cluster/status v28) v1 ==== 153+0+0 (secure 0 0 0) 0x7fd8a8014250 con 0x7fd8b8105d60
2024-03-19T06:18:35.649 INFO:teuthology.orchestra.run.smithi027.stdout:/usr/bin/ceph: stderr
2024-03-19T06:18:34.942+0000 7fd8bc92e700 1 -- 172.21.15.27:0/1303192272 >> [v2:172.21.15.27:6800/921179493,v1:172.21.15.27:6801/921179493] conn(0x7fd8a0038fc0 msgr2=0x7fd8a003b480 secure :-1 s=STATE_CONNECTION_ESTABLISHED l=1).mark_down
2024-03-19T06:18:35.649 INFO:teuthology.orchestra.run.smithi027.stdout:/usr/bin/ceph: stderr
2024-03-19T06:18:34.942+0000 7fd8bc92e700 1 --2- 172.21.15.27:0/1303192272 >> [v2:172.21.15.27:6800/921179493,v1:172.21.15.27:6801/921179493] conn(0x7fd8a0038fc0 0x7fd8a003b480 secure :-1 s=READY pgs=11 cs=0 l=1 rev1=1 crypto rx=0x7fd8ac006fd0 tx=0x7fd8ac006e40 comp rx=0 tx=0).stop
2024-03-19T06:18:35.649 INFO:teuthology.orchestra.run.smithi027.stdout:/usr/bin/ceph: stderr
2024-03-19T06:18:34.943+0000 7fd8bc92e700 1 -- 172.21.15.27:0/1303192272 >> [v2:172.21.15.27:3300/0,v1:172.21.15.27:6789/0] conn(0x7fd8b8105d60 msgr2=0x7fd8b819d8b0 secure :-1 s=STATE_CONNECTION_ESTABLISHED l=1).mark_down
2024-03-19T06:18:35.649 INFO:teuthology.orchestra.run.smithi027.stdout:/usr/bin/ceph: stderr
2024-03-19T06:18:34.943+0000 7fd8bc92e700 1 --2- 172.21.15.27:0/1303192272 >> [v2:172.21.15.27:3300/0,v1:172.21.15.27:6789/0] conn(0x7fd8b8105d60 0x7fd8b819d8b0 secure :-1 s=READY pgs=79 cs=0 l=1 rev1=1 crypto rx=0x7fd8a800c550 tx=0x7fd8a8018a90 comp rx=0 tx=0).stop
2024-03-19T06:18:35.649 INFO:teuthology.orchestra.run.smithi027.stdout:/usr/bin/ceph: stderr
2024-03-19T06:18:34.943+0000 7fd8bc92e700 1 -- 172.21.15.27:0/1303192272 shutdown_connections
2024-03-19T06:18:35.649 INFO:teuthology.orchestra.run.smithi027.stdout:/usr/bin/ceph: stderr
2024-03-19T06:18:34.943+0000 7fd8bc92e700 1 --2- 172.21.15.27:0/1303192272 >> [v2:172.21.15.27:6800/921179493,v1:172.21.15.27:6801/921179493] conn(0x7fd8a0038fc0 0x7fd8a003b480 unknown :-1 s=CLOSED pgs=11 cs=0 l=1 rev1=1 crypto rx=0 tx=0 comp rx=0 tx=0).stop
2024-03-19T06:18:35.650 INFO:teuthology.orchestra.run.smithi027.stdout:/usr/bin/ceph: stderr
2024-03-19T06:18:34.943+0000 7fd8bc92e700 1 --2- 172.21.15.27:0/1303192272 >> [v2:172.21.15.27:3300/0,v1:172.21.15.27:6789/0] conn(0x7fd8b8105d60 0x7fd8b819d8b0 unknown :-1 s=CLOSED pgs=79 cs=0 l=1 rev1=1 crypto rx=0 tx=0 comp rx=0 tx=0).stop
2024-03-19T06:18:35.650 INFO:teuthology.orchestra.run.smithi027.stdout:/usr/bin/ceph: stderr
2024-03-19T06:18:34.943+0000 7fd8bc92e700 1 -- 172.21.15.27:0/1303192272 >> 172.21.15.27:0/1303192272 conn(0x7fd8b8100f20 msgr2=0x7fd8b81944d0 unknown :-1 s=STATE_NONE l=0).mark_down
2024-03-19T06:18:35.650 INFO:teuthology.orchestra.run.smithi027.stdout:/usr/bin/ceph: stderr
2024-03-19T06:18:34.943+0000 7fd8bc92e700 1 -- 172.21.15.27:0/1303192272 shutdown_connections
2024-03-19T06:18:35.650 INFO:teuthology.orchestra.run.smithi027.stdout:/usr/bin/ceph: stderr
2024-03-19T06:18:34.943+0000 7fd8bc92e700 1 -- 172.21.15.27:0/1303192272 wait complete.
2024-03-19T06:18:35.650 INFO:teuthology.orchestra.run.smithi027.stdout:/usr/bin/ceph: stderr set mgr/dashboard/cluster/status
2024-03-19T06:18:35.650 INFO:teuthology.orchestra.run.smithi027.stdout:You can access the Ceph CLI as following in case of multi-cluster or non-default config:
2024-03-19T06:18:35.650 INFO:teuthology.orchestra.run.smithi027.stdout:
2024-03-19T06:18:35.650 INFO:teuthology.orchestra.run.smithi027.stdout: sudo /home/ubuntu/cephtest/cephadm shell --fsid 3b7678c4-e5b8-11ee-95c9-87774f69a715 -c /etc/ceph/ceph.conf -k /etc/ceph/ceph.client.admin.keyring
2024-03-19T06:18:35.650 INFO:teuthology.orchestra.run.smithi027.stdout:
2024-03-19T06:18:35.650 INFO:teuthology.orchestra.run.smithi027.stdout:Or, if you are only running a single cluster on this host:
2024-03-19T06:18:35.650 INFO:teuthology.orchestra.run.smithi027.stdout:
2024-03-19T06:18:35.650 INFO:teuthology.orchestra.run.smithi027.stdout: sudo /home/ubuntu/cephtest/cephadm shell
2024-03-19T06:18:35.650 INFO:teuthology.orchestra.run.smithi027.stdout:
2024-03-19T06:18:35.650 INFO:teuthology.orchestra.run.smithi027.stdout:Please consider enabling telemetry to help improve Ceph:
2024-03-19T06:18:35.651 INFO:teuthology.orchestra.run.smithi027.stdout:
2024-03-19T06:18:35.651 INFO:teuthology.orchestra.run.smithi027.stdout: ceph telemetry on
2024-03-19T06:18:35.651 INFO:teuthology.orchestra.run.smithi027.stdout:
2024-03-19T06:18:35.651 INFO:teuthology.orchestra.run.smithi027.stdout:For more information see:
2024-03-19T06:18:35.651 INFO:teuthology.orchestra.run.smithi027.stdout:
2024-03-19T06:18:35.651 INFO:teuthology.orchestra.run.smithi027.stdout: https://docs.ceph.com/en/latest/mgr/telemetry/
2024-03-19T06:18:35.651 INFO:teuthology.orchestra.run.smithi027.stdout:
2024-03-19T06:18:35.651 INFO:teuthology.orchestra.run.smithi027.stdout:Bootstrap complete.
2024-03-19T06:18:35.694 INFO:tasks.cephadm:Fetching config...
2024-03-19T06:18:35.694 DEBUG:teuthology.orchestra.run.smithi027:> set -ex
2024-03-19T06:18:35.694 DEBUG:teuthology.orchestra.run.smithi027:> dd if=/etc/ceph/ceph.conf of=/dev/stdout
2024-03-19T06:18:35.711 INFO:tasks.cephadm:Fetching client.admin keyring...
2024-03-19T06:18:35.711 DEBUG:teuthology.orchestra.run.smithi027:> set -ex
2024-03-19T06:18:35.711 DEBUG:teuthology.orchestra.run.smithi027:> dd if=/etc/ceph/ceph.client.admin.keyring of=/dev/stdout
2024-03-19T06:18:35.766 INFO:tasks.cephadm:Fetching mon keyring...
2024-03-19T06:18:35.766 DEBUG:teuthology.orchestra.run.smithi027:> set -ex
2024-03-19T06:18:35.767 DEBUG:teuthology.orchestra.run.smithi027:> sudo dd if=/var/lib/ceph/3b7678c4-e5b8-11ee-95c9-87774f69a715/mon.a/keyring of=/dev/stdout
2024-03-19T06:18:35.838 INFO:tasks.cephadm:Fetching pub ssh key...
2024-03-19T06:18:35.838 DEBUG:teuthology.orchestra.run.smithi027:> set -ex
2024-03-19T06:18:35.838 DEBUG:teuthology.orchestra.run.smithi027:> dd if=/home/ubuntu/cephtest/ceph.pub of=/dev/stdout
2024-03-19T06:18:35.893 INFO:tasks.cephadm:Installing pub ssh key for root users...
2024-03-19T06:18:35.894 DEBUG:teuthology.orchestra.run.smithi027:> sudo install -d -m 0700 /root/.ssh && echo 'ssh-rsa AAAAB3NzaC1yc2EAAAADAQABAAABgQDKeLU3deAZZHTEibP3TD1uv6jbDDaQyTomrMhTZmPdtf0WGbJrV5Zc2A74v3i3jwk2LZxCR58NWA5KMbFMf1RZfzkYKe8tuDGEe649uF0cjdygaxO4JlAXOm8/l+gwhkriIZMr9nHBqZGZMjhXBRs+1uLGRFiR5HKThxjk4A5jAE4lcbNSQB+McG+K8Unti/0RNXPvg//0OzFsMkaAK9UvLPFpr09wzZuuKvK8c5JWb2Ei7LUbFqOP4BkmZb9PsIppbvyqVAJNsRh7EtJnax4V0hzKaSMgwsqc61NY4L4GfGDKPWbG0Uk3v9T49JikHQ+Mbl2v2UtDtlFotzUmBwTCw4lYiUWZCMmDb3GQC1b9CicqRy/S5mSNWqpf6VQY/qtrEdo6AoY36/Qb2p80BNIFx/qsT2Uupr2A1wkKEQcCb0fMCV3iLZQcwFTFTO/nhTPeYxDC4Gt6Dy3N7FPv1vfHx4Xl3PltFYQ1DBIc0fnvQ47yx5Er4iBgwPlfCLinje0= ceph-3b7678c4-e5b8-11ee-95c9-87774f69a715' | sudo tee -a /root/.ssh/authorized_keys && sudo chmod 0600 /root/.ssh/authorized_keys
2024-03-19T06:18:35.994 INFO:teuthology.orchestra.run.smithi027.stdout:ssh-rsa AAAAB3NzaC1yc2EAAAADAQABAAABgQDKeLU3deAZZHTEibP3TD1uv6jbDDaQyTomrMhTZmPdtf0WGbJrV5Zc2A74v3i3jwk2LZxCR58NWA5KMbFMf1RZfzkYKe8tuDGEe649uF0cjdygaxO4JlAXOm8/l+gwhkriIZMr9nHBqZGZMjhXBRs+1uLGRFiR5HKThxjk4A5jAE4lcbNSQB+McG+K8Unti/0RNXPvg//0OzFsMkaAK9UvLPFpr09wzZuuKvK8c5JWb2Ei7LUbFqOP4BkmZb9PsIppbvyqVAJNsRh7EtJnax4V0hzKaSMgwsqc61NY4L4GfGDKPWbG0Uk3v9T49JikHQ+Mbl2v2UtDtlFotzUmBwTCw4lYiUWZCMmDb3GQC1b9CicqRy/S5mSNWqpf6VQY/qtrEdo6AoY36/Qb2p80BNIFx/qsT2Uupr2A1wkKEQcCb0fMCV3iLZQcwFTFTO/nhTPeYxDC4Gt6Dy3N7FPv1vfHx4Xl3PltFYQ1DBIc0fnvQ47yx5Er4iBgwPlfCLinje0= ceph-3b7678c4-e5b8-11ee-95c9-87774f69a715
2024-03-19T06:18:36.045 DEBUG:teuthology.orchestra.run.smithi130:> sudo install -d -m 0700 /root/.ssh && echo 'ssh-rsa AAAAB3NzaC1yc2EAAAADAQABAAABgQDKeLU3deAZZHTEibP3TD1uv6jbDDaQyTomrMhTZmPdtf0WGbJrV5Zc2A74v3i3jwk2LZxCR58NWA5KMbFMf1RZfzkYKe8tuDGEe649uF0cjdygaxO4JlAXOm8/l+gwhkriIZMr9nHBqZGZMjhXBRs+1uLGRFiR5HKThxjk4A5jAE4lcbNSQB+McG+K8Unti/0RNXPvg//0OzFsMkaAK9UvLPFpr09wzZuuKvK8c5JWb2Ei7LUbFqOP4BkmZb9PsIppbvyqVAJNsRh7EtJnax4V0hzKaSMgwsqc61NY4L4GfGDKPWbG0Uk3v9T49JikHQ+Mbl2v2UtDtlFotzUmBwTCw4lYiUWZCMmDb3GQC1b9CicqRy/S5mSNWqpf6VQY/qtrEdo6AoY36/Qb2p80BNIFx/qsT2Uupr2A1wkKEQcCb0fMCV3iLZQcwFTFTO/nhTPeYxDC4Gt6Dy3N7FPv1vfHx4Xl3PltFYQ1DBIc0fnvQ47yx5Er4iBgwPlfCLinje0= ceph-3b7678c4-e5b8-11ee-95c9-87774f69a715' | sudo tee -a /root/.ssh/authorized_keys && sudo chmod 0600 /root/.ssh/authorized_keys
2024-03-19T06:18:36.093 INFO:teuthology.orchestra.run.smithi130.stdout:ssh-rsa AAAAB3NzaC1yc2EAAAADAQABAAABgQDKeLU3deAZZHTEibP3TD1uv6jbDDaQyTomrMhTZmPdtf0WGbJrV5Zc2A74v3i3jwk2LZxCR58NWA5KMbFMf1RZfzkYKe8tuDGEe649uF0cjdygaxO4JlAXOm8/l+gwhkriIZMr9nHBqZGZMjhXBRs+1uLGRFiR5HKThxjk4A5jAE4lcbNSQB+McG+K8Unti/0RNXPvg//0OzFsMkaAK9UvLPFpr09wzZuuKvK8c5JWb2Ei7LUbFqOP4BkmZb9PsIppbvyqVAJNsRh7EtJnax4V0hzKaSMgwsqc61NY4L4GfGDKPWbG0Uk3v9T49JikHQ+Mbl2v2UtDtlFotzUmBwTCw4lYiUWZCMmDb3GQC1b9CicqRy/S5mSNWqpf6VQY/qtrEdo6AoY36/Qb2p80BNIFx/qsT2Uupr2A1wkKEQcCb0fMCV3iLZQcwFTFTO/nhTPeYxDC4Gt6Dy3N7FPv1vfHx4Xl3PltFYQ1DBIc0fnvQ47yx5Er4iBgwPlfCLinje0= ceph-3b7678c4-e5b8-11ee-95c9-87774f69a715
2024-03-19T06:18:36.107 DEBUG:teuthology.orchestra.run.smithi164:> sudo install -d -m 0700 /root/.ssh && echo 'ssh-rsa AAAAB3NzaC1yc2EAAAADAQABAAABgQDKeLU3deAZZHTEibP3TD1uv6jbDDaQyTomrMhTZmPdtf0WGbJrV5Zc2A74v3i3jwk2LZxCR58NWA5KMbFMf1RZfzkYKe8tuDGEe649uF0cjdygaxO4JlAXOm8/l+gwhkriIZMr9nHBqZGZMjhXBRs+1uLGRFiR5HKThxjk4A5jAE4lcbNSQB+McG+K8Unti/0RNXPvg//0OzFsMkaAK9UvLPFpr09wzZuuKvK8c5JWb2Ei7LUbFqOP4BkmZb9PsIppbvyqVAJNsRh7EtJnax4V0hzKaSMgwsqc61NY4L4GfGDKPWbG0Uk3v9T49JikHQ+Mbl2v2UtDtlFotzUmBwTCw4lYiUWZCMmDb3GQC1b9CicqRy/S5mSNWqpf6VQY/qtrEdo6AoY36/Qb2p80BNIFx/qsT2Uupr2A1wkKEQcCb0fMCV3iLZQcwFTFTO/nhTPeYxDC4Gt6Dy3N7FPv1vfHx4Xl3PltFYQ1DBIc0fnvQ47yx5Er4iBgwPlfCLinje0= ceph-3b7678c4-e5b8-11ee-95c9-87774f69a715' | sudo tee -a /root/.ssh/authorized_keys && sudo chmod 0600 /root/.ssh/authorized_keys
2024-03-19T06:18:36.155 INFO:teuthology.orchestra.run.smithi164.stdout:ssh-rsa AAAAB3NzaC1yc2EAAAADAQABAAABgQDKeLU3deAZZHTEibP3TD1uv6jbDDaQyTomrMhTZmPdtf0WGbJrV5Zc2A74v3i3jwk2LZxCR58NWA5KMbFMf1RZfzkYKe8tuDGEe649uF0cjdygaxO4JlAXOm8/l+gwhkriIZMr9nHBqZGZMjhXBRs+1uLGRFiR5HKThxjk4A5jAE4lcbNSQB+McG+K8Unti/0RNXPvg//0OzFsMkaAK9UvLPFpr09wzZuuKvK8c5JWb2Ei7LUbFqOP4BkmZb9PsIppbvyqVAJNsRh7EtJnax4V0hzKaSMgwsqc61NY4L4GfGDKPWbG0Uk3v9T49JikHQ+Mbl2v2UtDtlFotzUmBwTCw4lYiUWZCMmDb3GQC1b9CicqRy/S5mSNWqpf6VQY/qtrEdo6AoY36/Qb2p80BNIFx/qsT2Uupr2A1wkKEQcCb0fMCV3iLZQcwFTFTO/nhTPeYxDC4Gt6Dy3N7FPv1vfHx4Xl3PltFYQ1DBIc0fnvQ47yx5Er4iBgwPlfCLinje0= ceph-3b7678c4-e5b8-11ee-95c9-87774f69a715
2024-03-19T06:18:36.170 DEBUG:teuthology.orchestra.run.smithi027:> sudo /home/ubuntu/cephtest/cephadm --image quay-quay-quay.apps.os.sepia.ceph.com/ceph-ci/ceph:b0ea271bb96f7f4cec2f2a40ff88a5def1e0530f shell -c /etc/ceph/ceph.conf -k /etc/ceph/ceph.client.admin.keyring --fsid 3b7678c4-e5b8-11ee-95c9-87774f69a715 -- ceph config set mgr mgr/cephadm/allow_ptrace true
2024-03-19T06:18:36.198 INFO:journalctl@ceph.mon.a.smithi027.stdout:Mar 19 06:18:35 smithi027 ceph-mon[32075]: from='client.? 172.21.15.27:0/1303192272' entity='client.admin'
2024-03-19T06:18:36.429 INFO:teuthology.orchestra.run.smithi027.stderr:Inferring config /var/lib/ceph/3b7678c4-e5b8-11ee-95c9-87774f69a715/mon.a/config
2024-03-19T06:18:38.611 INFO:teuthology.orchestra.run.smithi027.stderr:2024-03-19T06:18:38.623+0000 7f9243a2d700 1 -- 172.21.15.27:0/4215844465 >> [v2:172.21.15.27:3300/0,v1:172.21.15.27:6789/0] conn(0x7f923c100730 msgr2=0x7f923c100b50 secure :-1 s=STATE_CONNECTION_ESTABLISHED l=1).mark_down
2024-03-19T06:18:38.612 INFO:teuthology.orchestra.run.smithi027.stderr:2024-03-19T06:18:38.623+0000 7f9243a2d700 1 --2- 172.21.15.27:0/4215844465 >> [v2:172.21.15.27:3300/0,v1:172.21.15.27:6789/0] conn(0x7f923c100730 0x7f923c100b50 secure :-1 s=READY pgs=80 cs=0 l=1 rev1=1 crypto rx=0x7f9238009910 tx=0x7f9238009c20 comp rx=0 tx=0).stop
2024-03-19T06:18:38.612 INFO:teuthology.orchestra.run.smithi027.stderr:2024-03-19T06:18:38.623+0000 7f9243a2d700 1 -- 172.21.15.27:0/4215844465 shutdown_connections
2024-03-19T06:18:38.612 INFO:teuthology.orchestra.run.smithi027.stderr:2024-03-19T06:18:38.623+0000 7f9243a2d700 1 --2- 172.21.15.27:0/4215844465 >> [v2:172.21.15.27:3300/0,v1:172.21.15.27:6789/0] conn(0x7f923c100730 0x7f923c100b50 unknown :-1 s=CLOSED pgs=80 cs=0 l=1 rev1=1 crypto rx=0 tx=0 comp rx=0 tx=0).stop
2024-03-19T06:18:38.612 INFO:teuthology.orchestra.run.smithi027.stderr:2024-03-19T06:18:38.623+0000 7f9243a2d700 1 -- 172.21.15.27:0/4215844465 >> 172.21.15.27:0/4215844465 conn(0x7f923c0fbcf0 msgr2=0x7f923c0fe110 unknown :-1 s=STATE_NONE l=0).mark_down
2024-03-19T06:18:38.612 INFO:teuthology.orchestra.run.smithi027.stderr:2024-03-19T06:18:38.623+0000 7f9243a2d700 1 -- 172.21.15.27:0/4215844465 shutdown_connections
2024-03-19T06:18:38.612 INFO:teuthology.orchestra.run.smithi027.stderr:2024-03-19T06:18:38.623+0000 7f9243a2d700 1 -- 172.21.15.27:0/4215844465 wait complete.
2024-03-19T06:18:38.614 INFO:teuthology.orchestra.run.smithi027.stderr:2024-03-19T06:18:38.624+0000 7f9243a2d700 1 Processor -- start
2024-03-19T06:18:38.614 INFO:teuthology.orchestra.run.smithi027.stderr:2024-03-19T06:18:38.624+0000 7f9243a2d700 1 -- start start
2024-03-19T06:18:38.614 INFO:teuthology.orchestra.run.smithi027.stderr:2024-03-19T06:18:38.624+0000 7f9243a2d700 1 --2- >> [v2:172.21.15.27:3300/0,v1:172.21.15.27:6789/0] conn(0x7f923c100730 0x7f923c195e40 unknown :-1 s=NONE pgs=0 cs=0 l=1 rev1=0 crypto rx=0 tx=0 comp rx=0 tx=0).connect
2024-03-19T06:18:38.614 INFO:teuthology.orchestra.run.smithi027.stderr:2024-03-19T06:18:38.624+0000 7f9243a2d700 1 -- --> [v2:172.21.15.27:3300/0,v1:172.21.15.27:6789/0] -- mon_getmap magic: 0 v1 -- 0x7f923c1067c0 con 0x7f923c100730
2024-03-19T06:18:38.615 INFO:teuthology.orchestra.run.smithi027.stderr:2024-03-19T06:18:38.624+0000 7f92417c9700 1 --2- >> [v2:172.21.15.27:3300/0,v1:172.21.15.27:6789/0] conn(0x7f923c100730 0x7f923c195e40 unknown :-1 s=BANNER_CONNECTING pgs=0 cs=0 l=1 rev1=0 crypto rx=0 tx=0 comp rx=0 tx=0)._handle_peer_banner_payload supported=3 required=0
2024-03-19T06:18:38.615 INFO:teuthology.orchestra.run.smithi027.stderr:2024-03-19T06:18:38.624+0000 7f92417c9700 1 --2- >> [v2:172.21.15.27:3300/0,v1:172.21.15.27:6789/0] conn(0x7f923c100730 0x7f923c195e40 unknown :-1 s=HELLO_CONNECTING pgs=0 cs=0 l=1 rev1=1 crypto rx=0 tx=0 comp rx=0 tx=0).handle_hello peer v2:172.21.15.27:3300/0 says I am v2:172.21.15.27:36896/0 (socket says 172.21.15.27:36896)
2024-03-19T06:18:38.615 INFO:teuthology.orchestra.run.smithi027.stderr:2024-03-19T06:18:38.624+0000 7f92417c9700 1 -- 172.21.15.27:0/548961047 learned_addr learned my addr 172.21.15.27:0/548961047 (peer_addr_for_me v2:172.21.15.27:0/0)
2024-03-19T06:18:38.615 INFO:teuthology.orchestra.run.smithi027.stderr:2024-03-19T06:18:38.624+0000 7f92417c9700 1 -- 172.21.15.27:0/548961047 --> [v2:172.21.15.27:3300/0,v1:172.21.15.27:6789/0] -- mon_subscribe({config=0+,monmap=0+}) v3 -- 0x7f923c196380 con 0x7f923c100730
2024-03-19T06:18:38.615 INFO:teuthology.orchestra.run.smithi027.stderr:2024-03-19T06:18:38.624+0000 7f92417c9700 1 --2- 172.21.15.27:0/548961047 >> [v2:172.21.15.27:3300/0,v1:172.21.15.27:6789/0] conn(0x7f923c100730 0x7f923c195e40 secure :-1 s=READY pgs=81 cs=0 l=1 rev1=1 crypto rx=0x7f9238006010 tx=0x7f9238005050 comp rx=0 tx=0).ready entity=mon.0 client_cookie=0 server_cookie=0 in_seq=0 out_seq=0
2024-03-19T06:18:38.615 INFO:teuthology.orchestra.run.smithi027.stderr:2024-03-19T06:18:38.625+0000 7f92327fc700 1 -- 172.21.15.27:0/548961047 <== mon.0 v2:172.21.15.27:3300/0 1 ==== mon_map magic: 0 v1 ==== 205+0+0 (secure 0 0 0) 0x7f9238027070 con 0x7f923c100730
2024-03-19T06:18:38.615 INFO:teuthology.orchestra.run.smithi027.stderr:2024-03-19T06:18:38.625+0000 7f92327fc700 1 -- 172.21.15.27:0/548961047 <== mon.0 v2:172.21.15.27:3300/0 2 ==== config(27 keys) v1 ==== 1140+0+0 (secure 0 0 0) 0x7f923800be40 con 0x7f923c100730
2024-03-19T06:18:38.615 INFO:teuthology.orchestra.run.smithi027.stderr:2024-03-19T06:18:38.625+0000 7f92327fc700 1 -- 172.21.15.27:0/548961047 <== mon.0 v2:172.21.15.27:3300/0 3 ==== mon_map magic: 0 v1 ==== 205+0+0 (secure 0 0 0) 0x7f923800f460 con 0x7f923c100730
2024-03-19T06:18:38.615 INFO:teuthology.orchestra.run.smithi027.stderr:2024-03-19T06:18:38.625+0000 7f9243a2d700 1 -- 172.21.15.27:0/548961047 --> [v2:172.21.15.27:3300/0,v1:172.21.15.27:6789/0] -- mon_subscribe({mgrmap=0+}) v3 -- 0x7f923c196610 con 0x7f923c100730
2024-03-19T06:18:38.615 INFO:teuthology.orchestra.run.smithi027.stderr:2024-03-19T06:18:38.625+0000 7f9243a2d700 1 -- 172.21.15.27:0/548961047 --> [v2:172.21.15.27:3300/0,v1:172.21.15.27:6789/0] -- mon_subscribe({osdmap=0}) v3 -- 0x7f923c199300 con 0x7f923c100730
2024-03-19T06:18:38.615 INFO:teuthology.orchestra.run.smithi027.stderr:2024-03-19T06:18:38.625+0000 7f92327fc700 1 -- 172.21.15.27:0/548961047 <== mon.0 v2:172.21.15.27:3300/0 4 ==== mgrmap(e 13) v1 ==== 46162+0+0 (secure 0 0 0) 0x7f923802a070 con 0x7f923c100730
2024-03-19T06:18:38.615 INFO:teuthology.orchestra.run.smithi027.stderr:2024-03-19T06:18:38.626+0000 7f9243a2d700 1 -- 172.21.15.27:0/548961047 --> [v2:172.21.15.27:3300/0,v1:172.21.15.27:6789/0] -- mon_command({"prefix": "get_command_descriptions"} v 0) v1 -- 0x7f923c106f40 con 0x7f923c100730
2024-03-19T06:18:38.615 INFO:teuthology.orchestra.run.smithi027.stderr:2024-03-19T06:18:38.626+0000 7f92327fc700 1 --2- 172.21.15.27:0/548961047 >> [v2:172.21.15.27:6800/921179493,v1:172.21.15.27:6801/921179493] conn(0x7f9228038fc0 0x7f922803b480 unknown :-1 s=NONE pgs=0 cs=0 l=1 rev1=0 crypto rx=0 tx=0 comp rx=0 tx=0).connect
2024-03-19T06:18:38.615 INFO:teuthology.orchestra.run.smithi027.stderr:2024-03-19T06:18:38.626+0000 7f92327fc700 1 -- 172.21.15.27:0/548961047 <== mon.0 v2:172.21.15.27:3300/0 5 ==== osd_map(3..3 src has 1..3) v4 ==== 1155+0+0 (secure 0 0 0) 0x7f923801e030 con 0x7f923c100730
2024-03-19T06:18:38.615 INFO:teuthology.orchestra.run.smithi027.stderr:2024-03-19T06:18:38.626+0000 7f9240fc8700 1 --2- 172.21.15.27:0/548961047 >> [v2:172.21.15.27:6800/921179493,v1:172.21.15.27:6801/921179493] conn(0x7f9228038fc0 0x7f922803b480 unknown :-1 s=BANNER_CONNECTING pgs=0 cs=0 l=1 rev1=0 crypto rx=0 tx=0 comp rx=0 tx=0)._handle_peer_banner_payload supported=3 required=0
2024-03-19T06:18:38.616 INFO:teuthology.orchestra.run.smithi027.stderr:2024-03-19T06:18:38.626+0000 7f9240fc8700 1 --2- 172.21.15.27:0/548961047 >> [v2:172.21.15.27:6800/921179493,v1:172.21.15.27:6801/921179493] conn(0x7f9228038fc0 0x7f922803b480 secure :-1 s=READY pgs=12 cs=0 l=1 rev1=1 crypto rx=0x7f922c006fd0 tx=0x7f922c006e40 comp rx=0 tx=0).ready entity=mgr.14152 client_cookie=0 server_cookie=0 in_seq=0 out_seq=0
2024-03-19T06:18:38.619 INFO:teuthology.orchestra.run.smithi027.stderr:2024-03-19T06:18:38.631+0000 7f92327fc700 1 -- 172.21.15.27:0/548961047 <== mon.0 v2:172.21.15.27:3300/0 6 ==== mon_command_ack([{"prefix": "get_command_descriptions"}]=0 v0) v1 ==== 72+0+184781 (secure 0 0 0) 0x7f9238013070 con 0x7f923c100730
2024-03-19T06:18:38.823 INFO:teuthology.orchestra.run.smithi027.stderr:2024-03-19T06:18:38.834+0000 7f9243a2d700 1 -- 172.21.15.27:0/548961047 --> [v2:172.21.15.27:3300/0,v1:172.21.15.27:6789/0] -- mon_command([{prefix=config set, name=mgr/cephadm/allow_ptrace}] v 0) v1 -- 0x7f923c02d940 con 0x7f923c100730
2024-03-19T06:18:38.825 INFO:teuthology.orchestra.run.smithi027.stderr:2024-03-19T06:18:38.837+0000 7f92327fc700 1 -- 172.21.15.27:0/548961047 <== mon.0 v2:172.21.15.27:3300/0 7 ==== mon_command_ack([{prefix=config set, name=mgr/cephadm/allow_ptrace}]=0 v9)=0 v9) v1 ==== 125+0+0 (secure 0 0 0) 0x7f9238031020 con 0x7f923c100730
2024-03-19T06:18:38.828 INFO:teuthology.orchestra.run.smithi027.stderr:2024-03-19T06:18:38.839+0000 7f9243a2d700 1 -- 172.21.15.27:0/548961047 >> [v2:172.21.15.27:6800/921179493,v1:172.21.15.27:6801/921179493] conn(0x7f9228038fc0 msgr2=0x7f922803b480 secure :-1 s=STATE_CONNECTION_ESTABLISHED l=1).mark_down
2024-03-19T06:18:38.828 INFO:teuthology.orchestra.run.smithi027.stderr:2024-03-19T06:18:38.839+0000 7f9243a2d700 1 --2- 172.21.15.27:0/548961047 >> [v2:172.21.15.27:6800/921179493,v1:172.21.15.27:6801/921179493] conn(0x7f9228038fc0 0x7f922803b480 secure :-1 s=READY pgs=12 cs=0 l=1 rev1=1 crypto rx=0x7f922c006fd0 tx=0x7f922c006e40 comp rx=0 tx=0).stop
2024-03-19T06:18:38.828 INFO:teuthology.orchestra.run.smithi027.stderr:2024-03-19T06:18:38.839+0000 7f9243a2d700 1 -- 172.21.15.27:0/548961047 >> [v2:172.21.15.27:3300/0,v1:172.21.15.27:6789/0] conn(0x7f923c100730 msgr2=0x7f923c195e40 secure :-1 s=STATE_CONNECTION_ESTABLISHED l=1).mark_down
2024-03-19T06:18:38.828 INFO:teuthology.orchestra.run.smithi027.stderr:2024-03-19T06:18:38.839+0000 7f9243a2d700 1 --2- 172.21.15.27:0/548961047 >> [v2:172.21.15.27:3300/0,v1:172.21.15.27:6789/0] conn(0x7f923c100730 0x7f923c195e40 secure :-1 s=READY pgs=81 cs=0 l=1 rev1=1 crypto rx=0x7f9238006010 tx=0x7f9238005050 comp rx=0 tx=0).stop
2024-03-19T06:18:38.828 INFO:teuthology.orchestra.run.smithi027.stderr:2024-03-19T06:18:38.839+0000 7f9243a2d700 1 -- 172.21.15.27:0/548961047 shutdown_connections
2024-03-19T06:18:38.828 INFO:teuthology.orchestra.run.smithi027.stderr:2024-03-19T06:18:38.840+0000 7f9243a2d700 1 --2- 172.21.15.27:0/548961047 >> [v2:172.21.15.27:6800/921179493,v1:172.21.15.27:6801/921179493] conn(0x7f9228038fc0 0x7f922803b480 unknown :-1 s=CLOSED pgs=12 cs=0 l=1 rev1=1 crypto rx=0 tx=0 comp rx=0 tx=0).stop
2024-03-19T06:18:38.828 INFO:teuthology.orchestra.run.smithi027.stderr:2024-03-19T06:18:38.840+0000 7f9243a2d700 1 --2- 172.21.15.27:0/548961047 >> [v2:172.21.15.27:3300/0,v1:172.21.15.27:6789/0] conn(0x7f923c100730 0x7f923c195e40 unknown :-1 s=CLOSED pgs=81 cs=0 l=1 rev1=1 crypto rx=0 tx=0 comp rx=0 tx=0).stop
