2024-03-21T08:43:16.669+0000 7fd72f400700 1 -- 172.21.15.59:0/3963582479 --> [v2:172.21.15.59:3300/0,v1:172.21.15.59:6789/0] -- mon_subscribe({osdmap=0}) v3 -- 0x7fd7281a0470 con 0x7fd72807cf40
2024-03-21T08:43:23.866 INFO:teuthology.orchestra.run.smithi059.stdout:/usr/bin/ceph: stderr
2024-03-21T08:43:16.669+0000 7fd725600700 1 -- 172.21.15.59:0/3963582479 <== mon.0 v2:172.21.15.59:3300/0 4 ==== mgrmap(e 9) v1 ==== 46307+0+0 (secure 0 0 0) 0x7fd71c022020 con 0x7fd72807cf40
2024-03-21T08:43:23.866 INFO:teuthology.orchestra.run.smithi059.stdout:/usr/bin/ceph: stderr
2024-03-21T08:43:16.669+0000 7fd725600700 1 --2- 172.21.15.59:0/3963582479 >> [v2:172.21.15.59:6800/1887413413,v1:172.21.15.59:6801/1887413413] conn(0x7fd7100391e0 0x7fd71003b6a0 unknown :-1 s=NONE pgs=0 cs=0 l=1 rev1=0 crypto rx=0 tx=0 comp rx=0 tx=0).connect
2024-03-21T08:43:23.866 INFO:teuthology.orchestra.run.smithi059.stdout:/usr/bin/ceph: stderr
2024-03-21T08:43:16.669+0000 7fd725600700 1 -- 172.21.15.59:0/3963582479 --> [v2:172.21.15.59:6800/1887413413,v1:172.21.15.59:6801/1887413413] -- command(tid 0: {"prefix": "get_command_descriptions"}) v1 -- 0x7fd71003bdb0 con 0x7fd7100391e0
2024-03-21T08:43:23.866 INFO:teuthology.orchestra.run.smithi059.stdout:/usr/bin/ceph: stderr
2024-03-21T08:43:16.669+0000 7fd725600700 1 -- 172.21.15.59:0/3963582479 <== mon.0 v2:172.21.15.59:3300/0 5 ==== osd_map(2..2 src has 1..2) v4 ==== 940+0+0 (secure 0 0 0) 0x7fd71c04d5f0 con 0x7fd72807cf40
2024-03-21T08:43:23.866 INFO:teuthology.orchestra.run.smithi059.stdout:/usr/bin/ceph: stderr
2024-03-21T08:43:16.669+0000 7fd727e00700 1 -- 172.21.15.59:0/3963582479 >> [v2:172.21.15.59:6800/1887413413,v1:172.21.15.59:6801/1887413413] conn(0x7fd7100391e0 msgr2=0x7fd71003b6a0 unknown :-1 s=STATE_CONNECTING_RE l=1).process reconnect failed to v2:172.21.15.59:6800/1887413413
2024-03-21T08:43:23.866 INFO:teuthology.orchestra.run.smithi059.stdout:/usr/bin/ceph: stderr
2024-03-21T08:43:16.669+0000 7fd727e00700 1 --2- 172.21.15.59:0/3963582479 >> [v2:172.21.15.59:6800/1887413413,v1:172.21.15.59:6801/1887413413] conn(0x7fd7100391e0 0x7fd71003b6a0 unknown :-1 s=START_CONNECT pgs=0 cs=0 l=1 rev1=0 crypto rx=0 tx=0 comp rx=0 tx=0)._fault waiting 0.200000
2024-03-21T08:43:23.866 INFO:teuthology.orchestra.run.smithi059.stdout:/usr/bin/ceph: stderr
2024-03-21T08:43:16.873+0000 7fd727e00700 1 -- 172.21.15.59:0/3963582479 >> [v2:172.21.15.59:6800/1887413413,v1:172.21.15.59:6801/1887413413] conn(0x7fd7100391e0 msgr2=0x7fd71003b6a0 unknown :-1 s=STATE_CONNECTING_RE l=1).process reconnect failed to v2:172.21.15.59:6800/1887413413
2024-03-21T08:43:23.866 INFO:teuthology.orchestra.run.smithi059.stdout:/usr/bin/ceph: stderr
2024-03-21T08:43:16.873+0000 7fd727e00700 1 --2- 172.21.15.59:0/3963582479 >> [v2:172.21.15.59:6800/1887413413,v1:172.21.15.59:6801/1887413413] conn(0x7fd7100391e0 0x7fd71003b6a0 unknown :-1 s=START_CONNECT pgs=0 cs=0 l=1 rev1=0 crypto rx=0 tx=0 comp rx=0 tx=0)._fault waiting 0.400000
2024-03-21T08:43:23.866 INFO:teuthology.orchestra.run.smithi059.stdout:/usr/bin/ceph: stderr
2024-03-21T08:43:17.276+0000 7fd727e00700 1 -- 172.21.15.59:0/3963582479 >> [v2:172.21.15.59:6800/1887413413,v1:172.21.15.59:6801/1887413413] conn(0x7fd7100391e0 msgr2=0x7fd71003b6a0 unknown :-1 s=STATE_CONNECTING_RE l=1).process reconnect failed to v2:172.21.15.59:6800/1887413413
2024-03-21T08:43:23.866 INFO:teuthology.orchestra.run.smithi059.stdout:/usr/bin/ceph: stderr
2024-03-21T08:43:17.276+0000 7fd727e00700 1 --2- 172.21.15.59:0/3963582479 >> [v2:172.21.15.59:6800/1887413413,v1:172.21.15.59:6801/1887413413] conn(0x7fd7100391e0 0x7fd71003b6a0 unknown :-1 s=START_CONNECT pgs=0 cs=0 l=1 rev1=0 crypto rx=0 tx=0 comp rx=0 tx=0)._fault waiting 0.800000
2024-03-21T08:43:23.867 INFO:teuthology.orchestra.run.smithi059.stdout:/usr/bin/ceph: stderr
2024-03-21T08:43:18.080+0000 7fd727e00700 1 -- 172.21.15.59:0/3963582479 >> [v2:172.21.15.59:6800/1887413413,v1:172.21.15.59:6801/1887413413] conn(0x7fd7100391e0 msgr2=0x7fd71003b6a0 unknown :-1 s=STATE_CONNECTING_RE l=1).process reconnect failed to v2:172.21.15.59:6800/1887413413
2024-03-21T08:43:23.867 INFO:teuthology.orchestra.run.smithi059.stdout:/usr/bin/ceph: stderr
2024-03-21T08:43:18.080+0000 7fd727e00700 1 --2- 172.21.15.59:0/3963582479 >> [v2:172.21.15.59:6800/1887413413,v1:172.21.15.59:6801/1887413413] conn(0x7fd7100391e0 0x7fd71003b6a0 unknown :-1 s=START_CONNECT pgs=0 cs=0 l=1 rev1=0 crypto rx=0 tx=0 comp rx=0 tx=0)._fault waiting 1.600000
2024-03-21T08:43:23.867 INFO:teuthology.orchestra.run.smithi059.stdout:/usr/bin/ceph: stderr
2024-03-21T08:43:19.684+0000 7fd727e00700 1 -- 172.21.15.59:0/3963582479 >> [v2:172.21.15.59:6800/1887413413,v1:172.21.15.59:6801/1887413413] conn(0x7fd7100391e0 msgr2=0x7fd71003b6a0 unknown :-1 s=STATE_CONNECTING_RE l=1).process reconnect failed to v2:172.21.15.59:6800/1887413413
2024-03-21T08:43:23.867 INFO:teuthology.orchestra.run.smithi059.stdout:/usr/bin/ceph: stderr
2024-03-21T08:43:19.684+0000 7fd727e00700 1 --2- 172.21.15.59:0/3963582479 >> [v2:172.21.15.59:6800/1887413413,v1:172.21.15.59:6801/1887413413] conn(0x7fd7100391e0 0x7fd71003b6a0 unknown :-1 s=START_CONNECT pgs=0 cs=0 l=1 rev1=0 crypto rx=0 tx=0 comp rx=0 tx=0)._fault waiting 3.200000
2024-03-21T08:43:23.867 INFO:teuthology.orchestra.run.smithi059.stdout:/usr/bin/ceph: stderr
2024-03-21T08:43:22.180+0000 7fd725600700 1 -- 172.21.15.59:0/3963582479 <== mon.0 v2:172.21.15.59:3300/0 6 ==== mgrmap(e 10) v1 ==== 46074+0+0 (secure 0 0 0) 0x7fd71c01aa90 con 0x7fd72807cf40
2024-03-21T08:43:23.867 INFO:teuthology.orchestra.run.smithi059.stdout:/usr/bin/ceph: stderr
2024-03-21T08:43:22.180+0000 7fd725600700 1 -- 172.21.15.59:0/3963582479 >> [v2:172.21.15.59:6800/1887413413,v1:172.21.15.59:6801/1887413413] conn(0x7fd7100391e0 msgr2=0x7fd71003b6a0 unknown :-1 s=STATE_CONNECTING l=1).mark_down
2024-03-21T08:43:23.867 INFO:teuthology.orchestra.run.smithi059.stdout:/usr/bin/ceph: stderr
2024-03-21T08:43:22.180+0000 7fd725600700 1 --2- 172.21.15.59:0/3963582479 >> [v2:172.21.15.59:6800/1887413413,v1:172.21.15.59:6801/1887413413] conn(0x7fd7100391e0 0x7fd71003b6a0 unknown :-1 s=START_CONNECT pgs=0 cs=0 l=1 rev1=0 crypto rx=0 tx=0 comp rx=0 tx=0).stop
2024-03-21T08:43:23.867 INFO:teuthology.orchestra.run.smithi059.stdout:/usr/bin/ceph: stderr
2024-03-21T08:43:23.184+0000 7fd725600700 1 -- 172.21.15.59:0/3963582479 <== mon.0 v2:172.21.15.59:3300/0 7 ==== mgrmap(e 11) v1 ==== 46201+0+0 (secure 0 0 0) 0x7fd71c04ec10 con 0x7fd72807cf40
2024-03-21T08:43:23.867 INFO:teuthology.orchestra.run.smithi059.stdout:/usr/bin/ceph: stderr
2024-03-21T08:43:23.184+0000 7fd725600700 1 --2- 172.21.15.59:0/3963582479 >> [v2:172.21.15.59:6800/3705927731,v1:172.21.15.59:6801/3705927731] conn(0x7fd71003cc90 0x7fd71003f080 unknown :-1 s=NONE pgs=0 cs=0 l=1 rev1=0 crypto rx=0 tx=0 comp rx=0 tx=0).connect
2024-03-21T08:43:23.867 INFO:teuthology.orchestra.run.smithi059.stdout:/usr/bin/ceph: stderr
2024-03-21T08:43:23.184+0000 7fd725600700 1 -- 172.21.15.59:0/3963582479 --> [v2:172.21.15.59:6800/3705927731,v1:172.21.15.59:6801/3705927731] -- command(tid 0: {"prefix": "get_command_descriptions"}) v1 -- 0x7fd71003bdb0 con 0x7fd71003cc90
2024-03-21T08:43:23.867 INFO:teuthology.orchestra.run.smithi059.stdout:/usr/bin/ceph: stderr
2024-03-21T08:43:23.184+0000 7fd727e00700 1 --2- 172.21.15.59:0/3963582479 >> [v2:172.21.15.59:6800/3705927731,v1:172.21.15.59:6801/3705927731] conn(0x7fd71003cc90 0x7fd71003f080 unknown :-1 s=BANNER_CONNECTING pgs=0 cs=0 l=1 rev1=0 crypto rx=0 tx=0 comp rx=0 tx=0)._handle_peer_banner_payload supported=3 required=0
2024-03-21T08:43:23.867 INFO:teuthology.orchestra.run.smithi059.stdout:/usr/bin/ceph: stderr
2024-03-21T08:43:23.184+0000 7fd727e00700 1 --2- 172.21.15.59:0/3963582479 >> [v2:172.21.15.59:6800/3705927731,v1:172.21.15.59:6801/3705927731] conn(0x7fd71003cc90 0x7fd71003f080 secure :-1 s=READY pgs=1 cs=0 l=1 rev1=1 crypto rx=0x7fd714003a10 tx=0x7fd714009270 comp rx=0 tx=0).ready entity=mgr.14152 client_cookie=0 server_cookie=0 in_seq=0 out_seq=0
2024-03-21T08:43:23.867 INFO:teuthology.orchestra.run.smithi059.stdout:/usr/bin/ceph: stderr
2024-03-21T08:43:23.188+0000 7fd725600700 1 -- 172.21.15.59:0/3963582479 <== mgr.14152 v2:172.21.15.59:6800/3705927731 1 ==== command_reply(tid 0: 0 ) v1 ==== 8+0+7774 (secure 0 0 0) 0x7fd71003bdb0 con 0x7fd71003cc90
2024-03-21T08:43:23.868 INFO:teuthology.orchestra.run.smithi059.stdout:/usr/bin/ceph: stderr
2024-03-21T08:43:23.196+0000 7fd72f400700 1 -- 172.21.15.59:0/3963582479 --> [v2:172.21.15.59:6800/3705927731,v1:172.21.15.59:6801/3705927731] -- command(tid 1: {"prefix": "mgr_status"}) v1 -- 0x7fd7280637c0 con 0x7fd71003cc90
2024-03-21T08:43:23.868 INFO:teuthology.orchestra.run.smithi059.stdout:/usr/bin/ceph: stderr
2024-03-21T08:43:23.196+0000 7fd725600700 1 -- 172.21.15.59:0/3963582479 <== mgr.14152 v2:172.21.15.59:6800/3705927731 2 ==== command_reply(tid 1: 0 ) v1 ==== 8+0+52 (secure 0 0 0) 0x7fd7280637c0 con 0x7fd71003cc90
2024-03-21T08:43:23.868 INFO:teuthology.orchestra.run.smithi059.stdout:/usr/bin/ceph: stderr
2024-03-21T08:43:23.196+0000 7fd72f400700 1 -- 172.21.15.59:0/3963582479 >> [v2:172.21.15.59:6800/3705927731,v1:172.21.15.59:6801/3705927731] conn(0x7fd71003cc90 msgr2=0x7fd71003f080 secure :-1 s=STATE_CONNECTION_ESTABLISHED l=1).mark_down
2024-03-21T08:43:23.868 INFO:teuthology.orchestra.run.smithi059.stdout:/usr/bin/ceph: stderr
2024-03-21T08:43:23.196+0000 7fd72f400700 1 --2- 172.21.15.59:0/3963582479 >> [v2:172.21.15.59:6800/3705927731,v1:172.21.15.59:6801/3705927731] conn(0x7fd71003cc90 0x7fd71003f080 secure :-1 s=READY pgs=1 cs=0 l=1 rev1=1 crypto rx=0x7fd714003a10 tx=0x7fd714009270 comp rx=0 tx=0).stop
2024-03-21T08:43:23.868 INFO:teuthology.orchestra.run.smithi059.stdout:/usr/bin/ceph: stderr
2024-03-21T08:43:23.196+0000 7fd72f400700 1 -- 172.21.15.59:0/3963582479 >> [v2:172.21.15.59:3300/0,v1:172.21.15.59:6789/0] conn(0x7fd72807cf40 msgr2=0x7fd72819cfb0 secure :-1 s=STATE_CONNECTION_ESTABLISHED l=1).mark_down
2024-03-21T08:43:23.868 INFO:teuthology.orchestra.run.smithi059.stdout:/usr/bin/ceph: stderr
2024-03-21T08:43:23.196+0000 7fd72f400700 1 --2- 172.21.15.59:0/3963582479 >> [v2:172.21.15.59:3300/0,v1:172.21.15.59:6789/0] conn(0x7fd72807cf40 0x7fd72819cfb0 secure :-1 s=READY pgs=62 cs=0 l=1 rev1=1 crypto rx=0x7fd71c011a20 tx=0x7fd71c011b00 comp rx=0 tx=0).stop
2024-03-21T08:43:23.868 INFO:teuthology.orchestra.run.smithi059.stdout:/usr/bin/ceph: stderr
2024-03-21T08:43:23.196+0000 7fd72f400700 1 -- 172.21.15.59:0/3963582479 shutdown_connections
2024-03-21T08:43:23.868 INFO:teuthology.orchestra.run.smithi059.stdout:/usr/bin/ceph: stderr
2024-03-21T08:43:23.196+0000 7fd72f400700 1 --2- 172.21.15.59:0/3963582479 >> [v2:172.21.15.59:6800/3705927731,v1:172.21.15.59:6801/3705927731] conn(0x7fd71003cc90 0x7fd71003f080 unknown :-1 s=CLOSED pgs=1 cs=0 l=1 rev1=1 crypto rx=0 tx=0 comp rx=0 tx=0).stop
2024-03-21T08:43:23.868 INFO:teuthology.orchestra.run.smithi059.stdout:/usr/bin/ceph: stderr
2024-03-21T08:43:23.196+0000 7fd72f400700 1 --2- 172.21.15.59:0/3963582479 >> [v2:172.21.15.59:3300/0,v1:172.21.15.59:6789/0] conn(0x7fd72807cf40 0x7fd72819cfb0 unknown :-1 s=CLOSED pgs=62 cs=0 l=1 rev1=1 crypto rx=0 tx=0 comp rx=0 tx=0).stop
2024-03-21T08:43:23.868 INFO:teuthology.orchestra.run.smithi059.stdout:/usr/bin/ceph: stderr
2024-03-21T08:43:23.196+0000 7fd72f400700 1 --2- 172.21.15.59:0/3963582479 >> [v2:172.21.15.59:6800/1887413413,v1:172.21.15.59:6801/1887413413] conn(0x7fd7100391e0 0x7fd71003b6a0 unknown :-1 s=CLOSED pgs=0 cs=0 l=1 rev1=0 crypto rx=0 tx=0 comp rx=0 tx=0).stop
2024-03-21T08:43:23.868 INFO:teuthology.orchestra.run.smithi059.stdout:/usr/bin/ceph: stderr
2024-03-21T08:43:23.196+0000 7fd72f400700 1 -- 172.21.15.59:0/3963582479 >> 172.21.15.59:0/3963582479 conn(0x7fd728102590 msgr2=0x7fd7281030c0 unknown :-1 s=STATE_NONE l=0).mark_down
2024-03-21T08:43:23.869 INFO:teuthology.orchestra.run.smithi059.stdout:/usr/bin/ceph: stderr
2024-03-21T08:43:23.196+0000 7fd72f400700 1 -- 172.21.15.59:0/3963582479 shutdown_connections
2024-03-21T08:43:23.869 INFO:teuthology.orchestra.run.smithi059.stdout:/usr/bin/ceph: stderr
2024-03-21T08:43:23.196+0000 7fd72f400700 1 -- 172.21.15.59:0/3963582479 wait complete.
2024-03-21T08:43:23.869 INFO:teuthology.orchestra.run.smithi059.stdout:mgr epoch 9 is available
2024-03-21T08:43:23.869 INFO:teuthology.orchestra.run.smithi059.stdout:Generating a dashboard self-signed certificate...
2024-03-21T08:43:24.513 INFO:journalctl@ceph.mon.a.smithi059.stdout:Mar 21 08:43:24 smithi059 bash[21391]: cephadm
2024-03-21T08:43:22.848358+0000 mgr.x (mgr.14152) 1 : cephadm [INF] [21/Mar/2024:08:43:22] ENGINE Bus STARTING
2024-03-21T08:43:24.514 INFO:journalctl@ceph.mon.a.smithi059.stdout:Mar 21 08:43:24 smithi059 bash[21391]: cephadm
2024-03-21T08:43:22.950757+0000 mgr.x (mgr.14152) 2 : cephadm [INF] [21/Mar/2024:08:43:22] ENGINE Serving on http://172.21.15.59:8765
2024-03-21T08:43:24.514 INFO:journalctl@ceph.mon.a.smithi059.stdout:Mar 21 08:43:24 smithi059 bash[21391]: cephadm
2024-03-21T08:43:23.068617+0000 mgr.x (mgr.14152) 3 : cephadm [INF] [21/Mar/2024:08:43:23] ENGINE Serving on https://172.21.15.59:7150
2024-03-21T08:43:24.514 INFO:journalctl@ceph.mon.a.smithi059.stdout:Mar 21 08:43:24 smithi059 bash[21391]: cephadm
2024-03-21T08:43:23.068746+0000 mgr.x (mgr.14152) 4 : cephadm [INF] [21/Mar/2024:08:43:23] ENGINE Bus STARTED
2024-03-21T08:43:24.514 INFO:journalctl@ceph.mon.a.smithi059.stdout:Mar 21 08:43:24 smithi059 bash[21391]: audit
2024-03-21T08:43:23.192253+0000 mgr.x (mgr.14152) 5 : audit [DBG] from='client.14156 -' entity='client.admin' cmd=[{"prefix": "get_command_descriptions"}]: dispatch
2024-03-21T08:43:24.514 INFO:journalctl@ceph.mon.a.smithi059.stdout:Mar 21 08:43:24 smithi059 bash[21391]: audit
2024-03-21T08:43:23.200257+0000 mgr.x (mgr.14152) 6 : audit [DBG] from='client.14156 -' entity='client.admin' cmd=[{"prefix": "mgr_status"}]: dispatch
2024-03-21T08:43:25.513 INFO:journalctl@ceph.mon.a.smithi059.stdout:Mar 21 08:43:25 smithi059 bash[21391]: cluster
2024-03-21T08:43:24.245891+0000 mon.a (mon.0) 82 : cluster [DBG] mgrmap e12: x(active, since 2s)
2024-03-21T08:43:25.514 INFO:journalctl@ceph.mon.a.smithi059.stdout:Mar 21 08:43:25 smithi059 bash[21391]: audit
2024-03-21T08:43:25.130141+0000 mon.a (mon.0) 83 : audit [INF] from='mgr.14152 172.21.15.59:0/3257772775' entity='mgr.x'
2024-03-21T08:43:25.514 INFO:journalctl@ceph.mon.a.smithi059.stdout:Mar 21 08:43:25 smithi059 bash[21391]: audit
2024-03-21T08:43:25.133005+0000 mon.a (mon.0) 84 : audit [INF] from='mgr.14152 172.21.15.59:0/3257772775' entity='mgr.x'
2024-03-21T08:43:25.698 INFO:teuthology.orchestra.run.smithi059.stdout:/usr/bin/ceph: stdout Self-signed certificate created
2024-03-21T08:43:25.698 INFO:teuthology.orchestra.run.smithi059.stdout:/usr/bin/ceph: stderr
2024-03-21T08:43:24.800+0000 7f3426a00700 1 Processor -- start
2024-03-21T08:43:25.698 INFO:teuthology.orchestra.run.smithi059.stdout:/usr/bin/ceph: stderr
2024-03-21T08:43:24.800+0000 7f3426a00700 1 -- start start
2024-03-21T08:43:25.698 INFO:teuthology.orchestra.run.smithi059.stdout:/usr/bin/ceph: stderr
2024-03-21T08:43:24.800+0000 7f3426a00700 1 --2- >> [v2:172.21.15.59:3300/0,v1:172.21.15.59:6789/0] conn(0x7f342007cfa0 0x7f342007b400 unknown :-1 s=NONE pgs=0 cs=0 l=0 rev1=0 crypto rx=0 tx=0 comp rx=0 tx=0).connect
2024-03-21T08:43:25.698 INFO:teuthology.orchestra.run.smithi059.stdout:/usr/bin/ceph: stderr
2024-03-21T08:43:24.800+0000 7f3426a00700 1 -- --> [v2:172.21.15.59:3300/0,v1:172.21.15.59:6789/0] -- mon_getmap magic: 0 v1 -- 0x7f342007b9d0 con 0x7f342007cfa0
2024-03-21T08:43:25.698 INFO:teuthology.orchestra.run.smithi059.stdout:/usr/bin/ceph: stderr
2024-03-21T08:43:24.800+0000 7f3425600700 1 --2- >> [v2:172.21.15.59:3300/0,v1:172.21.15.59:6789/0] conn(0x7f342007cfa0 0x7f342007b400 unknown :-1 s=BANNER_CONNECTING pgs=0 cs=0 l=0 rev1=0 crypto rx=0 tx=0 comp rx=0 tx=0)._handle_peer_banner_payload supported=3 required=0
2024-03-21T08:43:25.699 INFO:teuthology.orchestra.run.smithi059.stdout:/usr/bin/ceph: stderr
2024-03-21T08:43:24.800+0000 7f3425600700 1 --2- >> [v2:172.21.15.59:3300/0,v1:172.21.15.59:6789/0] conn(0x7f342007cfa0 0x7f342007b400 unknown :-1 s=HELLO_CONNECTING pgs=0 cs=0 l=0 rev1=1 crypto rx=0 tx=0 comp rx=0 tx=0).handle_hello peer v2:172.21.15.59:3300/0 says I am v2:172.21.15.59:45344/0 (socket says 172.21.15.59:45344)
2024-03-21T08:43:25.699 INFO:teuthology.orchestra.run.smithi059.stdout:/usr/bin/ceph: stderr
2024-03-21T08:43:24.800+0000 7f3425600700 1 -- 172.21.15.59:0/3365589225 learned_addr learned my addr 172.21.15.59:0/3365589225 (peer_addr_for_me v2:172.21.15.59:0/0)
2024-03-21T08:43:25.699 INFO:teuthology.orchestra.run.smithi059.stdout:/usr/bin/ceph: stderr
2024-03-21T08:43:24.800+0000 7f3425600700 1 -- 172.21.15.59:0/3365589225 --> [v2:172.21.15.59:3300/0,v1:172.21.15.59:6789/0] -- mon_subscribe({config=0+,monmap=0+}) v3 -- 0x7f342007bb50 con 0x7f342007cfa0
2024-03-21T08:43:25.699 INFO:teuthology.orchestra.run.smithi059.stdout:/usr/bin/ceph: stderr
2024-03-21T08:43:24.804+0000 7f3425600700 1 --2- 172.21.15.59:0/3365589225 >> [v2:172.21.15.59:3300/0,v1:172.21.15.59:6789/0] conn(0x7f342007cfa0 0x7f342007b400 secure :-1 s=READY pgs=70 cs=0 l=1 rev1=1 crypto rx=0x7f34140098a0 tx=0x7f3414009bb0 comp rx=0 tx=0).ready entity=mon.0 client_cookie=c582b49bfa37642e server_cookie=0 in_seq=0 out_seq=0
2024-03-21T08:43:25.699 INFO:teuthology.orchestra.run.smithi059.stdout:/usr/bin/ceph: stderr
2024-03-21T08:43:24.804+0000 7f341fe00700 1 -- 172.21.15.59:0/3365589225 <== mon.0 v2:172.21.15.59:3300/0 1 ==== mon_map magic: 0 v1 ==== 205+0+0 (secure 0 0 0) 0x7f3414004160 con 0x7f342007cfa0
2024-03-21T08:43:25.699 INFO:teuthology.orchestra.run.smithi059.stdout:/usr/bin/ceph: stderr
2024-03-21T08:43:24.804+0000 7f341fe00700 1 -- 172.21.15.59:0/3365589225 <== mon.0 v2:172.21.15.59:3300/0 2 ==== config(26 keys) v1 ==== 1102+0+0 (secure 0 0 0) 0x7f3414004300 con 0x7f342007cfa0
2024-03-21T08:43:25.699 INFO:teuthology.orchestra.run.smithi059.stdout:/usr/bin/ceph: stderr
2024-03-21T08:43:24.804+0000 7f341fe00700 1 -- 172.21.15.59:0/3365589225 <== mon.0 v2:172.21.15.59:3300/0 3 ==== mon_map magic: 0 v1 ==== 205+0+0 (secure 0 0 0) 0x7f3414011a50 con 0x7f342007cfa0
2024-03-21T08:43:25.699 INFO:teuthology.orchestra.run.smithi059.stdout:/usr/bin/ceph: stderr
2024-03-21T08:43:24.804+0000 7f3426a00700 1 -- 172.21.15.59:0/3365589225 >> [v2:172.21.15.59:3300/0,v1:172.21.15.59:6789/0] conn(0x7f342007cfa0 msgr2=0x7f342007b400 secure :-1 s=STATE_CONNECTION_ESTABLISHED l=1).mark_down
2024-03-21T08:43:25.699 INFO:teuthology.orchestra.run.smithi059.stdout:/usr/bin/ceph: stderr
2024-03-21T08:43:24.804+0000 7f3426a00700 1 --2- 172.21.15.59:0/3365589225 >> [v2:172.21.15.59:3300/0,v1:172.21.15.59:6789/0] conn(0x7f342007cfa0 0x7f342007b400 secure :-1 s=READY pgs=70 cs=0 l=1 rev1=1 crypto rx=0x7f34140098a0 tx=0x7f3414009bb0 comp rx=0 tx=0).stop
2024-03-21T08:43:25.699 INFO:teuthology.orchestra.run.smithi059.stdout:/usr/bin/ceph: stderr
2024-03-21T08:43:24.804+0000 7f3426a00700 1 -- 172.21.15.59:0/3365589225 shutdown_connections
2024-03-21T08:43:25.699 INFO:teuthology.orchestra.run.smithi059.stdout:/usr/bin/ceph: stderr
2024-03-21T08:43:24.804+0000 7f3426a00700 1 --2- 172.21.15.59:0/3365589225 >> [v2:172.21.15.59:3300/0,v1:172.21.15.59:6789/0] conn(0x7f342007cfa0 0x7f342007b400 unknown :-1 s=CLOSED pgs=70 cs=0 l=1 rev1=1 crypto rx=0 tx=0 comp rx=0 tx=0).stop
2024-03-21T08:43:25.699 INFO:teuthology.orchestra.run.smithi059.stdout:/usr/bin/ceph: stderr
2024-03-21T08:43:24.804+0000 7f3426a00700 1 -- 172.21.15.59:0/3365589225 >> 172.21.15.59:0/3365589225 conn(0x7f3420102380 msgr2=0x7f34201047a0 unknown :-1 s=STATE_NONE l=0).mark_down
2024-03-21T08:43:25.699 INFO:teuthology.orchestra.run.smithi059.stdout:/usr/bin/ceph: stderr
2024-03-21T08:43:24.804+0000 7f3426a00700 1 -- 172.21.15.59:0/3365589225 shutdown_connections
2024-03-21T08:43:25.700 INFO:teuthology.orchestra.run.smithi059.stdout:/usr/bin/ceph: stderr
2024-03-21T08:43:24.804+0000 7f3426a00700 1 -- 172.21.15.59:0/3365589225 wait complete.
2024-03-21T08:43:25.700 INFO:teuthology.orchestra.run.smithi059.stdout:/usr/bin/ceph: stderr
2024-03-21T08:43:24.804+0000 7f3426a00700 1 Processor -- start
2024-03-21T08:43:25.700 INFO:teuthology.orchestra.run.smithi059.stdout:/usr/bin/ceph: stderr
2024-03-21T08:43:24.804+0000 7f3426a00700 1 -- start start
2024-03-21T08:43:25.700 INFO:teuthology.orchestra.run.smithi059.stdout:/usr/bin/ceph: stderr
2024-03-21T08:43:24.804+0000 7f3426a00700 1 --2- >> [v2:172.21.15.59:3300/0,v1:172.21.15.59:6789/0] conn(0x7f342007cfa0 0x7f342019cdf0 unknown :-1 s=NONE pgs=0 cs=0 l=1 rev1=0 crypto rx=0 tx=0 comp rx=0 tx=0).connect
2024-03-21T08:43:25.700 INFO:teuthology.orchestra.run.smithi059.stdout:/usr/bin/ceph: stderr
2024-03-21T08:43:24.804+0000 7f3426a00700 1 -- --> [v2:172.21.15.59:3300/0,v1:172.21.15.59:6789/0] -- mon_getmap magic: 0 v1 -- 0x7f342010d3a0 con 0x7f342007cfa0
2024-03-21T08:43:25.700 INFO:teuthology.orchestra.run.smithi059.stdout:/usr/bin/ceph: stderr
2024-03-21T08:43:24.804+0000 7f3425600700 1 --2- >> [v2:172.21.15.59:3300/0,v1:172.21.15.59:6789/0] conn(0x7f342007cfa0 0x7f342019cdf0 unknown :-1 s=BANNER_CONNECTING pgs=0 cs=0 l=1 rev1=0 crypto rx=0 tx=0 comp rx=0 tx=0)._handle_peer_banner_payload supported=3 required=0
2024-03-21T08:43:25.700 INFO:teuthology.orchestra.run.smithi059.stdout:/usr/bin/ceph: stderr
2024-03-21T08:43:24.804+0000 7f3425600700 1 --2- >> [v2:172.21.15.59:3300/0,v1:172.21.15.59:6789/0] conn(0x7f342007cfa0 0x7f342019cdf0 unknown :-1 s=HELLO_CONNECTING pgs=0 cs=0 l=1 rev1=1 crypto rx=0 tx=0 comp rx=0 tx=0).handle_hello peer v2:172.21.15.59:3300/0 says I am v2:172.21.15.59:45356/0 (socket says 172.21.15.59:45356)
2024-03-21T08:43:25.700 INFO:teuthology.orchestra.run.smithi059.stdout:/usr/bin/ceph: stderr
2024-03-21T08:43:24.804+0000 7f3425600700 1 -- 172.21.15.59:0/2477729413 learned_addr learned my addr 172.21.15.59:0/2477729413 (peer_addr_for_me v2:172.21.15.59:0/0)
2024-03-21T08:43:25.700 INFO:teuthology.orchestra.run.smithi059.stdout:/usr/bin/ceph: stderr
2024-03-21T08:43:24.804+0000 7f3425600700 1 -- 172.21.15.59:0/2477729413 --> [v2:172.21.15.59:3300/0,v1:172.21.15.59:6789/0] -- mon_subscribe({config=0+,monmap=0+}) v3 -- 0x7f342019d330 con 0x7f342007cfa0
2024-03-21T08:43:25.700 INFO:teuthology.orchestra.run.smithi059.stdout:/usr/bin/ceph: stderr
2024-03-21T08:43:24.804+0000 7f3425600700 1 --2- 172.21.15.59:0/2477729413 >> [v2:172.21.15.59:3300/0,v1:172.21.15.59:6789/0] conn(0x7f342007cfa0 0x7f342019cdf0 secure :-1 s=READY pgs=71 cs=0 l=1 rev1=1 crypto rx=0x7f3414006b20 tx=0x7f3414011ad0 comp rx=0 tx=0).ready entity=mon.0 client_cookie=0 server_cookie=0 in_seq=0 out_seq=0
2024-03-21T08:43:25.700 INFO:teuthology.orchestra.run.smithi059.stdout:/usr/bin/ceph: stderr
2024-03-21T08:43:24.804+0000 7f341e000700 1 -- 172.21.15.59:0/2477729413 <== mon.0 v2:172.21.15.59:3300/0 1 ==== mon_map magic: 0 v1 ==== 205+0+0 (secure 0 0 0) 0x7f34140039e0 con 0x7f342007cfa0
2024-03-21T08:43:25.700 INFO:teuthology.orchestra.run.smithi059.stdout:/usr/bin/ceph: stderr
2024-03-21T08:43:24.804+0000 7f341e000700 1 -- 172.21.15.59:0/2477729413 <== mon.0 v2:172.21.15.59:3300/0 2 ==== config(26 keys) v1 ==== 1102+0+0 (secure 0 0 0) 0x7f341401a8e0 con 0x7f342007cfa0
2024-03-21T08:43:25.700 INFO:teuthology.orchestra.run.smithi059.stdout:/usr/bin/ceph: stderr
2024-03-21T08:43:24.804+0000 7f3426a00700 1 -- 172.21.15.59:0/2477729413 --> [v2:172.21.15.59:3300/0,v1:172.21.15.59:6789/0] -- mon_subscribe({mgrmap=0+}) v3 -- 0x7f342019d5c0 con 0x7f342007cfa0
2024-03-21T08:43:25.700 INFO:teuthology.orchestra.run.smithi059.stdout:/usr/bin/ceph: stderr
2024-03-21T08:43:24.804+0000 7f341e000700 1 -- 172.21.15.59:0/2477729413 <== mon.0 v2:172.21.15.59:3300/0 3 ==== mon_map magic: 0 v1 ==== 205+0+0 (secure 0 0 0) 0x7f34140247e0 con 0x7f342007cfa0
2024-03-21T08:43:25.701 INFO:teuthology.orchestra.run.smithi059.stdout:/usr/bin/ceph: stderr
2024-03-21T08:43:24.808+0000 7f3426a00700 1 -- 172.21.15.59:0/2477729413 --> [v2:172.21.15.59:3300/0,v1:172.21.15.59:6789/0] -- mon_subscribe({osdmap=0}) v3 -- 0x7f34201a02b0 con 0x7f342007cfa0
2024-03-21T08:43:25.701 INFO:teuthology.orchestra.run.smithi059.stdout:/usr/bin/ceph: stderr
2024-03-21T08:43:24.808+0000 7f341e000700 1 -- 172.21.15.59:0/2477729413 <== mon.0 v2:172.21.15.59:3300/0 4 ==== mgrmap(e 12) v1 ==== 46307+0+0 (secure 0 0 0) 0x7f3414022020 con 0x7f342007cfa0
2024-03-21T08:43:25.701 INFO:teuthology.orchestra.run.smithi059.stdout:/usr/bin/ceph: stderr
2024-03-21T08:43:24.808+0000 7f3426a00700 1 -- 172.21.15.59:0/2477729413 --> [v2:172.21.15.59:3300/0,v1:172.21.15.59:6789/0] -- mon_command({"prefix": "get_command_descriptions"} v 0) v1 -- 0x7f34200637c0 con 0x7f342007cfa0
2024-03-21T08:43:25.701 INFO:teuthology.orchestra.run.smithi059.stdout:/usr/bin/ceph: stderr
2024-03-21T08:43:24.808+0000 7f341e000700 1 --2- 172.21.15.59:0/2477729413 >> [v2:172.21.15.59:6800/3705927731,v1:172.21.15.59:6801/3705927731] conn(0x7f3408039220 0x7f340803b6e0 unknown :-1 s=NONE pgs=0 cs=0 l=1 rev1=0 crypto rx=0 tx=0 comp rx=0 tx=0).connect
2024-03-21T08:43:25.701 INFO:teuthology.orchestra.run.smithi059.stdout:/usr/bin/ceph: stderr
2024-03-21T08:43:24.808+0000 7f341e000700 1 -- 172.21.15.59:0/2477729413 <== mon.0 v2:172.21.15.59:3300/0 5 ==== osd_map(3..3 src has 1..3) v4 ==== 1155+0+0 (secure 0 0 0) 0x7f341404d6c0 con 0x7f342007cfa0
2024-03-21T08:43:25.701 INFO:teuthology.orchestra.run.smithi059.stdout:/usr/bin/ceph: stderr
2024-03-21T08:43:24.808+0000 7f3424c00700 1 --2- 172.21.15.59:0/2477729413 >> [v2:172.21.15.59:6800/3705927731,v1:172.21.15.59:6801/3705927731] conn(0x7f3408039220 0x7f340803b6e0 unknown :-1 s=BANNER_CONNECTING pgs=0 cs=0 l=1 rev1=0 crypto rx=0 tx=0 comp rx=0 tx=0)._handle_peer_banner_payload supported=3 required=0
2024-03-21T08:43:25.701 INFO:teuthology.orchestra.run.smithi059.stdout:/usr/bin/ceph: stderr
2024-03-21T08:43:24.808+0000 7f3424c00700 1 --2- 172.21.15.59:0/2477729413 >> [v2:172.21.15.59:6800/3705927731,v1:172.21.15.59:6801/3705927731] conn(0x7f3408039220 0x7f340803b6e0 secure :-1 s=READY pgs=7 cs=0 l=1 rev1=1 crypto rx=0x7f340c006fd0 tx=0x7f340c006e40 comp rx=0 tx=0).ready entity=mgr.14152 client_cookie=0 server_cookie=0 in_seq=0 out_seq=0
2024-03-21T08:43:25.701 INFO:teuthology.orchestra.run.smithi059.stdout:/usr/bin/ceph: stderr
2024-03-21T08:43:24.812+0000 7f341e000700 1 -- 172.21.15.59:0/2477729413 <== mon.0 v2:172.21.15.59:3300/0 6 ==== mon_command_ack([{"prefix": "get_command_descriptions"}]=0 v0) v1 ==== 72+0+186149 (secure 0 0 0) 0x7f341402ad60 con 0x7f342007cfa0
2024-03-21T08:43:25.701 INFO:teuthology.orchestra.run.smithi059.stdout:/usr/bin/ceph: stderr
2024-03-21T08:43:25.036+0000 7f3426a00700 1 -- 172.21.15.59:0/2477729413 --> [v2:172.21.15.59:6800/3705927731,v1:172.21.15.59:6801/3705927731] -- mgr_command(tid 0: {"prefix": "dashboard create-self-signed-cert", "target": ["mon-mgr", ""]}) v1 -- 0x7f3420103510 con 0x7f3408039220
2024-03-21T08:43:25.701 INFO:teuthology.orchestra.run.smithi059.stdout:/usr/bin/ceph: stderr
2024-03-21T08:43:25.128+0000 7f341e000700 1 -- 172.21.15.59:0/2477729413 <== mgr.14152 v2:172.21.15.59:6800/3705927731 1 ==== mgr_command_reply(tid 0: 0 ) v1 ==== 8+0+32 (secure 0 0 0) 0x7f3420103510 con 0x7f3408039220
2024-03-21T08:43:25.702 INFO:teuthology.orchestra.run.smithi059.stdout:/usr/bin/ceph: stderr
2024-03-21T08:43:25.128+0000 7f3426a00700 1 -- 172.21.15.59:0/2477729413 >> [v2:172.21.15.59:6800/3705927731,v1:172.21.15.59:6801/3705927731] conn(0x7f3408039220 msgr2=0x7f340803b6e0 secure :-1 s=STATE_CONNECTION_ESTABLISHED l=1).mark_down
2024-03-21T08:43:25.702 INFO:teuthology.orchestra.run.smithi059.stdout:/usr/bin/ceph: stderr
2024-03-21T08:43:25.128+0000 7f3426a00700 1 --2- 172.21.15.59:0/2477729413 >> [v2:172.21.15.59:6800/3705927731,v1:172.21.15.59:6801/3705927731] conn(0x7f3408039220 0x7f340803b6e0 secure :-1 s=READY pgs=7 cs=0 l=1 rev1=1 crypto rx=0x7f340c006fd0 tx=0x7f340c006e40 comp rx=0 tx=0).stop
2024-03-21T08:43:25.702 INFO:teuthology.orchestra.run.smithi059.stdout:/usr/bin/ceph: stderr
2024-03-21T08:43:25.128+0000 7f3426a00700 1 -- 172.21.15.59:0/2477729413 >> [v2:172.21.15.59:3300/0,v1:172.21.15.59:6789/0] conn(0x7f342007cfa0 msgr2=0x7f342019cdf0 secure :-1 s=STATE_CONNECTION_ESTABLISHED l=1).mark_down
2024-03-21T08:43:25.702 INFO:teuthology.orchestra.run.smithi059.stdout:/usr/bin/ceph: stderr
2024-03-21T08:43:25.128+0000 7f3426a00700 1 --2- 172.21.15.59:0/2477729413 >> [v2:172.21.15.59:3300/0,v1:172.21.15.59:6789/0] conn(0x7f342007cfa0 0x7f342019cdf0 secure :-1 s=READY pgs=71 cs=0 l=1 rev1=1 crypto rx=0x7f3414006b20 tx=0x7f3414011ad0 comp rx=0 tx=0).stop
2024-03-21T08:43:25.702 INFO:teuthology.orchestra.run.smithi059.stdout:/usr/bin/ceph: stderr
2024-03-21T08:43:25.132+0000 7f3426a00700 1 -- 172.21.15.59:0/2477729413 shutdown_connections
2024-03-21T08:43:25.702 INFO:teuthology.orchestra.run.smithi059.stdout:/usr/bin/ceph: stderr
2024-03-21T08:43:25.132+0000 7f3426a00700 1 --2- 172.21.15.59:0/2477729413 >> [v2:172.21.15.59:6800/3705927731,v1:172.21.15.59:6801/3705927731] conn(0x7f3408039220 0x7f340803b6e0 unknown :-1 s=CLOSED pgs=7 cs=0 l=1 rev1=1 crypto rx=0 tx=0 comp rx=0 tx=0).stop
2024-03-21T08:43:25.702 INFO:teuthology.orchestra.run.smithi059.stdout:/usr/bin/ceph: stderr
2024-03-21T08:43:25.132+0000 7f3426a00700 1 --2- 172.21.15.59:0/2477729413 >> [v2:172.21.15.59:3300/0,v1:172.21.15.59:6789/0] conn(0x7f342007cfa0 0x7f342019cdf0 unknown :-1 s=CLOSED pgs=71 cs=0 l=1 rev1=1 crypto rx=0 tx=0 comp rx=0 tx=0).stop
2024-03-21T08:43:25.702 INFO:teuthology.orchestra.run.smithi059.stdout:/usr/bin/ceph: stderr
2024-03-21T08:43:25.132+0000 7f3426a00700 1 -- 172.21.15.59:0/2477729413 >> 172.21.15.59:0/2477729413 conn(0x7f3420102380 msgr2=0x7f3420102e00 unknown :-1 s=STATE_NONE l=0).mark_down
2024-03-21T08:43:25.702 INFO:teuthology.orchestra.run.smithi059.stdout:/usr/bin/ceph: stderr
2024-03-21T08:43:25.132+0000 7f3426a00700 1 -- 172.21.15.59:0/2477729413 shutdown_connections
2024-03-21T08:43:25.702 INFO:teuthology.orchestra.run.smithi059.stdout:/usr/bin/ceph: stderr
2024-03-21T08:43:25.132+0000 7f3426a00700 1 -- 172.21.15.59:0/2477729413 wait complete.
2024-03-21T08:43:25.702 INFO:teuthology.orchestra.run.smithi059.stdout:Creating initial admin user...
2024-03-21T08:43:26.456 INFO:journalctl@ceph.mon.a.smithi059.stdout:Mar 21 08:43:26 smithi059 bash[21391]: audit
2024-03-21T08:43:25.042076+0000 mgr.x (mgr.14152) 7 : audit [DBG] from='client.14164 -' entity='client.admin' cmd=[{"prefix": "dashboard create-self-signed-cert", "target": ["mon-mgr", ""]}]: dispatch
2024-03-21T08:43:27.729 INFO:teuthology.orchestra.run.smithi059.stdout:/usr/bin/ceph: stdout {"username": "admin", "password": "$2b$12$r6Rb8jXKBPFSRqz5uHfSiOvMgnQBP2muH3J.rbJMAssJxgW1h1Ejy", "roles": ["administrator"], "name": null, "email": null, "lastUpdate": 1711010607, "enabled": true, "pwdExpirationDate": null, "pwdUpdateRequired": true}
2024-03-21T08:43:27.729 INFO:teuthology.orchestra.run.smithi059.stdout:/usr/bin/ceph: stderr
2024-03-21T08:43:26.692+0000 7f0505600700 1 Processor -- start
2024-03-21T08:43:27.729 INFO:teuthology.orchestra.run.smithi059.stdout:/usr/bin/ceph: stderr
2024-03-21T08:43:26.692+0000 7f0505600700 1 -- start start
2024-03-21T08:43:27.729 INFO:teuthology.orchestra.run.smithi059.stdout:/usr/bin/ceph: stderr
2024-03-21T08:43:26.692+0000 7f0505600700 1 --2- >> [v2:172.21.15.59:3300/0,v1:172.21.15.59:6789/0] conn(0x7f050007cf40 0x7f050007b3a0 unknown :-1 s=NONE pgs=0 cs=0 l=0 rev1=0 crypto rx=0 tx=0 comp rx=0 tx=0).connect
2024-03-21T08:43:27.729 INFO:teuthology.orchestra.run.smithi059.stdout:/usr/bin/ceph: stderr
2024-03-21T08:43:26.692+0000 7f0505600700 1 -- --> [v2:172.21.15.59:3300/0,v1:172.21.15.59:6789/0] -- mon_getmap magic: 0 v1 -- 0x7f050007b970 con 0x7f050007cf40
2024-03-21T08:43:27.729 INFO:teuthology.orchestra.run.smithi059.stdout:/usr/bin/ceph: stderr
2024-03-21T08:43:26.692+0000 7f04fea00700 1 --2- >> [v2:172.21.15.59:3300/0,v1:172.21.15.59:6789/0] conn(0x7f050007cf40 0x7f050007b3a0 unknown :-1 s=BANNER_CONNECTING pgs=0 cs=0 l=0 rev1=0 crypto rx=0 tx=0 comp rx=0 tx=0)._handle_peer_banner_payload supported=3 required=0
2024-03-21T08:43:27.729 INFO:teuthology.orchestra.run.smithi059.stdout:/usr/bin/ceph: stderr
2024-03-21T08:43:26.692+0000 7f04fea00700 1 --2- >> [v2:172.21.15.59:3300/0,v1:172.21.15.59:6789/0] conn(0x7f050007cf40 0x7f050007b3a0 unknown :-1 s=HELLO_CONNECTING pgs=0 cs=0 l=0 rev1=1 crypto rx=0 tx=0 comp rx=0 tx=0).handle_hello peer v2:172.21.15.59:3300/0 says I am v2:172.21.15.59:45368/0 (socket says 172.21.15.59:45368)
2024-03-21T08:43:27.729 INFO:teuthology.orchestra.run.smithi059.stdout:/usr/bin/ceph: stderr
2024-03-21T08:43:26.692+0000 7f04fea00700 1 -- 172.21.15.59:0/913473234 learned_addr learned my addr 172.21.15.59:0/913473234 (peer_addr_for_me v2:172.21.15.59:0/0)
2024-03-21T08:43:27.730 INFO:teuthology.orchestra.run.smithi059.stdout:/usr/bin/ceph: stderr
2024-03-21T08:43:26.692+0000 7f04fea00700 1 -- 172.21.15.59:0/913473234 --> [v2:172.21.15.59:3300/0,v1:172.21.15.59:6789/0] -- mon_subscribe({config=0+,monmap=0+}) v3 -- 0x7f050007baf0 con 0x7f050007cf40
2024-03-21T08:43:27.730 INFO:teuthology.orchestra.run.smithi059.stdout:/usr/bin/ceph: stderr
2024-03-21T08:43:26.692+0000 7f04fea00700 1 --2- 172.21.15.59:0/913473234 >> [v2:172.21.15.59:3300/0,v1:172.21.15.59:6789/0] conn(0x7f050007cf40 0x7f050007b3a0 secure :-1 s=READY pgs=72 cs=0 l=1 rev1=1 crypto rx=0x7f04f00098a0 tx=0x7f04f0009bb0 comp rx=0 tx=0).ready entity=mon.0 client_cookie=544e5920f643039d server_cookie=0 in_seq=0 out_seq=0
2024-03-21T08:43:27.730 INFO:teuthology.orchestra.run.smithi059.stdout:/usr/bin/ceph: stderr
2024-03-21T08:43:26.692+0000 7f04fd600700 1 -- 172.21.15.59:0/913473234 <== mon.0 v2:172.21.15.59:3300/0 1 ==== mon_map magic: 0 v1 ==== 205+0+0 (secure 0 0 0) 0x7f04f0004160 con 0x7f050007cf40
2024-03-21T08:43:27.730 INFO:teuthology.orchestra.run.smithi059.stdout:/usr/bin/ceph: stderr
2024-03-21T08:43:26.692+0000 7f04fd600700 1 -- 172.21.15.59:0/913473234 <== mon.0 v2:172.21.15.59:3300/0 2 ==== config(26 keys) v1 ==== 1102+0+0 (secure 0 0 0) 0x7f04f0004300 con 0x7f050007cf40
2024-03-21T08:43:27.730 INFO:teuthology.orchestra.run.smithi059.stdout:/usr/bin/ceph: stderr
2024-03-21T08:43:26.692+0000 7f04fd600700 1 -- 172.21.15.59:0/913473234 <== mon.0 v2:172.21.15.59:3300/0 3 ==== mon_map magic: 0 v1 ==== 205+0+0 (secure 0 0 0) 0x7f04f0011a50 con 0x7f050007cf40
2024-03-21T08:43:27.730 INFO:teuthology.orchestra.run.smithi059.stdout:/usr/bin/ceph: stderr
2024-03-21T08:43:26.692+0000 7f0505600700 1 -- 172.21.15.59:0/913473234 >> [v2:172.21.15.59:3300/0,v1:172.21.15.59:6789/0] conn(0x7f050007cf40 msgr2=0x7f050007b3a0 secure :-1 s=STATE_CONNECTION_ESTABLISHED l=1).mark_down
2024-03-21T08:43:27.730 INFO:teuthology.orchestra.run.smithi059.stdout:/usr/bin/ceph: stderr
2024-03-21T08:43:26.692+0000 7f0505600700 1 --2- 172.21.15.59:0/913473234 >> [v2:172.21.15.59:3300/0,v1:172.21.15.59:6789/0] conn(0x7f050007cf40 0x7f050007b3a0 secure :-1 s=READY pgs=72 cs=0 l=1 rev1=1 crypto rx=0x7f04f00098a0 tx=0x7f04f0009bb0 comp rx=0 tx=0).stop
2024-03-21T08:43:27.730 INFO:teuthology.orchestra.run.smithi059.stdout:/usr/bin/ceph: stderr
2024-03-21T08:43:26.692+0000 7f0505600700 1 -- 172.21.15.59:0/913473234 shutdown_connections
2024-03-21T08:43:27.730 INFO:teuthology.orchestra.run.smithi059.stdout:/usr/bin/ceph: stderr
2024-03-21T08:43:26.692+0000 7f0505600700 1 --2- 172.21.15.59:0/913473234 >> [v2:172.21.15.59:3300/0,v1:172.21.15.59:6789/0] conn(0x7f050007cf40 0x7f050007b3a0 unknown :-1 s=CLOSED pgs=72 cs=0 l=1 rev1=1 crypto rx=0 tx=0 comp rx=0 tx=0).stop
2024-03-21T08:43:27.730 INFO:teuthology.orchestra.run.smithi059.stdout:/usr/bin/ceph: stderr
2024-03-21T08:43:26.692+0000 7f0505600700 1 -- 172.21.15.59:0/913473234 >> 172.21.15.59:0/913473234 conn(0x7f05001025b0 msgr2=0x7f05001049d0 unknown :-1 s=STATE_NONE l=0).mark_down
2024-03-21T08:43:27.730 INFO:teuthology.orchestra.run.smithi059.stdout:/usr/bin/ceph: stderr
2024-03-21T08:43:26.692+0000 7f0505600700 1 -- 172.21.15.59:0/913473234 shutdown_connections
2024-03-21T08:43:27.731 INFO:teuthology.orchestra.run.smithi059.stdout:/usr/bin/ceph: stderr
2024-03-21T08:43:26.692+0000 7f0505600700 1 -- 172.21.15.59:0/913473234 wait complete.
2024-03-21T08:43:27.731 INFO:teuthology.orchestra.run.smithi059.stdout:/usr/bin/ceph: stderr
2024-03-21T08:43:26.696+0000 7f0505600700 1 Processor -- start
2024-03-21T08:43:27.731 INFO:teuthology.orchestra.run.smithi059.stdout:/usr/bin/ceph: stderr
2024-03-21T08:43:26.696+0000 7f0505600700 1 -- start start
2024-03-21T08:43:27.731 INFO:teuthology.orchestra.run.smithi059.stdout:/usr/bin/ceph: stderr
2024-03-21T08:43:26.696+0000 7f0505600700 1 --2- >> [v2:172.21.15.59:3300/0,v1:172.21.15.59:6789/0] conn(0x7f050007cf40 0x7f050019cff0 unknown :-1 s=NONE pgs=0 cs=0 l=1 rev1=0 crypto rx=0 tx=0 comp rx=0 tx=0).connect
2024-03-21T08:43:27.731 INFO:teuthology.orchestra.run.smithi059.stdout:/usr/bin/ceph: stderr
2024-03-21T08:43:26.696+0000 7f0505600700 1 -- --> [v2:172.21.15.59:3300/0,v1:172.21.15.59:6789/0] -- mon_getmap magic: 0 v1 -- 0x7f050010d590 con 0x7f050007cf40
2024-03-21T08:43:27.731 INFO:teuthology.orchestra.run.smithi059.stdout:/usr/bin/ceph: stderr
2024-03-21T08:43:26.696+0000 7f04fea00700 1 --2- >> [v2:172.21.15.59:3300/0,v1:172.21.15.59:6789/0] conn(0x7f050007cf40 0x7f050019cff0 unknown :-1 s=BANNER_CONNECTING pgs=0 cs=0 l=1 rev1=0 crypto rx=0 tx=0 comp rx=0 tx=0)._handle_peer_banner_payload supported=3 required=0
2024-03-21T08:43:27.731 INFO:teuthology.orchestra.run.smithi059.stdout:/usr/bin/ceph: stderr
2024-03-21T08:43:26.696+0000 7f04fea00700 1 --2- >> [v2:172.21.15.59:3300/0,v1:172.21.15.59:6789/0] conn(0x7f050007cf40 0x7f050019cff0 unknown :-1 s=HELLO_CONNECTING pgs=0 cs=0 l=1 rev1=1 crypto rx=0 tx=0 comp rx=0 tx=0).handle_hello peer v2:172.21.15.59:3300/0 says I am v2:172.21.15.59:45374/0 (socket says 172.21.15.59:45374)
2024-03-21T08:43:27.731 INFO:teuthology.orchestra.run.smithi059.stdout:/usr/bin/ceph: stderr
2024-03-21T08:43:26.696+0000 7f04fea00700 1 -- 172.21.15.59:0/1630964542 learned_addr learned my addr 172.21.15.59:0/1630964542 (peer_addr_for_me v2:172.21.15.59:0/0)
2024-03-21T08:43:27.731 INFO:teuthology.orchestra.run.smithi059.stdout:/usr/bin/ceph: stderr
2024-03-21T08:43:26.696+0000 7f04fea00700 1 -- 172.21.15.59:0/1630964542 --> [v2:172.21.15.59:3300/0,v1:172.21.15.59:6789/0] -- mon_subscribe({config=0+,monmap=0+}) v3 -- 0x7f050019d530 con 0x7f050007cf40
2024-03-21T08:43:27.731 INFO:teuthology.orchestra.run.smithi059.stdout:/usr/bin/ceph: stderr
2024-03-21T08:43:26.696+0000 7f04fea00700 1 --2- 172.21.15.59:0/1630964542 >> [v2:172.21.15.59:3300/0,v1:172.21.15.59:6789/0] conn(0x7f050007cf40 0x7f050019cff0 secure :-1 s=READY pgs=73 cs=0 l=1 rev1=1 crypto rx=0x7f04f0011a20 tx=0x7f04f0011b00 comp rx=0 tx=0).ready entity=mon.0 client_cookie=0 server_cookie=0 in_seq=0 out_seq=0
2024-03-21T08:43:27.731 INFO:teuthology.orchestra.run.smithi059.stdout:/usr/bin/ceph: stderr
2024-03-21T08:43:26.696+0000 7f04f7400700 1 -- 172.21.15.59:0/1630964542 <== mon.0 v2:172.21.15.59:3300/0 1 ==== mon_map magic: 0 v1 ==== 205+0+0 (secure 0 0 0) 0x7f04f0003b70 con 0x7f050007cf40
2024-03-21T08:43:27.731 INFO:teuthology.orchestra.run.smithi059.stdout:/usr/bin/ceph: stderr
2024-03-21T08:43:26.696+0000 7f04f7400700 1 -- 172.21.15.59:0/1630964542 <== mon.0 v2:172.21.15.59:3300/0 2 ==== config(26 keys) v1 ==== 1102+0+0 (secure 0 0 0) 0x7f04f001a8e0 con 0x7f050007cf40
2024-03-21T08:43:27.731 INFO:teuthology.orchestra.run.smithi059.stdout:/usr/bin/ceph: stderr
2024-03-21T08:43:26.696+0000 7f0505600700 1 -- 172.21.15.59:0/1630964542 --> [v2:172.21.15.59:3300/0,v1:172.21.15.59:6789/0] -- mon_subscribe({mgrmap=0+}) v3 -- 0x7f050019d7c0 con 0x7f050007cf40
2024-03-21T08:43:27.731 INFO:teuthology.orchestra.run.smithi059.stdout:/usr/bin/ceph: stderr
2024-03-21T08:43:26.696+0000 7f04f7400700 1 -- 172.21.15.59:0/1630964542 <== mon.0 v2:172.21.15.59:3300/0 3 ==== mon_map magic: 0 v1 ==== 205+0+0 (secure 0 0 0) 0x7f04f0024990 con 0x7f050007cf40
2024-03-21T08:43:27.732 INFO:teuthology.orchestra.run.smithi059.stdout:/usr/bin/ceph: stderr
2024-03-21T08:43:26.696+0000 7f0505600700 1 -- 172.21.15.59:0/1630964542 --> [v2:172.21.15.59:3300/0,v1:172.21.15.59:6789/0] -- mon_subscribe({osdmap=0}) v3 -- 0x7f05001a04b0 con 0x7f050007cf40
2024-03-21T08:43:27.732 INFO:teuthology.orchestra.run.smithi059.stdout:/usr/bin/ceph: stderr
2024-03-21T08:43:26.696+0000 7f04f7400700 1 -- 172.21.15.59:0/1630964542 <== mon.0 v2:172.21.15.59:3300/0 4 ==== mgrmap(e 12) v1 ==== 46307+0+0 (secure 0 0 0) 0x7f04f0022020 con 0x7f050007cf40
2024-03-21T08:43:27.732 INFO:teuthology.orchestra.run.smithi059.stdout:/usr/bin/ceph: stderr
2024-03-21T08:43:26.696+0000 7f0505600700 1 -- 172.21.15.59:0/1630964542 --> [v2:172.21.15.59:3300/0,v1:172.21.15.59:6789/0] -- mon_command({"prefix": "get_command_descriptions"} v 0) v1 -- 0x7f05000637c0 con 0x7f050007cf40
2024-03-21T08:43:27.732 INFO:teuthology.orchestra.run.smithi059.stdout:/usr/bin/ceph: stderr
2024-03-21T08:43:26.696+0000 7f04f7400700 1 --2- 172.21.15.59:0/1630964542 >> [v2:172.21.15.59:6800/3705927731,v1:172.21.15.59:6801/3705927731] conn(0x7f04e40391e0 0x7f04e403b6a0 unknown :-1 s=NONE pgs=0 cs=0 l=1 rev1=0 crypto rx=0 tx=0 comp rx=0 tx=0).connect
2024-03-21T08:43:27.732 INFO:teuthology.orchestra.run.smithi059.stdout:/usr/bin/ceph: stderr
2024-03-21T08:43:26.696+0000 7f04f7400700 1 -- 172.21.15.59:0/1630964542 <== mon.0 v2:172.21.15.59:3300/0 5 ==== osd_map(3..3 src has 1..3) v4 ==== 1155+0+0 (secure 0 0 0) 0x7f04f004d580 con 0x7f050007cf40
2024-03-21T08:43:27.732 INFO:teuthology.orchestra.run.smithi059.stdout:/usr/bin/ceph: stderr
2024-03-21T08:43:26.700+0000 7f04fe000700 1 --2- 172.21.15.59:0/1630964542 >> [v2:172.21.15.59:6800/3705927731,v1:172.21.15.59:6801/3705927731] conn(0x7f04e40391e0 0x7f04e403b6a0 unknown :-1 s=BANNER_CONNECTING pgs=0 cs=0 l=1 rev1=0 crypto rx=0 tx=0 comp rx=0 tx=0)._handle_peer_banner_payload supported=3 required=0
2024-03-21T08:43:27.732 INFO:teuthology.orchestra.run.smithi059.stdout:/usr/bin/ceph: stderr
2024-03-21T08:43:26.700+0000 7f04fe000700 1 --2- 172.21.15.59:0/1630964542 >> [v2:172.21.15.59:6800/3705927731,v1:172.21.15.59:6801/3705927731] conn(0x7f04e40391e0 0x7f04e403b6a0 secure :-1 s=READY pgs=8 cs=0 l=1 rev1=1 crypto rx=0x7f04ec006fd0 tx=0x7f04ec006e40 comp rx=0 tx=0).ready entity=mgr.14152 client_cookie=0 server_cookie=0 in_seq=0 out_seq=0
2024-03-21T08:43:27.732 INFO:teuthology.orchestra.run.smithi059.stdout:/usr/bin/ceph: stderr
2024-03-21T08:43:26.704+0000 7f04f7400700 1 -- 172.21.15.59:0/1630964542 <== mon.0 v2:172.21.15.59:3300/0 6 ==== mon_command_ack([{"prefix": "get_command_descriptions"}]=0 v0) v1 ==== 72+0+186149 (secure 0 0 0) 0x7f04f0016260 con 0x7f050007cf40
2024-03-21T08:43:27.732 INFO:teuthology.orchestra.run.smithi059.stdout:/usr/bin/ceph: stderr
2024-03-21T08:43:26.940+0000 7f0505600700 1 -- 172.21.15.59:0/1630964542 --> [v2:172.21.15.59:6800/3705927731,v1:172.21.15.59:6801/3705927731] -- mgr_command(tid 0: {"prefix": "dashboard ac-user-create", "username": "admin", "rolename": "administrator", "force_password": true, "pwd_update_required": true, "target": ["mon-mgr", ""]}) v1 -- 0x7f050019dca0 con 0x7f04e40391e0
2024-03-21T08:43:27.732 INFO:teuthology.orchestra.run.smithi059.stdout:/usr/bin/ceph: stderr
2024-03-21T08:43:27.188+0000 7f04f7400700 1 -- 172.21.15.59:0/1630964542 <== mgr.14152 v2:172.21.15.59:6800/3705927731 1 ==== mgr_command_reply(tid 0: 0 ) v1 ==== 8+0+252 (secure 0 0 0) 0x7f050019dca0 con 0x7f04e40391e0
2024-03-21T08:43:27.732 INFO:teuthology.orchestra.run.smithi059.stdout:/usr/bin/ceph: stderr
2024-03-21T08:43:27.192+0000 7f0505600700 1 -- 172.21.15.59:0/1630964542 >> [v2:172.21.15.59:6800/3705927731,v1:172.21.15.59:6801/3705927731] conn(0x7f04e40391e0 msgr2=0x7f04e403b6a0 secure :-1 s=STATE_CONNECTION_ESTABLISHED l=1).mark_down
2024-03-21T08:43:27.733 INFO:teuthology.orchestra.run.smithi059.stdout:/usr/bin/ceph: stderr
2024-03-21T08:43:27.192+0000 7f0505600700 1 --2- 172.21.15.59:0/1630964542 >> [v2:172.21.15.59:6800/3705927731,v1:172.21.15.59:6801/3705927731] conn(0x7f04e40391e0 0x7f04e403b6a0 secure :-1 s=READY pgs=8 cs=0 l=1 rev1=1 crypto rx=0x7f04ec006fd0 tx=0x7f04ec006e40 comp rx=0 tx=0).stop
2024-03-21T08:43:27.733 INFO:teuthology.orchestra.run.smithi059.stdout:/usr/bin/ceph: stderr
2024-03-21T08:43:27.192+0000 7f0505600700 1 -- 172.21.15.59:0/1630964542 >> [v2:172.21.15.59:3300/0,v1:172.21.15.59:6789/0] conn(0x7f050007cf40 msgr2=0x7f050019cff0 secure :-1 s=STATE_CONNECTION_ESTABLISHED l=1).mark_down
2024-03-21T08:43:27.733 INFO:teuthology.orchestra.run.smithi059.stdout:/usr/bin/ceph: stderr
2024-03-21T08:43:27.192+0000 7f0505600700 1 --2- 172.21.15.59:0/1630964542 >> [v2:172.21.15.59:3300/0,v1:172.21.15.59:6789/0] conn(0x7f050007cf40 0x7f050019cff0 secure :-1 s=READY pgs=73 cs=0 l=1 rev1=1 crypto rx=0x7f04f0011a20 tx=0x7f04f0011b00 comp rx=0 tx=0).stop
2024-03-21T08:43:27.733 INFO:teuthology.orchestra.run.smithi059.stdout:/usr/bin/ceph: stderr
2024-03-21T08:43:27.192+0000 7f0505600700 1 -- 172.21.15.59:0/1630964542 shutdown_connections
2024-03-21T08:43:27.733 INFO:teuthology.orchestra.run.smithi059.stdout:/usr/bin/ceph: stderr
2024-03-21T08:43:27.192+0000 7f0505600700 1 --2- 172.21.15.59:0/1630964542 >> [v2:172.21.15.59:6800/3705927731,v1:172.21.15.59:6801/3705927731] conn(0x7f04e40391e0 0x7f04e403b6a0 unknown :-1 s=CLOSED pgs=8 cs=0 l=1 rev1=1 crypto rx=0 tx=0 comp rx=0 tx=0).stop
2024-03-21T08:43:27.733 INFO:teuthology.orchestra.run.smithi059.stdout:/usr/bin/ceph: stderr
2024-03-21T08:43:27.192+0000 7f0505600700 1 --2- 172.21.15.59:0/1630964542 >> [v2:172.21.15.59:3300/0,v1:172.21.15.59:6789/0] conn(0x7f050007cf40 0x7f050019cff0 unknown :-1 s=CLOSED pgs=73 cs=0 l=1 rev1=1 crypto rx=0 tx=0 comp rx=0 tx=0).stop
2024-03-21T08:43:27.733 INFO:teuthology.orchestra.run.smithi059.stdout:/usr/bin/ceph: stderr
2024-03-21T08:43:27.192+0000 7f0505600700 1 -- 172.21.15.59:0/1630964542 >> 172.21.15.59:0/1630964542 conn(0x7f05001025b0 msgr2=0x7f05001030a0 unknown :-1 s=STATE_NONE l=0).mark_down
2024-03-21T08:43:27.733 INFO:teuthology.orchestra.run.smithi059.stdout:/usr/bin/ceph: stderr
2024-03-21T08:43:27.192+0000 7f0505600700 1 -- 172.21.15.59:0/1630964542 shutdown_connections
2024-03-21T08:43:27.733 INFO:teuthology.orchestra.run.smithi059.stdout:/usr/bin/ceph: stderr
2024-03-21T08:43:27.192+0000 7f0505600700 1 -- 172.21.15.59:0/1630964542 wait complete.
2024-03-21T08:43:27.733 INFO:teuthology.orchestra.run.smithi059.stdout:Fetching dashboard port number...
2024-03-21T08:43:28.456 INFO:journalctl@ceph.mon.a.smithi059.stdout:Mar 21 08:43:28 smithi059 bash[21391]: audit
2024-03-21T08:43:26.948698+0000 mgr.x (mgr.14152) 8 : audit [DBG] from='client.14166 -' entity='client.admin' cmd=[{"prefix": "dashboard ac-user-create", "username": "admin", "rolename": "administrator", "force_password": true, "pwd_update_required": true, "target": ["mon-mgr", ""]}]: dispatch
2024-03-21T08:43:28.456 INFO:journalctl@ceph.mon.a.smithi059.stdout:Mar 21 08:43:28 smithi059 bash[21391]: audit
2024-03-21T08:43:27.193481+0000 mon.a (mon.0) 85 : audit [INF] from='mgr.14152 172.21.15.59:0/3257772775' entity='mgr.x'
2024-03-21T08:43:29.488 INFO:teuthology.orchestra.run.smithi059.stdout:/usr/bin/ceph: stdout 8443
2024-03-21T08:43:29.488 INFO:teuthology.orchestra.run.smithi059.stdout:/usr/bin/ceph: stderr
2024-03-21T08:43:28.672+0000 7ff149800700 1 Processor -- start
2024-03-21T08:43:29.488 INFO:teuthology.orchestra.run.smithi059.stdout:/usr/bin/ceph: stderr
2024-03-21T08:43:28.672+0000 7ff149800700 1 -- start start
2024-03-21T08:43:29.488 INFO:teuthology.orchestra.run.smithi059.stdout:/usr/bin/ceph: stderr
2024-03-21T08:43:28.672+0000 7ff149800700 1 --2- >> [v2:172.21.15.59:3300/0,v1:172.21.15.59:6789/0] conn(0x7ff144106f80 0x7ff1441073a0 unknown :-1 s=NONE pgs=0 cs=0 l=0 rev1=0 crypto rx=0 tx=0 comp rx=0 tx=0).connect
2024-03-21T08:43:29.488 INFO:teuthology.orchestra.run.smithi059.stdout:/usr/bin/ceph: stderr
2024-03-21T08:43:28.672+0000 7ff149800700 1 -- --> [v2:172.21.15.59:3300/0,v1:172.21.15.59:6789/0] -- mon_getmap magic: 0 v1 -- 0x7ff144107970 con 0x7ff144106f80
2024-03-21T08:43:29.488 INFO:teuthology.orchestra.run.smithi059.stdout:/usr/bin/ceph: stderr
2024-03-21T08:43:28.672+0000 7ff142a00700 1 --2- >> [v2:172.21.15.59:3300/0,v1:172.21.15.59:6789/0] conn(0x7ff144106f80 0x7ff1441073a0 unknown :-1 s=BANNER_CONNECTING pgs=0 cs=0 l=0 rev1=0 crypto rx=0 tx=0 comp rx=0 tx=0)._handle_peer_banner_payload supported=3 required=0
2024-03-21T08:43:29.489 INFO:teuthology.orchestra.run.smithi059.stdout:/usr/bin/ceph: stderr
2024-03-21T08:43:28.672+0000 7ff142a00700 1 --2- >> [v2:172.21.15.59:3300/0,v1:172.21.15.59:6789/0] conn(0x7ff144106f80 0x7ff1441073a0 unknown :-1 s=HELLO_CONNECTING pgs=0 cs=0 l=0 rev1=1 crypto rx=0 tx=0 comp rx=0 tx=0).handle_hello peer v2:172.21.15.59:3300/0 says I am v2:172.21.15.59:49322/0 (socket says 172.21.15.59:49322)
2024-03-21T08:43:29.489 INFO:teuthology.orchestra.run.smithi059.stdout:/usr/bin/ceph: stderr
2024-03-21T08:43:28.672+0000 7ff142a00700 1 -- 172.21.15.59:0/2913629717 learned_addr learned my addr 172.21.15.59:0/2913629717 (peer_addr_for_me v2:172.21.15.59:0/0)
2024-03-21T08:43:29.489 INFO:teuthology.orchestra.run.smithi059.stdout:/usr/bin/ceph: stderr
2024-03-21T08:43:28.672+0000 7ff142a00700 1 -- 172.21.15.59:0/2913629717 --> [v2:172.21.15.59:3300/0,v1:172.21.15.59:6789/0] -- mon_subscribe({config=0+,monmap=0+}) v3 -- 0x7ff144108180 con 0x7ff144106f80
2024-03-21T08:43:29.489 INFO:teuthology.orchestra.run.smithi059.stdout:/usr/bin/ceph: stderr
