2024-03-21T08:47:27.257+0000 7f6e9d128200 -1 mgr[py] Module pg_autoscaler has missing NOTIFY_TYPES member
2024-03-21T08:47:27.632 INFO:journalctl@ceph.mgr.x.smithi087.stdout:Mar 21 08:47:27 smithi087 ceph-75a2f1f0-e75f-11ee-95cd-87774f69a715-mgr-x[32618]:
2024-03-21T08:47:27.438+0000 7f6e9d128200 -1 mgr[py] Module devicehealth has missing NOTIFY_TYPES member
2024-03-21T08:47:28.659 INFO:journalctl@ceph.mgr.x.smithi087.stdout:Mar 21 08:47:28 smithi087 ceph-75a2f1f0-e75f-11ee-95cd-87774f69a715-mgr-x[32618]:
2024-03-21T08:47:28.384+0000 7f6e9d128200 -1 mgr[py] Module rook has missing NOTIFY_TYPES member
2024-03-21T08:47:28.659 INFO:journalctl@ceph.mgr.x.smithi087.stdout:Mar 21 08:47:28 smithi087 ceph-75a2f1f0-e75f-11ee-95cd-87774f69a715-mgr-x[32618]:
2024-03-21T08:47:28.513+0000 7f6e9d128200 -1 mgr[py] Module diskprediction_local has missing NOTIFY_TYPES member
2024-03-21T08:47:29.126 INFO:journalctl@ceph.mgr.x.smithi087.stdout:Mar 21 08:47:28 smithi087 ceph-75a2f1f0-e75f-11ee-95cd-87774f69a715-mgr-x[32618]:
2024-03-21T08:47:28.842+0000 7f6e9d128200 -1 mgr[py] Module selftest has missing NOTIFY_TYPES member
2024-03-21T08:47:29.126 INFO:journalctl@ceph.mgr.x.smithi087.stdout:Mar 21 08:47:28 smithi087 ceph-75a2f1f0-e75f-11ee-95cd-87774f69a715-mgr-x[32618]:
2024-03-21T08:47:28.931+0000 7f6e9d128200 -1 mgr[py] Module telegraf has missing NOTIFY_TYPES member
2024-03-21T08:47:29.126 INFO:journalctl@ceph.mgr.x.smithi087.stdout:Mar 21 08:47:29 smithi087 ceph-75a2f1f0-e75f-11ee-95cd-87774f69a715-mgr-x[32618]:
2024-03-21T08:47:29.128+0000 7f6e9d128200 -1 mgr[py] Module test_orchestrator has missing NOTIFY_TYPES member
2024-03-21T08:47:29.408 INFO:journalctl@ceph.mgr.x.smithi087.stdout:Mar 21 08:47:29 smithi087 ceph-75a2f1f0-e75f-11ee-95cd-87774f69a715-mgr-x[32618]:
2024-03-21T08:47:29.313+0000 7f6e9d128200 -1 mgr[py] Module crash has missing NOTIFY_TYPES member
2024-03-21T08:47:29.864 INFO:journalctl@ceph.mgr.x.smithi087.stdout:Mar 21 08:47:29 smithi087 ceph-75a2f1f0-e75f-11ee-95cd-87774f69a715-mgr-x[32618]:
2024-03-21T08:47:29.607+0000 7f6e9d128200 -1 mgr[py] Module orchestrator has missing NOTIFY_TYPES member
2024-03-21T08:47:29.864 INFO:journalctl@ceph.mgr.x.smithi087.stdout:Mar 21 08:47:29 smithi087 ceph-75a2f1f0-e75f-11ee-95cd-87774f69a715-mgr-x[32618]:
2024-03-21T08:47:29.866+0000 7f6e9d128200 -1 mgr[py] Module osd_support has missing NOTIFY_TYPES member
2024-03-21T08:47:30.158 INFO:journalctl@ceph.mgr.x.smithi087.stdout:Mar 21 08:47:30 smithi087 ceph-75a2f1f0-e75f-11ee-95cd-87774f69a715-mgr-x[32618]:
2024-03-21T08:47:30.103+0000 7f6e9d128200 -1 mgr[py] Module volumes has missing NOTIFY_TYPES member
2024-03-21T08:47:31.159 INFO:journalctl@ceph.mgr.x.smithi087.stdout:Mar 21 08:47:30 smithi087 ceph-75a2f1f0-e75f-11ee-95cd-87774f69a715-mgr-x[32618]:
2024-03-21T08:47:30.899+0000 7f6e9d128200 -1 mgr[py] Module telemetry has missing NOTIFY_TYPES member
2024-03-21T08:47:31.773 INFO:journalctl@ceph.mgr.x.smithi087.stdout:Mar 21 08:47:31 smithi087 ceph-75a2f1f0-e75f-11ee-95cd-87774f69a715-mgr-x[32618]:
2024-03-21T08:47:31.461+0000 7f6e9d128200 -1 mgr[py] Module prometheus has missing NOTIFY_TYPES member
2024-03-21T08:47:31.774 INFO:journalctl@ceph.mgr.x.smithi087.stdout:Mar 21 08:47:31 smithi087 ceph-75a2f1f0-e75f-11ee-95cd-87774f69a715-mgr-x[32618]:
2024-03-21T08:47:31.561+0000 7f6e9d128200 -1 mgr[py] Module status has missing NOTIFY_TYPES member
2024-03-21T08:47:31.774 INFO:journalctl@ceph.mgr.x.smithi087.stdout:Mar 21 08:47:31 smithi087 ceph-75a2f1f0-e75f-11ee-95cd-87774f69a715-mgr-x[32618]:
2024-03-21T08:47:31.776+0000 7f6e9d128200 -1 mgr[py] Module nfs has missing NOTIFY_TYPES member
2024-03-21T08:47:32.159 INFO:journalctl@ceph.mon.a.smithi087.stdout:Mar 21 08:47:31 smithi087 ceph-mon[32385]: Active manager daemon x restarted
2024-03-21T08:47:32.159 INFO:journalctl@ceph.mon.a.smithi087.stdout:Mar 21 08:47:31 smithi087 ceph-mon[32385]: Activating manager daemon x
2024-03-21T08:47:32.159 INFO:journalctl@ceph.mon.a.smithi087.stdout:Mar 21 08:47:31 smithi087 ceph-mon[32385]: osdmap e2: 0 total, 0 up, 0 in
2024-03-21T08:47:32.159 INFO:journalctl@ceph.mon.a.smithi087.stdout:Mar 21 08:47:31 smithi087 ceph-mon[32385]: mgrmap e6: x(active, starting, since 0.00352822s)
2024-03-21T08:47:32.159 INFO:journalctl@ceph.mon.a.smithi087.stdout:Mar 21 08:47:31 smithi087 ceph-mon[32385]: from='mgr.14120 172.21.15.87:0/292810794' entity='mgr.x' cmd=[{"prefix": "mon metadata", "id": "a"}]: dispatch
2024-03-21T08:47:32.159 INFO:journalctl@ceph.mon.a.smithi087.stdout:Mar 21 08:47:31 smithi087 ceph-mon[32385]: from='mgr.14120 172.21.15.87:0/292810794' entity='mgr.x' cmd=[{"prefix": "mgr metadata", "who": "x", "id": "x"}]: dispatch
2024-03-21T08:47:32.159 INFO:journalctl@ceph.mon.a.smithi087.stdout:Mar 21 08:47:31 smithi087 ceph-mon[32385]: from='mgr.14120 172.21.15.87:0/292810794' entity='mgr.x' cmd=[{"prefix": "mds metadata"}]: dispatch
2024-03-21T08:47:32.159 INFO:journalctl@ceph.mon.a.smithi087.stdout:Mar 21 08:47:31 smithi087 ceph-mon[32385]: from='mgr.14120 172.21.15.87:0/292810794' entity='mgr.x' cmd=[{"prefix": "osd metadata"}]: dispatch
2024-03-21T08:47:32.159 INFO:journalctl@ceph.mon.a.smithi087.stdout:Mar 21 08:47:31 smithi087 ceph-mon[32385]: from='mgr.14120 172.21.15.87:0/292810794' entity='mgr.x' cmd=[{"prefix": "mon metadata"}]: dispatch
2024-03-21T08:47:32.159 INFO:journalctl@ceph.mon.a.smithi087.stdout:Mar 21 08:47:31 smithi087 ceph-mon[32385]: Manager daemon x is now available
2024-03-21T08:47:32.159 INFO:journalctl@ceph.mon.a.smithi087.stdout:Mar 21 08:47:31 smithi087 ceph-mon[32385]: from='mgr.14120 172.21.15.87:0/292810794' entity='mgr.x'
2024-03-21T08:47:32.160 INFO:journalctl@ceph.mon.a.smithi087.stdout:Mar 21 08:47:31 smithi087 ceph-mon[32385]: from='mgr.14120 172.21.15.87:0/292810794' entity='mgr.x'
2024-03-21T08:47:32.160 INFO:journalctl@ceph.mon.a.smithi087.stdout:Mar 21 08:47:31 smithi087 ceph-mon[32385]: from='mgr.14120 172.21.15.87:0/292810794' entity='mgr.x' cmd=[{"prefix": "config dump", "format": "json"}]: dispatch
2024-03-21T08:47:32.160 INFO:journalctl@ceph.mon.a.smithi087.stdout:Mar 21 08:47:31 smithi087 ceph-mon[32385]: from='mgr.14120 172.21.15.87:0/292810794' entity='mgr.x' cmd=[{"prefix": "config dump", "format": "json"}]: dispatch
2024-03-21T08:47:33.152 INFO:journalctl@ceph.mon.a.smithi087.stdout:Mar 21 08:47:32 smithi087 ceph-mon[32385]: Found migration_current of "None". Setting to last migration.
2024-03-21T08:47:33.152 INFO:journalctl@ceph.mon.a.smithi087.stdout:Mar 21 08:47:32 smithi087 ceph-mon[32385]: from='mgr.14120 172.21.15.87:0/292810794' entity='mgr.x' cmd=[{"prefix":"config rm","who":"mgr","name":"mgr/rbd_support/x/mirror_snapshot_schedule"}]: dispatch
2024-03-21T08:47:33.152 INFO:journalctl@ceph.mon.a.smithi087.stdout:Mar 21 08:47:32 smithi087 ceph-mon[32385]: from='mgr.14120 172.21.15.87:0/292810794' entity='mgr.x' cmd=[{"prefix":"config rm","who":"mgr","name":"mgr/rbd_support/x/trash_purge_schedule"}]: dispatch
2024-03-21T08:47:33.152 INFO:journalctl@ceph.mon.a.smithi087.stdout:Mar 21 08:47:32 smithi087 ceph-mon[32385]: from='mgr.14120 172.21.15.87:0/292810794' entity='mgr.x'
2024-03-21T08:47:33.152 INFO:journalctl@ceph.mon.a.smithi087.stdout:Mar 21 08:47:32 smithi087 ceph-mon[32385]: from='mgr.14120 172.21.15.87:0/292810794' entity='mgr.x'
2024-03-21T08:47:33.152 INFO:journalctl@ceph.mon.a.smithi087.stdout:Mar 21 08:47:32 smithi087 ceph-mon[32385]: mgrmap e7: x(active, since 1.00591s)
2024-03-21T08:47:33.428 INFO:teuthology.orchestra.run.smithi087.stdout:/usr/bin/ceph: stdout {
2024-03-21T08:47:33.429 INFO:teuthology.orchestra.run.smithi087.stdout:/usr/bin/ceph: stdout "mgrmap_epoch": 7,
2024-03-21T08:47:33.429 INFO:teuthology.orchestra.run.smithi087.stdout:/usr/bin/ceph: stdout "initialized": true
2024-03-21T08:47:33.429 INFO:teuthology.orchestra.run.smithi087.stdout:/usr/bin/ceph: stdout }
2024-03-21T08:47:33.429 INFO:teuthology.orchestra.run.smithi087.stdout:/usr/bin/ceph: stderr
2024-03-21T08:47:27.428+0000 7f98bed6c700 1 Processor -- start
2024-03-21T08:47:33.429 INFO:teuthology.orchestra.run.smithi087.stdout:/usr/bin/ceph: stderr
2024-03-21T08:47:27.428+0000 7f98bed6c700 1 -- start start
2024-03-21T08:47:33.429 INFO:teuthology.orchestra.run.smithi087.stdout:/usr/bin/ceph: stderr
2024-03-21T08:47:27.428+0000 7f98bed6c700 1 --2- >> [v2:172.21.15.87:3300/0,v1:172.21.15.87:6789/0] conn(0x7f98b8105d70 0x7f98b8106190 unknown :-1 s=NONE pgs=0 cs=0 l=0 rev1=0 crypto rx=0 tx=0 comp rx=0 tx=0).connect
2024-03-21T08:47:33.429 INFO:teuthology.orchestra.run.smithi087.stdout:/usr/bin/ceph: stderr
2024-03-21T08:47:27.428+0000 7f98bed6c700 1 -- --> [v2:172.21.15.87:3300/0,v1:172.21.15.87:6789/0] -- mon_getmap magic: 0 v1 -- 0x7f98b8106760 con 0x7f98b8105d70
2024-03-21T08:47:33.429 INFO:teuthology.orchestra.run.smithi087.stdout:/usr/bin/ceph: stderr
2024-03-21T08:47:27.428+0000 7f98bcb08700 1 --2- >> [v2:172.21.15.87:3300/0,v1:172.21.15.87:6789/0] conn(0x7f98b8105d70 0x7f98b8106190 unknown :-1 s=BANNER_CONNECTING pgs=0 cs=0 l=0 rev1=0 crypto rx=0 tx=0 comp rx=0 tx=0)._handle_peer_banner_payload supported=3 required=0
2024-03-21T08:47:33.429 INFO:teuthology.orchestra.run.smithi087.stdout:/usr/bin/ceph: stderr
2024-03-21T08:47:27.428+0000 7f98bcb08700 1 --2- >> [v2:172.21.15.87:3300/0,v1:172.21.15.87:6789/0] conn(0x7f98b8105d70 0x7f98b8106190 unknown :-1 s=HELLO_CONNECTING pgs=0 cs=0 l=0 rev1=1 crypto rx=0 tx=0 comp rx=0 tx=0).handle_hello peer v2:172.21.15.87:3300/0 says I am v2:172.21.15.87:47068/0 (socket says 172.21.15.87:47068)
2024-03-21T08:47:33.429 INFO:teuthology.orchestra.run.smithi087.stdout:/usr/bin/ceph: stderr
2024-03-21T08:47:27.428+0000 7f98bcb08700 1 -- 172.21.15.87:0/2080636605 learned_addr learned my addr 172.21.15.87:0/2080636605 (peer_addr_for_me v2:172.21.15.87:0/0)
2024-03-21T08:47:33.429 INFO:teuthology.orchestra.run.smithi087.stdout:/usr/bin/ceph: stderr
2024-03-21T08:47:27.429+0000 7f98bcb08700 1 -- 172.21.15.87:0/2080636605 --> [v2:172.21.15.87:3300/0,v1:172.21.15.87:6789/0] -- mon_subscribe({config=0+,monmap=0+}) v3 -- 0x7f98b81068e0 con 0x7f98b8105d70
2024-03-21T08:47:33.430 INFO:teuthology.orchestra.run.smithi087.stdout:/usr/bin/ceph: stderr
2024-03-21T08:47:27.429+0000 7f98bcb08700 1 --2- 172.21.15.87:0/2080636605 >> [v2:172.21.15.87:3300/0,v1:172.21.15.87:6789/0] conn(0x7f98b8105d70 0x7f98b8106190 secure :-1 s=READY pgs=28 cs=0 l=1 rev1=1 crypto rx=0x7f98ac0098a0 tx=0x7f98ac009bb0 comp rx=0 tx=0).ready entity=mon.0 client_cookie=da366136677a6d93 server_cookie=0 in_seq=0 out_seq=0
2024-03-21T08:47:33.430 INFO:teuthology.orchestra.run.smithi087.stdout:/usr/bin/ceph: stderr
2024-03-21T08:47:27.429+0000 7f98b77fe700 1 -- 172.21.15.87:0/2080636605 <== mon.0 v2:172.21.15.87:3300/0 1 ==== mon_map magic: 0 v1 ==== 205+0+0 (secure 0 0 0) 0x7f98ac004160 con 0x7f98b8105d70
2024-03-21T08:47:33.430 INFO:teuthology.orchestra.run.smithi087.stdout:/usr/bin/ceph: stderr
2024-03-21T08:47:27.429+0000 7f98b77fe700 1 -- 172.21.15.87:0/2080636605 <== mon.0 v2:172.21.15.87:3300/0 2 ==== config(27 keys) v1 ==== 1109+0+0 (secure 0 0 0) 0x7f98ac004300 con 0x7f98b8105d70
2024-03-21T08:47:33.430 INFO:teuthology.orchestra.run.smithi087.stdout:/usr/bin/ceph: stderr
2024-03-21T08:47:27.429+0000 7f98b77fe700 1 -- 172.21.15.87:0/2080636605 <== mon.0 v2:172.21.15.87:3300/0 3 ==== mon_map magic: 0 v1 ==== 205+0+0 (secure 0 0 0) 0x7f98ac011b50 con 0x7f98b8105d70
2024-03-21T08:47:33.430 INFO:teuthology.orchestra.run.smithi087.stdout:/usr/bin/ceph: stderr
2024-03-21T08:47:27.430+0000 7f98bed6c700 1 -- 172.21.15.87:0/2080636605 >> [v2:172.21.15.87:3300/0,v1:172.21.15.87:6789/0] conn(0x7f98b8105d70 msgr2=0x7f98b8106190 secure :-1 s=STATE_CONNECTION_ESTABLISHED l=1).mark_down
2024-03-21T08:47:33.430 INFO:teuthology.orchestra.run.smithi087.stdout:/usr/bin/ceph: stderr
2024-03-21T08:47:27.430+0000 7f98bed6c700 1 --2- 172.21.15.87:0/2080636605 >> [v2:172.21.15.87:3300/0,v1:172.21.15.87:6789/0] conn(0x7f98b8105d70 0x7f98b8106190 secure :-1 s=READY pgs=28 cs=0 l=1 rev1=1 crypto rx=0x7f98ac0098a0 tx=0x7f98ac009bb0 comp rx=0 tx=0).stop
2024-03-21T08:47:33.430 INFO:teuthology.orchestra.run.smithi087.stdout:/usr/bin/ceph: stderr
2024-03-21T08:47:27.430+0000 7f98bed6c700 1 -- 172.21.15.87:0/2080636605 shutdown_connections
2024-03-21T08:47:33.430 INFO:teuthology.orchestra.run.smithi087.stdout:/usr/bin/ceph: stderr
2024-03-21T08:47:27.430+0000 7f98bed6c700 1 --2- 172.21.15.87:0/2080636605 >> [v2:172.21.15.87:3300/0,v1:172.21.15.87:6789/0] conn(0x7f98b8105d70 0x7f98b8106190 unknown :-1 s=CLOSED pgs=28 cs=0 l=1 rev1=1 crypto rx=0 tx=0 comp rx=0 tx=0).stop
2024-03-21T08:47:33.430 INFO:teuthology.orchestra.run.smithi087.stdout:/usr/bin/ceph: stderr
2024-03-21T08:47:27.430+0000 7f98bed6c700 1 -- 172.21.15.87:0/2080636605 >> 172.21.15.87:0/2080636605 conn(0x7f98b81016f0 msgr2=0x7f98b8103b10 unknown :-1 s=STATE_NONE l=0).mark_down
2024-03-21T08:47:33.430 INFO:teuthology.orchestra.run.smithi087.stdout:/usr/bin/ceph: stderr
2024-03-21T08:47:27.430+0000 7f98bed6c700 1 -- 172.21.15.87:0/2080636605 shutdown_connections
2024-03-21T08:47:33.430 INFO:teuthology.orchestra.run.smithi087.stdout:/usr/bin/ceph: stderr
2024-03-21T08:47:27.430+0000 7f98bed6c700 1 -- 172.21.15.87:0/2080636605 wait complete.
2024-03-21T08:47:33.430 INFO:teuthology.orchestra.run.smithi087.stdout:/usr/bin/ceph: stderr
2024-03-21T08:47:27.430+0000 7f98bed6c700 1 Processor -- start
2024-03-21T08:47:33.431 INFO:teuthology.orchestra.run.smithi087.stdout:/usr/bin/ceph: stderr
2024-03-21T08:47:27.430+0000 7f98bed6c700 1 -- start start
2024-03-21T08:47:33.431 INFO:teuthology.orchestra.run.smithi087.stdout:/usr/bin/ceph: stderr
2024-03-21T08:47:27.431+0000 7f98bed6c700 1 --2- >> [v2:172.21.15.87:3300/0,v1:172.21.15.87:6789/0] conn(0x7f98b8105d70 0x7f98b819ba90 unknown :-1 s=NONE pgs=0 cs=0 l=1 rev1=0 crypto rx=0 tx=0 comp rx=0 tx=0).connect
2024-03-21T08:47:33.431 INFO:teuthology.orchestra.run.smithi087.stdout:/usr/bin/ceph: stderr
2024-03-21T08:47:27.431+0000 7f98bed6c700 1 -- --> [v2:172.21.15.87:3300/0,v1:172.21.15.87:6789/0] -- mon_getmap magic: 0 v1 -- 0x7f98b8109c30 con 0x7f98b8105d70
2024-03-21T08:47:33.431 INFO:teuthology.orchestra.run.smithi087.stdout:/usr/bin/ceph: stderr
2024-03-21T08:47:27.431+0000 7f98bcb08700 1 --2- >> [v2:172.21.15.87:3300/0,v1:172.21.15.87:6789/0] conn(0x7f98b8105d70 0x7f98b819ba90 unknown :-1 s=BANNER_CONNECTING pgs=0 cs=0 l=1 rev1=0 crypto rx=0 tx=0 comp rx=0 tx=0)._handle_peer_banner_payload supported=3 required=0
2024-03-21T08:47:33.431 INFO:teuthology.orchestra.run.smithi087.stdout:/usr/bin/ceph: stderr
2024-03-21T08:47:27.431+0000 7f98bcb08700 1 --2- >> [v2:172.21.15.87:3300/0,v1:172.21.15.87:6789/0] conn(0x7f98b8105d70 0x7f98b819ba90 unknown :-1 s=HELLO_CONNECTING pgs=0 cs=0 l=1 rev1=1 crypto rx=0 tx=0 comp rx=0 tx=0).handle_hello peer v2:172.21.15.87:3300/0 says I am v2:172.21.15.87:47078/0 (socket says 172.21.15.87:47078)
2024-03-21T08:47:33.431 INFO:teuthology.orchestra.run.smithi087.stdout:/usr/bin/ceph: stderr
2024-03-21T08:47:27.431+0000 7f98bcb08700 1 -- 172.21.15.87:0/2104848664 learned_addr learned my addr 172.21.15.87:0/2104848664 (peer_addr_for_me v2:172.21.15.87:0/0)
2024-03-21T08:47:33.431 INFO:teuthology.orchestra.run.smithi087.stdout:/usr/bin/ceph: stderr
2024-03-21T08:47:27.431+0000 7f98bcb08700 1 -- 172.21.15.87:0/2104848664 --> [v2:172.21.15.87:3300/0,v1:172.21.15.87:6789/0] -- mon_subscribe({config=0+,monmap=0+}) v3 -- 0x7f98b819bfd0 con 0x7f98b8105d70
2024-03-21T08:47:33.431 INFO:teuthology.orchestra.run.smithi087.stdout:/usr/bin/ceph: stderr
2024-03-21T08:47:27.431+0000 7f98bcb08700 1 --2- 172.21.15.87:0/2104848664 >> [v2:172.21.15.87:3300/0,v1:172.21.15.87:6789/0] conn(0x7f98b8105d70 0x7f98b819ba90 secure :-1 s=READY pgs=29 cs=0 l=1 rev1=1 crypto rx=0x7f98ac011850 tx=0x7f98ac011c10 comp rx=0 tx=0).ready entity=mon.0 client_cookie=0 server_cookie=0 in_seq=0 out_seq=0
2024-03-21T08:47:33.431 INFO:teuthology.orchestra.run.smithi087.stdout:/usr/bin/ceph: stderr
2024-03-21T08:47:27.431+0000 7f98b5ffb700 1 -- 172.21.15.87:0/2104848664 <== mon.0 v2:172.21.15.87:3300/0 1 ==== mon_map magic: 0 v1 ==== 205+0+0 (secure 0 0 0) 0x7f98ac003af0 con 0x7f98b8105d70
2024-03-21T08:47:33.431 INFO:teuthology.orchestra.run.smithi087.stdout:/usr/bin/ceph: stderr
2024-03-21T08:47:27.431+0000 7f98b5ffb700 1 -- 172.21.15.87:0/2104848664 <== mon.0 v2:172.21.15.87:3300/0 2 ==== config(27 keys) v1 ==== 1109+0+0 (secure 0 0 0) 0x7f98ac020070 con 0x7f98b8105d70
2024-03-21T08:47:33.431 INFO:teuthology.orchestra.run.smithi087.stdout:/usr/bin/ceph: stderr
2024-03-21T08:47:27.431+0000 7f98bed6c700 1 -- 172.21.15.87:0/2104848664 --> [v2:172.21.15.87:3300/0,v1:172.21.15.87:6789/0] -- mon_subscribe({mgrmap=0+}) v3 -- 0x7f98b819c2c0 con 0x7f98b8105d70
2024-03-21T08:47:33.431 INFO:teuthology.orchestra.run.smithi087.stdout:/usr/bin/ceph: stderr
2024-03-21T08:47:27.431+0000 7f98b5ffb700 1 -- 172.21.15.87:0/2104848664 <== mon.0 v2:172.21.15.87:3300/0 3 ==== mon_map magic: 0 v1 ==== 205+0+0 (secure 0 0 0) 0x7f98ac019550 con 0x7f98b8105d70
2024-03-21T08:47:33.431 INFO:teuthology.orchestra.run.smithi087.stdout:/usr/bin/ceph: stderr
2024-03-21T08:47:27.432+0000 7f98bed6c700 1 -- 172.21.15.87:0/2104848664 --> [v2:172.21.15.87:3300/0,v1:172.21.15.87:6789/0] -- mon_subscribe({osdmap=0}) v3 -- 0x7f98b819ef50 con 0x7f98b8105d70
2024-03-21T08:47:33.431 INFO:teuthology.orchestra.run.smithi087.stdout:/usr/bin/ceph: stderr
2024-03-21T08:47:27.432+0000 7f98b5ffb700 1 -- 172.21.15.87:0/2104848664 <== mon.0 v2:172.21.15.87:3300/0 4 ==== mgrmap(e 5) v1 ==== 46294+0+0 (secure 0 0 0) 0x7f98ac019800 con 0x7f98b8105d70
2024-03-21T08:47:33.432 INFO:teuthology.orchestra.run.smithi087.stdout:/usr/bin/ceph: stderr
2024-03-21T08:47:27.433+0000 7f98b5ffb700 1 --2- 172.21.15.87:0/2104848664 >> [v2:172.21.15.87:6800/277415650,v1:172.21.15.87:6801/277415650] conn(0x7f98a80391d0 0x7f98a803b690 unknown :-1 s=NONE pgs=0 cs=0 l=1 rev1=0 crypto rx=0 tx=0 comp rx=0 tx=0).connect
2024-03-21T08:47:33.432 INFO:teuthology.orchestra.run.smithi087.stdout:/usr/bin/ceph: stderr
2024-03-21T08:47:27.433+0000 7f98b5ffb700 1 -- 172.21.15.87:0/2104848664 --> [v2:172.21.15.87:6800/277415650,v1:172.21.15.87:6801/277415650] -- command(tid 0: {"prefix": "get_command_descriptions"}) v1 -- 0x7f98a803bda0 con 0x7f98a80391d0
2024-03-21T08:47:33.432 INFO:teuthology.orchestra.run.smithi087.stdout:/usr/bin/ceph: stderr
2024-03-21T08:47:27.433+0000 7f98b5ffb700 1 -- 172.21.15.87:0/2104848664 <== mon.0 v2:172.21.15.87:3300/0 5 ==== osd_map(1..1 src has 1..1) v4 ==== 725+0+0 (secure 0 0 0) 0x7f98ac011e00 con 0x7f98b8105d70
2024-03-21T08:47:33.432 INFO:teuthology.orchestra.run.smithi087.stdout:/usr/bin/ceph: stderr
2024-03-21T08:47:27.433+0000 7f98b7fff700 1 -- 172.21.15.87:0/2104848664 >> [v2:172.21.15.87:6800/277415650,v1:172.21.15.87:6801/277415650] conn(0x7f98a80391d0 msgr2=0x7f98a803b690 unknown :-1 s=STATE_CONNECTING_RE l=1).process reconnect failed to v2:172.21.15.87:6800/277415650
2024-03-21T08:47:33.432 INFO:teuthology.orchestra.run.smithi087.stdout:/usr/bin/ceph: stderr
2024-03-21T08:47:27.433+0000 7f98b7fff700 1 --2- 172.21.15.87:0/2104848664 >> [v2:172.21.15.87:6800/277415650,v1:172.21.15.87:6801/277415650] conn(0x7f98a80391d0 0x7f98a803b690 unknown :-1 s=START_CONNECT pgs=0 cs=0 l=1 rev1=0 crypto rx=0 tx=0 comp rx=0 tx=0)._fault waiting 0.200000
2024-03-21T08:47:33.432 INFO:teuthology.orchestra.run.smithi087.stdout:/usr/bin/ceph: stderr
2024-03-21T08:47:27.634+0000 7f98b7fff700 1 -- 172.21.15.87:0/2104848664 >> [v2:172.21.15.87:6800/277415650,v1:172.21.15.87:6801/277415650] conn(0x7f98a80391d0 msgr2=0x7f98a803b690 unknown :-1 s=STATE_CONNECTING_RE l=1).process reconnect failed to v2:172.21.15.87:6800/277415650
2024-03-21T08:47:33.432 INFO:teuthology.orchestra.run.smithi087.stdout:/usr/bin/ceph: stderr
2024-03-21T08:47:27.634+0000 7f98b7fff700 1 --2- 172.21.15.87:0/2104848664 >> [v2:172.21.15.87:6800/277415650,v1:172.21.15.87:6801/277415650] conn(0x7f98a80391d0 0x7f98a803b690 unknown :-1 s=START_CONNECT pgs=0 cs=0 l=1 rev1=0 crypto rx=0 tx=0 comp rx=0 tx=0)._fault waiting 0.400000
2024-03-21T08:47:33.432 INFO:teuthology.orchestra.run.smithi087.stdout:/usr/bin/ceph: stderr
2024-03-21T08:47:28.035+0000 7f98b7fff700 1 -- 172.21.15.87:0/2104848664 >> [v2:172.21.15.87:6800/277415650,v1:172.21.15.87:6801/277415650] conn(0x7f98a80391d0 msgr2=0x7f98a803b690 unknown :-1 s=STATE_CONNECTING_RE l=1).process reconnect failed to v2:172.21.15.87:6800/277415650
2024-03-21T08:47:33.432 INFO:teuthology.orchestra.run.smithi087.stdout:/usr/bin/ceph: stderr
2024-03-21T08:47:28.035+0000 7f98b7fff700 1 --2- 172.21.15.87:0/2104848664 >> [v2:172.21.15.87:6800/277415650,v1:172.21.15.87:6801/277415650] conn(0x7f98a80391d0 0x7f98a803b690 unknown :-1 s=START_CONNECT pgs=0 cs=0 l=1 rev1=0 crypto rx=0 tx=0 comp rx=0 tx=0)._fault waiting 0.800000
2024-03-21T08:47:33.432 INFO:teuthology.orchestra.run.smithi087.stdout:/usr/bin/ceph: stderr
2024-03-21T08:47:28.836+0000 7f98b7fff700 1 -- 172.21.15.87:0/2104848664 >> [v2:172.21.15.87:6800/277415650,v1:172.21.15.87:6801/277415650] conn(0x7f98a80391d0 msgr2=0x7f98a803b690 unknown :-1 s=STATE_CONNECTING_RE l=1).process reconnect failed to v2:172.21.15.87:6800/277415650
2024-03-21T08:47:33.432 INFO:teuthology.orchestra.run.smithi087.stdout:/usr/bin/ceph: stderr
2024-03-21T08:47:28.836+0000 7f98b7fff700 1 --2- 172.21.15.87:0/2104848664 >> [v2:172.21.15.87:6800/277415650,v1:172.21.15.87:6801/277415650] conn(0x7f98a80391d0 0x7f98a803b690 unknown :-1 s=START_CONNECT pgs=0 cs=0 l=1 rev1=0 crypto rx=0 tx=0 comp rx=0 tx=0)._fault waiting 1.600000
2024-03-21T08:47:33.432 INFO:teuthology.orchestra.run.smithi087.stdout:/usr/bin/ceph: stderr
2024-03-21T08:47:30.437+0000 7f98b7fff700 1 -- 172.21.15.87:0/2104848664 >> [v2:172.21.15.87:6800/277415650,v1:172.21.15.87:6801/277415650] conn(0x7f98a80391d0 msgr2=0x7f98a803b690 unknown :-1 s=STATE_CONNECTING_RE l=1).process reconnect failed to v2:172.21.15.87:6800/277415650
2024-03-21T08:47:33.432 INFO:teuthology.orchestra.run.smithi087.stdout:/usr/bin/ceph: stderr
2024-03-21T08:47:30.437+0000 7f98b7fff700 1 --2- 172.21.15.87:0/2104848664 >> [v2:172.21.15.87:6800/277415650,v1:172.21.15.87:6801/277415650] conn(0x7f98a80391d0 0x7f98a803b690 unknown :-1 s=START_CONNECT pgs=0 cs=0 l=1 rev1=0 crypto rx=0 tx=0 comp rx=0 tx=0)._fault waiting 3.200000
2024-03-21T08:47:33.433 INFO:teuthology.orchestra.run.smithi087.stdout:/usr/bin/ceph: stderr
2024-03-21T08:47:31.791+0000 7f98b5ffb700 1 -- 172.21.15.87:0/2104848664 <== mon.0 v2:172.21.15.87:3300/0 6 ==== mgrmap(e 6) v1 ==== 46061+0+0 (secure 0 0 0) 0x7f98ac00b3e0 con 0x7f98b8105d70
2024-03-21T08:47:33.433 INFO:teuthology.orchestra.run.smithi087.stdout:/usr/bin/ceph: stderr
2024-03-21T08:47:31.791+0000 7f98b5ffb700 1 -- 172.21.15.87:0/2104848664 >> [v2:172.21.15.87:6800/277415650,v1:172.21.15.87:6801/277415650] conn(0x7f98a80391d0 msgr2=0x7f98a803b690 unknown :-1 s=STATE_CONNECTING l=1).mark_down
2024-03-21T08:47:33.433 INFO:teuthology.orchestra.run.smithi087.stdout:/usr/bin/ceph: stderr
2024-03-21T08:47:31.791+0000 7f98b5ffb700 1 --2- 172.21.15.87:0/2104848664 >> [v2:172.21.15.87:6800/277415650,v1:172.21.15.87:6801/277415650] conn(0x7f98a80391d0 0x7f98a803b690 unknown :-1 s=START_CONNECT pgs=0 cs=0 l=1 rev1=0 crypto rx=0 tx=0 comp rx=0 tx=0).stop
2024-03-21T08:47:33.433 INFO:teuthology.orchestra.run.smithi087.stdout:/usr/bin/ceph: stderr
2024-03-21T08:47:32.793+0000 7f98b5ffb700 1 -- 172.21.15.87:0/2104848664 <== mon.0 v2:172.21.15.87:3300/0 7 ==== mgrmap(e 7) v1 ==== 46188+0+0 (secure 0 0 0) 0x7f98ac04ea30 con 0x7f98b8105d70
2024-03-21T08:47:33.433 INFO:teuthology.orchestra.run.smithi087.stdout:/usr/bin/ceph: stderr
2024-03-21T08:47:32.793+0000 7f98b5ffb700 1 --2- 172.21.15.87:0/2104848664 >> [v2:172.21.15.87:6800/2393104803,v1:172.21.15.87:6801/2393104803] conn(0x7f98a803cb10 0x7f98a803ef00 unknown :-1 s=NONE pgs=0 cs=0 l=1 rev1=0 crypto rx=0 tx=0 comp rx=0 tx=0).connect
2024-03-21T08:47:33.433 INFO:teuthology.orchestra.run.smithi087.stdout:/usr/bin/ceph: stderr
2024-03-21T08:47:32.793+0000 7f98b5ffb700 1 -- 172.21.15.87:0/2104848664 --> [v2:172.21.15.87:6800/2393104803,v1:172.21.15.87:6801/2393104803] -- command(tid 0: {"prefix": "get_command_descriptions"}) v1 -- 0x7f98a803bda0 con 0x7f98a803cb10
2024-03-21T08:47:33.433 INFO:teuthology.orchestra.run.smithi087.stdout:/usr/bin/ceph: stderr
2024-03-21T08:47:32.793+0000 7f98b7fff700 1 --2- 172.21.15.87:0/2104848664 >> [v2:172.21.15.87:6800/2393104803,v1:172.21.15.87:6801/2393104803] conn(0x7f98a803cb10 0x7f98a803ef00 unknown :-1 s=BANNER_CONNECTING pgs=0 cs=0 l=1 rev1=0 crypto rx=0 tx=0 comp rx=0 tx=0)._handle_peer_banner_payload supported=3 required=0
2024-03-21T08:47:33.433 INFO:teuthology.orchestra.run.smithi087.stdout:/usr/bin/ceph: stderr
2024-03-21T08:47:32.794+0000 7f98b7fff700 1 --2- 172.21.15.87:0/2104848664 >> [v2:172.21.15.87:6800/2393104803,v1:172.21.15.87:6801/2393104803] conn(0x7f98a803cb10 0x7f98a803ef00 secure :-1 s=READY pgs=1 cs=0 l=1 rev1=1 crypto rx=0x7f98a4003a10 tx=0x7f98a40092b0 comp rx=0 tx=0).ready entity=mgr.14120 client_cookie=0 server_cookie=0 in_seq=0 out_seq=0
2024-03-21T08:47:33.433 INFO:teuthology.orchestra.run.smithi087.stdout:/usr/bin/ceph: stderr
2024-03-21T08:47:32.794+0000 7f98b5ffb700 1 -- 172.21.15.87:0/2104848664 <== mgr.14120 v2:172.21.15.87:6800/2393104803 1 ==== command_reply(tid 0: 0 ) v1 ==== 8+0+7774 (secure 0 0 0) 0x7f98a803bda0 con 0x7f98a803cb10
2024-03-21T08:47:33.433 INFO:teuthology.orchestra.run.smithi087.stdout:/usr/bin/ceph: stderr
2024-03-21T08:47:32.801+0000 7f98bed6c700 1 -- 172.21.15.87:0/2104848664 --> [v2:172.21.15.87:6800/2393104803,v1:172.21.15.87:6801/2393104803] -- command(tid 1: {"prefix": "mgr_status"}) v1 -- 0x7f98b8069250 con 0x7f98a803cb10
2024-03-21T08:47:33.433 INFO:teuthology.orchestra.run.smithi087.stdout:/usr/bin/ceph: stderr
2024-03-21T08:47:32.801+0000 7f98b5ffb700 1 -- 172.21.15.87:0/2104848664 <== mgr.14120 v2:172.21.15.87:6800/2393104803 2 ==== command_reply(tid 1: 0 ) v1 ==== 8+0+51 (secure 0 0 0) 0x7f98b8069250 con 0x7f98a803cb10
2024-03-21T08:47:33.433 INFO:teuthology.orchestra.run.smithi087.stdout:/usr/bin/ceph: stderr
2024-03-21T08:47:32.801+0000 7f98bed6c700 1 -- 172.21.15.87:0/2104848664 >> [v2:172.21.15.87:6800/2393104803,v1:172.21.15.87:6801/2393104803] conn(0x7f98a803cb10 msgr2=0x7f98a803ef00 secure :-1 s=STATE_CONNECTION_ESTABLISHED l=1).mark_down
2024-03-21T08:47:33.433 INFO:teuthology.orchestra.run.smithi087.stdout:/usr/bin/ceph: stderr
2024-03-21T08:47:32.801+0000 7f98bed6c700 1 --2- 172.21.15.87:0/2104848664 >> [v2:172.21.15.87:6800/2393104803,v1:172.21.15.87:6801/2393104803] conn(0x7f98a803cb10 0x7f98a803ef00 secure :-1 s=READY pgs=1 cs=0 l=1 rev1=1 crypto rx=0x7f98a4003a10 tx=0x7f98a40092b0 comp rx=0 tx=0).stop
2024-03-21T08:47:33.433 INFO:teuthology.orchestra.run.smithi087.stdout:/usr/bin/ceph: stderr
2024-03-21T08:47:32.801+0000 7f98bed6c700 1 -- 172.21.15.87:0/2104848664 >> [v2:172.21.15.87:3300/0,v1:172.21.15.87:6789/0] conn(0x7f98b8105d70 msgr2=0x7f98b819ba90 secure :-1 s=STATE_CONNECTION_ESTABLISHED l=1).mark_down
2024-03-21T08:47:33.434 INFO:teuthology.orchestra.run.smithi087.stdout:/usr/bin/ceph: stderr
2024-03-21T08:47:32.801+0000 7f98bed6c700 1 --2- 172.21.15.87:0/2104848664 >> [v2:172.21.15.87:3300/0,v1:172.21.15.87:6789/0] conn(0x7f98b8105d70 0x7f98b819ba90 secure :-1 s=READY pgs=29 cs=0 l=1 rev1=1 crypto rx=0x7f98ac011850 tx=0x7f98ac011c10 comp rx=0 tx=0).stop
2024-03-21T08:47:33.434 INFO:teuthology.orchestra.run.smithi087.stdout:/usr/bin/ceph: stderr
2024-03-21T08:47:32.801+0000 7f98bed6c700 1 -- 172.21.15.87:0/2104848664 shutdown_connections
2024-03-21T08:47:33.434 INFO:teuthology.orchestra.run.smithi087.stdout:/usr/bin/ceph: stderr
2024-03-21T08:47:32.801+0000 7f98bed6c700 1 --2- 172.21.15.87:0/2104848664 >> [v2:172.21.15.87:6800/2393104803,v1:172.21.15.87:6801/2393104803] conn(0x7f98a803cb10 0x7f98a803ef00 unknown :-1 s=CLOSED pgs=1 cs=0 l=1 rev1=1 crypto rx=0 tx=0 comp rx=0 tx=0).stop
2024-03-21T08:47:33.434 INFO:teuthology.orchestra.run.smithi087.stdout:/usr/bin/ceph: stderr
2024-03-21T08:47:32.801+0000 7f98bed6c700 1 --2- 172.21.15.87:0/2104848664 >> [v2:172.21.15.87:3300/0,v1:172.21.15.87:6789/0] conn(0x7f98b8105d70 0x7f98b819ba90 unknown :-1 s=CLOSED pgs=29 cs=0 l=1 rev1=1 crypto rx=0 tx=0 comp rx=0 tx=0).stop
2024-03-21T08:47:33.434 INFO:teuthology.orchestra.run.smithi087.stdout:/usr/bin/ceph: stderr
2024-03-21T08:47:32.801+0000 7f98bed6c700 1 --2- 172.21.15.87:0/2104848664 >> [v2:172.21.15.87:6800/277415650,v1:172.21.15.87:6801/277415650] conn(0x7f98a80391d0 0x7f98a803b690 unknown :-1 s=CLOSED pgs=0 cs=0 l=1 rev1=0 crypto rx=0 tx=0 comp rx=0 tx=0).stop
2024-03-21T08:47:33.434 INFO:teuthology.orchestra.run.smithi087.stdout:/usr/bin/ceph: stderr
2024-03-21T08:47:32.801+0000 7f98bed6c700 1 -- 172.21.15.87:0/2104848664 >> 172.21.15.87:0/2104848664 conn(0x7f98b81016f0 msgr2=0x7f98b81022a0 unknown :-1 s=STATE_NONE l=0).mark_down
2024-03-21T08:47:33.434 INFO:teuthology.orchestra.run.smithi087.stdout:/usr/bin/ceph: stderr
2024-03-21T08:47:32.801+0000 7f98bed6c700 1 -- 172.21.15.87:0/2104848664 shutdown_connections
2024-03-21T08:47:33.434 INFO:teuthology.orchestra.run.smithi087.stdout:/usr/bin/ceph: stderr
2024-03-21T08:47:32.801+0000 7f98bed6c700 1 -- 172.21.15.87:0/2104848664 wait complete.
2024-03-21T08:47:33.434 INFO:teuthology.orchestra.run.smithi087.stdout:mgr epoch 5 is available
2024-03-21T08:47:33.434 INFO:teuthology.orchestra.run.smithi087.stdout:Setting orchestrator backend to cephadm...
2024-03-21T08:47:34.047 INFO:journalctl@ceph.mon.a.smithi087.stdout:Mar 21 08:47:33 smithi087 ceph-mon[32385]: [21/Mar/2024:08:47:32] ENGINE Bus STARTING
2024-03-21T08:47:34.047 INFO:journalctl@ceph.mon.a.smithi087.stdout:Mar 21 08:47:33 smithi087 ceph-mon[32385]: from='client.14124 -' entity='client.admin' cmd=[{"prefix": "get_command_descriptions"}]: dispatch
2024-03-21T08:47:34.047 INFO:journalctl@ceph.mon.a.smithi087.stdout:Mar 21 08:47:33 smithi087 ceph-mon[32385]: from='client.14124 -' entity='client.admin' cmd=[{"prefix": "mgr_status"}]: dispatch
2024-03-21T08:47:34.047 INFO:journalctl@ceph.mon.a.smithi087.stdout:Mar 21 08:47:33 smithi087 ceph-mon[32385]: [21/Mar/2024:08:47:32] ENGINE Serving on https://172.21.15.87:7150
2024-03-21T08:47:34.047 INFO:journalctl@ceph.mon.a.smithi087.stdout:Mar 21 08:47:33 smithi087 ceph-mon[32385]: [21/Mar/2024:08:47:32] ENGINE Serving on http://172.21.15.87:8765
2024-03-21T08:47:34.047 INFO:journalctl@ceph.mon.a.smithi087.stdout:Mar 21 08:47:33 smithi087 ceph-mon[32385]: [21/Mar/2024:08:47:32] ENGINE Bus STARTED
2024-03-21T08:47:34.047 INFO:journalctl@ceph.mon.a.smithi087.stdout:Mar 21 08:47:33 smithi087 ceph-mon[32385]: from='mgr.14120 172.21.15.87:0/292810794' entity='mgr.x' cmd=[{"prefix": "config dump", "format": "json"}]: dispatch
2024-03-21T08:47:34.667 INFO:teuthology.orchestra.run.smithi087.stdout:/usr/bin/ceph: stderr
2024-03-21T08:47:33.826+0000 7f56a871d700 1 Processor -- start
2024-03-21T08:47:34.667 INFO:teuthology.orchestra.run.smithi087.stdout:/usr/bin/ceph: stderr
2024-03-21T08:47:33.826+0000 7f56a871d700 1 -- start start
2024-03-21T08:47:34.667 INFO:teuthology.orchestra.run.smithi087.stdout:/usr/bin/ceph: stderr
2024-03-21T08:47:33.826+0000 7f56a871d700 1 --2- >> [v2:172.21.15.87:3300/0,v1:172.21.15.87:6789/0] conn(0x7f56a0108530 0x7f56a010a920 unknown :-1 s=NONE pgs=0 cs=0 l=0 rev1=0 crypto rx=0 tx=0 comp rx=0 tx=0).connect
2024-03-21T08:47:34.667 INFO:teuthology.orchestra.run.smithi087.stdout:/usr/bin/ceph: stderr
2024-03-21T08:47:33.826+0000 7f56a871d700 1 -- --> [v2:172.21.15.87:3300/0,v1:172.21.15.87:6789/0] -- mon_getmap magic: 0 v1 -- 0x7f56a007be90 con 0x7f56a0108530
2024-03-21T08:47:34.667 INFO:teuthology.orchestra.run.smithi087.stdout:/usr/bin/ceph: stderr
2024-03-21T08:47:33.826+0000 7f56a64b9700 1 --2- >> [v2:172.21.15.87:3300/0,v1:172.21.15.87:6789/0] conn(0x7f56a0108530 0x7f56a010a920 unknown :-1 s=BANNER_CONNECTING pgs=0 cs=0 l=0 rev1=0 crypto rx=0 tx=0 comp rx=0 tx=0)._handle_peer_banner_payload supported=3 required=0
2024-03-21T08:47:34.667 INFO:teuthology.orchestra.run.smithi087.stdout:/usr/bin/ceph: stderr
2024-03-21T08:47:33.826+0000 7f56a64b9700 1 --2- >> [v2:172.21.15.87:3300/0,v1:172.21.15.87:6789/0] conn(0x7f56a0108530 0x7f56a010a920 unknown :-1 s=HELLO_CONNECTING pgs=0 cs=0 l=0 rev1=1 crypto rx=0 tx=0 comp rx=0 tx=0).handle_hello peer v2:172.21.15.87:3300/0 says I am v2:172.21.15.87:42938/0 (socket says 172.21.15.87:42938)
2024-03-21T08:47:34.667 INFO:teuthology.orchestra.run.smithi087.stdout:/usr/bin/ceph: stderr
2024-03-21T08:47:33.826+0000 7f56a64b9700 1 -- 172.21.15.87:0/73695328 learned_addr learned my addr 172.21.15.87:0/73695328 (peer_addr_for_me v2:172.21.15.87:0/0)
2024-03-21T08:47:34.667 INFO:teuthology.orchestra.run.smithi087.stdout:/usr/bin/ceph: stderr
2024-03-21T08:47:33.827+0000 7f56a64b9700 1 -- 172.21.15.87:0/73695328 --> [v2:172.21.15.87:3300/0,v1:172.21.15.87:6789/0] -- mon_subscribe({config=0+,monmap=0+}) v3 -- 0x7f56a010ae60 con 0x7f56a0108530
2024-03-21T08:47:34.667 INFO:teuthology.orchestra.run.smithi087.stdout:/usr/bin/ceph: stderr
2024-03-21T08:47:33.827+0000 7f56a64b9700 1 --2- 172.21.15.87:0/73695328 >> [v2:172.21.15.87:3300/0,v1:172.21.15.87:6789/0] conn(0x7f56a0108530 0x7f56a010a920 secure :-1 s=READY pgs=37 cs=0 l=1 rev1=1 crypto rx=0x7f569c0098a0 tx=0x7f569c009bb0 comp rx=0 tx=0).ready entity=mon.0 client_cookie=5f1fceabc5f529e4 server_cookie=0 in_seq=0 out_seq=0
2024-03-21T08:47:34.667 INFO:teuthology.orchestra.run.smithi087.stdout:/usr/bin/ceph: stderr
2024-03-21T08:47:33.827+0000 7f56a54b7700 1 -- 172.21.15.87:0/73695328 <== mon.0 v2:172.21.15.87:3300/0 1 ==== mon_map magic: 0 v1 ==== 205+0+0 (secure 0 0 0) 0x7f569c004160 con 0x7f56a0108530
2024-03-21T08:47:34.667 INFO:teuthology.orchestra.run.smithi087.stdout:/usr/bin/ceph: stderr
2024-03-21T08:47:33.827+0000 7f56a54b7700 1 -- 172.21.15.87:0/73695328 <== mon.0 v2:172.21.15.87:3300/0 2 ==== config(27 keys) v1 ==== 1109+0+0 (secure 0 0 0) 0x7f569c004300 con 0x7f56a0108530
2024-03-21T08:47:34.668 INFO:teuthology.orchestra.run.smithi087.stdout:/usr/bin/ceph: stderr
2024-03-21T08:47:33.827+0000 7f56a54b7700 1 -- 172.21.15.87:0/73695328 <== mon.0 v2:172.21.15.87:3300/0 3 ==== mon_map magic: 0 v1 ==== 205+0+0 (secure 0 0 0) 0x7f569c011b50 con 0x7f56a0108530
2024-03-21T08:47:34.668 INFO:teuthology.orchestra.run.smithi087.stdout:/usr/bin/ceph: stderr
2024-03-21T08:47:33.827+0000 7f56a871d700 1 -- 172.21.15.87:0/73695328 >> [v2:172.21.15.87:3300/0,v1:172.21.15.87:6789/0] conn(0x7f56a0108530 msgr2=0x7f56a010a920 secure :-1 s=STATE_CONNECTION_ESTABLISHED l=1).mark_down
2024-03-21T08:47:34.668 INFO:teuthology.orchestra.run.smithi087.stdout:/usr/bin/ceph: stderr
2024-03-21T08:47:33.827+0000 7f56a871d700 1 --2- 172.21.15.87:0/73695328 >> [v2:172.21.15.87:3300/0,v1:172.21.15.87:6789/0] conn(0x7f56a0108530 0x7f56a010a920 secure :-1 s=READY pgs=37 cs=0 l=1 rev1=1 crypto rx=0x7f569c0098a0 tx=0x7f569c009bb0 comp rx=0 tx=0).stop
2024-03-21T08:47:34.668 INFO:teuthology.orchestra.run.smithi087.stdout:/usr/bin/ceph: stderr
2024-03-21T08:47:33.828+0000 7f56a871d700 1 -- 172.21.15.87:0/73695328 shutdown_connections
2024-03-21T08:47:34.668 INFO:teuthology.orchestra.run.smithi087.stdout:/usr/bin/ceph: stderr
2024-03-21T08:47:33.828+0000 7f56a871d700 1 --2- 172.21.15.87:0/73695328 >> [v2:172.21.15.87:3300/0,v1:172.21.15.87:6789/0] conn(0x7f56a0108530 0x7f56a010a920 unknown :-1 s=CLOSED pgs=37 cs=0 l=1 rev1=1 crypto rx=0 tx=0 comp rx=0 tx=0).stop
2024-03-21T08:47:34.668 INFO:teuthology.orchestra.run.smithi087.stdout:/usr/bin/ceph: stderr
2024-03-21T08:47:33.828+0000 7f56a871d700 1 -- 172.21.15.87:0/73695328 >> 172.21.15.87:0/73695328 conn(0x7f56a0101f40 msgr2=0x7f56a0104360 unknown :-1 s=STATE_NONE l=0).mark_down
2024-03-21T08:47:34.668 INFO:teuthology.orchestra.run.smithi087.stdout:/usr/bin/ceph: stderr
2024-03-21T08:47:33.828+0000 7f56a871d700 1 -- 172.21.15.87:0/73695328 shutdown_connections
2024-03-21T08:47:34.668 INFO:teuthology.orchestra.run.smithi087.stdout:/usr/bin/ceph: stderr
2024-03-21T08:47:33.828+0000 7f56a871d700 1 -- 172.21.15.87:0/73695328 wait complete.
2024-03-21T08:47:34.668 INFO:teuthology.orchestra.run.smithi087.stdout:/usr/bin/ceph: stderr
2024-03-21T08:47:33.828+0000 7f56a871d700 1 Processor -- start
2024-03-21T08:47:34.668 INFO:teuthology.orchestra.run.smithi087.stdout:/usr/bin/ceph: stderr
2024-03-21T08:47:33.828+0000 7f56a871d700 1 -- start start
2024-03-21T08:47:34.668 INFO:teuthology.orchestra.run.smithi087.stdout:/usr/bin/ceph: stderr
2024-03-21T08:47:33.828+0000 7f56a871d700 1 --2- >> [v2:172.21.15.87:3300/0,v1:172.21.15.87:6789/0] conn(0x7f56a0108530 0x7f56a019ba10 unknown :-1 s=NONE pgs=0 cs=0 l=1 rev1=0 crypto rx=0 tx=0 comp rx=0 tx=0).connect
2024-03-21T08:47:34.668 INFO:teuthology.orchestra.run.smithi087.stdout:/usr/bin/ceph: stderr
2024-03-21T08:47:33.828+0000 7f56a871d700 1 -- --> [v2:172.21.15.87:3300/0,v1:172.21.15.87:6789/0] -- mon_getmap magic: 0 v1 -- 0x7f56a010be80 con 0x7f56a0108530
2024-03-21T08:47:34.668 INFO:teuthology.orchestra.run.smithi087.stdout:/usr/bin/ceph: stderr
2024-03-21T08:47:33.829+0000 7f56a64b9700 1 --2- >> [v2:172.21.15.87:3300/0,v1:172.21.15.87:6789/0] conn(0x7f56a0108530 0x7f56a019ba10 unknown :-1 s=BANNER_CONNECTING pgs=0 cs=0 l=1 rev1=0 crypto rx=0 tx=0 comp rx=0 tx=0)._handle_peer_banner_payload supported=3 required=0
2024-03-21T08:47:34.668 INFO:teuthology.orchestra.run.smithi087.stdout:/usr/bin/ceph: stderr
2024-03-21T08:47:33.829+0000 7f56a64b9700 1 --2- >> [v2:172.21.15.87:3300/0,v1:172.21.15.87:6789/0] conn(0x7f56a0108530 0x7f56a019ba10 unknown :-1 s=HELLO_CONNECTING pgs=0 cs=0 l=1 rev1=1 crypto rx=0 tx=0 comp rx=0 tx=0).handle_hello peer v2:172.21.15.87:3300/0 says I am v2:172.21.15.87:42946/0 (socket says 172.21.15.87:42946)
2024-03-21T08:47:34.669 INFO:teuthology.orchestra.run.smithi087.stdout:/usr/bin/ceph: stderr
2024-03-21T08:47:33.829+0000 7f56a64b9700 1 -- 172.21.15.87:0/2388303026 learned_addr learned my addr 172.21.15.87:0/2388303026 (peer_addr_for_me v2:172.21.15.87:0/0)
2024-03-21T08:47:34.669 INFO:teuthology.orchestra.run.smithi087.stdout:/usr/bin/ceph: stderr
2024-03-21T08:47:33.829+0000 7f56a64b9700 1 -- 172.21.15.87:0/2388303026 --> [v2:172.21.15.87:3300/0,v1:172.21.15.87:6789/0] -- mon_subscribe({config=0+,monmap=0+}) v3 -- 0x7f56a019bf50 con 0x7f56a0108530
2024-03-21T08:47:34.669 INFO:teuthology.orchestra.run.smithi087.stdout:/usr/bin/ceph: stderr
2024-03-21T08:47:33.829+0000 7f56a64b9700 1 --2- 172.21.15.87:0/2388303026 >> [v2:172.21.15.87:3300/0,v1:172.21.15.87:6789/0] conn(0x7f56a0108530 0x7f56a019ba10 secure :-1 s=READY pgs=38 cs=0 l=1 rev1=1 crypto rx=0x7f569c011670 tx=0x7f569c011b60 comp rx=0 tx=0).ready entity=mon.0 client_cookie=0 server_cookie=0 in_seq=0 out_seq=0
2024-03-21T08:47:34.669 INFO:teuthology.orchestra.run.smithi087.stdout:/usr/bin/ceph: stderr
2024-03-21T08:47:33.829+0000 7f56977fe700 1 -- 172.21.15.87:0/2388303026 <== mon.0 v2:172.21.15.87:3300/0 1 ==== mon_map magic: 0 v1 ==== 205+0+0 (secure 0 0 0) 0x7f569c0039c0 con 0x7f56a0108530
2024-03-21T08:47:34.669 INFO:teuthology.orchestra.run.smithi087.stdout:/usr/bin/ceph: stderr
2024-03-21T08:47:33.829+0000 7f56977fe700 1 -- 172.21.15.87:0/2388303026 <== mon.0 v2:172.21.15.87:3300/0 2 ==== config(27 keys) v1 ==== 1109+0+0 (secure 0 0 0) 0x7f569c011e50 con 0x7f56a0108530
2024-03-21T08:47:34.669 INFO:teuthology.orchestra.run.smithi087.stdout:/usr/bin/ceph: stderr
2024-03-21T08:47:33.829+0000 7f56977fe700 1 -- 172.21.15.87:0/2388303026 <== mon.0 v2:172.21.15.87:3300/0 3 ==== mon_map magic: 0 v1 ==== 205+0+0 (secure 0 0 0) 0x7f569c01a5c0 con 0x7f56a0108530
2024-03-21T08:47:34.669 INFO:teuthology.orchestra.run.smithi087.stdout:/usr/bin/ceph: stderr
2024-03-21T08:47:33.829+0000 7f56a871d700 1 -- 172.21.15.87:0/2388303026 --> [v2:172.21.15.87:3300/0,v1:172.21.15.87:6789/0] -- mon_subscribe({mgrmap=0+}) v3 -- 0x7f56a019c1e0 con 0x7f56a0108530
2024-03-21T08:47:34.669 INFO:teuthology.orchestra.run.smithi087.stdout:/usr/bin/ceph: stderr
2024-03-21T08:47:33.829+0000 7f56a871d700 1 -- 172.21.15.87:0/2388303026 --> [v2:172.21.15.87:3300/0,v1:172.21.15.87:6789/0] -- mon_subscribe({osdmap=0}) v3 -- 0x7f56a019eed0 con 0x7f56a0108530
2024-03-21T08:47:34.669 INFO:teuthology.orchestra.run.smithi087.stdout:/usr/bin/ceph: stderr
2024-03-21T08:47:33.830+0000 7f56977fe700 1 -- 172.21.15.87:0/2388303026 <== mon.0 v2:172.21.15.87:3300/0 4 ==== mgrmap(e 7) v1 ==== 46188+0+0 (secure 0 0 0) 0x7f569c024430 con 0x7f56a0108530
2024-03-21T08:47:34.669 INFO:teuthology.orchestra.run.smithi087.stdout:/usr/bin/ceph: stderr
2024-03-21T08:47:33.830+0000 7f56a871d700 1 -- 172.21.15.87:0/2388303026 --> [v2:172.21.15.87:3300/0,v1:172.21.15.87:6789/0] -- mon_command({"prefix": "get_command_descriptions"} v 0) v1 -- 0x7f56a00637c0 con 0x7f56a0108530
2024-03-21T08:47:34.669 INFO:teuthology.orchestra.run.smithi087.stdout:/usr/bin/ceph: stderr
2024-03-21T08:47:33.830+0000 7f56977fe700 1 --2- 172.21.15.87:0/2388303026 >> [v2:172.21.15.87:6800/2393104803,v1:172.21.15.87:6801/2393104803] conn(0x7f568c039070 0x7f568c03b530 unknown :-1 s=NONE pgs=0 cs=0 l=1 rev1=0 crypto rx=0 tx=0 comp rx=0 tx=0).connect
2024-03-21T08:47:34.669 INFO:teuthology.orchestra.run.smithi087.stdout:/usr/bin/ceph: stderr
2024-03-21T08:47:33.830+0000 7f56977fe700 1 -- 172.21.15.87:0/2388303026 <== mon.0 v2:172.21.15.87:3300/0 5 ==== osd_map(2..2 src has 1..2) v4 ==== 940+0+0 (secure 0 0 0) 0x7f569c04d3d0 con 0x7f56a0108530
2024-03-21T08:47:34.670 INFO:teuthology.orchestra.run.smithi087.stdout:/usr/bin/ceph: stderr
2024-03-21T08:47:33.830+0000 7f56a5cb8700 1 --2- 172.21.15.87:0/2388303026 >> [v2:172.21.15.87:6800/2393104803,v1:172.21.15.87:6801/2393104803] conn(0x7f568c039070 0x7f568c03b530 unknown :-1 s=BANNER_CONNECTING pgs=0 cs=0 l=1 rev1=0 crypto rx=0 tx=0 comp rx=0 tx=0)._handle_peer_banner_payload supported=3 required=0
2024-03-21T08:47:34.670 INFO:teuthology.orchestra.run.smithi087.stdout:/usr/bin/ceph: stderr
2024-03-21T08:47:33.831+0000 7f56a5cb8700 1 --2- 172.21.15.87:0/2388303026 >> [v2:172.21.15.87:6800/2393104803,v1:172.21.15.87:6801/2393104803] conn(0x7f568c039070 0x7f568c03b530 secure :-1 s=READY pgs=7 cs=0 l=1 rev1=1 crypto rx=0x7f5690006fd0 tx=0x7f5690006e40 comp rx=0 tx=0).ready entity=mgr.14120 client_cookie=0 server_cookie=0 in_seq=0 out_seq=0
2024-03-21T08:47:34.670 INFO:teuthology.orchestra.run.smithi087.stdout:/usr/bin/ceph: stderr
2024-03-21T08:47:33.835+0000 7f56977fe700 1 -- 172.21.15.87:0/2388303026 <== mon.0 v2:172.21.15.87:3300/0 6 ==== mon_command_ack([{"prefix": "get_command_descriptions"}]=0 v0) v1 ==== 72+0+186149 (secure 0 0 0) 0x7f569c02d910 con 0x7f56a0108530
2024-03-21T08:47:34.670 INFO:teuthology.orchestra.run.smithi087.stdout:/usr/bin/ceph: stderr
2024-03-21T08:47:33.843+0000 7f56977fe700 1 -- 172.21.15.87:0/2388303026 <== mon.0 v2:172.21.15.87:3300/0 7 ==== mgrmap(e 8) v1 ==== 46294+0+0 (secure 0 0 0) 0x7f569c02d3f0 con 0x7f56a0108530
2024-03-21T08:47:34.670 INFO:teuthology.orchestra.run.smithi087.stdout:/usr/bin/ceph: stderr
2024-03-21T08:47:34.049+0000 7f56a871d700 1 -- 172.21.15.87:0/2388303026 --> [v2:172.21.15.87:6800/2393104803,v1:172.21.15.87:6801/2393104803] -- mgr_command(tid 0: {"prefix": "orch set backend", "module_name": "cephadm", "target": ["mon-mgr", ""]}) v1 -- 0x7f56a0103190 con 0x7f568c039070
2024-03-21T08:47:34.670 INFO:teuthology.orchestra.run.smithi087.stdout:/usr/bin/ceph: stderr
2024-03-21T08:47:34.056+0000 7f56977fe700 1 -- 172.21.15.87:0/2388303026 <== mgr.14120 v2:172.21.15.87:6800/2393104803 1 ==== mgr_command_reply(tid 0: 0 ) v1 ==== 8+0+0 (secure 0 0 0) 0x7f56a0103190 con 0x7f568c039070
2024-03-21T08:47:34.670 INFO:teuthology.orchestra.run.smithi087.stdout:/usr/bin/ceph: stderr
2024-03-21T08:47:34.058+0000 7f56a871d700 1 -- 172.21.15.87:0/2388303026 >> [v2:172.21.15.87:6800/2393104803,v1:172.21.15.87:6801/2393104803] conn(0x7f568c039070 msgr2=0x7f568c03b530 secure :-1 s=STATE_CONNECTION_ESTABLISHED l=1).mark_down
2024-03-21T08:47:34.670 INFO:teuthology.orchestra.run.smithi087.stdout:/usr/bin/ceph: stderr
2024-03-21T08:47:34.058+0000 7f56a871d700 1 --2- 172.21.15.87:0/2388303026 >> [v2:172.21.15.87:6800/2393104803,v1:172.21.15.87:6801/2393104803] conn(0x7f568c039070 0x7f568c03b530 secure :-1 s=READY pgs=7 cs=0 l=1 rev1=1 crypto rx=0x7f5690006fd0 tx=0x7f5690006e40 comp rx=0 tx=0).stop
2024-03-21T08:47:34.670 INFO:teuthology.orchestra.run.smithi087.stdout:/usr/bin/ceph: stderr
2024-03-21T08:47:34.058+0000 7f56a871d700 1 -- 172.21.15.87:0/2388303026 >> [v2:172.21.15.87:3300/0,v1:172.21.15.87:6789/0] conn(0x7f56a0108530 msgr2=0x7f56a019ba10 secure :-1 s=STATE_CONNECTION_ESTABLISHED l=1).mark_down
2024-03-21T08:47:34.670 INFO:teuthology.orchestra.run.smithi087.stdout:/usr/bin/ceph: stderr
2024-03-21T08:47:34.058+0000 7f56a871d700 1 --2- 172.21.15.87:0/2388303026 >> [v2:172.21.15.87:3300/0,v1:172.21.15.87:6789/0] conn(0x7f56a0108530 0x7f56a019ba10 secure :-1 s=READY pgs=38 cs=0 l=1 rev1=1 crypto rx=0x7f569c011670 tx=0x7f569c011b60 comp rx=0 tx=0).stop
2024-03-21T08:47:34.670 INFO:teuthology.orchestra.run.smithi087.stdout:/usr/bin/ceph: stderr
2024-03-21T08:47:34.058+0000 7f56a871d700 1 -- 172.21.15.87:0/2388303026 shutdown_connections
2024-03-21T08:47:34.670 INFO:teuthology.orchestra.run.smithi087.stdout:/usr/bin/ceph: stderr
2024-03-21T08:47:34.058+0000 7f56a871d700 1 --2- 172.21.15.87:0/2388303026 >> [v2:172.21.15.87:6800/2393104803,v1:172.21.15.87:6801/2393104803] conn(0x7f568c039070 0x7f568c03b530 unknown :-1 s=CLOSED pgs=7 cs=0 l=1 rev1=1 crypto rx=0 tx=0 comp rx=0 tx=0).stop
2024-03-21T08:47:34.670 INFO:teuthology.orchestra.run.smithi087.stdout:/usr/bin/ceph: stderr
2024-03-21T08:47:34.058+0000 7f56a871d700 1 --2- 172.21.15.87:0/2388303026 >> [v2:172.21.15.87:3300/0,v1:172.21.15.87:6789/0] conn(0x7f56a0108530 0x7f56a019ba10 unknown :-1 s=CLOSED pgs=38 cs=0 l=1 rev1=1 crypto rx=0 tx=0 comp rx=0 tx=0).stop
2024-03-21T08:47:34.671 INFO:teuthology.orchestra.run.smithi087.stdout:/usr/bin/ceph: stderr
2024-03-21T08:47:34.058+0000 7f56a871d700 1 -- 172.21.15.87:0/2388303026 >> 172.21.15.87:0/2388303026 conn(0x7f56a0101f40 msgr2=0x7f56a0102a80 unknown :-1 s=STATE_NONE l=0).mark_down
2024-03-21T08:47:34.671 INFO:teuthology.orchestra.run.smithi087.stdout:/usr/bin/ceph: stderr
2024-03-21T08:47:34.058+0000 7f56a871d700 1 -- 172.21.15.87:0/2388303026 shutdown_connections
2024-03-21T08:47:34.671 INFO:teuthology.orchestra.run.smithi087.stdout:/usr/bin/ceph: stderr
2024-03-21T08:47:34.058+0000 7f56a871d700 1 -- 172.21.15.87:0/2388303026 wait complete.
2024-03-21T08:47:34.970 INFO:journalctl@ceph.mon.a.smithi087.stdout:Mar 21 08:47:34 smithi087 ceph-mon[32385]: mgrmap e8: x(active, since 2s)
2024-03-21T08:47:34.970 INFO:journalctl@ceph.mon.a.smithi087.stdout:Mar 21 08:47:34 smithi087 ceph-mon[32385]: from='mgr.14120 172.21.15.87:0/292810794' entity='mgr.x'
2024-03-21T08:47:34.970 INFO:journalctl@ceph.mon.a.smithi087.stdout:Mar 21 08:47:34 smithi087 ceph-mon[32385]: from='mgr.14120 172.21.15.87:0/292810794' entity='mgr.x' cmd=[{"prefix": "config dump", "format": "json"}]: dispatch
2024-03-21T08:47:35.890 INFO:teuthology.orchestra.run.smithi087.stdout:/usr/bin/ceph: stdout value unchanged
2024-03-21T08:47:35.890 INFO:teuthology.orchestra.run.smithi087.stdout:/usr/bin/ceph: stderr
2024-03-21T08:47:35.071+0000 7f3a19c59700 1 Processor -- start
2024-03-21T08:47:35.890 INFO:teuthology.orchestra.run.smithi087.stdout:/usr/bin/ceph: stderr
2024-03-21T08:47:35.071+0000 7f3a19c59700 1 -- start start
2024-03-21T08:47:35.890 INFO:teuthology.orchestra.run.smithi087.stdout:/usr/bin/ceph: stderr
2024-03-21T08:47:35.071+0000 7f3a19c59700 1 --2- >> [v2:172.21.15.87:3300/0,v1:172.21.15.87:6789/0] conn(0x7f3a14107b50 0x7f3a14107f70 unknown :-1 s=NONE pgs=0 cs=0 l=0 rev1=0 crypto rx=0 tx=0 comp rx=0 tx=0).connect
2024-03-21T08:47:35.890 INFO:teuthology.orchestra.run.smithi087.stdout:/usr/bin/ceph: stderr
2024-03-21T08:47:35.071+0000 7f3a19c59700 1 -- --> [v2:172.21.15.87:3300/0,v1:172.21.15.87:6789/0] -- mon_getmap magic: 0 v1 -- 0x7f3a14108540 con 0x7f3a14107b50
2024-03-21T08:47:35.890 INFO:teuthology.orchestra.run.smithi087.stdout:/usr/bin/ceph: stderr
2024-03-21T08:47:35.072+0000 7f3a137fe700 1 --2- >> [v2:172.21.15.87:3300/0,v1:172.21.15.87:6789/0] conn(0x7f3a14107b50 0x7f3a14107f70 unknown :-1 s=BANNER_CONNECTING pgs=0 cs=0 l=0 rev1=0 crypto rx=0 tx=0 comp rx=0 tx=0)._handle_peer_banner_payload supported=3 required=0
2024-03-21T08:47:35.890 INFO:teuthology.orchestra.run.smithi087.stdout:/usr/bin/ceph: stderr
2024-03-21T08:47:35.072+0000 7f3a137fe700 1 --2- >> [v2:172.21.15.87:3300/0,v1:172.21.15.87:6789/0] conn(0x7f3a14107b50 0x7f3a14107f70 unknown :-1 s=HELLO_CONNECTING pgs=0 cs=0 l=0 rev1=1 crypto rx=0 tx=0 comp rx=0 tx=0).handle_hello peer v2:172.21.15.87:3300/0 says I am v2:172.21.15.87:42952/0 (socket says 172.21.15.87:42952)
2024-03-21T08:47:35.890 INFO:teuthology.orchestra.run.smithi087.stdout:/usr/bin/ceph: stderr
2024-03-21T08:47:35.072+0000 7f3a137fe700 1 -- 172.21.15.87:0/2311601376 learned_addr learned my addr 172.21.15.87:0/2311601376 (peer_addr_for_me v2:172.21.15.87:0/0)
2024-03-21T08:47:35.890 INFO:teuthology.orchestra.run.smithi087.stdout:/usr/bin/ceph: stderr
2024-03-21T08:47:35.072+0000 7f3a137fe700 1 -- 172.21.15.87:0/2311601376 --> [v2:172.21.15.87:3300/0,v1:172.21.15.87:6789/0] -- mon_subscribe({config=0+,monmap=0+}) v3 -- 0x7f3a14108d00 con 0x7f3a14107b50
2024-03-21T08:47:35.890 INFO:teuthology.orchestra.run.smithi087.stdout:/usr/bin/ceph: stderr
2024-03-21T08:47:35.072+0000 7f3a137fe700 1 --2- 172.21.15.87:0/2311601376 >> [v2:172.21.15.87:3300/0,v1:172.21.15.87:6789/0] conn(0x7f3a14107b50 0x7f3a14107f70 secure :-1 s=READY pgs=39 cs=0 l=1 rev1=1 crypto rx=0x7f3a040098a0 tx=0x7f3a04009bb0 comp rx=0 tx=0).ready entity=mon.0 client_cookie=dbb48e95e72b6b36 server_cookie=0 in_seq=0 out_seq=0
2024-03-21T08:47:35.890 INFO:teuthology.orchestra.run.smithi087.stdout:/usr/bin/ceph: stderr
