2024-03-21T08:48:01.137+0000 7f7b69c9b700 1 --2- 172.21.15.87:0/227735485 >> [v2:172.21.15.87:3300/0,v1:172.21.15.87:6789/0] conn(0x7f7b6407de50 0x7f7b6407c300 secure :-1 s=READY pgs=70 cs=0 l=1 rev1=1 crypto rx=0x7f7b600098a0 tx=0x7f7b60009bb0 comp rx=0 tx=0).ready entity=mon.0 client_cookie=7511ec29830940d3 server_cookie=0 in_seq=0 out_seq=0
2024-03-21T08:48:02.089 INFO:teuthology.orchestra.run.smithi087.stdout:/usr/bin/ceph: stderr
2024-03-21T08:48:01.137+0000 7f7b68c99700 1 -- 172.21.15.87:0/227735485 <== mon.0 v2:172.21.15.87:3300/0 1 ==== mon_map magic: 0 v1 ==== 205+0+0 (secure 0 0 0) 0x7f7b60004160 con 0x7f7b6407de50
2024-03-21T08:48:02.089 INFO:teuthology.orchestra.run.smithi087.stdout:/usr/bin/ceph: stderr
2024-03-21T08:48:01.137+0000 7f7b68c99700 1 -- 172.21.15.87:0/227735485 <== mon.0 v2:172.21.15.87:3300/0 2 ==== config(27 keys) v1 ==== 1140+0+0 (secure 0 0 0) 0x7f7b60004300 con 0x7f7b6407de50
2024-03-21T08:48:02.089 INFO:teuthology.orchestra.run.smithi087.stdout:/usr/bin/ceph: stderr
2024-03-21T08:48:01.137+0000 7f7b68c99700 1 -- 172.21.15.87:0/227735485 <== mon.0 v2:172.21.15.87:3300/0 3 ==== mon_map magic: 0 v1 ==== 205+0+0 (secure 0 0 0) 0x7f7b60011b20 con 0x7f7b6407de50
2024-03-21T08:48:02.089 INFO:teuthology.orchestra.run.smithi087.stdout:/usr/bin/ceph: stderr
2024-03-21T08:48:01.137+0000 7f7b6beff700 1 -- 172.21.15.87:0/227735485 >> [v2:172.21.15.87:3300/0,v1:172.21.15.87:6789/0] conn(0x7f7b6407de50 msgr2=0x7f7b6407c300 secure :-1 s=STATE_CONNECTION_ESTABLISHED l=1).mark_down
2024-03-21T08:48:02.089 INFO:teuthology.orchestra.run.smithi087.stdout:/usr/bin/ceph: stderr
2024-03-21T08:48:01.137+0000 7f7b6beff700 1 --2- 172.21.15.87:0/227735485 >> [v2:172.21.15.87:3300/0,v1:172.21.15.87:6789/0] conn(0x7f7b6407de50 0x7f7b6407c300 secure :-1 s=READY pgs=70 cs=0 l=1 rev1=1 crypto rx=0x7f7b600098a0 tx=0x7f7b60009bb0 comp rx=0 tx=0).stop
2024-03-21T08:48:02.090 INFO:teuthology.orchestra.run.smithi087.stdout:/usr/bin/ceph: stderr
2024-03-21T08:48:01.137+0000 7f7b6beff700 1 -- 172.21.15.87:0/227735485 shutdown_connections
2024-03-21T08:48:02.090 INFO:teuthology.orchestra.run.smithi087.stdout:/usr/bin/ceph: stderr
2024-03-21T08:48:01.137+0000 7f7b6beff700 1 --2- 172.21.15.87:0/227735485 >> [v2:172.21.15.87:3300/0,v1:172.21.15.87:6789/0] conn(0x7f7b6407de50 0x7f7b6407c300 unknown :-1 s=CLOSED pgs=70 cs=0 l=1 rev1=1 crypto rx=0 tx=0 comp rx=0 tx=0).stop
2024-03-21T08:48:02.090 INFO:teuthology.orchestra.run.smithi087.stdout:/usr/bin/ceph: stderr
2024-03-21T08:48:01.137+0000 7f7b6beff700 1 -- 172.21.15.87:0/227735485 >> 172.21.15.87:0/227735485 conn(0x7f7b64103130 msgr2=0x7f7b64105550 unknown :-1 s=STATE_NONE l=0).mark_down
2024-03-21T08:48:02.090 INFO:teuthology.orchestra.run.smithi087.stdout:/usr/bin/ceph: stderr
2024-03-21T08:48:01.138+0000 7f7b6beff700 1 -- 172.21.15.87:0/227735485 shutdown_connections
2024-03-21T08:48:02.090 INFO:teuthology.orchestra.run.smithi087.stdout:/usr/bin/ceph: stderr
2024-03-21T08:48:01.138+0000 7f7b6beff700 1 -- 172.21.15.87:0/227735485 wait complete.
2024-03-21T08:48:02.090 INFO:teuthology.orchestra.run.smithi087.stdout:/usr/bin/ceph: stderr
2024-03-21T08:48:01.138+0000 7f7b6beff700 1 Processor -- start
2024-03-21T08:48:02.090 INFO:teuthology.orchestra.run.smithi087.stdout:/usr/bin/ceph: stderr
2024-03-21T08:48:01.138+0000 7f7b6beff700 1 -- start start
2024-03-21T08:48:02.090 INFO:teuthology.orchestra.run.smithi087.stdout:/usr/bin/ceph: stderr
2024-03-21T08:48:01.138+0000 7f7b6beff700 1 --2- >> [v2:172.21.15.87:3300/0,v1:172.21.15.87:6789/0] conn(0x7f7b6407de50 0x7f7b6419dcd0 unknown :-1 s=NONE pgs=0 cs=0 l=1 rev1=0 crypto rx=0 tx=0 comp rx=0 tx=0).connect
2024-03-21T08:48:02.090 INFO:teuthology.orchestra.run.smithi087.stdout:/usr/bin/ceph: stderr
2024-03-21T08:48:01.138+0000 7f7b6beff700 1 -- --> [v2:172.21.15.87:3300/0,v1:172.21.15.87:6789/0] -- mon_getmap magic: 0 v1 -- 0x7f7b6410e110 con 0x7f7b6407de50
2024-03-21T08:48:02.090 INFO:teuthology.orchestra.run.smithi087.stdout:/usr/bin/ceph: stderr
2024-03-21T08:48:01.138+0000 7f7b69c9b700 1 --2- >> [v2:172.21.15.87:3300/0,v1:172.21.15.87:6789/0] conn(0x7f7b6407de50 0x7f7b6419dcd0 unknown :-1 s=BANNER_CONNECTING pgs=0 cs=0 l=1 rev1=0 crypto rx=0 tx=0 comp rx=0 tx=0)._handle_peer_banner_payload supported=3 required=0
2024-03-21T08:48:02.090 INFO:teuthology.orchestra.run.smithi087.stdout:/usr/bin/ceph: stderr
2024-03-21T08:48:01.138+0000 7f7b69c9b700 1 --2- >> [v2:172.21.15.87:3300/0,v1:172.21.15.87:6789/0] conn(0x7f7b6407de50 0x7f7b6419dcd0 unknown :-1 s=HELLO_CONNECTING pgs=0 cs=0 l=1 rev1=1 crypto rx=0 tx=0 comp rx=0 tx=0).handle_hello peer v2:172.21.15.87:3300/0 says I am v2:172.21.15.87:49270/0 (socket says 172.21.15.87:49270)
2024-03-21T08:48:02.091 INFO:teuthology.orchestra.run.smithi087.stdout:/usr/bin/ceph: stderr
2024-03-21T08:48:01.138+0000 7f7b69c9b700 1 -- 172.21.15.87:0/1494214773 learned_addr learned my addr 172.21.15.87:0/1494214773 (peer_addr_for_me v2:172.21.15.87:0/0)
2024-03-21T08:48:02.091 INFO:teuthology.orchestra.run.smithi087.stdout:/usr/bin/ceph: stderr
2024-03-21T08:48:01.139+0000 7f7b69c9b700 1 -- 172.21.15.87:0/1494214773 --> [v2:172.21.15.87:3300/0,v1:172.21.15.87:6789/0] -- mon_subscribe({config=0+,monmap=0+}) v3 -- 0x7f7b6419e210 con 0x7f7b6407de50
2024-03-21T08:48:02.091 INFO:teuthology.orchestra.run.smithi087.stdout:/usr/bin/ceph: stderr
2024-03-21T08:48:01.139+0000 7f7b69c9b700 1 --2- 172.21.15.87:0/1494214773 >> [v2:172.21.15.87:3300/0,v1:172.21.15.87:6789/0] conn(0x7f7b6407de50 0x7f7b6419dcd0 secure :-1 s=READY pgs=71 cs=0 l=1 rev1=1 crypto rx=0x7f7b600116a0 tx=0x7f7b60011c10 comp rx=0 tx=0).ready entity=mon.0 client_cookie=0 server_cookie=0 in_seq=0 out_seq=0
2024-03-21T08:48:02.091 INFO:teuthology.orchestra.run.smithi087.stdout:/usr/bin/ceph: stderr
2024-03-21T08:48:01.139+0000 7f7b5affd700 1 -- 172.21.15.87:0/1494214773 <== mon.0 v2:172.21.15.87:3300/0 1 ==== mon_map magic: 0 v1 ==== 205+0+0 (secure 0 0 0) 0x7f7b60003ac0 con 0x7f7b6407de50
2024-03-21T08:48:02.091 INFO:teuthology.orchestra.run.smithi087.stdout:/usr/bin/ceph: stderr
2024-03-21T08:48:01.139+0000 7f7b5affd700 1 -- 172.21.15.87:0/1494214773 <== mon.0 v2:172.21.15.87:3300/0 2 ==== config(27 keys) v1 ==== 1140+0+0 (secure 0 0 0) 0x7f7b60003c60 con 0x7f7b6407de50
2024-03-21T08:48:02.091 INFO:teuthology.orchestra.run.smithi087.stdout:/usr/bin/ceph: stderr
2024-03-21T08:48:01.139+0000 7f7b6beff700 1 -- 172.21.15.87:0/1494214773 --> [v2:172.21.15.87:3300/0,v1:172.21.15.87:6789/0] -- mon_subscribe({mgrmap=0+}) v3 -- 0x7f7b6419e4a0 con 0x7f7b6407de50
2024-03-21T08:48:02.091 INFO:teuthology.orchestra.run.smithi087.stdout:/usr/bin/ceph: stderr
2024-03-21T08:48:01.139+0000 7f7b5affd700 1 -- 172.21.15.87:0/1494214773 <== mon.0 v2:172.21.15.87:3300/0 3 ==== mon_map magic: 0 v1 ==== 205+0+0 (secure 0 0 0) 0x7f7b6001a7d0 con 0x7f7b6407de50
2024-03-21T08:48:02.091 INFO:teuthology.orchestra.run.smithi087.stdout:/usr/bin/ceph: stderr
2024-03-21T08:48:01.139+0000 7f7b6beff700 1 -- 172.21.15.87:0/1494214773 --> [v2:172.21.15.87:3300/0,v1:172.21.15.87:6789/0] -- mon_subscribe({osdmap=0}) v3 -- 0x7f7b6419e900 con 0x7f7b6407de50
2024-03-21T08:48:02.091 INFO:teuthology.orchestra.run.smithi087.stdout:/usr/bin/ceph: stderr
2024-03-21T08:48:01.140+0000 7f7b5affd700 1 -- 172.21.15.87:0/1494214773 <== mon.0 v2:172.21.15.87:3300/0 4 ==== mgrmap(e 12) v1 ==== 46307+0+0 (secure 0 0 0) 0x7f7b6001aad0 con 0x7f7b6407de50
2024-03-21T08:48:02.091 INFO:teuthology.orchestra.run.smithi087.stdout:/usr/bin/ceph: stderr
2024-03-21T08:48:01.140+0000 7f7b5affd700 1 --2- 172.21.15.87:0/1494214773 >> [v2:172.21.15.87:6800/1005139006,v1:172.21.15.87:6801/1005139006] conn(0x7f7b50039180 0x7f7b5003b640 unknown :-1 s=NONE pgs=0 cs=0 l=1 rev1=0 crypto rx=0 tx=0 comp rx=0 tx=0).connect
2024-03-21T08:48:02.091 INFO:teuthology.orchestra.run.smithi087.stdout:/usr/bin/ceph: stderr
2024-03-21T08:48:01.140+0000 7f7b5affd700 1 -- 172.21.15.87:0/1494214773 <== mon.0 v2:172.21.15.87:3300/0 5 ==== osd_map(3..3 src has 1..3) v4 ==== 1155+0+0 (secure 0 0 0) 0x7f7b6004d880 con 0x7f7b6407de50
2024-03-21T08:48:02.092 INFO:teuthology.orchestra.run.smithi087.stdout:/usr/bin/ceph: stderr
2024-03-21T08:48:01.140+0000 7f7b6949a700 1 --2- 172.21.15.87:0/1494214773 >> [v2:172.21.15.87:6800/1005139006,v1:172.21.15.87:6801/1005139006] conn(0x7f7b50039180 0x7f7b5003b640 unknown :-1 s=BANNER_CONNECTING pgs=0 cs=0 l=1 rev1=0 crypto rx=0 tx=0 comp rx=0 tx=0)._handle_peer_banner_payload supported=3 required=0
2024-03-21T08:48:02.092 INFO:teuthology.orchestra.run.smithi087.stdout:/usr/bin/ceph: stderr
2024-03-21T08:48:01.140+0000 7f7b6beff700 1 -- 172.21.15.87:0/1494214773 --> [v2:172.21.15.87:3300/0,v1:172.21.15.87:6789/0] -- mon_command({"prefix": "get_command_descriptions"} v 0) v1 -- 0x7f7b64069250 con 0x7f7b6407de50
2024-03-21T08:48:02.092 INFO:teuthology.orchestra.run.smithi087.stdout:/usr/bin/ceph: stderr
2024-03-21T08:48:01.140+0000 7f7b6949a700 1 --2- 172.21.15.87:0/1494214773 >> [v2:172.21.15.87:6800/1005139006,v1:172.21.15.87:6801/1005139006] conn(0x7f7b50039180 0x7f7b5003b640 secure :-1 s=READY pgs=7 cs=0 l=1 rev1=1 crypto rx=0x7f7b54006fd0 tx=0x7f7b54006e40 comp rx=0 tx=0).ready entity=mgr.14152 client_cookie=0 server_cookie=0 in_seq=0 out_seq=0
2024-03-21T08:48:02.092 INFO:teuthology.orchestra.run.smithi087.stdout:/usr/bin/ceph: stderr
2024-03-21T08:48:01.145+0000 7f7b5affd700 1 -- 172.21.15.87:0/1494214773 <== mon.0 v2:172.21.15.87:3300/0 6 ==== mon_command_ack([{"prefix": "get_command_descriptions"}]=0 v0) v1 ==== 72+0+186149 (secure 0 0 0) 0x7f7b60011e20 con 0x7f7b6407de50
2024-03-21T08:48:02.092 INFO:teuthology.orchestra.run.smithi087.stdout:/usr/bin/ceph: stderr
2024-03-21T08:48:01.356+0000 7f7b6beff700 1 -- 172.21.15.87:0/1494214773 --> [v2:172.21.15.87:6800/1005139006,v1:172.21.15.87:6801/1005139006] -- mgr_command(tid 0: {"prefix": "dashboard create-self-signed-cert", "target": ["mon-mgr", ""]}) v1 -- 0x7f7b641042f0 con 0x7f7b50039180
2024-03-21T08:48:02.092 INFO:teuthology.orchestra.run.smithi087.stdout:/usr/bin/ceph: stderr
2024-03-21T08:48:01.459+0000 7f7b5affd700 1 -- 172.21.15.87:0/1494214773 <== mgr.14152 v2:172.21.15.87:6800/1005139006 1 ==== mgr_command_reply(tid 0: 0 ) v1 ==== 8+0+32 (secure 0 0 0) 0x7f7b641042f0 con 0x7f7b50039180
2024-03-21T08:48:02.092 INFO:teuthology.orchestra.run.smithi087.stdout:/usr/bin/ceph: stderr
2024-03-21T08:48:01.461+0000 7f7b6beff700 1 -- 172.21.15.87:0/1494214773 >> [v2:172.21.15.87:6800/1005139006,v1:172.21.15.87:6801/1005139006] conn(0x7f7b50039180 msgr2=0x7f7b5003b640 secure :-1 s=STATE_CONNECTION_ESTABLISHED l=1).mark_down
2024-03-21T08:48:02.092 INFO:teuthology.orchestra.run.smithi087.stdout:/usr/bin/ceph: stderr
2024-03-21T08:48:01.461+0000 7f7b6beff700 1 --2- 172.21.15.87:0/1494214773 >> [v2:172.21.15.87:6800/1005139006,v1:172.21.15.87:6801/1005139006] conn(0x7f7b50039180 0x7f7b5003b640 secure :-1 s=READY pgs=7 cs=0 l=1 rev1=1 crypto rx=0x7f7b54006fd0 tx=0x7f7b54006e40 comp rx=0 tx=0).stop
2024-03-21T08:48:02.092 INFO:teuthology.orchestra.run.smithi087.stdout:/usr/bin/ceph: stderr
2024-03-21T08:48:01.461+0000 7f7b6beff700 1 -- 172.21.15.87:0/1494214773 >> [v2:172.21.15.87:3300/0,v1:172.21.15.87:6789/0] conn(0x7f7b6407de50 msgr2=0x7f7b6419dcd0 secure :-1 s=STATE_CONNECTION_ESTABLISHED l=1).mark_down
2024-03-21T08:48:02.092 INFO:teuthology.orchestra.run.smithi087.stdout:/usr/bin/ceph: stderr
2024-03-21T08:48:01.461+0000 7f7b6beff700 1 --2- 172.21.15.87:0/1494214773 >> [v2:172.21.15.87:3300/0,v1:172.21.15.87:6789/0] conn(0x7f7b6407de50 0x7f7b6419dcd0 secure :-1 s=READY pgs=71 cs=0 l=1 rev1=1 crypto rx=0x7f7b600116a0 tx=0x7f7b60011c10 comp rx=0 tx=0).stop
2024-03-21T08:48:02.093 INFO:teuthology.orchestra.run.smithi087.stdout:/usr/bin/ceph: stderr
2024-03-21T08:48:01.461+0000 7f7b6beff700 1 -- 172.21.15.87:0/1494214773 shutdown_connections
2024-03-21T08:48:02.093 INFO:teuthology.orchestra.run.smithi087.stdout:/usr/bin/ceph: stderr
2024-03-21T08:48:01.461+0000 7f7b6beff700 1 --2- 172.21.15.87:0/1494214773 >> [v2:172.21.15.87:6800/1005139006,v1:172.21.15.87:6801/1005139006] conn(0x7f7b50039180 0x7f7b5003b640 unknown :-1 s=CLOSED pgs=7 cs=0 l=1 rev1=1 crypto rx=0 tx=0 comp rx=0 tx=0).stop
2024-03-21T08:48:02.093 INFO:teuthology.orchestra.run.smithi087.stdout:/usr/bin/ceph: stderr
2024-03-21T08:48:01.461+0000 7f7b6beff700 1 --2- 172.21.15.87:0/1494214773 >> [v2:172.21.15.87:3300/0,v1:172.21.15.87:6789/0] conn(0x7f7b6407de50 0x7f7b6419dcd0 unknown :-1 s=CLOSED pgs=71 cs=0 l=1 rev1=1 crypto rx=0 tx=0 comp rx=0 tx=0).stop
2024-03-21T08:48:02.093 INFO:teuthology.orchestra.run.smithi087.stdout:/usr/bin/ceph: stderr
2024-03-21T08:48:01.461+0000 7f7b6beff700 1 -- 172.21.15.87:0/1494214773 >> 172.21.15.87:0/1494214773 conn(0x7f7b64103130 msgr2=0x7f7b64103be0 unknown :-1 s=STATE_NONE l=0).mark_down
2024-03-21T08:48:02.093 INFO:teuthology.orchestra.run.smithi087.stdout:/usr/bin/ceph: stderr
2024-03-21T08:48:01.461+0000 7f7b6beff700 1 -- 172.21.15.87:0/1494214773 shutdown_connections
2024-03-21T08:48:02.093 INFO:teuthology.orchestra.run.smithi087.stdout:/usr/bin/ceph: stderr
2024-03-21T08:48:01.461+0000 7f7b6beff700 1 -- 172.21.15.87:0/1494214773 wait complete.
2024-03-21T08:48:02.093 INFO:teuthology.orchestra.run.smithi087.stdout:Creating initial admin user...
2024-03-21T08:48:03.088 INFO:journalctl@ceph.mon.a.smithi087.stdout:Mar 21 08:48:02 smithi087 ceph-mon[32385]: from='client.14164 -' entity='client.admin' cmd=[{"prefix": "dashboard create-self-signed-cert", "target": ["mon-mgr", ""]}]: dispatch
2024-03-21T08:48:03.089 INFO:journalctl@ceph.mon.a.smithi087.stdout:Mar 21 08:48:02 smithi087 ceph-mon[32385]: from='mgr.14152 172.21.15.87:0/3566907055' entity='mgr.x'
2024-03-21T08:48:03.642 INFO:teuthology.orchestra.run.smithi087.stdout:/usr/bin/ceph: stdout {"username": "admin", "password": "$2b$12$bml30D/A9zt4ctqsqFXm8eym23xDrvyCAbuP9iBI.Oc4ZHAkwMTHC", "roles": ["administrator"], "name": null, "email": null, "lastUpdate": 1711010883, "enabled": true, "pwdExpirationDate": null, "pwdUpdateRequired": true}
2024-03-21T08:48:03.645 INFO:teuthology.orchestra.run.smithi087.stdout:/usr/bin/ceph: stderr
2024-03-21T08:48:02.566+0000 7f15d8e9c700 1 Processor -- start
2024-03-21T08:48:03.646 INFO:teuthology.orchestra.run.smithi087.stdout:/usr/bin/ceph: stderr
2024-03-21T08:48:02.566+0000 7f15d8e9c700 1 -- start start
2024-03-21T08:48:03.646 INFO:teuthology.orchestra.run.smithi087.stdout:/usr/bin/ceph: stderr
2024-03-21T08:48:02.566+0000 7f15d8e9c700 1 --2- >> [v2:172.21.15.87:3300/0,v1:172.21.15.87:6789/0] conn(0x7f15d4106390 0x7f15d41067b0 unknown :-1 s=NONE pgs=0 cs=0 l=0 rev1=0 crypto rx=0 tx=0 comp rx=0 tx=0).connect
2024-03-21T08:48:03.646 INFO:teuthology.orchestra.run.smithi087.stdout:/usr/bin/ceph: stderr
2024-03-21T08:48:02.566+0000 7f15d8e9c700 1 -- --> [v2:172.21.15.87:3300/0,v1:172.21.15.87:6789/0] -- mon_getmap magic: 0 v1 -- 0x7f15d407be50 con 0x7f15d4106390
2024-03-21T08:48:03.646 INFO:teuthology.orchestra.run.smithi087.stdout:/usr/bin/ceph: stderr
2024-03-21T08:48:02.566+0000 7f15d259c700 1 --2- >> [v2:172.21.15.87:3300/0,v1:172.21.15.87:6789/0] conn(0x7f15d4106390 0x7f15d41067b0 unknown :-1 s=BANNER_CONNECTING pgs=0 cs=0 l=0 rev1=0 crypto rx=0 tx=0 comp rx=0 tx=0)._handle_peer_banner_payload supported=3 required=0
2024-03-21T08:48:03.646 INFO:teuthology.orchestra.run.smithi087.stdout:/usr/bin/ceph: stderr
2024-03-21T08:48:02.566+0000 7f15d259c700 1 --2- >> [v2:172.21.15.87:3300/0,v1:172.21.15.87:6789/0] conn(0x7f15d4106390 0x7f15d41067b0 unknown :-1 s=HELLO_CONNECTING pgs=0 cs=0 l=0 rev1=1 crypto rx=0 tx=0 comp rx=0 tx=0).handle_hello peer v2:172.21.15.87:3300/0 says I am v2:172.21.15.87:49282/0 (socket says 172.21.15.87:49282)
2024-03-21T08:48:03.646 INFO:teuthology.orchestra.run.smithi087.stdout:/usr/bin/ceph: stderr
2024-03-21T08:48:02.566+0000 7f15d259c700 1 -- 172.21.15.87:0/829272464 learned_addr learned my addr 172.21.15.87:0/829272464 (peer_addr_for_me v2:172.21.15.87:0/0)
2024-03-21T08:48:03.646 INFO:teuthology.orchestra.run.smithi087.stdout:/usr/bin/ceph: stderr
2024-03-21T08:48:02.567+0000 7f15d259c700 1 -- 172.21.15.87:0/829272464 --> [v2:172.21.15.87:3300/0,v1:172.21.15.87:6789/0] -- mon_subscribe({config=0+,monmap=0+}) v3 -- 0x7f15d4106cf0 con 0x7f15d4106390
2024-03-21T08:48:03.646 INFO:teuthology.orchestra.run.smithi087.stdout:/usr/bin/ceph: stderr
2024-03-21T08:48:02.567+0000 7f15d259c700 1 --2- 172.21.15.87:0/829272464 >> [v2:172.21.15.87:3300/0,v1:172.21.15.87:6789/0] conn(0x7f15d4106390 0x7f15d41067b0 secure :-1 s=READY pgs=72 cs=0 l=1 rev1=1 crypto rx=0x7f15c40098a0 tx=0x7f15c4009bb0 comp rx=0 tx=0).ready entity=mon.0 client_cookie=e61391910529050d server_cookie=0 in_seq=0 out_seq=0
2024-03-21T08:48:03.646 INFO:teuthology.orchestra.run.smithi087.stdout:/usr/bin/ceph: stderr
2024-03-21T08:48:02.567+0000 7f15d159a700 1 -- 172.21.15.87:0/829272464 <== mon.0 v2:172.21.15.87:3300/0 1 ==== mon_map magic: 0 v1 ==== 205+0+0 (secure 0 0 0) 0x7f15c4004160 con 0x7f15d4106390
2024-03-21T08:48:03.646 INFO:teuthology.orchestra.run.smithi087.stdout:/usr/bin/ceph: stderr
2024-03-21T08:48:02.567+0000 7f15d159a700 1 -- 172.21.15.87:0/829272464 <== mon.0 v2:172.21.15.87:3300/0 2 ==== config(27 keys) v1 ==== 1140+0+0 (secure 0 0 0) 0x7f15c4004300 con 0x7f15d4106390
2024-03-21T08:48:03.646 INFO:teuthology.orchestra.run.smithi087.stdout:/usr/bin/ceph: stderr
2024-03-21T08:48:02.567+0000 7f15d159a700 1 -- 172.21.15.87:0/829272464 <== mon.0 v2:172.21.15.87:3300/0 3 ==== mon_map magic: 0 v1 ==== 205+0+0 (secure 0 0 0) 0x7f15c4011b20 con 0x7f15d4106390
2024-03-21T08:48:03.646 INFO:teuthology.orchestra.run.smithi087.stdout:/usr/bin/ceph: stderr
2024-03-21T08:48:02.568+0000 7f15d8e9c700 1 -- 172.21.15.87:0/829272464 >> [v2:172.21.15.87:3300/0,v1:172.21.15.87:6789/0] conn(0x7f15d4106390 msgr2=0x7f15d41067b0 secure :-1 s=STATE_CONNECTION_ESTABLISHED l=1).mark_down
2024-03-21T08:48:03.647 INFO:teuthology.orchestra.run.smithi087.stdout:/usr/bin/ceph: stderr
2024-03-21T08:48:02.568+0000 7f15d8e9c700 1 --2- 172.21.15.87:0/829272464 >> [v2:172.21.15.87:3300/0,v1:172.21.15.87:6789/0] conn(0x7f15d4106390 0x7f15d41067b0 secure :-1 s=READY pgs=72 cs=0 l=1 rev1=1 crypto rx=0x7f15c40098a0 tx=0x7f15c4009bb0 comp rx=0 tx=0).stop
2024-03-21T08:48:03.647 INFO:teuthology.orchestra.run.smithi087.stdout:/usr/bin/ceph: stderr
2024-03-21T08:48:02.568+0000 7f15d8e9c700 1 -- 172.21.15.87:0/829272464 shutdown_connections
2024-03-21T08:48:03.647 INFO:teuthology.orchestra.run.smithi087.stdout:/usr/bin/ceph: stderr
2024-03-21T08:48:02.568+0000 7f15d8e9c700 1 --2- 172.21.15.87:0/829272464 >> [v2:172.21.15.87:3300/0,v1:172.21.15.87:6789/0] conn(0x7f15d4106390 0x7f15d41067b0 unknown :-1 s=CLOSED pgs=72 cs=0 l=1 rev1=1 crypto rx=0 tx=0 comp rx=0 tx=0).stop
2024-03-21T08:48:03.647 INFO:teuthology.orchestra.run.smithi087.stdout:/usr/bin/ceph: stderr
2024-03-21T08:48:02.568+0000 7f15d8e9c700 1 -- 172.21.15.87:0/829272464 >> 172.21.15.87:0/829272464 conn(0x7f15d4101f50 msgr2=0x7f15d4104390 unknown :-1 s=STATE_NONE l=0).mark_down
2024-03-21T08:48:03.647 INFO:teuthology.orchestra.run.smithi087.stdout:/usr/bin/ceph: stderr
2024-03-21T08:48:02.568+0000 7f15d8e9c700 1 -- 172.21.15.87:0/829272464 shutdown_connections
2024-03-21T08:48:03.647 INFO:teuthology.orchestra.run.smithi087.stdout:/usr/bin/ceph: stderr
2024-03-21T08:48:02.568+0000 7f15d8e9c700 1 -- 172.21.15.87:0/829272464 wait complete.
2024-03-21T08:48:03.647 INFO:teuthology.orchestra.run.smithi087.stdout:/usr/bin/ceph: stderr
2024-03-21T08:48:02.568+0000 7f15d8e9c700 1 Processor -- start
2024-03-21T08:48:03.647 INFO:teuthology.orchestra.run.smithi087.stdout:/usr/bin/ceph: stderr
2024-03-21T08:48:02.568+0000 7f15d8e9c700 1 -- start start
2024-03-21T08:48:03.647 INFO:teuthology.orchestra.run.smithi087.stdout:/usr/bin/ceph: stderr
2024-03-21T08:48:02.569+0000 7f15d8e9c700 1 --2- >> [v2:172.21.15.87:3300/0,v1:172.21.15.87:6789/0] conn(0x7f15d4106390 0x7f15d419dc40 unknown :-1 s=NONE pgs=0 cs=0 l=1 rev1=0 crypto rx=0 tx=0 comp rx=0 tx=0).connect
2024-03-21T08:48:03.647 INFO:teuthology.orchestra.run.smithi087.stdout:/usr/bin/ceph: stderr
2024-03-21T08:48:02.569+0000 7f15d8e9c700 1 -- --> [v2:172.21.15.87:3300/0,v1:172.21.15.87:6789/0] -- mon_getmap magic: 0 v1 -- 0x7f15d4107dc0 con 0x7f15d4106390
2024-03-21T08:48:03.647 INFO:teuthology.orchestra.run.smithi087.stdout:/usr/bin/ceph: stderr
2024-03-21T08:48:02.569+0000 7f15d259c700 1 --2- >> [v2:172.21.15.87:3300/0,v1:172.21.15.87:6789/0] conn(0x7f15d4106390 0x7f15d419dc40 unknown :-1 s=BANNER_CONNECTING pgs=0 cs=0 l=1 rev1=0 crypto rx=0 tx=0 comp rx=0 tx=0)._handle_peer_banner_payload supported=3 required=0
2024-03-21T08:48:03.647 INFO:teuthology.orchestra.run.smithi087.stdout:/usr/bin/ceph: stderr
2024-03-21T08:48:02.569+0000 7f15d259c700 1 --2- >> [v2:172.21.15.87:3300/0,v1:172.21.15.87:6789/0] conn(0x7f15d4106390 0x7f15d419dc40 unknown :-1 s=HELLO_CONNECTING pgs=0 cs=0 l=1 rev1=1 crypto rx=0 tx=0 comp rx=0 tx=0).handle_hello peer v2:172.21.15.87:3300/0 says I am v2:172.21.15.87:49284/0 (socket says 172.21.15.87:49284)
2024-03-21T08:48:03.647 INFO:teuthology.orchestra.run.smithi087.stdout:/usr/bin/ceph: stderr
2024-03-21T08:48:02.569+0000 7f15d259c700 1 -- 172.21.15.87:0/1797397541 learned_addr learned my addr 172.21.15.87:0/1797397541 (peer_addr_for_me v2:172.21.15.87:0/0)
2024-03-21T08:48:03.648 INFO:teuthology.orchestra.run.smithi087.stdout:/usr/bin/ceph: stderr
2024-03-21T08:48:02.569+0000 7f15d259c700 1 -- 172.21.15.87:0/1797397541 --> [v2:172.21.15.87:3300/0,v1:172.21.15.87:6789/0] -- mon_subscribe({config=0+,monmap=0+}) v3 -- 0x7f15d419e180 con 0x7f15d4106390
2024-03-21T08:48:03.648 INFO:teuthology.orchestra.run.smithi087.stdout:/usr/bin/ceph: stderr
2024-03-21T08:48:02.569+0000 7f15d259c700 1 --2- 172.21.15.87:0/1797397541 >> [v2:172.21.15.87:3300/0,v1:172.21.15.87:6789/0] conn(0x7f15d4106390 0x7f15d419dc40 secure :-1 s=READY pgs=73 cs=0 l=1 rev1=1 crypto rx=0x7f15c4011b60 tx=0x7f15c4011c40 comp rx=0 tx=0).ready entity=mon.0 client_cookie=0 server_cookie=0 in_seq=0 out_seq=0
2024-03-21T08:48:03.648 INFO:teuthology.orchestra.run.smithi087.stdout:/usr/bin/ceph: stderr
2024-03-21T08:48:02.569+0000 7f15c37fe700 1 -- 172.21.15.87:0/1797397541 <== mon.0 v2:172.21.15.87:3300/0 1 ==== mon_map magic: 0 v1 ==== 205+0+0 (secure 0 0 0) 0x7f15c4003b60 con 0x7f15d4106390
2024-03-21T08:48:03.648 INFO:teuthology.orchestra.run.smithi087.stdout:/usr/bin/ceph: stderr
2024-03-21T08:48:02.569+0000 7f15c37fe700 1 -- 172.21.15.87:0/1797397541 <== mon.0 v2:172.21.15.87:3300/0 2 ==== config(27 keys) v1 ==== 1140+0+0 (secure 0 0 0) 0x7f15c401a910 con 0x7f15d4106390
2024-03-21T08:48:03.648 INFO:teuthology.orchestra.run.smithi087.stdout:/usr/bin/ceph: stderr
2024-03-21T08:48:02.569+0000 7f15d8e9c700 1 -- 172.21.15.87:0/1797397541 --> [v2:172.21.15.87:3300/0,v1:172.21.15.87:6789/0] -- mon_subscribe({mgrmap=0+}) v3 -- 0x7f15d419e410 con 0x7f15d4106390
2024-03-21T08:48:03.648 INFO:teuthology.orchestra.run.smithi087.stdout:/usr/bin/ceph: stderr
2024-03-21T08:48:02.569+0000 7f15c37fe700 1 -- 172.21.15.87:0/1797397541 <== mon.0 v2:172.21.15.87:3300/0 3 ==== mon_map magic: 0 v1 ==== 205+0+0 (secure 0 0 0) 0x7f15c4024930 con 0x7f15d4106390
2024-03-21T08:48:03.648 INFO:teuthology.orchestra.run.smithi087.stdout:/usr/bin/ceph: stderr
2024-03-21T08:48:02.570+0000 7f15d8e9c700 1 -- 172.21.15.87:0/1797397541 --> [v2:172.21.15.87:3300/0,v1:172.21.15.87:6789/0] -- mon_subscribe({osdmap=0}) v3 -- 0x7f15d419e870 con 0x7f15d4106390
2024-03-21T08:48:03.648 INFO:teuthology.orchestra.run.smithi087.stdout:/usr/bin/ceph: stderr
2024-03-21T08:48:02.571+0000 7f15c37fe700 1 -- 172.21.15.87:0/1797397541 <== mon.0 v2:172.21.15.87:3300/0 4 ==== mgrmap(e 12) v1 ==== 46307+0+0 (secure 0 0 0) 0x7f15c4022020 con 0x7f15d4106390
2024-03-21T08:48:03.648 INFO:teuthology.orchestra.run.smithi087.stdout:/usr/bin/ceph: stderr
2024-03-21T08:48:02.571+0000 7f15d8e9c700 1 -- 172.21.15.87:0/1797397541 --> [v2:172.21.15.87:3300/0,v1:172.21.15.87:6789/0] -- mon_command({"prefix": "get_command_descriptions"} v 0) v1 -- 0x7f15d4069250 con 0x7f15d4106390
2024-03-21T08:48:03.648 INFO:teuthology.orchestra.run.smithi087.stdout:/usr/bin/ceph: stderr
2024-03-21T08:48:02.571+0000 7f15c37fe700 1 --2- 172.21.15.87:0/1797397541 >> [v2:172.21.15.87:6800/1005139006,v1:172.21.15.87:6801/1005139006] conn(0x7f15bc039230 0x7f15bc03b6f0 unknown :-1 s=NONE pgs=0 cs=0 l=1 rev1=0 crypto rx=0 tx=0 comp rx=0 tx=0).connect
2024-03-21T08:48:03.648 INFO:teuthology.orchestra.run.smithi087.stdout:/usr/bin/ceph: stderr
2024-03-21T08:48:02.571+0000 7f15c37fe700 1 -- 172.21.15.87:0/1797397541 <== mon.0 v2:172.21.15.87:3300/0 5 ==== osd_map(3..3 src has 1..3) v4 ==== 1155+0+0 (secure 0 0 0) 0x7f15c404d640 con 0x7f15d4106390
2024-03-21T08:48:03.648 INFO:teuthology.orchestra.run.smithi087.stdout:/usr/bin/ceph: stderr
2024-03-21T08:48:02.571+0000 7f15d1d9b700 1 --2- 172.21.15.87:0/1797397541 >> [v2:172.21.15.87:6800/1005139006,v1:172.21.15.87:6801/1005139006] conn(0x7f15bc039230 0x7f15bc03b6f0 unknown :-1 s=BANNER_CONNECTING pgs=0 cs=0 l=1 rev1=0 crypto rx=0 tx=0 comp rx=0 tx=0)._handle_peer_banner_payload supported=3 required=0
2024-03-21T08:48:03.649 INFO:teuthology.orchestra.run.smithi087.stdout:/usr/bin/ceph: stderr
2024-03-21T08:48:02.571+0000 7f15d1d9b700 1 --2- 172.21.15.87:0/1797397541 >> [v2:172.21.15.87:6800/1005139006,v1:172.21.15.87:6801/1005139006] conn(0x7f15bc039230 0x7f15bc03b6f0 secure :-1 s=READY pgs=8 cs=0 l=1 rev1=1 crypto rx=0x7f15c8006fd0 tx=0x7f15c8006e40 comp rx=0 tx=0).ready entity=mgr.14152 client_cookie=0 server_cookie=0 in_seq=0 out_seq=0
2024-03-21T08:48:03.649 INFO:teuthology.orchestra.run.smithi087.stdout:/usr/bin/ceph: stderr
2024-03-21T08:48:02.576+0000 7f15c37fe700 1 -- 172.21.15.87:0/1797397541 <== mon.0 v2:172.21.15.87:3300/0 6 ==== mon_command_ack([{"prefix": "get_command_descriptions"}]=0 v0) v1 ==== 72+0+186149 (secure 0 0 0) 0x7f15c400bc70 con 0x7f15d4106390
2024-03-21T08:48:03.649 INFO:teuthology.orchestra.run.smithi087.stdout:/usr/bin/ceph: stderr
2024-03-21T08:48:02.799+0000 7f15d8e9c700 1 -- 172.21.15.87:0/1797397541 --> [v2:172.21.15.87:6800/1005139006,v1:172.21.15.87:6801/1005139006] -- mgr_command(tid 0: {"prefix": "dashboard ac-user-create", "username": "admin", "rolename": "administrator", "force_password": true, "pwd_update_required": true, "target": ["mon-mgr", ""]}) v1 -- 0x7f15d4197760 con 0x7f15bc039230
2024-03-21T08:48:03.649 INFO:teuthology.orchestra.run.smithi087.stdout:/usr/bin/ceph: stderr
2024-03-21T08:48:03.025+0000 7f15c37fe700 1 -- 172.21.15.87:0/1797397541 <== mgr.14152 v2:172.21.15.87:6800/1005139006 1 ==== mgr_command_reply(tid 0: 0 ) v1 ==== 8+0+252 (secure 0 0 0) 0x7f15d4197760 con 0x7f15bc039230
2024-03-21T08:48:03.649 INFO:teuthology.orchestra.run.smithi087.stdout:/usr/bin/ceph: stderr
2024-03-21T08:48:03.027+0000 7f15d8e9c700 1 -- 172.21.15.87:0/1797397541 >> [v2:172.21.15.87:6800/1005139006,v1:172.21.15.87:6801/1005139006] conn(0x7f15bc039230 msgr2=0x7f15bc03b6f0 secure :-1 s=STATE_CONNECTION_ESTABLISHED l=1).mark_down
2024-03-21T08:48:03.649 INFO:teuthology.orchestra.run.smithi087.stdout:/usr/bin/ceph: stderr
2024-03-21T08:48:03.027+0000 7f15d8e9c700 1 --2- 172.21.15.87:0/1797397541 >> [v2:172.21.15.87:6800/1005139006,v1:172.21.15.87:6801/1005139006] conn(0x7f15bc039230 0x7f15bc03b6f0 secure :-1 s=READY pgs=8 cs=0 l=1 rev1=1 crypto rx=0x7f15c8006fd0 tx=0x7f15c8006e40 comp rx=0 tx=0).stop
2024-03-21T08:48:03.649 INFO:teuthology.orchestra.run.smithi087.stdout:/usr/bin/ceph: stderr
2024-03-21T08:48:03.027+0000 7f15d8e9c700 1 -- 172.21.15.87:0/1797397541 >> [v2:172.21.15.87:3300/0,v1:172.21.15.87:6789/0] conn(0x7f15d4106390 msgr2=0x7f15d419dc40 secure :-1 s=STATE_CONNECTION_ESTABLISHED l=1).mark_down
2024-03-21T08:48:03.649 INFO:teuthology.orchestra.run.smithi087.stdout:/usr/bin/ceph: stderr
2024-03-21T08:48:03.027+0000 7f15d8e9c700 1 --2- 172.21.15.87:0/1797397541 >> [v2:172.21.15.87:3300/0,v1:172.21.15.87:6789/0] conn(0x7f15d4106390 0x7f15d419dc40 secure :-1 s=READY pgs=73 cs=0 l=1 rev1=1 crypto rx=0x7f15c4011b60 tx=0x7f15c4011c40 comp rx=0 tx=0).stop
2024-03-21T08:48:03.649 INFO:teuthology.orchestra.run.smithi087.stdout:/usr/bin/ceph: stderr
2024-03-21T08:48:03.027+0000 7f15d8e9c700 1 -- 172.21.15.87:0/1797397541 shutdown_connections
2024-03-21T08:48:03.649 INFO:teuthology.orchestra.run.smithi087.stdout:/usr/bin/ceph: stderr
2024-03-21T08:48:03.027+0000 7f15d8e9c700 1 --2- 172.21.15.87:0/1797397541 >> [v2:172.21.15.87:6800/1005139006,v1:172.21.15.87:6801/1005139006] conn(0x7f15bc039230 0x7f15bc03b6f0 unknown :-1 s=CLOSED pgs=8 cs=0 l=1 rev1=1 crypto rx=0 tx=0 comp rx=0 tx=0).stop
2024-03-21T08:48:03.649 INFO:teuthology.orchestra.run.smithi087.stdout:/usr/bin/ceph: stderr
2024-03-21T08:48:03.027+0000 7f15d8e9c700 1 --2- 172.21.15.87:0/1797397541 >> [v2:172.21.15.87:3300/0,v1:172.21.15.87:6789/0] conn(0x7f15d4106390 0x7f15d419dc40 unknown :-1 s=CLOSED pgs=73 cs=0 l=1 rev1=1 crypto rx=0 tx=0 comp rx=0 tx=0).stop
2024-03-21T08:48:03.649 INFO:teuthology.orchestra.run.smithi087.stdout:/usr/bin/ceph: stderr
2024-03-21T08:48:03.027+0000 7f15d8e9c700 1 -- 172.21.15.87:0/1797397541 >> 172.21.15.87:0/1797397541 conn(0x7f15d4101f50 msgr2=0x7f15d41948a0 unknown :-1 s=STATE_NONE l=0).mark_down
2024-03-21T08:48:03.649 INFO:teuthology.orchestra.run.smithi087.stdout:/usr/bin/ceph: stderr
2024-03-21T08:48:03.027+0000 7f15d8e9c700 1 -- 172.21.15.87:0/1797397541 shutdown_connections
2024-03-21T08:48:03.649 INFO:teuthology.orchestra.run.smithi087.stdout:/usr/bin/ceph: stderr
2024-03-21T08:48:03.027+0000 7f15d8e9c700 1 -- 172.21.15.87:0/1797397541 wait complete.
2024-03-21T08:48:03.650 INFO:teuthology.orchestra.run.smithi087.stdout:Fetching dashboard port number...
2024-03-21T08:48:03.892 INFO:journalctl@ceph.mon.a.smithi087.stdout:Mar 21 08:48:03 smithi087 ceph-mon[32385]: from='client.14166 -' entity='client.admin' cmd=[{"prefix": "dashboard ac-user-create", "username": "admin", "rolename": "administrator", "force_password": true, "pwd_update_required": true, "target": ["mon-mgr", ""]}]: dispatch
2024-03-21T08:48:03.892 INFO:journalctl@ceph.mon.a.smithi087.stdout:Mar 21 08:48:03 smithi087 ceph-mon[32385]: from='mgr.14152 172.21.15.87:0/3566907055' entity='mgr.x'
2024-03-21T08:48:05.034 INFO:teuthology.orchestra.run.smithi087.stdout:/usr/bin/ceph: stdout 8443
2024-03-21T08:48:05.035 INFO:teuthology.orchestra.run.smithi087.stdout:/usr/bin/ceph: stderr
2024-03-21T08:48:04.110+0000 7f102e861700 1 Processor -- start
2024-03-21T08:48:05.035 INFO:teuthology.orchestra.run.smithi087.stdout:/usr/bin/ceph: stderr
2024-03-21T08:48:04.110+0000 7f102e861700 1 -- start start
2024-03-21T08:48:05.035 INFO:teuthology.orchestra.run.smithi087.stdout:/usr/bin/ceph: stderr
2024-03-21T08:48:04.110+0000 7f102e861700 1 --2- >> [v2:172.21.15.87:3300/0,v1:172.21.15.87:6789/0] conn(0x7f1028107a70 0x7f1028107e90 unknown :-1 s=NONE pgs=0 cs=0 l=0 rev1=0 crypto rx=0 tx=0 comp rx=0 tx=0).connect
2024-03-21T08:48:05.035 INFO:teuthology.orchestra.run.smithi087.stdout:/usr/bin/ceph: stderr
2024-03-21T08:48:04.110+0000 7f102e861700 1 -- --> [v2:172.21.15.87:3300/0,v1:172.21.15.87:6789/0] -- mon_getmap magic: 0 v1 -- 0x7f1028108460 con 0x7f1028107a70
2024-03-21T08:48:05.035 INFO:teuthology.orchestra.run.smithi087.stdout:/usr/bin/ceph: stderr
2024-03-21T08:48:04.110+0000 7f1027fff700 1 --2- >> [v2:172.21.15.87:3300/0,v1:172.21.15.87:6789/0] conn(0x7f1028107a70 0x7f1028107e90 unknown :-1 s=BANNER_CONNECTING pgs=0 cs=0 l=0 rev1=0 crypto rx=0 tx=0 comp rx=0 tx=0)._handle_peer_banner_payload supported=3 required=0
2024-03-21T08:48:05.035 INFO:teuthology.orchestra.run.smithi087.stdout:/usr/bin/ceph: stderr
2024-03-21T08:48:04.110+0000 7f1027fff700 1 --2- >> [v2:172.21.15.87:3300/0,v1:172.21.15.87:6789/0] conn(0x7f1028107a70 0x7f1028107e90 unknown :-1 s=HELLO_CONNECTING pgs=0 cs=0 l=0 rev1=1 crypto rx=0 tx=0 comp rx=0 tx=0).handle_hello peer v2:172.21.15.87:3300/0 says I am v2:172.21.15.87:49294/0 (socket says 172.21.15.87:49294)
2024-03-21T08:48:05.035 INFO:teuthology.orchestra.run.smithi087.stdout:/usr/bin/ceph: stderr
2024-03-21T08:48:04.110+0000 7f1027fff700 1 -- 172.21.15.87:0/225733025 learned_addr learned my addr 172.21.15.87:0/225733025 (peer_addr_for_me v2:172.21.15.87:0/0)
2024-03-21T08:48:05.035 INFO:teuthology.orchestra.run.smithi087.stdout:/usr/bin/ceph: stderr
2024-03-21T08:48:04.110+0000 7f1027fff700 1 -- 172.21.15.87:0/225733025 --> [v2:172.21.15.87:3300/0,v1:172.21.15.87:6789/0] -- mon_subscribe({config=0+,monmap=0+}) v3 -- 0x7f1028108c70 con 0x7f1028107a70
2024-03-21T08:48:05.035 INFO:teuthology.orchestra.run.smithi087.stdout:/usr/bin/ceph: stderr
2024-03-21T08:48:04.111+0000 7f1027fff700 1 --2- 172.21.15.87:0/225733025 >> [v2:172.21.15.87:3300/0,v1:172.21.15.87:6789/0] conn(0x7f1028107a70 0x7f1028107e90 secure :-1 s=READY pgs=74 cs=0 l=1 rev1=1 crypto rx=0x7f10180098a0 tx=0x7f1018009bb0 comp rx=0 tx=0).ready entity=mon.0 client_cookie=9d1816793c79184e server_cookie=0 in_seq=0 out_seq=0
2024-03-21T08:48:05.036 INFO:teuthology.orchestra.run.smithi087.stdout:/usr/bin/ceph: stderr
2024-03-21T08:48:04.111+0000 7f1026ffd700 1 -- 172.21.15.87:0/225733025 <== mon.0 v2:172.21.15.87:3300/0 1 ==== mon_map magic: 0 v1 ==== 205+0+0 (secure 0 0 0) 0x7f1018004160 con 0x7f1028107a70
2024-03-21T08:48:05.036 INFO:teuthology.orchestra.run.smithi087.stdout:/usr/bin/ceph: stderr
2024-03-21T08:48:04.111+0000 7f1026ffd700 1 -- 172.21.15.87:0/225733025 <== mon.0 v2:172.21.15.87:3300/0 2 ==== config(27 keys) v1 ==== 1140+0+0 (secure 0 0 0) 0x7f1018004300 con 0x7f1028107a70
2024-03-21T08:48:05.036 INFO:teuthology.orchestra.run.smithi087.stdout:/usr/bin/ceph: stderr
2024-03-21T08:48:04.111+0000 7f1026ffd700 1 -- 172.21.15.87:0/225733025 <== mon.0 v2:172.21.15.87:3300/0 3 ==== mon_map magic: 0 v1 ==== 205+0+0 (secure 0 0 0) 0x7f1018011b20 con 0x7f1028107a70
2024-03-21T08:48:05.036 INFO:teuthology.orchestra.run.smithi087.stdout:/usr/bin/ceph: stderr
2024-03-21T08:48:04.111+0000 7f102e861700 1 -- 172.21.15.87:0/225733025 >> [v2:172.21.15.87:3300/0,v1:172.21.15.87:6789/0] conn(0x7f1028107a70 msgr2=0x7f1028107e90 secure :-1 s=STATE_CONNECTION_ESTABLISHED l=1).mark_down
2024-03-21T08:48:05.036 INFO:teuthology.orchestra.run.smithi087.stdout:/usr/bin/ceph: stderr
2024-03-21T08:48:04.111+0000 7f102e861700 1 --2- 172.21.15.87:0/225733025 >> [v2:172.21.15.87:3300/0,v1:172.21.15.87:6789/0] conn(0x7f1028107a70 0x7f1028107e90 secure :-1 s=READY pgs=74 cs=0 l=1 rev1=1 crypto rx=0x7f10180098a0 tx=0x7f1018009bb0 comp rx=0 tx=0).stop
2024-03-21T08:48:05.036 INFO:teuthology.orchestra.run.smithi087.stdout:/usr/bin/ceph: stderr
2024-03-21T08:48:04.111+0000 7f102e861700 1 -- 172.21.15.87:0/225733025 shutdown_connections
2024-03-21T08:48:05.036 INFO:teuthology.orchestra.run.smithi087.stdout:/usr/bin/ceph: stderr
2024-03-21T08:48:04.111+0000 7f102e861700 1 --2- 172.21.15.87:0/225733025 >> [v2:172.21.15.87:3300/0,v1:172.21.15.87:6789/0] conn(0x7f1028107a70 0x7f1028107e90 unknown :-1 s=CLOSED pgs=74 cs=0 l=1 rev1=1 crypto rx=0 tx=0 comp rx=0 tx=0).stop
2024-03-21T08:48:05.036 INFO:teuthology.orchestra.run.smithi087.stdout:/usr/bin/ceph: stderr
2024-03-21T08:48:04.111+0000 7f102e861700 1 -- 172.21.15.87:0/225733025 >> 172.21.15.87:0/225733025 conn(0x7f1028103050 msgr2=0x7f1028105470 unknown :-1 s=STATE_NONE l=0).mark_down
2024-03-21T08:48:05.037 INFO:teuthology.orchestra.run.smithi087.stdout:/usr/bin/ceph: stderr
2024-03-21T08:48:04.111+0000 7f102e861700 1 -- 172.21.15.87:0/225733025 shutdown_connections
2024-03-21T08:48:05.037 INFO:teuthology.orchestra.run.smithi087.stdout:/usr/bin/ceph: stderr
2024-03-21T08:48:04.111+0000 7f102e861700 1 -- 172.21.15.87:0/225733025 wait complete.
2024-03-21T08:48:05.037 INFO:teuthology.orchestra.run.smithi087.stdout:/usr/bin/ceph: stderr
2024-03-21T08:48:04.112+0000 7f102e861700 1 Processor -- start
2024-03-21T08:48:05.037 INFO:teuthology.orchestra.run.smithi087.stdout:/usr/bin/ceph: stderr
2024-03-21T08:48:04.112+0000 7f102e861700 1 -- start start
2024-03-21T08:48:05.037 INFO:teuthology.orchestra.run.smithi087.stdout:/usr/bin/ceph: stderr
2024-03-21T08:48:04.112+0000 7f102e861700 1 --2- >> [v2:172.21.15.87:3300/0,v1:172.21.15.87:6789/0] conn(0x7f1028107a70 0x7f102819b9e0 unknown :-1 s=NONE pgs=0 cs=0 l=1 rev1=0 crypto rx=0 tx=0 comp rx=0 tx=0).connect
2024-03-21T08:48:05.037 INFO:teuthology.orchestra.run.smithi087.stdout:/usr/bin/ceph: stderr
2024-03-21T08:48:04.112+0000 7f102e861700 1 -- --> [v2:172.21.15.87:3300/0,v1:172.21.15.87:6789/0] -- mon_getmap magic: 0 v1 -- 0x7f102810c020 con 0x7f1028107a70
2024-03-21T08:48:05.037 INFO:teuthology.orchestra.run.smithi087.stdout:/usr/bin/ceph: stderr
2024-03-21T08:48:04.112+0000 7f1027fff700 1 --2- >> [v2:172.21.15.87:3300/0,v1:172.21.15.87:6789/0] conn(0x7f1028107a70 0x7f102819b9e0 unknown :-1 s=BANNER_CONNECTING pgs=0 cs=0 l=1 rev1=0 crypto rx=0 tx=0 comp rx=0 tx=0)._handle_peer_banner_payload supported=3 required=0
2024-03-21T08:48:05.038 INFO:teuthology.orchestra.run.smithi087.stdout:/usr/bin/ceph: stderr
2024-03-21T08:48:04.112+0000 7f1027fff700 1 --2- >> [v2:172.21.15.87:3300/0,v1:172.21.15.87:6789/0] conn(0x7f1028107a70 0x7f102819b9e0 unknown :-1 s=HELLO_CONNECTING pgs=0 cs=0 l=1 rev1=1 crypto rx=0 tx=0 comp rx=0 tx=0).handle_hello peer v2:172.21.15.87:3300/0 says I am v2:172.21.15.87:49298/0 (socket says 172.21.15.87:49298)
2024-03-21T08:48:05.038 INFO:teuthology.orchestra.run.smithi087.stdout:/usr/bin/ceph: stderr
2024-03-21T08:48:04.112+0000 7f1027fff700 1 -- 172.21.15.87:0/2710801471 learned_addr learned my addr 172.21.15.87:0/2710801471 (peer_addr_for_me v2:172.21.15.87:0/0)
2024-03-21T08:48:05.038 INFO:teuthology.orchestra.run.smithi087.stdout:/usr/bin/ceph: stderr
2024-03-21T08:48:04.112+0000 7f1027fff700 1 -- 172.21.15.87:0/2710801471 --> [v2:172.21.15.87:3300/0,v1:172.21.15.87:6789/0] -- mon_subscribe({config=0+,monmap=0+}) v3 -- 0x7f102819bf20 con 0x7f1028107a70
2024-03-21T08:48:05.038 INFO:teuthology.orchestra.run.smithi087.stdout:/usr/bin/ceph: stderr
2024-03-21T08:48:04.113+0000 7f1027fff700 1 --2- 172.21.15.87:0/2710801471 >> [v2:172.21.15.87:3300/0,v1:172.21.15.87:6789/0] conn(0x7f1028107a70 0x7f102819b9e0 secure :-1 s=READY pgs=75 cs=0 l=1 rev1=1 crypto rx=0x7f10180117e0 tx=0x7f1018011ba0 comp rx=0 tx=0).ready entity=mon.0 client_cookie=0 server_cookie=0 in_seq=0 out_seq=0
2024-03-21T08:48:05.038 INFO:teuthology.orchestra.run.smithi087.stdout:/usr/bin/ceph: stderr
2024-03-21T08:48:04.113+0000 7f10257fa700 1 -- 172.21.15.87:0/2710801471 <== mon.0 v2:172.21.15.87:3300/0 1 ==== mon_map magic: 0 v1 ==== 205+0+0 (secure 0 0 0) 0x7f1018003bf0 con 0x7f1028107a70
2024-03-21T08:48:05.038 INFO:teuthology.orchestra.run.smithi087.stdout:/usr/bin/ceph: stderr
2024-03-21T08:48:04.113+0000 7f10257fa700 1 -- 172.21.15.87:0/2710801471 <== mon.0 v2:172.21.15.87:3300/0 2 ==== config(27 keys) v1 ==== 1140+0+0 (secure 0 0 0) 0x7f101801a910 con 0x7f1028107a70
2024-03-21T08:48:05.038 INFO:teuthology.orchestra.run.smithi087.stdout:/usr/bin/ceph: stderr
2024-03-21T08:48:04.113+0000 7f102e861700 1 -- 172.21.15.87:0/2710801471 --> [v2:172.21.15.87:3300/0,v1:172.21.15.87:6789/0] -- mon_subscribe({mgrmap=0+}) v3 -- 0x7f102819c1b0 con 0x7f1028107a70
2024-03-21T08:48:05.038 INFO:teuthology.orchestra.run.smithi087.stdout:/usr/bin/ceph: stderr
2024-03-21T08:48:04.113+0000 7f10257fa700 1 -- 172.21.15.87:0/2710801471 <== mon.0 v2:172.21.15.87:3300/0 3 ==== mon_map magic: 0 v1 ==== 205+0+0 (secure 0 0 0) 0x7f1018024970 con 0x7f1028107a70
2024-03-21T08:48:05.038 INFO:teuthology.orchestra.run.smithi087.stdout:/usr/bin/ceph: stderr
2024-03-21T08:48:04.113+0000 7f102e861700 1 -- 172.21.15.87:0/2710801471 --> [v2:172.21.15.87:3300/0,v1:172.21.15.87:6789/0] -- mon_subscribe({osdmap=0}) v3 -- 0x7f102819c610 con 0x7f1028107a70
2024-03-21T08:48:05.039 INFO:teuthology.orchestra.run.smithi087.stdout:/usr/bin/ceph: stderr
2024-03-21T08:48:04.113+0000 7f10257fa700 1 -- 172.21.15.87:0/2710801471 <== mon.0 v2:172.21.15.87:3300/0 4 ==== mgrmap(e 12) v1 ==== 46307+0+0 (secure 0 0 0) 0x7f1018022020 con 0x7f1028107a70
2024-03-21T08:48:05.039 INFO:teuthology.orchestra.run.smithi087.stdout:/usr/bin/ceph: stderr
2024-03-21T08:48:04.114+0000 7f102e861700 1 -- 172.21.15.87:0/2710801471 --> [v2:172.21.15.87:3300/0,v1:172.21.15.87:6789/0] -- mon_command({"prefix": "get_command_descriptions"} v 0) v1 -- 0x7f10280637c0 con 0x7f1028107a70
2024-03-21T08:48:05.039 INFO:teuthology.orchestra.run.smithi087.stdout:/usr/bin/ceph: stderr
2024-03-21T08:48:04.114+0000 7f10257fa700 1 --2- 172.21.15.87:0/2710801471 >> [v2:172.21.15.87:6800/1005139006,v1:172.21.15.87:6801/1005139006] conn(0x7f1010039230 0x7f101003b6f0 unknown :-1 s=NONE pgs=0 cs=0 l=1 rev1=0 crypto rx=0 tx=0 comp rx=0 tx=0).connect
2024-03-21T08:48:05.039 INFO:teuthology.orchestra.run.smithi087.stdout:/usr/bin/ceph: stderr
2024-03-21T08:48:04.114+0000 7f10257fa700 1 -- 172.21.15.87:0/2710801471 <== mon.0 v2:172.21.15.87:3300/0 5 ==== osd_map(3..3 src has 1..3) v4 ==== 1155+0+0 (secure 0 0 0) 0x7f101804d7b0 con 0x7f1028107a70
2024-03-21T08:48:05.039 INFO:teuthology.orchestra.run.smithi087.stdout:/usr/bin/ceph: stderr
2024-03-21T08:48:04.114+0000 7f10277fe700 1 --2- 172.21.15.87:0/2710801471 >> [v2:172.21.15.87:6800/1005139006,v1:172.21.15.87:6801/1005139006] conn(0x7f1010039230 0x7f101003b6f0 unknown :-1 s=BANNER_CONNECTING pgs=0 cs=0 l=1 rev1=0 crypto rx=0 tx=0 comp rx=0 tx=0)._handle_peer_banner_payload supported=3 required=0
2024-03-21T08:48:05.039 INFO:teuthology.orchestra.run.smithi087.stdout:/usr/bin/ceph: stderr
2024-03-21T08:48:04.114+0000 7f10277fe700 1 --2- 172.21.15.87:0/2710801471 >> [v2:172.21.15.87:6800/1005139006,v1:172.21.15.87:6801/1005139006] conn(0x7f1010039230 0x7f101003b6f0 secure :-1 s=READY pgs=9 cs=0 l=1 rev1=1 crypto rx=0x7f101c006fd0 tx=0x7f101c006e40 comp rx=0 tx=0).ready entity=mgr.14152 client_cookie=0 server_cookie=0 in_seq=0 out_seq=0
2024-03-21T08:48:05.039 INFO:teuthology.orchestra.run.smithi087.stdout:/usr/bin/ceph: stderr
2024-03-21T08:48:04.119+0000 7f10257fa700 1 -- 172.21.15.87:0/2710801471 <== mon.0 v2:172.21.15.87:3300/0 6 ==== mon_command_ack([{"prefix": "get_command_descriptions"}]=0 v0) v1 ==== 72+0+186149 (secure 0 0 0) 0x7f101800bd80 con 0x7f1028107a70
2024-03-21T08:48:05.039 INFO:teuthology.orchestra.run.smithi087.stdout:/usr/bin/ceph: stderr
2024-03-21T08:48:04.319+0000 7f102e861700 1 -- 172.21.15.87:0/2710801471 --> [v2:172.21.15.87:3300/0,v1:172.21.15.87:6789/0] -- mon_command({"prefix": "config get", "who": "mgr", "key": "mgr/dashboard/ssl_server_port"} v 0) v1 -- 0x7f102819efe0 con 0x7f1028107a70
2024-03-21T08:48:05.040 INFO:teuthology.orchestra.run.smithi087.stdout:/usr/bin/ceph: stderr
2024-03-21T08:48:04.319+0000 7f10257fa700 1 -- 172.21.15.87:0/2710801471 <== mon.0 v2:172.21.15.87:3300/0 7 ==== mon_command_ack([{"prefix": "config get", "who": "mgr", "key": "mgr/dashboard/ssl_server_port"}]=0 v8) v1 ==== 112+0+5 (secure 0 0 0) 0x7f101800b5a0 con 0x7f1028107a70
2024-03-21T08:48:05.040 INFO:teuthology.orchestra.run.smithi087.stdout:/usr/bin/ceph: stderr
2024-03-21T08:48:04.321+0000 7f102e861700 1 -- 172.21.15.87:0/2710801471 >> [v2:172.21.15.87:6800/1005139006,v1:172.21.15.87:6801/1005139006] conn(0x7f1010039230 msgr2=0x7f101003b6f0 secure :-1 s=STATE_CONNECTION_ESTABLISHED l=1).mark_down
2024-03-21T08:48:05.040 INFO:teuthology.orchestra.run.smithi087.stdout:/usr/bin/ceph: stderr
2024-03-21T08:48:04.321+0000 7f102e861700 1 --2- 172.21.15.87:0/2710801471 >> [v2:172.21.15.87:6800/1005139006,v1:172.21.15.87:6801/1005139006] conn(0x7f1010039230 0x7f101003b6f0 secure :-1 s=READY pgs=9 cs=0 l=1 rev1=1 crypto rx=0x7f101c006fd0 tx=0x7f101c006e40 comp rx=0 tx=0).stop
2024-03-21T08:48:05.040 INFO:teuthology.orchestra.run.smithi087.stdout:/usr/bin/ceph: stderr
2024-03-21T08:48:04.321+0000 7f102e861700 1 -- 172.21.15.87:0/2710801471 >> [v2:172.21.15.87:3300/0,v1:172.21.15.87:6789/0] conn(0x7f1028107a70 msgr2=0x7f102819b9e0 secure :-1 s=STATE_CONNECTION_ESTABLISHED l=1).mark_down
2024-03-21T08:48:05.040 INFO:teuthology.orchestra.run.smithi087.stdout:/usr/bin/ceph: stderr
2024-03-21T08:48:04.321+0000 7f102e861700 1 --2- 172.21.15.87:0/2710801471 >> [v2:172.21.15.87:3300/0,v1:172.21.15.87:6789/0] conn(0x7f1028107a70 0x7f102819b9e0 secure :-1 s=READY pgs=75 cs=0 l=1 rev1=1 crypto rx=0x7f10180117e0 tx=0x7f1018011ba0 comp rx=0 tx=0).stop
2024-03-21T08:48:05.040 INFO:teuthology.orchestra.run.smithi087.stdout:/usr/bin/ceph: stderr
2024-03-21T08:48:04.322+0000 7f102e861700 1 -- 172.21.15.87:0/2710801471 shutdown_connections
2024-03-21T08:48:05.040 INFO:teuthology.orchestra.run.smithi087.stdout:/usr/bin/ceph: stderr
2024-03-21T08:48:04.322+0000 7f102e861700 1 --2- 172.21.15.87:0/2710801471 >> [v2:172.21.15.87:6800/1005139006,v1:172.21.15.87:6801/1005139006] conn(0x7f1010039230 0x7f101003b6f0 unknown :-1 s=CLOSED pgs=9 cs=0 l=1 rev1=1 crypto rx=0 tx=0 comp rx=0 tx=0).stop
2024-03-21T08:48:05.040 INFO:teuthology.orchestra.run.smithi087.stdout:/usr/bin/ceph: stderr
2024-03-21T08:48:04.322+0000 7f102e861700 1 --2- 172.21.15.87:0/2710801471 >> [v2:172.21.15.87:3300/0,v1:172.21.15.87:6789/0] conn(0x7f1028107a70 0x7f102819b9e0 unknown :-1 s=CLOSED pgs=75 cs=0 l=1 rev1=1 crypto rx=0 tx=0 comp rx=0 tx=0).stop
2024-03-21T08:48:05.041 INFO:teuthology.orchestra.run.smithi087.stdout:/usr/bin/ceph: stderr
2024-03-21T08:48:04.322+0000 7f102e861700 1 -- 172.21.15.87:0/2710801471 >> 172.21.15.87:0/2710801471 conn(0x7f1028103050 msgr2=0x7f1028103b40 unknown :-1 s=STATE_NONE l=0).mark_down
2024-03-21T08:48:05.041 INFO:teuthology.orchestra.run.smithi087.stdout:/usr/bin/ceph: stderr
2024-03-21T08:48:04.322+0000 7f102e861700 1 -- 172.21.15.87:0/2710801471 shutdown_connections
2024-03-21T08:48:05.041 INFO:teuthology.orchestra.run.smithi087.stdout:/usr/bin/ceph: stderr
2024-03-21T08:48:04.322+0000 7f102e861700 1 -- 172.21.15.87:0/2710801471 wait complete.
2024-03-21T08:48:05.041 INFO:teuthology.orchestra.run.smithi087.stdout:Non-zero exit code 1 from systemctl is-enabled firewalld.service
2024-03-21T08:48:05.042 INFO:teuthology.orchestra.run.smithi087.stdout:systemctl: stdout disabled
2024-03-21T08:48:05.045 INFO:teuthology.orchestra.run.smithi087.stdout:Non-zero exit code 3 from systemctl is-active firewalld.service
2024-03-21T08:48:05.046 INFO:teuthology.orchestra.run.smithi087.stdout:systemctl: stdout inactive
2024-03-21T08:48:05.046 INFO:teuthology.orchestra.run.smithi087.stdout:firewalld.service is not enabled
2024-03-21T08:48:05.046 INFO:teuthology.orchestra.run.smithi087.stdout:Not possible to open ports <[8443]>. firewalld.service is not available
2024-03-21T08:48:05.047 INFO:teuthology.orchestra.run.smithi087.stdout:Ceph Dashboard is now available at:
2024-03-21T08:48:05.047 INFO:teuthology.orchestra.run.smithi087.stdout:
2024-03-21T08:48:05.047 INFO:teuthology.orchestra.run.smithi087.stdout: URL: https://smithi087.front.sepia.ceph.com:8443/
2024-03-21T08:48:05.048 INFO:teuthology.orchestra.run.smithi087.stdout: User: admin
2024-03-21T08:48:05.048 INFO:teuthology.orchestra.run.smithi087.stdout: Password: 90apkrhsve
2024-03-21T08:48:05.048 INFO:teuthology.orchestra.run.smithi087.stdout:
2024-03-21T08:48:05.048 INFO:teuthology.orchestra.run.smithi087.stdout:Saving cluster configuration to /var/lib/ceph/75a2f1f0-e75f-11ee-95cd-87774f69a715/config directory
2024-03-21T08:48:05.049 INFO:teuthology.orchestra.run.smithi087.stdout:Enabling autotune for osd_memory_target
2024-03-21T08:48:05.158 INFO:journalctl@ceph.mon.a.smithi087.stdout:Mar 21 08:48:04 smithi087 ceph-mon[32385]: from='client.? 172.21.15.87:0/2710801471' entity='client.admin' cmd=[{"prefix": "config get", "who": "mgr", "key": "mgr/dashboard/ssl_server_port"}]: dispatch
2024-03-21T08:48:05.994 INFO:journalctl@ceph.mon.a.smithi087.stdout:Mar 21 08:48:05 smithi087 ceph-mon[32385]: mgrmap e13: x(active, since 6s)
2024-03-21T08:48:06.406 INFO:teuthology.orchestra.run.smithi087.stdout:/usr/bin/ceph: stderr
2024-03-21T08:48:05.471+0000 7fc653bf1700 1 Processor -- start
2024-03-21T08:48:06.406 INFO:teuthology.orchestra.run.smithi087.stdout:/usr/bin/ceph: stderr
2024-03-21T08:48:05.472+0000 7fc653bf1700 1 -- start start
2024-03-21T08:48:06.406 INFO:teuthology.orchestra.run.smithi087.stdout:/usr/bin/ceph: stderr
2024-03-21T08:48:05.472+0000 7fc653bf1700 1 --2- >> [v2:172.21.15.87:3300/0,v1:172.21.15.87:6789/0] conn(0x7fc64c107fa0 0x7fc64c1083c0 unknown :-1 s=NONE pgs=0 cs=0 l=0 rev1=0 crypto rx=0 tx=0 comp rx=0 tx=0).connect
2024-03-21T08:48:06.406 INFO:teuthology.orchestra.run.smithi087.stdout:/usr/bin/ceph: stderr
2024-03-21T08:48:05.472+0000 7fc653bf1700 1 -- --> [v2:172.21.15.87:3300/0,v1:172.21.15.87:6789/0] -- mon_getmap magic: 0 v1 -- 0x7fc64c108990 con 0x7fc64c107fa0
2024-03-21T08:48:06.406 INFO:teuthology.orchestra.run.smithi087.stdout:/usr/bin/ceph: stderr
2024-03-21T08:48:05.472+0000 7fc65198d700 1 --2- >> [v2:172.21.15.87:3300/0,v1:172.21.15.87:6789/0] conn(0x7fc64c107fa0 0x7fc64c1083c0 unknown :-1 s=BANNER_CONNECTING pgs=0 cs=0 l=0 rev1=0 crypto rx=0 tx=0 comp rx=0 tx=0)._handle_peer_banner_payload supported=3 required=0
2024-03-21T08:48:06.407 INFO:teuthology.orchestra.run.smithi087.stdout:/usr/bin/ceph: stderr
2024-03-21T08:48:05.472+0000 7fc65198d700 1 --2- >> [v2:172.21.15.87:3300/0,v1:172.21.15.87:6789/0] conn(0x7fc64c107fa0 0x7fc64c1083c0 unknown :-1 s=HELLO_CONNECTING pgs=0 cs=0 l=0 rev1=1 crypto rx=0 tx=0 comp rx=0 tx=0).handle_hello peer v2:172.21.15.87:3300/0 says I am v2:172.21.15.87:49314/0 (socket says 172.21.15.87:49314)
2024-03-21T08:48:06.407 INFO:teuthology.orchestra.run.smithi087.stdout:/usr/bin/ceph: stderr
2024-03-21T08:48:05.472+0000 7fc65198d700 1 -- 172.21.15.87:0/3683558299 learned_addr learned my addr 172.21.15.87:0/3683558299 (peer_addr_for_me v2:172.21.15.87:0/0)
2024-03-21T08:48:06.407 INFO:teuthology.orchestra.run.smithi087.stdout:/usr/bin/ceph: stderr
