2024-03-21T08:47:35.072+0000 7f3a12ffd700 1 -- 172.21.15.87:0/2311601376 <== mon.0 v2:172.21.15.87:3300/0 1 ==== mon_map magic: 0 v1 ==== 205+0+0 (secure 0 0 0) 0x7f3a04004160 con 0x7f3a14107b50
2024-03-21T08:47:35.891 INFO:teuthology.orchestra.run.smithi087.stdout:/usr/bin/ceph: stderr
2024-03-21T08:47:35.072+0000 7f3a12ffd700 1 -- 172.21.15.87:0/2311601376 <== mon.0 v2:172.21.15.87:3300/0 2 ==== config(27 keys) v1 ==== 1109+0+0 (secure 0 0 0) 0x7f3a04004300 con 0x7f3a14107b50
2024-03-21T08:47:35.891 INFO:teuthology.orchestra.run.smithi087.stdout:/usr/bin/ceph: stderr
2024-03-21T08:47:35.072+0000 7f3a12ffd700 1 -- 172.21.15.87:0/2311601376 <== mon.0 v2:172.21.15.87:3300/0 3 ==== mon_map magic: 0 v1 ==== 205+0+0 (secure 0 0 0) 0x7f3a04011b50 con 0x7f3a14107b50
2024-03-21T08:47:35.891 INFO:teuthology.orchestra.run.smithi087.stdout:/usr/bin/ceph: stderr
2024-03-21T08:47:35.073+0000 7f3a19c59700 1 -- 172.21.15.87:0/2311601376 >> [v2:172.21.15.87:3300/0,v1:172.21.15.87:6789/0] conn(0x7f3a14107b50 msgr2=0x7f3a14107f70 secure :-1 s=STATE_CONNECTION_ESTABLISHED l=1).mark_down
2024-03-21T08:47:35.891 INFO:teuthology.orchestra.run.smithi087.stdout:/usr/bin/ceph: stderr
2024-03-21T08:47:35.073+0000 7f3a19c59700 1 --2- 172.21.15.87:0/2311601376 >> [v2:172.21.15.87:3300/0,v1:172.21.15.87:6789/0] conn(0x7f3a14107b50 0x7f3a14107f70 secure :-1 s=READY pgs=39 cs=0 l=1 rev1=1 crypto rx=0x7f3a040098a0 tx=0x7f3a04009bb0 comp rx=0 tx=0).stop
2024-03-21T08:47:35.891 INFO:teuthology.orchestra.run.smithi087.stdout:/usr/bin/ceph: stderr
2024-03-21T08:47:35.073+0000 7f3a19c59700 1 -- 172.21.15.87:0/2311601376 shutdown_connections
2024-03-21T08:47:35.891 INFO:teuthology.orchestra.run.smithi087.stdout:/usr/bin/ceph: stderr
2024-03-21T08:47:35.073+0000 7f3a19c59700 1 --2- 172.21.15.87:0/2311601376 >> [v2:172.21.15.87:3300/0,v1:172.21.15.87:6789/0] conn(0x7f3a14107b50 0x7f3a14107f70 unknown :-1 s=CLOSED pgs=39 cs=0 l=1 rev1=1 crypto rx=0 tx=0 comp rx=0 tx=0).stop
2024-03-21T08:47:35.891 INFO:teuthology.orchestra.run.smithi087.stdout:/usr/bin/ceph: stderr
2024-03-21T08:47:35.073+0000 7f3a19c59700 1 -- 172.21.15.87:0/2311601376 >> 172.21.15.87:0/2311601376 conn(0x7f3a14103130 msgr2=0x7f3a14105550 unknown :-1 s=STATE_NONE l=0).mark_down
2024-03-21T08:47:35.891 INFO:teuthology.orchestra.run.smithi087.stdout:/usr/bin/ceph: stderr
2024-03-21T08:47:35.073+0000 7f3a19c59700 1 -- 172.21.15.87:0/2311601376 shutdown_connections
2024-03-21T08:47:35.891 INFO:teuthology.orchestra.run.smithi087.stdout:/usr/bin/ceph: stderr
2024-03-21T08:47:35.073+0000 7f3a19c59700 1 -- 172.21.15.87:0/2311601376 wait complete.
2024-03-21T08:47:35.891 INFO:teuthology.orchestra.run.smithi087.stdout:/usr/bin/ceph: stderr
2024-03-21T08:47:35.073+0000 7f3a19c59700 1 Processor -- start
2024-03-21T08:47:35.891 INFO:teuthology.orchestra.run.smithi087.stdout:/usr/bin/ceph: stderr
2024-03-21T08:47:35.073+0000 7f3a19c59700 1 -- start start
2024-03-21T08:47:35.891 INFO:teuthology.orchestra.run.smithi087.stdout:/usr/bin/ceph: stderr
2024-03-21T08:47:35.074+0000 7f3a19c59700 1 --2- >> [v2:172.21.15.87:3300/0,v1:172.21.15.87:6789/0] conn(0x7f3a14107b50 0x7f3a1419bb20 unknown :-1 s=NONE pgs=0 cs=0 l=1 rev1=0 crypto rx=0 tx=0 comp rx=0 tx=0).connect
2024-03-21T08:47:35.891 INFO:teuthology.orchestra.run.smithi087.stdout:/usr/bin/ceph: stderr
2024-03-21T08:47:35.074+0000 7f3a19c59700 1 -- --> [v2:172.21.15.87:3300/0,v1:172.21.15.87:6789/0] -- mon_getmap magic: 0 v1 -- 0x7f3a1410c0b0 con 0x7f3a14107b50
2024-03-21T08:47:35.891 INFO:teuthology.orchestra.run.smithi087.stdout:/usr/bin/ceph: stderr
2024-03-21T08:47:35.074+0000 7f3a137fe700 1 --2- >> [v2:172.21.15.87:3300/0,v1:172.21.15.87:6789/0] conn(0x7f3a14107b50 0x7f3a1419bb20 unknown :-1 s=BANNER_CONNECTING pgs=0 cs=0 l=1 rev1=0 crypto rx=0 tx=0 comp rx=0 tx=0)._handle_peer_banner_payload supported=3 required=0
2024-03-21T08:47:35.892 INFO:teuthology.orchestra.run.smithi087.stdout:/usr/bin/ceph: stderr
2024-03-21T08:47:35.074+0000 7f3a137fe700 1 --2- >> [v2:172.21.15.87:3300/0,v1:172.21.15.87:6789/0] conn(0x7f3a14107b50 0x7f3a1419bb20 unknown :-1 s=HELLO_CONNECTING pgs=0 cs=0 l=1 rev1=1 crypto rx=0 tx=0 comp rx=0 tx=0).handle_hello peer v2:172.21.15.87:3300/0 says I am v2:172.21.15.87:42962/0 (socket says 172.21.15.87:42962)
2024-03-21T08:47:35.892 INFO:teuthology.orchestra.run.smithi087.stdout:/usr/bin/ceph: stderr
2024-03-21T08:47:35.074+0000 7f3a137fe700 1 -- 172.21.15.87:0/498530131 learned_addr learned my addr 172.21.15.87:0/498530131 (peer_addr_for_me v2:172.21.15.87:0/0)
2024-03-21T08:47:35.892 INFO:teuthology.orchestra.run.smithi087.stdout:/usr/bin/ceph: stderr
2024-03-21T08:47:35.074+0000 7f3a137fe700 1 -- 172.21.15.87:0/498530131 --> [v2:172.21.15.87:3300/0,v1:172.21.15.87:6789/0] -- mon_subscribe({config=0+,monmap=0+}) v3 -- 0x7f3a1419c060 con 0x7f3a14107b50
2024-03-21T08:47:35.892 INFO:teuthology.orchestra.run.smithi087.stdout:/usr/bin/ceph: stderr
2024-03-21T08:47:35.074+0000 7f3a137fe700 1 --2- 172.21.15.87:0/498530131 >> [v2:172.21.15.87:3300/0,v1:172.21.15.87:6789/0] conn(0x7f3a14107b50 0x7f3a1419bb20 secure :-1 s=READY pgs=40 cs=0 l=1 rev1=1 crypto rx=0x7f3a04011850 tx=0x7f3a04011c10 comp rx=0 tx=0).ready entity=mon.0 client_cookie=0 server_cookie=0 in_seq=0 out_seq=0
2024-03-21T08:47:35.892 INFO:teuthology.orchestra.run.smithi087.stdout:/usr/bin/ceph: stderr
2024-03-21T08:47:35.074+0000 7f3a117fa700 1 -- 172.21.15.87:0/498530131 <== mon.0 v2:172.21.15.87:3300/0 1 ==== mon_map magic: 0 v1 ==== 205+0+0 (secure 0 0 0) 0x7f3a04003af0 con 0x7f3a14107b50
2024-03-21T08:47:35.892 INFO:teuthology.orchestra.run.smithi087.stdout:/usr/bin/ceph: stderr
2024-03-21T08:47:35.074+0000 7f3a117fa700 1 -- 172.21.15.87:0/498530131 <== mon.0 v2:172.21.15.87:3300/0 2 ==== config(27 keys) v1 ==== 1109+0+0 (secure 0 0 0) 0x7f3a04020070 con 0x7f3a14107b50
2024-03-21T08:47:35.892 INFO:teuthology.orchestra.run.smithi087.stdout:/usr/bin/ceph: stderr
2024-03-21T08:47:35.074+0000 7f3a19c59700 1 -- 172.21.15.87:0/498530131 --> [v2:172.21.15.87:3300/0,v1:172.21.15.87:6789/0] -- mon_subscribe({mgrmap=0+}) v3 -- 0x7f3a1419c2f0 con 0x7f3a14107b50
2024-03-21T08:47:35.892 INFO:teuthology.orchestra.run.smithi087.stdout:/usr/bin/ceph: stderr
2024-03-21T08:47:35.074+0000 7f3a117fa700 1 -- 172.21.15.87:0/498530131 <== mon.0 v2:172.21.15.87:3300/0 3 ==== mon_map magic: 0 v1 ==== 205+0+0 (secure 0 0 0) 0x7f3a040195a0 con 0x7f3a14107b50
2024-03-21T08:47:35.892 INFO:teuthology.orchestra.run.smithi087.stdout:/usr/bin/ceph: stderr
2024-03-21T08:47:35.075+0000 7f3a19c59700 1 -- 172.21.15.87:0/498530131 --> [v2:172.21.15.87:3300/0,v1:172.21.15.87:6789/0] -- mon_subscribe({osdmap=0}) v3 -- 0x7f3a1419efe0 con 0x7f3a14107b50
2024-03-21T08:47:35.892 INFO:teuthology.orchestra.run.smithi087.stdout:/usr/bin/ceph: stderr
2024-03-21T08:47:35.075+0000 7f3a117fa700 1 -- 172.21.15.87:0/498530131 <== mon.0 v2:172.21.15.87:3300/0 4 ==== mgrmap(e 8) v1 ==== 46294+0+0 (secure 0 0 0) 0x7f3a04019850 con 0x7f3a14107b50
2024-03-21T08:47:35.892 INFO:teuthology.orchestra.run.smithi087.stdout:/usr/bin/ceph: stderr
2024-03-21T08:47:35.075+0000 7f3a117fa700 1 --2- 172.21.15.87:0/498530131 >> [v2:172.21.15.87:6800/2393104803,v1:172.21.15.87:6801/2393104803] conn(0x7f3a000391d0 0x7f3a0003b690 unknown :-1 s=NONE pgs=0 cs=0 l=1 rev1=0 crypto rx=0 tx=0 comp rx=0 tx=0).connect
2024-03-21T08:47:35.892 INFO:teuthology.orchestra.run.smithi087.stdout:/usr/bin/ceph: stderr
2024-03-21T08:47:35.075+0000 7f3a117fa700 1 -- 172.21.15.87:0/498530131 <== mon.0 v2:172.21.15.87:3300/0 5 ==== osd_map(2..2 src has 1..2) v4 ==== 940+0+0 (secure 0 0 0) 0x7f3a04011e00 con 0x7f3a14107b50
2024-03-21T08:47:35.892 INFO:teuthology.orchestra.run.smithi087.stdout:/usr/bin/ceph: stderr
2024-03-21T08:47:35.076+0000 7f3a0affd700 1 --2- 172.21.15.87:0/498530131 >> [v2:172.21.15.87:6800/2393104803,v1:172.21.15.87:6801/2393104803] conn(0x7f3a000391d0 0x7f3a0003b690 unknown :-1 s=BANNER_CONNECTING pgs=0 cs=0 l=1 rev1=0 crypto rx=0 tx=0 comp rx=0 tx=0)._handle_peer_banner_payload supported=3 required=0
2024-03-21T08:47:35.892 INFO:teuthology.orchestra.run.smithi087.stdout:/usr/bin/ceph: stderr
2024-03-21T08:47:35.076+0000 7f3a19c59700 1 -- 172.21.15.87:0/498530131 --> [v2:172.21.15.87:3300/0,v1:172.21.15.87:6789/0] -- mon_command({"prefix": "get_command_descriptions"} v 0) v1 -- 0x7f3a14069250 con 0x7f3a14107b50
2024-03-21T08:47:35.893 INFO:teuthology.orchestra.run.smithi087.stdout:/usr/bin/ceph: stderr
2024-03-21T08:47:35.076+0000 7f3a0affd700 1 --2- 172.21.15.87:0/498530131 >> [v2:172.21.15.87:6800/2393104803,v1:172.21.15.87:6801/2393104803] conn(0x7f3a000391d0 0x7f3a0003b690 secure :-1 s=READY pgs=8 cs=0 l=1 rev1=1 crypto rx=0x7f39fc006fd0 tx=0x7f39fc006e40 comp rx=0 tx=0).ready entity=mgr.14120 client_cookie=0 server_cookie=0 in_seq=0 out_seq=0
2024-03-21T08:47:35.893 INFO:teuthology.orchestra.run.smithi087.stdout:/usr/bin/ceph: stderr
2024-03-21T08:47:35.081+0000 7f3a117fa700 1 -- 172.21.15.87:0/498530131 <== mon.0 v2:172.21.15.87:3300/0 6 ==== mon_command_ack([{"prefix": "get_command_descriptions"}]=0 v0) v1 ==== 72+0+186149 (secure 0 0 0) 0x7f3a04003c90 con 0x7f3a14107b50
2024-03-21T08:47:35.893 INFO:teuthology.orchestra.run.smithi087.stdout:/usr/bin/ceph: stderr
2024-03-21T08:47:35.276+0000 7f3a19c59700 1 -- 172.21.15.87:0/498530131 --> [v2:172.21.15.87:6800/2393104803,v1:172.21.15.87:6801/2393104803] -- mgr_command(tid 0: {"prefix": "cephadm set-user", "user": "root", "target": ["mon-mgr", ""]}) v1 -- 0x7f3a14104390 con 0x7f3a000391d0
2024-03-21T08:47:35.893 INFO:teuthology.orchestra.run.smithi087.stdout:/usr/bin/ceph: stderr
2024-03-21T08:47:35.277+0000 7f3a117fa700 1 -- 172.21.15.87:0/498530131 <== mgr.14120 v2:172.21.15.87:6800/2393104803 1 ==== mgr_command_reply(tid 0: 0 ) v1 ==== 8+0+16 (secure 0 0 0) 0x7f3a14104390 con 0x7f3a000391d0
2024-03-21T08:47:35.893 INFO:teuthology.orchestra.run.smithi087.stdout:/usr/bin/ceph: stderr
2024-03-21T08:47:35.279+0000 7f3a19c59700 1 -- 172.21.15.87:0/498530131 >> [v2:172.21.15.87:6800/2393104803,v1:172.21.15.87:6801/2393104803] conn(0x7f3a000391d0 msgr2=0x7f3a0003b690 secure :-1 s=STATE_CONNECTION_ESTABLISHED l=1).mark_down
2024-03-21T08:47:35.893 INFO:teuthology.orchestra.run.smithi087.stdout:/usr/bin/ceph: stderr
2024-03-21T08:47:35.279+0000 7f3a19c59700 1 --2- 172.21.15.87:0/498530131 >> [v2:172.21.15.87:6800/2393104803,v1:172.21.15.87:6801/2393104803] conn(0x7f3a000391d0 0x7f3a0003b690 secure :-1 s=READY pgs=8 cs=0 l=1 rev1=1 crypto rx=0x7f39fc006fd0 tx=0x7f39fc006e40 comp rx=0 tx=0).stop
2024-03-21T08:47:35.893 INFO:teuthology.orchestra.run.smithi087.stdout:/usr/bin/ceph: stderr
2024-03-21T08:47:35.279+0000 7f3a19c59700 1 -- 172.21.15.87:0/498530131 >> [v2:172.21.15.87:3300/0,v1:172.21.15.87:6789/0] conn(0x7f3a14107b50 msgr2=0x7f3a1419bb20 secure :-1 s=STATE_CONNECTION_ESTABLISHED l=1).mark_down
2024-03-21T08:47:35.893 INFO:teuthology.orchestra.run.smithi087.stdout:/usr/bin/ceph: stderr
2024-03-21T08:47:35.279+0000 7f3a19c59700 1 --2- 172.21.15.87:0/498530131 >> [v2:172.21.15.87:3300/0,v1:172.21.15.87:6789/0] conn(0x7f3a14107b50 0x7f3a1419bb20 secure :-1 s=READY pgs=40 cs=0 l=1 rev1=1 crypto rx=0x7f3a04011850 tx=0x7f3a04011c10 comp rx=0 tx=0).stop
2024-03-21T08:47:35.893 INFO:teuthology.orchestra.run.smithi087.stdout:/usr/bin/ceph: stderr
2024-03-21T08:47:35.279+0000 7f3a19c59700 1 -- 172.21.15.87:0/498530131 shutdown_connections
2024-03-21T08:47:35.893 INFO:teuthology.orchestra.run.smithi087.stdout:/usr/bin/ceph: stderr
2024-03-21T08:47:35.279+0000 7f3a19c59700 1 --2- 172.21.15.87:0/498530131 >> [v2:172.21.15.87:6800/2393104803,v1:172.21.15.87:6801/2393104803] conn(0x7f3a000391d0 0x7f3a0003b690 unknown :-1 s=CLOSED pgs=8 cs=0 l=1 rev1=1 crypto rx=0 tx=0 comp rx=0 tx=0).stop
2024-03-21T08:47:35.893 INFO:teuthology.orchestra.run.smithi087.stdout:/usr/bin/ceph: stderr
2024-03-21T08:47:35.279+0000 7f3a19c59700 1 --2- 172.21.15.87:0/498530131 >> [v2:172.21.15.87:3300/0,v1:172.21.15.87:6789/0] conn(0x7f3a14107b50 0x7f3a1419bb20 unknown :-1 s=CLOSED pgs=40 cs=0 l=1 rev1=1 crypto rx=0 tx=0 comp rx=0 tx=0).stop
2024-03-21T08:47:35.893 INFO:teuthology.orchestra.run.smithi087.stdout:/usr/bin/ceph: stderr
2024-03-21T08:47:35.279+0000 7f3a19c59700 1 -- 172.21.15.87:0/498530131 >> 172.21.15.87:0/498530131 conn(0x7f3a14103130 msgr2=0x7f3a14103c80 unknown :-1 s=STATE_NONE l=0).mark_down
2024-03-21T08:47:35.893 INFO:teuthology.orchestra.run.smithi087.stdout:/usr/bin/ceph: stderr
2024-03-21T08:47:35.279+0000 7f3a19c59700 1 -- 172.21.15.87:0/498530131 shutdown_connections
2024-03-21T08:47:35.893 INFO:teuthology.orchestra.run.smithi087.stdout:/usr/bin/ceph: stderr
2024-03-21T08:47:35.279+0000 7f3a19c59700 1 -- 172.21.15.87:0/498530131 wait complete.
2024-03-21T08:47:35.893 INFO:teuthology.orchestra.run.smithi087.stdout:Generating ssh key...
2024-03-21T08:47:36.138 INFO:journalctl@ceph.mon.a.smithi087.stdout:Mar 21 08:47:35 smithi087 ceph-mon[32385]: from='client.14132 -' entity='client.admin' cmd=[{"prefix": "orch set backend", "module_name": "cephadm", "target": ["mon-mgr", ""]}]: dispatch
2024-03-21T08:47:36.846 INFO:journalctl@ceph.mgr.x.smithi087.stdout:Mar 21 08:47:36 smithi087 ceph-75a2f1f0-e75f-11ee-95cd-87774f69a715-mgr-x[32618]: Generating public/private rsa key pair.
2024-03-21T08:47:36.846 INFO:journalctl@ceph.mgr.x.smithi087.stdout:Mar 21 08:47:36 smithi087 ceph-75a2f1f0-e75f-11ee-95cd-87774f69a715-mgr-x[32618]: Your identification has been saved in /tmp/tmptduzb7rz/key.
2024-03-21T08:47:36.846 INFO:journalctl@ceph.mgr.x.smithi087.stdout:Mar 21 08:47:36 smithi087 ceph-75a2f1f0-e75f-11ee-95cd-87774f69a715-mgr-x[32618]: Your public key has been saved in /tmp/tmptduzb7rz/key.pub.
2024-03-21T08:47:36.846 INFO:journalctl@ceph.mgr.x.smithi087.stdout:Mar 21 08:47:36 smithi087 ceph-75a2f1f0-e75f-11ee-95cd-87774f69a715-mgr-x[32618]: The key fingerprint is:
2024-03-21T08:47:36.846 INFO:journalctl@ceph.mgr.x.smithi087.stdout:Mar 21 08:47:36 smithi087 ceph-75a2f1f0-e75f-11ee-95cd-87774f69a715-mgr-x[32618]: SHA256:vG8s5Tdmw/SV0DGDNwYtnG55H5d2Uz+T4c083/hCzl8 ceph-75a2f1f0-e75f-11ee-95cd-87774f69a715
2024-03-21T08:47:36.846 INFO:journalctl@ceph.mgr.x.smithi087.stdout:Mar 21 08:47:36 smithi087 ceph-75a2f1f0-e75f-11ee-95cd-87774f69a715-mgr-x[32618]: The key's randomart image is:
2024-03-21T08:47:36.846 INFO:journalctl@ceph.mgr.x.smithi087.stdout:Mar 21 08:47:36 smithi087 ceph-75a2f1f0-e75f-11ee-95cd-87774f69a715-mgr-x[32618]: +---[RSA 3072]----+
2024-03-21T08:47:36.847 INFO:journalctl@ceph.mgr.x.smithi087.stdout:Mar 21 08:47:36 smithi087 ceph-75a2f1f0-e75f-11ee-95cd-87774f69a715-mgr-x[32618]: | ..= |
2024-03-21T08:47:36.847 INFO:journalctl@ceph.mgr.x.smithi087.stdout:Mar 21 08:47:36 smithi087 ceph-75a2f1f0-e75f-11ee-95cd-87774f69a715-mgr-x[32618]: | = X.|
2024-03-21T08:47:36.847 INFO:journalctl@ceph.mgr.x.smithi087.stdout:Mar 21 08:47:36 smithi087 ceph-75a2f1f0-e75f-11ee-95cd-87774f69a715-mgr-x[32618]: | . Bo%|
2024-03-21T08:47:36.847 INFO:journalctl@ceph.mgr.x.smithi087.stdout:Mar 21 08:47:36 smithi087 ceph-75a2f1f0-e75f-11ee-95cd-87774f69a715-mgr-x[32618]: | . = &B|
2024-03-21T08:47:36.847 INFO:journalctl@ceph.mgr.x.smithi087.stdout:Mar 21 08:47:36 smithi087 ceph-75a2f1f0-e75f-11ee-95cd-87774f69a715-mgr-x[32618]: | S . +.&|
2024-03-21T08:47:36.847 INFO:journalctl@ceph.mgr.x.smithi087.stdout:Mar 21 08:47:36 smithi087 ceph-75a2f1f0-e75f-11ee-95cd-87774f69a715-mgr-x[32618]: | .. . o.=|
2024-03-21T08:47:36.847 INFO:journalctl@ceph.mgr.x.smithi087.stdout:Mar 21 08:47:36 smithi087 ceph-75a2f1f0-e75f-11ee-95cd-87774f69a715-mgr-x[32618]: | .+ o = oE|
2024-03-21T08:47:36.847 INFO:journalctl@ceph.mgr.x.smithi087.stdout:Mar 21 08:47:36 smithi087 ceph-75a2f1f0-e75f-11ee-95cd-87774f69a715-mgr-x[32618]: | ..+ B = o|
2024-03-21T08:47:36.847 INFO:journalctl@ceph.mgr.x.smithi087.stdout:Mar 21 08:47:36 smithi087 ceph-75a2f1f0-e75f-11ee-95cd-87774f69a715-mgr-x[32618]: | o.+ o o.|
2024-03-21T08:47:36.847 INFO:journalctl@ceph.mgr.x.smithi087.stdout:Mar 21 08:47:36 smithi087 ceph-75a2f1f0-e75f-11ee-95cd-87774f69a715-mgr-x[32618]: +----[SHA256]-----+
2024-03-21T08:47:37.141 INFO:journalctl@ceph.mon.a.smithi087.stdout:Mar 21 08:47:36 smithi087 ceph-mon[32385]: from='client.14134 -' entity='client.admin' cmd=[{"prefix": "cephadm set-user", "user": "root", "target": ["mon-mgr", ""]}]: dispatch
2024-03-21T08:47:37.142 INFO:journalctl@ceph.mon.a.smithi087.stdout:Mar 21 08:47:36 smithi087 ceph-mon[32385]: from='mgr.14120 172.21.15.87:0/292810794' entity='mgr.x'
2024-03-21T08:47:37.142 INFO:journalctl@ceph.mon.a.smithi087.stdout:Mar 21 08:47:36 smithi087 ceph-mon[32385]: from='mgr.14120 172.21.15.87:0/292810794' entity='mgr.x'
2024-03-21T08:47:37.247 INFO:teuthology.orchestra.run.smithi087.stdout:/usr/bin/ceph: stderr
2024-03-21T08:47:36.371+0000 7f0f100fa700 1 Processor -- start
2024-03-21T08:47:37.247 INFO:teuthology.orchestra.run.smithi087.stdout:/usr/bin/ceph: stderr
2024-03-21T08:47:36.372+0000 7f0f100fa700 1 -- start start
2024-03-21T08:47:37.247 INFO:teuthology.orchestra.run.smithi087.stdout:/usr/bin/ceph: stderr
2024-03-21T08:47:36.372+0000 7f0f100fa700 1 --2- >> [v2:172.21.15.87:3300/0,v1:172.21.15.87:6789/0] conn(0x7f0f08107b50 0x7f0f08107f70 unknown :-1 s=NONE pgs=0 cs=0 l=0 rev1=0 crypto rx=0 tx=0 comp rx=0 tx=0).connect
2024-03-21T08:47:37.247 INFO:teuthology.orchestra.run.smithi087.stdout:/usr/bin/ceph: stderr
2024-03-21T08:47:36.372+0000 7f0f100fa700 1 -- --> [v2:172.21.15.87:3300/0,v1:172.21.15.87:6789/0] -- mon_getmap magic: 0 v1 -- 0x7f0f08108540 con 0x7f0f08107b50
2024-03-21T08:47:37.247 INFO:teuthology.orchestra.run.smithi087.stdout:/usr/bin/ceph: stderr
2024-03-21T08:47:36.372+0000 7f0f0de96700 1 --2- >> [v2:172.21.15.87:3300/0,v1:172.21.15.87:6789/0] conn(0x7f0f08107b50 0x7f0f08107f70 unknown :-1 s=BANNER_CONNECTING pgs=0 cs=0 l=0 rev1=0 crypto rx=0 tx=0 comp rx=0 tx=0)._handle_peer_banner_payload supported=3 required=0
2024-03-21T08:47:37.247 INFO:teuthology.orchestra.run.smithi087.stdout:/usr/bin/ceph: stderr
2024-03-21T08:47:36.372+0000 7f0f0de96700 1 --2- >> [v2:172.21.15.87:3300/0,v1:172.21.15.87:6789/0] conn(0x7f0f08107b50 0x7f0f08107f70 unknown :-1 s=HELLO_CONNECTING pgs=0 cs=0 l=0 rev1=1 crypto rx=0 tx=0 comp rx=0 tx=0).handle_hello peer v2:172.21.15.87:3300/0 says I am v2:172.21.15.87:42966/0 (socket says 172.21.15.87:42966)
2024-03-21T08:47:37.247 INFO:teuthology.orchestra.run.smithi087.stdout:/usr/bin/ceph: stderr
2024-03-21T08:47:36.372+0000 7f0f0de96700 1 -- 172.21.15.87:0/944560894 learned_addr learned my addr 172.21.15.87:0/944560894 (peer_addr_for_me v2:172.21.15.87:0/0)
2024-03-21T08:47:37.247 INFO:teuthology.orchestra.run.smithi087.stdout:/usr/bin/ceph: stderr
2024-03-21T08:47:36.372+0000 7f0f0de96700 1 -- 172.21.15.87:0/944560894 --> [v2:172.21.15.87:3300/0,v1:172.21.15.87:6789/0] -- mon_subscribe({config=0+,monmap=0+}) v3 -- 0x7f0f08108d00 con 0x7f0f08107b50
2024-03-21T08:47:37.248 INFO:teuthology.orchestra.run.smithi087.stdout:/usr/bin/ceph: stderr
2024-03-21T08:47:36.372+0000 7f0f0de96700 1 --2- 172.21.15.87:0/944560894 >> [v2:172.21.15.87:3300/0,v1:172.21.15.87:6789/0] conn(0x7f0f08107b50 0x7f0f08107f70 secure :-1 s=READY pgs=41 cs=0 l=1 rev1=1 crypto rx=0x7f0f000098a0 tx=0x7f0f00009bb0 comp rx=0 tx=0).ready entity=mon.0 client_cookie=e40fff1a9c2e093b server_cookie=0 in_seq=0 out_seq=0
2024-03-21T08:47:37.248 INFO:teuthology.orchestra.run.smithi087.stdout:/usr/bin/ceph: stderr
2024-03-21T08:47:36.372+0000 7f0f0ce94700 1 -- 172.21.15.87:0/944560894 <== mon.0 v2:172.21.15.87:3300/0 1 ==== mon_map magic: 0 v1 ==== 205+0+0 (secure 0 0 0) 0x7f0f00004160 con 0x7f0f08107b50
2024-03-21T08:47:37.248 INFO:teuthology.orchestra.run.smithi087.stdout:/usr/bin/ceph: stderr
2024-03-21T08:47:36.373+0000 7f0f0ce94700 1 -- 172.21.15.87:0/944560894 <== mon.0 v2:172.21.15.87:3300/0 2 ==== config(27 keys) v1 ==== 1109+0+0 (secure 0 0 0) 0x7f0f00004300 con 0x7f0f08107b50
2024-03-21T08:47:37.248 INFO:teuthology.orchestra.run.smithi087.stdout:/usr/bin/ceph: stderr
2024-03-21T08:47:36.373+0000 7f0f0ce94700 1 -- 172.21.15.87:0/944560894 <== mon.0 v2:172.21.15.87:3300/0 3 ==== mon_map magic: 0 v1 ==== 205+0+0 (secure 0 0 0) 0x7f0f00011b50 con 0x7f0f08107b50
2024-03-21T08:47:37.248 INFO:teuthology.orchestra.run.smithi087.stdout:/usr/bin/ceph: stderr
2024-03-21T08:47:36.373+0000 7f0f100fa700 1 -- 172.21.15.87:0/944560894 >> [v2:172.21.15.87:3300/0,v1:172.21.15.87:6789/0] conn(0x7f0f08107b50 msgr2=0x7f0f08107f70 secure :-1 s=STATE_CONNECTION_ESTABLISHED l=1).mark_down
2024-03-21T08:47:37.248 INFO:teuthology.orchestra.run.smithi087.stdout:/usr/bin/ceph: stderr
2024-03-21T08:47:36.373+0000 7f0f100fa700 1 --2- 172.21.15.87:0/944560894 >> [v2:172.21.15.87:3300/0,v1:172.21.15.87:6789/0] conn(0x7f0f08107b50 0x7f0f08107f70 secure :-1 s=READY pgs=41 cs=0 l=1 rev1=1 crypto rx=0x7f0f000098a0 tx=0x7f0f00009bb0 comp rx=0 tx=0).stop
2024-03-21T08:47:37.248 INFO:teuthology.orchestra.run.smithi087.stdout:/usr/bin/ceph: stderr
2024-03-21T08:47:36.373+0000 7f0f100fa700 1 -- 172.21.15.87:0/944560894 shutdown_connections
2024-03-21T08:47:37.248 INFO:teuthology.orchestra.run.smithi087.stdout:/usr/bin/ceph: stderr
2024-03-21T08:47:36.373+0000 7f0f100fa700 1 --2- 172.21.15.87:0/944560894 >> [v2:172.21.15.87:3300/0,v1:172.21.15.87:6789/0] conn(0x7f0f08107b50 0x7f0f08107f70 unknown :-1 s=CLOSED pgs=41 cs=0 l=1 rev1=1 crypto rx=0 tx=0 comp rx=0 tx=0).stop
2024-03-21T08:47:37.248 INFO:teuthology.orchestra.run.smithi087.stdout:/usr/bin/ceph: stderr
2024-03-21T08:47:36.373+0000 7f0f100fa700 1 -- 172.21.15.87:0/944560894 >> 172.21.15.87:0/944560894 conn(0x7f0f08103130 msgr2=0x7f0f08105550 unknown :-1 s=STATE_NONE l=0).mark_down
2024-03-21T08:47:37.248 INFO:teuthology.orchestra.run.smithi087.stdout:/usr/bin/ceph: stderr
2024-03-21T08:47:36.373+0000 7f0f100fa700 1 -- 172.21.15.87:0/944560894 shutdown_connections
2024-03-21T08:47:37.248 INFO:teuthology.orchestra.run.smithi087.stdout:/usr/bin/ceph: stderr
2024-03-21T08:47:36.373+0000 7f0f100fa700 1 -- 172.21.15.87:0/944560894 wait complete.
2024-03-21T08:47:37.248 INFO:teuthology.orchestra.run.smithi087.stdout:/usr/bin/ceph: stderr
2024-03-21T08:47:36.374+0000 7f0f100fa700 1 Processor -- start
2024-03-21T08:47:37.248 INFO:teuthology.orchestra.run.smithi087.stdout:/usr/bin/ceph: stderr
2024-03-21T08:47:36.374+0000 7f0f100fa700 1 -- start start
2024-03-21T08:47:37.248 INFO:teuthology.orchestra.run.smithi087.stdout:/usr/bin/ceph: stderr
2024-03-21T08:47:36.374+0000 7f0f100fa700 1 --2- >> [v2:172.21.15.87:3300/0,v1:172.21.15.87:6789/0] conn(0x7f0f08107b50 0x7f0f0819bb20 unknown :-1 s=NONE pgs=0 cs=0 l=1 rev1=0 crypto rx=0 tx=0 comp rx=0 tx=0).connect
2024-03-21T08:47:37.249 INFO:teuthology.orchestra.run.smithi087.stdout:/usr/bin/ceph: stderr
2024-03-21T08:47:36.374+0000 7f0f100fa700 1 -- --> [v2:172.21.15.87:3300/0,v1:172.21.15.87:6789/0] -- mon_getmap magic: 0 v1 -- 0x7f0f0810c0b0 con 0x7f0f08107b50
2024-03-21T08:47:37.249 INFO:teuthology.orchestra.run.smithi087.stdout:/usr/bin/ceph: stderr
2024-03-21T08:47:36.374+0000 7f0f0de96700 1 --2- >> [v2:172.21.15.87:3300/0,v1:172.21.15.87:6789/0] conn(0x7f0f08107b50 0x7f0f0819bb20 unknown :-1 s=BANNER_CONNECTING pgs=0 cs=0 l=1 rev1=0 crypto rx=0 tx=0 comp rx=0 tx=0)._handle_peer_banner_payload supported=3 required=0
2024-03-21T08:47:37.249 INFO:teuthology.orchestra.run.smithi087.stdout:/usr/bin/ceph: stderr
2024-03-21T08:47:36.374+0000 7f0f0de96700 1 --2- >> [v2:172.21.15.87:3300/0,v1:172.21.15.87:6789/0] conn(0x7f0f08107b50 0x7f0f0819bb20 unknown :-1 s=HELLO_CONNECTING pgs=0 cs=0 l=1 rev1=1 crypto rx=0 tx=0 comp rx=0 tx=0).handle_hello peer v2:172.21.15.87:3300/0 says I am v2:172.21.15.87:42968/0 (socket says 172.21.15.87:42968)
2024-03-21T08:47:37.249 INFO:teuthology.orchestra.run.smithi087.stdout:/usr/bin/ceph: stderr
2024-03-21T08:47:36.374+0000 7f0f0de96700 1 -- 172.21.15.87:0/188217088 learned_addr learned my addr 172.21.15.87:0/188217088 (peer_addr_for_me v2:172.21.15.87:0/0)
2024-03-21T08:47:37.249 INFO:teuthology.orchestra.run.smithi087.stdout:/usr/bin/ceph: stderr
2024-03-21T08:47:36.374+0000 7f0f0de96700 1 -- 172.21.15.87:0/188217088 --> [v2:172.21.15.87:3300/0,v1:172.21.15.87:6789/0] -- mon_subscribe({config=0+,monmap=0+}) v3 -- 0x7f0f0819c060 con 0x7f0f08107b50
2024-03-21T08:47:37.249 INFO:teuthology.orchestra.run.smithi087.stdout:/usr/bin/ceph: stderr
2024-03-21T08:47:36.374+0000 7f0f0de96700 1 --2- 172.21.15.87:0/188217088 >> [v2:172.21.15.87:3300/0,v1:172.21.15.87:6789/0] conn(0x7f0f08107b50 0x7f0f0819bb20 secure :-1 s=READY pgs=42 cs=0 l=1 rev1=1 crypto rx=0x7f0f00011850 tx=0x7f0f00011c10 comp rx=0 tx=0).ready entity=mon.0 client_cookie=0 server_cookie=0 in_seq=0 out_seq=0
2024-03-21T08:47:37.249 INFO:teuthology.orchestra.run.smithi087.stdout:/usr/bin/ceph: stderr
2024-03-21T08:47:36.375+0000 7f0f06ffd700 1 -- 172.21.15.87:0/188217088 <== mon.0 v2:172.21.15.87:3300/0 1 ==== mon_map magic: 0 v1 ==== 205+0+0 (secure 0 0 0) 0x7f0f00003af0 con 0x7f0f08107b50
2024-03-21T08:47:37.249 INFO:teuthology.orchestra.run.smithi087.stdout:/usr/bin/ceph: stderr
2024-03-21T08:47:36.375+0000 7f0f06ffd700 1 -- 172.21.15.87:0/188217088 <== mon.0 v2:172.21.15.87:3300/0 2 ==== config(27 keys) v1 ==== 1109+0+0 (secure 0 0 0) 0x7f0f00020070 con 0x7f0f08107b50
2024-03-21T08:47:37.249 INFO:teuthology.orchestra.run.smithi087.stdout:/usr/bin/ceph: stderr
2024-03-21T08:47:36.375+0000 7f0f06ffd700 1 -- 172.21.15.87:0/188217088 <== mon.0 v2:172.21.15.87:3300/0 3 ==== mon_map magic: 0 v1 ==== 205+0+0 (secure 0 0 0) 0x7f0f000195a0 con 0x7f0f08107b50
2024-03-21T08:47:37.249 INFO:teuthology.orchestra.run.smithi087.stdout:/usr/bin/ceph: stderr
2024-03-21T08:47:36.375+0000 7f0f100fa700 1 -- 172.21.15.87:0/188217088 --> [v2:172.21.15.87:3300/0,v1:172.21.15.87:6789/0] -- mon_subscribe({mgrmap=0+}) v3 -- 0x7f0f0819c2f0 con 0x7f0f08107b50
2024-03-21T08:47:37.249 INFO:teuthology.orchestra.run.smithi087.stdout:/usr/bin/ceph: stderr
2024-03-21T08:47:36.375+0000 7f0f100fa700 1 -- 172.21.15.87:0/188217088 --> [v2:172.21.15.87:3300/0,v1:172.21.15.87:6789/0] -- mon_subscribe({osdmap=0}) v3 -- 0x7f0f0819efe0 con 0x7f0f08107b50
2024-03-21T08:47:37.249 INFO:teuthology.orchestra.run.smithi087.stdout:/usr/bin/ceph: stderr
2024-03-21T08:47:36.375+0000 7f0f06ffd700 1 -- 172.21.15.87:0/188217088 <== mon.0 v2:172.21.15.87:3300/0 4 ==== mgrmap(e 8) v1 ==== 46294+0+0 (secure 0 0 0) 0x7f0f00019850 con 0x7f0f08107b50
2024-03-21T08:47:37.249 INFO:teuthology.orchestra.run.smithi087.stdout:/usr/bin/ceph: stderr
2024-03-21T08:47:36.376+0000 7f0f06ffd700 1 --2- 172.21.15.87:0/188217088 >> [v2:172.21.15.87:6800/2393104803,v1:172.21.15.87:6801/2393104803] conn(0x7f0ef00391d0 0x7f0ef003b690 unknown :-1 s=NONE pgs=0 cs=0 l=1 rev1=0 crypto rx=0 tx=0 comp rx=0 tx=0).connect
2024-03-21T08:47:37.249 INFO:teuthology.orchestra.run.smithi087.stdout:/usr/bin/ceph: stderr
2024-03-21T08:47:36.376+0000 7f0f100fa700 1 -- 172.21.15.87:0/188217088 --> [v2:172.21.15.87:3300/0,v1:172.21.15.87:6789/0] -- mon_command({"prefix": "get_command_descriptions"} v 0) v1 -- 0x7f0f08069250 con 0x7f0f08107b50
2024-03-21T08:47:37.250 INFO:teuthology.orchestra.run.smithi087.stdout:/usr/bin/ceph: stderr
2024-03-21T08:47:36.376+0000 7f0f06ffd700 1 -- 172.21.15.87:0/188217088 <== mon.0 v2:172.21.15.87:3300/0 5 ==== osd_map(2..2 src has 1..2) v4 ==== 940+0+0 (secure 0 0 0) 0x7f0f00011e00 con 0x7f0f08107b50
2024-03-21T08:47:37.250 INFO:teuthology.orchestra.run.smithi087.stdout:/usr/bin/ceph: stderr
2024-03-21T08:47:36.376+0000 7f0f0d695700 1 --2- 172.21.15.87:0/188217088 >> [v2:172.21.15.87:6800/2393104803,v1:172.21.15.87:6801/2393104803] conn(0x7f0ef00391d0 0x7f0ef003b690 unknown :-1 s=BANNER_CONNECTING pgs=0 cs=0 l=1 rev1=0 crypto rx=0 tx=0 comp rx=0 tx=0)._handle_peer_banner_payload supported=3 required=0
2024-03-21T08:47:37.250 INFO:teuthology.orchestra.run.smithi087.stdout:/usr/bin/ceph: stderr
2024-03-21T08:47:36.376+0000 7f0f0d695700 1 --2- 172.21.15.87:0/188217088 >> [v2:172.21.15.87:6800/2393104803,v1:172.21.15.87:6801/2393104803] conn(0x7f0ef00391d0 0x7f0ef003b690 secure :-1 s=READY pgs=9 cs=0 l=1 rev1=1 crypto rx=0x7f0efc006fd0 tx=0x7f0efc006e40 comp rx=0 tx=0).ready entity=mgr.14120 client_cookie=0 server_cookie=0 in_seq=0 out_seq=0
2024-03-21T08:47:37.250 INFO:teuthology.orchestra.run.smithi087.stdout:/usr/bin/ceph: stderr
2024-03-21T08:47:36.381+0000 7f0f06ffd700 1 -- 172.21.15.87:0/188217088 <== mon.0 v2:172.21.15.87:3300/0 6 ==== mon_command_ack([{"prefix": "get_command_descriptions"}]=0 v0) v1 ==== 72+0+186149 (secure 0 0 0) 0x7f0f00018ba0 con 0x7f0f08107b50
2024-03-21T08:47:37.250 INFO:teuthology.orchestra.run.smithi087.stdout:/usr/bin/ceph: stderr
2024-03-21T08:47:36.577+0000 7f0f100fa700 1 -- 172.21.15.87:0/188217088 --> [v2:172.21.15.87:6800/2393104803,v1:172.21.15.87:6801/2393104803] -- mgr_command(tid 0: {"prefix": "cephadm generate-key", "target": ["mon-mgr", ""]}) v1 -- 0x7f0f08104390 con 0x7f0ef00391d0
2024-03-21T08:47:37.250 INFO:teuthology.orchestra.run.smithi087.stdout:/usr/bin/ceph: stderr
2024-03-21T08:47:36.732+0000 7f0f06ffd700 1 -- 172.21.15.87:0/188217088 <== mgr.14120 v2:172.21.15.87:6800/2393104803 1 ==== mgr_command_reply(tid 0: 0 ) v1 ==== 8+0+0 (secure 0 0 0) 0x7f0f08104390 con 0x7f0ef00391d0
2024-03-21T08:47:37.250 INFO:teuthology.orchestra.run.smithi087.stdout:/usr/bin/ceph: stderr
2024-03-21T08:47:36.734+0000 7f0f100fa700 1 -- 172.21.15.87:0/188217088 >> [v2:172.21.15.87:6800/2393104803,v1:172.21.15.87:6801/2393104803] conn(0x7f0ef00391d0 msgr2=0x7f0ef003b690 secure :-1 s=STATE_CONNECTION_ESTABLISHED l=1).mark_down
2024-03-21T08:47:37.250 INFO:teuthology.orchestra.run.smithi087.stdout:/usr/bin/ceph: stderr
2024-03-21T08:47:36.734+0000 7f0f100fa700 1 --2- 172.21.15.87:0/188217088 >> [v2:172.21.15.87:6800/2393104803,v1:172.21.15.87:6801/2393104803] conn(0x7f0ef00391d0 0x7f0ef003b690 secure :-1 s=READY pgs=9 cs=0 l=1 rev1=1 crypto rx=0x7f0efc006fd0 tx=0x7f0efc006e40 comp rx=0 tx=0).stop
2024-03-21T08:47:37.250 INFO:teuthology.orchestra.run.smithi087.stdout:/usr/bin/ceph: stderr
2024-03-21T08:47:36.734+0000 7f0f100fa700 1 -- 172.21.15.87:0/188217088 >> [v2:172.21.15.87:3300/0,v1:172.21.15.87:6789/0] conn(0x7f0f08107b50 msgr2=0x7f0f0819bb20 secure :-1 s=STATE_CONNECTION_ESTABLISHED l=1).mark_down
2024-03-21T08:47:37.250 INFO:teuthology.orchestra.run.smithi087.stdout:/usr/bin/ceph: stderr
2024-03-21T08:47:36.734+0000 7f0f100fa700 1 --2- 172.21.15.87:0/188217088 >> [v2:172.21.15.87:3300/0,v1:172.21.15.87:6789/0] conn(0x7f0f08107b50 0x7f0f0819bb20 secure :-1 s=READY pgs=42 cs=0 l=1 rev1=1 crypto rx=0x7f0f00011850 tx=0x7f0f00011c10 comp rx=0 tx=0).stop
2024-03-21T08:47:37.250 INFO:teuthology.orchestra.run.smithi087.stdout:/usr/bin/ceph: stderr
2024-03-21T08:47:36.734+0000 7f0f100fa700 1 -- 172.21.15.87:0/188217088 shutdown_connections
2024-03-21T08:47:37.250 INFO:teuthology.orchestra.run.smithi087.stdout:/usr/bin/ceph: stderr
2024-03-21T08:47:36.734+0000 7f0f100fa700 1 --2- 172.21.15.87:0/188217088 >> [v2:172.21.15.87:6800/2393104803,v1:172.21.15.87:6801/2393104803] conn(0x7f0ef00391d0 0x7f0ef003b690 unknown :-1 s=CLOSED pgs=9 cs=0 l=1 rev1=1 crypto rx=0 tx=0 comp rx=0 tx=0).stop
2024-03-21T08:47:37.251 INFO:teuthology.orchestra.run.smithi087.stdout:/usr/bin/ceph: stderr
2024-03-21T08:47:36.734+0000 7f0f100fa700 1 --2- 172.21.15.87:0/188217088 >> [v2:172.21.15.87:3300/0,v1:172.21.15.87:6789/0] conn(0x7f0f08107b50 0x7f0f0819bb20 unknown :-1 s=CLOSED pgs=42 cs=0 l=1 rev1=1 crypto rx=0 tx=0 comp rx=0 tx=0).stop
2024-03-21T08:47:37.251 INFO:teuthology.orchestra.run.smithi087.stdout:/usr/bin/ceph: stderr
2024-03-21T08:47:36.734+0000 7f0f100fa700 1 -- 172.21.15.87:0/188217088 >> 172.21.15.87:0/188217088 conn(0x7f0f08103130 msgr2=0x7f0f08103c80 unknown :-1 s=STATE_NONE l=0).mark_down
2024-03-21T08:47:37.251 INFO:teuthology.orchestra.run.smithi087.stdout:/usr/bin/ceph: stderr
2024-03-21T08:47:36.734+0000 7f0f100fa700 1 -- 172.21.15.87:0/188217088 shutdown_connections
2024-03-21T08:47:37.251 INFO:teuthology.orchestra.run.smithi087.stdout:/usr/bin/ceph: stderr
2024-03-21T08:47:36.734+0000 7f0f100fa700 1 -- 172.21.15.87:0/188217088 wait complete.
2024-03-21T08:47:38.159 INFO:journalctl@ceph.mon.a.smithi087.stdout:Mar 21 08:47:37 smithi087 ceph-mon[32385]: from='client.14136 -' entity='client.admin' cmd=[{"prefix": "cephadm generate-key", "target": ["mon-mgr", ""]}]: dispatch
2024-03-21T08:47:38.159 INFO:journalctl@ceph.mon.a.smithi087.stdout:Mar 21 08:47:37 smithi087 ceph-mon[32385]: Generating ssh key...
2024-03-21T08:47:38.479 INFO:teuthology.orchestra.run.smithi087.stdout:/usr/bin/ceph: stdout ssh-rsa AAAAB3NzaC1yc2EAAAADAQABAAABgQCrfgM1uysRgnuneUPwI0HFcdlZQgJGBUvrRVJ6gtwAVgDaV0XnxaFbs6UFV5/H8jySfmRLQJH6vZUGqJvgIQywZ67VwVH5LQiDnx0qdOoC7RvXLz+mCo40i9Itcqs27mX374JLJ6LBQAMg2njaJYHpEQBLNcBORDpEnKQmwW82oNhrKYZId1SGrl9kZco//TE5smS67lmFjBsXWRoMN9ULHTu5tuQA+uB6yo5xuAoQhX4w9rlx5CrLiV2nsUeHlqtr9LG1Dl8/tnJfx0rLb4pEtmZ3sfIIuPGQOhNeryp9s7BsL/SedgGZLB/Shcml1VnL18OP3fGECMQ3Ptjfo3jRVi+hcIwKUWh8qWzwhkZrEb22CJSTuqveiLfo1lGwXwf4k32g5uYHvQdoBTNZo2duLW+j1jJV3Vj3306S38GSfeet7fj/rmzdVubb0+9rNlDjL6bPwT8OZ16n/miCedQlAPKIougmDFxbEFYfiftieJ+uSxCW77lum8FXTCMSnl0= ceph-75a2f1f0-e75f-11ee-95cd-87774f69a715
2024-03-21T08:47:38.479 INFO:teuthology.orchestra.run.smithi087.stdout:/usr/bin/ceph: stderr
2024-03-21T08:47:37.650+0000 7f6bf9fb8700 1 Processor -- start
2024-03-21T08:47:38.479 INFO:teuthology.orchestra.run.smithi087.stdout:/usr/bin/ceph: stderr
2024-03-21T08:47:37.650+0000 7f6bf9fb8700 1 -- start start
2024-03-21T08:47:38.479 INFO:teuthology.orchestra.run.smithi087.stdout:/usr/bin/ceph: stderr
2024-03-21T08:47:37.650+0000 7f6bf9fb8700 1 --2- >> [v2:172.21.15.87:3300/0,v1:172.21.15.87:6789/0] conn(0x7f6bf4107b50 0x7f6bf4107f70 unknown :-1 s=NONE pgs=0 cs=0 l=0 rev1=0 crypto rx=0 tx=0 comp rx=0 tx=0).connect
2024-03-21T08:47:38.479 INFO:teuthology.orchestra.run.smithi087.stdout:/usr/bin/ceph: stderr
2024-03-21T08:47:37.650+0000 7f6bf9fb8700 1 -- --> [v2:172.21.15.87:3300/0,v1:172.21.15.87:6789/0] -- mon_getmap magic: 0 v1 -- 0x7f6bf4108540 con 0x7f6bf4107b50
2024-03-21T08:47:38.479 INFO:teuthology.orchestra.run.smithi087.stdout:/usr/bin/ceph: stderr
2024-03-21T08:47:37.650+0000 7f6bf37fe700 1 --2- >> [v2:172.21.15.87:3300/0,v1:172.21.15.87:6789/0] conn(0x7f6bf4107b50 0x7f6bf4107f70 unknown :-1 s=BANNER_CONNECTING pgs=0 cs=0 l=0 rev1=0 crypto rx=0 tx=0 comp rx=0 tx=0)._handle_peer_banner_payload supported=3 required=0
2024-03-21T08:47:38.479 INFO:teuthology.orchestra.run.smithi087.stdout:/usr/bin/ceph: stderr
2024-03-21T08:47:37.650+0000 7f6bf37fe700 1 --2- >> [v2:172.21.15.87:3300/0,v1:172.21.15.87:6789/0] conn(0x7f6bf4107b50 0x7f6bf4107f70 unknown :-1 s=HELLO_CONNECTING pgs=0 cs=0 l=0 rev1=1 crypto rx=0 tx=0 comp rx=0 tx=0).handle_hello peer v2:172.21.15.87:3300/0 says I am v2:172.21.15.87:33106/0 (socket says 172.21.15.87:33106)
2024-03-21T08:47:38.479 INFO:teuthology.orchestra.run.smithi087.stdout:/usr/bin/ceph: stderr
2024-03-21T08:47:37.650+0000 7f6bf37fe700 1 -- 172.21.15.87:0/1516786389 learned_addr learned my addr 172.21.15.87:0/1516786389 (peer_addr_for_me v2:172.21.15.87:0/0)
2024-03-21T08:47:38.480 INFO:teuthology.orchestra.run.smithi087.stdout:/usr/bin/ceph: stderr
2024-03-21T08:47:37.650+0000 7f6bf37fe700 1 -- 172.21.15.87:0/1516786389 --> [v2:172.21.15.87:3300/0,v1:172.21.15.87:6789/0] -- mon_subscribe({config=0+,monmap=0+}) v3 -- 0x7f6bf4108d00 con 0x7f6bf4107b50
2024-03-21T08:47:38.480 INFO:teuthology.orchestra.run.smithi087.stdout:/usr/bin/ceph: stderr
2024-03-21T08:47:37.650+0000 7f6bf37fe700 1 --2- 172.21.15.87:0/1516786389 >> [v2:172.21.15.87:3300/0,v1:172.21.15.87:6789/0] conn(0x7f6bf4107b50 0x7f6bf4107f70 secure :-1 s=READY pgs=43 cs=0 l=1 rev1=1 crypto rx=0x7f6be40098a0 tx=0x7f6be4009bb0 comp rx=0 tx=0).ready entity=mon.0 client_cookie=8c8d1074d034fc89 server_cookie=0 in_seq=0 out_seq=0
2024-03-21T08:47:38.480 INFO:teuthology.orchestra.run.smithi087.stdout:/usr/bin/ceph: stderr
2024-03-21T08:47:37.651+0000 7f6bf27fc700 1 -- 172.21.15.87:0/1516786389 <== mon.0 v2:172.21.15.87:3300/0 1 ==== mon_map magic: 0 v1 ==== 205+0+0 (secure 0 0 0) 0x7f6be4004160 con 0x7f6bf4107b50
2024-03-21T08:47:38.480 INFO:teuthology.orchestra.run.smithi087.stdout:/usr/bin/ceph: stderr
2024-03-21T08:47:37.651+0000 7f6bf27fc700 1 -- 172.21.15.87:0/1516786389 <== mon.0 v2:172.21.15.87:3300/0 2 ==== config(27 keys) v1 ==== 1109+0+0 (secure 0 0 0) 0x7f6be4004300 con 0x7f6bf4107b50
2024-03-21T08:47:38.480 INFO:teuthology.orchestra.run.smithi087.stdout:/usr/bin/ceph: stderr
2024-03-21T08:47:37.651+0000 7f6bf27fc700 1 -- 172.21.15.87:0/1516786389 <== mon.0 v2:172.21.15.87:3300/0 3 ==== mon_map magic: 0 v1 ==== 205+0+0 (secure 0 0 0) 0x7f6be4011b50 con 0x7f6bf4107b50
2024-03-21T08:47:38.480 INFO:teuthology.orchestra.run.smithi087.stdout:/usr/bin/ceph: stderr
2024-03-21T08:47:37.651+0000 7f6bf9fb8700 1 -- 172.21.15.87:0/1516786389 >> [v2:172.21.15.87:3300/0,v1:172.21.15.87:6789/0] conn(0x7f6bf4107b50 msgr2=0x7f6bf4107f70 secure :-1 s=STATE_CONNECTION_ESTABLISHED l=1).mark_down
2024-03-21T08:47:38.480 INFO:teuthology.orchestra.run.smithi087.stdout:/usr/bin/ceph: stderr
2024-03-21T08:47:37.651+0000 7f6bf9fb8700 1 --2- 172.21.15.87:0/1516786389 >> [v2:172.21.15.87:3300/0,v1:172.21.15.87:6789/0] conn(0x7f6bf4107b50 0x7f6bf4107f70 secure :-1 s=READY pgs=43 cs=0 l=1 rev1=1 crypto rx=0x7f6be40098a0 tx=0x7f6be4009bb0 comp rx=0 tx=0).stop
2024-03-21T08:47:38.480 INFO:teuthology.orchestra.run.smithi087.stdout:/usr/bin/ceph: stderr
2024-03-21T08:47:37.651+0000 7f6bf9fb8700 1 -- 172.21.15.87:0/1516786389 shutdown_connections
2024-03-21T08:47:38.480 INFO:teuthology.orchestra.run.smithi087.stdout:/usr/bin/ceph: stderr
2024-03-21T08:47:37.651+0000 7f6bf9fb8700 1 --2- 172.21.15.87:0/1516786389 >> [v2:172.21.15.87:3300/0,v1:172.21.15.87:6789/0] conn(0x7f6bf4107b50 0x7f6bf4107f70 unknown :-1 s=CLOSED pgs=43 cs=0 l=1 rev1=1 crypto rx=0 tx=0 comp rx=0 tx=0).stop
2024-03-21T08:47:38.480 INFO:teuthology.orchestra.run.smithi087.stdout:/usr/bin/ceph: stderr
2024-03-21T08:47:37.651+0000 7f6bf9fb8700 1 -- 172.21.15.87:0/1516786389 >> 172.21.15.87:0/1516786389 conn(0x7f6bf4103130 msgr2=0x7f6bf4105550 unknown :-1 s=STATE_NONE l=0).mark_down
2024-03-21T08:47:38.480 INFO:teuthology.orchestra.run.smithi087.stdout:/usr/bin/ceph: stderr
2024-03-21T08:47:37.651+0000 7f6bf9fb8700 1 -- 172.21.15.87:0/1516786389 shutdown_connections
2024-03-21T08:47:38.480 INFO:teuthology.orchestra.run.smithi087.stdout:/usr/bin/ceph: stderr
2024-03-21T08:47:37.651+0000 7f6bf9fb8700 1 -- 172.21.15.87:0/1516786389 wait complete.
2024-03-21T08:47:38.480 INFO:teuthology.orchestra.run.smithi087.stdout:/usr/bin/ceph: stderr
2024-03-21T08:47:37.652+0000 7f6bf9fb8700 1 Processor -- start
2024-03-21T08:47:38.481 INFO:teuthology.orchestra.run.smithi087.stdout:/usr/bin/ceph: stderr
2024-03-21T08:47:37.652+0000 7f6bf9fb8700 1 -- start start
2024-03-21T08:47:38.481 INFO:teuthology.orchestra.run.smithi087.stdout:/usr/bin/ceph: stderr
2024-03-21T08:47:37.652+0000 7f6bf9fb8700 1 --2- >> [v2:172.21.15.87:3300/0,v1:172.21.15.87:6789/0] conn(0x7f6bf4107b50 0x7f6bf407db90 unknown :-1 s=NONE pgs=0 cs=0 l=1 rev1=0 crypto rx=0 tx=0 comp rx=0 tx=0).connect
2024-03-21T08:47:38.481 INFO:teuthology.orchestra.run.smithi087.stdout:/usr/bin/ceph: stderr
2024-03-21T08:47:37.652+0000 7f6bf9fb8700 1 -- --> [v2:172.21.15.87:3300/0,v1:172.21.15.87:6789/0] -- mon_getmap magic: 0 v1 -- 0x7f6bf410c0b0 con 0x7f6bf4107b50
2024-03-21T08:47:38.481 INFO:teuthology.orchestra.run.smithi087.stdout:/usr/bin/ceph: stderr
2024-03-21T08:47:37.652+0000 7f6bf37fe700 1 --2- >> [v2:172.21.15.87:3300/0,v1:172.21.15.87:6789/0] conn(0x7f6bf4107b50 0x7f6bf407db90 unknown :-1 s=BANNER_CONNECTING pgs=0 cs=0 l=1 rev1=0 crypto rx=0 tx=0 comp rx=0 tx=0)._handle_peer_banner_payload supported=3 required=0
2024-03-21T08:47:38.481 INFO:teuthology.orchestra.run.smithi087.stdout:/usr/bin/ceph: stderr
2024-03-21T08:47:37.652+0000 7f6bf37fe700 1 --2- >> [v2:172.21.15.87:3300/0,v1:172.21.15.87:6789/0] conn(0x7f6bf4107b50 0x7f6bf407db90 unknown :-1 s=HELLO_CONNECTING pgs=0 cs=0 l=1 rev1=1 crypto rx=0 tx=0 comp rx=0 tx=0).handle_hello peer v2:172.21.15.87:3300/0 says I am v2:172.21.15.87:33116/0 (socket says 172.21.15.87:33116)
2024-03-21T08:47:38.481 INFO:teuthology.orchestra.run.smithi087.stdout:/usr/bin/ceph: stderr
2024-03-21T08:47:37.652+0000 7f6bf37fe700 1 -- 172.21.15.87:0/775108687 learned_addr learned my addr 172.21.15.87:0/775108687 (peer_addr_for_me v2:172.21.15.87:0/0)
2024-03-21T08:47:38.481 INFO:teuthology.orchestra.run.smithi087.stdout:/usr/bin/ceph: stderr
2024-03-21T08:47:37.652+0000 7f6bf37fe700 1 -- 172.21.15.87:0/775108687 --> [v2:172.21.15.87:3300/0,v1:172.21.15.87:6789/0] -- mon_subscribe({config=0+,monmap=0+}) v3 -- 0x7f6bf407e0d0 con 0x7f6bf4107b50
2024-03-21T08:47:38.481 INFO:teuthology.orchestra.run.smithi087.stdout:/usr/bin/ceph: stderr
2024-03-21T08:47:37.653+0000 7f6bf37fe700 1 --2- 172.21.15.87:0/775108687 >> [v2:172.21.15.87:3300/0,v1:172.21.15.87:6789/0] conn(0x7f6bf4107b50 0x7f6bf407db90 secure :-1 s=READY pgs=44 cs=0 l=1 rev1=1 crypto rx=0x7f6be4011850 tx=0x7f6be4011c10 comp rx=0 tx=0).ready entity=mon.0 client_cookie=0 server_cookie=0 in_seq=0 out_seq=0
2024-03-21T08:47:38.481 INFO:teuthology.orchestra.run.smithi087.stdout:/usr/bin/ceph: stderr
2024-03-21T08:47:37.653+0000 7f6bf0ff9700 1 -- 172.21.15.87:0/775108687 <== mon.0 v2:172.21.15.87:3300/0 1 ==== mon_map magic: 0 v1 ==== 205+0+0 (secure 0 0 0) 0x7f6be4003af0 con 0x7f6bf4107b50
2024-03-21T08:47:38.481 INFO:teuthology.orchestra.run.smithi087.stdout:/usr/bin/ceph: stderr
2024-03-21T08:47:37.653+0000 7f6bf0ff9700 1 -- 172.21.15.87:0/775108687 <== mon.0 v2:172.21.15.87:3300/0 2 ==== config(27 keys) v1 ==== 1109+0+0 (secure 0 0 0) 0x7f6be4020070 con 0x7f6bf4107b50
2024-03-21T08:47:38.481 INFO:teuthology.orchestra.run.smithi087.stdout:/usr/bin/ceph: stderr
2024-03-21T08:47:37.653+0000 7f6bf9fb8700 1 -- 172.21.15.87:0/775108687 --> [v2:172.21.15.87:3300/0,v1:172.21.15.87:6789/0] -- mon_subscribe({mgrmap=0+}) v3 -- 0x7f6bf407c2c0 con 0x7f6bf4107b50
2024-03-21T08:47:38.481 INFO:teuthology.orchestra.run.smithi087.stdout:/usr/bin/ceph: stderr
2024-03-21T08:47:37.653+0000 7f6bf0ff9700 1 -- 172.21.15.87:0/775108687 <== mon.0 v2:172.21.15.87:3300/0 3 ==== mon_map magic: 0 v1 ==== 205+0+0 (secure 0 0 0) 0x7f6be40195a0 con 0x7f6bf4107b50
2024-03-21T08:47:38.481 INFO:teuthology.orchestra.run.smithi087.stdout:/usr/bin/ceph: stderr
2024-03-21T08:47:37.653+0000 7f6bf9fb8700 1 -- 172.21.15.87:0/775108687 --> [v2:172.21.15.87:3300/0,v1:172.21.15.87:6789/0] -- mon_subscribe({osdmap=0}) v3 -- 0x7f6bf407c800 con 0x7f6bf4107b50
2024-03-21T08:47:38.482 INFO:teuthology.orchestra.run.smithi087.stdout:/usr/bin/ceph: stderr
2024-03-21T08:47:37.654+0000 7f6bf0ff9700 1 -- 172.21.15.87:0/775108687 <== mon.0 v2:172.21.15.87:3300/0 4 ==== mgrmap(e 8) v1 ==== 46294+0+0 (secure 0 0 0) 0x7f6be40198a0 con 0x7f6bf4107b50
2024-03-21T08:47:38.482 INFO:teuthology.orchestra.run.smithi087.stdout:/usr/bin/ceph: stderr
2024-03-21T08:47:37.654+0000 7f6bf9fb8700 1 -- 172.21.15.87:0/775108687 --> [v2:172.21.15.87:3300/0,v1:172.21.15.87:6789/0] -- mon_command({"prefix": "get_command_descriptions"} v 0) v1 -- 0x7f6bf4069250 con 0x7f6bf4107b50
2024-03-21T08:47:38.482 INFO:teuthology.orchestra.run.smithi087.stdout:/usr/bin/ceph: stderr
2024-03-21T08:47:37.654+0000 7f6bf0ff9700 1 --2- 172.21.15.87:0/775108687 >> [v2:172.21.15.87:6800/2393104803,v1:172.21.15.87:6801/2393104803] conn(0x7f6bdc039180 0x7f6bdc03b640 unknown :-1 s=NONE pgs=0 cs=0 l=1 rev1=0 crypto rx=0 tx=0 comp rx=0 tx=0).connect
2024-03-21T08:47:38.482 INFO:teuthology.orchestra.run.smithi087.stdout:/usr/bin/ceph: stderr
2024-03-21T08:47:37.654+0000 7f6bf0ff9700 1 -- 172.21.15.87:0/775108687 <== mon.0 v2:172.21.15.87:3300/0 5 ==== osd_map(2..2 src has 1..2) v4 ==== 940+0+0 (secure 0 0 0) 0x7f6be4011e00 con 0x7f6bf4107b50
2024-03-21T08:47:38.482 INFO:teuthology.orchestra.run.smithi087.stdout:/usr/bin/ceph: stderr
2024-03-21T08:47:37.654+0000 7f6bf2ffd700 1 --2- 172.21.15.87:0/775108687 >> [v2:172.21.15.87:6800/2393104803,v1:172.21.15.87:6801/2393104803] conn(0x7f6bdc039180 0x7f6bdc03b640 unknown :-1 s=BANNER_CONNECTING pgs=0 cs=0 l=1 rev1=0 crypto rx=0 tx=0 comp rx=0 tx=0)._handle_peer_banner_payload supported=3 required=0
2024-03-21T08:47:38.482 INFO:teuthology.orchestra.run.smithi087.stdout:/usr/bin/ceph: stderr
2024-03-21T08:47:37.654+0000 7f6bf2ffd700 1 --2- 172.21.15.87:0/775108687 >> [v2:172.21.15.87:6800/2393104803,v1:172.21.15.87:6801/2393104803] conn(0x7f6bdc039180 0x7f6bdc03b640 secure :-1 s=READY pgs=10 cs=0 l=1 rev1=1 crypto rx=0x7f6be8006fd0 tx=0x7f6be8006e40 comp rx=0 tx=0).ready entity=mgr.14120 client_cookie=0 server_cookie=0 in_seq=0 out_seq=0
2024-03-21T08:47:38.482 INFO:teuthology.orchestra.run.smithi087.stdout:/usr/bin/ceph: stderr
2024-03-21T08:47:37.659+0000 7f6bf0ff9700 1 -- 172.21.15.87:0/775108687 <== mon.0 v2:172.21.15.87:3300/0 6 ==== mon_command_ack([{"prefix": "get_command_descriptions"}]=0 v0) v1 ==== 72+0+186149 (secure 0 0 0) 0x7f6be4023530 con 0x7f6bf4107b50
2024-03-21T08:47:38.482 INFO:teuthology.orchestra.run.smithi087.stdout:/usr/bin/ceph: stderr
2024-03-21T08:47:37.855+0000 7f6bf9fb8700 1 -- 172.21.15.87:0/775108687 --> [v2:172.21.15.87:6800/2393104803,v1:172.21.15.87:6801/2393104803] -- mgr_command(tid 0: {"prefix": "cephadm get-pub-key", "target": ["mon-mgr", ""]}) v1 -- 0x7f6bf4104390 con 0x7f6bdc039180
2024-03-21T08:47:38.482 INFO:teuthology.orchestra.run.smithi087.stdout:/usr/bin/ceph: stderr
2024-03-21T08:47:37.855+0000 7f6bf0ff9700 1 -- 172.21.15.87:0/775108687 <== mgr.14120 v2:172.21.15.87:6800/2393104803 1 ==== mgr_command_reply(tid 0: 0 ) v1 ==== 8+0+595 (secure 0 0 0) 0x7f6bf4104390 con 0x7f6bdc039180
2024-03-21T08:47:38.482 INFO:teuthology.orchestra.run.smithi087.stdout:/usr/bin/ceph: stderr
2024-03-21T08:47:37.857+0000 7f6bf9fb8700 1 -- 172.21.15.87:0/775108687 >> [v2:172.21.15.87:6800/2393104803,v1:172.21.15.87:6801/2393104803] conn(0x7f6bdc039180 msgr2=0x7f6bdc03b640 secure :-1 s=STATE_CONNECTION_ESTABLISHED l=1).mark_down
2024-03-21T08:47:38.482 INFO:teuthology.orchestra.run.smithi087.stdout:/usr/bin/ceph: stderr
2024-03-21T08:47:37.857+0000 7f6bf9fb8700 1 --2- 172.21.15.87:0/775108687 >> [v2:172.21.15.87:6800/2393104803,v1:172.21.15.87:6801/2393104803] conn(0x7f6bdc039180 0x7f6bdc03b640 secure :-1 s=READY pgs=10 cs=0 l=1 rev1=1 crypto rx=0x7f6be8006fd0 tx=0x7f6be8006e40 comp rx=0 tx=0).stop
2024-03-21T08:47:38.482 INFO:teuthology.orchestra.run.smithi087.stdout:/usr/bin/ceph: stderr
2024-03-21T08:47:37.857+0000 7f6bf9fb8700 1 -- 172.21.15.87:0/775108687 >> [v2:172.21.15.87:3300/0,v1:172.21.15.87:6789/0] conn(0x7f6bf4107b50 msgr2=0x7f6bf407db90 secure :-1 s=STATE_CONNECTION_ESTABLISHED l=1).mark_down
2024-03-21T08:47:38.482 INFO:teuthology.orchestra.run.smithi087.stdout:/usr/bin/ceph: stderr
2024-03-21T08:47:37.857+0000 7f6bf9fb8700 1 --2- 172.21.15.87:0/775108687 >> [v2:172.21.15.87:3300/0,v1:172.21.15.87:6789/0] conn(0x7f6bf4107b50 0x7f6bf407db90 secure :-1 s=READY pgs=44 cs=0 l=1 rev1=1 crypto rx=0x7f6be4011850 tx=0x7f6be4011c10 comp rx=0 tx=0).stop
2024-03-21T08:47:38.483 INFO:teuthology.orchestra.run.smithi087.stdout:/usr/bin/ceph: stderr
2024-03-21T08:47:37.857+0000 7f6bf9fb8700 1 -- 172.21.15.87:0/775108687 shutdown_connections
2024-03-21T08:47:38.483 INFO:teuthology.orchestra.run.smithi087.stdout:/usr/bin/ceph: stderr
2024-03-21T08:47:37.857+0000 7f6bf9fb8700 1 --2- 172.21.15.87:0/775108687 >> [v2:172.21.15.87:6800/2393104803,v1:172.21.15.87:6801/2393104803] conn(0x7f6bdc039180 0x7f6bdc03b640 unknown :-1 s=CLOSED pgs=10 cs=0 l=1 rev1=1 crypto rx=0 tx=0 comp rx=0 tx=0).stop
2024-03-21T08:47:38.483 INFO:teuthology.orchestra.run.smithi087.stdout:/usr/bin/ceph: stderr
2024-03-21T08:47:37.857+0000 7f6bf9fb8700 1 --2- 172.21.15.87:0/775108687 >> [v2:172.21.15.87:3300/0,v1:172.21.15.87:6789/0] conn(0x7f6bf4107b50 0x7f6bf407db90 unknown :-1 s=CLOSED pgs=44 cs=0 l=1 rev1=1 crypto rx=0 tx=0 comp rx=0 tx=0).stop
2024-03-21T08:47:38.483 INFO:teuthology.orchestra.run.smithi087.stdout:/usr/bin/ceph: stderr
2024-03-21T08:47:37.857+0000 7f6bf9fb8700 1 -- 172.21.15.87:0/775108687 >> 172.21.15.87:0/775108687 conn(0x7f6bf4103130 msgr2=0x7f6bf4103c80 unknown :-1 s=STATE_NONE l=0).mark_down
2024-03-21T08:47:38.483 INFO:teuthology.orchestra.run.smithi087.stdout:/usr/bin/ceph: stderr
2024-03-21T08:47:37.857+0000 7f6bf9fb8700 1 -- 172.21.15.87:0/775108687 shutdown_connections
2024-03-21T08:47:38.483 INFO:teuthology.orchestra.run.smithi087.stdout:/usr/bin/ceph: stderr
2024-03-21T08:47:37.857+0000 7f6bf9fb8700 1 -- 172.21.15.87:0/775108687 wait complete.
2024-03-21T08:47:38.483 INFO:teuthology.orchestra.run.smithi087.stdout:Wrote public SSH key to /home/ubuntu/cephtest/ceph.pub
2024-03-21T08:47:38.483 INFO:teuthology.orchestra.run.smithi087.stdout:Adding key to root@localhost authorized_keys...
2024-03-21T08:47:38.483 INFO:teuthology.orchestra.run.smithi087.stdout:Adding host smithi087...
2024-03-21T08:47:39.104 INFO:journalctl@ceph.mon.a.smithi087.stdout:Mar 21 08:47:38 smithi087 ceph-mon[32385]: from='client.14138 -' entity='client.admin' cmd=[{"prefix": "cephadm get-pub-key", "target": ["mon-mgr", ""]}]: dispatch
2024-03-21T08:47:40.319 INFO:journalctl@ceph.mon.a.smithi087.stdout:Mar 21 08:47:40 smithi087 ceph-mon[32385]: from='client.14140 -' entity='client.admin' cmd=[{"prefix": "orch host add", "hostname": "smithi087", "addr": "172.21.15.87", "target": ["mon-mgr", ""]}]: dispatch
2024-03-21T08:47:40.319 INFO:journalctl@ceph.mon.a.smithi087.stdout:Mar 21 08:47:40 smithi087 ceph-mon[32385]: Deploying cephadm binary to smithi087
2024-03-21T08:47:43.953 INFO:teuthology.orchestra.run.smithi087.stdout:/usr/bin/ceph: stdout Added host 'smithi087' with addr '172.21.15.87'
2024-03-21T08:47:43.953 INFO:teuthology.orchestra.run.smithi087.stdout:/usr/bin/ceph: stderr
2024-03-21T08:47:38.897+0000 7f9f274f1700 1 Processor -- start
2024-03-21T08:47:43.953 INFO:teuthology.orchestra.run.smithi087.stdout:/usr/bin/ceph: stderr
