2024-03-21T09:56:16.180+0000 7f2845800700 1 --2- 172.21.15.153:0/1064572610 >> [v2:172.21.15.153:3300/0,v1:172.21.15.153:6789/0] conn(0x7f284007adc0 0x7f284019c310 secure :-1 s=READY pgs=48 cs=0 l=1 rev1=1 crypto rx=0x7f2834003de0 tx=0x7f2834011ab0 comp rx=0 tx=0).ready entity=mon.0 client_cookie=0 server_cookie=0 in_seq=0 out_seq=0
2024-03-21T09:56:18.094 INFO:teuthology.orchestra.run.smithi153.stdout:/usr/bin/ceph: stderr
2024-03-21T09:56:16.180+0000 7f283e000700 1 -- 172.21.15.153:0/1064572610 <== mon.0 v2:172.21.15.153:3300/0 1 ==== mon_map magic: 0 v1 ==== 229+0+0 (secure 0 0 0) 0x7f2834003930 con 0x7f284007adc0
2024-03-21T09:56:18.094 INFO:teuthology.orchestra.run.smithi153.stdout:/usr/bin/ceph: stderr
2024-03-21T09:56:16.181+0000 7f283e000700 1 -- 172.21.15.153:0/1064572610 <== mon.0 v2:172.21.15.153:3300/0 2 ==== config(27 keys) v1 ==== 1037+0+0 (secure 0 0 0) 0x7f2834003a90 con 0x7f284007adc0
2024-03-21T09:56:18.094 INFO:teuthology.orchestra.run.smithi153.stdout:/usr/bin/ceph: stderr
2024-03-21T09:56:16.181+0000 7f283e000700 1 -- 172.21.15.153:0/1064572610 <== mon.0 v2:172.21.15.153:3300/0 3 ==== mon_map magic: 0 v1 ==== 229+0+0 (secure 0 0 0) 0x7f28340196c0 con 0x7f284007adc0
2024-03-21T09:56:18.094 INFO:teuthology.orchestra.run.smithi153.stdout:/usr/bin/ceph: stderr
2024-03-21T09:56:16.181+0000 7f2848200700 1 -- 172.21.15.153:0/1064572610 --> [v2:172.21.15.153:3300/0,v1:172.21.15.153:6789/0] -- mon_subscribe({mgrmap=0+}) v3 -- 0x7f284019ca50 con 0x7f284007adc0
2024-03-21T09:56:18.095 INFO:teuthology.orchestra.run.smithi153.stdout:/usr/bin/ceph: stderr
2024-03-21T09:56:16.181+0000 7f2848200700 1 -- 172.21.15.153:0/1064572610 --> [v2:172.21.15.153:3300/0,v1:172.21.15.153:6789/0] -- mon_subscribe({osdmap=0}) v3 -- 0x7f284019cef0 con 0x7f284007adc0
2024-03-21T09:56:18.095 INFO:teuthology.orchestra.run.smithi153.stdout:/usr/bin/ceph: stderr
2024-03-21T09:56:16.182+0000 7f283e000700 1 -- 172.21.15.153:0/1064572610 <== mon.0 v2:172.21.15.153:3300/0 4 ==== mgrmap(e 8) v1 ==== 45283+0+0 (secure 0 0 0) 0x7f283401abc0 con 0x7f284007adc0
2024-03-21T09:56:18.095 INFO:teuthology.orchestra.run.smithi153.stdout:/usr/bin/ceph: stderr
2024-03-21T09:56:16.182+0000 7f2848200700 1 -- 172.21.15.153:0/1064572610 --> [v2:172.21.15.153:3300/0,v1:172.21.15.153:6789/0] -- mon_command({"prefix": "get_command_descriptions"} v 0) v1 -- 0x7f284010c770 con 0x7f284007adc0
2024-03-21T09:56:18.095 INFO:teuthology.orchestra.run.smithi153.stdout:/usr/bin/ceph: stderr
2024-03-21T09:56:16.182+0000 7f283e000700 1 --2- 172.21.15.153:0/1064572610 >> [v2:172.21.15.153:6800/3178125243,v1:172.21.15.153:6801/3178125243] conn(0x7f2828038370 0x7f282803a830 unknown :-1 s=NONE pgs=0 cs=0 l=1 rev1=0 crypto rx=0 tx=0 comp rx=0 tx=0).connect
2024-03-21T09:56:18.095 INFO:teuthology.orchestra.run.smithi153.stdout:/usr/bin/ceph: stderr
2024-03-21T09:56:16.182+0000 7f283e000700 1 -- 172.21.15.153:0/1064572610 <== mon.0 v2:172.21.15.153:3300/0 5 ==== osd_map(2..2 src has 1..2) v4 ==== 940+0+0 (secure 0 0 0) 0x7f283404c4a0 con 0x7f284007adc0
2024-03-21T09:56:18.095 INFO:teuthology.orchestra.run.smithi153.stdout:/usr/bin/ceph: stderr
2024-03-21T09:56:16.183+0000 7f2844e00700 1 --2- 172.21.15.153:0/1064572610 >> [v2:172.21.15.153:6800/3178125243,v1:172.21.15.153:6801/3178125243] conn(0x7f2828038370 0x7f282803a830 unknown :-1 s=BANNER_CONNECTING pgs=0 cs=0 l=1 rev1=0 crypto rx=0 tx=0 comp rx=0 tx=0)._handle_peer_banner_payload supported=3 required=0
2024-03-21T09:56:18.095 INFO:teuthology.orchestra.run.smithi153.stdout:/usr/bin/ceph: stderr
2024-03-21T09:56:16.183+0000 7f2844e00700 1 --2- 172.21.15.153:0/1064572610 >> [v2:172.21.15.153:6800/3178125243,v1:172.21.15.153:6801/3178125243] conn(0x7f2828038370 0x7f282803a830 secure :-1 s=READY pgs=12 cs=0 l=1 rev1=1 crypto rx=0x7f282c006fd0 tx=0x7f282c006e40 comp rx=0 tx=0).ready entity=mgr.14120 client_cookie=0 server_cookie=0 in_seq=0 out_seq=0
2024-03-21T09:56:18.095 INFO:teuthology.orchestra.run.smithi153.stdout:/usr/bin/ceph: stderr
2024-03-21T09:56:16.187+0000 7f283e000700 1 -- 172.21.15.153:0/1064572610 <== mon.0 v2:172.21.15.153:3300/0 6 ==== mon_command_ack([{"prefix": "get_command_descriptions"}]=0 v0) v1 ==== 72+0+180422 (secure 0 0 0) 0x7f2834010770 con 0x7f284007adc0
2024-03-21T09:56:18.095 INFO:teuthology.orchestra.run.smithi153.stdout:/usr/bin/ceph: stderr
2024-03-21T09:56:16.418+0000 7f2848200700 1 -- 172.21.15.153:0/1064572610 --> [v2:172.21.15.153:6800/3178125243,v1:172.21.15.153:6801/3178125243] -- mgr_command(tid 0: {"prefix": "orch apply", "service_type": "mon", "target": ["mon-mgr", ""]}) v1 -- 0x7f2840103cc0 con 0x7f2828038370
2024-03-21T09:56:18.095 INFO:teuthology.orchestra.run.smithi153.stdout:/usr/bin/ceph: stderr
2024-03-21T09:56:16.424+0000 7f283e000700 1 -- 172.21.15.153:0/1064572610 <== mgr.14120 v2:172.21.15.153:6800/3178125243 1 ==== mgr_command_reply(tid 0: 0 ) v1 ==== 8+0+24 (secure 0 0 0) 0x7f2840103cc0 con 0x7f2828038370
2024-03-21T09:56:18.095 INFO:teuthology.orchestra.run.smithi153.stdout:/usr/bin/ceph: stderr
2024-03-21T09:56:16.427+0000 7f2848200700 1 -- 172.21.15.153:0/1064572610 >> [v2:172.21.15.153:6800/3178125243,v1:172.21.15.153:6801/3178125243] conn(0x7f2828038370 msgr2=0x7f282803a830 secure :-1 s=STATE_CONNECTION_ESTABLISHED l=1).mark_down
2024-03-21T09:56:18.095 INFO:teuthology.orchestra.run.smithi153.stdout:/usr/bin/ceph: stderr
2024-03-21T09:56:16.427+0000 7f2848200700 1 --2- 172.21.15.153:0/1064572610 >> [v2:172.21.15.153:6800/3178125243,v1:172.21.15.153:6801/3178125243] conn(0x7f2828038370 0x7f282803a830 secure :-1 s=READY pgs=12 cs=0 l=1 rev1=1 crypto rx=0x7f282c006fd0 tx=0x7f282c006e40 comp rx=0 tx=0).stop
2024-03-21T09:56:18.095 INFO:teuthology.orchestra.run.smithi153.stdout:/usr/bin/ceph: stderr
2024-03-21T09:56:16.427+0000 7f2848200700 1 -- 172.21.15.153:0/1064572610 >> [v2:172.21.15.153:3300/0,v1:172.21.15.153:6789/0] conn(0x7f284007adc0 msgr2=0x7f284019c310 secure :-1 s=STATE_CONNECTION_ESTABLISHED l=1).mark_down
2024-03-21T09:56:18.096 INFO:teuthology.orchestra.run.smithi153.stdout:/usr/bin/ceph: stderr
2024-03-21T09:56:16.427+0000 7f2848200700 1 --2- 172.21.15.153:0/1064572610 >> [v2:172.21.15.153:3300/0,v1:172.21.15.153:6789/0] conn(0x7f284007adc0 0x7f284019c310 secure :-1 s=READY pgs=48 cs=0 l=1 rev1=1 crypto rx=0x7f2834003de0 tx=0x7f2834011ab0 comp rx=0 tx=0).stop
2024-03-21T09:56:18.096 INFO:teuthology.orchestra.run.smithi153.stdout:/usr/bin/ceph: stderr
2024-03-21T09:56:16.427+0000 7f2848200700 1 -- 172.21.15.153:0/1064572610 shutdown_connections
2024-03-21T09:56:18.096 INFO:teuthology.orchestra.run.smithi153.stdout:/usr/bin/ceph: stderr
2024-03-21T09:56:16.427+0000 7f2848200700 1 --2- 172.21.15.153:0/1064572610 >> [v2:172.21.15.153:6800/3178125243,v1:172.21.15.153:6801/3178125243] conn(0x7f2828038370 0x7f282803a830 unknown :-1 s=CLOSED pgs=12 cs=0 l=1 rev1=1 crypto rx=0 tx=0 comp rx=0 tx=0).stop
2024-03-21T09:56:18.096 INFO:teuthology.orchestra.run.smithi153.stdout:/usr/bin/ceph: stderr
2024-03-21T09:56:16.427+0000 7f2848200700 1 --2- 172.21.15.153:0/1064572610 >> [v2:172.21.15.153:3300/0,v1:172.21.15.153:6789/0] conn(0x7f284007adc0 0x7f284019c310 unknown :-1 s=CLOSED pgs=48 cs=0 l=1 rev1=1 crypto rx=0 tx=0 comp rx=0 tx=0).stop
2024-03-21T09:56:18.096 INFO:teuthology.orchestra.run.smithi153.stdout:/usr/bin/ceph: stderr
2024-03-21T09:56:16.427+0000 7f2848200700 1 -- 172.21.15.153:0/1064572610 >> 172.21.15.153:0/1064572610 conn(0x7f28401019b0 msgr2=0x7f28401030a0 unknown :-1 s=STATE_NONE l=0).mark_down
2024-03-21T09:56:18.096 INFO:teuthology.orchestra.run.smithi153.stdout:/usr/bin/ceph: stderr
2024-03-21T09:56:16.427+0000 7f2848200700 1 -- 172.21.15.153:0/1064572610 shutdown_connections
2024-03-21T09:56:18.096 INFO:teuthology.orchestra.run.smithi153.stdout:/usr/bin/ceph: stderr
2024-03-21T09:56:16.427+0000 7f2848200700 1 -- 172.21.15.153:0/1064572610 wait complete.
2024-03-21T09:56:18.096 INFO:teuthology.orchestra.run.smithi153.stdout:Deploying mgr service with default placement...
2024-03-21T09:56:18.938 INFO:journalctl@ceph.mon.smithi153.smithi153.stdout:Mar 21 09:56:18 smithi153 ceph-mon[29117]: from='mgr.14120 172.21.15.153:0/1521951433' entity='mgr.smithi153.tluxni'
2024-03-21T09:56:18.938 INFO:journalctl@ceph.mon.smithi153.smithi153.stdout:Mar 21 09:56:18 smithi153 ceph-mon[29117]: from='mgr.14120 172.21.15.153:0/1521951433' entity='mgr.smithi153.tluxni'
2024-03-21T09:56:19.623 INFO:teuthology.orchestra.run.smithi153.stdout:/usr/bin/ceph: stdout Scheduled mgr update...
2024-03-21T09:56:19.623 INFO:teuthology.orchestra.run.smithi153.stdout:/usr/bin/ceph: stderr
2024-03-21T09:56:18.676+0000 7f45aa200700 1 Processor -- start
2024-03-21T09:56:19.623 INFO:teuthology.orchestra.run.smithi153.stdout:/usr/bin/ceph: stderr
2024-03-21T09:56:18.677+0000 7f45aa200700 1 -- start start
2024-03-21T09:56:19.623 INFO:teuthology.orchestra.run.smithi153.stdout:/usr/bin/ceph: stderr
2024-03-21T09:56:18.677+0000 7f45aa200700 1 --2- >> [v2:172.21.15.153:3300/0,v1:172.21.15.153:6789/0] conn(0x7f45a4106420 0x7f45a4106840 unknown :-1 s=NONE pgs=0 cs=0 l=0 rev1=0 crypto rx=0 tx=0 comp rx=0 tx=0).connect
2024-03-21T09:56:19.623 INFO:teuthology.orchestra.run.smithi153.stdout:/usr/bin/ceph: stderr
2024-03-21T09:56:18.677+0000 7f45aa200700 1 -- --> [v2:172.21.15.153:3300/0,v1:172.21.15.153:6789/0] -- mon_getmap magic: 0 v1 -- 0x7f45a4106e10 con 0x7f45a4106420
2024-03-21T09:56:19.624 INFO:teuthology.orchestra.run.smithi153.stdout:/usr/bin/ceph: stderr
2024-03-21T09:56:18.677+0000 7f45a3400700 1 --2- >> [v2:172.21.15.153:3300/0,v1:172.21.15.153:6789/0] conn(0x7f45a4106420 0x7f45a4106840 unknown :-1 s=BANNER_CONNECTING pgs=0 cs=0 l=0 rev1=0 crypto rx=0 tx=0 comp rx=0 tx=0)._handle_peer_banner_payload supported=3 required=0
2024-03-21T09:56:19.624 INFO:teuthology.orchestra.run.smithi153.stdout:/usr/bin/ceph: stderr
2024-03-21T09:56:18.678+0000 7f45a3400700 1 --2- >> [v2:172.21.15.153:3300/0,v1:172.21.15.153:6789/0] conn(0x7f45a4106420 0x7f45a4106840 unknown :-1 s=HELLO_CONNECTING pgs=0 cs=0 l=0 rev1=1 crypto rx=0 tx=0 comp rx=0 tx=0).handle_hello peer v2:172.21.15.153:3300/0 says I am v2:172.21.15.153:46456/0 (socket says 172.21.15.153:46456)
2024-03-21T09:56:19.624 INFO:teuthology.orchestra.run.smithi153.stdout:/usr/bin/ceph: stderr
2024-03-21T09:56:18.678+0000 7f45a3400700 1 -- 172.21.15.153:0/2344885662 learned_addr learned my addr 172.21.15.153:0/2344885662 (peer_addr_for_me v2:172.21.15.153:0/0)
2024-03-21T09:56:19.624 INFO:teuthology.orchestra.run.smithi153.stdout:/usr/bin/ceph: stderr
2024-03-21T09:56:18.678+0000 7f45a3400700 1 -- 172.21.15.153:0/2344885662 --> [v2:172.21.15.153:3300/0,v1:172.21.15.153:6789/0] -- mon_subscribe({config=0+,monmap=0+}) v3 -- 0x7f45a4107620 con 0x7f45a4106420
2024-03-21T09:56:19.624 INFO:teuthology.orchestra.run.smithi153.stdout:/usr/bin/ceph: stderr
2024-03-21T09:56:18.678+0000 7f45a3400700 1 --2- 172.21.15.153:0/2344885662 >> [v2:172.21.15.153:3300/0,v1:172.21.15.153:6789/0] conn(0x7f45a4106420 0x7f45a4106840 secure :-1 s=READY pgs=49 cs=0 l=1 rev1=1 crypto rx=0x7f45940098a0 tx=0x7f4594009bb0 comp rx=0 tx=0).ready entity=mon.0 client_cookie=c76c325a830e3ab5 server_cookie=0 in_seq=0 out_seq=0
2024-03-21T09:56:19.627 INFO:teuthology.orchestra.run.smithi153.stdout:/usr/bin/ceph: stderr
2024-03-21T09:56:18.679+0000 7f45a2000700 1 -- 172.21.15.153:0/2344885662 <== mon.0 v2:172.21.15.153:3300/0 1 ==== mon_map magic: 0 v1 ==== 229+0+0 (secure 0 0 0) 0x7f4594004180 con 0x7f45a4106420
2024-03-21T09:56:19.627 INFO:teuthology.orchestra.run.smithi153.stdout:/usr/bin/ceph: stderr
2024-03-21T09:56:18.679+0000 7f45a2000700 1 -- 172.21.15.153:0/2344885662 <== mon.0 v2:172.21.15.153:3300/0 2 ==== config(27 keys) v1 ==== 1101+0+0 (secure 0 0 0) 0x7f45940042e0 con 0x7f45a4106420
2024-03-21T09:56:19.627 INFO:teuthology.orchestra.run.smithi153.stdout:/usr/bin/ceph: stderr
2024-03-21T09:56:18.679+0000 7f45a2000700 1 -- 172.21.15.153:0/2344885662 <== mon.0 v2:172.21.15.153:3300/0 3 ==== mon_map magic: 0 v1 ==== 229+0+0 (secure 0 0 0) 0x7f4594011af0 con 0x7f45a4106420
2024-03-21T09:56:19.627 INFO:teuthology.orchestra.run.smithi153.stdout:/usr/bin/ceph: stderr
2024-03-21T09:56:18.679+0000 7f45aa200700 1 -- 172.21.15.153:0/2344885662 >> [v2:172.21.15.153:3300/0,v1:172.21.15.153:6789/0] conn(0x7f45a4106420 msgr2=0x7f45a4106840 secure :-1 s=STATE_CONNECTION_ESTABLISHED l=1).mark_down
2024-03-21T09:56:19.627 INFO:teuthology.orchestra.run.smithi153.stdout:/usr/bin/ceph: stderr
2024-03-21T09:56:18.679+0000 7f45aa200700 1 --2- 172.21.15.153:0/2344885662 >> [v2:172.21.15.153:3300/0,v1:172.21.15.153:6789/0] conn(0x7f45a4106420 0x7f45a4106840 secure :-1 s=READY pgs=49 cs=0 l=1 rev1=1 crypto rx=0x7f45940098a0 tx=0x7f4594009bb0 comp rx=0 tx=0).stop
2024-03-21T09:56:19.627 INFO:teuthology.orchestra.run.smithi153.stdout:/usr/bin/ceph: stderr
2024-03-21T09:56:18.680+0000 7f45aa200700 1 -- 172.21.15.153:0/2344885662 shutdown_connections
2024-03-21T09:56:19.627 INFO:teuthology.orchestra.run.smithi153.stdout:/usr/bin/ceph: stderr
2024-03-21T09:56:18.680+0000 7f45aa200700 1 --2- 172.21.15.153:0/2344885662 >> [v2:172.21.15.153:3300/0,v1:172.21.15.153:6789/0] conn(0x7f45a4106420 0x7f45a4106840 unknown :-1 s=CLOSED pgs=49 cs=0 l=1 rev1=1 crypto rx=0 tx=0 comp rx=0 tx=0).stop
2024-03-21T09:56:19.627 INFO:teuthology.orchestra.run.smithi153.stdout:/usr/bin/ceph: stderr
2024-03-21T09:56:18.680+0000 7f45aa200700 1 -- 172.21.15.153:0/2344885662 >> 172.21.15.153:0/2344885662 conn(0x7f45a4101a00 msgr2=0x7f45a4103e20 unknown :-1 s=STATE_NONE l=0).mark_down
2024-03-21T09:56:19.627 INFO:teuthology.orchestra.run.smithi153.stdout:/usr/bin/ceph: stderr
2024-03-21T09:56:18.680+0000 7f45aa200700 1 -- 172.21.15.153:0/2344885662 shutdown_connections
2024-03-21T09:56:19.627 INFO:teuthology.orchestra.run.smithi153.stdout:/usr/bin/ceph: stderr
2024-03-21T09:56:18.680+0000 7f45aa200700 1 -- 172.21.15.153:0/2344885662 wait complete.
2024-03-21T09:56:19.627 INFO:teuthology.orchestra.run.smithi153.stdout:/usr/bin/ceph: stderr
2024-03-21T09:56:18.681+0000 7f45aa200700 1 Processor -- start
2024-03-21T09:56:19.628 INFO:teuthology.orchestra.run.smithi153.stdout:/usr/bin/ceph: stderr
2024-03-21T09:56:18.681+0000 7f45aa200700 1 -- start start
2024-03-21T09:56:19.628 INFO:teuthology.orchestra.run.smithi153.stdout:/usr/bin/ceph: stderr
2024-03-21T09:56:18.681+0000 7f45aa200700 1 --2- >> [v2:172.21.15.153:3300/0,v1:172.21.15.153:6789/0] conn(0x7f45a4106420 0x7f45a419c320 unknown :-1 s=NONE pgs=0 cs=0 l=1 rev1=0 crypto rx=0 tx=0 comp rx=0 tx=0).connect
2024-03-21T09:56:19.628 INFO:teuthology.orchestra.run.smithi153.stdout:/usr/bin/ceph: stderr
2024-03-21T09:56:18.681+0000 7f45aa200700 1 -- --> [v2:172.21.15.153:3300/0,v1:172.21.15.153:6789/0] -- mon_getmap magic: 0 v1 -- 0x7f45a419c860 con 0x7f45a4106420
2024-03-21T09:56:19.628 INFO:teuthology.orchestra.run.smithi153.stdout:/usr/bin/ceph: stderr
2024-03-21T09:56:18.681+0000 7f45a3400700 1 --2- >> [v2:172.21.15.153:3300/0,v1:172.21.15.153:6789/0] conn(0x7f45a4106420 0x7f45a419c320 unknown :-1 s=BANNER_CONNECTING pgs=0 cs=0 l=1 rev1=0 crypto rx=0 tx=0 comp rx=0 tx=0)._handle_peer_banner_payload supported=3 required=0
2024-03-21T09:56:19.628 INFO:teuthology.orchestra.run.smithi153.stdout:/usr/bin/ceph: stderr
2024-03-21T09:56:18.681+0000 7f45a3400700 1 --2- >> [v2:172.21.15.153:3300/0,v1:172.21.15.153:6789/0] conn(0x7f45a4106420 0x7f45a419c320 unknown :-1 s=HELLO_CONNECTING pgs=0 cs=0 l=1 rev1=1 crypto rx=0 tx=0 comp rx=0 tx=0).handle_hello peer v2:172.21.15.153:3300/0 says I am v2:172.21.15.153:46462/0 (socket says 172.21.15.153:46462)
2024-03-21T09:56:19.628 INFO:teuthology.orchestra.run.smithi153.stdout:/usr/bin/ceph: stderr
2024-03-21T09:56:18.681+0000 7f45a3400700 1 -- 172.21.15.153:0/3939269358 learned_addr learned my addr 172.21.15.153:0/3939269358 (peer_addr_for_me v2:172.21.15.153:0/0)
2024-03-21T09:56:19.628 INFO:teuthology.orchestra.run.smithi153.stdout:/usr/bin/ceph: stderr
2024-03-21T09:56:18.682+0000 7f45a3400700 1 -- 172.21.15.153:0/3939269358 --> [v2:172.21.15.153:3300/0,v1:172.21.15.153:6789/0] -- mon_subscribe({config=0+,monmap=0+}) v3 -- 0x7f4594009550 con 0x7f45a4106420
2024-03-21T09:56:19.628 INFO:teuthology.orchestra.run.smithi153.stdout:/usr/bin/ceph: stderr
2024-03-21T09:56:18.682+0000 7f45a3400700 1 --2- 172.21.15.153:0/3939269358 >> [v2:172.21.15.153:3300/0,v1:172.21.15.153:6789/0] conn(0x7f45a4106420 0x7f45a419c320 secure :-1 s=READY pgs=50 cs=0 l=1 rev1=1 crypto rx=0x7f4594000c00 tx=0x7f4594011b50 comp rx=0 tx=0).ready entity=mon.0 client_cookie=0 server_cookie=0 in_seq=0 out_seq=0
2024-03-21T09:56:19.628 INFO:teuthology.orchestra.run.smithi153.stdout:/usr/bin/ceph: stderr
2024-03-21T09:56:18.682+0000 7f459be00700 1 -- 172.21.15.153:0/3939269358 <== mon.0 v2:172.21.15.153:3300/0 1 ==== mon_map magic: 0 v1 ==== 229+0+0 (secure 0 0 0) 0x7f4594003a70 con 0x7f45a4106420
2024-03-21T09:56:19.628 INFO:teuthology.orchestra.run.smithi153.stdout:/usr/bin/ceph: stderr
2024-03-21T09:56:18.682+0000 7f459be00700 1 -- 172.21.15.153:0/3939269358 <== mon.0 v2:172.21.15.153:3300/0 2 ==== config(27 keys) v1 ==== 1101+0+0 (secure 0 0 0) 0x7f4594003bd0 con 0x7f45a4106420
2024-03-21T09:56:19.628 INFO:teuthology.orchestra.run.smithi153.stdout:/usr/bin/ceph: stderr
2024-03-21T09:56:18.682+0000 7f45aa200700 1 -- 172.21.15.153:0/3939269358 --> [v2:172.21.15.153:3300/0,v1:172.21.15.153:6789/0] -- mon_subscribe({mgrmap=0+}) v3 -- 0x7f45a419ca60 con 0x7f45a4106420
2024-03-21T09:56:19.628 INFO:teuthology.orchestra.run.smithi153.stdout:/usr/bin/ceph: stderr
2024-03-21T09:56:18.682+0000 7f459be00700 1 -- 172.21.15.153:0/3939269358 <== mon.0 v2:172.21.15.153:3300/0 3 ==== mon_map magic: 0 v1 ==== 229+0+0 (secure 0 0 0) 0x7f45940238c0 con 0x7f45a4106420
2024-03-21T09:56:19.628 INFO:teuthology.orchestra.run.smithi153.stdout:/usr/bin/ceph: stderr
2024-03-21T09:56:18.682+0000 7f45aa200700 1 -- 172.21.15.153:0/3939269358 --> [v2:172.21.15.153:3300/0,v1:172.21.15.153:6789/0] -- mon_subscribe({osdmap=0}) v3 -- 0x7f45a419cf00 con 0x7f45a4106420
2024-03-21T09:56:19.631 INFO:teuthology.orchestra.run.smithi153.stdout:/usr/bin/ceph: stderr
2024-03-21T09:56:18.683+0000 7f45aa200700 1 -- 172.21.15.153:0/3939269358 --> [v2:172.21.15.153:3300/0,v1:172.21.15.153:6789/0] -- mon_command({"prefix": "get_command_descriptions"} v 0) v1 -- 0x7f45a40623c0 con 0x7f45a4106420
2024-03-21T09:56:19.631 INFO:teuthology.orchestra.run.smithi153.stdout:/usr/bin/ceph: stderr
2024-03-21T09:56:18.684+0000 7f459be00700 1 -- 172.21.15.153:0/3939269358 <== mon.0 v2:172.21.15.153:3300/0 4 ==== mgrmap(e 8) v1 ==== 45283+0+0 (secure 0 0 0) 0x7f4594023b30 con 0x7f45a4106420
2024-03-21T09:56:19.631 INFO:teuthology.orchestra.run.smithi153.stdout:/usr/bin/ceph: stderr
2024-03-21T09:56:18.684+0000 7f459be00700 1 --2- 172.21.15.153:0/3939269358 >> [v2:172.21.15.153:6800/3178125243,v1:172.21.15.153:6801/3178125243] conn(0x7f4588038370 0x7f458803a830 unknown :-1 s=NONE pgs=0 cs=0 l=1 rev1=0 crypto rx=0 tx=0 comp rx=0 tx=0).connect
2024-03-21T09:56:19.631 INFO:teuthology.orchestra.run.smithi153.stdout:/usr/bin/ceph: stderr
2024-03-21T09:56:18.684+0000 7f459be00700 1 -- 172.21.15.153:0/3939269358 <== mon.0 v2:172.21.15.153:3300/0 5 ==== osd_map(2..2 src has 1..2) v4 ==== 940+0+0 (secure 0 0 0) 0x7f459404c240 con 0x7f45a4106420
2024-03-21T09:56:19.631 INFO:teuthology.orchestra.run.smithi153.stdout:/usr/bin/ceph: stderr
2024-03-21T09:56:18.685+0000 7f45a2a00700 1 --2- 172.21.15.153:0/3939269358 >> [v2:172.21.15.153:6800/3178125243,v1:172.21.15.153:6801/3178125243] conn(0x7f4588038370 0x7f458803a830 unknown :-1 s=BANNER_CONNECTING pgs=0 cs=0 l=1 rev1=0 crypto rx=0 tx=0 comp rx=0 tx=0)._handle_peer_banner_payload supported=3 required=0
2024-03-21T09:56:19.631 INFO:teuthology.orchestra.run.smithi153.stdout:/usr/bin/ceph: stderr
2024-03-21T09:56:18.685+0000 7f45a2a00700 1 --2- 172.21.15.153:0/3939269358 >> [v2:172.21.15.153:6800/3178125243,v1:172.21.15.153:6801/3178125243] conn(0x7f4588038370 0x7f458803a830 secure :-1 s=READY pgs=13 cs=0 l=1 rev1=1 crypto rx=0x7f4590006fd0 tx=0x7f4590006e40 comp rx=0 tx=0).ready entity=mgr.14120 client_cookie=0 server_cookie=0 in_seq=0 out_seq=0
2024-03-21T09:56:19.631 INFO:teuthology.orchestra.run.smithi153.stdout:/usr/bin/ceph: stderr
2024-03-21T09:56:18.689+0000 7f459be00700 1 -- 172.21.15.153:0/3939269358 <== mon.0 v2:172.21.15.153:3300/0 6 ==== mon_command_ack([{"prefix": "get_command_descriptions"}]=0 v0) v1 ==== 72+0+180422 (secure 0 0 0) 0x7f4594010380 con 0x7f45a4106420
2024-03-21T09:56:19.632 INFO:teuthology.orchestra.run.smithi153.stdout:/usr/bin/ceph: stderr
2024-03-21T09:56:18.909+0000 7f45aa200700 1 -- 172.21.15.153:0/3939269358 --> [v2:172.21.15.153:6800/3178125243,v1:172.21.15.153:6801/3178125243] -- mgr_command(tid 0: {"prefix": "orch apply", "service_type": "mgr", "target": ["mon-mgr", ""]}) v1 -- 0x7f45a410a820 con 0x7f4588038370
2024-03-21T09:56:19.632 INFO:teuthology.orchestra.run.smithi153.stdout:/usr/bin/ceph: stderr
2024-03-21T09:56:18.917+0000 7f459be00700 1 -- 172.21.15.153:0/3939269358 <== mgr.14120 v2:172.21.15.153:6800/3178125243 1 ==== mgr_command_reply(tid 0: 0 ) v1 ==== 8+0+24 (secure 0 0 0) 0x7f45a410a820 con 0x7f4588038370
2024-03-21T09:56:19.632 INFO:teuthology.orchestra.run.smithi153.stdout:/usr/bin/ceph: stderr
2024-03-21T09:56:18.920+0000 7f45aa200700 1 -- 172.21.15.153:0/3939269358 >> [v2:172.21.15.153:6800/3178125243,v1:172.21.15.153:6801/3178125243] conn(0x7f4588038370 msgr2=0x7f458803a830 secure :-1 s=STATE_CONNECTION_ESTABLISHED l=1).mark_down
2024-03-21T09:56:19.632 INFO:teuthology.orchestra.run.smithi153.stdout:/usr/bin/ceph: stderr
2024-03-21T09:56:18.920+0000 7f45aa200700 1 --2- 172.21.15.153:0/3939269358 >> [v2:172.21.15.153:6800/3178125243,v1:172.21.15.153:6801/3178125243] conn(0x7f4588038370 0x7f458803a830 secure :-1 s=READY pgs=13 cs=0 l=1 rev1=1 crypto rx=0x7f4590006fd0 tx=0x7f4590006e40 comp rx=0 tx=0).stop
2024-03-21T09:56:19.632 INFO:teuthology.orchestra.run.smithi153.stdout:/usr/bin/ceph: stderr
2024-03-21T09:56:18.920+0000 7f45aa200700 1 -- 172.21.15.153:0/3939269358 >> [v2:172.21.15.153:3300/0,v1:172.21.15.153:6789/0] conn(0x7f45a4106420 msgr2=0x7f45a419c320 secure :-1 s=STATE_CONNECTION_ESTABLISHED l=1).mark_down
2024-03-21T09:56:19.632 INFO:teuthology.orchestra.run.smithi153.stdout:/usr/bin/ceph: stderr
2024-03-21T09:56:18.920+0000 7f45aa200700 1 --2- 172.21.15.153:0/3939269358 >> [v2:172.21.15.153:3300/0,v1:172.21.15.153:6789/0] conn(0x7f45a4106420 0x7f45a419c320 secure :-1 s=READY pgs=50 cs=0 l=1 rev1=1 crypto rx=0x7f4594000c00 tx=0x7f4594011b50 comp rx=0 tx=0).stop
2024-03-21T09:56:19.632 INFO:teuthology.orchestra.run.smithi153.stdout:/usr/bin/ceph: stderr
2024-03-21T09:56:18.920+0000 7f45aa200700 1 -- 172.21.15.153:0/3939269358 shutdown_connections
2024-03-21T09:56:19.632 INFO:teuthology.orchestra.run.smithi153.stdout:/usr/bin/ceph: stderr
2024-03-21T09:56:18.920+0000 7f45aa200700 1 --2- 172.21.15.153:0/3939269358 >> [v2:172.21.15.153:6800/3178125243,v1:172.21.15.153:6801/3178125243] conn(0x7f4588038370 0x7f458803a830 unknown :-1 s=CLOSED pgs=13 cs=0 l=1 rev1=1 crypto rx=0 tx=0 comp rx=0 tx=0).stop
2024-03-21T09:56:19.632 INFO:teuthology.orchestra.run.smithi153.stdout:/usr/bin/ceph: stderr
2024-03-21T09:56:18.920+0000 7f45aa200700 1 --2- 172.21.15.153:0/3939269358 >> [v2:172.21.15.153:3300/0,v1:172.21.15.153:6789/0] conn(0x7f45a4106420 0x7f45a419c320 unknown :-1 s=CLOSED pgs=50 cs=0 l=1 rev1=1 crypto rx=0 tx=0 comp rx=0 tx=0).stop
2024-03-21T09:56:19.632 INFO:teuthology.orchestra.run.smithi153.stdout:/usr/bin/ceph: stderr
2024-03-21T09:56:18.920+0000 7f45aa200700 1 -- 172.21.15.153:0/3939269358 >> 172.21.15.153:0/3939269358 conn(0x7f45a4101a00 msgr2=0x7f45a41030a0 unknown :-1 s=STATE_NONE l=0).mark_down
2024-03-21T09:56:19.632 INFO:teuthology.orchestra.run.smithi153.stdout:/usr/bin/ceph: stderr
2024-03-21T09:56:18.920+0000 7f45aa200700 1 -- 172.21.15.153:0/3939269358 shutdown_connections
2024-03-21T09:56:19.632 INFO:teuthology.orchestra.run.smithi153.stdout:/usr/bin/ceph: stderr
2024-03-21T09:56:18.920+0000 7f45aa200700 1 -- 172.21.15.153:0/3939269358 wait complete.
2024-03-21T09:56:19.633 INFO:teuthology.orchestra.run.smithi153.stdout:Deploying crash service with default placement...
2024-03-21T09:56:20.211 INFO:journalctl@ceph.mon.smithi153.smithi153.stdout:Mar 21 09:56:19 smithi153 ceph-mon[29117]: from='client.14144 -' entity='client.admin' cmd=[{"prefix": "orch apply", "service_type": "mgr", "target": ["mon-mgr", ""]}]: dispatch
2024-03-21T09:56:20.211 INFO:journalctl@ceph.mon.smithi153.smithi153.stdout:Mar 21 09:56:19 smithi153 ceph-mon[29117]: Saving service mgr spec with placement count:2
2024-03-21T09:56:20.212 INFO:journalctl@ceph.mon.smithi153.smithi153.stdout:Mar 21 09:56:19 smithi153 ceph-mon[29117]: from='mgr.14120 172.21.15.153:0/1521951433' entity='mgr.smithi153.tluxni'
2024-03-21T09:56:21.556 INFO:journalctl@ceph.mon.smithi153.smithi153.stdout:Mar 21 09:56:21 smithi153 ceph-mon[29117]: from='client.14146 -' entity='client.admin' cmd=[{"prefix": "orch apply", "service_type": "crash", "target": ["mon-mgr", ""]}]: dispatch
2024-03-21T09:56:21.556 INFO:journalctl@ceph.mon.smithi153.smithi153.stdout:Mar 21 09:56:21 smithi153 ceph-mon[29117]: Saving service crash spec with placement *
2024-03-21T09:56:21.556 INFO:journalctl@ceph.mon.smithi153.smithi153.stdout:Mar 21 09:56:21 smithi153 ceph-mon[29117]: from='mgr.14120 172.21.15.153:0/1521951433' entity='mgr.smithi153.tluxni'
2024-03-21T09:56:21.556 INFO:journalctl@ceph.mon.smithi153.smithi153.stdout:Mar 21 09:56:21 smithi153 ceph-mon[29117]: pgmap v3: 0 pgs: ; 0 B data, 0 B used, 0 B / 0 B avail
2024-03-21T09:56:21.557 INFO:journalctl@ceph.mon.smithi153.smithi153.stdout:Mar 21 09:56:21 smithi153 ceph-mon[29117]: from='mgr.14120 172.21.15.153:0/1521951433' entity='mgr.smithi153.tluxni'
2024-03-21T09:56:21.602 INFO:teuthology.orchestra.run.smithi153.stdout:/usr/bin/ceph: stdout Scheduled crash update...
2024-03-21T09:56:21.602 INFO:teuthology.orchestra.run.smithi153.stdout:/usr/bin/ceph: stderr
2024-03-21T09:56:20.209+0000 7f8392600700 1 Processor -- start
2024-03-21T09:56:21.602 INFO:teuthology.orchestra.run.smithi153.stdout:/usr/bin/ceph: stderr
2024-03-21T09:56:20.209+0000 7f8392600700 1 -- start start
2024-03-21T09:56:21.602 INFO:teuthology.orchestra.run.smithi153.stdout:/usr/bin/ceph: stderr
2024-03-21T09:56:20.210+0000 7f8392600700 1 --2- >> [v2:172.21.15.153:3300/0,v1:172.21.15.153:6789/0] conn(0x7f838c108630 0x7f838c108a50 unknown :-1 s=NONE pgs=0 cs=0 l=0 rev1=0 crypto rx=0 tx=0 comp rx=0 tx=0).connect
2024-03-21T09:56:21.602 INFO:teuthology.orchestra.run.smithi153.stdout:/usr/bin/ceph: stderr
2024-03-21T09:56:20.210+0000 7f8392600700 1 -- --> [v2:172.21.15.153:3300/0,v1:172.21.15.153:6789/0] -- mon_getmap magic: 0 v1 -- 0x7f838c109020 con 0x7f838c108630
2024-03-21T09:56:21.602 INFO:teuthology.orchestra.run.smithi153.stdout:/usr/bin/ceph: stderr
2024-03-21T09:56:20.210+0000 7f838b400700 1 --2- >> [v2:172.21.15.153:3300/0,v1:172.21.15.153:6789/0] conn(0x7f838c108630 0x7f838c108a50 unknown :-1 s=BANNER_CONNECTING pgs=0 cs=0 l=0 rev1=0 crypto rx=0 tx=0 comp rx=0 tx=0)._handle_peer_banner_payload supported=3 required=0
2024-03-21T09:56:21.602 INFO:teuthology.orchestra.run.smithi153.stdout:/usr/bin/ceph: stderr
2024-03-21T09:56:20.211+0000 7f838b400700 1 --2- >> [v2:172.21.15.153:3300/0,v1:172.21.15.153:6789/0] conn(0x7f838c108630 0x7f838c108a50 unknown :-1 s=HELLO_CONNECTING pgs=0 cs=0 l=0 rev1=1 crypto rx=0 tx=0 comp rx=0 tx=0).handle_hello peer v2:172.21.15.153:3300/0 says I am v2:172.21.15.153:46474/0 (socket says 172.21.15.153:46474)
2024-03-21T09:56:21.602 INFO:teuthology.orchestra.run.smithi153.stdout:/usr/bin/ceph: stderr
2024-03-21T09:56:20.211+0000 7f838b400700 1 -- 172.21.15.153:0/1475887646 learned_addr learned my addr 172.21.15.153:0/1475887646 (peer_addr_for_me v2:172.21.15.153:0/0)
2024-03-21T09:56:21.602 INFO:teuthology.orchestra.run.smithi153.stdout:/usr/bin/ceph: stderr
2024-03-21T09:56:20.211+0000 7f838b400700 1 -- 172.21.15.153:0/1475887646 --> [v2:172.21.15.153:3300/0,v1:172.21.15.153:6789/0] -- mon_subscribe({config=0+,monmap=0+}) v3 -- 0x7f838c109830 con 0x7f838c108630
2024-03-21T09:56:21.602 INFO:teuthology.orchestra.run.smithi153.stdout:/usr/bin/ceph: stderr
2024-03-21T09:56:20.211+0000 7f838b400700 1 --2- 172.21.15.153:0/1475887646 >> [v2:172.21.15.153:3300/0,v1:172.21.15.153:6789/0] conn(0x7f838c108630 0x7f838c108a50 secure :-1 s=READY pgs=51 cs=0 l=1 rev1=1 crypto rx=0x7f837c0098a0 tx=0x7f837c009bb0 comp rx=0 tx=0).ready entity=mon.0 client_cookie=2f9327300d9797f9 server_cookie=0 in_seq=0 out_seq=0
2024-03-21T09:56:21.603 INFO:teuthology.orchestra.run.smithi153.stdout:/usr/bin/ceph: stderr
2024-03-21T09:56:20.212+0000 7f838a000700 1 -- 172.21.15.153:0/1475887646 <== mon.0 v2:172.21.15.153:3300/0 1 ==== mon_map magic: 0 v1 ==== 229+0+0 (secure 0 0 0) 0x7f837c004180 con 0x7f838c108630
2024-03-21T09:56:21.603 INFO:teuthology.orchestra.run.smithi153.stdout:/usr/bin/ceph: stderr
2024-03-21T09:56:20.212+0000 7f838a000700 1 -- 172.21.15.153:0/1475887646 <== mon.0 v2:172.21.15.153:3300/0 2 ==== config(27 keys) v1 ==== 1101+0+0 (secure 0 0 0) 0x7f837c0042e0 con 0x7f838c108630
2024-03-21T09:56:21.603 INFO:teuthology.orchestra.run.smithi153.stdout:/usr/bin/ceph: stderr
2024-03-21T09:56:20.212+0000 7f838a000700 1 -- 172.21.15.153:0/1475887646 <== mon.0 v2:172.21.15.153:3300/0 3 ==== mon_map magic: 0 v1 ==== 229+0+0 (secure 0 0 0) 0x7f837c011af0 con 0x7f838c108630
2024-03-21T09:56:21.603 INFO:teuthology.orchestra.run.smithi153.stdout:/usr/bin/ceph: stderr
2024-03-21T09:56:20.212+0000 7f8392600700 1 -- 172.21.15.153:0/1475887646 >> [v2:172.21.15.153:3300/0,v1:172.21.15.153:6789/0] conn(0x7f838c108630 msgr2=0x7f838c108a50 secure :-1 s=STATE_CONNECTION_ESTABLISHED l=1).mark_down
2024-03-21T09:56:21.603 INFO:teuthology.orchestra.run.smithi153.stdout:/usr/bin/ceph: stderr
2024-03-21T09:56:20.212+0000 7f8392600700 1 --2- 172.21.15.153:0/1475887646 >> [v2:172.21.15.153:3300/0,v1:172.21.15.153:6789/0] conn(0x7f838c108630 0x7f838c108a50 secure :-1 s=READY pgs=51 cs=0 l=1 rev1=1 crypto rx=0x7f837c0098a0 tx=0x7f837c009bb0 comp rx=0 tx=0).stop
2024-03-21T09:56:21.603 INFO:teuthology.orchestra.run.smithi153.stdout:/usr/bin/ceph: stderr
2024-03-21T09:56:20.213+0000 7f8392600700 1 -- 172.21.15.153:0/1475887646 shutdown_connections
2024-03-21T09:56:21.603 INFO:teuthology.orchestra.run.smithi153.stdout:/usr/bin/ceph: stderr
2024-03-21T09:56:20.213+0000 7f8392600700 1 --2- 172.21.15.153:0/1475887646 >> [v2:172.21.15.153:3300/0,v1:172.21.15.153:6789/0] conn(0x7f838c108630 0x7f838c108a50 unknown :-1 s=CLOSED pgs=51 cs=0 l=1 rev1=1 crypto rx=0 tx=0 comp rx=0 tx=0).stop
2024-03-21T09:56:21.603 INFO:teuthology.orchestra.run.smithi153.stdout:/usr/bin/ceph: stderr
2024-03-21T09:56:20.213+0000 7f8392600700 1 -- 172.21.15.153:0/1475887646 >> 172.21.15.153:0/1475887646 conn(0x7f838c103c10 msgr2=0x7f838c106050 unknown :-1 s=STATE_NONE l=0).mark_down
2024-03-21T09:56:21.603 INFO:teuthology.orchestra.run.smithi153.stdout:/usr/bin/ceph: stderr
2024-03-21T09:56:20.213+0000 7f8392600700 1 -- 172.21.15.153:0/1475887646 shutdown_connections
2024-03-21T09:56:21.603 INFO:teuthology.orchestra.run.smithi153.stdout:/usr/bin/ceph: stderr
2024-03-21T09:56:20.213+0000 7f8392600700 1 -- 172.21.15.153:0/1475887646 wait complete.
2024-03-21T09:56:21.603 INFO:teuthology.orchestra.run.smithi153.stdout:/usr/bin/ceph: stderr
2024-03-21T09:56:20.214+0000 7f8392600700 1 Processor -- start
2024-03-21T09:56:21.603 INFO:teuthology.orchestra.run.smithi153.stdout:/usr/bin/ceph: stderr
2024-03-21T09:56:20.214+0000 7f8392600700 1 -- start start
2024-03-21T09:56:21.603 INFO:teuthology.orchestra.run.smithi153.stdout:/usr/bin/ceph: stderr
2024-03-21T09:56:20.214+0000 7f8392600700 1 --2- >> [v2:172.21.15.153:3300/0,v1:172.21.15.153:6789/0] conn(0x7f838c108630 0x7f838c19c3c0 unknown :-1 s=NONE pgs=0 cs=0 l=1 rev1=0 crypto rx=0 tx=0 comp rx=0 tx=0).connect
2024-03-21T09:56:21.604 INFO:teuthology.orchestra.run.smithi153.stdout:/usr/bin/ceph: stderr
2024-03-21T09:56:20.214+0000 7f8392600700 1 -- --> [v2:172.21.15.153:3300/0,v1:172.21.15.153:6789/0] -- mon_getmap magic: 0 v1 -- 0x7f838c19c900 con 0x7f838c108630
2024-03-21T09:56:21.604 INFO:teuthology.orchestra.run.smithi153.stdout:/usr/bin/ceph: stderr
2024-03-21T09:56:20.215+0000 7f838b400700 1 --2- >> [v2:172.21.15.153:3300/0,v1:172.21.15.153:6789/0] conn(0x7f838c108630 0x7f838c19c3c0 unknown :-1 s=BANNER_CONNECTING pgs=0 cs=0 l=1 rev1=0 crypto rx=0 tx=0 comp rx=0 tx=0)._handle_peer_banner_payload supported=3 required=0
2024-03-21T09:56:21.604 INFO:teuthology.orchestra.run.smithi153.stdout:/usr/bin/ceph: stderr
2024-03-21T09:56:20.215+0000 7f838b400700 1 --2- >> [v2:172.21.15.153:3300/0,v1:172.21.15.153:6789/0] conn(0x7f838c108630 0x7f838c19c3c0 unknown :-1 s=HELLO_CONNECTING pgs=0 cs=0 l=1 rev1=1 crypto rx=0 tx=0 comp rx=0 tx=0).handle_hello peer v2:172.21.15.153:3300/0 says I am v2:172.21.15.153:46478/0 (socket says 172.21.15.153:46478)
2024-03-21T09:56:21.604 INFO:teuthology.orchestra.run.smithi153.stdout:/usr/bin/ceph: stderr
2024-03-21T09:56:20.215+0000 7f838b400700 1 -- 172.21.15.153:0/4274054863 learned_addr learned my addr 172.21.15.153:0/4274054863 (peer_addr_for_me v2:172.21.15.153:0/0)
2024-03-21T09:56:21.604 INFO:teuthology.orchestra.run.smithi153.stdout:/usr/bin/ceph: stderr
2024-03-21T09:56:20.215+0000 7f838b400700 1 -- 172.21.15.153:0/4274054863 --> [v2:172.21.15.153:3300/0,v1:172.21.15.153:6789/0] -- mon_subscribe({config=0+,monmap=0+}) v3 -- 0x7f837c009550 con 0x7f838c108630
2024-03-21T09:56:21.604 INFO:teuthology.orchestra.run.smithi153.stdout:/usr/bin/ceph: stderr
2024-03-21T09:56:20.215+0000 7f838b400700 1 --2- 172.21.15.153:0/4274054863 >> [v2:172.21.15.153:3300/0,v1:172.21.15.153:6789/0] conn(0x7f838c108630 0x7f838c19c3c0 secure :-1 s=READY pgs=52 cs=0 l=1 rev1=1 crypto rx=0x7f837c011670 tx=0x7f837c011b50 comp rx=0 tx=0).ready entity=mon.0 client_cookie=0 server_cookie=0 in_seq=0 out_seq=0
2024-03-21T09:56:21.604 INFO:teuthology.orchestra.run.smithi153.stdout:/usr/bin/ceph: stderr
2024-03-21T09:56:20.216+0000 7f8383e00700 1 -- 172.21.15.153:0/4274054863 <== mon.0 v2:172.21.15.153:3300/0 1 ==== mon_map magic: 0 v1 ==== 229+0+0 (secure 0 0 0) 0x7f837c0039f0 con 0x7f838c108630
2024-03-21T09:56:21.604 INFO:teuthology.orchestra.run.smithi153.stdout:/usr/bin/ceph: stderr
2024-03-21T09:56:20.216+0000 7f8383e00700 1 -- 172.21.15.153:0/4274054863 <== mon.0 v2:172.21.15.153:3300/0 2 ==== config(27 keys) v1 ==== 1101+0+0 (secure 0 0 0) 0x7f837c003b50 con 0x7f838c108630
2024-03-21T09:56:21.604 INFO:teuthology.orchestra.run.smithi153.stdout:/usr/bin/ceph: stderr
2024-03-21T09:56:20.216+0000 7f8383e00700 1 -- 172.21.15.153:0/4274054863 <== mon.0 v2:172.21.15.153:3300/0 3 ==== mon_map magic: 0 v1 ==== 229+0+0 (secure 0 0 0) 0x7f837c0247c0 con 0x7f838c108630
2024-03-21T09:56:21.604 INFO:teuthology.orchestra.run.smithi153.stdout:/usr/bin/ceph: stderr
2024-03-21T09:56:20.216+0000 7f8392600700 1 -- 172.21.15.153:0/4274054863 --> [v2:172.21.15.153:3300/0,v1:172.21.15.153:6789/0] -- mon_subscribe({mgrmap=0+}) v3 -- 0x7f838c19cb00 con 0x7f838c108630
2024-03-21T09:56:21.604 INFO:teuthology.orchestra.run.smithi153.stdout:/usr/bin/ceph: stderr
2024-03-21T09:56:20.216+0000 7f8392600700 1 -- 172.21.15.153:0/4274054863 --> [v2:172.21.15.153:3300/0,v1:172.21.15.153:6789/0] -- mon_subscribe({osdmap=0}) v3 -- 0x7f838c19cfa0 con 0x7f838c108630
2024-03-21T09:56:21.604 INFO:teuthology.orchestra.run.smithi153.stdout:/usr/bin/ceph: stderr
2024-03-21T09:56:20.217+0000 7f8383e00700 1 -- 172.21.15.153:0/4274054863 <== mon.0 v2:172.21.15.153:3300/0 4 ==== mgrmap(e 8) v1 ==== 45283+0+0 (secure 0 0 0) 0x7f837c01a430 con 0x7f838c108630
2024-03-21T09:56:21.604 INFO:teuthology.orchestra.run.smithi153.stdout:/usr/bin/ceph: stderr
2024-03-21T09:56:20.217+0000 7f8383e00700 1 --2- 172.21.15.153:0/4274054863 >> [v2:172.21.15.153:6800/3178125243,v1:172.21.15.153:6801/3178125243] conn(0x7f8370038370 0x7f837003a830 unknown :-1 s=NONE pgs=0 cs=0 l=1 rev1=0 crypto rx=0 tx=0 comp rx=0 tx=0).connect
2024-03-21T09:56:21.605 INFO:teuthology.orchestra.run.smithi153.stdout:/usr/bin/ceph: stderr
2024-03-21T09:56:20.217+0000 7f8383e00700 1 -- 172.21.15.153:0/4274054863 <== mon.0 v2:172.21.15.153:3300/0 5 ==== osd_map(2..2 src has 1..2) v4 ==== 940+0+0 (secure 0 0 0) 0x7f837c04c370 con 0x7f838c108630
2024-03-21T09:56:21.605 INFO:teuthology.orchestra.run.smithi153.stdout:/usr/bin/ceph: stderr
2024-03-21T09:56:20.217+0000 7f8392600700 1 -- 172.21.15.153:0/4274054863 --> [v2:172.21.15.153:3300/0,v1:172.21.15.153:6789/0] -- mon_command({"prefix": "get_command_descriptions"} v 0) v1 -- 0x7f838c0623c0 con 0x7f838c108630
2024-03-21T09:56:21.605 INFO:teuthology.orchestra.run.smithi153.stdout:/usr/bin/ceph: stderr
2024-03-21T09:56:20.218+0000 7f838aa00700 1 --2- 172.21.15.153:0/4274054863 >> [v2:172.21.15.153:6800/3178125243,v1:172.21.15.153:6801/3178125243] conn(0x7f8370038370 0x7f837003a830 unknown :-1 s=BANNER_CONNECTING pgs=0 cs=0 l=1 rev1=0 crypto rx=0 tx=0 comp rx=0 tx=0)._handle_peer_banner_payload supported=3 required=0
2024-03-21T09:56:21.605 INFO:teuthology.orchestra.run.smithi153.stdout:/usr/bin/ceph: stderr
2024-03-21T09:56:20.219+0000 7f838aa00700 1 --2- 172.21.15.153:0/4274054863 >> [v2:172.21.15.153:6800/3178125243,v1:172.21.15.153:6801/3178125243] conn(0x7f8370038370 0x7f837003a830 secure :-1 s=READY pgs=14 cs=0 l=1 rev1=1 crypto rx=0x7f8378006fd0 tx=0x7f8378006e40 comp rx=0 tx=0).ready entity=mgr.14120 client_cookie=0 server_cookie=0 in_seq=0 out_seq=0
2024-03-21T09:56:21.605 INFO:teuthology.orchestra.run.smithi153.stdout:/usr/bin/ceph: stderr
2024-03-21T09:56:20.224+0000 7f8383e00700 1 -- 172.21.15.153:0/4274054863 <== mon.0 v2:172.21.15.153:3300/0 6 ==== mon_command_ack([{"prefix": "get_command_descriptions"}]=0 v0) v1 ==== 72+0+180422 (secure 0 0 0) 0x7f837c01a730 con 0x7f838c108630
2024-03-21T09:56:21.605 INFO:teuthology.orchestra.run.smithi153.stdout:/usr/bin/ceph: stderr
2024-03-21T09:56:20.455+0000 7f8392600700 1 -- 172.21.15.153:0/4274054863 --> [v2:172.21.15.153:6800/3178125243,v1:172.21.15.153:6801/3178125243] -- mgr_command(tid 0: {"prefix": "orch apply", "service_type": "crash", "target": ["mon-mgr", ""]}) v1 -- 0x7f838c105f60 con 0x7f8370038370
2024-03-21T09:56:21.605 INFO:teuthology.orchestra.run.smithi153.stdout:/usr/bin/ceph: stderr
2024-03-21T09:56:20.460+0000 7f8383e00700 1 -- 172.21.15.153:0/4274054863 <== mgr.14120 v2:172.21.15.153:6800/3178125243 1 ==== mgr_command_reply(tid 0: 0 ) v1 ==== 8+0+26 (secure 0 0 0) 0x7f838c105f60 con 0x7f8370038370
2024-03-21T09:56:21.605 INFO:teuthology.orchestra.run.smithi153.stdout:/usr/bin/ceph: stderr
2024-03-21T09:56:20.465+0000 7f8392600700 1 -- 172.21.15.153:0/4274054863 >> [v2:172.21.15.153:6800/3178125243,v1:172.21.15.153:6801/3178125243] conn(0x7f8370038370 msgr2=0x7f837003a830 secure :-1 s=STATE_CONNECTION_ESTABLISHED l=1).mark_down
2024-03-21T09:56:21.605 INFO:teuthology.orchestra.run.smithi153.stdout:/usr/bin/ceph: stderr
2024-03-21T09:56:20.465+0000 7f8392600700 1 --2- 172.21.15.153:0/4274054863 >> [v2:172.21.15.153:6800/3178125243,v1:172.21.15.153:6801/3178125243] conn(0x7f8370038370 0x7f837003a830 secure :-1 s=READY pgs=14 cs=0 l=1 rev1=1 crypto rx=0x7f8378006fd0 tx=0x7f8378006e40 comp rx=0 tx=0).stop
2024-03-21T09:56:21.605 INFO:teuthology.orchestra.run.smithi153.stdout:/usr/bin/ceph: stderr
2024-03-21T09:56:20.465+0000 7f8392600700 1 -- 172.21.15.153:0/4274054863 >> [v2:172.21.15.153:3300/0,v1:172.21.15.153:6789/0] conn(0x7f838c108630 msgr2=0x7f838c19c3c0 secure :-1 s=STATE_CONNECTION_ESTABLISHED l=1).mark_down
2024-03-21T09:56:21.605 INFO:teuthology.orchestra.run.smithi153.stdout:/usr/bin/ceph: stderr
2024-03-21T09:56:20.465+0000 7f8392600700 1 --2- 172.21.15.153:0/4274054863 >> [v2:172.21.15.153:3300/0,v1:172.21.15.153:6789/0] conn(0x7f838c108630 0x7f838c19c3c0 secure :-1 s=READY pgs=52 cs=0 l=1 rev1=1 crypto rx=0x7f837c011670 tx=0x7f837c011b50 comp rx=0 tx=0).stop
2024-03-21T09:56:21.606 INFO:teuthology.orchestra.run.smithi153.stdout:/usr/bin/ceph: stderr
2024-03-21T09:56:20.465+0000 7f8392600700 1 -- 172.21.15.153:0/4274054863 shutdown_connections
2024-03-21T09:56:21.606 INFO:teuthology.orchestra.run.smithi153.stdout:/usr/bin/ceph: stderr
2024-03-21T09:56:20.465+0000 7f8392600700 1 --2- 172.21.15.153:0/4274054863 >> [v2:172.21.15.153:6800/3178125243,v1:172.21.15.153:6801/3178125243] conn(0x7f8370038370 0x7f837003a830 unknown :-1 s=CLOSED pgs=14 cs=0 l=1 rev1=1 crypto rx=0 tx=0 comp rx=0 tx=0).stop
2024-03-21T09:56:21.606 INFO:teuthology.orchestra.run.smithi153.stdout:/usr/bin/ceph: stderr
2024-03-21T09:56:20.465+0000 7f8392600700 1 --2- 172.21.15.153:0/4274054863 >> [v2:172.21.15.153:3300/0,v1:172.21.15.153:6789/0] conn(0x7f838c108630 0x7f838c19c3c0 unknown :-1 s=CLOSED pgs=52 cs=0 l=1 rev1=1 crypto rx=0 tx=0 comp rx=0 tx=0).stop
2024-03-21T09:56:21.606 INFO:teuthology.orchestra.run.smithi153.stdout:/usr/bin/ceph: stderr
2024-03-21T09:56:20.465+0000 7f8392600700 1 -- 172.21.15.153:0/4274054863 >> 172.21.15.153:0/4274054863 conn(0x7f838c103c10 msgr2=0x7f838c105340 unknown :-1 s=STATE_NONE l=0).mark_down
2024-03-21T09:56:21.606 INFO:teuthology.orchestra.run.smithi153.stdout:/usr/bin/ceph: stderr
2024-03-21T09:56:20.465+0000 7f8392600700 1 -- 172.21.15.153:0/4274054863 shutdown_connections
2024-03-21T09:56:21.606 INFO:teuthology.orchestra.run.smithi153.stdout:/usr/bin/ceph: stderr
2024-03-21T09:56:20.465+0000 7f8392600700 1 -- 172.21.15.153:0/4274054863 wait complete.
2024-03-21T09:56:21.606 INFO:teuthology.orchestra.run.smithi153.stdout:Deploying ceph-exporter service with default placement...
2024-03-21T09:56:23.187 INFO:teuthology.orchestra.run.smithi153.stdout:/usr/bin/ceph: stdout Scheduled ceph-exporter update...
2024-03-21T09:56:23.188 INFO:teuthology.orchestra.run.smithi153.stdout:/usr/bin/ceph: stderr
2024-03-21T09:56:22.168+0000 7f7644e00700 1 Processor -- start
2024-03-21T09:56:23.188 INFO:teuthology.orchestra.run.smithi153.stdout:/usr/bin/ceph: stderr
2024-03-21T09:56:22.168+0000 7f7644e00700 1 -- start start
2024-03-21T09:56:23.188 INFO:teuthology.orchestra.run.smithi153.stdout:/usr/bin/ceph: stderr
2024-03-21T09:56:22.168+0000 7f7644e00700 1 --2- >> [v2:172.21.15.153:3300/0,v1:172.21.15.153:6789/0] conn(0x7f7640106950 0x7f7640106d70 unknown :-1 s=NONE pgs=0 cs=0 l=0 rev1=0 crypto rx=0 tx=0 comp rx=0 tx=0).connect
2024-03-21T09:56:23.188 INFO:teuthology.orchestra.run.smithi153.stdout:/usr/bin/ceph: stderr
2024-03-21T09:56:22.168+0000 7f7644e00700 1 -- --> [v2:172.21.15.153:3300/0,v1:172.21.15.153:6789/0] -- mon_getmap magic: 0 v1 -- 0x7f7640107340 con 0x7f7640106950
2024-03-21T09:56:23.188 INFO:teuthology.orchestra.run.smithi153.stdout:/usr/bin/ceph: stderr
2024-03-21T09:56:22.169+0000 7f763de00700 1 --2- >> [v2:172.21.15.153:3300/0,v1:172.21.15.153:6789/0] conn(0x7f7640106950 0x7f7640106d70 unknown :-1 s=BANNER_CONNECTING pgs=0 cs=0 l=0 rev1=0 crypto rx=0 tx=0 comp rx=0 tx=0)._handle_peer_banner_payload supported=3 required=0
2024-03-21T09:56:23.188 INFO:teuthology.orchestra.run.smithi153.stdout:/usr/bin/ceph: stderr
2024-03-21T09:56:22.169+0000 7f763de00700 1 --2- >> [v2:172.21.15.153:3300/0,v1:172.21.15.153:6789/0] conn(0x7f7640106950 0x7f7640106d70 unknown :-1 s=HELLO_CONNECTING pgs=0 cs=0 l=0 rev1=1 crypto rx=0 tx=0 comp rx=0 tx=0).handle_hello peer v2:172.21.15.153:3300/0 says I am v2:172.21.15.153:46490/0 (socket says 172.21.15.153:46490)
2024-03-21T09:56:23.188 INFO:teuthology.orchestra.run.smithi153.stdout:/usr/bin/ceph: stderr
2024-03-21T09:56:22.169+0000 7f763de00700 1 -- 172.21.15.153:0/1072679664 learned_addr learned my addr 172.21.15.153:0/1072679664 (peer_addr_for_me v2:172.21.15.153:0/0)
2024-03-21T09:56:23.188 INFO:teuthology.orchestra.run.smithi153.stdout:/usr/bin/ceph: stderr
2024-03-21T09:56:22.169+0000 7f763de00700 1 -- 172.21.15.153:0/1072679664 --> [v2:172.21.15.153:3300/0,v1:172.21.15.153:6789/0] -- mon_subscribe({config=0+,monmap=0+}) v3 -- 0x7f7640107480 con 0x7f7640106950
2024-03-21T09:56:23.188 INFO:teuthology.orchestra.run.smithi153.stdout:/usr/bin/ceph: stderr
2024-03-21T09:56:22.170+0000 7f763de00700 1 --2- 172.21.15.153:0/1072679664 >> [v2:172.21.15.153:3300/0,v1:172.21.15.153:6789/0] conn(0x7f7640106950 0x7f7640106d70 secure :-1 s=READY pgs=53 cs=0 l=1 rev1=1 crypto rx=0x7f76300098a0 tx=0x7f7630009bb0 comp rx=0 tx=0).ready entity=mon.0 client_cookie=1d8b2632bec583b3 server_cookie=0 in_seq=0 out_seq=0
2024-03-21T09:56:23.188 INFO:teuthology.orchestra.run.smithi153.stdout:/usr/bin/ceph: stderr
2024-03-21T09:56:22.170+0000 7f763ca00700 1 -- 172.21.15.153:0/1072679664 <== mon.0 v2:172.21.15.153:3300/0 1 ==== mon_map magic: 0 v1 ==== 229+0+0 (secure 0 0 0) 0x7f7630004180 con 0x7f7640106950
2024-03-21T09:56:23.188 INFO:teuthology.orchestra.run.smithi153.stdout:/usr/bin/ceph: stderr
2024-03-21T09:56:22.170+0000 7f763ca00700 1 -- 172.21.15.153:0/1072679664 <== mon.0 v2:172.21.15.153:3300/0 2 ==== config(27 keys) v1 ==== 1101+0+0 (secure 0 0 0) 0x7f76300042e0 con 0x7f7640106950
2024-03-21T09:56:23.188 INFO:teuthology.orchestra.run.smithi153.stdout:/usr/bin/ceph: stderr
2024-03-21T09:56:22.170+0000 7f763ca00700 1 -- 172.21.15.153:0/1072679664 <== mon.0 v2:172.21.15.153:3300/0 3 ==== mon_map magic: 0 v1 ==== 229+0+0 (secure 0 0 0) 0x7f7630011af0 con 0x7f7640106950
2024-03-21T09:56:23.188 INFO:teuthology.orchestra.run.smithi153.stdout:/usr/bin/ceph: stderr
2024-03-21T09:56:22.171+0000 7f7644e00700 1 -- 172.21.15.153:0/1072679664 >> [v2:172.21.15.153:3300/0,v1:172.21.15.153:6789/0] conn(0x7f7640106950 msgr2=0x7f7640106d70 secure :-1 s=STATE_CONNECTION_ESTABLISHED l=1).mark_down
2024-03-21T09:56:23.189 INFO:teuthology.orchestra.run.smithi153.stdout:/usr/bin/ceph: stderr
2024-03-21T09:56:22.171+0000 7f7644e00700 1 --2- 172.21.15.153:0/1072679664 >> [v2:172.21.15.153:3300/0,v1:172.21.15.153:6789/0] conn(0x7f7640106950 0x7f7640106d70 secure :-1 s=READY pgs=53 cs=0 l=1 rev1=1 crypto rx=0x7f76300098a0 tx=0x7f7630009bb0 comp rx=0 tx=0).stop
2024-03-21T09:56:23.194 INFO:teuthology.orchestra.run.smithi153.stdout:/usr/bin/ceph: stderr
2024-03-21T09:56:22.171+0000 7f7644e00700 1 -- 172.21.15.153:0/1072679664 shutdown_connections
2024-03-21T09:56:23.194 INFO:teuthology.orchestra.run.smithi153.stdout:/usr/bin/ceph: stderr
2024-03-21T09:56:22.171+0000 7f7644e00700 1 --2- 172.21.15.153:0/1072679664 >> [v2:172.21.15.153:3300/0,v1:172.21.15.153:6789/0] conn(0x7f7640106950 0x7f7640106d70 unknown :-1 s=CLOSED pgs=53 cs=0 l=1 rev1=1 crypto rx=0 tx=0 comp rx=0 tx=0).stop
2024-03-21T09:56:23.194 INFO:teuthology.orchestra.run.smithi153.stdout:/usr/bin/ceph: stderr
2024-03-21T09:56:22.171+0000 7f7644e00700 1 -- 172.21.15.153:0/1072679664 >> 172.21.15.153:0/1072679664 conn(0x7f7640100040 msgr2=0x7f76401024a0 unknown :-1 s=STATE_NONE l=0).mark_down
2024-03-21T09:56:23.194 INFO:teuthology.orchestra.run.smithi153.stdout:/usr/bin/ceph: stderr
2024-03-21T09:56:22.171+0000 7f7644e00700 1 -- 172.21.15.153:0/1072679664 shutdown_connections
2024-03-21T09:56:23.194 INFO:teuthology.orchestra.run.smithi153.stdout:/usr/bin/ceph: stderr
2024-03-21T09:56:22.171+0000 7f7644e00700 1 -- 172.21.15.153:0/1072679664 wait complete.
2024-03-21T09:56:23.195 INFO:teuthology.orchestra.run.smithi153.stdout:/usr/bin/ceph: stderr
2024-03-21T09:56:22.172+0000 7f7644e00700 1 Processor -- start
2024-03-21T09:56:23.195 INFO:teuthology.orchestra.run.smithi153.stdout:/usr/bin/ceph: stderr
2024-03-21T09:56:22.172+0000 7f7644e00700 1 -- start start
2024-03-21T09:56:23.195 INFO:teuthology.orchestra.run.smithi153.stdout:/usr/bin/ceph: stderr
2024-03-21T09:56:22.172+0000 7f7644e00700 1 --2- >> [v2:172.21.15.153:3300/0,v1:172.21.15.153:6789/0] conn(0x7f7640106950 0x7f764019c3a0 unknown :-1 s=NONE pgs=0 cs=0 l=1 rev1=0 crypto rx=0 tx=0 comp rx=0 tx=0).connect
2024-03-21T09:56:23.195 INFO:teuthology.orchestra.run.smithi153.stdout:/usr/bin/ceph: stderr
2024-03-21T09:56:22.172+0000 7f7644e00700 1 -- --> [v2:172.21.15.153:3300/0,v1:172.21.15.153:6789/0] -- mon_getmap magic: 0 v1 -- 0x7f764019c8e0 con 0x7f7640106950
2024-03-21T09:56:23.195 INFO:teuthology.orchestra.run.smithi153.stdout:/usr/bin/ceph: stderr
2024-03-21T09:56:22.172+0000 7f763de00700 1 --2- >> [v2:172.21.15.153:3300/0,v1:172.21.15.153:6789/0] conn(0x7f7640106950 0x7f764019c3a0 unknown :-1 s=BANNER_CONNECTING pgs=0 cs=0 l=1 rev1=0 crypto rx=0 tx=0 comp rx=0 tx=0)._handle_peer_banner_payload supported=3 required=0
2024-03-21T09:56:23.195 INFO:teuthology.orchestra.run.smithi153.stdout:/usr/bin/ceph: stderr
2024-03-21T09:56:22.173+0000 7f763de00700 1 --2- >> [v2:172.21.15.153:3300/0,v1:172.21.15.153:6789/0] conn(0x7f7640106950 0x7f764019c3a0 unknown :-1 s=HELLO_CONNECTING pgs=0 cs=0 l=1 rev1=1 crypto rx=0 tx=0 comp rx=0 tx=0).handle_hello peer v2:172.21.15.153:3300/0 says I am v2:172.21.15.153:46498/0 (socket says 172.21.15.153:46498)
2024-03-21T09:56:23.195 INFO:teuthology.orchestra.run.smithi153.stdout:/usr/bin/ceph: stderr
2024-03-21T09:56:22.173+0000 7f763de00700 1 -- 172.21.15.153:0/3950387940 learned_addr learned my addr 172.21.15.153:0/3950387940 (peer_addr_for_me v2:172.21.15.153:0/0)
2024-03-21T09:56:23.195 INFO:teuthology.orchestra.run.smithi153.stdout:/usr/bin/ceph: stderr
2024-03-21T09:56:22.173+0000 7f763de00700 1 -- 172.21.15.153:0/3950387940 --> [v2:172.21.15.153:3300/0,v1:172.21.15.153:6789/0] -- mon_subscribe({config=0+,monmap=0+}) v3 -- 0x7f7630009550 con 0x7f7640106950
2024-03-21T09:56:23.195 INFO:teuthology.orchestra.run.smithi153.stdout:/usr/bin/ceph: stderr
2024-03-21T09:56:22.173+0000 7f763de00700 1 --2- 172.21.15.153:0/3950387940 >> [v2:172.21.15.153:3300/0,v1:172.21.15.153:6789/0] conn(0x7f7640106950 0x7f764019c3a0 secure :-1 s=READY pgs=54 cs=0 l=1 rev1=1 crypto rx=0x7f7630011670 tx=0x7f7630011b50 comp rx=0 tx=0).ready entity=mon.0 client_cookie=0 server_cookie=0 in_seq=0 out_seq=0
2024-03-21T09:56:23.195 INFO:teuthology.orchestra.run.smithi153.stdout:/usr/bin/ceph: stderr
