2024-03-21T10:02:35.791 INFO:teuthology.orchestra.run.smithi017.stdout:/usr/bin/ceph: stderr
2024-03-21T10:02:34.754+0000 7f6084c00700 1 -- 172.21.15.17:0/704246966 <== mon.0 v2:172.21.15.17:3300/0 7 ==== mon_command_ack([{prefix=config set, name=mgr/dashboard/ssl_server_port}]=0 v8)=0 v8) v1 ==== 130+0+0 (secure 0 0 0) 0x7f607802d770 con 0x7f6088107b50
2024-03-21T10:02:35.791 INFO:teuthology.orchestra.run.smithi017.stdout:/usr/bin/ceph: stderr
2024-03-21T10:02:34.757+0000 7f608ea00700 1 -- 172.21.15.17:0/704246966 >> [v2:172.21.15.17:6800/1177747783,v1:172.21.15.17:6801/1177747783] conn(0x7f606c0391d0 msgr2=0x7f606c03b690 secure :-1 s=STATE_CONNECTION_ESTABLISHED l=1).mark_down
2024-03-21T10:02:35.791 INFO:teuthology.orchestra.run.smithi017.stdout:/usr/bin/ceph: stderr
2024-03-21T10:02:34.757+0000 7f608ea00700 1 --2- 172.21.15.17:0/704246966 >> [v2:172.21.15.17:6800/1177747783,v1:172.21.15.17:6801/1177747783] conn(0x7f606c0391d0 0x7f606c03b690 secure :-1 s=READY pgs=15 cs=0 l=1 rev1=1 crypto rx=0x7f6074006fd0 tx=0x7f6074006e40 comp rx=0 tx=0).stop
2024-03-21T10:02:35.791 INFO:teuthology.orchestra.run.smithi017.stdout:/usr/bin/ceph: stderr
2024-03-21T10:02:34.757+0000 7f608ea00700 1 -- 172.21.15.17:0/704246966 >> [v2:172.21.15.17:3300/0,v1:172.21.15.17:6789/0] conn(0x7f6088107b50 msgr2=0x7f608819dce0 secure :-1 s=STATE_CONNECTION_ESTABLISHED l=1).mark_down
2024-03-21T10:02:35.792 INFO:teuthology.orchestra.run.smithi017.stdout:/usr/bin/ceph: stderr
2024-03-21T10:02:34.757+0000 7f608ea00700 1 --2- 172.21.15.17:0/704246966 >> [v2:172.21.15.17:3300/0,v1:172.21.15.17:6789/0] conn(0x7f6088107b50 0x7f608819dce0 secure :-1 s=READY pgs=54 cs=0 l=1 rev1=1 crypto rx=0x7f6078000c00 tx=0x7f6078011c10 comp rx=0 tx=0).stop
2024-03-21T10:02:35.792 INFO:teuthology.orchestra.run.smithi017.stdout:/usr/bin/ceph: stderr
2024-03-21T10:02:34.758+0000 7f608ea00700 1 -- 172.21.15.17:0/704246966 shutdown_connections
2024-03-21T10:02:35.792 INFO:teuthology.orchestra.run.smithi017.stdout:/usr/bin/ceph: stderr
2024-03-21T10:02:34.758+0000 7f608ea00700 1 --2- 172.21.15.17:0/704246966 >> [v2:172.21.15.17:6800/1177747783,v1:172.21.15.17:6801/1177747783] conn(0x7f606c0391d0 0x7f606c03b690 unknown :-1 s=CLOSED pgs=15 cs=0 l=1 rev1=1 crypto rx=0 tx=0 comp rx=0 tx=0).stop
2024-03-21T10:02:35.792 INFO:teuthology.orchestra.run.smithi017.stdout:/usr/bin/ceph: stderr
2024-03-21T10:02:34.758+0000 7f608ea00700 1 --2- 172.21.15.17:0/704246966 >> [v2:172.21.15.17:3300/0,v1:172.21.15.17:6789/0] conn(0x7f6088107b50 0x7f608819dce0 unknown :-1 s=CLOSED pgs=54 cs=0 l=1 rev1=1 crypto rx=0 tx=0 comp rx=0 tx=0).stop
2024-03-21T10:02:35.792 INFO:teuthology.orchestra.run.smithi017.stdout:/usr/bin/ceph: stderr
2024-03-21T10:02:34.758+0000 7f608ea00700 1 -- 172.21.15.17:0/704246966 >> 172.21.15.17:0/704246966 conn(0x7f6088103130 msgr2=0x7f6088103bc0 unknown :-1 s=STATE_NONE l=0).mark_down
2024-03-21T10:02:35.792 INFO:teuthology.orchestra.run.smithi017.stdout:/usr/bin/ceph: stderr
2024-03-21T10:02:34.758+0000 7f608ea00700 1 -- 172.21.15.17:0/704246966 shutdown_connections
2024-03-21T10:02:35.792 INFO:teuthology.orchestra.run.smithi017.stdout:/usr/bin/ceph: stderr
2024-03-21T10:02:34.758+0000 7f608ea00700 1 -- 172.21.15.17:0/704246966 wait complete.
2024-03-21T10:02:35.792 INFO:teuthology.orchestra.run.smithi017.stdout:Enabling the dashboard module...
2024-03-21T10:02:36.977 INFO:journalctl@ceph.mon.a.smithi017.stdout:Mar 21 10:02:36 smithi017 ceph-mon[31977]: from='mgr.14120 172.21.15.17:0/3740268916' entity='mgr.x'
2024-03-21T10:02:36.977 INFO:journalctl@ceph.mon.a.smithi017.stdout:Mar 21 10:02:36 smithi017 ceph-mon[31977]: pgmap v5: 0 pgs: ; 0 B data, 0 B used, 0 B / 0 B avail
2024-03-21T10:02:37.925 INFO:journalctl@ceph.mon.a.smithi017.stdout:Mar 21 10:02:37 smithi017 ceph-mon[31977]: from='client.? 172.21.15.17:0/2522991652' entity='client.admin' cmd=[{"prefix": "mgr module enable", "module": "dashboard"}]: dispatch
2024-03-21T10:02:37.925 INFO:journalctl@ceph.mgr.x.smithi017.stdout:Mar 21 10:02:37 smithi017 ceph-dc329420-e769-11ee-95cd-87774f69a715-mgr-x[32216]: ignoring --setuser ceph since I am not root
2024-03-21T10:02:37.925 INFO:journalctl@ceph.mgr.x.smithi017.stdout:Mar 21 10:02:37 smithi017 ceph-dc329420-e769-11ee-95cd-87774f69a715-mgr-x[32216]: ignoring --setgroup ceph since I am not root
2024-03-21T10:02:38.446 INFO:teuthology.orchestra.run.smithi017.stdout:/usr/bin/ceph: stderr
2024-03-21T10:02:36.486+0000 7fb8fd000700 1 Processor -- start
2024-03-21T10:02:38.446 INFO:teuthology.orchestra.run.smithi017.stdout:/usr/bin/ceph: stderr
2024-03-21T10:02:36.486+0000 7fb8fd000700 1 -- start start
2024-03-21T10:02:38.446 INFO:teuthology.orchestra.run.smithi017.stdout:/usr/bin/ceph: stderr
2024-03-21T10:02:36.486+0000 7fb8fd000700 1 --2- >> [v2:172.21.15.17:3300/0,v1:172.21.15.17:6789/0] conn(0x7fb8f807de10 0x7fb8f807c2c0 unknown :-1 s=NONE pgs=0 cs=0 l=0 rev1=0 crypto rx=0 tx=0 comp rx=0 tx=0).connect
2024-03-21T10:02:38.446 INFO:teuthology.orchestra.run.smithi017.stdout:/usr/bin/ceph: stderr
2024-03-21T10:02:36.487+0000 7fb8fd000700 1 -- --> [v2:172.21.15.17:3300/0,v1:172.21.15.17:6789/0] -- mon_getmap magic: 0 v1 -- 0x7fb8f807c800 con 0x7fb8f807de10
2024-03-21T10:02:38.446 INFO:teuthology.orchestra.run.smithi017.stdout:/usr/bin/ceph: stderr
2024-03-21T10:02:36.487+0000 7fb8f5e00700 1 --2- >> [v2:172.21.15.17:3300/0,v1:172.21.15.17:6789/0] conn(0x7fb8f807de10 0x7fb8f807c2c0 unknown :-1 s=BANNER_CONNECTING pgs=0 cs=0 l=0 rev1=0 crypto rx=0 tx=0 comp rx=0 tx=0)._handle_peer_banner_payload supported=3 required=0
2024-03-21T10:02:38.446 INFO:teuthology.orchestra.run.smithi017.stdout:/usr/bin/ceph: stderr
2024-03-21T10:02:36.487+0000 7fb8f5e00700 1 --2- >> [v2:172.21.15.17:3300/0,v1:172.21.15.17:6789/0] conn(0x7fb8f807de10 0x7fb8f807c2c0 unknown :-1 s=HELLO_CONNECTING pgs=0 cs=0 l=0 rev1=1 crypto rx=0 tx=0 comp rx=0 tx=0).handle_hello peer v2:172.21.15.17:3300/0 says I am v2:172.21.15.17:48370/0 (socket says 172.21.15.17:48370)
2024-03-21T10:02:38.446 INFO:teuthology.orchestra.run.smithi017.stdout:/usr/bin/ceph: stderr
2024-03-21T10:02:36.487+0000 7fb8f5e00700 1 -- 172.21.15.17:0/2441617271 learned_addr learned my addr 172.21.15.17:0/2441617271 (peer_addr_for_me v2:172.21.15.17:0/0)
2024-03-21T10:02:38.446 INFO:teuthology.orchestra.run.smithi017.stdout:/usr/bin/ceph: stderr
2024-03-21T10:02:36.488+0000 7fb8f5e00700 1 -- 172.21.15.17:0/2441617271 --> [v2:172.21.15.17:3300/0,v1:172.21.15.17:6789/0] -- mon_subscribe({config=0+,monmap=0+}) v3 -- 0x7fb8f807c980 con 0x7fb8f807de10
2024-03-21T10:02:38.446 INFO:teuthology.orchestra.run.smithi017.stdout:/usr/bin/ceph: stderr
2024-03-21T10:02:36.488+0000 7fb8f5e00700 1 --2- 172.21.15.17:0/2441617271 >> [v2:172.21.15.17:3300/0,v1:172.21.15.17:6789/0] conn(0x7fb8f807de10 0x7fb8f807c2c0 secure :-1 s=READY pgs=55 cs=0 l=1 rev1=1 crypto rx=0x7fb8e80098a0 tx=0x7fb8e8009bb0 comp rx=0 tx=0).ready entity=mon.0 client_cookie=92ab2661fa1fa051 server_cookie=0 in_seq=0 out_seq=0
2024-03-21T10:02:38.446 INFO:teuthology.orchestra.run.smithi017.stdout:/usr/bin/ceph: stderr
2024-03-21T10:02:36.488+0000 7fb8f4a00700 1 -- 172.21.15.17:0/2441617271 <== mon.0 v2:172.21.15.17:3300/0 1 ==== mon_map magic: 0 v1 ==== 205+0+0 (secure 0 0 0) 0x7fb8e8004160 con 0x7fb8f807de10
2024-03-21T10:02:38.446 INFO:teuthology.orchestra.run.smithi017.stdout:/usr/bin/ceph: stderr
2024-03-21T10:02:36.489+0000 7fb8f4a00700 1 -- 172.21.15.17:0/2441617271 <== mon.0 v2:172.21.15.17:3300/0 2 ==== config(27 keys) v1 ==== 1140+0+0 (secure 0 0 0) 0x7fb8e8004300 con 0x7fb8f807de10
2024-03-21T10:02:38.446 INFO:teuthology.orchestra.run.smithi017.stdout:/usr/bin/ceph: stderr
2024-03-21T10:02:36.489+0000 7fb8f4a00700 1 -- 172.21.15.17:0/2441617271 <== mon.0 v2:172.21.15.17:3300/0 3 ==== mon_map magic: 0 v1 ==== 205+0+0 (secure 0 0 0) 0x7fb8e8011b20 con 0x7fb8f807de10
2024-03-21T10:02:38.447 INFO:teuthology.orchestra.run.smithi017.stdout:/usr/bin/ceph: stderr
2024-03-21T10:02:36.489+0000 7fb8fd000700 1 -- 172.21.15.17:0/2441617271 >> [v2:172.21.15.17:3300/0,v1:172.21.15.17:6789/0] conn(0x7fb8f807de10 msgr2=0x7fb8f807c2c0 secure :-1 s=STATE_CONNECTION_ESTABLISHED l=1).mark_down
2024-03-21T10:02:38.447 INFO:teuthology.orchestra.run.smithi017.stdout:/usr/bin/ceph: stderr
2024-03-21T10:02:36.489+0000 7fb8fd000700 1 --2- 172.21.15.17:0/2441617271 >> [v2:172.21.15.17:3300/0,v1:172.21.15.17:6789/0] conn(0x7fb8f807de10 0x7fb8f807c2c0 secure :-1 s=READY pgs=55 cs=0 l=1 rev1=1 crypto rx=0x7fb8e80098a0 tx=0x7fb8e8009bb0 comp rx=0 tx=0).stop
2024-03-21T10:02:38.447 INFO:teuthology.orchestra.run.smithi017.stdout:/usr/bin/ceph: stderr
2024-03-21T10:02:36.489+0000 7fb8fd000700 1 -- 172.21.15.17:0/2441617271 shutdown_connections
2024-03-21T10:02:38.447 INFO:teuthology.orchestra.run.smithi017.stdout:/usr/bin/ceph: stderr
2024-03-21T10:02:36.489+0000 7fb8fd000700 1 --2- 172.21.15.17:0/2441617271 >> [v2:172.21.15.17:3300/0,v1:172.21.15.17:6789/0] conn(0x7fb8f807de10 0x7fb8f807c2c0 unknown :-1 s=CLOSED pgs=55 cs=0 l=1 rev1=1 crypto rx=0 tx=0 comp rx=0 tx=0).stop
2024-03-21T10:02:38.447 INFO:teuthology.orchestra.run.smithi017.stdout:/usr/bin/ceph: stderr
2024-03-21T10:02:36.489+0000 7fb8fd000700 1 -- 172.21.15.17:0/2441617271 >> 172.21.15.17:0/2441617271 conn(0x7fb8f8103110 msgr2=0x7fb8f8105550 unknown :-1 s=STATE_NONE l=0).mark_down
2024-03-21T10:02:38.447 INFO:teuthology.orchestra.run.smithi017.stdout:/usr/bin/ceph: stderr
2024-03-21T10:02:36.489+0000 7fb8fd000700 1 -- 172.21.15.17:0/2441617271 shutdown_connections
2024-03-21T10:02:38.447 INFO:teuthology.orchestra.run.smithi017.stdout:/usr/bin/ceph: stderr
2024-03-21T10:02:36.490+0000 7fb8fd000700 1 -- 172.21.15.17:0/2441617271 wait complete.
2024-03-21T10:02:38.447 INFO:teuthology.orchestra.run.smithi017.stdout:/usr/bin/ceph: stderr
2024-03-21T10:02:36.491+0000 7fb8fd000700 1 Processor -- start
2024-03-21T10:02:38.447 INFO:teuthology.orchestra.run.smithi017.stdout:/usr/bin/ceph: stderr
2024-03-21T10:02:36.491+0000 7fb8fd000700 1 -- start start
2024-03-21T10:02:38.447 INFO:teuthology.orchestra.run.smithi017.stdout:/usr/bin/ceph: stderr
2024-03-21T10:02:36.491+0000 7fb8fd000700 1 --2- >> [v2:172.21.15.17:3300/0,v1:172.21.15.17:6789/0] conn(0x7fb8f807de10 0x7fb8f819dca0 unknown :-1 s=NONE pgs=0 cs=0 l=1 rev1=0 crypto rx=0 tx=0 comp rx=0 tx=0).connect
2024-03-21T10:02:38.447 INFO:teuthology.orchestra.run.smithi017.stdout:/usr/bin/ceph: stderr
2024-03-21T10:02:36.491+0000 7fb8fd000700 1 -- --> [v2:172.21.15.17:3300/0,v1:172.21.15.17:6789/0] -- mon_getmap magic: 0 v1 -- 0x7fb8f810e150 con 0x7fb8f807de10
2024-03-21T10:02:38.447 INFO:teuthology.orchestra.run.smithi017.stdout:/usr/bin/ceph: stderr
2024-03-21T10:02:36.491+0000 7fb8f5e00700 1 --2- >> [v2:172.21.15.17:3300/0,v1:172.21.15.17:6789/0] conn(0x7fb8f807de10 0x7fb8f819dca0 unknown :-1 s=BANNER_CONNECTING pgs=0 cs=0 l=1 rev1=0 crypto rx=0 tx=0 comp rx=0 tx=0)._handle_peer_banner_payload supported=3 required=0
2024-03-21T10:02:38.447 INFO:teuthology.orchestra.run.smithi017.stdout:/usr/bin/ceph: stderr
2024-03-21T10:02:36.491+0000 7fb8f5e00700 1 --2- >> [v2:172.21.15.17:3300/0,v1:172.21.15.17:6789/0] conn(0x7fb8f807de10 0x7fb8f819dca0 unknown :-1 s=HELLO_CONNECTING pgs=0 cs=0 l=1 rev1=1 crypto rx=0 tx=0 comp rx=0 tx=0).handle_hello peer v2:172.21.15.17:3300/0 says I am v2:172.21.15.17:48384/0 (socket says 172.21.15.17:48384)
2024-03-21T10:02:38.448 INFO:teuthology.orchestra.run.smithi017.stdout:/usr/bin/ceph: stderr
2024-03-21T10:02:36.491+0000 7fb8f5e00700 1 -- 172.21.15.17:0/2522991652 learned_addr learned my addr 172.21.15.17:0/2522991652 (peer_addr_for_me v2:172.21.15.17:0/0)
2024-03-21T10:02:38.448 INFO:teuthology.orchestra.run.smithi017.stdout:/usr/bin/ceph: stderr
2024-03-21T10:02:36.492+0000 7fb8f5e00700 1 -- 172.21.15.17:0/2522991652 --> [v2:172.21.15.17:3300/0,v1:172.21.15.17:6789/0] -- mon_subscribe({config=0+,monmap=0+}) v3 -- 0x7fb8f819e1e0 con 0x7fb8f807de10
2024-03-21T10:02:38.448 INFO:teuthology.orchestra.run.smithi017.stdout:/usr/bin/ceph: stderr
2024-03-21T10:02:36.492+0000 7fb8f5e00700 1 --2- 172.21.15.17:0/2522991652 >> [v2:172.21.15.17:3300/0,v1:172.21.15.17:6789/0] conn(0x7fb8f807de10 0x7fb8f819dca0 secure :-1 s=READY pgs=56 cs=0 l=1 rev1=1 crypto rx=0x7fb8e8011b60 tx=0x7fb8e8011c40 comp rx=0 tx=0).ready entity=mon.0 client_cookie=0 server_cookie=0 in_seq=0 out_seq=0
2024-03-21T10:02:38.448 INFO:teuthology.orchestra.run.smithi017.stdout:/usr/bin/ceph: stderr
2024-03-21T10:02:36.492+0000 7fb8eea00700 1 -- 172.21.15.17:0/2522991652 <== mon.0 v2:172.21.15.17:3300/0 1 ==== mon_map magic: 0 v1 ==== 205+0+0 (secure 0 0 0) 0x7fb8e8003b60 con 0x7fb8f807de10
2024-03-21T10:02:38.448 INFO:teuthology.orchestra.run.smithi017.stdout:/usr/bin/ceph: stderr
2024-03-21T10:02:36.493+0000 7fb8eea00700 1 -- 172.21.15.17:0/2522991652 <== mon.0 v2:172.21.15.17:3300/0 2 ==== config(27 keys) v1 ==== 1140+0+0 (secure 0 0 0) 0x7fb8e801a910 con 0x7fb8f807de10
2024-03-21T10:02:38.448 INFO:teuthology.orchestra.run.smithi017.stdout:/usr/bin/ceph: stderr
2024-03-21T10:02:36.493+0000 7fb8fd000700 1 -- 172.21.15.17:0/2522991652 --> [v2:172.21.15.17:3300/0,v1:172.21.15.17:6789/0] -- mon_subscribe({mgrmap=0+}) v3 -- 0x7fb8f819e470 con 0x7fb8f807de10
2024-03-21T10:02:38.448 INFO:teuthology.orchestra.run.smithi017.stdout:/usr/bin/ceph: stderr
2024-03-21T10:02:36.493+0000 7fb8eea00700 1 -- 172.21.15.17:0/2522991652 <== mon.0 v2:172.21.15.17:3300/0 3 ==== mon_map magic: 0 v1 ==== 205+0+0 (secure 0 0 0) 0x7fb8e8024930 con 0x7fb8f807de10
2024-03-21T10:02:38.448 INFO:teuthology.orchestra.run.smithi017.stdout:/usr/bin/ceph: stderr
2024-03-21T10:02:36.493+0000 7fb8fd000700 1 -- 172.21.15.17:0/2522991652 --> [v2:172.21.15.17:3300/0,v1:172.21.15.17:6789/0] -- mon_subscribe({osdmap=0}) v3 -- 0x7fb8f819e8d0 con 0x7fb8f807de10
2024-03-21T10:02:38.448 INFO:teuthology.orchestra.run.smithi017.stdout:/usr/bin/ceph: stderr
2024-03-21T10:02:36.494+0000 7fb8eea00700 1 -- 172.21.15.17:0/2522991652 <== mon.0 v2:172.21.15.17:3300/0 4 ==== mgrmap(e 8) v1 ==== 46294+0+0 (secure 0 0 0) 0x7fb8e8022020 con 0x7fb8f807de10
2024-03-21T10:02:38.448 INFO:teuthology.orchestra.run.smithi017.stdout:/usr/bin/ceph: stderr
2024-03-21T10:02:36.494+0000 7fb8fd000700 1 -- 172.21.15.17:0/2522991652 --> [v2:172.21.15.17:3300/0,v1:172.21.15.17:6789/0] -- mon_command({"prefix": "get_command_descriptions"} v 0) v1 -- 0x7fb8f80637c0 con 0x7fb8f807de10
2024-03-21T10:02:38.448 INFO:teuthology.orchestra.run.smithi017.stdout:/usr/bin/ceph: stderr
2024-03-21T10:02:36.494+0000 7fb8eea00700 1 --2- 172.21.15.17:0/2522991652 >> [v2:172.21.15.17:6800/1177747783,v1:172.21.15.17:6801/1177747783] conn(0x7fb8dc0391d0 0x7fb8dc03b690 unknown :-1 s=NONE pgs=0 cs=0 l=1 rev1=0 crypto rx=0 tx=0 comp rx=0 tx=0).connect
2024-03-21T10:02:38.448 INFO:teuthology.orchestra.run.smithi017.stdout:/usr/bin/ceph: stderr
2024-03-21T10:02:36.495+0000 7fb8eea00700 1 -- 172.21.15.17:0/2522991652 <== mon.0 v2:172.21.15.17:3300/0 5 ==== osd_map(2..2 src has 1..2) v4 ==== 940+0+0 (secure 0 0 0) 0x7fb8e804d480 con 0x7fb8f807de10
2024-03-21T10:02:38.448 INFO:teuthology.orchestra.run.smithi017.stdout:/usr/bin/ceph: stderr
2024-03-21T10:02:36.495+0000 7fb8f5400700 1 --2- 172.21.15.17:0/2522991652 >> [v2:172.21.15.17:6800/1177747783,v1:172.21.15.17:6801/1177747783] conn(0x7fb8dc0391d0 0x7fb8dc03b690 unknown :-1 s=BANNER_CONNECTING pgs=0 cs=0 l=1 rev1=0 crypto rx=0 tx=0 comp rx=0 tx=0)._handle_peer_banner_payload supported=3 required=0
2024-03-21T10:02:38.448 INFO:teuthology.orchestra.run.smithi017.stdout:/usr/bin/ceph: stderr
2024-03-21T10:02:36.496+0000 7fb8f5400700 1 --2- 172.21.15.17:0/2522991652 >> [v2:172.21.15.17:6800/1177747783,v1:172.21.15.17:6801/1177747783] conn(0x7fb8dc0391d0 0x7fb8dc03b690 secure :-1 s=READY pgs=16 cs=0 l=1 rev1=1 crypto rx=0x7fb8e4006fd0 tx=0x7fb8e4006e40 comp rx=0 tx=0).ready entity=mgr.14120 client_cookie=0 server_cookie=0 in_seq=0 out_seq=0
2024-03-21T10:02:38.449 INFO:teuthology.orchestra.run.smithi017.stdout:/usr/bin/ceph: stderr
2024-03-21T10:02:36.501+0000 7fb8eea00700 1 -- 172.21.15.17:0/2522991652 <== mon.0 v2:172.21.15.17:3300/0 6 ==== mon_command_ack([{"prefix": "get_command_descriptions"}]=0 v0) v1 ==== 72+0+186149 (secure 0 0 0) 0x7fb8e800bc70 con 0x7fb8f807de10
2024-03-21T10:02:38.449 INFO:teuthology.orchestra.run.smithi017.stdout:/usr/bin/ceph: stderr
2024-03-21T10:02:36.794+0000 7fb8fd000700 1 -- 172.21.15.17:0/2522991652 --> [v2:172.21.15.17:3300/0,v1:172.21.15.17:6789/0] -- mon_command({"prefix": "mgr module enable", "module": "dashboard"} v 0) v1 -- 0x7fb8f81a1340 con 0x7fb8f807de10
2024-03-21T10:02:38.449 INFO:teuthology.orchestra.run.smithi017.stdout:/usr/bin/ceph: stderr
2024-03-21T10:02:37.598+0000 7fb8eea00700 1 -- 172.21.15.17:0/2522991652 <== mon.0 v2:172.21.15.17:3300/0 7 ==== mon_command_ack([{"prefix": "mgr module enable", "module": "dashboard"}]=0 v9) v1 ==== 88+0+0 (secure 0 0 0) 0x7fb8e802d770 con 0x7fb8f807de10
2024-03-21T10:02:38.449 INFO:teuthology.orchestra.run.smithi017.stdout:/usr/bin/ceph: stderr
2024-03-21T10:02:37.601+0000 7fb8eea00700 1 -- 172.21.15.17:0/2522991652 <== mon.0 v2:172.21.15.17:3300/0 8 ==== mgrmap(e 9) v1 ==== 46307+0+0 (secure 0 0 0) 0x7fb8e8024ad0 con 0x7fb8f807de10
2024-03-21T10:02:38.449 INFO:teuthology.orchestra.run.smithi017.stdout:/usr/bin/ceph: stderr
2024-03-21T10:02:37.603+0000 7fb8fd000700 1 -- 172.21.15.17:0/2522991652 >> [v2:172.21.15.17:6800/1177747783,v1:172.21.15.17:6801/1177747783] conn(0x7fb8dc0391d0 msgr2=0x7fb8dc03b690 secure :-1 s=STATE_CONNECTION_ESTABLISHED l=1).mark_down
2024-03-21T10:02:38.449 INFO:teuthology.orchestra.run.smithi017.stdout:/usr/bin/ceph: stderr
2024-03-21T10:02:37.603+0000 7fb8fd000700 1 --2- 172.21.15.17:0/2522991652 >> [v2:172.21.15.17:6800/1177747783,v1:172.21.15.17:6801/1177747783] conn(0x7fb8dc0391d0 0x7fb8dc03b690 secure :-1 s=READY pgs=16 cs=0 l=1 rev1=1 crypto rx=0x7fb8e4006fd0 tx=0x7fb8e4006e40 comp rx=0 tx=0).stop
2024-03-21T10:02:38.449 INFO:teuthology.orchestra.run.smithi017.stdout:/usr/bin/ceph: stderr
2024-03-21T10:02:37.603+0000 7fb8fd000700 1 -- 172.21.15.17:0/2522991652 >> [v2:172.21.15.17:3300/0,v1:172.21.15.17:6789/0] conn(0x7fb8f807de10 msgr2=0x7fb8f819dca0 secure :-1 s=STATE_CONNECTION_ESTABLISHED l=1).mark_down
2024-03-21T10:02:38.449 INFO:teuthology.orchestra.run.smithi017.stdout:/usr/bin/ceph: stderr
2024-03-21T10:02:37.603+0000 7fb8fd000700 1 --2- 172.21.15.17:0/2522991652 >> [v2:172.21.15.17:3300/0,v1:172.21.15.17:6789/0] conn(0x7fb8f807de10 0x7fb8f819dca0 secure :-1 s=READY pgs=56 cs=0 l=1 rev1=1 crypto rx=0x7fb8e8011b60 tx=0x7fb8e8011c40 comp rx=0 tx=0).stop
2024-03-21T10:02:38.449 INFO:teuthology.orchestra.run.smithi017.stdout:/usr/bin/ceph: stderr
2024-03-21T10:02:37.603+0000 7fb8fd000700 1 -- 172.21.15.17:0/2522991652 shutdown_connections
2024-03-21T10:02:38.449 INFO:teuthology.orchestra.run.smithi017.stdout:/usr/bin/ceph: stderr
2024-03-21T10:02:37.603+0000 7fb8fd000700 1 --2- 172.21.15.17:0/2522991652 >> [v2:172.21.15.17:6800/1177747783,v1:172.21.15.17:6801/1177747783] conn(0x7fb8dc0391d0 0x7fb8dc03b690 unknown :-1 s=CLOSED pgs=16 cs=0 l=1 rev1=1 crypto rx=0 tx=0 comp rx=0 tx=0).stop
2024-03-21T10:02:38.449 INFO:teuthology.orchestra.run.smithi017.stdout:/usr/bin/ceph: stderr
2024-03-21T10:02:37.603+0000 7fb8fd000700 1 --2- 172.21.15.17:0/2522991652 >> [v2:172.21.15.17:3300/0,v1:172.21.15.17:6789/0] conn(0x7fb8f807de10 0x7fb8f819dca0 unknown :-1 s=CLOSED pgs=56 cs=0 l=1 rev1=1 crypto rx=0 tx=0 comp rx=0 tx=0).stop
2024-03-21T10:02:38.449 INFO:teuthology.orchestra.run.smithi017.stdout:/usr/bin/ceph: stderr
2024-03-21T10:02:37.603+0000 7fb8fd000700 1 -- 172.21.15.17:0/2522991652 >> 172.21.15.17:0/2522991652 conn(0x7fb8f8103110 msgr2=0x7fb8f8103c50 unknown :-1 s=STATE_NONE l=0).mark_down
2024-03-21T10:02:38.449 INFO:teuthology.orchestra.run.smithi017.stdout:/usr/bin/ceph: stderr
2024-03-21T10:02:37.603+0000 7fb8fd000700 1 -- 172.21.15.17:0/2522991652 shutdown_connections
2024-03-21T10:02:38.449 INFO:teuthology.orchestra.run.smithi017.stdout:/usr/bin/ceph: stderr
2024-03-21T10:02:37.604+0000 7fb8fd000700 1 -- 172.21.15.17:0/2522991652 wait complete.
2024-03-21T10:02:38.726 INFO:journalctl@ceph.mon.a.smithi017.stdout:Mar 21 10:02:38 smithi017 ceph-mon[31977]: from='client.? 172.21.15.17:0/2522991652' entity='client.admin' cmd='[{"prefix": "mgr module enable", "module": "dashboard"}]': finished
2024-03-21T10:02:38.727 INFO:journalctl@ceph.mon.a.smithi017.stdout:Mar 21 10:02:38 smithi017 ceph-mon[31977]: mgrmap e9: x(active, since 25s)
2024-03-21T10:02:38.727 INFO:journalctl@ceph.mgr.x.smithi017.stdout:Mar 21 10:02:38 smithi017 ceph-dc329420-e769-11ee-95cd-87774f69a715-mgr-x[32216]:
2024-03-21T10:02:38.457+0000 7fe0b770d200 -1 mgr[py] Module osd_perf_query has missing NOTIFY_TYPES member
2024-03-21T10:02:38.727 INFO:journalctl@ceph.mgr.x.smithi017.stdout:Mar 21 10:02:38 smithi017 ceph-dc329420-e769-11ee-95cd-87774f69a715-mgr-x[32216]:
2024-03-21T10:02:38.585+0000 7fe0b770d200 -1 mgr[py] Module snap_schedule has missing NOTIFY_TYPES member
2024-03-21T10:02:39.572 INFO:journalctl@ceph.mgr.x.smithi017.stdout:Mar 21 10:02:39 smithi017 ceph-dc329420-e769-11ee-95cd-87774f69a715-mgr-x[32216]:
2024-03-21T10:02:39.442+0000 7fe0b770d200 -1 mgr[py] Module zabbix has missing NOTIFY_TYPES member
2024-03-21T10:02:39.572 INFO:journalctl@ceph.mgr.x.smithi017.stdout:Mar 21 10:02:39 smithi017 ceph-dc329420-e769-11ee-95cd-87774f69a715-mgr-x[32216]:
2024-03-21T10:02:39.570+0000 7fe0b770d200 -1 mgr[py] Module balancer has missing NOTIFY_TYPES member
2024-03-21T10:02:39.889 INFO:journalctl@ceph.mon.a.smithi017.stdout:Mar 21 10:02:39 smithi017 ceph-mon[31977]: from='client.? 172.21.15.17:0/332319201' entity='client.admin' cmd=[{"prefix": "mgr stat"}]: dispatch
2024-03-21T10:02:39.889 INFO:journalctl@ceph.mgr.x.smithi017.stdout:Mar 21 10:02:39 smithi017 ceph-dc329420-e769-11ee-95cd-87774f69a715-mgr-x[32216]:
2024-03-21T10:02:39.758+0000 7fe0b770d200 -1 mgr[py] Module influx has missing NOTIFY_TYPES member
2024-03-21T10:02:39.889 INFO:journalctl@ceph.mgr.x.smithi017.stdout:Mar 21 10:02:39 smithi017 ceph-dc329420-e769-11ee-95cd-87774f69a715-mgr-x[32216]:
2024-03-21T10:02:39.887+0000 7fe0b770d200 -1 mgr[py] Module alerts has missing NOTIFY_TYPES member
2024-03-21T10:02:40.012 INFO:teuthology.orchestra.run.smithi017.stdout:/usr/bin/ceph: stdout {
2024-03-21T10:02:40.012 INFO:teuthology.orchestra.run.smithi017.stdout:/usr/bin/ceph: stdout "epoch": 9,
2024-03-21T10:02:40.012 INFO:teuthology.orchestra.run.smithi017.stdout:/usr/bin/ceph: stdout "available": true,
2024-03-21T10:02:40.012 INFO:teuthology.orchestra.run.smithi017.stdout:/usr/bin/ceph: stdout "active_name": "x",
2024-03-21T10:02:40.013 INFO:teuthology.orchestra.run.smithi017.stdout:/usr/bin/ceph: stdout "num_standby": 0
2024-03-21T10:02:40.013 INFO:teuthology.orchestra.run.smithi017.stdout:/usr/bin/ceph: stdout }
2024-03-21T10:02:40.013 INFO:teuthology.orchestra.run.smithi017.stdout:/usr/bin/ceph: stderr
2024-03-21T10:02:39.054+0000 7f96a8000700 1 Processor -- start
2024-03-21T10:02:40.013 INFO:teuthology.orchestra.run.smithi017.stdout:/usr/bin/ceph: stderr
2024-03-21T10:02:39.054+0000 7f96a8000700 1 -- start start
2024-03-21T10:02:40.013 INFO:teuthology.orchestra.run.smithi017.stdout:/usr/bin/ceph: stderr
2024-03-21T10:02:39.055+0000 7f96a8000700 1 --2- >> [v2:172.21.15.17:3300/0,v1:172.21.15.17:6789/0] conn(0x7f96a0107b70 0x7f96a0107f90 unknown :-1 s=NONE pgs=0 cs=0 l=0 rev1=0 crypto rx=0 tx=0 comp rx=0 tx=0).connect
2024-03-21T10:02:40.013 INFO:teuthology.orchestra.run.smithi017.stdout:/usr/bin/ceph: stderr
2024-03-21T10:02:39.055+0000 7f96a8000700 1 -- --> [v2:172.21.15.17:3300/0,v1:172.21.15.17:6789/0] -- mon_getmap magic: 0 v1 -- 0x7f96a0108560 con 0x7f96a0107b70
2024-03-21T10:02:40.013 INFO:teuthology.orchestra.run.smithi017.stdout:/usr/bin/ceph: stderr
2024-03-21T10:02:39.055+0000 7f96a5600700 1 --2- >> [v2:172.21.15.17:3300/0,v1:172.21.15.17:6789/0] conn(0x7f96a0107b70 0x7f96a0107f90 unknown :-1 s=BANNER_CONNECTING pgs=0 cs=0 l=0 rev1=0 crypto rx=0 tx=0 comp rx=0 tx=0)._handle_peer_banner_payload supported=3 required=0
2024-03-21T10:02:40.013 INFO:teuthology.orchestra.run.smithi017.stdout:/usr/bin/ceph: stderr
2024-03-21T10:02:39.055+0000 7f96a5600700 1 --2- >> [v2:172.21.15.17:3300/0,v1:172.21.15.17:6789/0] conn(0x7f96a0107b70 0x7f96a0107f90 unknown :-1 s=HELLO_CONNECTING pgs=0 cs=0 l=0 rev1=1 crypto rx=0 tx=0 comp rx=0 tx=0).handle_hello peer v2:172.21.15.17:3300/0 says I am v2:172.21.15.17:42356/0 (socket says 172.21.15.17:42356)
2024-03-21T10:02:40.013 INFO:teuthology.orchestra.run.smithi017.stdout:/usr/bin/ceph: stderr
2024-03-21T10:02:39.055+0000 7f96a5600700 1 -- 172.21.15.17:0/2165238954 learned_addr learned my addr 172.21.15.17:0/2165238954 (peer_addr_for_me v2:172.21.15.17:0/0)
2024-03-21T10:02:40.013 INFO:teuthology.orchestra.run.smithi017.stdout:/usr/bin/ceph: stderr
2024-03-21T10:02:39.056+0000 7f96a5600700 1 -- 172.21.15.17:0/2165238954 --> [v2:172.21.15.17:3300/0,v1:172.21.15.17:6789/0] -- mon_subscribe({config=0+,monmap=0+}) v3 -- 0x7f96a0108d20 con 0x7f96a0107b70
2024-03-21T10:02:40.013 INFO:teuthology.orchestra.run.smithi017.stdout:/usr/bin/ceph: stderr
2024-03-21T10:02:39.056+0000 7f96a5600700 1 --2- 172.21.15.17:0/2165238954 >> [v2:172.21.15.17:3300/0,v1:172.21.15.17:6789/0] conn(0x7f96a0107b70 0x7f96a0107f90 secure :-1 s=READY pgs=59 cs=0 l=1 rev1=1 crypto rx=0x7f96940098a0 tx=0x7f9694009bb0 comp rx=0 tx=0).ready entity=mon.0 client_cookie=10b06c7f1a84ac7b server_cookie=0 in_seq=0 out_seq=0
2024-03-21T10:02:40.013 INFO:teuthology.orchestra.run.smithi017.stdout:/usr/bin/ceph: stderr
2024-03-21T10:02:39.056+0000 7f969fe00700 1 -- 172.21.15.17:0/2165238954 <== mon.0 v2:172.21.15.17:3300/0 1 ==== mon_map magic: 0 v1 ==== 205+0+0 (secure 0 0 0) 0x7f9694004160 con 0x7f96a0107b70
2024-03-21T10:02:40.013 INFO:teuthology.orchestra.run.smithi017.stdout:/usr/bin/ceph: stderr
2024-03-21T10:02:39.056+0000 7f969fe00700 1 -- 172.21.15.17:0/2165238954 <== mon.0 v2:172.21.15.17:3300/0 2 ==== config(27 keys) v1 ==== 1140+0+0 (secure 0 0 0) 0x7f9694004300 con 0x7f96a0107b70
2024-03-21T10:02:40.013 INFO:teuthology.orchestra.run.smithi017.stdout:/usr/bin/ceph: stderr
2024-03-21T10:02:39.056+0000 7f969fe00700 1 -- 172.21.15.17:0/2165238954 <== mon.0 v2:172.21.15.17:3300/0 3 ==== mon_map magic: 0 v1 ==== 205+0+0 (secure 0 0 0) 0x7f9694011b20 con 0x7f96a0107b70
2024-03-21T10:02:40.014 INFO:teuthology.orchestra.run.smithi017.stdout:/usr/bin/ceph: stderr
2024-03-21T10:02:39.057+0000 7f96a8000700 1 -- 172.21.15.17:0/2165238954 >> [v2:172.21.15.17:3300/0,v1:172.21.15.17:6789/0] conn(0x7f96a0107b70 msgr2=0x7f96a0107f90 secure :-1 s=STATE_CONNECTION_ESTABLISHED l=1).mark_down
2024-03-21T10:02:40.014 INFO:teuthology.orchestra.run.smithi017.stdout:/usr/bin/ceph: stderr
2024-03-21T10:02:39.057+0000 7f96a8000700 1 --2- 172.21.15.17:0/2165238954 >> [v2:172.21.15.17:3300/0,v1:172.21.15.17:6789/0] conn(0x7f96a0107b70 0x7f96a0107f90 secure :-1 s=READY pgs=59 cs=0 l=1 rev1=1 crypto rx=0x7f96940098a0 tx=0x7f9694009bb0 comp rx=0 tx=0).stop
2024-03-21T10:02:40.014 INFO:teuthology.orchestra.run.smithi017.stdout:/usr/bin/ceph: stderr
2024-03-21T10:02:39.057+0000 7f96a8000700 1 -- 172.21.15.17:0/2165238954 shutdown_connections
2024-03-21T10:02:40.014 INFO:teuthology.orchestra.run.smithi017.stdout:/usr/bin/ceph: stderr
2024-03-21T10:02:39.057+0000 7f96a8000700 1 --2- 172.21.15.17:0/2165238954 >> [v2:172.21.15.17:3300/0,v1:172.21.15.17:6789/0] conn(0x7f96a0107b70 0x7f96a0107f90 unknown :-1 s=CLOSED pgs=59 cs=0 l=1 rev1=1 crypto rx=0 tx=0 comp rx=0 tx=0).stop
2024-03-21T10:02:40.014 INFO:teuthology.orchestra.run.smithi017.stdout:/usr/bin/ceph: stderr
2024-03-21T10:02:39.057+0000 7f96a8000700 1 -- 172.21.15.17:0/2165238954 >> 172.21.15.17:0/2165238954 conn(0x7f96a0103110 msgr2=0x7f96a0105550 unknown :-1 s=STATE_NONE l=0).mark_down
2024-03-21T10:02:40.014 INFO:teuthology.orchestra.run.smithi017.stdout:/usr/bin/ceph: stderr
2024-03-21T10:02:39.057+0000 7f96a8000700 1 -- 172.21.15.17:0/2165238954 shutdown_connections
2024-03-21T10:02:40.014 INFO:teuthology.orchestra.run.smithi017.stdout:/usr/bin/ceph: stderr
2024-03-21T10:02:39.058+0000 7f96a8000700 1 -- 172.21.15.17:0/2165238954 wait complete.
2024-03-21T10:02:40.014 INFO:teuthology.orchestra.run.smithi017.stdout:/usr/bin/ceph: stderr
2024-03-21T10:02:39.059+0000 7f96a8000700 1 Processor -- start
2024-03-21T10:02:40.014 INFO:teuthology.orchestra.run.smithi017.stdout:/usr/bin/ceph: stderr
2024-03-21T10:02:39.059+0000 7f96a8000700 1 -- start start
2024-03-21T10:02:40.014 INFO:teuthology.orchestra.run.smithi017.stdout:/usr/bin/ceph: stderr
2024-03-21T10:02:39.059+0000 7f96a8000700 1 --2- >> [v2:172.21.15.17:3300/0,v1:172.21.15.17:6789/0] conn(0x7f96a0107b70 0x7f96a019dd10 unknown :-1 s=NONE pgs=0 cs=0 l=1 rev1=0 crypto rx=0 tx=0 comp rx=0 tx=0).connect
2024-03-21T10:02:40.014 INFO:teuthology.orchestra.run.smithi017.stdout:/usr/bin/ceph: stderr
2024-03-21T10:02:39.059+0000 7f96a8000700 1 -- --> [v2:172.21.15.17:3300/0,v1:172.21.15.17:6789/0] -- mon_getmap magic: 0 v1 -- 0x7f96a010c0d0 con 0x7f96a0107b70
2024-03-21T10:02:40.014 INFO:teuthology.orchestra.run.smithi017.stdout:/usr/bin/ceph: stderr
2024-03-21T10:02:39.059+0000 7f96a5600700 1 --2- >> [v2:172.21.15.17:3300/0,v1:172.21.15.17:6789/0] conn(0x7f96a0107b70 0x7f96a019dd10 unknown :-1 s=BANNER_CONNECTING pgs=0 cs=0 l=1 rev1=0 crypto rx=0 tx=0 comp rx=0 tx=0)._handle_peer_banner_payload supported=3 required=0
2024-03-21T10:02:40.015 INFO:teuthology.orchestra.run.smithi017.stdout:/usr/bin/ceph: stderr
2024-03-21T10:02:39.059+0000 7f96a5600700 1 --2- >> [v2:172.21.15.17:3300/0,v1:172.21.15.17:6789/0] conn(0x7f96a0107b70 0x7f96a019dd10 unknown :-1 s=HELLO_CONNECTING pgs=0 cs=0 l=1 rev1=1 crypto rx=0 tx=0 comp rx=0 tx=0).handle_hello peer v2:172.21.15.17:3300/0 says I am v2:172.21.15.17:42362/0 (socket says 172.21.15.17:42362)
2024-03-21T10:02:40.015 INFO:teuthology.orchestra.run.smithi017.stdout:/usr/bin/ceph: stderr
2024-03-21T10:02:39.059+0000 7f96a5600700 1 -- 172.21.15.17:0/332319201 learned_addr learned my addr 172.21.15.17:0/332319201 (peer_addr_for_me v2:172.21.15.17:0/0)
2024-03-21T10:02:40.015 INFO:teuthology.orchestra.run.smithi017.stdout:/usr/bin/ceph: stderr
2024-03-21T10:02:39.060+0000 7f96a5600700 1 -- 172.21.15.17:0/332319201 --> [v2:172.21.15.17:3300/0,v1:172.21.15.17:6789/0] -- mon_subscribe({config=0+,monmap=0+}) v3 -- 0x7f96a019e250 con 0x7f96a0107b70
2024-03-21T10:02:40.015 INFO:teuthology.orchestra.run.smithi017.stdout:/usr/bin/ceph: stderr
2024-03-21T10:02:39.060+0000 7f96a5600700 1 --2- 172.21.15.17:0/332319201 >> [v2:172.21.15.17:3300/0,v1:172.21.15.17:6789/0] conn(0x7f96a0107b70 0x7f96a019dd10 secure :-1 s=READY pgs=60 cs=0 l=1 rev1=1 crypto rx=0x7f96940116a0 tx=0x7f9694011ba0 comp rx=0 tx=0).ready entity=mon.0 client_cookie=0 server_cookie=0 in_seq=0 out_seq=0
2024-03-21T10:02:40.015 INFO:teuthology.orchestra.run.smithi017.stdout:/usr/bin/ceph: stderr
2024-03-21T10:02:39.060+0000 7f969e000700 1 -- 172.21.15.17:0/332319201 <== mon.0 v2:172.21.15.17:3300/0 1 ==== mon_map magic: 0 v1 ==== 205+0+0 (secure 0 0 0) 0x7f9694003a40 con 0x7f96a0107b70
2024-03-21T10:02:40.015 INFO:teuthology.orchestra.run.smithi017.stdout:/usr/bin/ceph: stderr
2024-03-21T10:02:39.060+0000 7f969e000700 1 -- 172.21.15.17:0/332319201 <== mon.0 v2:172.21.15.17:3300/0 2 ==== config(27 keys) v1 ==== 1140+0+0 (secure 0 0 0) 0x7f9694003be0 con 0x7f96a0107b70
2024-03-21T10:02:40.015 INFO:teuthology.orchestra.run.smithi017.stdout:/usr/bin/ceph: stderr
2024-03-21T10:02:39.060+0000 7f969e000700 1 -- 172.21.15.17:0/332319201 <== mon.0 v2:172.21.15.17:3300/0 3 ==== mon_map magic: 0 v1 ==== 205+0+0 (secure 0 0 0) 0x7f969401a720 con 0x7f96a0107b70
2024-03-21T10:02:40.015 INFO:teuthology.orchestra.run.smithi017.stdout:/usr/bin/ceph: stderr
2024-03-21T10:02:39.060+0000 7f96a8000700 1 -- 172.21.15.17:0/332319201 --> [v2:172.21.15.17:3300/0,v1:172.21.15.17:6789/0] -- mon_subscribe({mgrmap=0+}) v3 -- 0x7f96a019e4e0 con 0x7f96a0107b70
2024-03-21T10:02:40.015 INFO:teuthology.orchestra.run.smithi017.stdout:/usr/bin/ceph: stderr
2024-03-21T10:02:39.061+0000 7f96a8000700 1 -- 172.21.15.17:0/332319201 --> [v2:172.21.15.17:3300/0,v1:172.21.15.17:6789/0] -- mon_subscribe({osdmap=0}) v3 -- 0x7f96a019e940 con 0x7f96a0107b70
2024-03-21T10:02:40.015 INFO:teuthology.orchestra.run.smithi017.stdout:/usr/bin/ceph: stderr
2024-03-21T10:02:39.062+0000 7f969e000700 1 -- 172.21.15.17:0/332319201 <== mon.0 v2:172.21.15.17:3300/0 4 ==== mgrmap(e 9) v1 ==== 46307+0+0 (secure 0 0 0) 0x7f9694024430 con 0x7f96a0107b70
2024-03-21T10:02:40.015 INFO:teuthology.orchestra.run.smithi017.stdout:/usr/bin/ceph: stderr
2024-03-21T10:02:39.062+0000 7f96a8000700 1 -- 172.21.15.17:0/332319201 --> [v2:172.21.15.17:3300/0,v1:172.21.15.17:6789/0] -- mon_command({"prefix": "get_command_descriptions"} v 0) v1 -- 0x7f96a00637c0 con 0x7f96a0107b70
2024-03-21T10:02:40.015 INFO:teuthology.orchestra.run.smithi017.stdout:/usr/bin/ceph: stderr
2024-03-21T10:02:39.062+0000 7f969e000700 1 --2- 172.21.15.17:0/332319201 >> [v2:172.21.15.17:6800/1177747783,v1:172.21.15.17:6801/1177747783] conn(0x7f96880391e0 0x7f968803b6a0 unknown :-1 s=NONE pgs=0 cs=0 l=1 rev1=0 crypto rx=0 tx=0 comp rx=0 tx=0).connect
2024-03-21T10:02:40.015 INFO:teuthology.orchestra.run.smithi017.stdout:/usr/bin/ceph: stderr
2024-03-21T10:02:39.062+0000 7f969e000700 1 -- 172.21.15.17:0/332319201 <== mon.0 v2:172.21.15.17:3300/0 5 ==== osd_map(2..2 src has 1..2) v4 ==== 940+0+0 (secure 0 0 0) 0x7f969404d7b0 con 0x7f96a0107b70
2024-03-21T10:02:40.015 INFO:teuthology.orchestra.run.smithi017.stdout:/usr/bin/ceph: stderr
2024-03-21T10:02:39.062+0000 7f96a4c00700 1 -- 172.21.15.17:0/332319201 >> [v2:172.21.15.17:6800/1177747783,v1:172.21.15.17:6801/1177747783] conn(0x7f96880391e0 msgr2=0x7f968803b6a0 unknown :-1 s=STATE_CONNECTING_RE l=1).process reconnect failed to v2:172.21.15.17:6800/1177747783
2024-03-21T10:02:40.016 INFO:teuthology.orchestra.run.smithi017.stdout:/usr/bin/ceph: stderr
2024-03-21T10:02:39.062+0000 7f96a4c00700 1 --2- 172.21.15.17:0/332319201 >> [v2:172.21.15.17:6800/1177747783,v1:172.21.15.17:6801/1177747783] conn(0x7f96880391e0 0x7f968803b6a0 unknown :-1 s=START_CONNECT pgs=0 cs=0 l=1 rev1=0 crypto rx=0 tx=0 comp rx=0 tx=0)._fault waiting 0.200000
2024-03-21T10:02:40.016 INFO:teuthology.orchestra.run.smithi017.stdout:/usr/bin/ceph: stderr
2024-03-21T10:02:39.067+0000 7f969e000700 1 -- 172.21.15.17:0/332319201 <== mon.0 v2:172.21.15.17:3300/0 6 ==== mon_command_ack([{"prefix": "get_command_descriptions"}]=0 v0) v1 ==== 72+0+186149 (secure 0 0 0) 0x7f9694011e20 con 0x7f96a0107b70
2024-03-21T10:02:40.016 INFO:teuthology.orchestra.run.smithi017.stdout:/usr/bin/ceph: stderr
2024-03-21T10:02:39.263+0000 7f96a4c00700 1 -- 172.21.15.17:0/332319201 >> [v2:172.21.15.17:6800/1177747783,v1:172.21.15.17:6801/1177747783] conn(0x7f96880391e0 msgr2=0x7f968803b6a0 unknown :-1 s=STATE_CONNECTING_RE l=1).process reconnect failed to v2:172.21.15.17:6800/1177747783
2024-03-21T10:02:40.016 INFO:teuthology.orchestra.run.smithi017.stdout:/usr/bin/ceph: stderr
2024-03-21T10:02:39.263+0000 7f96a4c00700 1 --2- 172.21.15.17:0/332319201 >> [v2:172.21.15.17:6800/1177747783,v1:172.21.15.17:6801/1177747783] conn(0x7f96880391e0 0x7f968803b6a0 unknown :-1 s=START_CONNECT pgs=0 cs=0 l=1 rev1=0 crypto rx=0 tx=0 comp rx=0 tx=0)._fault waiting 0.400000
2024-03-21T10:02:40.016 INFO:teuthology.orchestra.run.smithi017.stdout:/usr/bin/ceph: stderr
2024-03-21T10:02:39.367+0000 7f96a8000700 1 -- 172.21.15.17:0/332319201 --> [v2:172.21.15.17:3300/0,v1:172.21.15.17:6789/0] -- mon_command({"prefix": "mgr stat"} v 0) v1 -- 0x7f96a01a1770 con 0x7f96a0107b70
2024-03-21T10:02:40.016 INFO:teuthology.orchestra.run.smithi017.stdout:/usr/bin/ceph: stderr
2024-03-21T10:02:39.368+0000 7f969e000700 1 -- 172.21.15.17:0/332319201 <== mon.0 v2:172.21.15.17:3300/0 7 ==== mon_command_ack([{"prefix": "mgr stat"}]=0 v9) v1 ==== 56+0+88 (secure 0 0 0) 0x7f969400f2e0 con 0x7f96a0107b70
2024-03-21T10:02:40.016 INFO:teuthology.orchestra.run.smithi017.stdout:/usr/bin/ceph: stderr
2024-03-21T10:02:39.371+0000 7f96a8000700 1 -- 172.21.15.17:0/332319201 >> [v2:172.21.15.17:6800/1177747783,v1:172.21.15.17:6801/1177747783] conn(0x7f96880391e0 msgr2=0x7f968803b6a0 unknown :-1 s=STATE_CONNECTING l=1).mark_down
2024-03-21T10:02:40.016 INFO:teuthology.orchestra.run.smithi017.stdout:/usr/bin/ceph: stderr
2024-03-21T10:02:39.371+0000 7f96a8000700 1 --2- 172.21.15.17:0/332319201 >> [v2:172.21.15.17:6800/1177747783,v1:172.21.15.17:6801/1177747783] conn(0x7f96880391e0 0x7f968803b6a0 unknown :-1 s=START_CONNECT pgs=0 cs=0 l=1 rev1=0 crypto rx=0 tx=0 comp rx=0 tx=0).stop
2024-03-21T10:02:40.016 INFO:teuthology.orchestra.run.smithi017.stdout:/usr/bin/ceph: stderr
2024-03-21T10:02:39.371+0000 7f96a8000700 1 -- 172.21.15.17:0/332319201 >> [v2:172.21.15.17:3300/0,v1:172.21.15.17:6789/0] conn(0x7f96a0107b70 msgr2=0x7f96a019dd10 secure :-1 s=STATE_CONNECTION_ESTABLISHED l=1).mark_down
2024-03-21T10:02:40.016 INFO:teuthology.orchestra.run.smithi017.stdout:/usr/bin/ceph: stderr
2024-03-21T10:02:39.371+0000 7f96a8000700 1 --2- 172.21.15.17:0/332319201 >> [v2:172.21.15.17:3300/0,v1:172.21.15.17:6789/0] conn(0x7f96a0107b70 0x7f96a019dd10 secure :-1 s=READY pgs=60 cs=0 l=1 rev1=1 crypto rx=0x7f96940116a0 tx=0x7f9694011ba0 comp rx=0 tx=0).stop
2024-03-21T10:02:40.016 INFO:teuthology.orchestra.run.smithi017.stdout:/usr/bin/ceph: stderr
2024-03-21T10:02:39.371+0000 7f96a8000700 1 -- 172.21.15.17:0/332319201 shutdown_connections
2024-03-21T10:02:40.016 INFO:teuthology.orchestra.run.smithi017.stdout:/usr/bin/ceph: stderr
2024-03-21T10:02:39.371+0000 7f96a8000700 1 --2- 172.21.15.17:0/332319201 >> [v2:172.21.15.17:6800/1177747783,v1:172.21.15.17:6801/1177747783] conn(0x7f96880391e0 0x7f968803b6a0 unknown :-1 s=CLOSED pgs=0 cs=0 l=1 rev1=0 crypto rx=0 tx=0 comp rx=0 tx=0).stop
2024-03-21T10:02:40.016 INFO:teuthology.orchestra.run.smithi017.stdout:/usr/bin/ceph: stderr
2024-03-21T10:02:39.371+0000 7f96a8000700 1 --2- 172.21.15.17:0/332319201 >> [v2:172.21.15.17:3300/0,v1:172.21.15.17:6789/0] conn(0x7f96a0107b70 0x7f96a019dd10 unknown :-1 s=CLOSED pgs=60 cs=0 l=1 rev1=1 crypto rx=0 tx=0 comp rx=0 tx=0).stop
2024-03-21T10:02:40.016 INFO:teuthology.orchestra.run.smithi017.stdout:/usr/bin/ceph: stderr
2024-03-21T10:02:39.371+0000 7f96a8000700 1 -- 172.21.15.17:0/332319201 >> 172.21.15.17:0/332319201 conn(0x7f96a0103110 msgr2=0x7f96a0103c20 unknown :-1 s=STATE_NONE l=0).mark_down
2024-03-21T10:02:40.017 INFO:teuthology.orchestra.run.smithi017.stdout:/usr/bin/ceph: stderr
2024-03-21T10:02:39.371+0000 7f96a8000700 1 -- 172.21.15.17:0/332319201 shutdown_connections
2024-03-21T10:02:40.017 INFO:teuthology.orchestra.run.smithi017.stdout:/usr/bin/ceph: stderr
2024-03-21T10:02:39.372+0000 7f96a8000700 1 -- 172.21.15.17:0/332319201 wait complete.
2024-03-21T10:02:40.017 INFO:teuthology.orchestra.run.smithi017.stdout:Waiting for the mgr to restart...
2024-03-21T10:02:40.017 INFO:teuthology.orchestra.run.smithi017.stdout:Waiting for mgr epoch 9...
2024-03-21T10:02:40.163 INFO:journalctl@ceph.mgr.x.smithi017.stdout:Mar 21 10:02:40 smithi017 ceph-dc329420-e769-11ee-95cd-87774f69a715-mgr-x[32216]:
2024-03-21T10:02:40.004+0000 7fe0b770d200 -1 mgr[py] Module iostat has missing NOTIFY_TYPES member
2024-03-21T10:02:40.427 INFO:journalctl@ceph.mgr.x.smithi017.stdout:Mar 21 10:02:40 smithi017 ceph-dc329420-e769-11ee-95cd-87774f69a715-mgr-x[32216]:
2024-03-21T10:02:40.358+0000 7fe0b770d200 -1 mgr[py] Module rgw has missing NOTIFY_TYPES member
2024-03-21T10:02:40.727 INFO:journalctl@ceph.mgr.x.smithi017.stdout:Mar 21 10:02:40 smithi017 ceph-dc329420-e769-11ee-95cd-87774f69a715-mgr-x[32216]:
2024-03-21T10:02:40.507+0000 7fe0b770d200 -1 mgr[py] Module rbd_support has missing NOTIFY_TYPES member
2024-03-21T10:02:40.727 INFO:journalctl@ceph.mgr.x.smithi017.stdout:Mar 21 10:02:40 smithi017 ceph-dc329420-e769-11ee-95cd-87774f69a715-mgr-x[32216]:
2024-03-21T10:02:40.625+0000 7fe0b770d200 -1 mgr[py] Module progress has missing NOTIFY_TYPES member
2024-03-21T10:02:41.195 INFO:journalctl@ceph.mgr.x.smithi017.stdout:Mar 21 10:02:40 smithi017 ceph-dc329420-e769-11ee-95cd-87774f69a715-mgr-x[32216]:
2024-03-21T10:02:40.753+0000 7fe0b770d200 -1 mgr[py] Module pg_autoscaler has missing NOTIFY_TYPES member
2024-03-21T10:02:41.195 INFO:journalctl@ceph.mgr.x.smithi017.stdout:Mar 21 10:02:40 smithi017 ceph-dc329420-e769-11ee-95cd-87774f69a715-mgr-x[32216]:
2024-03-21T10:02:40.978+0000 7fe0b770d200 -1 mgr[py] Module devicehealth has missing NOTIFY_TYPES member
2024-03-21T10:02:42.727 INFO:journalctl@ceph.mgr.x.smithi017.stdout:Mar 21 10:02:42 smithi017 ceph-dc329420-e769-11ee-95cd-87774f69a715-mgr-x[32216]:
2024-03-21T10:02:42.296+0000 7fe0b770d200 -1 mgr[py] Module rook has missing NOTIFY_TYPES member
2024-03-21T10:02:42.727 INFO:journalctl@ceph.mgr.x.smithi017.stdout:Mar 21 10:02:42 smithi017 ceph-dc329420-e769-11ee-95cd-87774f69a715-mgr-x[32216]:
2024-03-21T10:02:42.475+0000 7fe0b770d200 -1 mgr[py] Module diskprediction_local has missing NOTIFY_TYPES member
2024-03-21T10:02:43.226 INFO:journalctl@ceph.mgr.x.smithi017.stdout:Mar 21 10:02:42 smithi017 ceph-dc329420-e769-11ee-95cd-87774f69a715-mgr-x[32216]:
2024-03-21T10:02:42.905+0000 7fe0b770d200 -1 mgr[py] Module selftest has missing NOTIFY_TYPES member
2024-03-21T10:02:43.227 INFO:journalctl@ceph.mgr.x.smithi017.stdout:Mar 21 10:02:43 smithi017 ceph-dc329420-e769-11ee-95cd-87774f69a715-mgr-x[32216]:
2024-03-21T10:02:43.028+0000 7fe0b770d200 -1 mgr[py] Module telegraf has missing NOTIFY_TYPES member
2024-03-21T10:02:43.551 INFO:journalctl@ceph.mgr.x.smithi017.stdout:Mar 21 10:02:43 smithi017 ceph-dc329420-e769-11ee-95cd-87774f69a715-mgr-x[32216]:
2024-03-21T10:02:43.293+0000 7fe0b770d200 -1 mgr[py] Module test_orchestrator has missing NOTIFY_TYPES member
2024-03-21T10:02:43.940 INFO:journalctl@ceph.mgr.x.smithi017.stdout:Mar 21 10:02:43 smithi017 ceph-dc329420-e769-11ee-95cd-87774f69a715-mgr-x[32216]:
2024-03-21T10:02:43.549+0000 7fe0b770d200 -1 mgr[py] Module crash has missing NOTIFY_TYPES member
2024-03-21T10:02:44.227 INFO:journalctl@ceph.mgr.x.smithi017.stdout:Mar 21 10:02:43 smithi017 ceph-dc329420-e769-11ee-95cd-87774f69a715-mgr-x[32216]:
2024-03-21T10:02:43.938+0000 7fe0b770d200 -1 mgr[py] Module orchestrator has missing NOTIFY_TYPES member
2024-03-21T10:02:44.580 INFO:journalctl@ceph.mgr.x.smithi017.stdout:Mar 21 10:02:44 smithi017 ceph-dc329420-e769-11ee-95cd-87774f69a715-mgr-x[32216]:
2024-03-21T10:02:44.263+0000 7fe0b770d200 -1 mgr[py] Module osd_support has missing NOTIFY_TYPES member
2024-03-21T10:02:44.976 INFO:journalctl@ceph.mgr.x.smithi017.stdout:Mar 21 10:02:44 smithi017 ceph-dc329420-e769-11ee-95cd-87774f69a715-mgr-x[32216]:
2024-03-21T10:02:44.578+0000 7fe0b770d200 -1 mgr[py] Module volumes has missing NOTIFY_TYPES member
2024-03-21T10:02:45.977 INFO:journalctl@ceph.mgr.x.smithi017.stdout:Mar 21 10:02:45 smithi017 ceph-dc329420-e769-11ee-95cd-87774f69a715-mgr-x[32216]:
2024-03-21T10:02:45.650+0000 7fe0b770d200 -1 mgr[py] Module telemetry has missing NOTIFY_TYPES member
2024-03-21T10:02:46.726 INFO:journalctl@ceph.mgr.x.smithi017.stdout:Mar 21 10:02:46 smithi017 ceph-dc329420-e769-11ee-95cd-87774f69a715-mgr-x[32216]:
2024-03-21T10:02:46.371+0000 7fe0b770d200 -1 mgr[py] Module prometheus has missing NOTIFY_TYPES member
2024-03-21T10:02:46.727 INFO:journalctl@ceph.mgr.x.smithi017.stdout:Mar 21 10:02:46 smithi017 ceph-dc329420-e769-11ee-95cd-87774f69a715-mgr-x[32216]:
2024-03-21T10:02:46.506+0000 7fe0b770d200 -1 mgr[py] Module status has missing NOTIFY_TYPES member
2024-03-21T10:02:47.226 INFO:journalctl@ceph.mgr.x.smithi017.stdout:Mar 21 10:02:46 smithi017 ceph-dc329420-e769-11ee-95cd-87774f69a715-mgr-x[32216]:
2024-03-21T10:02:46.800+0000 7fe0b770d200 -1 mgr[py] Module nfs has missing NOTIFY_TYPES member
2024-03-21T10:02:47.227 INFO:journalctl@ceph.mon.a.smithi017.stdout:Mar 21 10:02:46 smithi017 ceph-mon[31977]: Active manager daemon x restarted
2024-03-21T10:02:47.227 INFO:journalctl@ceph.mon.a.smithi017.stdout:Mar 21 10:02:46 smithi017 ceph-mon[31977]: Activating manager daemon x
2024-03-21T10:02:47.227 INFO:journalctl@ceph.mon.a.smithi017.stdout:Mar 21 10:02:46 smithi017 ceph-mon[31977]: osdmap e3: 0 total, 0 up, 0 in
2024-03-21T10:02:47.227 INFO:journalctl@ceph.mon.a.smithi017.stdout:Mar 21 10:02:46 smithi017 ceph-mon[31977]: mgrmap e10: x(active, starting, since 0.00864145s)
2024-03-21T10:02:47.227 INFO:journalctl@ceph.mon.a.smithi017.stdout:Mar 21 10:02:46 smithi017 ceph-mon[31977]: from='mgr.14152 172.21.15.17:0/3667380241' entity='mgr.x' cmd=[{"prefix": "mon metadata", "id": "a"}]: dispatch
2024-03-21T10:02:47.227 INFO:journalctl@ceph.mon.a.smithi017.stdout:Mar 21 10:02:46 smithi017 ceph-mon[31977]: from='mgr.14152 172.21.15.17:0/3667380241' entity='mgr.x' cmd=[{"prefix": "mgr metadata", "who": "x", "id": "x"}]: dispatch
2024-03-21T10:02:47.227 INFO:journalctl@ceph.mon.a.smithi017.stdout:Mar 21 10:02:46 smithi017 ceph-mon[31977]: from='mgr.14152 172.21.15.17:0/3667380241' entity='mgr.x' cmd=[{"prefix": "mds metadata"}]: dispatch
2024-03-21T10:02:47.227 INFO:journalctl@ceph.mon.a.smithi017.stdout:Mar 21 10:02:46 smithi017 ceph-mon[31977]: from='mgr.14152 172.21.15.17:0/3667380241' entity='mgr.x' cmd=[{"prefix": "osd metadata"}]: dispatch
2024-03-21T10:02:47.227 INFO:journalctl@ceph.mon.a.smithi017.stdout:Mar 21 10:02:46 smithi017 ceph-mon[31977]: from='mgr.14152 172.21.15.17:0/3667380241' entity='mgr.x' cmd=[{"prefix": "mon metadata"}]: dispatch
2024-03-21T10:02:47.227 INFO:journalctl@ceph.mon.a.smithi017.stdout:Mar 21 10:02:46 smithi017 ceph-mon[31977]: Manager daemon x is now available
2024-03-21T10:02:48.142 INFO:journalctl@ceph.mon.a.smithi017.stdout:Mar 21 10:02:47 smithi017 ceph-mon[31977]: from='mgr.14152 172.21.15.17:0/3667380241' entity='mgr.x' cmd=[{"prefix": "config dump", "format": "json"}]: dispatch
2024-03-21T10:02:48.142 INFO:journalctl@ceph.mon.a.smithi017.stdout:Mar 21 10:02:47 smithi017 ceph-mon[31977]: from='mgr.14152 172.21.15.17:0/3667380241' entity='mgr.x' cmd=[{"prefix":"config rm","who":"mgr","name":"mgr/rbd_support/x/mirror_snapshot_schedule"}]: dispatch
2024-03-21T10:02:48.142 INFO:journalctl@ceph.mon.a.smithi017.stdout:Mar 21 10:02:47 smithi017 ceph-mon[31977]: from='mgr.14152 172.21.15.17:0/3667380241' entity='mgr.x' cmd=[{"prefix":"config rm","who":"mgr","name":"mgr/rbd_support/x/trash_purge_schedule"}]: dispatch
2024-03-21T10:02:48.143 INFO:journalctl@ceph.mon.a.smithi017.stdout:Mar 21 10:02:47 smithi017 ceph-mon[31977]: [21/Mar/2024:10:02:47] ENGINE Bus STARTING
2024-03-21T10:02:48.143 INFO:journalctl@ceph.mon.a.smithi017.stdout:Mar 21 10:02:47 smithi017 ceph-mon[31977]: [21/Mar/2024:10:02:47] ENGINE Serving on https://172.21.15.17:7150
2024-03-21T10:02:48.143 INFO:journalctl@ceph.mon.a.smithi017.stdout:Mar 21 10:02:47 smithi017 ceph-mon[31977]: [21/Mar/2024:10:02:47] ENGINE Serving on http://172.21.15.17:8765
2024-03-21T10:02:48.143 INFO:journalctl@ceph.mon.a.smithi017.stdout:Mar 21 10:02:47 smithi017 ceph-mon[31977]: [21/Mar/2024:10:02:47] ENGINE Bus STARTED
2024-03-21T10:02:48.143 INFO:journalctl@ceph.mon.a.smithi017.stdout:Mar 21 10:02:47 smithi017 ceph-mon[31977]: mgrmap e11: x(active, since 1.01015s)
2024-03-21T10:02:48.472 INFO:teuthology.orchestra.run.smithi017.stdout:/usr/bin/ceph: stdout {
2024-03-21T10:02:48.472 INFO:teuthology.orchestra.run.smithi017.stdout:/usr/bin/ceph: stdout "mgrmap_epoch": 11,
2024-03-21T10:02:48.473 INFO:teuthology.orchestra.run.smithi017.stdout:/usr/bin/ceph: stdout "initialized": true
2024-03-21T10:02:48.473 INFO:teuthology.orchestra.run.smithi017.stdout:/usr/bin/ceph: stdout }
2024-03-21T10:02:48.473 INFO:teuthology.orchestra.run.smithi017.stdout:/usr/bin/ceph: stderr
2024-03-21T10:02:40.582+0000 7f139fe00700 1 Processor -- start
2024-03-21T10:02:48.473 INFO:teuthology.orchestra.run.smithi017.stdout:/usr/bin/ceph: stderr
2024-03-21T10:02:40.583+0000 7f139fe00700 1 -- start start
2024-03-21T10:02:48.473 INFO:teuthology.orchestra.run.smithi017.stdout:/usr/bin/ceph: stderr
2024-03-21T10:02:40.583+0000 7f139fe00700 1 --2- >> [v2:172.21.15.17:3300/0,v1:172.21.15.17:6789/0] conn(0x7f1398107b30 0x7f1398107f50 unknown :-1 s=NONE pgs=0 cs=0 l=0 rev1=0 crypto rx=0 tx=0 comp rx=0 tx=0).connect
2024-03-21T10:02:48.473 INFO:teuthology.orchestra.run.smithi017.stdout:/usr/bin/ceph: stderr
2024-03-21T10:02:40.583+0000 7f139fe00700 1 -- --> [v2:172.21.15.17:3300/0,v1:172.21.15.17:6789/0] -- mon_getmap magic: 0 v1 -- 0x7f1398108520 con 0x7f1398107b30
2024-03-21T10:02:48.473 INFO:teuthology.orchestra.run.smithi017.stdout:/usr/bin/ceph: stderr
2024-03-21T10:02:40.584+0000 7f139d400700 1 --2- >> [v2:172.21.15.17:3300/0,v1:172.21.15.17:6789/0] conn(0x7f1398107b30 0x7f1398107f50 unknown :-1 s=BANNER_CONNECTING pgs=0 cs=0 l=0 rev1=0 crypto rx=0 tx=0 comp rx=0 tx=0)._handle_peer_banner_payload supported=3 required=0
2024-03-21T10:02:48.473 INFO:teuthology.orchestra.run.smithi017.stdout:/usr/bin/ceph: stderr
2024-03-21T10:02:40.584+0000 7f139d400700 1 --2- >> [v2:172.21.15.17:3300/0,v1:172.21.15.17:6789/0] conn(0x7f1398107b30 0x7f1398107f50 unknown :-1 s=HELLO_CONNECTING pgs=0 cs=0 l=0 rev1=1 crypto rx=0 tx=0 comp rx=0 tx=0).handle_hello peer v2:172.21.15.17:3300/0 says I am v2:172.21.15.17:42372/0 (socket says 172.21.15.17:42372)
2024-03-21T10:02:48.473 INFO:teuthology.orchestra.run.smithi017.stdout:/usr/bin/ceph: stderr
2024-03-21T10:02:40.584+0000 7f139d400700 1 -- 172.21.15.17:0/1890278734 learned_addr learned my addr 172.21.15.17:0/1890278734 (peer_addr_for_me v2:172.21.15.17:0/0)
2024-03-21T10:02:48.473 INFO:teuthology.orchestra.run.smithi017.stdout:/usr/bin/ceph: stderr
2024-03-21T10:02:40.584+0000 7f139d400700 1 -- 172.21.15.17:0/1890278734 --> [v2:172.21.15.17:3300/0,v1:172.21.15.17:6789/0] -- mon_subscribe({config=0+,monmap=0+}) v3 -- 0x7f1398108ce0 con 0x7f1398107b30
2024-03-21T10:02:48.473 INFO:teuthology.orchestra.run.smithi017.stdout:/usr/bin/ceph: stderr
