2024-03-21T10:02:02.923+0000 7f2ca5000700 1 --2- 172.21.15.17:0/3682938431 >> [v2:172.21.15.17:6800/648540489,v1:172.21.15.17:6801/648540489] conn(0x7f2c84039180 0x7f2c8403b640 secure :-1 s=READY pgs=8 cs=0 l=1 rev1=1 crypto rx=0x7f2c8c006fd0 tx=0x7f2c8c006e40 comp rx=0 tx=0).stop
2024-03-21T10:02:03.646 INFO:teuthology.orchestra.run.smithi017.stdout:/usr/bin/ceph: stderr
2024-03-21T10:02:02.923+0000 7f2ca5000700 1 -- 172.21.15.17:0/3682938431 >> [v2:172.21.15.17:3300/0,v1:172.21.15.17:6789/0] conn(0x7f2ca00822c0 msgr2=0x7f2ca01a20f0 secure :-1 s=STATE_CONNECTION_ESTABLISHED l=1).mark_down
2024-03-21T10:02:03.646 INFO:teuthology.orchestra.run.smithi017.stdout:/usr/bin/ceph: stderr
2024-03-21T10:02:02.923+0000 7f2ca5000700 1 --2- 172.21.15.17:0/3682938431 >> [v2:172.21.15.17:3300/0,v1:172.21.15.17:6789/0] conn(0x7f2ca00822c0 0x7f2ca01a20f0 secure :-1 s=READY pgs=23 cs=0 l=1 rev1=1 crypto rx=0x7f2c90011b60 tx=0x7f2c90011c40 comp rx=0 tx=0).stop
2024-03-21T10:02:03.646 INFO:teuthology.orchestra.run.smithi017.stdout:/usr/bin/ceph: stderr
2024-03-21T10:02:02.923+0000 7f2ca5000700 1 -- 172.21.15.17:0/3682938431 shutdown_connections
2024-03-21T10:02:03.646 INFO:teuthology.orchestra.run.smithi017.stdout:/usr/bin/ceph: stderr
2024-03-21T10:02:02.923+0000 7f2ca5000700 1 --2- 172.21.15.17:0/3682938431 >> [v2:172.21.15.17:6800/648540489,v1:172.21.15.17:6801/648540489] conn(0x7f2c84039180 0x7f2c8403b640 unknown :-1 s=CLOSED pgs=8 cs=0 l=1 rev1=1 crypto rx=0 tx=0 comp rx=0 tx=0).stop
2024-03-21T10:02:03.646 INFO:teuthology.orchestra.run.smithi017.stdout:/usr/bin/ceph: stderr
2024-03-21T10:02:02.923+0000 7f2ca5000700 1 --2- 172.21.15.17:0/3682938431 >> [v2:172.21.15.17:3300/0,v1:172.21.15.17:6789/0] conn(0x7f2ca00822c0 0x7f2ca01a20f0 unknown :-1 s=CLOSED pgs=23 cs=0 l=1 rev1=1 crypto rx=0 tx=0 comp rx=0 tx=0).stop
2024-03-21T10:02:03.646 INFO:teuthology.orchestra.run.smithi017.stdout:/usr/bin/ceph: stderr
2024-03-21T10:02:02.923+0000 7f2ca5000700 1 -- 172.21.15.17:0/3682938431 >> 172.21.15.17:0/3682938431 conn(0x7f2ca007d0b0 msgr2=0x7f2ca007dc90 unknown :-1 s=STATE_NONE l=0).mark_down
2024-03-21T10:02:03.647 INFO:teuthology.orchestra.run.smithi017.stdout:/usr/bin/ceph: stderr
2024-03-21T10:02:02.924+0000 7f2ca5000700 1 -- 172.21.15.17:0/3682938431 shutdown_connections
2024-03-21T10:02:03.647 INFO:teuthology.orchestra.run.smithi017.stdout:/usr/bin/ceph: stderr
2024-03-21T10:02:02.925+0000 7f2ca5000700 1 -- 172.21.15.17:0/3682938431 wait complete.
2024-03-21T10:02:03.922 INFO:journalctl@ceph.mgr.x.smithi017.stdout:Mar 21 10:02:03 smithi017 ceph-dc329420-e769-11ee-95cd-87774f69a715-mgr-x[32216]:
2024-03-21T10:02:03.727+0000 7f147f68d200 -1 mgr[py] Module osd_perf_query has missing NOTIFY_TYPES member
2024-03-21T10:02:03.922 INFO:journalctl@ceph.mgr.x.smithi017.stdout:Mar 21 10:02:03 smithi017 ceph-dc329420-e769-11ee-95cd-87774f69a715-mgr-x[32216]:
2024-03-21T10:02:03.853+0000 7f147f68d200 -1 mgr[py] Module snap_schedule has missing NOTIFY_TYPES member
2024-03-21T10:02:04.202 INFO:journalctl@ceph.mon.a.smithi017.stdout:Mar 21 10:02:03 smithi017 ceph-mon[31977]: from='client.? 172.21.15.17:0/3682938431' entity='client.admin' cmd='[{"prefix": "mgr module enable", "module": "cephadm"}]': finished
2024-03-21T10:02:04.202 INFO:journalctl@ceph.mon.a.smithi017.stdout:Mar 21 10:02:03 smithi017 ceph-mon[31977]: mgrmap e5: x(active, since 5s)
2024-03-21T10:02:04.806 INFO:journalctl@ceph.mgr.x.smithi017.stdout:Mar 21 10:02:04 smithi017 ceph-dc329420-e769-11ee-95cd-87774f69a715-mgr-x[32216]:
2024-03-21T10:02:04.678+0000 7f147f68d200 -1 mgr[py] Module zabbix has missing NOTIFY_TYPES member
2024-03-21T10:02:04.806 INFO:journalctl@ceph.mgr.x.smithi017.stdout:Mar 21 10:02:04 smithi017 ceph-dc329420-e769-11ee-95cd-87774f69a715-mgr-x[32216]:
2024-03-21T10:02:04.804+0000 7f147f68d200 -1 mgr[py] Module balancer has missing NOTIFY_TYPES member
2024-03-21T10:02:05.118 INFO:journalctl@ceph.mon.a.smithi017.stdout:Mar 21 10:02:04 smithi017 ceph-mon[31977]: from='client.? 172.21.15.17:0/2819171086' entity='client.admin' cmd=[{"prefix": "mgr stat"}]: dispatch
2024-03-21T10:02:05.119 INFO:journalctl@ceph.mgr.x.smithi017.stdout:Mar 21 10:02:04 smithi017 ceph-dc329420-e769-11ee-95cd-87774f69a715-mgr-x[32216]:
2024-03-21T10:02:04.988+0000 7f147f68d200 -1 mgr[py] Module influx has missing NOTIFY_TYPES member
2024-03-21T10:02:05.119 INFO:journalctl@ceph.mgr.x.smithi017.stdout:Mar 21 10:02:05 smithi017 ceph-dc329420-e769-11ee-95cd-87774f69a715-mgr-x[32216]:
2024-03-21T10:02:05.117+0000 7f147f68d200 -1 mgr[py] Module alerts has missing NOTIFY_TYPES member
2024-03-21T10:02:05.352 INFO:teuthology.orchestra.run.smithi017.stdout:/usr/bin/ceph: stdout {
2024-03-21T10:02:05.352 INFO:teuthology.orchestra.run.smithi017.stdout:/usr/bin/ceph: stdout "epoch": 5,
2024-03-21T10:02:05.352 INFO:teuthology.orchestra.run.smithi017.stdout:/usr/bin/ceph: stdout "available": true,
2024-03-21T10:02:05.353 INFO:teuthology.orchestra.run.smithi017.stdout:/usr/bin/ceph: stdout "active_name": "x",
2024-03-21T10:02:05.353 INFO:teuthology.orchestra.run.smithi017.stdout:/usr/bin/ceph: stdout "num_standby": 0
2024-03-21T10:02:05.353 INFO:teuthology.orchestra.run.smithi017.stdout:/usr/bin/ceph: stdout }
2024-03-21T10:02:05.353 INFO:teuthology.orchestra.run.smithi017.stdout:/usr/bin/ceph: stderr
2024-03-21T10:02:04.280+0000 7fe727600700 1 Processor -- start
2024-03-21T10:02:05.353 INFO:teuthology.orchestra.run.smithi017.stdout:/usr/bin/ceph: stderr
2024-03-21T10:02:04.280+0000 7fe727600700 1 -- start start
2024-03-21T10:02:05.353 INFO:teuthology.orchestra.run.smithi017.stdout:/usr/bin/ceph: stderr
2024-03-21T10:02:04.280+0000 7fe727600700 1 --2- >> [v2:172.21.15.17:3300/0,v1:172.21.15.17:6789/0] conn(0x7fe720107b70 0x7fe720107f90 unknown :-1 s=NONE pgs=0 cs=0 l=0 rev1=0 crypto rx=0 tx=0 comp rx=0 tx=0).connect
2024-03-21T10:02:05.353 INFO:teuthology.orchestra.run.smithi017.stdout:/usr/bin/ceph: stderr
2024-03-21T10:02:04.280+0000 7fe727600700 1 -- --> [v2:172.21.15.17:3300/0,v1:172.21.15.17:6789/0] -- mon_getmap magic: 0 v1 -- 0x7fe720108560 con 0x7fe720107b70
2024-03-21T10:02:05.353 INFO:teuthology.orchestra.run.smithi017.stdout:/usr/bin/ceph: stderr
2024-03-21T10:02:04.281+0000 7fe724c00700 1 --2- >> [v2:172.21.15.17:3300/0,v1:172.21.15.17:6789/0] conn(0x7fe720107b70 0x7fe720107f90 unknown :-1 s=BANNER_CONNECTING pgs=0 cs=0 l=0 rev1=0 crypto rx=0 tx=0 comp rx=0 tx=0)._handle_peer_banner_payload supported=3 required=0
2024-03-21T10:02:05.353 INFO:teuthology.orchestra.run.smithi017.stdout:/usr/bin/ceph: stderr
2024-03-21T10:02:04.281+0000 7fe724c00700 1 --2- >> [v2:172.21.15.17:3300/0,v1:172.21.15.17:6789/0] conn(0x7fe720107b70 0x7fe720107f90 unknown :-1 s=HELLO_CONNECTING pgs=0 cs=0 l=0 rev1=1 crypto rx=0 tx=0 comp rx=0 tx=0).handle_hello peer v2:172.21.15.17:3300/0 says I am v2:172.21.15.17:59698/0 (socket says 172.21.15.17:59698)
2024-03-21T10:02:05.353 INFO:teuthology.orchestra.run.smithi017.stdout:/usr/bin/ceph: stderr
2024-03-21T10:02:04.281+0000 7fe724c00700 1 -- 172.21.15.17:0/2551707615 learned_addr learned my addr 172.21.15.17:0/2551707615 (peer_addr_for_me v2:172.21.15.17:0/0)
2024-03-21T10:02:05.353 INFO:teuthology.orchestra.run.smithi017.stdout:/usr/bin/ceph: stderr
2024-03-21T10:02:04.281+0000 7fe724c00700 1 -- 172.21.15.17:0/2551707615 --> [v2:172.21.15.17:3300/0,v1:172.21.15.17:6789/0] -- mon_subscribe({config=0+,monmap=0+}) v3 -- 0x7fe720108d20 con 0x7fe720107b70
2024-03-21T10:02:05.353 INFO:teuthology.orchestra.run.smithi017.stdout:/usr/bin/ceph: stderr
2024-03-21T10:02:04.281+0000 7fe724c00700 1 --2- 172.21.15.17:0/2551707615 >> [v2:172.21.15.17:3300/0,v1:172.21.15.17:6789/0] conn(0x7fe720107b70 0x7fe720107f90 secure :-1 s=READY pgs=26 cs=0 l=1 rev1=1 crypto rx=0x7fe7140098a0 tx=0x7fe714009bb0 comp rx=0 tx=0).ready entity=mon.0 client_cookie=ff4ebb1c168583c2 server_cookie=0 in_seq=0 out_seq=0
2024-03-21T10:02:05.353 INFO:teuthology.orchestra.run.smithi017.stdout:/usr/bin/ceph: stderr
2024-03-21T10:02:04.282+0000 7fe71f400700 1 -- 172.21.15.17:0/2551707615 <== mon.0 v2:172.21.15.17:3300/0 1 ==== mon_map magic: 0 v1 ==== 205+0+0 (secure 0 0 0) 0x7fe714004160 con 0x7fe720107b70
2024-03-21T10:02:05.353 INFO:teuthology.orchestra.run.smithi017.stdout:/usr/bin/ceph: stderr
2024-03-21T10:02:04.282+0000 7fe71f400700 1 -- 172.21.15.17:0/2551707615 <== mon.0 v2:172.21.15.17:3300/0 2 ==== config(27 keys) v1 ==== 1109+0+0 (secure 0 0 0) 0x7fe714004300 con 0x7fe720107b70
2024-03-21T10:02:05.354 INFO:teuthology.orchestra.run.smithi017.stdout:/usr/bin/ceph: stderr
2024-03-21T10:02:04.282+0000 7fe71f400700 1 -- 172.21.15.17:0/2551707615 <== mon.0 v2:172.21.15.17:3300/0 3 ==== mon_map magic: 0 v1 ==== 205+0+0 (secure 0 0 0) 0x7fe714011b50 con 0x7fe720107b70
2024-03-21T10:02:05.354 INFO:teuthology.orchestra.run.smithi017.stdout:/usr/bin/ceph: stderr
2024-03-21T10:02:04.282+0000 7fe727600700 1 -- 172.21.15.17:0/2551707615 >> [v2:172.21.15.17:3300/0,v1:172.21.15.17:6789/0] conn(0x7fe720107b70 msgr2=0x7fe720107f90 secure :-1 s=STATE_CONNECTION_ESTABLISHED l=1).mark_down
2024-03-21T10:02:05.354 INFO:teuthology.orchestra.run.smithi017.stdout:/usr/bin/ceph: stderr
2024-03-21T10:02:04.282+0000 7fe727600700 1 --2- 172.21.15.17:0/2551707615 >> [v2:172.21.15.17:3300/0,v1:172.21.15.17:6789/0] conn(0x7fe720107b70 0x7fe720107f90 secure :-1 s=READY pgs=26 cs=0 l=1 rev1=1 crypto rx=0x7fe7140098a0 tx=0x7fe714009bb0 comp rx=0 tx=0).stop
2024-03-21T10:02:05.354 INFO:teuthology.orchestra.run.smithi017.stdout:/usr/bin/ceph: stderr
2024-03-21T10:02:04.283+0000 7fe727600700 1 -- 172.21.15.17:0/2551707615 shutdown_connections
2024-03-21T10:02:05.354 INFO:teuthology.orchestra.run.smithi017.stdout:/usr/bin/ceph: stderr
2024-03-21T10:02:04.283+0000 7fe727600700 1 --2- 172.21.15.17:0/2551707615 >> [v2:172.21.15.17:3300/0,v1:172.21.15.17:6789/0] conn(0x7fe720107b70 0x7fe720107f90 unknown :-1 s=CLOSED pgs=26 cs=0 l=1 rev1=1 crypto rx=0 tx=0 comp rx=0 tx=0).stop
2024-03-21T10:02:05.354 INFO:teuthology.orchestra.run.smithi017.stdout:/usr/bin/ceph: stderr
2024-03-21T10:02:04.283+0000 7fe727600700 1 -- 172.21.15.17:0/2551707615 >> 172.21.15.17:0/2551707615 conn(0x7fe720103110 msgr2=0x7fe720105550 unknown :-1 s=STATE_NONE l=0).mark_down
2024-03-21T10:02:05.354 INFO:teuthology.orchestra.run.smithi017.stdout:/usr/bin/ceph: stderr
2024-03-21T10:02:04.283+0000 7fe727600700 1 -- 172.21.15.17:0/2551707615 shutdown_connections
2024-03-21T10:02:05.354 INFO:teuthology.orchestra.run.smithi017.stdout:/usr/bin/ceph: stderr
2024-03-21T10:02:04.283+0000 7fe727600700 1 -- 172.21.15.17:0/2551707615 wait complete.
2024-03-21T10:02:05.354 INFO:teuthology.orchestra.run.smithi017.stdout:/usr/bin/ceph: stderr
2024-03-21T10:02:04.284+0000 7fe727600700 1 Processor -- start
2024-03-21T10:02:05.354 INFO:teuthology.orchestra.run.smithi017.stdout:/usr/bin/ceph: stderr
2024-03-21T10:02:04.285+0000 7fe727600700 1 -- start start
2024-03-21T10:02:05.354 INFO:teuthology.orchestra.run.smithi017.stdout:/usr/bin/ceph: stderr
2024-03-21T10:02:04.285+0000 7fe727600700 1 --2- >> [v2:172.21.15.17:3300/0,v1:172.21.15.17:6789/0] conn(0x7fe720107b70 0x7fe72019bb60 unknown :-1 s=NONE pgs=0 cs=0 l=1 rev1=0 crypto rx=0 tx=0 comp rx=0 tx=0).connect
2024-03-21T10:02:05.354 INFO:teuthology.orchestra.run.smithi017.stdout:/usr/bin/ceph: stderr
2024-03-21T10:02:04.285+0000 7fe727600700 1 -- --> [v2:172.21.15.17:3300/0,v1:172.21.15.17:6789/0] -- mon_getmap magic: 0 v1 -- 0x7fe72010c0d0 con 0x7fe720107b70
2024-03-21T10:02:05.354 INFO:teuthology.orchestra.run.smithi017.stdout:/usr/bin/ceph: stderr
2024-03-21T10:02:04.285+0000 7fe724c00700 1 --2- >> [v2:172.21.15.17:3300/0,v1:172.21.15.17:6789/0] conn(0x7fe720107b70 0x7fe72019bb60 unknown :-1 s=BANNER_CONNECTING pgs=0 cs=0 l=1 rev1=0 crypto rx=0 tx=0 comp rx=0 tx=0)._handle_peer_banner_payload supported=3 required=0
2024-03-21T10:02:05.354 INFO:teuthology.orchestra.run.smithi017.stdout:/usr/bin/ceph: stderr
2024-03-21T10:02:04.285+0000 7fe724c00700 1 --2- >> [v2:172.21.15.17:3300/0,v1:172.21.15.17:6789/0] conn(0x7fe720107b70 0x7fe72019bb60 unknown :-1 s=HELLO_CONNECTING pgs=0 cs=0 l=1 rev1=1 crypto rx=0 tx=0 comp rx=0 tx=0).handle_hello peer v2:172.21.15.17:3300/0 says I am v2:172.21.15.17:59704/0 (socket says 172.21.15.17:59704)
2024-03-21T10:02:05.355 INFO:teuthology.orchestra.run.smithi017.stdout:/usr/bin/ceph: stderr
2024-03-21T10:02:04.285+0000 7fe724c00700 1 -- 172.21.15.17:0/2819171086 learned_addr learned my addr 172.21.15.17:0/2819171086 (peer_addr_for_me v2:172.21.15.17:0/0)
2024-03-21T10:02:05.355 INFO:teuthology.orchestra.run.smithi017.stdout:/usr/bin/ceph: stderr
2024-03-21T10:02:04.286+0000 7fe724c00700 1 -- 172.21.15.17:0/2819171086 --> [v2:172.21.15.17:3300/0,v1:172.21.15.17:6789/0] -- mon_subscribe({config=0+,monmap=0+}) v3 -- 0x7fe72019c0a0 con 0x7fe720107b70
2024-03-21T10:02:05.355 INFO:teuthology.orchestra.run.smithi017.stdout:/usr/bin/ceph: stderr
2024-03-21T10:02:04.286+0000 7fe724c00700 1 --2- 172.21.15.17:0/2819171086 >> [v2:172.21.15.17:3300/0,v1:172.21.15.17:6789/0] conn(0x7fe720107b70 0x7fe72019bb60 secure :-1 s=READY pgs=27 cs=0 l=1 rev1=1 crypto rx=0x7fe714009fb0 tx=0x7fe714011bf0 comp rx=0 tx=0).ready entity=mon.0 client_cookie=0 server_cookie=0 in_seq=0 out_seq=0
2024-03-21T10:02:05.355 INFO:teuthology.orchestra.run.smithi017.stdout:/usr/bin/ceph: stderr
2024-03-21T10:02:04.286+0000 7fe71d600700 1 -- 172.21.15.17:0/2819171086 <== mon.0 v2:172.21.15.17:3300/0 1 ==== mon_map magic: 0 v1 ==== 205+0+0 (secure 0 0 0) 0x7fe7140038b0 con 0x7fe720107b70
2024-03-21T10:02:05.355 INFO:teuthology.orchestra.run.smithi017.stdout:/usr/bin/ceph: stderr
2024-03-21T10:02:04.286+0000 7fe727600700 1 -- 172.21.15.17:0/2819171086 --> [v2:172.21.15.17:3300/0,v1:172.21.15.17:6789/0] -- mon_subscribe({mgrmap=0+}) v3 -- 0x7fe72019c330 con 0x7fe720107b70
2024-03-21T10:02:05.355 INFO:teuthology.orchestra.run.smithi017.stdout:/usr/bin/ceph: stderr
2024-03-21T10:02:04.286+0000 7fe71d600700 1 -- 172.21.15.17:0/2819171086 <== mon.0 v2:172.21.15.17:3300/0 2 ==== config(27 keys) v1 ==== 1109+0+0 (secure 0 0 0) 0x7fe714011e50 con 0x7fe720107b70
2024-03-21T10:02:05.355 INFO:teuthology.orchestra.run.smithi017.stdout:/usr/bin/ceph: stderr
2024-03-21T10:02:04.287+0000 7fe727600700 1 -- 172.21.15.17:0/2819171086 --> [v2:172.21.15.17:3300/0,v1:172.21.15.17:6789/0] -- mon_subscribe({osdmap=0}) v3 -- 0x7fe72019f020 con 0x7fe720107b70
2024-03-21T10:02:05.355 INFO:teuthology.orchestra.run.smithi017.stdout:/usr/bin/ceph: stderr
2024-03-21T10:02:04.287+0000 7fe71d600700 1 -- 172.21.15.17:0/2819171086 <== mon.0 v2:172.21.15.17:3300/0 3 ==== mon_map magic: 0 v1 ==== 205+0+0 (secure 0 0 0) 0x7fe714024520 con 0x7fe720107b70
2024-03-21T10:02:05.355 INFO:teuthology.orchestra.run.smithi017.stdout:/usr/bin/ceph: stderr
2024-03-21T10:02:04.288+0000 7fe71d600700 1 -- 172.21.15.17:0/2819171086 <== mon.0 v2:172.21.15.17:3300/0 4 ==== mgrmap(e 5) v1 ==== 46294+0+0 (secure 0 0 0) 0x7fe714003a50 con 0x7fe720107b70
2024-03-21T10:02:05.355 INFO:teuthology.orchestra.run.smithi017.stdout:/usr/bin/ceph: stderr
2024-03-21T10:02:04.288+0000 7fe727600700 1 -- 172.21.15.17:0/2819171086 --> [v2:172.21.15.17:3300/0,v1:172.21.15.17:6789/0] -- mon_command({"prefix": "get_command_descriptions"} v 0) v1 -- 0x7fe7200637c0 con 0x7fe720107b70
2024-03-21T10:02:05.355 INFO:teuthology.orchestra.run.smithi017.stdout:/usr/bin/ceph: stderr
2024-03-21T10:02:04.288+0000 7fe71d600700 1 --2- 172.21.15.17:0/2819171086 >> [v2:172.21.15.17:6800/648540489,v1:172.21.15.17:6801/648540489] conn(0x7fe708039130 0x7fe70803b5f0 unknown :-1 s=NONE pgs=0 cs=0 l=1 rev1=0 crypto rx=0 tx=0 comp rx=0 tx=0).connect
2024-03-21T10:02:05.355 INFO:teuthology.orchestra.run.smithi017.stdout:/usr/bin/ceph: stderr
2024-03-21T10:02:04.288+0000 7fe71d600700 1 -- 172.21.15.17:0/2819171086 <== mon.0 v2:172.21.15.17:3300/0 5 ==== osd_map(1..1 src has 1..1) v4 ==== 725+0+0 (secure 0 0 0) 0x7fe71404d500 con 0x7fe720107b70
2024-03-21T10:02:05.355 INFO:teuthology.orchestra.run.smithi017.stdout:/usr/bin/ceph: stderr
2024-03-21T10:02:04.288+0000 7fe71fe00700 1 -- 172.21.15.17:0/2819171086 >> [v2:172.21.15.17:6800/648540489,v1:172.21.15.17:6801/648540489] conn(0x7fe708039130 msgr2=0x7fe70803b5f0 unknown :-1 s=STATE_CONNECTING_RE l=1).process reconnect failed to v2:172.21.15.17:6800/648540489
2024-03-21T10:02:05.355 INFO:teuthology.orchestra.run.smithi017.stdout:/usr/bin/ceph: stderr
2024-03-21T10:02:04.289+0000 7fe71fe00700 1 --2- 172.21.15.17:0/2819171086 >> [v2:172.21.15.17:6800/648540489,v1:172.21.15.17:6801/648540489] conn(0x7fe708039130 0x7fe70803b5f0 unknown :-1 s=START_CONNECT pgs=0 cs=0 l=1 rev1=0 crypto rx=0 tx=0 comp rx=0 tx=0)._fault waiting 0.200000
2024-03-21T10:02:05.356 INFO:teuthology.orchestra.run.smithi017.stdout:/usr/bin/ceph: stderr
2024-03-21T10:02:04.295+0000 7fe71d600700 1 -- 172.21.15.17:0/2819171086 <== mon.0 v2:172.21.15.17:3300/0 6 ==== mon_command_ack([{"prefix": "get_command_descriptions"}]=0 v0) v1 ==== 72+0+186149 (secure 0 0 0) 0x7fe71400f2e0 con 0x7fe720107b70
2024-03-21T10:02:05.356 INFO:teuthology.orchestra.run.smithi017.stdout:/usr/bin/ceph: stderr
2024-03-21T10:02:04.490+0000 7fe71fe00700 1 -- 172.21.15.17:0/2819171086 >> [v2:172.21.15.17:6800/648540489,v1:172.21.15.17:6801/648540489] conn(0x7fe708039130 msgr2=0x7fe70803b5f0 unknown :-1 s=STATE_CONNECTING_RE l=1).process reconnect failed to v2:172.21.15.17:6800/648540489
2024-03-21T10:02:05.356 INFO:teuthology.orchestra.run.smithi017.stdout:/usr/bin/ceph: stderr
2024-03-21T10:02:04.490+0000 7fe71fe00700 1 --2- 172.21.15.17:0/2819171086 >> [v2:172.21.15.17:6800/648540489,v1:172.21.15.17:6801/648540489] conn(0x7fe708039130 0x7fe70803b5f0 unknown :-1 s=START_CONNECT pgs=0 cs=0 l=1 rev1=0 crypto rx=0 tx=0 comp rx=0 tx=0)._fault waiting 0.400000
2024-03-21T10:02:05.356 INFO:teuthology.orchestra.run.smithi017.stdout:/usr/bin/ceph: stderr
2024-03-21T10:02:04.582+0000 7fe727600700 1 -- 172.21.15.17:0/2819171086 --> [v2:172.21.15.17:3300/0,v1:172.21.15.17:6789/0] -- mon_command({"prefix": "mgr stat"} v 0) v1 -- 0x7fe72019f1f0 con 0x7fe720107b70
2024-03-21T10:02:05.356 INFO:teuthology.orchestra.run.smithi017.stdout:/usr/bin/ceph: stderr
2024-03-21T10:02:04.583+0000 7fe71d600700 1 -- 172.21.15.17:0/2819171086 <== mon.0 v2:172.21.15.17:3300/0 7 ==== mon_command_ack([{"prefix": "mgr stat"}]=0 v5) v1 ==== 56+0+88 (secure 0 0 0) 0x7fe72019f1f0 con 0x7fe720107b70
2024-03-21T10:02:05.356 INFO:teuthology.orchestra.run.smithi017.stdout:/usr/bin/ceph: stderr
2024-03-21T10:02:04.586+0000 7fe727600700 1 -- 172.21.15.17:0/2819171086 >> [v2:172.21.15.17:6800/648540489,v1:172.21.15.17:6801/648540489] conn(0x7fe708039130 msgr2=0x7fe70803b5f0 unknown :-1 s=STATE_CONNECTING l=1).mark_down
2024-03-21T10:02:05.356 INFO:teuthology.orchestra.run.smithi017.stdout:/usr/bin/ceph: stderr
2024-03-21T10:02:04.586+0000 7fe727600700 1 --2- 172.21.15.17:0/2819171086 >> [v2:172.21.15.17:6800/648540489,v1:172.21.15.17:6801/648540489] conn(0x7fe708039130 0x7fe70803b5f0 unknown :-1 s=START_CONNECT pgs=0 cs=0 l=1 rev1=0 crypto rx=0 tx=0 comp rx=0 tx=0).stop
2024-03-21T10:02:05.356 INFO:teuthology.orchestra.run.smithi017.stdout:/usr/bin/ceph: stderr
2024-03-21T10:02:04.586+0000 7fe727600700 1 -- 172.21.15.17:0/2819171086 >> [v2:172.21.15.17:3300/0,v1:172.21.15.17:6789/0] conn(0x7fe720107b70 msgr2=0x7fe72019bb60 secure :-1 s=STATE_CONNECTION_ESTABLISHED l=1).mark_down
2024-03-21T10:02:05.356 INFO:teuthology.orchestra.run.smithi017.stdout:/usr/bin/ceph: stderr
2024-03-21T10:02:04.586+0000 7fe727600700 1 --2- 172.21.15.17:0/2819171086 >> [v2:172.21.15.17:3300/0,v1:172.21.15.17:6789/0] conn(0x7fe720107b70 0x7fe72019bb60 secure :-1 s=READY pgs=27 cs=0 l=1 rev1=1 crypto rx=0x7fe714009fb0 tx=0x7fe714011bf0 comp rx=0 tx=0).stop
2024-03-21T10:02:05.356 INFO:teuthology.orchestra.run.smithi017.stdout:/usr/bin/ceph: stderr
2024-03-21T10:02:04.586+0000 7fe727600700 1 -- 172.21.15.17:0/2819171086 shutdown_connections
2024-03-21T10:02:05.356 INFO:teuthology.orchestra.run.smithi017.stdout:/usr/bin/ceph: stderr
2024-03-21T10:02:04.586+0000 7fe727600700 1 --2- 172.21.15.17:0/2819171086 >> [v2:172.21.15.17:6800/648540489,v1:172.21.15.17:6801/648540489] conn(0x7fe708039130 0x7fe70803b5f0 unknown :-1 s=CLOSED pgs=0 cs=0 l=1 rev1=0 crypto rx=0 tx=0 comp rx=0 tx=0).stop
2024-03-21T10:02:05.356 INFO:teuthology.orchestra.run.smithi017.stdout:/usr/bin/ceph: stderr
2024-03-21T10:02:04.586+0000 7fe727600700 1 --2- 172.21.15.17:0/2819171086 >> [v2:172.21.15.17:3300/0,v1:172.21.15.17:6789/0] conn(0x7fe720107b70 0x7fe72019bb60 unknown :-1 s=CLOSED pgs=27 cs=0 l=1 rev1=1 crypto rx=0 tx=0 comp rx=0 tx=0).stop
2024-03-21T10:02:05.356 INFO:teuthology.orchestra.run.smithi017.stdout:/usr/bin/ceph: stderr
2024-03-21T10:02:04.586+0000 7fe727600700 1 -- 172.21.15.17:0/2819171086 >> 172.21.15.17:0/2819171086 conn(0x7fe720103110 msgr2=0x7fe720103cc0 unknown :-1 s=STATE_NONE l=0).mark_down
2024-03-21T10:02:05.356 INFO:teuthology.orchestra.run.smithi017.stdout:/usr/bin/ceph: stderr
2024-03-21T10:02:04.586+0000 7fe727600700 1 -- 172.21.15.17:0/2819171086 shutdown_connections
2024-03-21T10:02:05.356 INFO:teuthology.orchestra.run.smithi017.stdout:/usr/bin/ceph: stderr
2024-03-21T10:02:04.587+0000 7fe727600700 1 -- 172.21.15.17:0/2819171086 wait complete.
2024-03-21T10:02:05.357 INFO:teuthology.orchestra.run.smithi017.stdout:Waiting for the mgr to restart...
2024-03-21T10:02:05.357 INFO:teuthology.orchestra.run.smithi017.stdout:Waiting for mgr epoch 5...
2024-03-21T10:02:05.476 INFO:journalctl@ceph.mgr.x.smithi017.stdout:Mar 21 10:02:05 smithi017 ceph-dc329420-e769-11ee-95cd-87774f69a715-mgr-x[32216]:
2024-03-21T10:02:05.230+0000 7f147f68d200 -1 mgr[py] Module iostat has missing NOTIFY_TYPES member
2024-03-21T10:02:05.746 INFO:journalctl@ceph.mgr.x.smithi017.stdout:Mar 21 10:02:05 smithi017 ceph-dc329420-e769-11ee-95cd-87774f69a715-mgr-x[32216]:
2024-03-21T10:02:05.579+0000 7f147f68d200 -1 mgr[py] Module rgw has missing NOTIFY_TYPES member
2024-03-21T10:02:05.746 INFO:journalctl@ceph.mgr.x.smithi017.stdout:Mar 21 10:02:05 smithi017 ceph-dc329420-e769-11ee-95cd-87774f69a715-mgr-x[32216]:
2024-03-21T10:02:05.729+0000 7f147f68d200 -1 mgr[py] Module rbd_support has missing NOTIFY_TYPES member
2024-03-21T10:02:06.116 INFO:journalctl@ceph.mgr.x.smithi017.stdout:Mar 21 10:02:05 smithi017 ceph-dc329420-e769-11ee-95cd-87774f69a715-mgr-x[32216]:
2024-03-21T10:02:05.850+0000 7f147f68d200 -1 mgr[py] Module progress has missing NOTIFY_TYPES member
2024-03-21T10:02:06.116 INFO:journalctl@ceph.mgr.x.smithi017.stdout:Mar 21 10:02:05 smithi017 ceph-dc329420-e769-11ee-95cd-87774f69a715-mgr-x[32216]:
2024-03-21T10:02:05.978+0000 7f147f68d200 -1 mgr[py] Module pg_autoscaler has missing NOTIFY_TYPES member
2024-03-21T10:02:06.477 INFO:journalctl@ceph.mgr.x.smithi017.stdout:Mar 21 10:02:06 smithi017 ceph-dc329420-e769-11ee-95cd-87774f69a715-mgr-x[32216]:
2024-03-21T10:02:06.201+0000 7f147f68d200 -1 mgr[py] Module devicehealth has missing NOTIFY_TYPES member
2024-03-21T10:02:07.701 INFO:journalctl@ceph.mgr.x.smithi017.stdout:Mar 21 10:02:07 smithi017 ceph-dc329420-e769-11ee-95cd-87774f69a715-mgr-x[32216]:
2024-03-21T10:02:07.521+0000 7f147f68d200 -1 mgr[py] Module rook has missing NOTIFY_TYPES member
2024-03-21T10:02:07.701 INFO:journalctl@ceph.mgr.x.smithi017.stdout:Mar 21 10:02:07 smithi017 ceph-dc329420-e769-11ee-95cd-87774f69a715-mgr-x[32216]:
2024-03-21T10:02:07.699+0000 7f147f68d200 -1 mgr[py] Module diskprediction_local has missing NOTIFY_TYPES member
2024-03-21T10:02:08.477 INFO:journalctl@ceph.mgr.x.smithi017.stdout:Mar 21 10:02:08 smithi017 ceph-dc329420-e769-11ee-95cd-87774f69a715-mgr-x[32216]:
2024-03-21T10:02:08.128+0000 7f147f68d200 -1 mgr[py] Module selftest has missing NOTIFY_TYPES member
2024-03-21T10:02:08.477 INFO:journalctl@ceph.mgr.x.smithi017.stdout:Mar 21 10:02:08 smithi017 ceph-dc329420-e769-11ee-95cd-87774f69a715-mgr-x[32216]:
2024-03-21T10:02:08.248+0000 7f147f68d200 -1 mgr[py] Module telegraf has missing NOTIFY_TYPES member
2024-03-21T10:02:08.766 INFO:journalctl@ceph.mgr.x.smithi017.stdout:Mar 21 10:02:08 smithi017 ceph-dc329420-e769-11ee-95cd-87774f69a715-mgr-x[32216]:
2024-03-21T10:02:08.511+0000 7f147f68d200 -1 mgr[py] Module test_orchestrator has missing NOTIFY_TYPES member
2024-03-21T10:02:09.155 INFO:journalctl@ceph.mgr.x.smithi017.stdout:Mar 21 10:02:08 smithi017 ceph-dc329420-e769-11ee-95cd-87774f69a715-mgr-x[32216]:
2024-03-21T10:02:08.764+0000 7f147f68d200 -1 mgr[py] Module crash has missing NOTIFY_TYPES member
2024-03-21T10:02:09.155 INFO:journalctl@ceph.mgr.x.smithi017.stdout:Mar 21 10:02:09 smithi017 ceph-dc329420-e769-11ee-95cd-87774f69a715-mgr-x[32216]:
2024-03-21T10:02:09.152+0000 7f147f68d200 -1 mgr[py] Module orchestrator has missing NOTIFY_TYPES member
2024-03-21T10:02:09.793 INFO:journalctl@ceph.mgr.x.smithi017.stdout:Mar 21 10:02:09 smithi017 ceph-dc329420-e769-11ee-95cd-87774f69a715-mgr-x[32216]:
2024-03-21T10:02:09.475+0000 7f147f68d200 -1 mgr[py] Module osd_support has missing NOTIFY_TYPES member
2024-03-21T10:02:10.227 INFO:journalctl@ceph.mgr.x.smithi017.stdout:Mar 21 10:02:09 smithi017 ceph-dc329420-e769-11ee-95cd-87774f69a715-mgr-x[32216]:
2024-03-21T10:02:09.791+0000 7f147f68d200 -1 mgr[py] Module volumes has missing NOTIFY_TYPES member
2024-03-21T10:02:11.227 INFO:journalctl@ceph.mgr.x.smithi017.stdout:Mar 21 10:02:10 smithi017 ceph-dc329420-e769-11ee-95cd-87774f69a715-mgr-x[32216]:
2024-03-21T10:02:10.860+0000 7f147f68d200 -1 mgr[py] Module telemetry has missing NOTIFY_TYPES member
2024-03-21T10:02:11.977 INFO:journalctl@ceph.mgr.x.smithi017.stdout:Mar 21 10:02:11 smithi017 ceph-dc329420-e769-11ee-95cd-87774f69a715-mgr-x[32216]:
2024-03-21T10:02:11.580+0000 7f147f68d200 -1 mgr[py] Module prometheus has missing NOTIFY_TYPES member
2024-03-21T10:02:11.977 INFO:journalctl@ceph.mgr.x.smithi017.stdout:Mar 21 10:02:11 smithi017 ceph-dc329420-e769-11ee-95cd-87774f69a715-mgr-x[32216]:
2024-03-21T10:02:11.714+0000 7f147f68d200 -1 mgr[py] Module status has missing NOTIFY_TYPES member
2024-03-21T10:02:12.477 INFO:journalctl@ceph.mgr.x.smithi017.stdout:Mar 21 10:02:12 smithi017 ceph-dc329420-e769-11ee-95cd-87774f69a715-mgr-x[32216]:
2024-03-21T10:02:12.005+0000 7f147f68d200 -1 mgr[py] Module nfs has missing NOTIFY_TYPES member
2024-03-21T10:02:12.477 INFO:journalctl@ceph.mon.a.smithi017.stdout:Mar 21 10:02:12 smithi017 ceph-mon[31977]: Active manager daemon x restarted
2024-03-21T10:02:12.477 INFO:journalctl@ceph.mon.a.smithi017.stdout:Mar 21 10:02:12 smithi017 ceph-mon[31977]: Activating manager daemon x
2024-03-21T10:02:12.477 INFO:journalctl@ceph.mon.a.smithi017.stdout:Mar 21 10:02:12 smithi017 ceph-mon[31977]: osdmap e2: 0 total, 0 up, 0 in
2024-03-21T10:02:12.477 INFO:journalctl@ceph.mon.a.smithi017.stdout:Mar 21 10:02:12 smithi017 ceph-mon[31977]: mgrmap e6: x(active, starting, since 0.00988287s)
2024-03-21T10:02:12.477 INFO:journalctl@ceph.mon.a.smithi017.stdout:Mar 21 10:02:12 smithi017 ceph-mon[31977]: from='mgr.14120 172.21.15.17:0/3740268916' entity='mgr.x' cmd=[{"prefix": "mon metadata", "id": "a"}]: dispatch
2024-03-21T10:02:12.477 INFO:journalctl@ceph.mon.a.smithi017.stdout:Mar 21 10:02:12 smithi017 ceph-mon[31977]: from='mgr.14120 172.21.15.17:0/3740268916' entity='mgr.x' cmd=[{"prefix": "mgr metadata", "who": "x", "id": "x"}]: dispatch
2024-03-21T10:02:12.478 INFO:journalctl@ceph.mon.a.smithi017.stdout:Mar 21 10:02:12 smithi017 ceph-mon[31977]: from='mgr.14120 172.21.15.17:0/3740268916' entity='mgr.x' cmd=[{"prefix": "mds metadata"}]: dispatch
2024-03-21T10:02:12.478 INFO:journalctl@ceph.mon.a.smithi017.stdout:Mar 21 10:02:12 smithi017 ceph-mon[31977]: from='mgr.14120 172.21.15.17:0/3740268916' entity='mgr.x' cmd=[{"prefix": "osd metadata"}]: dispatch
2024-03-21T10:02:12.478 INFO:journalctl@ceph.mon.a.smithi017.stdout:Mar 21 10:02:12 smithi017 ceph-mon[31977]: from='mgr.14120 172.21.15.17:0/3740268916' entity='mgr.x' cmd=[{"prefix": "mon metadata"}]: dispatch
2024-03-21T10:02:12.478 INFO:journalctl@ceph.mon.a.smithi017.stdout:Mar 21 10:02:12 smithi017 ceph-mon[31977]: Manager daemon x is now available
2024-03-21T10:02:13.373 INFO:journalctl@ceph.mon.a.smithi017.stdout:Mar 21 10:02:13 smithi017 ceph-mon[31977]: Found migration_current of "None". Setting to last migration.
2024-03-21T10:02:13.373 INFO:journalctl@ceph.mon.a.smithi017.stdout:Mar 21 10:02:13 smithi017 ceph-mon[31977]: from='mgr.14120 172.21.15.17:0/3740268916' entity='mgr.x'
2024-03-21T10:02:13.374 INFO:journalctl@ceph.mon.a.smithi017.stdout:Mar 21 10:02:13 smithi017 ceph-mon[31977]: from='mgr.14120 172.21.15.17:0/3740268916' entity='mgr.x'
2024-03-21T10:02:13.374 INFO:journalctl@ceph.mon.a.smithi017.stdout:Mar 21 10:02:13 smithi017 ceph-mon[31977]: from='mgr.14120 172.21.15.17:0/3740268916' entity='mgr.x' cmd=[{"prefix": "config dump", "format": "json"}]: dispatch
2024-03-21T10:02:13.374 INFO:journalctl@ceph.mon.a.smithi017.stdout:Mar 21 10:02:13 smithi017 ceph-mon[31977]: from='mgr.14120 172.21.15.17:0/3740268916' entity='mgr.x' cmd=[{"prefix": "config dump", "format": "json"}]: dispatch
2024-03-21T10:02:13.374 INFO:journalctl@ceph.mon.a.smithi017.stdout:Mar 21 10:02:13 smithi017 ceph-mon[31977]: from='mgr.14120 172.21.15.17:0/3740268916' entity='mgr.x' cmd=[{"prefix":"config rm","who":"mgr","name":"mgr/rbd_support/x/mirror_snapshot_schedule"}]: dispatch
2024-03-21T10:02:13.374 INFO:journalctl@ceph.mon.a.smithi017.stdout:Mar 21 10:02:13 smithi017 ceph-mon[31977]: from='mgr.14120 172.21.15.17:0/3740268916' entity='mgr.x' cmd=[{"prefix":"config rm","who":"mgr","name":"mgr/rbd_support/x/trash_purge_schedule"}]: dispatch
2024-03-21T10:02:13.374 INFO:journalctl@ceph.mon.a.smithi017.stdout:Mar 21 10:02:13 smithi017 ceph-mon[31977]: from='mgr.14120 172.21.15.17:0/3740268916' entity='mgr.x'
2024-03-21T10:02:13.374 INFO:journalctl@ceph.mon.a.smithi017.stdout:Mar 21 10:02:13 smithi017 ceph-mon[31977]: from='mgr.14120 172.21.15.17:0/3740268916' entity='mgr.x'
2024-03-21T10:02:13.374 INFO:journalctl@ceph.mon.a.smithi017.stdout:Mar 21 10:02:13 smithi017 ceph-mon[31977]: mgrmap e7: x(active, since 1.01636s)
2024-03-21T10:02:13.374 INFO:journalctl@ceph.mon.a.smithi017.stdout:Mar 21 10:02:13 smithi017 ceph-mon[31977]: from='client.14124 -' entity='client.admin' cmd=[{"prefix": "get_command_descriptions"}]: dispatch
2024-03-21T10:02:13.374 INFO:journalctl@ceph.mon.a.smithi017.stdout:Mar 21 10:02:13 smithi017 ceph-mon[31977]: from='client.14124 -' entity='client.admin' cmd=[{"prefix": "mgr_status"}]: dispatch
2024-03-21T10:02:13.675 INFO:teuthology.orchestra.run.smithi017.stdout:/usr/bin/ceph: stdout {
2024-03-21T10:02:13.676 INFO:teuthology.orchestra.run.smithi017.stdout:/usr/bin/ceph: stdout "mgrmap_epoch": 7,
2024-03-21T10:02:13.676 INFO:teuthology.orchestra.run.smithi017.stdout:/usr/bin/ceph: stdout "initialized": true
2024-03-21T10:02:13.676 INFO:teuthology.orchestra.run.smithi017.stdout:/usr/bin/ceph: stdout }
2024-03-21T10:02:13.676 INFO:teuthology.orchestra.run.smithi017.stdout:/usr/bin/ceph: stderr
2024-03-21T10:02:05.904+0000 7f67cf200700 1 Processor -- start
2024-03-21T10:02:13.676 INFO:teuthology.orchestra.run.smithi017.stdout:/usr/bin/ceph: stderr
2024-03-21T10:02:05.904+0000 7f67cf200700 1 -- start start
2024-03-21T10:02:13.676 INFO:teuthology.orchestra.run.smithi017.stdout:/usr/bin/ceph: stderr
2024-03-21T10:02:05.905+0000 7f67cf200700 1 --2- >> [v2:172.21.15.17:3300/0,v1:172.21.15.17:6789/0] conn(0x7f67c8107b50 0x7f67c8107f70 unknown :-1 s=NONE pgs=0 cs=0 l=0 rev1=0 crypto rx=0 tx=0 comp rx=0 tx=0).connect
2024-03-21T10:02:13.676 INFO:teuthology.orchestra.run.smithi017.stdout:/usr/bin/ceph: stderr
2024-03-21T10:02:05.905+0000 7f67cf200700 1 -- --> [v2:172.21.15.17:3300/0,v1:172.21.15.17:6789/0] -- mon_getmap magic: 0 v1 -- 0x7f67c8108540 con 0x7f67c8107b50
2024-03-21T10:02:13.678 INFO:teuthology.orchestra.run.smithi017.stdout:/usr/bin/ceph: stderr
2024-03-21T10:02:05.905+0000 7f67c7e00700 1 --2- >> [v2:172.21.15.17:3300/0,v1:172.21.15.17:6789/0] conn(0x7f67c8107b50 0x7f67c8107f70 unknown :-1 s=BANNER_CONNECTING pgs=0 cs=0 l=0 rev1=0 crypto rx=0 tx=0 comp rx=0 tx=0)._handle_peer_banner_payload supported=3 required=0
2024-03-21T10:02:13.678 INFO:teuthology.orchestra.run.smithi017.stdout:/usr/bin/ceph: stderr
2024-03-21T10:02:05.905+0000 7f67c7e00700 1 --2- >> [v2:172.21.15.17:3300/0,v1:172.21.15.17:6789/0] conn(0x7f67c8107b50 0x7f67c8107f70 unknown :-1 s=HELLO_CONNECTING pgs=0 cs=0 l=0 rev1=1 crypto rx=0 tx=0 comp rx=0 tx=0).handle_hello peer v2:172.21.15.17:3300/0 says I am v2:172.21.15.17:59706/0 (socket says 172.21.15.17:59706)
2024-03-21T10:02:13.678 INFO:teuthology.orchestra.run.smithi017.stdout:/usr/bin/ceph: stderr
2024-03-21T10:02:05.905+0000 7f67c7e00700 1 -- 172.21.15.17:0/3497411873 learned_addr learned my addr 172.21.15.17:0/3497411873 (peer_addr_for_me v2:172.21.15.17:0/0)
2024-03-21T10:02:13.678 INFO:teuthology.orchestra.run.smithi017.stdout:/usr/bin/ceph: stderr
2024-03-21T10:02:05.906+0000 7f67c7e00700 1 -- 172.21.15.17:0/3497411873 --> [v2:172.21.15.17:3300/0,v1:172.21.15.17:6789/0] -- mon_subscribe({config=0+,monmap=0+}) v3 -- 0x7f67c8108d00 con 0x7f67c8107b50
2024-03-21T10:02:13.678 INFO:teuthology.orchestra.run.smithi017.stdout:/usr/bin/ceph: stderr
2024-03-21T10:02:05.906+0000 7f67c7e00700 1 --2- 172.21.15.17:0/3497411873 >> [v2:172.21.15.17:3300/0,v1:172.21.15.17:6789/0] conn(0x7f67c8107b50 0x7f67c8107f70 secure :-1 s=READY pgs=28 cs=0 l=1 rev1=1 crypto rx=0x7f67b80098a0 tx=0x7f67b8009bb0 comp rx=0 tx=0).ready entity=mon.0 client_cookie=8e52b704f792d3fa server_cookie=0 in_seq=0 out_seq=0
2024-03-21T10:02:13.678 INFO:teuthology.orchestra.run.smithi017.stdout:/usr/bin/ceph: stderr
2024-03-21T10:02:05.906+0000 7f67c6a00700 1 -- 172.21.15.17:0/3497411873 <== mon.0 v2:172.21.15.17:3300/0 1 ==== mon_map magic: 0 v1 ==== 205+0+0 (secure 0 0 0) 0x7f67b8004160 con 0x7f67c8107b50
2024-03-21T10:02:13.678 INFO:teuthology.orchestra.run.smithi017.stdout:/usr/bin/ceph: stderr
2024-03-21T10:02:05.906+0000 7f67c6a00700 1 -- 172.21.15.17:0/3497411873 <== mon.0 v2:172.21.15.17:3300/0 2 ==== config(27 keys) v1 ==== 1109+0+0 (secure 0 0 0) 0x7f67b8004300 con 0x7f67c8107b50
2024-03-21T10:02:13.678 INFO:teuthology.orchestra.run.smithi017.stdout:/usr/bin/ceph: stderr
2024-03-21T10:02:05.906+0000 7f67c6a00700 1 -- 172.21.15.17:0/3497411873 <== mon.0 v2:172.21.15.17:3300/0 3 ==== mon_map magic: 0 v1 ==== 205+0+0 (secure 0 0 0) 0x7f67b8011b50 con 0x7f67c8107b50
2024-03-21T10:02:13.678 INFO:teuthology.orchestra.run.smithi017.stdout:/usr/bin/ceph: stderr
2024-03-21T10:02:05.907+0000 7f67cf200700 1 -- 172.21.15.17:0/3497411873 >> [v2:172.21.15.17:3300/0,v1:172.21.15.17:6789/0] conn(0x7f67c8107b50 msgr2=0x7f67c8107f70 secure :-1 s=STATE_CONNECTION_ESTABLISHED l=1).mark_down
2024-03-21T10:02:13.679 INFO:teuthology.orchestra.run.smithi017.stdout:/usr/bin/ceph: stderr
2024-03-21T10:02:05.907+0000 7f67cf200700 1 --2- 172.21.15.17:0/3497411873 >> [v2:172.21.15.17:3300/0,v1:172.21.15.17:6789/0] conn(0x7f67c8107b50 0x7f67c8107f70 secure :-1 s=READY pgs=28 cs=0 l=1 rev1=1 crypto rx=0x7f67b80098a0 tx=0x7f67b8009bb0 comp rx=0 tx=0).stop
2024-03-21T10:02:13.679 INFO:teuthology.orchestra.run.smithi017.stdout:/usr/bin/ceph: stderr
2024-03-21T10:02:05.907+0000 7f67cf200700 1 -- 172.21.15.17:0/3497411873 shutdown_connections
2024-03-21T10:02:13.680 INFO:teuthology.orchestra.run.smithi017.stdout:/usr/bin/ceph: stderr
2024-03-21T10:02:05.907+0000 7f67cf200700 1 --2- 172.21.15.17:0/3497411873 >> [v2:172.21.15.17:3300/0,v1:172.21.15.17:6789/0] conn(0x7f67c8107b50 0x7f67c8107f70 unknown :-1 s=CLOSED pgs=28 cs=0 l=1 rev1=1 crypto rx=0 tx=0 comp rx=0 tx=0).stop
2024-03-21T10:02:13.680 INFO:teuthology.orchestra.run.smithi017.stdout:/usr/bin/ceph: stderr
2024-03-21T10:02:05.907+0000 7f67cf200700 1 -- 172.21.15.17:0/3497411873 >> 172.21.15.17:0/3497411873 conn(0x7f67c81030f0 msgr2=0x7f67c8105530 unknown :-1 s=STATE_NONE l=0).mark_down
2024-03-21T10:02:13.680 INFO:teuthology.orchestra.run.smithi017.stdout:/usr/bin/ceph: stderr
2024-03-21T10:02:05.907+0000 7f67cf200700 1 -- 172.21.15.17:0/3497411873 shutdown_connections
2024-03-21T10:02:13.680 INFO:teuthology.orchestra.run.smithi017.stdout:/usr/bin/ceph: stderr
2024-03-21T10:02:05.907+0000 7f67cf200700 1 -- 172.21.15.17:0/3497411873 wait complete.
2024-03-21T10:02:13.680 INFO:teuthology.orchestra.run.smithi017.stdout:/usr/bin/ceph: stderr
2024-03-21T10:02:05.908+0000 7f67cf200700 1 Processor -- start
2024-03-21T10:02:13.680 INFO:teuthology.orchestra.run.smithi017.stdout:/usr/bin/ceph: stderr
2024-03-21T10:02:05.909+0000 7f67cf200700 1 -- start start
2024-03-21T10:02:13.680 INFO:teuthology.orchestra.run.smithi017.stdout:/usr/bin/ceph: stderr
2024-03-21T10:02:05.909+0000 7f67cf200700 1 --2- >> [v2:172.21.15.17:3300/0,v1:172.21.15.17:6789/0] conn(0x7f67c8107b50 0x7f67c819bb50 unknown :-1 s=NONE pgs=0 cs=0 l=1 rev1=0 crypto rx=0 tx=0 comp rx=0 tx=0).connect
2024-03-21T10:02:13.681 INFO:teuthology.orchestra.run.smithi017.stdout:/usr/bin/ceph: stderr
2024-03-21T10:02:05.909+0000 7f67cf200700 1 -- --> [v2:172.21.15.17:3300/0,v1:172.21.15.17:6789/0] -- mon_getmap magic: 0 v1 -- 0x7f67c810c0b0 con 0x7f67c8107b50
2024-03-21T10:02:13.681 INFO:teuthology.orchestra.run.smithi017.stdout:/usr/bin/ceph: stderr
2024-03-21T10:02:05.909+0000 7f67c7e00700 1 --2- >> [v2:172.21.15.17:3300/0,v1:172.21.15.17:6789/0] conn(0x7f67c8107b50 0x7f67c819bb50 unknown :-1 s=BANNER_CONNECTING pgs=0 cs=0 l=1 rev1=0 crypto rx=0 tx=0 comp rx=0 tx=0)._handle_peer_banner_payload supported=3 required=0
2024-03-21T10:02:13.681 INFO:teuthology.orchestra.run.smithi017.stdout:/usr/bin/ceph: stderr
2024-03-21T10:02:05.909+0000 7f67c7e00700 1 --2- >> [v2:172.21.15.17:3300/0,v1:172.21.15.17:6789/0] conn(0x7f67c8107b50 0x7f67c819bb50 unknown :-1 s=HELLO_CONNECTING pgs=0 cs=0 l=1 rev1=1 crypto rx=0 tx=0 comp rx=0 tx=0).handle_hello peer v2:172.21.15.17:3300/0 says I am v2:172.21.15.17:59716/0 (socket says 172.21.15.17:59716)
2024-03-21T10:02:13.681 INFO:teuthology.orchestra.run.smithi017.stdout:/usr/bin/ceph: stderr
2024-03-21T10:02:05.909+0000 7f67c7e00700 1 -- 172.21.15.17:0/3893000885 learned_addr learned my addr 172.21.15.17:0/3893000885 (peer_addr_for_me v2:172.21.15.17:0/0)
2024-03-21T10:02:13.681 INFO:teuthology.orchestra.run.smithi017.stdout:/usr/bin/ceph: stderr
2024-03-21T10:02:05.910+0000 7f67c7e00700 1 -- 172.21.15.17:0/3893000885 --> [v2:172.21.15.17:3300/0,v1:172.21.15.17:6789/0] -- mon_subscribe({config=0+,monmap=0+}) v3 -- 0x7f67c819c090 con 0x7f67c8107b50
2024-03-21T10:02:13.683 INFO:teuthology.orchestra.run.smithi017.stdout:/usr/bin/ceph: stderr
2024-03-21T10:02:05.910+0000 7f67c7e00700 1 --2- 172.21.15.17:0/3893000885 >> [v2:172.21.15.17:3300/0,v1:172.21.15.17:6789/0] conn(0x7f67c8107b50 0x7f67c819bb50 secure :-1 s=READY pgs=29 cs=0 l=1 rev1=1 crypto rx=0x7f67b8011850 tx=0x7f67b8011c10 comp rx=0 tx=0).ready entity=mon.0 client_cookie=0 server_cookie=0 in_seq=0 out_seq=0
2024-03-21T10:02:13.683 INFO:teuthology.orchestra.run.smithi017.stdout:/usr/bin/ceph: stderr
2024-03-21T10:02:05.910+0000 7f67c4c00700 1 -- 172.21.15.17:0/3893000885 <== mon.0 v2:172.21.15.17:3300/0 1 ==== mon_map magic: 0 v1 ==== 205+0+0 (secure 0 0 0) 0x7f67b8003af0 con 0x7f67c8107b50
2024-03-21T10:02:13.683 INFO:teuthology.orchestra.run.smithi017.stdout:/usr/bin/ceph: stderr
2024-03-21T10:02:05.910+0000 7f67c4c00700 1 -- 172.21.15.17:0/3893000885 <== mon.0 v2:172.21.15.17:3300/0 2 ==== config(27 keys) v1 ==== 1109+0+0 (secure 0 0 0) 0x7f67b8020070 con 0x7f67c8107b50
2024-03-21T10:02:13.683 INFO:teuthology.orchestra.run.smithi017.stdout:/usr/bin/ceph: stderr
2024-03-21T10:02:05.910+0000 7f67c4c00700 1 -- 172.21.15.17:0/3893000885 <== mon.0 v2:172.21.15.17:3300/0 3 ==== mon_map magic: 0 v1 ==== 205+0+0 (secure 0 0 0) 0x7f67b80195a0 con 0x7f67c8107b50
2024-03-21T10:02:13.683 INFO:teuthology.orchestra.run.smithi017.stdout:/usr/bin/ceph: stderr
2024-03-21T10:02:05.910+0000 7f67cf200700 1 -- 172.21.15.17:0/3893000885 --> [v2:172.21.15.17:3300/0,v1:172.21.15.17:6789/0] -- mon_subscribe({mgrmap=0+}) v3 -- 0x7f67c819c320 con 0x7f67c8107b50
2024-03-21T10:02:13.684 INFO:teuthology.orchestra.run.smithi017.stdout:/usr/bin/ceph: stderr
2024-03-21T10:02:05.910+0000 7f67cf200700 1 -- 172.21.15.17:0/3893000885 --> [v2:172.21.15.17:3300/0,v1:172.21.15.17:6789/0] -- mon_subscribe({osdmap=0}) v3 -- 0x7f67c819f010 con 0x7f67c8107b50
2024-03-21T10:02:13.684 INFO:teuthology.orchestra.run.smithi017.stdout:/usr/bin/ceph: stderr
2024-03-21T10:02:05.912+0000 7f67c4c00700 1 -- 172.21.15.17:0/3893000885 <== mon.0 v2:172.21.15.17:3300/0 4 ==== mgrmap(e 5) v1 ==== 46294+0+0 (secure 0 0 0) 0x7f67b801a430 con 0x7f67c8107b50
2024-03-21T10:02:13.684 INFO:teuthology.orchestra.run.smithi017.stdout:/usr/bin/ceph: stderr
2024-03-21T10:02:05.912+0000 7f67c4c00700 1 --2- 172.21.15.17:0/3893000885 >> [v2:172.21.15.17:6800/648540489,v1:172.21.15.17:6801/648540489] conn(0x7f67ac039230 0x7f67ac03b6f0 unknown :-1 s=NONE pgs=0 cs=0 l=1 rev1=0 crypto rx=0 tx=0 comp rx=0 tx=0).connect
2024-03-21T10:02:13.684 INFO:teuthology.orchestra.run.smithi017.stdout:/usr/bin/ceph: stderr
2024-03-21T10:02:05.912+0000 7f67c4c00700 1 -- 172.21.15.17:0/3893000885 --> [v2:172.21.15.17:6800/648540489,v1:172.21.15.17:6801/648540489] -- command(tid 0: {"prefix": "get_command_descriptions"}) v1 -- 0x7f67ac03be00 con 0x7f67ac039230
2024-03-21T10:02:13.684 INFO:teuthology.orchestra.run.smithi017.stdout:/usr/bin/ceph: stderr
2024-03-21T10:02:05.913+0000 7f67c4c00700 1 -- 172.21.15.17:0/3893000885 <== mon.0 v2:172.21.15.17:3300/0 5 ==== osd_map(1..1 src has 1..1) v4 ==== 725+0+0 (secure 0 0 0) 0x7f67b8011e00 con 0x7f67c8107b50
2024-03-21T10:02:13.684 INFO:teuthology.orchestra.run.smithi017.stdout:/usr/bin/ceph: stderr
2024-03-21T10:02:05.913+0000 7f67c7400700 1 -- 172.21.15.17:0/3893000885 >> [v2:172.21.15.17:6800/648540489,v1:172.21.15.17:6801/648540489] conn(0x7f67ac039230 msgr2=0x7f67ac03b6f0 unknown :-1 s=STATE_CONNECTING_RE l=1).process reconnect failed to v2:172.21.15.17:6800/648540489
2024-03-21T10:02:13.684 INFO:teuthology.orchestra.run.smithi017.stdout:/usr/bin/ceph: stderr
2024-03-21T10:02:05.913+0000 7f67c7400700 1 --2- 172.21.15.17:0/3893000885 >> [v2:172.21.15.17:6800/648540489,v1:172.21.15.17:6801/648540489] conn(0x7f67ac039230 0x7f67ac03b6f0 unknown :-1 s=START_CONNECT pgs=0 cs=0 l=1 rev1=0 crypto rx=0 tx=0 comp rx=0 tx=0)._fault waiting 0.200000
2024-03-21T10:02:13.684 INFO:teuthology.orchestra.run.smithi017.stdout:/usr/bin/ceph: stderr
2024-03-21T10:02:06.114+0000 7f67c7400700 1 -- 172.21.15.17:0/3893000885 >> [v2:172.21.15.17:6800/648540489,v1:172.21.15.17:6801/648540489] conn(0x7f67ac039230 msgr2=0x7f67ac03b6f0 unknown :-1 s=STATE_CONNECTING_RE l=1).process reconnect failed to v2:172.21.15.17:6800/648540489
2024-03-21T10:02:13.684 INFO:teuthology.orchestra.run.smithi017.stdout:/usr/bin/ceph: stderr
2024-03-21T10:02:06.114+0000 7f67c7400700 1 --2- 172.21.15.17:0/3893000885 >> [v2:172.21.15.17:6800/648540489,v1:172.21.15.17:6801/648540489] conn(0x7f67ac039230 0x7f67ac03b6f0 unknown :-1 s=START_CONNECT pgs=0 cs=0 l=1 rev1=0 crypto rx=0 tx=0 comp rx=0 tx=0)._fault waiting 0.400000
2024-03-21T10:02:13.684 INFO:teuthology.orchestra.run.smithi017.stdout:/usr/bin/ceph: stderr
2024-03-21T10:02:06.515+0000 7f67c7400700 1 -- 172.21.15.17:0/3893000885 >> [v2:172.21.15.17:6800/648540489,v1:172.21.15.17:6801/648540489] conn(0x7f67ac039230 msgr2=0x7f67ac03b6f0 unknown :-1 s=STATE_CONNECTING_RE l=1).process reconnect failed to v2:172.21.15.17:6800/648540489
2024-03-21T10:02:13.684 INFO:teuthology.orchestra.run.smithi017.stdout:/usr/bin/ceph: stderr
2024-03-21T10:02:06.515+0000 7f67c7400700 1 --2- 172.21.15.17:0/3893000885 >> [v2:172.21.15.17:6800/648540489,v1:172.21.15.17:6801/648540489] conn(0x7f67ac039230 0x7f67ac03b6f0 unknown :-1 s=START_CONNECT pgs=0 cs=0 l=1 rev1=0 crypto rx=0 tx=0 comp rx=0 tx=0)._fault waiting 0.800000
2024-03-21T10:02:13.684 INFO:teuthology.orchestra.run.smithi017.stdout:/usr/bin/ceph: stderr
2024-03-21T10:02:07.316+0000 7f67c7400700 1 -- 172.21.15.17:0/3893000885 >> [v2:172.21.15.17:6800/648540489,v1:172.21.15.17:6801/648540489] conn(0x7f67ac039230 msgr2=0x7f67ac03b6f0 unknown :-1 s=STATE_CONNECTING_RE l=1).process reconnect failed to v2:172.21.15.17:6800/648540489
2024-03-21T10:02:13.684 INFO:teuthology.orchestra.run.smithi017.stdout:/usr/bin/ceph: stderr
2024-03-21T10:02:07.316+0000 7f67c7400700 1 --2- 172.21.15.17:0/3893000885 >> [v2:172.21.15.17:6800/648540489,v1:172.21.15.17:6801/648540489] conn(0x7f67ac039230 0x7f67ac03b6f0 unknown :-1 s=START_CONNECT pgs=0 cs=0 l=1 rev1=0 crypto rx=0 tx=0 comp rx=0 tx=0)._fault waiting 1.600000
2024-03-21T10:02:13.684 INFO:teuthology.orchestra.run.smithi017.stdout:/usr/bin/ceph: stderr
2024-03-21T10:02:08.918+0000 7f67c7400700 1 -- 172.21.15.17:0/3893000885 >> [v2:172.21.15.17:6800/648540489,v1:172.21.15.17:6801/648540489] conn(0x7f67ac039230 msgr2=0x7f67ac03b6f0 unknown :-1 s=STATE_CONNECTING_RE l=1).process reconnect failed to v2:172.21.15.17:6800/648540489
2024-03-21T10:02:13.684 INFO:teuthology.orchestra.run.smithi017.stdout:/usr/bin/ceph: stderr
2024-03-21T10:02:08.918+0000 7f67c7400700 1 --2- 172.21.15.17:0/3893000885 >> [v2:172.21.15.17:6800/648540489,v1:172.21.15.17:6801/648540489] conn(0x7f67ac039230 0x7f67ac03b6f0 unknown :-1 s=START_CONNECT pgs=0 cs=0 l=1 rev1=0 crypto rx=0 tx=0 comp rx=0 tx=0)._fault waiting 3.200000
2024-03-21T10:02:13.685 INFO:teuthology.orchestra.run.smithi017.stdout:/usr/bin/ceph: stderr
2024-03-21T10:02:12.015+0000 7f67c4c00700 1 -- 172.21.15.17:0/3893000885 <== mon.0 v2:172.21.15.17:3300/0 6 ==== mgrmap(e 6) v1 ==== 46061+0+0 (secure 0 0 0) 0x7f67b8024ca0 con 0x7f67c8107b50
2024-03-21T10:02:13.687 INFO:teuthology.orchestra.run.smithi017.stdout:/usr/bin/ceph: stderr
2024-03-21T10:02:12.015+0000 7f67c4c00700 1 -- 172.21.15.17:0/3893000885 >> [v2:172.21.15.17:6800/648540489,v1:172.21.15.17:6801/648540489] conn(0x7f67ac039230 msgr2=0x7f67ac03b6f0 unknown :-1 s=STATE_CONNECTING l=1).mark_down
2024-03-21T10:02:13.687 INFO:teuthology.orchestra.run.smithi017.stdout:/usr/bin/ceph: stderr
2024-03-21T10:02:12.015+0000 7f67c4c00700 1 --2- 172.21.15.17:0/3893000885 >> [v2:172.21.15.17:6800/648540489,v1:172.21.15.17:6801/648540489] conn(0x7f67ac039230 0x7f67ac03b6f0 unknown :-1 s=START_CONNECT pgs=0 cs=0 l=1 rev1=0 crypto rx=0 tx=0 comp rx=0 tx=0).stop
2024-03-21T10:02:13.687 INFO:teuthology.orchestra.run.smithi017.stdout:/usr/bin/ceph: stderr
2024-03-21T10:02:13.018+0000 7f67c4c00700 1 -- 172.21.15.17:0/3893000885 <== mon.0 v2:172.21.15.17:3300/0 7 ==== mgrmap(e 7) v1 ==== 46188+0+0 (secure 0 0 0) 0x7f67b8017ca0 con 0x7f67c8107b50
2024-03-21T10:02:13.687 INFO:teuthology.orchestra.run.smithi017.stdout:/usr/bin/ceph: stderr
2024-03-21T10:02:13.019+0000 7f67c4c00700 1 --2- 172.21.15.17:0/3893000885 >> [v2:172.21.15.17:6800/1177747783,v1:172.21.15.17:6801/1177747783] conn(0x7f67ac03cb50 0x7f67ac03ef40 unknown :-1 s=NONE pgs=0 cs=0 l=1 rev1=0 crypto rx=0 tx=0 comp rx=0 tx=0).connect
2024-03-21T10:02:13.687 INFO:teuthology.orchestra.run.smithi017.stdout:/usr/bin/ceph: stderr
2024-03-21T10:02:13.019+0000 7f67c4c00700 1 -- 172.21.15.17:0/3893000885 --> [v2:172.21.15.17:6800/1177747783,v1:172.21.15.17:6801/1177747783] -- command(tid 0: {"prefix": "get_command_descriptions"}) v1 -- 0x7f67ac03be00 con 0x7f67ac03cb50
2024-03-21T10:02:13.687 INFO:teuthology.orchestra.run.smithi017.stdout:/usr/bin/ceph: stderr
2024-03-21T10:02:13.020+0000 7f67c7400700 1 --2- 172.21.15.17:0/3893000885 >> [v2:172.21.15.17:6800/1177747783,v1:172.21.15.17:6801/1177747783] conn(0x7f67ac03cb50 0x7f67ac03ef40 unknown :-1 s=BANNER_CONNECTING pgs=0 cs=0 l=1 rev1=0 crypto rx=0 tx=0 comp rx=0 tx=0)._handle_peer_banner_payload supported=3 required=0
2024-03-21T10:02:13.687 INFO:teuthology.orchestra.run.smithi017.stdout:/usr/bin/ceph: stderr
2024-03-21T10:02:13.023+0000 7f67c7400700 1 --2- 172.21.15.17:0/3893000885 >> [v2:172.21.15.17:6800/1177747783,v1:172.21.15.17:6801/1177747783] conn(0x7f67ac03cb50 0x7f67ac03ef40 secure :-1 s=READY pgs=1 cs=0 l=1 rev1=1 crypto rx=0x7f67b4003a10 tx=0x7f67b40092b0 comp rx=0 tx=0).ready entity=mgr.14120 client_cookie=0 server_cookie=0 in_seq=0 out_seq=0
2024-03-21T10:02:13.688 INFO:teuthology.orchestra.run.smithi017.stdout:/usr/bin/ceph: stderr
2024-03-21T10:02:13.026+0000 7f67c4c00700 1 -- 172.21.15.17:0/3893000885 <== mgr.14120 v2:172.21.15.17:6800/1177747783 1 ==== command_reply(tid 0: 0 ) v1 ==== 8+0+7774 (secure 0 0 0) 0x7f67ac03be00 con 0x7f67ac03cb50
2024-03-21T10:02:13.688 INFO:teuthology.orchestra.run.smithi017.stdout:/usr/bin/ceph: stderr
2024-03-21T10:02:13.035+0000 7f67cf200700 1 -- 172.21.15.17:0/3893000885 --> [v2:172.21.15.17:6800/1177747783,v1:172.21.15.17:6801/1177747783] -- command(tid 1: {"prefix": "mgr_status"}) v1 -- 0x7f67c80637c0 con 0x7f67ac03cb50
2024-03-21T10:02:13.688 INFO:teuthology.orchestra.run.smithi017.stdout:/usr/bin/ceph: stderr
2024-03-21T10:02:13.035+0000 7f67c4c00700 1 -- 172.21.15.17:0/3893000885 <== mgr.14120 v2:172.21.15.17:6800/1177747783 2 ==== command_reply(tid 1: 0 ) v1 ==== 8+0+51 (secure 0 0 0) 0x7f67c80637c0 con 0x7f67ac03cb50
2024-03-21T10:02:13.688 INFO:teuthology.orchestra.run.smithi017.stdout:/usr/bin/ceph: stderr
2024-03-21T10:02:13.036+0000 7f67cf200700 1 -- 172.21.15.17:0/3893000885 >> [v2:172.21.15.17:6800/1177747783,v1:172.21.15.17:6801/1177747783] conn(0x7f67ac03cb50 msgr2=0x7f67ac03ef40 secure :-1 s=STATE_CONNECTION_ESTABLISHED l=1).mark_down
2024-03-21T10:02:13.688 INFO:teuthology.orchestra.run.smithi017.stdout:/usr/bin/ceph: stderr
2024-03-21T10:02:13.036+0000 7f67cf200700 1 --2- 172.21.15.17:0/3893000885 >> [v2:172.21.15.17:6800/1177747783,v1:172.21.15.17:6801/1177747783] conn(0x7f67ac03cb50 0x7f67ac03ef40 secure :-1 s=READY pgs=1 cs=0 l=1 rev1=1 crypto rx=0x7f67b4003a10 tx=0x7f67b40092b0 comp rx=0 tx=0).stop
2024-03-21T10:02:13.688 INFO:teuthology.orchestra.run.smithi017.stdout:/usr/bin/ceph: stderr
