2024-03-21T10:12:11.681+0000 7fc74cc00700 1 --2- >> [v2:172.21.15.47:3300/0,v1:172.21.15.47:6789/0] conn(0x7fc74807ce70 0x7fc74819d960 unknown :-1 s=HELLO_CONNECTING pgs=0 cs=0 l=1 rev1=1 crypto rx=0 tx=0 comp rx=0 tx=0).handle_hello peer v2:172.21.15.47:3300/0 says I am v2:172.21.15.47:60534/0 (socket says 172.21.15.47:60534)
2024-03-21T10:12:12.676 INFO:teuthology.orchestra.run.smithi047.stdout:/usr/bin/ceph: stderr
2024-03-21T10:12:11.681+0000 7fc74cc00700 1 -- 172.21.15.47:0/3607740136 learned_addr learned my addr 172.21.15.47:0/3607740136 (peer_addr_for_me v2:172.21.15.47:0/0)
2024-03-21T10:12:12.676 INFO:teuthology.orchestra.run.smithi047.stdout:/usr/bin/ceph: stderr
2024-03-21T10:12:11.681+0000 7fc74cc00700 1 -- 172.21.15.47:0/3607740136 --> [v2:172.21.15.47:3300/0,v1:172.21.15.47:6789/0] -- mon_subscribe({config=0+,monmap=0+}) v3 -- 0x7fc74819dea0 con 0x7fc74807ce70
2024-03-21T10:12:12.676 INFO:teuthology.orchestra.run.smithi047.stdout:/usr/bin/ceph: stderr
2024-03-21T10:12:11.682+0000 7fc74cc00700 1 --2- 172.21.15.47:0/3607740136 >> [v2:172.21.15.47:3300/0,v1:172.21.15.47:6789/0] conn(0x7fc74807ce70 0x7fc74819d960 secure :-1 s=READY pgs=52 cs=0 l=1 rev1=1 crypto rx=0x7fc73c004800 tx=0x7fc73c011ad0 comp rx=0 tx=0).ready entity=mon.0 client_cookie=0 server_cookie=0 in_seq=0 out_seq=0
2024-03-21T10:12:12.676 INFO:teuthology.orchestra.run.smithi047.stdout:/usr/bin/ceph: stderr
2024-03-21T10:12:11.682+0000 7fc745600700 1 -- 172.21.15.47:0/3607740136 <== mon.0 v2:172.21.15.47:3300/0 1 ==== mon_map magic: 0 v1 ==== 205+0+0 (secure 0 0 0) 0x7fc73c0039c0 con 0x7fc74807ce70
2024-03-21T10:12:12.676 INFO:teuthology.orchestra.run.smithi047.stdout:/usr/bin/ceph: stderr
2024-03-21T10:12:11.682+0000 7fc745600700 1 -- 172.21.15.47:0/3607740136 <== mon.0 v2:172.21.15.47:3300/0 2 ==== config(26 keys) v1 ==== 1102+0+0 (secure 0 0 0) 0x7fc73c003b60 con 0x7fc74807ce70
2024-03-21T10:12:12.677 INFO:teuthology.orchestra.run.smithi047.stdout:/usr/bin/ceph: stderr
2024-03-21T10:12:11.682+0000 7fc745600700 1 -- 172.21.15.47:0/3607740136 <== mon.0 v2:172.21.15.47:3300/0 3 ==== mon_map magic: 0 v1 ==== 205+0+0 (secure 0 0 0) 0x7fc73c0197a0 con 0x7fc74807ce70
2024-03-21T10:12:12.677 INFO:teuthology.orchestra.run.smithi047.stdout:/usr/bin/ceph: stderr
2024-03-21T10:12:11.682+0000 7fc74f600700 1 -- 172.21.15.47:0/3607740136 --> [v2:172.21.15.47:3300/0,v1:172.21.15.47:6789/0] -- mon_subscribe({mgrmap=0+}) v3 -- 0x7fc74819e130 con 0x7fc74807ce70
2024-03-21T10:12:12.677 INFO:teuthology.orchestra.run.smithi047.stdout:/usr/bin/ceph: stderr
2024-03-21T10:12:11.682+0000 7fc74f600700 1 -- 172.21.15.47:0/3607740136 --> [v2:172.21.15.47:3300/0,v1:172.21.15.47:6789/0] -- mon_subscribe({osdmap=0}) v3 -- 0x7fc7481a0e20 con 0x7fc74807ce70
2024-03-21T10:12:12.677 INFO:teuthology.orchestra.run.smithi047.stdout:/usr/bin/ceph: stderr
2024-03-21T10:12:11.684+0000 7fc745600700 1 -- 172.21.15.47:0/3607740136 <== mon.0 v2:172.21.15.47:3300/0 4 ==== mgrmap(e 8) v1 ==== 46294+0+0 (secure 0 0 0) 0x7fc73c01ab90 con 0x7fc74807ce70
2024-03-21T10:12:12.677 INFO:teuthology.orchestra.run.smithi047.stdout:/usr/bin/ceph: stderr
2024-03-21T10:12:11.684+0000 7fc74f600700 1 -- 172.21.15.47:0/3607740136 --> [v2:172.21.15.47:3300/0,v1:172.21.15.47:6789/0] -- mon_command({"prefix": "get_command_descriptions"} v 0) v1 -- 0x7fc7480637c0 con 0x7fc74807ce70
2024-03-21T10:12:12.677 INFO:teuthology.orchestra.run.smithi047.stdout:/usr/bin/ceph: stderr
2024-03-21T10:12:11.684+0000 7fc745600700 1 --2- 172.21.15.47:0/3607740136 >> [v2:172.21.15.47:6800/3836903972,v1:172.21.15.47:6801/3836903972] conn(0x7fc7300391d0 0x7fc73003b690 unknown :-1 s=NONE pgs=0 cs=0 l=1 rev1=0 crypto rx=0 tx=0 comp rx=0 tx=0).connect
2024-03-21T10:12:12.677 INFO:teuthology.orchestra.run.smithi047.stdout:/usr/bin/ceph: stderr
2024-03-21T10:12:11.684+0000 7fc745600700 1 -- 172.21.15.47:0/3607740136 <== mon.0 v2:172.21.15.47:3300/0 5 ==== osd_map(2..2 src has 1..2) v4 ==== 940+0+0 (secure 0 0 0) 0x7fc73c04d770 con 0x7fc74807ce70
2024-03-21T10:12:12.677 INFO:teuthology.orchestra.run.smithi047.stdout:/usr/bin/ceph: stderr
2024-03-21T10:12:11.685+0000 7fc747e00700 1 --2- 172.21.15.47:0/3607740136 >> [v2:172.21.15.47:6800/3836903972,v1:172.21.15.47:6801/3836903972] conn(0x7fc7300391d0 0x7fc73003b690 unknown :-1 s=BANNER_CONNECTING pgs=0 cs=0 l=1 rev1=0 crypto rx=0 tx=0 comp rx=0 tx=0)._handle_peer_banner_payload supported=3 required=0
2024-03-21T10:12:12.677 INFO:teuthology.orchestra.run.smithi047.stdout:/usr/bin/ceph: stderr
2024-03-21T10:12:11.685+0000 7fc747e00700 1 --2- 172.21.15.47:0/3607740136 >> [v2:172.21.15.47:6800/3836903972,v1:172.21.15.47:6801/3836903972] conn(0x7fc7300391d0 0x7fc73003b690 secure :-1 s=READY pgs=14 cs=0 l=1 rev1=1 crypto rx=0x7fc734006fd0 tx=0x7fc734006e40 comp rx=0 tx=0).ready entity=mgr.14120 client_cookie=0 server_cookie=0 in_seq=0 out_seq=0
2024-03-21T10:12:12.677 INFO:teuthology.orchestra.run.smithi047.stdout:/usr/bin/ceph: stderr
2024-03-21T10:12:11.690+0000 7fc745600700 1 -- 172.21.15.47:0/3607740136 <== mon.0 v2:172.21.15.47:3300/0 6 ==== mon_command_ack([{"prefix": "get_command_descriptions"}]=0 v0) v1 ==== 72+0+186149 (secure 0 0 0) 0x7fc73c00b5a0 con 0x7fc74807ce70
2024-03-21T10:12:12.677 INFO:teuthology.orchestra.run.smithi047.stdout:/usr/bin/ceph: stderr
2024-03-21T10:12:11.915+0000 7fc74f600700 1 -- 172.21.15.47:0/3607740136 --> [v2:172.21.15.47:3300/0,v1:172.21.15.47:6789/0] -- mon_command([{prefix=config set, name=mgr/cephadm/container_init}] v 0) v1 -- 0x7fc7481a13d0 con 0x7fc74807ce70
2024-03-21T10:12:12.678 INFO:teuthology.orchestra.run.smithi047.stdout:/usr/bin/ceph: stderr
2024-03-21T10:12:11.919+0000 7fc745600700 1 -- 172.21.15.47:0/3607740136 <== mon.0 v2:172.21.15.47:3300/0 7 ==== mon_command_ack([{prefix=config set, name=mgr/cephadm/container_init}]=0 v7)=0 v7) v1 ==== 142+0+0 (secure 0 0 0) 0x7fc73c04fc70 con 0x7fc74807ce70
2024-03-21T10:12:12.678 INFO:teuthology.orchestra.run.smithi047.stdout:/usr/bin/ceph: stderr
2024-03-21T10:12:11.924+0000 7fc74f600700 1 -- 172.21.15.47:0/3607740136 >> [v2:172.21.15.47:6800/3836903972,v1:172.21.15.47:6801/3836903972] conn(0x7fc7300391d0 msgr2=0x7fc73003b690 secure :-1 s=STATE_CONNECTION_ESTABLISHED l=1).mark_down
2024-03-21T10:12:12.678 INFO:teuthology.orchestra.run.smithi047.stdout:/usr/bin/ceph: stderr
2024-03-21T10:12:11.924+0000 7fc74f600700 1 --2- 172.21.15.47:0/3607740136 >> [v2:172.21.15.47:6800/3836903972,v1:172.21.15.47:6801/3836903972] conn(0x7fc7300391d0 0x7fc73003b690 secure :-1 s=READY pgs=14 cs=0 l=1 rev1=1 crypto rx=0x7fc734006fd0 tx=0x7fc734006e40 comp rx=0 tx=0).stop
2024-03-21T10:12:12.678 INFO:teuthology.orchestra.run.smithi047.stdout:/usr/bin/ceph: stderr
2024-03-21T10:12:11.924+0000 7fc74f600700 1 -- 172.21.15.47:0/3607740136 >> [v2:172.21.15.47:3300/0,v1:172.21.15.47:6789/0] conn(0x7fc74807ce70 msgr2=0x7fc74819d960 secure :-1 s=STATE_CONNECTION_ESTABLISHED l=1).mark_down
2024-03-21T10:12:12.678 INFO:teuthology.orchestra.run.smithi047.stdout:/usr/bin/ceph: stderr
2024-03-21T10:12:11.924+0000 7fc74f600700 1 --2- 172.21.15.47:0/3607740136 >> [v2:172.21.15.47:3300/0,v1:172.21.15.47:6789/0] conn(0x7fc74807ce70 0x7fc74819d960 secure :-1 s=READY pgs=52 cs=0 l=1 rev1=1 crypto rx=0x7fc73c004800 tx=0x7fc73c011ad0 comp rx=0 tx=0).stop
2024-03-21T10:12:12.678 INFO:teuthology.orchestra.run.smithi047.stdout:/usr/bin/ceph: stderr
2024-03-21T10:12:11.924+0000 7fc74f600700 1 -- 172.21.15.47:0/3607740136 shutdown_connections
2024-03-21T10:12:12.678 INFO:teuthology.orchestra.run.smithi047.stdout:/usr/bin/ceph: stderr
2024-03-21T10:12:11.924+0000 7fc74f600700 1 --2- 172.21.15.47:0/3607740136 >> [v2:172.21.15.47:6800/3836903972,v1:172.21.15.47:6801/3836903972] conn(0x7fc7300391d0 0x7fc73003b690 unknown :-1 s=CLOSED pgs=14 cs=0 l=1 rev1=1 crypto rx=0 tx=0 comp rx=0 tx=0).stop
2024-03-21T10:12:12.678 INFO:teuthology.orchestra.run.smithi047.stdout:/usr/bin/ceph: stderr
2024-03-21T10:12:11.924+0000 7fc74f600700 1 --2- 172.21.15.47:0/3607740136 >> [v2:172.21.15.47:3300/0,v1:172.21.15.47:6789/0] conn(0x7fc74807ce70 0x7fc74819d960 unknown :-1 s=CLOSED pgs=52 cs=0 l=1 rev1=1 crypto rx=0 tx=0 comp rx=0 tx=0).stop
2024-03-21T10:12:12.678 INFO:teuthology.orchestra.run.smithi047.stdout:/usr/bin/ceph: stderr
2024-03-21T10:12:11.924+0000 7fc74f600700 1 -- 172.21.15.47:0/3607740136 >> 172.21.15.47:0/3607740136 conn(0x7fc748102f50 msgr2=0x7fc748103a00 unknown :-1 s=STATE_NONE l=0).mark_down
2024-03-21T10:12:12.678 INFO:teuthology.orchestra.run.smithi047.stdout:/usr/bin/ceph: stderr
2024-03-21T10:12:11.924+0000 7fc74f600700 1 -- 172.21.15.47:0/3607740136 shutdown_connections
2024-03-21T10:12:12.678 INFO:teuthology.orchestra.run.smithi047.stdout:/usr/bin/ceph: stderr
2024-03-21T10:12:11.924+0000 7fc74f600700 1 -- 172.21.15.47:0/3607740136 wait complete.
2024-03-21T10:12:14.713 INFO:journalctl@ceph.mon.a.smithi047.stdout:Mar 21 10:12:14 smithi047 ceph-mon[31547]: from='client.? 172.21.15.47:0/763298035' entity='client.admin'
2024-03-21T10:12:14.713 INFO:journalctl@ceph.mon.a.smithi047.stdout:Mar 21 10:12:14 smithi047 ceph-mon[31547]: pgmap v5: 0 pgs: ; 0 B data, 0 B used, 0 B / 0 B avail
2024-03-21T10:12:14.785 INFO:teuthology.orchestra.run.smithi047.stdout:/usr/bin/ceph: stderr
2024-03-21T10:12:13.305+0000 7f336e600700 1 Processor -- start
2024-03-21T10:12:14.786 INFO:teuthology.orchestra.run.smithi047.stdout:/usr/bin/ceph: stderr
2024-03-21T10:12:13.306+0000 7f336e600700 1 -- start start
2024-03-21T10:12:14.786 INFO:teuthology.orchestra.run.smithi047.stdout:/usr/bin/ceph: stderr
2024-03-21T10:12:13.306+0000 7f336e600700 1 --2- >> [v2:172.21.15.47:3300/0,v1:172.21.15.47:6789/0] conn(0x7f3368106050 0x7f3368106470 unknown :-1 s=NONE pgs=0 cs=0 l=0 rev1=0 crypto rx=0 tx=0 comp rx=0 tx=0).connect
2024-03-21T10:12:14.786 INFO:teuthology.orchestra.run.smithi047.stdout:/usr/bin/ceph: stderr
2024-03-21T10:12:13.306+0000 7f336e600700 1 -- --> [v2:172.21.15.47:3300/0,v1:172.21.15.47:6789/0] -- mon_getmap magic: 0 v1 -- 0x7f336807ae10 con 0x7f3368106050
2024-03-21T10:12:14.786 INFO:teuthology.orchestra.run.smithi047.stdout:/usr/bin/ceph: stderr
2024-03-21T10:12:13.307+0000 7f336d200700 1 --2- >> [v2:172.21.15.47:3300/0,v1:172.21.15.47:6789/0] conn(0x7f3368106050 0x7f3368106470 unknown :-1 s=BANNER_CONNECTING pgs=0 cs=0 l=0 rev1=0 crypto rx=0 tx=0 comp rx=0 tx=0)._handle_peer_banner_payload supported=3 required=0
2024-03-21T10:12:14.787 INFO:teuthology.orchestra.run.smithi047.stdout:/usr/bin/ceph: stderr
2024-03-21T10:12:13.307+0000 7f336d200700 1 --2- >> [v2:172.21.15.47:3300/0,v1:172.21.15.47:6789/0] conn(0x7f3368106050 0x7f3368106470 unknown :-1 s=HELLO_CONNECTING pgs=0 cs=0 l=0 rev1=1 crypto rx=0 tx=0 comp rx=0 tx=0).handle_hello peer v2:172.21.15.47:3300/0 says I am v2:172.21.15.47:42110/0 (socket says 172.21.15.47:42110)
2024-03-21T10:12:14.787 INFO:teuthology.orchestra.run.smithi047.stdout:/usr/bin/ceph: stderr
2024-03-21T10:12:13.307+0000 7f336d200700 1 -- 172.21.15.47:0/55377126 learned_addr learned my addr 172.21.15.47:0/55377126 (peer_addr_for_me v2:172.21.15.47:0/0)
2024-03-21T10:12:14.788 INFO:teuthology.orchestra.run.smithi047.stdout:/usr/bin/ceph: stderr
2024-03-21T10:12:13.307+0000 7f336d200700 1 -- 172.21.15.47:0/55377126 --> [v2:172.21.15.47:3300/0,v1:172.21.15.47:6789/0] -- mon_subscribe({config=0+,monmap=0+}) v3 -- 0x7f33681069b0 con 0x7f3368106050
2024-03-21T10:12:14.788 INFO:teuthology.orchestra.run.smithi047.stdout:/usr/bin/ceph: stderr
2024-03-21T10:12:13.308+0000 7f336d200700 1 --2- 172.21.15.47:0/55377126 >> [v2:172.21.15.47:3300/0,v1:172.21.15.47:6789/0] conn(0x7f3368106050 0x7f3368106470 secure :-1 s=READY pgs=53 cs=0 l=1 rev1=1 crypto rx=0x7f335c0098a0 tx=0x7f335c009bb0 comp rx=0 tx=0).ready entity=mon.0 client_cookie=81d8b4466ce63ef7 server_cookie=0 in_seq=0 out_seq=0
2024-03-21T10:12:14.788 INFO:teuthology.orchestra.run.smithi047.stdout:/usr/bin/ceph: stderr
2024-03-21T10:12:13.308+0000 7f3367400700 1 -- 172.21.15.47:0/55377126 <== mon.0 v2:172.21.15.47:3300/0 1 ==== mon_map magic: 0 v1 ==== 205+0+0 (secure 0 0 0) 0x7f335c004160 con 0x7f3368106050
2024-03-21T10:12:14.788 INFO:teuthology.orchestra.run.smithi047.stdout:/usr/bin/ceph: stderr
2024-03-21T10:12:13.308+0000 7f3367400700 1 -- 172.21.15.47:0/55377126 <== mon.0 v2:172.21.15.47:3300/0 2 ==== config(26 keys) v1 ==== 1102+0+0 (secure 0 0 0) 0x7f335c004300 con 0x7f3368106050
2024-03-21T10:12:14.788 INFO:teuthology.orchestra.run.smithi047.stdout:/usr/bin/ceph: stderr
2024-03-21T10:12:13.308+0000 7f3367400700 1 -- 172.21.15.47:0/55377126 <== mon.0 v2:172.21.15.47:3300/0 3 ==== mon_map magic: 0 v1 ==== 205+0+0 (secure 0 0 0) 0x7f335c011a50 con 0x7f3368106050
2024-03-21T10:12:14.788 INFO:teuthology.orchestra.run.smithi047.stdout:/usr/bin/ceph: stderr
2024-03-21T10:12:13.309+0000 7f336e600700 1 -- 172.21.15.47:0/55377126 >> [v2:172.21.15.47:3300/0,v1:172.21.15.47:6789/0] conn(0x7f3368106050 msgr2=0x7f3368106470 secure :-1 s=STATE_CONNECTION_ESTABLISHED l=1).mark_down
2024-03-21T10:12:14.788 INFO:teuthology.orchestra.run.smithi047.stdout:/usr/bin/ceph: stderr
2024-03-21T10:12:13.309+0000 7f336e600700 1 --2- 172.21.15.47:0/55377126 >> [v2:172.21.15.47:3300/0,v1:172.21.15.47:6789/0] conn(0x7f3368106050 0x7f3368106470 secure :-1 s=READY pgs=53 cs=0 l=1 rev1=1 crypto rx=0x7f335c0098a0 tx=0x7f335c009bb0 comp rx=0 tx=0).stop
2024-03-21T10:12:14.789 INFO:teuthology.orchestra.run.smithi047.stdout:/usr/bin/ceph: stderr
2024-03-21T10:12:13.309+0000 7f336e600700 1 -- 172.21.15.47:0/55377126 shutdown_connections
2024-03-21T10:12:14.789 INFO:teuthology.orchestra.run.smithi047.stdout:/usr/bin/ceph: stderr
2024-03-21T10:12:13.309+0000 7f336e600700 1 --2- 172.21.15.47:0/55377126 >> [v2:172.21.15.47:3300/0,v1:172.21.15.47:6789/0] conn(0x7f3368106050 0x7f3368106470 unknown :-1 s=CLOSED pgs=53 cs=0 l=1 rev1=1 crypto rx=0 tx=0 comp rx=0 tx=0).stop
2024-03-21T10:12:14.789 INFO:teuthology.orchestra.run.smithi047.stdout:/usr/bin/ceph: stderr
2024-03-21T10:12:13.309+0000 7f336e600700 1 -- 172.21.15.47:0/55377126 >> 172.21.15.47:0/55377126 conn(0x7f3368101cb0 msgr2=0x7f33681040d0 unknown :-1 s=STATE_NONE l=0).mark_down
2024-03-21T10:12:14.791 INFO:teuthology.orchestra.run.smithi047.stdout:/usr/bin/ceph: stderr
2024-03-21T10:12:13.309+0000 7f336e600700 1 -- 172.21.15.47:0/55377126 shutdown_connections
2024-03-21T10:12:14.791 INFO:teuthology.orchestra.run.smithi047.stdout:/usr/bin/ceph: stderr
2024-03-21T10:12:13.309+0000 7f336e600700 1 -- 172.21.15.47:0/55377126 wait complete.
2024-03-21T10:12:14.791 INFO:teuthology.orchestra.run.smithi047.stdout:/usr/bin/ceph: stderr
2024-03-21T10:12:13.310+0000 7f336e600700 1 Processor -- start
2024-03-21T10:12:14.792 INFO:teuthology.orchestra.run.smithi047.stdout:/usr/bin/ceph: stderr
2024-03-21T10:12:13.310+0000 7f336e600700 1 -- start start
2024-03-21T10:12:14.792 INFO:teuthology.orchestra.run.smithi047.stdout:/usr/bin/ceph: stderr
2024-03-21T10:12:13.311+0000 7f336e600700 1 --2- >> [v2:172.21.15.47:3300/0,v1:172.21.15.47:6789/0] conn(0x7f3368106050 0x7f336819d7d0 unknown :-1 s=NONE pgs=0 cs=0 l=1 rev1=0 crypto rx=0 tx=0 comp rx=0 tx=0).connect
2024-03-21T10:12:14.792 INFO:teuthology.orchestra.run.smithi047.stdout:/usr/bin/ceph: stderr
2024-03-21T10:12:13.311+0000 7f336e600700 1 -- --> [v2:172.21.15.47:3300/0,v1:172.21.15.47:6789/0] -- mon_getmap magic: 0 v1 -- 0x7f3368107a20 con 0x7f3368106050
2024-03-21T10:12:14.792 INFO:teuthology.orchestra.run.smithi047.stdout:/usr/bin/ceph: stderr
2024-03-21T10:12:13.311+0000 7f336d200700 1 --2- >> [v2:172.21.15.47:3300/0,v1:172.21.15.47:6789/0] conn(0x7f3368106050 0x7f336819d7d0 unknown :-1 s=BANNER_CONNECTING pgs=0 cs=0 l=1 rev1=0 crypto rx=0 tx=0 comp rx=0 tx=0)._handle_peer_banner_payload supported=3 required=0
2024-03-21T10:12:14.792 INFO:teuthology.orchestra.run.smithi047.stdout:/usr/bin/ceph: stderr
2024-03-21T10:12:13.311+0000 7f336d200700 1 --2- >> [v2:172.21.15.47:3300/0,v1:172.21.15.47:6789/0] conn(0x7f3368106050 0x7f336819d7d0 unknown :-1 s=HELLO_CONNECTING pgs=0 cs=0 l=1 rev1=1 crypto rx=0 tx=0 comp rx=0 tx=0).handle_hello peer v2:172.21.15.47:3300/0 says I am v2:172.21.15.47:42120/0 (socket says 172.21.15.47:42120)
2024-03-21T10:12:14.792 INFO:teuthology.orchestra.run.smithi047.stdout:/usr/bin/ceph: stderr
2024-03-21T10:12:13.311+0000 7f336d200700 1 -- 172.21.15.47:0/763298035 learned_addr learned my addr 172.21.15.47:0/763298035 (peer_addr_for_me v2:172.21.15.47:0/0)
2024-03-21T10:12:14.792 INFO:teuthology.orchestra.run.smithi047.stdout:/usr/bin/ceph: stderr
2024-03-21T10:12:13.311+0000 7f336d200700 1 -- 172.21.15.47:0/763298035 --> [v2:172.21.15.47:3300/0,v1:172.21.15.47:6789/0] -- mon_subscribe({config=0+,monmap=0+}) v3 -- 0x7f336819dd10 con 0x7f3368106050
2024-03-21T10:12:14.792 INFO:teuthology.orchestra.run.smithi047.stdout:/usr/bin/ceph: stderr
2024-03-21T10:12:13.312+0000 7f336d200700 1 --2- 172.21.15.47:0/763298035 >> [v2:172.21.15.47:3300/0,v1:172.21.15.47:6789/0] conn(0x7f3368106050 0x7f336819d7d0 secure :-1 s=READY pgs=54 cs=0 l=1 rev1=1 crypto rx=0x7f335c011a20 tx=0x7f335c011b00 comp rx=0 tx=0).ready entity=mon.0 client_cookie=0 server_cookie=0 in_seq=0 out_seq=0
2024-03-21T10:12:14.792 INFO:teuthology.orchestra.run.smithi047.stdout:/usr/bin/ceph: stderr
2024-03-21T10:12:13.312+0000 7f3365600700 1 -- 172.21.15.47:0/763298035 <== mon.0 v2:172.21.15.47:3300/0 1 ==== mon_map magic: 0 v1 ==== 205+0+0 (secure 0 0 0) 0x7f335c0039c0 con 0x7f3368106050
2024-03-21T10:12:14.792 INFO:teuthology.orchestra.run.smithi047.stdout:/usr/bin/ceph: stderr
2024-03-21T10:12:13.312+0000 7f3365600700 1 -- 172.21.15.47:0/763298035 <== mon.0 v2:172.21.15.47:3300/0 2 ==== config(26 keys) v1 ==== 1102+0+0 (secure 0 0 0) 0x7f335c003b60 con 0x7f3368106050
2024-03-21T10:12:14.792 INFO:teuthology.orchestra.run.smithi047.stdout:/usr/bin/ceph: stderr
2024-03-21T10:12:13.312+0000 7f3365600700 1 -- 172.21.15.47:0/763298035 <== mon.0 v2:172.21.15.47:3300/0 3 ==== mon_map magic: 0 v1 ==== 205+0+0 (secure 0 0 0) 0x7f335c01a6b0 con 0x7f3368106050
2024-03-21T10:12:14.792 INFO:teuthology.orchestra.run.smithi047.stdout:/usr/bin/ceph: stderr
2024-03-21T10:12:13.312+0000 7f336e600700 1 -- 172.21.15.47:0/763298035 --> [v2:172.21.15.47:3300/0,v1:172.21.15.47:6789/0] -- mon_subscribe({mgrmap=0+}) v3 -- 0x7f336819dfa0 con 0x7f3368106050
2024-03-21T10:12:14.793 INFO:teuthology.orchestra.run.smithi047.stdout:/usr/bin/ceph: stderr
2024-03-21T10:12:13.312+0000 7f336e600700 1 -- 172.21.15.47:0/763298035 --> [v2:172.21.15.47:3300/0,v1:172.21.15.47:6789/0] -- mon_subscribe({osdmap=0}) v3 -- 0x7f33681a0c90 con 0x7f3368106050
2024-03-21T10:12:14.793 INFO:teuthology.orchestra.run.smithi047.stdout:/usr/bin/ceph: stderr
2024-03-21T10:12:13.314+0000 7f3365600700 1 -- 172.21.15.47:0/763298035 <== mon.0 v2:172.21.15.47:3300/0 4 ==== mgrmap(e 8) v1 ==== 46294+0+0 (secure 0 0 0) 0x7f335c024430 con 0x7f3368106050
2024-03-21T10:12:14.793 INFO:teuthology.orchestra.run.smithi047.stdout:/usr/bin/ceph: stderr
2024-03-21T10:12:13.314+0000 7f336e600700 1 -- 172.21.15.47:0/763298035 --> [v2:172.21.15.47:3300/0,v1:172.21.15.47:6789/0] -- mon_command({"prefix": "get_command_descriptions"} v 0) v1 -- 0x7f33680637c0 con 0x7f3368106050
2024-03-21T10:12:14.793 INFO:teuthology.orchestra.run.smithi047.stdout:/usr/bin/ceph: stderr
2024-03-21T10:12:13.314+0000 7f3365600700 1 --2- 172.21.15.47:0/763298035 >> [v2:172.21.15.47:6800/3836903972,v1:172.21.15.47:6801/3836903972] conn(0x7f3350039240 0x7f335003b700 unknown :-1 s=NONE pgs=0 cs=0 l=1 rev1=0 crypto rx=0 tx=0 comp rx=0 tx=0).connect
2024-03-21T10:12:14.793 INFO:teuthology.orchestra.run.smithi047.stdout:/usr/bin/ceph: stderr
2024-03-21T10:12:13.314+0000 7f3365600700 1 -- 172.21.15.47:0/763298035 <== mon.0 v2:172.21.15.47:3300/0 5 ==== osd_map(2..2 src has 1..2) v4 ==== 940+0+0 (secure 0 0 0) 0x7f335c04d860 con 0x7f3368106050
2024-03-21T10:12:14.793 INFO:teuthology.orchestra.run.smithi047.stdout:/usr/bin/ceph: stderr
2024-03-21T10:12:13.315+0000 7f3367e00700 1 --2- 172.21.15.47:0/763298035 >> [v2:172.21.15.47:6800/3836903972,v1:172.21.15.47:6801/3836903972] conn(0x7f3350039240 0x7f335003b700 unknown :-1 s=BANNER_CONNECTING pgs=0 cs=0 l=1 rev1=0 crypto rx=0 tx=0 comp rx=0 tx=0)._handle_peer_banner_payload supported=3 required=0
2024-03-21T10:12:14.793 INFO:teuthology.orchestra.run.smithi047.stdout:/usr/bin/ceph: stderr
2024-03-21T10:12:13.315+0000 7f3367e00700 1 --2- 172.21.15.47:0/763298035 >> [v2:172.21.15.47:6800/3836903972,v1:172.21.15.47:6801/3836903972] conn(0x7f3350039240 0x7f335003b700 secure :-1 s=READY pgs=15 cs=0 l=1 rev1=1 crypto rx=0x7f3354006fd0 tx=0x7f3354006e40 comp rx=0 tx=0).ready entity=mgr.14120 client_cookie=0 server_cookie=0 in_seq=0 out_seq=0
2024-03-21T10:12:14.793 INFO:teuthology.orchestra.run.smithi047.stdout:/usr/bin/ceph: stderr
2024-03-21T10:12:13.321+0000 7f3365600700 1 -- 172.21.15.47:0/763298035 <== mon.0 v2:172.21.15.47:3300/0 6 ==== mon_command_ack([{"prefix": "get_command_descriptions"}]=0 v0) v1 ==== 72+0+186149 (secure 0 0 0) 0x7f335c024720 con 0x7f3368106050
2024-03-21T10:12:14.795 INFO:teuthology.orchestra.run.smithi047.stdout:/usr/bin/ceph: stderr
2024-03-21T10:12:13.549+0000 7f336e600700 1 -- 172.21.15.47:0/763298035 --> [v2:172.21.15.47:3300/0,v1:172.21.15.47:6789/0] -- mon_command([{prefix=config set, name=mgr/dashboard/ssl_server_port}] v 0) v1 -- 0x7f336802dc30 con 0x7f3368106050
2024-03-21T10:12:14.795 INFO:teuthology.orchestra.run.smithi047.stdout:/usr/bin/ceph: stderr
2024-03-21T10:12:13.555+0000 7f3365600700 1 -- 172.21.15.47:0/763298035 <== mon.0 v2:172.21.15.47:3300/0 7 ==== mon_command_ack([{prefix=config set, name=mgr/dashboard/ssl_server_port}]=0 v8)=0 v8) v1 ==== 130+0+0 (secure 0 0 0) 0x7f335c04d1b0 con 0x7f3368106050
2024-03-21T10:12:14.795 INFO:teuthology.orchestra.run.smithi047.stdout:/usr/bin/ceph: stderr
2024-03-21T10:12:13.558+0000 7f336e600700 1 -- 172.21.15.47:0/763298035 >> [v2:172.21.15.47:6800/3836903972,v1:172.21.15.47:6801/3836903972] conn(0x7f3350039240 msgr2=0x7f335003b700 secure :-1 s=STATE_CONNECTION_ESTABLISHED l=1).mark_down
2024-03-21T10:12:14.795 INFO:teuthology.orchestra.run.smithi047.stdout:/usr/bin/ceph: stderr
2024-03-21T10:12:13.558+0000 7f336e600700 1 --2- 172.21.15.47:0/763298035 >> [v2:172.21.15.47:6800/3836903972,v1:172.21.15.47:6801/3836903972] conn(0x7f3350039240 0x7f335003b700 secure :-1 s=READY pgs=15 cs=0 l=1 rev1=1 crypto rx=0x7f3354006fd0 tx=0x7f3354006e40 comp rx=0 tx=0).stop
2024-03-21T10:12:14.795 INFO:teuthology.orchestra.run.smithi047.stdout:/usr/bin/ceph: stderr
2024-03-21T10:12:13.558+0000 7f336e600700 1 -- 172.21.15.47:0/763298035 >> [v2:172.21.15.47:3300/0,v1:172.21.15.47:6789/0] conn(0x7f3368106050 msgr2=0x7f336819d7d0 secure :-1 s=STATE_CONNECTION_ESTABLISHED l=1).mark_down
2024-03-21T10:12:14.795 INFO:teuthology.orchestra.run.smithi047.stdout:/usr/bin/ceph: stderr
2024-03-21T10:12:13.558+0000 7f336e600700 1 --2- 172.21.15.47:0/763298035 >> [v2:172.21.15.47:3300/0,v1:172.21.15.47:6789/0] conn(0x7f3368106050 0x7f336819d7d0 secure :-1 s=READY pgs=54 cs=0 l=1 rev1=1 crypto rx=0x7f335c011a20 tx=0x7f335c011b00 comp rx=0 tx=0).stop
2024-03-21T10:12:14.795 INFO:teuthology.orchestra.run.smithi047.stdout:/usr/bin/ceph: stderr
2024-03-21T10:12:13.558+0000 7f336e600700 1 -- 172.21.15.47:0/763298035 shutdown_connections
2024-03-21T10:12:14.795 INFO:teuthology.orchestra.run.smithi047.stdout:/usr/bin/ceph: stderr
2024-03-21T10:12:13.558+0000 7f336e600700 1 --2- 172.21.15.47:0/763298035 >> [v2:172.21.15.47:6800/3836903972,v1:172.21.15.47:6801/3836903972] conn(0x7f3350039240 0x7f335003b700 unknown :-1 s=CLOSED pgs=15 cs=0 l=1 rev1=1 crypto rx=0 tx=0 comp rx=0 tx=0).stop
2024-03-21T10:12:14.795 INFO:teuthology.orchestra.run.smithi047.stdout:/usr/bin/ceph: stderr
2024-03-21T10:12:13.559+0000 7f336e600700 1 --2- 172.21.15.47:0/763298035 >> [v2:172.21.15.47:3300/0,v1:172.21.15.47:6789/0] conn(0x7f3368106050 0x7f336819d7d0 unknown :-1 s=CLOSED pgs=54 cs=0 l=1 rev1=1 crypto rx=0 tx=0 comp rx=0 tx=0).stop
2024-03-21T10:12:14.795 INFO:teuthology.orchestra.run.smithi047.stdout:/usr/bin/ceph: stderr
2024-03-21T10:12:13.559+0000 7f336e600700 1 -- 172.21.15.47:0/763298035 >> 172.21.15.47:0/763298035 conn(0x7f3368101cb0 msgr2=0x7f3368194470 unknown :-1 s=STATE_NONE l=0).mark_down
2024-03-21T10:12:14.795 INFO:teuthology.orchestra.run.smithi047.stdout:/usr/bin/ceph: stderr
2024-03-21T10:12:13.559+0000 7f336e600700 1 -- 172.21.15.47:0/763298035 shutdown_connections
2024-03-21T10:12:14.796 INFO:teuthology.orchestra.run.smithi047.stdout:/usr/bin/ceph: stderr
2024-03-21T10:12:13.559+0000 7f336e600700 1 -- 172.21.15.47:0/763298035 wait complete.
2024-03-21T10:12:14.796 INFO:teuthology.orchestra.run.smithi047.stdout:Enabling the dashboard module...
2024-03-21T10:12:15.691 INFO:journalctl@ceph.mon.a.smithi047.stdout:Mar 21 10:12:15 smithi047 ceph-mon[31547]: from='mgr.14120 172.21.15.47:0/2543639975' entity='mgr.x'
2024-03-21T10:12:16.904 INFO:journalctl@ceph.mgr.x.smithi047.stdout:Mar 21 10:12:16 smithi047 ceph-3056d51a-e76b-11ee-95cd-87774f69a715-mgr-x[31773]: ignoring --setuser ceph since I am not root
2024-03-21T10:12:16.904 INFO:journalctl@ceph.mgr.x.smithi047.stdout:Mar 21 10:12:16 smithi047 ceph-3056d51a-e76b-11ee-95cd-87774f69a715-mgr-x[31773]: ignoring --setgroup ceph since I am not root
2024-03-21T10:12:16.904 INFO:journalctl@ceph.mon.a.smithi047.stdout:Mar 21 10:12:16 smithi047 ceph-mon[31547]: from='client.? 172.21.15.47:0/3062997849' entity='client.admin' cmd=[{"prefix": "mgr module enable", "module": "dashboard"}]: dispatch
2024-03-21T10:12:16.904 INFO:journalctl@ceph.mon.a.smithi047.stdout:Mar 21 10:12:16 smithi047 ceph-mon[31547]: pgmap v6: 0 pgs: ; 0 B data, 0 B used, 0 B / 0 B avail
2024-03-21T10:12:17.333 INFO:teuthology.orchestra.run.smithi047.stdout:/usr/bin/ceph: stderr
2024-03-21T10:12:15.359+0000 7fdcd0600700 1 Processor -- start
2024-03-21T10:12:17.334 INFO:teuthology.orchestra.run.smithi047.stdout:/usr/bin/ceph: stderr
2024-03-21T10:12:15.359+0000 7fdcd0600700 1 -- start start
2024-03-21T10:12:17.334 INFO:teuthology.orchestra.run.smithi047.stdout:/usr/bin/ceph: stderr
2024-03-21T10:12:15.359+0000 7fdcd0600700 1 --2- >> [v2:172.21.15.47:3300/0,v1:172.21.15.47:6789/0] conn(0x7fdcc8108320 0x7fdcc810a710 unknown :-1 s=NONE pgs=0 cs=0 l=0 rev1=0 crypto rx=0 tx=0 comp rx=0 tx=0).connect
2024-03-21T10:12:17.334 INFO:teuthology.orchestra.run.smithi047.stdout:/usr/bin/ceph: stderr
2024-03-21T10:12:15.359+0000 7fdcd0600700 1 -- --> [v2:172.21.15.47:3300/0,v1:172.21.15.47:6789/0] -- mon_getmap magic: 0 v1 -- 0x7fdcc807ae50 con 0x7fdcc8108320
2024-03-21T10:12:17.334 INFO:teuthology.orchestra.run.smithi047.stdout:/usr/bin/ceph: stderr
2024-03-21T10:12:15.360+0000 7fdccdc00700 1 --2- >> [v2:172.21.15.47:3300/0,v1:172.21.15.47:6789/0] conn(0x7fdcc8108320 0x7fdcc810a710 unknown :-1 s=BANNER_CONNECTING pgs=0 cs=0 l=0 rev1=0 crypto rx=0 tx=0 comp rx=0 tx=0)._handle_peer_banner_payload supported=3 required=0
2024-03-21T10:12:17.334 INFO:teuthology.orchestra.run.smithi047.stdout:/usr/bin/ceph: stderr
2024-03-21T10:12:15.360+0000 7fdccdc00700 1 --2- >> [v2:172.21.15.47:3300/0,v1:172.21.15.47:6789/0] conn(0x7fdcc8108320 0x7fdcc810a710 unknown :-1 s=HELLO_CONNECTING pgs=0 cs=0 l=0 rev1=1 crypto rx=0 tx=0 comp rx=0 tx=0).handle_hello peer v2:172.21.15.47:3300/0 says I am v2:172.21.15.47:42136/0 (socket says 172.21.15.47:42136)
2024-03-21T10:12:17.334 INFO:teuthology.orchestra.run.smithi047.stdout:/usr/bin/ceph: stderr
2024-03-21T10:12:15.360+0000 7fdccdc00700 1 -- 172.21.15.47:0/3446135484 learned_addr learned my addr 172.21.15.47:0/3446135484 (peer_addr_for_me v2:172.21.15.47:0/0)
2024-03-21T10:12:17.334 INFO:teuthology.orchestra.run.smithi047.stdout:/usr/bin/ceph: stderr
2024-03-21T10:12:15.360+0000 7fdccdc00700 1 -- 172.21.15.47:0/3446135484 --> [v2:172.21.15.47:3300/0,v1:172.21.15.47:6789/0] -- mon_subscribe({config=0+,monmap=0+}) v3 -- 0x7fdcc810ac50 con 0x7fdcc8108320
2024-03-21T10:12:17.334 INFO:teuthology.orchestra.run.smithi047.stdout:/usr/bin/ceph: stderr
2024-03-21T10:12:15.361+0000 7fdccdc00700 1 --2- 172.21.15.47:0/3446135484 >> [v2:172.21.15.47:3300/0,v1:172.21.15.47:6789/0] conn(0x7fdcc8108320 0x7fdcc810a710 secure :-1 s=READY pgs=55 cs=0 l=1 rev1=1 crypto rx=0x7fdcbc0098a0 tx=0x7fdcbc009bb0 comp rx=0 tx=0).ready entity=mon.0 client_cookie=4a0c8907d1bfc538 server_cookie=0 in_seq=0 out_seq=0
2024-03-21T10:12:17.334 INFO:teuthology.orchestra.run.smithi047.stdout:/usr/bin/ceph: stderr
2024-03-21T10:12:15.361+0000 7fdcc7e00700 1 -- 172.21.15.47:0/3446135484 <== mon.0 v2:172.21.15.47:3300/0 1 ==== mon_map magic: 0 v1 ==== 205+0+0 (secure 0 0 0) 0x7fdcbc004160 con 0x7fdcc8108320
2024-03-21T10:12:17.334 INFO:teuthology.orchestra.run.smithi047.stdout:/usr/bin/ceph: stderr
2024-03-21T10:12:15.361+0000 7fdcc7e00700 1 -- 172.21.15.47:0/3446135484 <== mon.0 v2:172.21.15.47:3300/0 2 ==== config(26 keys) v1 ==== 1102+0+0 (secure 0 0 0) 0x7fdcbc004300 con 0x7fdcc8108320
2024-03-21T10:12:17.334 INFO:teuthology.orchestra.run.smithi047.stdout:/usr/bin/ceph: stderr
2024-03-21T10:12:15.361+0000 7fdcc7e00700 1 -- 172.21.15.47:0/3446135484 <== mon.0 v2:172.21.15.47:3300/0 3 ==== mon_map magic: 0 v1 ==== 205+0+0 (secure 0 0 0) 0x7fdcbc011a50 con 0x7fdcc8108320
2024-03-21T10:12:17.334 INFO:teuthology.orchestra.run.smithi047.stdout:/usr/bin/ceph: stderr
2024-03-21T10:12:15.362+0000 7fdcd0600700 1 -- 172.21.15.47:0/3446135484 >> [v2:172.21.15.47:3300/0,v1:172.21.15.47:6789/0] conn(0x7fdcc8108320 msgr2=0x7fdcc810a710 secure :-1 s=STATE_CONNECTION_ESTABLISHED l=1).mark_down
2024-03-21T10:12:17.335 INFO:teuthology.orchestra.run.smithi047.stdout:/usr/bin/ceph: stderr
2024-03-21T10:12:15.362+0000 7fdcd0600700 1 --2- 172.21.15.47:0/3446135484 >> [v2:172.21.15.47:3300/0,v1:172.21.15.47:6789/0] conn(0x7fdcc8108320 0x7fdcc810a710 secure :-1 s=READY pgs=55 cs=0 l=1 rev1=1 crypto rx=0x7fdcbc0098a0 tx=0x7fdcbc009bb0 comp rx=0 tx=0).stop
2024-03-21T10:12:17.335 INFO:teuthology.orchestra.run.smithi047.stdout:/usr/bin/ceph: stderr
2024-03-21T10:12:15.362+0000 7fdcd0600700 1 -- 172.21.15.47:0/3446135484 shutdown_connections
2024-03-21T10:12:17.335 INFO:teuthology.orchestra.run.smithi047.stdout:/usr/bin/ceph: stderr
2024-03-21T10:12:15.362+0000 7fdcd0600700 1 --2- 172.21.15.47:0/3446135484 >> [v2:172.21.15.47:3300/0,v1:172.21.15.47:6789/0] conn(0x7fdcc8108320 0x7fdcc810a710 unknown :-1 s=CLOSED pgs=55 cs=0 l=1 rev1=1 crypto rx=0 tx=0 comp rx=0 tx=0).stop
2024-03-21T10:12:17.335 INFO:teuthology.orchestra.run.smithi047.stdout:/usr/bin/ceph: stderr
2024-03-21T10:12:15.362+0000 7fdcd0600700 1 -- 172.21.15.47:0/3446135484 >> 172.21.15.47:0/3446135484 conn(0x7fdcc8101e30 msgr2=0x7fdcc8104250 unknown :-1 s=STATE_NONE l=0).mark_down
2024-03-21T10:12:17.335 INFO:teuthology.orchestra.run.smithi047.stdout:/usr/bin/ceph: stderr
2024-03-21T10:12:15.362+0000 7fdcd0600700 1 -- 172.21.15.47:0/3446135484 shutdown_connections
2024-03-21T10:12:17.335 INFO:teuthology.orchestra.run.smithi047.stdout:/usr/bin/ceph: stderr
2024-03-21T10:12:15.362+0000 7fdcd0600700 1 -- 172.21.15.47:0/3446135484 wait complete.
2024-03-21T10:12:17.335 INFO:teuthology.orchestra.run.smithi047.stdout:/usr/bin/ceph: stderr
2024-03-21T10:12:15.363+0000 7fdcd0600700 1 Processor -- start
2024-03-21T10:12:17.335 INFO:teuthology.orchestra.run.smithi047.stdout:/usr/bin/ceph: stderr
2024-03-21T10:12:15.363+0000 7fdcd0600700 1 -- start start
2024-03-21T10:12:17.335 INFO:teuthology.orchestra.run.smithi047.stdout:/usr/bin/ceph: stderr
2024-03-21T10:12:15.364+0000 7fdcd0600700 1 --2- >> [v2:172.21.15.47:3300/0,v1:172.21.15.47:6789/0] conn(0x7fdcc8108320 0x7fdcc8107ba0 unknown :-1 s=NONE pgs=0 cs=0 l=1 rev1=0 crypto rx=0 tx=0 comp rx=0 tx=0).connect
2024-03-21T10:12:17.335 INFO:teuthology.orchestra.run.smithi047.stdout:/usr/bin/ceph: stderr
2024-03-21T10:12:15.364+0000 7fdcd0600700 1 -- --> [v2:172.21.15.47:3300/0,v1:172.21.15.47:6789/0] -- mon_getmap magic: 0 v1 -- 0x7fdcc810bc50 con 0x7fdcc8108320
2024-03-21T10:12:17.335 INFO:teuthology.orchestra.run.smithi047.stdout:/usr/bin/ceph: stderr
2024-03-21T10:12:15.364+0000 7fdccdc00700 1 --2- >> [v2:172.21.15.47:3300/0,v1:172.21.15.47:6789/0] conn(0x7fdcc8108320 0x7fdcc8107ba0 unknown :-1 s=BANNER_CONNECTING pgs=0 cs=0 l=1 rev1=0 crypto rx=0 tx=0 comp rx=0 tx=0)._handle_peer_banner_payload supported=3 required=0
2024-03-21T10:12:17.335 INFO:teuthology.orchestra.run.smithi047.stdout:/usr/bin/ceph: stderr
2024-03-21T10:12:15.364+0000 7fdccdc00700 1 --2- >> [v2:172.21.15.47:3300/0,v1:172.21.15.47:6789/0] conn(0x7fdcc8108320 0x7fdcc8107ba0 unknown :-1 s=HELLO_CONNECTING pgs=0 cs=0 l=1 rev1=1 crypto rx=0 tx=0 comp rx=0 tx=0).handle_hello peer v2:172.21.15.47:3300/0 says I am v2:172.21.15.47:42150/0 (socket says 172.21.15.47:42150)
2024-03-21T10:12:17.335 INFO:teuthology.orchestra.run.smithi047.stdout:/usr/bin/ceph: stderr
2024-03-21T10:12:15.364+0000 7fdccdc00700 1 -- 172.21.15.47:0/3062997849 learned_addr learned my addr 172.21.15.47:0/3062997849 (peer_addr_for_me v2:172.21.15.47:0/0)
2024-03-21T10:12:17.336 INFO:teuthology.orchestra.run.smithi047.stdout:/usr/bin/ceph: stderr
2024-03-21T10:12:15.364+0000 7fdccdc00700 1 -- 172.21.15.47:0/3062997849 --> [v2:172.21.15.47:3300/0,v1:172.21.15.47:6789/0] -- mon_subscribe({config=0+,monmap=0+}) v3 -- 0x7fdcc81080e0 con 0x7fdcc8108320
2024-03-21T10:12:17.336 INFO:teuthology.orchestra.run.smithi047.stdout:/usr/bin/ceph: stderr
2024-03-21T10:12:15.365+0000 7fdccdc00700 1 --2- 172.21.15.47:0/3062997849 >> [v2:172.21.15.47:3300/0,v1:172.21.15.47:6789/0] conn(0x7fdcc8108320 0x7fdcc8107ba0 secure :-1 s=READY pgs=56 cs=0 l=1 rev1=1 crypto rx=0x7fdcbc011a00 tx=0x7fdcbc011ae0 comp rx=0 tx=0).ready entity=mon.0 client_cookie=0 server_cookie=0 in_seq=0 out_seq=0
2024-03-21T10:12:17.336 INFO:teuthology.orchestra.run.smithi047.stdout:/usr/bin/ceph: stderr
2024-03-21T10:12:15.365+0000 7fdcc6000700 1 -- 172.21.15.47:0/3062997849 <== mon.0 v2:172.21.15.47:3300/0 1 ==== mon_map magic: 0 v1 ==== 205+0+0 (secure 0 0 0) 0x7fdcbc003af0 con 0x7fdcc8108320
2024-03-21T10:12:17.336 INFO:teuthology.orchestra.run.smithi047.stdout:/usr/bin/ceph: stderr
2024-03-21T10:12:15.365+0000 7fdcc6000700 1 -- 172.21.15.47:0/3062997849 <== mon.0 v2:172.21.15.47:3300/0 2 ==== config(26 keys) v1 ==== 1102+0+0 (secure 0 0 0) 0x7fdcbc01a8e0 con 0x7fdcc8108320
2024-03-21T10:12:17.336 INFO:teuthology.orchestra.run.smithi047.stdout:/usr/bin/ceph: stderr
2024-03-21T10:12:15.365+0000 7fdcc6000700 1 -- 172.21.15.47:0/3062997849 <== mon.0 v2:172.21.15.47:3300/0 3 ==== mon_map magic: 0 v1 ==== 205+0+0 (secure 0 0 0) 0x7fdcbc024840 con 0x7fdcc8108320
2024-03-21T10:12:17.336 INFO:teuthology.orchestra.run.smithi047.stdout:/usr/bin/ceph: stderr
2024-03-21T10:12:15.365+0000 7fdcd0600700 1 -- 172.21.15.47:0/3062997849 --> [v2:172.21.15.47:3300/0,v1:172.21.15.47:6789/0] -- mon_subscribe({mgrmap=0+}) v3 -- 0x7fdcc81062d0 con 0x7fdcc8108320
2024-03-21T10:12:17.336 INFO:teuthology.orchestra.run.smithi047.stdout:/usr/bin/ceph: stderr
2024-03-21T10:12:15.365+0000 7fdcd0600700 1 -- 172.21.15.47:0/3062997849 --> [v2:172.21.15.47:3300/0,v1:172.21.15.47:6789/0] -- mon_subscribe({osdmap=0}) v3 -- 0x7fdcc8106810 con 0x7fdcc8108320
2024-03-21T10:12:17.336 INFO:teuthology.orchestra.run.smithi047.stdout:/usr/bin/ceph: stderr
2024-03-21T10:12:15.366+0000 7fdcc6000700 1 -- 172.21.15.47:0/3062997849 <== mon.0 v2:172.21.15.47:3300/0 4 ==== mgrmap(e 8) v1 ==== 46294+0+0 (secure 0 0 0) 0x7fdcbc022020 con 0x7fdcc8108320
2024-03-21T10:12:17.336 INFO:teuthology.orchestra.run.smithi047.stdout:/usr/bin/ceph: stderr
2024-03-21T10:12:15.366+0000 7fdcd0600700 1 -- 172.21.15.47:0/3062997849 --> [v2:172.21.15.47:3300/0,v1:172.21.15.47:6789/0] -- mon_command({"prefix": "get_command_descriptions"} v 0) v1 -- 0x7fdcc80637c0 con 0x7fdcc8108320
2024-03-21T10:12:17.336 INFO:teuthology.orchestra.run.smithi047.stdout:/usr/bin/ceph: stderr
2024-03-21T10:12:15.367+0000 7fdcc6000700 1 --2- 172.21.15.47:0/3062997849 >> [v2:172.21.15.47:6800/3836903972,v1:172.21.15.47:6801/3836903972] conn(0x7fdcb0039180 0x7fdcb003b640 unknown :-1 s=NONE pgs=0 cs=0 l=1 rev1=0 crypto rx=0 tx=0 comp rx=0 tx=0).connect
2024-03-21T10:12:17.336 INFO:teuthology.orchestra.run.smithi047.stdout:/usr/bin/ceph: stderr
2024-03-21T10:12:15.367+0000 7fdcc6000700 1 -- 172.21.15.47:0/3062997849 <== mon.0 v2:172.21.15.47:3300/0 5 ==== osd_map(2..2 src has 1..2) v4 ==== 940+0+0 (secure 0 0 0) 0x7fdcbc04d480 con 0x7fdcc8108320
2024-03-21T10:12:17.336 INFO:teuthology.orchestra.run.smithi047.stdout:/usr/bin/ceph: stderr
2024-03-21T10:12:15.367+0000 7fdccd200700 1 --2- 172.21.15.47:0/3062997849 >> [v2:172.21.15.47:6800/3836903972,v1:172.21.15.47:6801/3836903972] conn(0x7fdcb0039180 0x7fdcb003b640 unknown :-1 s=BANNER_CONNECTING pgs=0 cs=0 l=1 rev1=0 crypto rx=0 tx=0 comp rx=0 tx=0)._handle_peer_banner_payload supported=3 required=0
2024-03-21T10:12:17.336 INFO:teuthology.orchestra.run.smithi047.stdout:/usr/bin/ceph: stderr
2024-03-21T10:12:15.368+0000 7fdccd200700 1 --2- 172.21.15.47:0/3062997849 >> [v2:172.21.15.47:6800/3836903972,v1:172.21.15.47:6801/3836903972] conn(0x7fdcb0039180 0x7fdcb003b640 secure :-1 s=READY pgs=16 cs=0 l=1 rev1=1 crypto rx=0x7fdcb4006fd0 tx=0x7fdcb4006e40 comp rx=0 tx=0).ready entity=mgr.14120 client_cookie=0 server_cookie=0 in_seq=0 out_seq=0
2024-03-21T10:12:17.336 INFO:teuthology.orchestra.run.smithi047.stdout:/usr/bin/ceph: stderr
2024-03-21T10:12:15.372+0000 7fdcc6000700 1 -- 172.21.15.47:0/3062997849 <== mon.0 v2:172.21.15.47:3300/0 6 ==== mon_command_ack([{"prefix": "get_command_descriptions"}]=0 v0) v1 ==== 72+0+186149 (secure 0 0 0) 0x7fdcbc016260 con 0x7fdcc8108320
2024-03-21T10:12:17.336 INFO:teuthology.orchestra.run.smithi047.stdout:/usr/bin/ceph: stderr
2024-03-21T10:12:15.689+0000 7fdcd0600700 1 -- 172.21.15.47:0/3062997849 --> [v2:172.21.15.47:3300/0,v1:172.21.15.47:6789/0] -- mon_command({"prefix": "mgr module enable", "module": "dashboard"} v 0) v1 -- 0x7fdcc8106a90 con 0x7fdcc8108320
2024-03-21T10:12:17.337 INFO:teuthology.orchestra.run.smithi047.stdout:/usr/bin/ceph: stderr
2024-03-21T10:12:16.570+0000 7fdcc6000700 1 -- 172.21.15.47:0/3062997849 <== mon.0 v2:172.21.15.47:3300/0 7 ==== mon_command_ack([{"prefix": "mgr module enable", "module": "dashboard"}]=0 v9) v1 ==== 88+0+0 (secure 0 0 0) 0x7fdcbc02ad90 con 0x7fdcc8108320
2024-03-21T10:12:17.337 INFO:teuthology.orchestra.run.smithi047.stdout:/usr/bin/ceph: stderr
2024-03-21T10:12:16.574+0000 7fdcc6000700 1 -- 172.21.15.47:0/3062997849 <== mon.0 v2:172.21.15.47:3300/0 8 ==== mgrmap(e 9) v1 ==== 46307+0+0 (secure 0 0 0) 0x7fdcbc02c350 con 0x7fdcc8108320
2024-03-21T10:12:17.337 INFO:teuthology.orchestra.run.smithi047.stdout:/usr/bin/ceph: stderr
2024-03-21T10:12:16.575+0000 7fdcd0600700 1 -- 172.21.15.47:0/3062997849 >> [v2:172.21.15.47:6800/3836903972,v1:172.21.15.47:6801/3836903972] conn(0x7fdcb0039180 msgr2=0x7fdcb003b640 secure :-1 s=STATE_CONNECTION_ESTABLISHED l=1).mark_down
2024-03-21T10:12:17.337 INFO:teuthology.orchestra.run.smithi047.stdout:/usr/bin/ceph: stderr
2024-03-21T10:12:16.575+0000 7fdcd0600700 1 --2- 172.21.15.47:0/3062997849 >> [v2:172.21.15.47:6800/3836903972,v1:172.21.15.47:6801/3836903972] conn(0x7fdcb0039180 0x7fdcb003b640 secure :-1 s=READY pgs=16 cs=0 l=1 rev1=1 crypto rx=0x7fdcb4006fd0 tx=0x7fdcb4006e40 comp rx=0 tx=0).stop
2024-03-21T10:12:17.337 INFO:teuthology.orchestra.run.smithi047.stdout:/usr/bin/ceph: stderr
2024-03-21T10:12:16.575+0000 7fdcd0600700 1 -- 172.21.15.47:0/3062997849 >> [v2:172.21.15.47:3300/0,v1:172.21.15.47:6789/0] conn(0x7fdcc8108320 msgr2=0x7fdcc8107ba0 secure :-1 s=STATE_CONNECTION_ESTABLISHED l=1).mark_down
2024-03-21T10:12:17.337 INFO:teuthology.orchestra.run.smithi047.stdout:/usr/bin/ceph: stderr
2024-03-21T10:12:16.575+0000 7fdcd0600700 1 --2- 172.21.15.47:0/3062997849 >> [v2:172.21.15.47:3300/0,v1:172.21.15.47:6789/0] conn(0x7fdcc8108320 0x7fdcc8107ba0 secure :-1 s=READY pgs=56 cs=0 l=1 rev1=1 crypto rx=0x7fdcbc011a00 tx=0x7fdcbc011ae0 comp rx=0 tx=0).stop
2024-03-21T10:12:17.337 INFO:teuthology.orchestra.run.smithi047.stdout:/usr/bin/ceph: stderr
2024-03-21T10:12:16.575+0000 7fdcd0600700 1 -- 172.21.15.47:0/3062997849 shutdown_connections
2024-03-21T10:12:17.337 INFO:teuthology.orchestra.run.smithi047.stdout:/usr/bin/ceph: stderr
2024-03-21T10:12:16.575+0000 7fdcd0600700 1 --2- 172.21.15.47:0/3062997849 >> [v2:172.21.15.47:6800/3836903972,v1:172.21.15.47:6801/3836903972] conn(0x7fdcb0039180 0x7fdcb003b640 unknown :-1 s=CLOSED pgs=16 cs=0 l=1 rev1=1 crypto rx=0 tx=0 comp rx=0 tx=0).stop
2024-03-21T10:12:17.337 INFO:teuthology.orchestra.run.smithi047.stdout:/usr/bin/ceph: stderr
2024-03-21T10:12:16.575+0000 7fdcd0600700 1 --2- 172.21.15.47:0/3062997849 >> [v2:172.21.15.47:3300/0,v1:172.21.15.47:6789/0] conn(0x7fdcc8108320 0x7fdcc8107ba0 unknown :-1 s=CLOSED pgs=56 cs=0 l=1 rev1=1 crypto rx=0 tx=0 comp rx=0 tx=0).stop
2024-03-21T10:12:17.337 INFO:teuthology.orchestra.run.smithi047.stdout:/usr/bin/ceph: stderr
2024-03-21T10:12:16.575+0000 7fdcd0600700 1 -- 172.21.15.47:0/3062997849 >> 172.21.15.47:0/3062997849 conn(0x7fdcc8101e30 msgr2=0x7fdcc8102910 unknown :-1 s=STATE_NONE l=0).mark_down
2024-03-21T10:12:17.337 INFO:teuthology.orchestra.run.smithi047.stdout:/usr/bin/ceph: stderr
2024-03-21T10:12:16.576+0000 7fdcd0600700 1 -- 172.21.15.47:0/3062997849 shutdown_connections
2024-03-21T10:12:17.337 INFO:teuthology.orchestra.run.smithi047.stdout:/usr/bin/ceph: stderr
2024-03-21T10:12:16.576+0000 7fdcd0600700 1 -- 172.21.15.47:0/3062997849 wait complete.
2024-03-21T10:12:17.571 INFO:journalctl@ceph.mgr.x.smithi047.stdout:Mar 21 10:12:17 smithi047 ceph-3056d51a-e76b-11ee-95cd-87774f69a715-mgr-x[31773]:
2024-03-21T10:12:17.484+0000 7fc45f223200 -1 mgr[py] Module osd_perf_query has missing NOTIFY_TYPES member
2024-03-21T10:12:17.879 INFO:journalctl@ceph.mgr.x.smithi047.stdout:Mar 21 10:12:17 smithi047 ceph-3056d51a-e76b-11ee-95cd-87774f69a715-mgr-x[31773]:
2024-03-21T10:12:17.609+0000 7fc45f223200 -1 mgr[py] Module snap_schedule has missing NOTIFY_TYPES member
2024-03-21T10:12:17.879 INFO:journalctl@ceph.mon.a.smithi047.stdout:Mar 21 10:12:17 smithi047 ceph-mon[31547]: from='client.? 172.21.15.47:0/3062997849' entity='client.admin' cmd='[{"prefix": "mgr module enable", "module": "dashboard"}]': finished
2024-03-21T10:12:17.879 INFO:journalctl@ceph.mon.a.smithi047.stdout:Mar 21 10:12:17 smithi047 ceph-mon[31547]: mgrmap e9: x(active, since 26s)
2024-03-21T10:12:18.572 INFO:journalctl@ceph.mgr.x.smithi047.stdout:Mar 21 10:12:18 smithi047 ceph-3056d51a-e76b-11ee-95cd-87774f69a715-mgr-x[31773]:
2024-03-21T10:12:18.448+0000 7fc45f223200 -1 mgr[py] Module zabbix has missing NOTIFY_TYPES member
2024-03-21T10:12:18.910 INFO:journalctl@ceph.mon.a.smithi047.stdout:Mar 21 10:12:18 smithi047 ceph-mon[31547]: from='client.? 172.21.15.47:0/1924186141' entity='client.admin' cmd=[{"prefix": "mgr stat"}]: dispatch
2024-03-21T10:12:18.910 INFO:journalctl@ceph.mgr.x.smithi047.stdout:Mar 21 10:12:18 smithi047 ceph-3056d51a-e76b-11ee-95cd-87774f69a715-mgr-x[31773]:
2024-03-21T10:12:18.578+0000 7fc45f223200 -1 mgr[py] Module balancer has missing NOTIFY_TYPES member
2024-03-21T10:12:18.910 INFO:journalctl@ceph.mgr.x.smithi047.stdout:Mar 21 10:12:18 smithi047 ceph-3056d51a-e76b-11ee-95cd-87774f69a715-mgr-x[31773]:
2024-03-21T10:12:18.773+0000 7fc45f223200 -1 mgr[py] Module influx has missing NOTIFY_TYPES member
2024-03-21T10:12:18.910 INFO:journalctl@ceph.mgr.x.smithi047.stdout:Mar 21 10:12:18 smithi047 ceph-3056d51a-e76b-11ee-95cd-87774f69a715-mgr-x[31773]:
2024-03-21T10:12:18.908+0000 7fc45f223200 -1 mgr[py] Module alerts has missing NOTIFY_TYPES member
2024-03-21T10:12:19.159 INFO:teuthology.orchestra.run.smithi047.stdout:/usr/bin/ceph: stdout {
2024-03-21T10:12:19.160 INFO:teuthology.orchestra.run.smithi047.stdout:/usr/bin/ceph: stdout "epoch": 9,
2024-03-21T10:12:19.160 INFO:teuthology.orchestra.run.smithi047.stdout:/usr/bin/ceph: stdout "available": true,
2024-03-21T10:12:19.160 INFO:teuthology.orchestra.run.smithi047.stdout:/usr/bin/ceph: stdout "active_name": "x",
2024-03-21T10:12:19.160 INFO:teuthology.orchestra.run.smithi047.stdout:/usr/bin/ceph: stdout "num_standby": 0
2024-03-21T10:12:19.160 INFO:teuthology.orchestra.run.smithi047.stdout:/usr/bin/ceph: stdout }
2024-03-21T10:12:19.166 INFO:teuthology.orchestra.run.smithi047.stdout:/usr/bin/ceph: stderr
2024-03-21T10:12:18.032+0000 7f1efee00700 1 Processor -- start
2024-03-21T10:12:19.166 INFO:teuthology.orchestra.run.smithi047.stdout:/usr/bin/ceph: stderr
2024-03-21T10:12:18.032+0000 7f1efee00700 1 -- start start
2024-03-21T10:12:19.166 INFO:teuthology.orchestra.run.smithi047.stdout:/usr/bin/ceph: stderr
2024-03-21T10:12:18.033+0000 7f1efee00700 1 --2- >> [v2:172.21.15.47:3300/0,v1:172.21.15.47:6789/0] conn(0x7f1ef807ce30 0x7f1ef807b2e0 unknown :-1 s=NONE pgs=0 cs=0 l=0 rev1=0 crypto rx=0 tx=0 comp rx=0 tx=0).connect
2024-03-21T10:12:19.167 INFO:teuthology.orchestra.run.smithi047.stdout:/usr/bin/ceph: stderr
2024-03-21T10:12:18.033+0000 7f1efee00700 1 -- --> [v2:172.21.15.47:3300/0,v1:172.21.15.47:6789/0] -- mon_getmap magic: 0 v1 -- 0x7f1ef807b8b0 con 0x7f1ef807ce30
2024-03-21T10:12:19.167 INFO:teuthology.orchestra.run.smithi047.stdout:/usr/bin/ceph: stderr
2024-03-21T10:12:18.033+0000 7f1ef7e00700 1 --2- >> [v2:172.21.15.47:3300/0,v1:172.21.15.47:6789/0] conn(0x7f1ef807ce30 0x7f1ef807b2e0 unknown :-1 s=BANNER_CONNECTING pgs=0 cs=0 l=0 rev1=0 crypto rx=0 tx=0 comp rx=0 tx=0)._handle_peer_banner_payload supported=3 required=0
2024-03-21T10:12:19.167 INFO:teuthology.orchestra.run.smithi047.stdout:/usr/bin/ceph: stderr
2024-03-21T10:12:18.033+0000 7f1ef7e00700 1 --2- >> [v2:172.21.15.47:3300/0,v1:172.21.15.47:6789/0] conn(0x7f1ef807ce30 0x7f1ef807b2e0 unknown :-1 s=HELLO_CONNECTING pgs=0 cs=0 l=0 rev1=1 crypto rx=0 tx=0 comp rx=0 tx=0).handle_hello peer v2:172.21.15.47:3300/0 says I am v2:172.21.15.47:42180/0 (socket says 172.21.15.47:42180)
2024-03-21T10:12:19.167 INFO:teuthology.orchestra.run.smithi047.stdout:/usr/bin/ceph: stderr
2024-03-21T10:12:18.033+0000 7f1ef7e00700 1 -- 172.21.15.47:0/707325388 learned_addr learned my addr 172.21.15.47:0/707325388 (peer_addr_for_me v2:172.21.15.47:0/0)
2024-03-21T10:12:19.167 INFO:teuthology.orchestra.run.smithi047.stdout:/usr/bin/ceph: stderr
2024-03-21T10:12:18.034+0000 7f1ef7e00700 1 -- 172.21.15.47:0/707325388 --> [v2:172.21.15.47:3300/0,v1:172.21.15.47:6789/0] -- mon_subscribe({config=0+,monmap=0+}) v3 -- 0x7f1ef807ba30 con 0x7f1ef807ce30
2024-03-21T10:12:19.167 INFO:teuthology.orchestra.run.smithi047.stdout:/usr/bin/ceph: stderr
2024-03-21T10:12:18.034+0000 7f1ef7e00700 1 --2- 172.21.15.47:0/707325388 >> [v2:172.21.15.47:3300/0,v1:172.21.15.47:6789/0] conn(0x7f1ef807ce30 0x7f1ef807b2e0 secure :-1 s=READY pgs=59 cs=0 l=1 rev1=1 crypto rx=0x7f1ee80098a0 tx=0x7f1ee8009bb0 comp rx=0 tx=0).ready entity=mon.0 client_cookie=fcb4edb9a1f6fcd server_cookie=0 in_seq=0 out_seq=0
2024-03-21T10:12:19.167 INFO:teuthology.orchestra.run.smithi047.stdout:/usr/bin/ceph: stderr
2024-03-21T10:12:18.034+0000 7f1ef6a00700 1 -- 172.21.15.47:0/707325388 <== mon.0 v2:172.21.15.47:3300/0 1 ==== mon_map magic: 0 v1 ==== 205+0+0 (secure 0 0 0) 0x7f1ee8004160 con 0x7f1ef807ce30
2024-03-21T10:12:19.167 INFO:teuthology.orchestra.run.smithi047.stdout:/usr/bin/ceph: stderr
2024-03-21T10:12:18.034+0000 7f1ef6a00700 1 -- 172.21.15.47:0/707325388 <== mon.0 v2:172.21.15.47:3300/0 2 ==== config(26 keys) v1 ==== 1102+0+0 (secure 0 0 0) 0x7f1ee8004300 con 0x7f1ef807ce30
2024-03-21T10:12:19.167 INFO:teuthology.orchestra.run.smithi047.stdout:/usr/bin/ceph: stderr
2024-03-21T10:12:18.034+0000 7f1ef6a00700 1 -- 172.21.15.47:0/707325388 <== mon.0 v2:172.21.15.47:3300/0 3 ==== mon_map magic: 0 v1 ==== 205+0+0 (secure 0 0 0) 0x7f1ee8011a50 con 0x7f1ef807ce30
2024-03-21T10:12:19.167 INFO:teuthology.orchestra.run.smithi047.stdout:/usr/bin/ceph: stderr
2024-03-21T10:12:18.035+0000 7f1efee00700 1 -- 172.21.15.47:0/707325388 >> [v2:172.21.15.47:3300/0,v1:172.21.15.47:6789/0] conn(0x7f1ef807ce30 msgr2=0x7f1ef807b2e0 secure :-1 s=STATE_CONNECTION_ESTABLISHED l=1).mark_down
2024-03-21T10:12:19.167 INFO:teuthology.orchestra.run.smithi047.stdout:/usr/bin/ceph: stderr
2024-03-21T10:12:18.035+0000 7f1efee00700 1 --2- 172.21.15.47:0/707325388 >> [v2:172.21.15.47:3300/0,v1:172.21.15.47:6789/0] conn(0x7f1ef807ce30 0x7f1ef807b2e0 secure :-1 s=READY pgs=59 cs=0 l=1 rev1=1 crypto rx=0x7f1ee80098a0 tx=0x7f1ee8009bb0 comp rx=0 tx=0).stop
2024-03-21T10:12:19.167 INFO:teuthology.orchestra.run.smithi047.stdout:/usr/bin/ceph: stderr
2024-03-21T10:12:18.035+0000 7f1efee00700 1 -- 172.21.15.47:0/707325388 shutdown_connections
2024-03-21T10:12:19.167 INFO:teuthology.orchestra.run.smithi047.stdout:/usr/bin/ceph: stderr
2024-03-21T10:12:18.035+0000 7f1efee00700 1 --2- 172.21.15.47:0/707325388 >> [v2:172.21.15.47:3300/0,v1:172.21.15.47:6789/0] conn(0x7f1ef807ce30 0x7f1ef807b2e0 unknown :-1 s=CLOSED pgs=59 cs=0 l=1 rev1=1 crypto rx=0 tx=0 comp rx=0 tx=0).stop
2024-03-21T10:12:19.167 INFO:teuthology.orchestra.run.smithi047.stdout:/usr/bin/ceph: stderr
2024-03-21T10:12:18.035+0000 7f1efee00700 1 -- 172.21.15.47:0/707325388 >> 172.21.15.47:0/707325388 conn(0x7f1ef8102f50 msgr2=0x7f1ef8105370 unknown :-1 s=STATE_NONE l=0).mark_down
2024-03-21T10:12:19.167 INFO:teuthology.orchestra.run.smithi047.stdout:/usr/bin/ceph: stderr
2024-03-21T10:12:18.035+0000 7f1efee00700 1 -- 172.21.15.47:0/707325388 shutdown_connections
2024-03-21T10:12:19.168 INFO:teuthology.orchestra.run.smithi047.stdout:/usr/bin/ceph: stderr
2024-03-21T10:12:18.035+0000 7f1efee00700 1 -- 172.21.15.47:0/707325388 wait complete.
2024-03-21T10:12:19.168 INFO:teuthology.orchestra.run.smithi047.stdout:/usr/bin/ceph: stderr
2024-03-21T10:12:18.036+0000 7f1efee00700 1 Processor -- start
2024-03-21T10:12:19.168 INFO:teuthology.orchestra.run.smithi047.stdout:/usr/bin/ceph: stderr
2024-03-21T10:12:18.036+0000 7f1efee00700 1 -- start start
2024-03-21T10:12:19.168 INFO:teuthology.orchestra.run.smithi047.stdout:/usr/bin/ceph: stderr
