2024-03-21T10:11:51.714 INFO:journalctl@ceph.mon.a.smithi047.stdout:Mar 21 10:11:51 smithi047 ceph-mon[31547]: from='mgr.14120 172.21.15.47:0/2543639975' entity='mgr.x' cmd=[{"prefix":"config rm","who":"mgr","name":"mgr/rbd_support/x/trash_purge_schedule"}]: dispatch
2024-03-21T10:11:51.714 INFO:journalctl@ceph.mon.a.smithi047.stdout:Mar 21 10:11:51 smithi047 ceph-mon[31547]: from='mgr.14120 172.21.15.47:0/2543639975' entity='mgr.x'
2024-03-21T10:11:51.714 INFO:journalctl@ceph.mon.a.smithi047.stdout:Mar 21 10:11:51 smithi047 ceph-mon[31547]: from='mgr.14120 172.21.15.47:0/2543639975' entity='mgr.x'
2024-03-21T10:11:51.714 INFO:journalctl@ceph.mon.a.smithi047.stdout:Mar 21 10:11:51 smithi047 ceph-mon[31547]: from='client.14124 -' entity='client.admin' cmd=[{"prefix": "get_command_descriptions"}]: dispatch
2024-03-21T10:11:51.714 INFO:journalctl@ceph.mon.a.smithi047.stdout:Mar 21 10:11:51 smithi047 ceph-mon[31547]: mgrmap e7: x(active, since 1.01674s)
2024-03-21T10:11:52.124 INFO:teuthology.orchestra.run.smithi047.stdout:/usr/bin/ceph: stdout {
2024-03-21T10:11:52.125 INFO:teuthology.orchestra.run.smithi047.stdout:/usr/bin/ceph: stdout "mgrmap_epoch": 7,
2024-03-21T10:11:52.125 INFO:teuthology.orchestra.run.smithi047.stdout:/usr/bin/ceph: stdout "initialized": true
2024-03-21T10:11:52.125 INFO:teuthology.orchestra.run.smithi047.stdout:/usr/bin/ceph: stdout }
2024-03-21T10:11:52.126 INFO:teuthology.orchestra.run.smithi047.stdout:/usr/bin/ceph: stderr
2024-03-21T10:11:44.068+0000 7f4f98000700 1 Processor -- start
2024-03-21T10:11:52.126 INFO:teuthology.orchestra.run.smithi047.stdout:/usr/bin/ceph: stderr
2024-03-21T10:11:44.068+0000 7f4f98000700 1 -- start start
2024-03-21T10:11:52.126 INFO:teuthology.orchestra.run.smithi047.stdout:/usr/bin/ceph: stderr
2024-03-21T10:11:44.069+0000 7f4f98000700 1 --2- >> [v2:172.21.15.47:3300/0,v1:172.21.15.47:6789/0] conn(0x7f4f901060e0 0x7f4f90106500 unknown :-1 s=NONE pgs=0 cs=0 l=0 rev1=0 crypto rx=0 tx=0 comp rx=0 tx=0).connect
2024-03-21T10:11:52.126 INFO:teuthology.orchestra.run.smithi047.stdout:/usr/bin/ceph: stderr
2024-03-21T10:11:44.069+0000 7f4f98000700 1 -- --> [v2:172.21.15.47:3300/0,v1:172.21.15.47:6789/0] -- mon_getmap magic: 0 v1 -- 0x7f4f9007ae90 con 0x7f4f901060e0
2024-03-21T10:11:52.126 INFO:teuthology.orchestra.run.smithi047.stdout:/usr/bin/ceph: stderr
2024-03-21T10:11:44.069+0000 7f4f95600700 1 --2- >> [v2:172.21.15.47:3300/0,v1:172.21.15.47:6789/0] conn(0x7f4f901060e0 0x7f4f90106500 unknown :-1 s=BANNER_CONNECTING pgs=0 cs=0 l=0 rev1=0 crypto rx=0 tx=0 comp rx=0 tx=0)._handle_peer_banner_payload supported=3 required=0
2024-03-21T10:11:52.126 INFO:teuthology.orchestra.run.smithi047.stdout:/usr/bin/ceph: stderr
2024-03-21T10:11:44.069+0000 7f4f95600700 1 --2- >> [v2:172.21.15.47:3300/0,v1:172.21.15.47:6789/0] conn(0x7f4f901060e0 0x7f4f90106500 unknown :-1 s=HELLO_CONNECTING pgs=0 cs=0 l=0 rev1=1 crypto rx=0 tx=0 comp rx=0 tx=0).handle_hello peer v2:172.21.15.47:3300/0 says I am v2:172.21.15.47:44946/0 (socket says 172.21.15.47:44946)
2024-03-21T10:11:52.138 INFO:teuthology.orchestra.run.smithi047.stdout:/usr/bin/ceph: stderr
2024-03-21T10:11:44.069+0000 7f4f95600700 1 -- 172.21.15.47:0/3447532931 learned_addr learned my addr 172.21.15.47:0/3447532931 (peer_addr_for_me v2:172.21.15.47:0/0)
2024-03-21T10:11:52.138 INFO:teuthology.orchestra.run.smithi047.stdout:/usr/bin/ceph: stderr
2024-03-21T10:11:44.070+0000 7f4f95600700 1 -- 172.21.15.47:0/3447532931 --> [v2:172.21.15.47:3300/0,v1:172.21.15.47:6789/0] -- mon_subscribe({config=0+,monmap=0+}) v3 -- 0x7f4f90106a40 con 0x7f4f901060e0
2024-03-21T10:11:52.139 INFO:teuthology.orchestra.run.smithi047.stdout:/usr/bin/ceph: stderr
2024-03-21T10:11:44.070+0000 7f4f95600700 1 --2- 172.21.15.47:0/3447532931 >> [v2:172.21.15.47:3300/0,v1:172.21.15.47:6789/0] conn(0x7f4f901060e0 0x7f4f90106500 secure :-1 s=READY pgs=28 cs=0 l=1 rev1=1 crypto rx=0x7f4f840098a0 tx=0x7f4f84009bb0 comp rx=0 tx=0).ready entity=mon.0 client_cookie=dc4b762bcb4c1f2d server_cookie=0 in_seq=0 out_seq=0
2024-03-21T10:11:52.139 INFO:teuthology.orchestra.run.smithi047.stdout:/usr/bin/ceph: stderr
2024-03-21T10:11:44.070+0000 7f4f8fe00700 1 -- 172.21.15.47:0/3447532931 <== mon.0 v2:172.21.15.47:3300/0 1 ==== mon_map magic: 0 v1 ==== 205+0+0 (secure 0 0 0) 0x7f4f84004160 con 0x7f4f901060e0
2024-03-21T10:11:52.139 INFO:teuthology.orchestra.run.smithi047.stdout:/usr/bin/ceph: stderr
2024-03-21T10:11:44.070+0000 7f4f8fe00700 1 -- 172.21.15.47:0/3447532931 <== mon.0 v2:172.21.15.47:3300/0 2 ==== config(26 keys) v1 ==== 1071+0+0 (secure 0 0 0) 0x7f4f84004300 con 0x7f4f901060e0
2024-03-21T10:11:52.139 INFO:teuthology.orchestra.run.smithi047.stdout:/usr/bin/ceph: stderr
2024-03-21T10:11:44.070+0000 7f4f8fe00700 1 -- 172.21.15.47:0/3447532931 <== mon.0 v2:172.21.15.47:3300/0 3 ==== mon_map magic: 0 v1 ==== 205+0+0 (secure 0 0 0) 0x7f4f84011a80 con 0x7f4f901060e0
2024-03-21T10:11:52.139 INFO:teuthology.orchestra.run.smithi047.stdout:/usr/bin/ceph: stderr
2024-03-21T10:11:44.071+0000 7f4f98000700 1 -- 172.21.15.47:0/3447532931 >> [v2:172.21.15.47:3300/0,v1:172.21.15.47:6789/0] conn(0x7f4f901060e0 msgr2=0x7f4f90106500 secure :-1 s=STATE_CONNECTION_ESTABLISHED l=1).mark_down
2024-03-21T10:11:52.139 INFO:teuthology.orchestra.run.smithi047.stdout:/usr/bin/ceph: stderr
2024-03-21T10:11:44.071+0000 7f4f98000700 1 --2- 172.21.15.47:0/3447532931 >> [v2:172.21.15.47:3300/0,v1:172.21.15.47:6789/0] conn(0x7f4f901060e0 0x7f4f90106500 secure :-1 s=READY pgs=28 cs=0 l=1 rev1=1 crypto rx=0x7f4f840098a0 tx=0x7f4f84009bb0 comp rx=0 tx=0).stop
2024-03-21T10:11:52.140 INFO:teuthology.orchestra.run.smithi047.stdout:/usr/bin/ceph: stderr
2024-03-21T10:11:44.071+0000 7f4f98000700 1 -- 172.21.15.47:0/3447532931 shutdown_connections
2024-03-21T10:11:52.140 INFO:teuthology.orchestra.run.smithi047.stdout:/usr/bin/ceph: stderr
2024-03-21T10:11:44.071+0000 7f4f98000700 1 --2- 172.21.15.47:0/3447532931 >> [v2:172.21.15.47:3300/0,v1:172.21.15.47:6789/0] conn(0x7f4f901060e0 0x7f4f90106500 unknown :-1 s=CLOSED pgs=28 cs=0 l=1 rev1=1 crypto rx=0 tx=0 comp rx=0 tx=0).stop
2024-03-21T10:11:52.140 INFO:teuthology.orchestra.run.smithi047.stdout:/usr/bin/ceph: stderr
2024-03-21T10:11:44.071+0000 7f4f98000700 1 -- 172.21.15.47:0/3447532931 >> 172.21.15.47:0/3447532931 conn(0x7f4f90101de0 msgr2=0x7f4f90104200 unknown :-1 s=STATE_NONE l=0).mark_down
2024-03-21T10:11:52.140 INFO:teuthology.orchestra.run.smithi047.stdout:/usr/bin/ceph: stderr
2024-03-21T10:11:44.071+0000 7f4f98000700 1 -- 172.21.15.47:0/3447532931 shutdown_connections
2024-03-21T10:11:52.140 INFO:teuthology.orchestra.run.smithi047.stdout:/usr/bin/ceph: stderr
2024-03-21T10:11:44.072+0000 7f4f98000700 1 -- 172.21.15.47:0/3447532931 wait complete.
2024-03-21T10:11:52.140 INFO:teuthology.orchestra.run.smithi047.stdout:/usr/bin/ceph: stderr
2024-03-21T10:11:44.073+0000 7f4f98000700 1 Processor -- start
2024-03-21T10:11:52.140 INFO:teuthology.orchestra.run.smithi047.stdout:/usr/bin/ceph: stderr
2024-03-21T10:11:44.073+0000 7f4f98000700 1 -- start start
2024-03-21T10:11:52.140 INFO:teuthology.orchestra.run.smithi047.stdout:/usr/bin/ceph: stderr
2024-03-21T10:11:44.074+0000 7f4f98000700 1 --2- >> [v2:172.21.15.47:3300/0,v1:172.21.15.47:6789/0] conn(0x7f4f901060e0 0x7f4f9010bb80 unknown :-1 s=NONE pgs=0 cs=0 l=1 rev1=0 crypto rx=0 tx=0 comp rx=0 tx=0).connect
2024-03-21T10:11:52.140 INFO:teuthology.orchestra.run.smithi047.stdout:/usr/bin/ceph: stderr
2024-03-21T10:11:44.074+0000 7f4f98000700 1 -- --> [v2:172.21.15.47:3300/0,v1:172.21.15.47:6789/0] -- mon_getmap magic: 0 v1 -- 0x7f4f90107a70 con 0x7f4f901060e0
2024-03-21T10:11:52.140 INFO:teuthology.orchestra.run.smithi047.stdout:/usr/bin/ceph: stderr
2024-03-21T10:11:44.074+0000 7f4f95600700 1 --2- >> [v2:172.21.15.47:3300/0,v1:172.21.15.47:6789/0] conn(0x7f4f901060e0 0x7f4f9010bb80 unknown :-1 s=BANNER_CONNECTING pgs=0 cs=0 l=1 rev1=0 crypto rx=0 tx=0 comp rx=0 tx=0)._handle_peer_banner_payload supported=3 required=0
2024-03-21T10:11:52.140 INFO:teuthology.orchestra.run.smithi047.stdout:/usr/bin/ceph: stderr
2024-03-21T10:11:44.074+0000 7f4f95600700 1 --2- >> [v2:172.21.15.47:3300/0,v1:172.21.15.47:6789/0] conn(0x7f4f901060e0 0x7f4f9010bb80 unknown :-1 s=HELLO_CONNECTING pgs=0 cs=0 l=1 rev1=1 crypto rx=0 tx=0 comp rx=0 tx=0).handle_hello peer v2:172.21.15.47:3300/0 says I am v2:172.21.15.47:44958/0 (socket says 172.21.15.47:44958)
2024-03-21T10:11:52.140 INFO:teuthology.orchestra.run.smithi047.stdout:/usr/bin/ceph: stderr
2024-03-21T10:11:44.074+0000 7f4f95600700 1 -- 172.21.15.47:0/870331445 learned_addr learned my addr 172.21.15.47:0/870331445 (peer_addr_for_me v2:172.21.15.47:0/0)
2024-03-21T10:11:52.141 INFO:teuthology.orchestra.run.smithi047.stdout:/usr/bin/ceph: stderr
2024-03-21T10:11:44.074+0000 7f4f95600700 1 -- 172.21.15.47:0/870331445 --> [v2:172.21.15.47:3300/0,v1:172.21.15.47:6789/0] -- mon_subscribe({config=0+,monmap=0+}) v3 -- 0x7f4f9010c0c0 con 0x7f4f901060e0
2024-03-21T10:11:52.141 INFO:teuthology.orchestra.run.smithi047.stdout:/usr/bin/ceph: stderr
2024-03-21T10:11:44.074+0000 7f4f95600700 1 --2- 172.21.15.47:0/870331445 >> [v2:172.21.15.47:3300/0,v1:172.21.15.47:6789/0] conn(0x7f4f901060e0 0x7f4f9010bb80 secure :-1 s=READY pgs=29 cs=0 l=1 rev1=1 crypto rx=0x7f4f84011a50 tx=0x7f4f84004290 comp rx=0 tx=0).ready entity=mon.0 client_cookie=0 server_cookie=0 in_seq=0 out_seq=0
2024-03-21T10:11:52.141 INFO:teuthology.orchestra.run.smithi047.stdout:/usr/bin/ceph: stderr
2024-03-21T10:11:44.075+0000 7f4f8e000700 1 -- 172.21.15.47:0/870331445 <== mon.0 v2:172.21.15.47:3300/0 1 ==== mon_map magic: 0 v1 ==== 205+0+0 (secure 0 0 0) 0x7f4f840039f0 con 0x7f4f901060e0
2024-03-21T10:11:52.141 INFO:teuthology.orchestra.run.smithi047.stdout:/usr/bin/ceph: stderr
2024-03-21T10:11:44.075+0000 7f4f8e000700 1 -- 172.21.15.47:0/870331445 <== mon.0 v2:172.21.15.47:3300/0 2 ==== config(26 keys) v1 ==== 1071+0+0 (secure 0 0 0) 0x7f4f84003b90 con 0x7f4f901060e0
2024-03-21T10:11:52.141 INFO:teuthology.orchestra.run.smithi047.stdout:/usr/bin/ceph: stderr
2024-03-21T10:11:44.075+0000 7f4f98000700 1 -- 172.21.15.47:0/870331445 --> [v2:172.21.15.47:3300/0,v1:172.21.15.47:6789/0] -- mon_subscribe({mgrmap=0+}) v3 -- 0x7f4f9010c350 con 0x7f4f901060e0
2024-03-21T10:11:52.141 INFO:teuthology.orchestra.run.smithi047.stdout:/usr/bin/ceph: stderr
2024-03-21T10:11:44.075+0000 7f4f8e000700 1 -- 172.21.15.47:0/870331445 <== mon.0 v2:172.21.15.47:3300/0 3 ==== mon_map magic: 0 v1 ==== 205+0+0 (secure 0 0 0) 0x7f4f8401a600 con 0x7f4f901060e0
2024-03-21T10:11:52.141 INFO:teuthology.orchestra.run.smithi047.stdout:/usr/bin/ceph: stderr
2024-03-21T10:11:44.075+0000 7f4f98000700 1 -- 172.21.15.47:0/870331445 --> [v2:172.21.15.47:3300/0,v1:172.21.15.47:6789/0] -- mon_subscribe({osdmap=0}) v3 -- 0x7f4f90108910 con 0x7f4f901060e0
2024-03-21T10:11:52.141 INFO:teuthology.orchestra.run.smithi047.stdout:/usr/bin/ceph: stderr
2024-03-21T10:11:44.076+0000 7f4f8e000700 1 -- 172.21.15.47:0/870331445 <== mon.0 v2:172.21.15.47:3300/0 4 ==== mgrmap(e 5) v1 ==== 46294+0+0 (secure 0 0 0) 0x7f4f84024a40 con 0x7f4f901060e0
2024-03-21T10:11:52.141 INFO:teuthology.orchestra.run.smithi047.stdout:/usr/bin/ceph: stderr
2024-03-21T10:11:44.077+0000 7f4f8e000700 1 --2- 172.21.15.47:0/870331445 >> [v2:172.21.15.47:6800/3942658432,v1:172.21.15.47:6801/3942658432] conn(0x7f4f78039180 0x7f4f7803b640 unknown :-1 s=NONE pgs=0 cs=0 l=1 rev1=0 crypto rx=0 tx=0 comp rx=0 tx=0).connect
2024-03-21T10:11:52.141 INFO:teuthology.orchestra.run.smithi047.stdout:/usr/bin/ceph: stderr
2024-03-21T10:11:44.077+0000 7f4f8e000700 1 -- 172.21.15.47:0/870331445 --> [v2:172.21.15.47:6800/3942658432,v1:172.21.15.47:6801/3942658432] -- command(tid 0: {"prefix": "get_command_descriptions"}) v1 -- 0x7f4f7803bd50 con 0x7f4f78039180
2024-03-21T10:11:52.141 INFO:teuthology.orchestra.run.smithi047.stdout:/usr/bin/ceph: stderr
2024-03-21T10:11:44.077+0000 7f4f8e000700 1 -- 172.21.15.47:0/870331445 <== mon.0 v2:172.21.15.47:3300/0 5 ==== osd_map(1..1 src has 1..1) v4 ==== 725+0+0 (secure 0 0 0) 0x7f4f8404d5b0 con 0x7f4f901060e0
2024-03-21T10:11:52.141 INFO:teuthology.orchestra.run.smithi047.stdout:/usr/bin/ceph: stderr
2024-03-21T10:11:44.077+0000 7f4f94c00700 1 -- 172.21.15.47:0/870331445 >> [v2:172.21.15.47:6800/3942658432,v1:172.21.15.47:6801/3942658432] conn(0x7f4f78039180 msgr2=0x7f4f7803b640 unknown :-1 s=STATE_CONNECTING_RE l=1).process reconnect failed to v2:172.21.15.47:6800/3942658432
2024-03-21T10:11:52.141 INFO:teuthology.orchestra.run.smithi047.stdout:/usr/bin/ceph: stderr
2024-03-21T10:11:44.077+0000 7f4f94c00700 1 --2- 172.21.15.47:0/870331445 >> [v2:172.21.15.47:6800/3942658432,v1:172.21.15.47:6801/3942658432] conn(0x7f4f78039180 0x7f4f7803b640 unknown :-1 s=START_CONNECT pgs=0 cs=0 l=1 rev1=0 crypto rx=0 tx=0 comp rx=0 tx=0)._fault waiting 0.200000
2024-03-21T10:11:52.141 INFO:teuthology.orchestra.run.smithi047.stdout:/usr/bin/ceph: stderr
2024-03-21T10:11:44.278+0000 7f4f94c00700 1 -- 172.21.15.47:0/870331445 >> [v2:172.21.15.47:6800/3942658432,v1:172.21.15.47:6801/3942658432] conn(0x7f4f78039180 msgr2=0x7f4f7803b640 unknown :-1 s=STATE_CONNECTING_RE l=1).process reconnect failed to v2:172.21.15.47:6800/3942658432
2024-03-21T10:11:52.141 INFO:teuthology.orchestra.run.smithi047.stdout:/usr/bin/ceph: stderr
2024-03-21T10:11:44.278+0000 7f4f94c00700 1 --2- 172.21.15.47:0/870331445 >> [v2:172.21.15.47:6800/3942658432,v1:172.21.15.47:6801/3942658432] conn(0x7f4f78039180 0x7f4f7803b640 unknown :-1 s=START_CONNECT pgs=0 cs=0 l=1 rev1=0 crypto rx=0 tx=0 comp rx=0 tx=0)._fault waiting 0.400000
2024-03-21T10:11:52.142 INFO:teuthology.orchestra.run.smithi047.stdout:/usr/bin/ceph: stderr
2024-03-21T10:11:44.679+0000 7f4f94c00700 1 -- 172.21.15.47:0/870331445 >> [v2:172.21.15.47:6800/3942658432,v1:172.21.15.47:6801/3942658432] conn(0x7f4f78039180 msgr2=0x7f4f7803b640 unknown :-1 s=STATE_CONNECTING_RE l=1).process reconnect failed to v2:172.21.15.47:6800/3942658432
2024-03-21T10:11:52.142 INFO:teuthology.orchestra.run.smithi047.stdout:/usr/bin/ceph: stderr
2024-03-21T10:11:44.679+0000 7f4f94c00700 1 --2- 172.21.15.47:0/870331445 >> [v2:172.21.15.47:6800/3942658432,v1:172.21.15.47:6801/3942658432] conn(0x7f4f78039180 0x7f4f7803b640 unknown :-1 s=START_CONNECT pgs=0 cs=0 l=1 rev1=0 crypto rx=0 tx=0 comp rx=0 tx=0)._fault waiting 0.800000
2024-03-21T10:11:52.142 INFO:teuthology.orchestra.run.smithi047.stdout:/usr/bin/ceph: stderr
2024-03-21T10:11:45.480+0000 7f4f94c00700 1 -- 172.21.15.47:0/870331445 >> [v2:172.21.15.47:6800/3942658432,v1:172.21.15.47:6801/3942658432] conn(0x7f4f78039180 msgr2=0x7f4f7803b640 unknown :-1 s=STATE_CONNECTING_RE l=1).process reconnect failed to v2:172.21.15.47:6800/3942658432
2024-03-21T10:11:52.142 INFO:teuthology.orchestra.run.smithi047.stdout:/usr/bin/ceph: stderr
2024-03-21T10:11:45.480+0000 7f4f94c00700 1 --2- 172.21.15.47:0/870331445 >> [v2:172.21.15.47:6800/3942658432,v1:172.21.15.47:6801/3942658432] conn(0x7f4f78039180 0x7f4f7803b640 unknown :-1 s=START_CONNECT pgs=0 cs=0 l=1 rev1=0 crypto rx=0 tx=0 comp rx=0 tx=0)._fault waiting 1.600000
2024-03-21T10:11:52.142 INFO:teuthology.orchestra.run.smithi047.stdout:/usr/bin/ceph: stderr
2024-03-21T10:11:47.082+0000 7f4f94c00700 1 -- 172.21.15.47:0/870331445 >> [v2:172.21.15.47:6800/3942658432,v1:172.21.15.47:6801/3942658432] conn(0x7f4f78039180 msgr2=0x7f4f7803b640 unknown :-1 s=STATE_CONNECTING_RE l=1).process reconnect failed to v2:172.21.15.47:6800/3942658432
2024-03-21T10:11:52.142 INFO:teuthology.orchestra.run.smithi047.stdout:/usr/bin/ceph: stderr
2024-03-21T10:11:47.082+0000 7f4f94c00700 1 --2- 172.21.15.47:0/870331445 >> [v2:172.21.15.47:6800/3942658432,v1:172.21.15.47:6801/3942658432] conn(0x7f4f78039180 0x7f4f7803b640 unknown :-1 s=START_CONNECT pgs=0 cs=0 l=1 rev1=0 crypto rx=0 tx=0 comp rx=0 tx=0)._fault waiting 3.200000
2024-03-21T10:11:52.142 INFO:teuthology.orchestra.run.smithi047.stdout:/usr/bin/ceph: stderr
2024-03-21T10:11:50.285+0000 7f4f94c00700 1 -- 172.21.15.47:0/870331445 >> [v2:172.21.15.47:6800/3942658432,v1:172.21.15.47:6801/3942658432] conn(0x7f4f78039180 msgr2=0x7f4f7803b640 unknown :-1 s=STATE_CONNECTING_RE l=1).process reconnect failed to v2:172.21.15.47:6800/3942658432
2024-03-21T10:11:52.142 INFO:teuthology.orchestra.run.smithi047.stdout:/usr/bin/ceph: stderr
2024-03-21T10:11:50.285+0000 7f4f94c00700 1 --2- 172.21.15.47:0/870331445 >> [v2:172.21.15.47:6800/3942658432,v1:172.21.15.47:6801/3942658432] conn(0x7f4f78039180 0x7f4f7803b640 unknown :-1 s=START_CONNECT pgs=0 cs=0 l=1 rev1=0 crypto rx=0 tx=0 comp rx=0 tx=0)._fault waiting 6.400000
2024-03-21T10:11:52.142 INFO:teuthology.orchestra.run.smithi047.stdout:/usr/bin/ceph: stderr
2024-03-21T10:11:50.307+0000 7f4f8e000700 1 -- 172.21.15.47:0/870331445 <== mon.0 v2:172.21.15.47:3300/0 6 ==== mgrmap(e 6) v1 ==== 46061+0+0 (secure 0 0 0) 0x7f4f84024440 con 0x7f4f901060e0
2024-03-21T10:11:52.142 INFO:teuthology.orchestra.run.smithi047.stdout:/usr/bin/ceph: stderr
2024-03-21T10:11:50.307+0000 7f4f8e000700 1 -- 172.21.15.47:0/870331445 >> [v2:172.21.15.47:6800/3942658432,v1:172.21.15.47:6801/3942658432] conn(0x7f4f78039180 msgr2=0x7f4f7803b640 unknown :-1 s=STATE_CONNECTING l=1).mark_down
2024-03-21T10:11:52.142 INFO:teuthology.orchestra.run.smithi047.stdout:/usr/bin/ceph: stderr
2024-03-21T10:11:50.307+0000 7f4f8e000700 1 --2- 172.21.15.47:0/870331445 >> [v2:172.21.15.47:6800/3942658432,v1:172.21.15.47:6801/3942658432] conn(0x7f4f78039180 0x7f4f7803b640 unknown :-1 s=START_CONNECT pgs=0 cs=0 l=1 rev1=0 crypto rx=0 tx=0 comp rx=0 tx=0).stop
2024-03-21T10:11:52.143 INFO:teuthology.orchestra.run.smithi047.stdout:/usr/bin/ceph: stderr
2024-03-21T10:11:51.312+0000 7f4f8e000700 1 -- 172.21.15.47:0/870331445 <== mon.0 v2:172.21.15.47:3300/0 7 ==== mgrmap(e 7) v1 ==== 46188+0+0 (secure 0 0 0) 0x7f4f8404ecb0 con 0x7f4f901060e0
2024-03-21T10:11:52.143 INFO:teuthology.orchestra.run.smithi047.stdout:/usr/bin/ceph: stderr
2024-03-21T10:11:51.313+0000 7f4f8e000700 1 --2- 172.21.15.47:0/870331445 >> [v2:172.21.15.47:6800/3836903972,v1:172.21.15.47:6801/3836903972] conn(0x7f4f7803ca70 0x7f4f7803ee60 unknown :-1 s=NONE pgs=0 cs=0 l=1 rev1=0 crypto rx=0 tx=0 comp rx=0 tx=0).connect
2024-03-21T10:11:52.143 INFO:teuthology.orchestra.run.smithi047.stdout:/usr/bin/ceph: stderr
2024-03-21T10:11:51.313+0000 7f4f8e000700 1 -- 172.21.15.47:0/870331445 --> [v2:172.21.15.47:6800/3836903972,v1:172.21.15.47:6801/3836903972] -- command(tid 0: {"prefix": "get_command_descriptions"}) v1 -- 0x7f4f8400af30 con 0x7f4f7803ca70
2024-03-21T10:11:52.143 INFO:teuthology.orchestra.run.smithi047.stdout:/usr/bin/ceph: stderr
2024-03-21T10:11:51.314+0000 7f4f94c00700 1 --2- 172.21.15.47:0/870331445 >> [v2:172.21.15.47:6800/3836903972,v1:172.21.15.47:6801/3836903972] conn(0x7f4f7803ca70 0x7f4f7803ee60 unknown :-1 s=BANNER_CONNECTING pgs=0 cs=0 l=1 rev1=0 crypto rx=0 tx=0 comp rx=0 tx=0)._handle_peer_banner_payload supported=3 required=0
2024-03-21T10:11:52.143 INFO:teuthology.orchestra.run.smithi047.stdout:/usr/bin/ceph: stderr
2024-03-21T10:11:51.316+0000 7f4f94c00700 1 --2- 172.21.15.47:0/870331445 >> [v2:172.21.15.47:6800/3836903972,v1:172.21.15.47:6801/3836903972] conn(0x7f4f7803ca70 0x7f4f7803ee60 secure :-1 s=READY pgs=2 cs=0 l=1 rev1=1 crypto rx=0x7f4f7c003a10 tx=0x7f4f7c009290 comp rx=0 tx=0).ready entity=mgr.14120 client_cookie=0 server_cookie=0 in_seq=0 out_seq=0
2024-03-21T10:11:52.143 INFO:teuthology.orchestra.run.smithi047.stdout:/usr/bin/ceph: stderr
2024-03-21T10:11:51.318+0000 7f4f8e000700 1 -- 172.21.15.47:0/870331445 <== mgr.14120 v2:172.21.15.47:6800/3836903972 1 ==== command_reply(tid 0: 0 ) v1 ==== 8+0+7774 (secure 0 0 0) 0x7f4f8400af30 con 0x7f4f7803ca70
2024-03-21T10:11:52.143 INFO:teuthology.orchestra.run.smithi047.stdout:/usr/bin/ceph: stderr
2024-03-21T10:11:51.327+0000 7f4f98000700 1 -- 172.21.15.47:0/870331445 --> [v2:172.21.15.47:6800/3836903972,v1:172.21.15.47:6801/3836903972] -- command(tid 1: {"prefix": "mgr_status"}) v1 -- 0x7f4f9010c520 con 0x7f4f7803ca70
2024-03-21T10:11:52.143 INFO:teuthology.orchestra.run.smithi047.stdout:/usr/bin/ceph: stderr
2024-03-21T10:11:51.327+0000 7f4f8e000700 1 -- 172.21.15.47:0/870331445 <== mgr.14120 v2:172.21.15.47:6800/3836903972 2 ==== command_reply(tid 1: 0 ) v1 ==== 8+0+51 (secure 0 0 0) 0x7f4f9010c520 con 0x7f4f7803ca70
2024-03-21T10:11:52.143 INFO:teuthology.orchestra.run.smithi047.stdout:/usr/bin/ceph: stderr
2024-03-21T10:11:51.328+0000 7f4f98000700 1 -- 172.21.15.47:0/870331445 >> [v2:172.21.15.47:6800/3836903972,v1:172.21.15.47:6801/3836903972] conn(0x7f4f7803ca70 msgr2=0x7f4f7803ee60 secure :-1 s=STATE_CONNECTION_ESTABLISHED l=1).mark_down
2024-03-21T10:11:52.143 INFO:teuthology.orchestra.run.smithi047.stdout:/usr/bin/ceph: stderr
2024-03-21T10:11:51.328+0000 7f4f98000700 1 --2- 172.21.15.47:0/870331445 >> [v2:172.21.15.47:6800/3836903972,v1:172.21.15.47:6801/3836903972] conn(0x7f4f7803ca70 0x7f4f7803ee60 secure :-1 s=READY pgs=2 cs=0 l=1 rev1=1 crypto rx=0x7f4f7c003a10 tx=0x7f4f7c009290 comp rx=0 tx=0).stop
2024-03-21T10:11:52.143 INFO:teuthology.orchestra.run.smithi047.stdout:/usr/bin/ceph: stderr
2024-03-21T10:11:51.328+0000 7f4f98000700 1 -- 172.21.15.47:0/870331445 >> [v2:172.21.15.47:3300/0,v1:172.21.15.47:6789/0] conn(0x7f4f901060e0 msgr2=0x7f4f9010bb80 secure :-1 s=STATE_CONNECTION_ESTABLISHED l=1).mark_down
2024-03-21T10:11:52.143 INFO:teuthology.orchestra.run.smithi047.stdout:/usr/bin/ceph: stderr
2024-03-21T10:11:51.328+0000 7f4f98000700 1 --2- 172.21.15.47:0/870331445 >> [v2:172.21.15.47:3300/0,v1:172.21.15.47:6789/0] conn(0x7f4f901060e0 0x7f4f9010bb80 secure :-1 s=READY pgs=29 cs=0 l=1 rev1=1 crypto rx=0x7f4f84011a50 tx=0x7f4f84004290 comp rx=0 tx=0).stop
2024-03-21T10:11:52.143 INFO:teuthology.orchestra.run.smithi047.stdout:/usr/bin/ceph: stderr
2024-03-21T10:11:51.328+0000 7f4f98000700 1 -- 172.21.15.47:0/870331445 shutdown_connections
2024-03-21T10:11:52.143 INFO:teuthology.orchestra.run.smithi047.stdout:/usr/bin/ceph: stderr
2024-03-21T10:11:51.328+0000 7f4f98000700 1 --2- 172.21.15.47:0/870331445 >> [v2:172.21.15.47:3300/0,v1:172.21.15.47:6789/0] conn(0x7f4f901060e0 0x7f4f9010bb80 unknown :-1 s=CLOSED pgs=29 cs=0 l=1 rev1=1 crypto rx=0 tx=0 comp rx=0 tx=0).stop
2024-03-21T10:11:52.144 INFO:teuthology.orchestra.run.smithi047.stdout:/usr/bin/ceph: stderr
2024-03-21T10:11:51.328+0000 7f4f98000700 1 --2- 172.21.15.47:0/870331445 >> [v2:172.21.15.47:6800/3836903972,v1:172.21.15.47:6801/3836903972] conn(0x7f4f7803ca70 0x7f4f7803ee60 unknown :-1 s=CLOSED pgs=2 cs=0 l=1 rev1=1 crypto rx=0 tx=0 comp rx=0 tx=0).stop
2024-03-21T10:11:52.144 INFO:teuthology.orchestra.run.smithi047.stdout:/usr/bin/ceph: stderr
2024-03-21T10:11:51.328+0000 7f4f98000700 1 --2- 172.21.15.47:0/870331445 >> [v2:172.21.15.47:6800/3942658432,v1:172.21.15.47:6801/3942658432] conn(0x7f4f78039180 0x7f4f7803b640 unknown :-1 s=CLOSED pgs=0 cs=0 l=1 rev1=0 crypto rx=0 tx=0 comp rx=0 tx=0).stop
2024-03-21T10:11:52.144 INFO:teuthology.orchestra.run.smithi047.stdout:/usr/bin/ceph: stderr
2024-03-21T10:11:51.328+0000 7f4f98000700 1 -- 172.21.15.47:0/870331445 >> 172.21.15.47:0/870331445 conn(0x7f4f90101de0 msgr2=0x7f4f90194590 unknown :-1 s=STATE_NONE l=0).mark_down
2024-03-21T10:11:52.144 INFO:teuthology.orchestra.run.smithi047.stdout:/usr/bin/ceph: stderr
2024-03-21T10:11:51.328+0000 7f4f98000700 1 -- 172.21.15.47:0/870331445 shutdown_connections
2024-03-21T10:11:52.144 INFO:teuthology.orchestra.run.smithi047.stdout:/usr/bin/ceph: stderr
2024-03-21T10:11:51.328+0000 7f4f98000700 1 -- 172.21.15.47:0/870331445 wait complete.
2024-03-21T10:11:52.144 INFO:teuthology.orchestra.run.smithi047.stdout:mgr epoch 5 is available
2024-03-21T10:11:52.144 INFO:teuthology.orchestra.run.smithi047.stdout:Setting orchestrator backend to cephadm...
2024-03-21T10:11:52.422 INFO:journalctl@ceph.mon.a.smithi047.stdout:Mar 21 10:11:52 smithi047 ceph-mon[31547]: from='client.14124 -' entity='client.admin' cmd=[{"prefix": "mgr_status"}]: dispatch
2024-03-21T10:11:52.422 INFO:journalctl@ceph.mon.a.smithi047.stdout:Mar 21 10:11:52 smithi047 ceph-mon[31547]: [21/Mar/2024:10:11:51] ENGINE Bus STARTING
2024-03-21T10:11:52.422 INFO:journalctl@ceph.mon.a.smithi047.stdout:Mar 21 10:11:52 smithi047 ceph-mon[31547]: [21/Mar/2024:10:11:52] ENGINE Serving on http://172.21.15.47:8765
2024-03-21T10:11:52.422 INFO:journalctl@ceph.mon.a.smithi047.stdout:Mar 21 10:11:52 smithi047 ceph-mon[31547]: [21/Mar/2024:10:11:52] ENGINE Serving on https://172.21.15.47:7150
2024-03-21T10:11:52.423 INFO:journalctl@ceph.mon.a.smithi047.stdout:Mar 21 10:11:52 smithi047 ceph-mon[31547]: [21/Mar/2024:10:11:52] ENGINE Bus STARTED
2024-03-21T10:11:52.423 INFO:journalctl@ceph.mon.a.smithi047.stdout:Mar 21 10:11:52 smithi047 ceph-mon[31547]: from='mgr.14120 172.21.15.47:0/2543639975' entity='mgr.x' cmd=[{"prefix": "config dump", "format": "json"}]: dispatch
2024-03-21T10:11:53.714 INFO:journalctl@ceph.mon.a.smithi047.stdout:Mar 21 10:11:53 smithi047 ceph-mon[31547]: mgrmap e8: x(active, since 2s)
2024-03-21T10:11:53.714 INFO:journalctl@ceph.mon.a.smithi047.stdout:Mar 21 10:11:53 smithi047 ceph-mon[31547]: from='client.14132 -' entity='client.admin' cmd=[{"prefix": "orch set backend", "module_name": "cephadm", "target": ["mon-mgr", ""]}]: dispatch
2024-03-21T10:11:53.714 INFO:journalctl@ceph.mon.a.smithi047.stdout:Mar 21 10:11:53 smithi047 ceph-mon[31547]: from='mgr.14120 172.21.15.47:0/2543639975' entity='mgr.x'
2024-03-21T10:11:53.714 INFO:journalctl@ceph.mon.a.smithi047.stdout:Mar 21 10:11:53 smithi047 ceph-mon[31547]: from='mgr.14120 172.21.15.47:0/2543639975' entity='mgr.x' cmd=[{"prefix": "config dump", "format": "json"}]: dispatch
2024-03-21T10:11:53.841 INFO:teuthology.orchestra.run.smithi047.stdout:/usr/bin/ceph: stderr
2024-03-21T10:11:52.828+0000 7ff539400700 1 Processor -- start
2024-03-21T10:11:53.841 INFO:teuthology.orchestra.run.smithi047.stdout:/usr/bin/ceph: stderr
2024-03-21T10:11:52.829+0000 7ff539400700 1 -- start start
2024-03-21T10:11:53.841 INFO:teuthology.orchestra.run.smithi047.stdout:/usr/bin/ceph: stderr
2024-03-21T10:11:52.829+0000 7ff539400700 1 --2- >> [v2:172.21.15.47:3300/0,v1:172.21.15.47:6789/0] conn(0x7ff534109ba0 0x7ff534109fc0 unknown :-1 s=NONE pgs=0 cs=0 l=0 rev1=0 crypto rx=0 tx=0 comp rx=0 tx=0).connect
2024-03-21T10:11:53.841 INFO:teuthology.orchestra.run.smithi047.stdout:/usr/bin/ceph: stderr
2024-03-21T10:11:52.829+0000 7ff539400700 1 -- --> [v2:172.21.15.47:3300/0,v1:172.21.15.47:6789/0] -- mon_getmap magic: 0 v1 -- 0x7ff53410a590 con 0x7ff534109ba0
2024-03-21T10:11:53.841 INFO:teuthology.orchestra.run.smithi047.stdout:/usr/bin/ceph: stderr
2024-03-21T10:11:52.830+0000 7ff532800700 1 --2- >> [v2:172.21.15.47:3300/0,v1:172.21.15.47:6789/0] conn(0x7ff534109ba0 0x7ff534109fc0 unknown :-1 s=BANNER_CONNECTING pgs=0 cs=0 l=0 rev1=0 crypto rx=0 tx=0 comp rx=0 tx=0)._handle_peer_banner_payload supported=3 required=0
2024-03-21T10:11:53.842 INFO:teuthology.orchestra.run.smithi047.stdout:/usr/bin/ceph: stderr
2024-03-21T10:11:52.830+0000 7ff532800700 1 --2- >> [v2:172.21.15.47:3300/0,v1:172.21.15.47:6789/0] conn(0x7ff534109ba0 0x7ff534109fc0 unknown :-1 s=HELLO_CONNECTING pgs=0 cs=0 l=0 rev1=1 crypto rx=0 tx=0 comp rx=0 tx=0).handle_hello peer v2:172.21.15.47:3300/0 says I am v2:172.21.15.47:40674/0 (socket says 172.21.15.47:40674)
2024-03-21T10:11:53.842 INFO:teuthology.orchestra.run.smithi047.stdout:/usr/bin/ceph: stderr
2024-03-21T10:11:52.830+0000 7ff532800700 1 -- 172.21.15.47:0/4081718991 learned_addr learned my addr 172.21.15.47:0/4081718991 (peer_addr_for_me v2:172.21.15.47:0/0)
2024-03-21T10:11:53.846 INFO:teuthology.orchestra.run.smithi047.stdout:/usr/bin/ceph: stderr
2024-03-21T10:11:52.830+0000 7ff532800700 1 -- 172.21.15.47:0/4081718991 --> [v2:172.21.15.47:3300/0,v1:172.21.15.47:6789/0] -- mon_subscribe({config=0+,monmap=0+}) v3 -- 0x7ff53410ad00 con 0x7ff534109ba0
2024-03-21T10:11:53.847 INFO:teuthology.orchestra.run.smithi047.stdout:/usr/bin/ceph: stderr
2024-03-21T10:11:52.830+0000 7ff532800700 1 --2- 172.21.15.47:0/4081718991 >> [v2:172.21.15.47:3300/0,v1:172.21.15.47:6789/0] conn(0x7ff534109ba0 0x7ff534109fc0 secure :-1 s=READY pgs=37 cs=0 l=1 rev1=1 crypto rx=0x7ff524009e80 tx=0x7ff52400b330 comp rx=0 tx=0).ready entity=mon.0 client_cookie=23d6f3a9dad2d38e server_cookie=0 in_seq=0 out_seq=0
2024-03-21T10:11:53.847 INFO:teuthology.orchestra.run.smithi047.stdout:/usr/bin/ceph: stderr
2024-03-21T10:11:52.831+0000 7ff531e00700 1 -- 172.21.15.47:0/4081718991 <== mon.0 v2:172.21.15.47:3300/0 1 ==== mon_map magic: 0 v1 ==== 205+0+0 (secure 0 0 0) 0x7ff524017070 con 0x7ff534109ba0
2024-03-21T10:11:53.847 INFO:teuthology.orchestra.run.smithi047.stdout:/usr/bin/ceph: stderr
2024-03-21T10:11:52.831+0000 7ff531e00700 1 -- 172.21.15.47:0/4081718991 <== mon.0 v2:172.21.15.47:3300/0 2 ==== config(26 keys) v1 ==== 1071+0+0 (secure 0 0 0) 0x7ff52400b8c0 con 0x7ff534109ba0
2024-03-21T10:11:53.847 INFO:teuthology.orchestra.run.smithi047.stdout:/usr/bin/ceph: stderr
2024-03-21T10:11:52.831+0000 7ff531e00700 1 -- 172.21.15.47:0/4081718991 <== mon.0 v2:172.21.15.47:3300/0 3 ==== mon_map magic: 0 v1 ==== 205+0+0 (secure 0 0 0) 0x7ff524004520 con 0x7ff534109ba0
2024-03-21T10:11:53.847 INFO:teuthology.orchestra.run.smithi047.stdout:/usr/bin/ceph: stderr
2024-03-21T10:11:52.831+0000 7ff539400700 1 -- 172.21.15.47:0/4081718991 >> [v2:172.21.15.47:3300/0,v1:172.21.15.47:6789/0] conn(0x7ff534109ba0 msgr2=0x7ff534109fc0 secure :-1 s=STATE_CONNECTION_ESTABLISHED l=1).mark_down
2024-03-21T10:11:53.847 INFO:teuthology.orchestra.run.smithi047.stdout:/usr/bin/ceph: stderr
2024-03-21T10:11:52.831+0000 7ff539400700 1 --2- 172.21.15.47:0/4081718991 >> [v2:172.21.15.47:3300/0,v1:172.21.15.47:6789/0] conn(0x7ff534109ba0 0x7ff534109fc0 secure :-1 s=READY pgs=37 cs=0 l=1 rev1=1 crypto rx=0x7ff524009e80 tx=0x7ff52400b330 comp rx=0 tx=0).stop
2024-03-21T10:11:53.847 INFO:teuthology.orchestra.run.smithi047.stdout:/usr/bin/ceph: stderr
2024-03-21T10:11:52.832+0000 7ff539400700 1 -- 172.21.15.47:0/4081718991 shutdown_connections
2024-03-21T10:11:53.847 INFO:teuthology.orchestra.run.smithi047.stdout:/usr/bin/ceph: stderr
2024-03-21T10:11:52.832+0000 7ff539400700 1 --2- 172.21.15.47:0/4081718991 >> [v2:172.21.15.47:3300/0,v1:172.21.15.47:6789/0] conn(0x7ff534109ba0 0x7ff534109fc0 unknown :-1 s=CLOSED pgs=37 cs=0 l=1 rev1=1 crypto rx=0 tx=0 comp rx=0 tx=0).stop
2024-03-21T10:11:53.847 INFO:teuthology.orchestra.run.smithi047.stdout:/usr/bin/ceph: stderr
2024-03-21T10:11:52.832+0000 7ff539400700 1 -- 172.21.15.47:0/4081718991 >> 172.21.15.47:0/4081718991 conn(0x7ff5341054a0 msgr2=0x7ff534107890 unknown :-1 s=STATE_NONE l=0).mark_down
2024-03-21T10:11:53.847 INFO:teuthology.orchestra.run.smithi047.stdout:/usr/bin/ceph: stderr
2024-03-21T10:11:52.832+0000 7ff539400700 1 -- 172.21.15.47:0/4081718991 shutdown_connections
2024-03-21T10:11:53.847 INFO:teuthology.orchestra.run.smithi047.stdout:/usr/bin/ceph: stderr
2024-03-21T10:11:52.832+0000 7ff539400700 1 -- 172.21.15.47:0/4081718991 wait complete.
2024-03-21T10:11:53.847 INFO:teuthology.orchestra.run.smithi047.stdout:/usr/bin/ceph: stderr
2024-03-21T10:11:52.833+0000 7ff539400700 1 Processor -- start
2024-03-21T10:11:53.847 INFO:teuthology.orchestra.run.smithi047.stdout:/usr/bin/ceph: stderr
2024-03-21T10:11:52.833+0000 7ff539400700 1 -- start start
2024-03-21T10:11:53.848 INFO:teuthology.orchestra.run.smithi047.stdout:/usr/bin/ceph: stderr
2024-03-21T10:11:52.833+0000 7ff539400700 1 --2- >> [v2:172.21.15.47:3300/0,v1:172.21.15.47:6789/0] conn(0x7ff534109ba0 0x7ff53419d900 unknown :-1 s=NONE pgs=0 cs=0 l=1 rev1=0 crypto rx=0 tx=0 comp rx=0 tx=0).connect
2024-03-21T10:11:53.848 INFO:teuthology.orchestra.run.smithi047.stdout:/usr/bin/ceph: stderr
2024-03-21T10:11:52.833+0000 7ff539400700 1 -- --> [v2:172.21.15.47:3300/0,v1:172.21.15.47:6789/0] -- mon_getmap magic: 0 v1 -- 0x7ff53410e0b0 con 0x7ff534109ba0
2024-03-21T10:11:53.848 INFO:teuthology.orchestra.run.smithi047.stdout:/usr/bin/ceph: stderr
2024-03-21T10:11:52.834+0000 7ff532800700 1 --2- >> [v2:172.21.15.47:3300/0,v1:172.21.15.47:6789/0] conn(0x7ff534109ba0 0x7ff53419d900 unknown :-1 s=BANNER_CONNECTING pgs=0 cs=0 l=1 rev1=0 crypto rx=0 tx=0 comp rx=0 tx=0)._handle_peer_banner_payload supported=3 required=0
2024-03-21T10:11:53.848 INFO:teuthology.orchestra.run.smithi047.stdout:/usr/bin/ceph: stderr
2024-03-21T10:11:52.834+0000 7ff532800700 1 --2- >> [v2:172.21.15.47:3300/0,v1:172.21.15.47:6789/0] conn(0x7ff534109ba0 0x7ff53419d900 unknown :-1 s=HELLO_CONNECTING pgs=0 cs=0 l=1 rev1=1 crypto rx=0 tx=0 comp rx=0 tx=0).handle_hello peer v2:172.21.15.47:3300/0 says I am v2:172.21.15.47:40686/0 (socket says 172.21.15.47:40686)
2024-03-21T10:11:53.848 INFO:teuthology.orchestra.run.smithi047.stdout:/usr/bin/ceph: stderr
2024-03-21T10:11:52.834+0000 7ff532800700 1 -- 172.21.15.47:0/613838233 learned_addr learned my addr 172.21.15.47:0/613838233 (peer_addr_for_me v2:172.21.15.47:0/0)
2024-03-21T10:11:53.848 INFO:teuthology.orchestra.run.smithi047.stdout:/usr/bin/ceph: stderr
2024-03-21T10:11:52.834+0000 7ff532800700 1 -- 172.21.15.47:0/613838233 --> [v2:172.21.15.47:3300/0,v1:172.21.15.47:6789/0] -- mon_subscribe({config=0+,monmap=0+}) v3 -- 0x7ff53419de40 con 0x7ff534109ba0
2024-03-21T10:11:53.848 INFO:teuthology.orchestra.run.smithi047.stdout:/usr/bin/ceph: stderr
2024-03-21T10:11:52.834+0000 7ff532800700 1 --2- 172.21.15.47:0/613838233 >> [v2:172.21.15.47:3300/0,v1:172.21.15.47:6789/0] conn(0x7ff534109ba0 0x7ff53419d900 secure :-1 s=READY pgs=38 cs=0 l=1 rev1=1 crypto rx=0x7ff524003f60 tx=0x7ff524004670 comp rx=0 tx=0).ready entity=mon.0 client_cookie=0 server_cookie=0 in_seq=0 out_seq=0
2024-03-21T10:11:53.848 INFO:teuthology.orchestra.run.smithi047.stdout:/usr/bin/ceph: stderr
2024-03-21T10:11:52.835+0000 7ff52be00700 1 -- 172.21.15.47:0/613838233 <== mon.0 v2:172.21.15.47:3300/0 1 ==== mon_map magic: 0 v1 ==== 205+0+0 (secure 0 0 0) 0x7ff524020020 con 0x7ff534109ba0
2024-03-21T10:11:53.848 INFO:teuthology.orchestra.run.smithi047.stdout:/usr/bin/ceph: stderr
2024-03-21T10:11:52.835+0000 7ff52be00700 1 -- 172.21.15.47:0/613838233 <== mon.0 v2:172.21.15.47:3300/0 2 ==== config(26 keys) v1 ==== 1071+0+0 (secure 0 0 0) 0x7ff52400bcb0 con 0x7ff534109ba0
2024-03-21T10:11:53.848 INFO:teuthology.orchestra.run.smithi047.stdout:/usr/bin/ceph: stderr
2024-03-21T10:11:52.835+0000 7ff52be00700 1 -- 172.21.15.47:0/613838233 <== mon.0 v2:172.21.15.47:3300/0 3 ==== mon_map magic: 0 v1 ==== 205+0+0 (secure 0 0 0) 0x7ff524017040 con 0x7ff534109ba0
2024-03-21T10:11:53.848 INFO:teuthology.orchestra.run.smithi047.stdout:/usr/bin/ceph: stderr
2024-03-21T10:11:52.835+0000 7ff539400700 1 -- 172.21.15.47:0/613838233 --> [v2:172.21.15.47:3300/0,v1:172.21.15.47:6789/0] -- mon_subscribe({mgrmap=0+}) v3 -- 0x7ff53419e0d0 con 0x7ff534109ba0
2024-03-21T10:11:53.848 INFO:teuthology.orchestra.run.smithi047.stdout:/usr/bin/ceph: stderr
2024-03-21T10:11:52.835+0000 7ff539400700 1 -- 172.21.15.47:0/613838233 --> [v2:172.21.15.47:3300/0,v1:172.21.15.47:6789/0] -- mon_subscribe({osdmap=0}) v3 -- 0x7ff5341a0dc0 con 0x7ff534109ba0
2024-03-21T10:11:53.848 INFO:teuthology.orchestra.run.smithi047.stdout:/usr/bin/ceph: stderr
2024-03-21T10:11:52.836+0000 7ff52be00700 1 -- 172.21.15.47:0/613838233 <== mon.0 v2:172.21.15.47:3300/0 4 ==== mgrmap(e 8) v1 ==== 46294+0+0 (secure 0 0 0) 0x7ff524023020 con 0x7ff534109ba0
2024-03-21T10:11:53.848 INFO:teuthology.orchestra.run.smithi047.stdout:/usr/bin/ceph: stderr
2024-03-21T10:11:52.836+0000 7ff539400700 1 -- 172.21.15.47:0/613838233 --> [v2:172.21.15.47:3300/0,v1:172.21.15.47:6789/0] -- mon_command({"prefix": "get_command_descriptions"} v 0) v1 -- 0x7ff5340637c0 con 0x7ff534109ba0
2024-03-21T10:11:53.849 INFO:teuthology.orchestra.run.smithi047.stdout:/usr/bin/ceph: stderr
2024-03-21T10:11:52.837+0000 7ff52be00700 1 --2- 172.21.15.47:0/613838233 >> [v2:172.21.15.47:6800/3836903972,v1:172.21.15.47:6801/3836903972] conn(0x7ff518039290 0x7ff51803b750 unknown :-1 s=NONE pgs=0 cs=0 l=1 rev1=0 crypto rx=0 tx=0 comp rx=0 tx=0).connect
2024-03-21T10:11:53.849 INFO:teuthology.orchestra.run.smithi047.stdout:/usr/bin/ceph: stderr
2024-03-21T10:11:52.837+0000 7ff52be00700 1 -- 172.21.15.47:0/613838233 <== mon.0 v2:172.21.15.47:3300/0 5 ==== osd_map(2..2 src has 1..2) v4 ==== 940+0+0 (secure 0 0 0) 0x7ff52400f050 con 0x7ff534109ba0
2024-03-21T10:11:53.849 INFO:teuthology.orchestra.run.smithi047.stdout:/usr/bin/ceph: stderr
2024-03-21T10:11:52.837+0000 7ff529e00700 1 --2- 172.21.15.47:0/613838233 >> [v2:172.21.15.47:6800/3836903972,v1:172.21.15.47:6801/3836903972] conn(0x7ff518039290 0x7ff51803b750 unknown :-1 s=BANNER_CONNECTING pgs=0 cs=0 l=1 rev1=0 crypto rx=0 tx=0 comp rx=0 tx=0)._handle_peer_banner_payload supported=3 required=0
2024-03-21T10:11:53.849 INFO:teuthology.orchestra.run.smithi047.stdout:/usr/bin/ceph: stderr
2024-03-21T10:11:52.838+0000 7ff529e00700 1 --2- 172.21.15.47:0/613838233 >> [v2:172.21.15.47:6800/3836903972,v1:172.21.15.47:6801/3836903972] conn(0x7ff518039290 0x7ff51803b750 secure :-1 s=READY pgs=7 cs=0 l=1 rev1=1 crypto rx=0x7ff51c006fd0 tx=0x7ff51c006e40 comp rx=0 tx=0).ready entity=mgr.14120 client_cookie=0 server_cookie=0 in_seq=0 out_seq=0
2024-03-21T10:11:53.849 INFO:teuthology.orchestra.run.smithi047.stdout:/usr/bin/ceph: stderr
2024-03-21T10:11:52.843+0000 7ff52be00700 1 -- 172.21.15.47:0/613838233 <== mon.0 v2:172.21.15.47:3300/0 6 ==== mon_command_ack([{"prefix": "get_command_descriptions"}]=0 v0) v1 ==== 72+0+186149 (secure 0 0 0) 0x7ff52402a020 con 0x7ff534109ba0
2024-03-21T10:11:53.849 INFO:teuthology.orchestra.run.smithi047.stdout:/usr/bin/ceph: stderr
2024-03-21T10:11:53.089+0000 7ff539400700 1 -- 172.21.15.47:0/613838233 --> [v2:172.21.15.47:6800/3836903972,v1:172.21.15.47:6801/3836903972] -- mgr_command(tid 0: {"prefix": "orch set backend", "module_name": "cephadm", "target": ["mon-mgr", ""]}) v1 -- 0x7ff534107590 con 0x7ff518039290
2024-03-21T10:11:53.849 INFO:teuthology.orchestra.run.smithi047.stdout:/usr/bin/ceph: stderr
2024-03-21T10:11:53.103+0000 7ff52be00700 1 -- 172.21.15.47:0/613838233 <== mgr.14120 v2:172.21.15.47:6800/3836903972 1 ==== mgr_command_reply(tid 0: 0 ) v1 ==== 8+0+0 (secure 0 0 0) 0x7ff534107590 con 0x7ff518039290
2024-03-21T10:11:53.849 INFO:teuthology.orchestra.run.smithi047.stdout:/usr/bin/ceph: stderr
2024-03-21T10:11:53.106+0000 7ff539400700 1 -- 172.21.15.47:0/613838233 >> [v2:172.21.15.47:6800/3836903972,v1:172.21.15.47:6801/3836903972] conn(0x7ff518039290 msgr2=0x7ff51803b750 secure :-1 s=STATE_CONNECTION_ESTABLISHED l=1).mark_down
2024-03-21T10:11:53.849 INFO:teuthology.orchestra.run.smithi047.stdout:/usr/bin/ceph: stderr
2024-03-21T10:11:53.106+0000 7ff539400700 1 --2- 172.21.15.47:0/613838233 >> [v2:172.21.15.47:6800/3836903972,v1:172.21.15.47:6801/3836903972] conn(0x7ff518039290 0x7ff51803b750 secure :-1 s=READY pgs=7 cs=0 l=1 rev1=1 crypto rx=0x7ff51c006fd0 tx=0x7ff51c006e40 comp rx=0 tx=0).stop
2024-03-21T10:11:53.849 INFO:teuthology.orchestra.run.smithi047.stdout:/usr/bin/ceph: stderr
2024-03-21T10:11:53.106+0000 7ff539400700 1 -- 172.21.15.47:0/613838233 >> [v2:172.21.15.47:3300/0,v1:172.21.15.47:6789/0] conn(0x7ff534109ba0 msgr2=0x7ff53419d900 secure :-1 s=STATE_CONNECTION_ESTABLISHED l=1).mark_down
2024-03-21T10:11:53.849 INFO:teuthology.orchestra.run.smithi047.stdout:/usr/bin/ceph: stderr
2024-03-21T10:11:53.106+0000 7ff539400700 1 --2- 172.21.15.47:0/613838233 >> [v2:172.21.15.47:3300/0,v1:172.21.15.47:6789/0] conn(0x7ff534109ba0 0x7ff53419d900 secure :-1 s=READY pgs=38 cs=0 l=1 rev1=1 crypto rx=0x7ff524003f60 tx=0x7ff524004670 comp rx=0 tx=0).stop
2024-03-21T10:11:53.849 INFO:teuthology.orchestra.run.smithi047.stdout:/usr/bin/ceph: stderr
2024-03-21T10:11:53.106+0000 7ff539400700 1 -- 172.21.15.47:0/613838233 shutdown_connections
2024-03-21T10:11:53.850 INFO:teuthology.orchestra.run.smithi047.stdout:/usr/bin/ceph: stderr
2024-03-21T10:11:53.106+0000 7ff539400700 1 --2- 172.21.15.47:0/613838233 >> [v2:172.21.15.47:6800/3836903972,v1:172.21.15.47:6801/3836903972] conn(0x7ff518039290 0x7ff51803b750 unknown :-1 s=CLOSED pgs=7 cs=0 l=1 rev1=1 crypto rx=0 tx=0 comp rx=0 tx=0).stop
2024-03-21T10:11:53.850 INFO:teuthology.orchestra.run.smithi047.stdout:/usr/bin/ceph: stderr
2024-03-21T10:11:53.107+0000 7ff539400700 1 --2- 172.21.15.47:0/613838233 >> [v2:172.21.15.47:3300/0,v1:172.21.15.47:6789/0] conn(0x7ff534109ba0 0x7ff53419d900 unknown :-1 s=CLOSED pgs=38 cs=0 l=1 rev1=1 crypto rx=0 tx=0 comp rx=0 tx=0).stop
2024-03-21T10:11:53.850 INFO:teuthology.orchestra.run.smithi047.stdout:/usr/bin/ceph: stderr
2024-03-21T10:11:53.107+0000 7ff539400700 1 -- 172.21.15.47:0/613838233 >> 172.21.15.47:0/613838233 conn(0x7ff5341054a0 msgr2=0x7ff534106e80 unknown :-1 s=STATE_NONE l=0).mark_down
2024-03-21T10:11:53.850 INFO:teuthology.orchestra.run.smithi047.stdout:/usr/bin/ceph: stderr
2024-03-21T10:11:53.107+0000 7ff539400700 1 -- 172.21.15.47:0/613838233 shutdown_connections
2024-03-21T10:11:53.850 INFO:teuthology.orchestra.run.smithi047.stdout:/usr/bin/ceph: stderr
2024-03-21T10:11:53.107+0000 7ff539400700 1 -- 172.21.15.47:0/613838233 wait complete.
2024-03-21T10:11:55.307 INFO:teuthology.orchestra.run.smithi047.stdout:/usr/bin/ceph: stdout value unchanged
2024-03-21T10:11:55.307 INFO:teuthology.orchestra.run.smithi047.stdout:/usr/bin/ceph: stderr
2024-03-21T10:11:54.399+0000 7f5019200700 1 Processor -- start
2024-03-21T10:11:55.307 INFO:teuthology.orchestra.run.smithi047.stdout:/usr/bin/ceph: stderr
2024-03-21T10:11:54.399+0000 7f5019200700 1 -- start start
2024-03-21T10:11:55.307 INFO:teuthology.orchestra.run.smithi047.stdout:/usr/bin/ceph: stderr
2024-03-21T10:11:54.399+0000 7f5019200700 1 --2- >> [v2:172.21.15.47:3300/0,v1:172.21.15.47:6789/0] conn(0x7f501410e040 0x7f501410e460 unknown :-1 s=NONE pgs=0 cs=0 l=0 rev1=0 crypto rx=0 tx=0 comp rx=0 tx=0).connect
2024-03-21T10:11:55.307 INFO:teuthology.orchestra.run.smithi047.stdout:/usr/bin/ceph: stderr
2024-03-21T10:11:54.399+0000 7f5019200700 1 -- --> [v2:172.21.15.47:3300/0,v1:172.21.15.47:6789/0] -- mon_getmap magic: 0 v1 -- 0x7f501410ea30 con 0x7f501410e040
2024-03-21T10:11:55.309 INFO:teuthology.orchestra.run.smithi047.stdout:/usr/bin/ceph: stderr
2024-03-21T10:11:54.400+0000 7f5013400700 1 --2- >> [v2:172.21.15.47:3300/0,v1:172.21.15.47:6789/0] conn(0x7f501410e040 0x7f501410e460 unknown :-1 s=BANNER_CONNECTING pgs=0 cs=0 l=0 rev1=0 crypto rx=0 tx=0 comp rx=0 tx=0)._handle_peer_banner_payload supported=3 required=0
2024-03-21T10:11:55.309 INFO:teuthology.orchestra.run.smithi047.stdout:/usr/bin/ceph: stderr
2024-03-21T10:11:54.400+0000 7f5013400700 1 --2- >> [v2:172.21.15.47:3300/0,v1:172.21.15.47:6789/0] conn(0x7f501410e040 0x7f501410e460 unknown :-1 s=HELLO_CONNECTING pgs=0 cs=0 l=0 rev1=1 crypto rx=0 tx=0 comp rx=0 tx=0).handle_hello peer v2:172.21.15.47:3300/0 says I am v2:172.21.15.47:40696/0 (socket says 172.21.15.47:40696)
2024-03-21T10:11:55.309 INFO:teuthology.orchestra.run.smithi047.stdout:/usr/bin/ceph: stderr
2024-03-21T10:11:54.400+0000 7f5013400700 1 -- 172.21.15.47:0/2933542112 learned_addr learned my addr 172.21.15.47:0/2933542112 (peer_addr_for_me v2:172.21.15.47:0/0)
2024-03-21T10:11:55.309 INFO:teuthology.orchestra.run.smithi047.stdout:/usr/bin/ceph: stderr
2024-03-21T10:11:54.400+0000 7f5013400700 1 -- 172.21.15.47:0/2933542112 --> [v2:172.21.15.47:3300/0,v1:172.21.15.47:6789/0] -- mon_subscribe({config=0+,monmap=0+}) v3 -- 0x7f501410eec0 con 0x7f501410e040
2024-03-21T10:11:55.309 INFO:teuthology.orchestra.run.smithi047.stdout:/usr/bin/ceph: stderr
2024-03-21T10:11:54.401+0000 7f5013400700 1 --2- 172.21.15.47:0/2933542112 >> [v2:172.21.15.47:3300/0,v1:172.21.15.47:6789/0] conn(0x7f501410e040 0x7f501410e460 secure :-1 s=READY pgs=39 cs=0 l=1 rev1=1 crypto rx=0x7f50040098a0 tx=0x7f5004009bb0 comp rx=0 tx=0).ready entity=mon.0 client_cookie=64a24b75a3889fef server_cookie=0 in_seq=0 out_seq=0
2024-03-21T10:11:55.309 INFO:teuthology.orchestra.run.smithi047.stdout:/usr/bin/ceph: stderr
2024-03-21T10:11:54.401+0000 7f5012000700 1 -- 172.21.15.47:0/2933542112 <== mon.0 v2:172.21.15.47:3300/0 1 ==== mon_map magic: 0 v1 ==== 205+0+0 (secure 0 0 0) 0x7f5004004160 con 0x7f501410e040
2024-03-21T10:11:55.309 INFO:teuthology.orchestra.run.smithi047.stdout:/usr/bin/ceph: stderr
2024-03-21T10:11:54.401+0000 7f5012000700 1 -- 172.21.15.47:0/2933542112 <== mon.0 v2:172.21.15.47:3300/0 2 ==== config(26 keys) v1 ==== 1071+0+0 (secure 0 0 0) 0x7f5004004300 con 0x7f501410e040
2024-03-21T10:11:55.310 INFO:teuthology.orchestra.run.smithi047.stdout:/usr/bin/ceph: stderr
2024-03-21T10:11:54.401+0000 7f5012000700 1 -- 172.21.15.47:0/2933542112 <== mon.0 v2:172.21.15.47:3300/0 3 ==== mon_map magic: 0 v1 ==== 205+0+0 (secure 0 0 0) 0x7f5004011a80 con 0x7f501410e040
2024-03-21T10:11:55.310 INFO:teuthology.orchestra.run.smithi047.stdout:/usr/bin/ceph: stderr
2024-03-21T10:11:54.401+0000 7f5019200700 1 -- 172.21.15.47:0/2933542112 >> [v2:172.21.15.47:3300/0,v1:172.21.15.47:6789/0] conn(0x7f501410e040 msgr2=0x7f501410e460 secure :-1 s=STATE_CONNECTION_ESTABLISHED l=1).mark_down
2024-03-21T10:11:55.310 INFO:teuthology.orchestra.run.smithi047.stdout:/usr/bin/ceph: stderr
2024-03-21T10:11:54.401+0000 7f5019200700 1 --2- 172.21.15.47:0/2933542112 >> [v2:172.21.15.47:3300/0,v1:172.21.15.47:6789/0] conn(0x7f501410e040 0x7f501410e460 secure :-1 s=READY pgs=39 cs=0 l=1 rev1=1 crypto rx=0x7f50040098a0 tx=0x7f5004009bb0 comp rx=0 tx=0).stop
2024-03-21T10:11:55.310 INFO:teuthology.orchestra.run.smithi047.stdout:/usr/bin/ceph: stderr
2024-03-21T10:11:54.402+0000 7f5019200700 1 -- 172.21.15.47:0/2933542112 shutdown_connections
2024-03-21T10:11:55.310 INFO:teuthology.orchestra.run.smithi047.stdout:/usr/bin/ceph: stderr
2024-03-21T10:11:54.402+0000 7f5019200700 1 --2- 172.21.15.47:0/2933542112 >> [v2:172.21.15.47:3300/0,v1:172.21.15.47:6789/0] conn(0x7f501410e040 0x7f501410e460 unknown :-1 s=CLOSED pgs=39 cs=0 l=1 rev1=1 crypto rx=0 tx=0 comp rx=0 tx=0).stop
2024-03-21T10:11:55.310 INFO:teuthology.orchestra.run.smithi047.stdout:/usr/bin/ceph: stderr
2024-03-21T10:11:54.402+0000 7f5019200700 1 -- 172.21.15.47:0/2933542112 >> 172.21.15.47:0/2933542112 conn(0x7f501407ce50 msgr2=0x7f501407f270 unknown :-1 s=STATE_NONE l=0).mark_down
2024-03-21T10:11:55.310 INFO:teuthology.orchestra.run.smithi047.stdout:/usr/bin/ceph: stderr
2024-03-21T10:11:54.402+0000 7f5019200700 1 -- 172.21.15.47:0/2933542112 shutdown_connections
2024-03-21T10:11:55.313 INFO:teuthology.orchestra.run.smithi047.stdout:/usr/bin/ceph: stderr
2024-03-21T10:11:54.402+0000 7f5019200700 1 -- 172.21.15.47:0/2933542112 wait complete.
2024-03-21T10:11:55.313 INFO:teuthology.orchestra.run.smithi047.stdout:/usr/bin/ceph: stderr
2024-03-21T10:11:54.403+0000 7f5019200700 1 Processor -- start
2024-03-21T10:11:55.313 INFO:teuthology.orchestra.run.smithi047.stdout:/usr/bin/ceph: stderr
2024-03-21T10:11:54.403+0000 7f5019200700 1 -- start start
2024-03-21T10:11:55.313 INFO:teuthology.orchestra.run.smithi047.stdout:/usr/bin/ceph: stderr
2024-03-21T10:11:54.403+0000 7f5019200700 1 --2- >> [v2:172.21.15.47:3300/0,v1:172.21.15.47:6789/0] conn(0x7f501410e040 0x7f50141a1bb0 unknown :-1 s=NONE pgs=0 cs=0 l=1 rev1=0 crypto rx=0 tx=0 comp rx=0 tx=0).connect
2024-03-21T10:11:55.313 INFO:teuthology.orchestra.run.smithi047.stdout:/usr/bin/ceph: stderr
2024-03-21T10:11:54.403+0000 7f5019200700 1 -- --> [v2:172.21.15.47:3300/0,v1:172.21.15.47:6789/0] -- mon_getmap magic: 0 v1 -- 0x7f5014112300 con 0x7f501410e040
2024-03-21T10:11:55.313 INFO:teuthology.orchestra.run.smithi047.stdout:/usr/bin/ceph: stderr
2024-03-21T10:11:54.404+0000 7f5013400700 1 --2- >> [v2:172.21.15.47:3300/0,v1:172.21.15.47:6789/0] conn(0x7f501410e040 0x7f50141a1bb0 unknown :-1 s=BANNER_CONNECTING pgs=0 cs=0 l=1 rev1=0 crypto rx=0 tx=0 comp rx=0 tx=0)._handle_peer_banner_payload supported=3 required=0
2024-03-21T10:11:55.313 INFO:teuthology.orchestra.run.smithi047.stdout:/usr/bin/ceph: stderr
2024-03-21T10:11:54.404+0000 7f5013400700 1 --2- >> [v2:172.21.15.47:3300/0,v1:172.21.15.47:6789/0] conn(0x7f501410e040 0x7f50141a1bb0 unknown :-1 s=HELLO_CONNECTING pgs=0 cs=0 l=1 rev1=1 crypto rx=0 tx=0 comp rx=0 tx=0).handle_hello peer v2:172.21.15.47:3300/0 says I am v2:172.21.15.47:40706/0 (socket says 172.21.15.47:40706)
2024-03-21T10:11:55.313 INFO:teuthology.orchestra.run.smithi047.stdout:/usr/bin/ceph: stderr
2024-03-21T10:11:54.404+0000 7f5013400700 1 -- 172.21.15.47:0/808266500 learned_addr learned my addr 172.21.15.47:0/808266500 (peer_addr_for_me v2:172.21.15.47:0/0)
2024-03-21T10:11:55.313 INFO:teuthology.orchestra.run.smithi047.stdout:/usr/bin/ceph: stderr
2024-03-21T10:11:54.404+0000 7f5013400700 1 -- 172.21.15.47:0/808266500 --> [v2:172.21.15.47:3300/0,v1:172.21.15.47:6789/0] -- mon_subscribe({config=0+,monmap=0+}) v3 -- 0x7f50141a20f0 con 0x7f501410e040
2024-03-21T10:11:55.313 INFO:teuthology.orchestra.run.smithi047.stdout:/usr/bin/ceph: stderr
2024-03-21T10:11:54.404+0000 7f5013400700 1 --2- 172.21.15.47:0/808266500 >> [v2:172.21.15.47:3300/0,v1:172.21.15.47:6789/0] conn(0x7f501410e040 0x7f50141a1bb0 secure :-1 s=READY pgs=40 cs=0 l=1 rev1=1 crypto rx=0x7f5004011a50 tx=0x7f5004004290 comp rx=0 tx=0).ready entity=mon.0 client_cookie=0 server_cookie=0 in_seq=0 out_seq=0
2024-03-21T10:11:55.313 INFO:teuthology.orchestra.run.smithi047.stdout:/usr/bin/ceph: stderr
2024-03-21T10:11:54.405+0000 7f500be00700 1 -- 172.21.15.47:0/808266500 <== mon.0 v2:172.21.15.47:3300/0 1 ==== mon_map magic: 0 v1 ==== 205+0+0 (secure 0 0 0) 0x7f50040039f0 con 0x7f501410e040
2024-03-21T10:11:55.314 INFO:teuthology.orchestra.run.smithi047.stdout:/usr/bin/ceph: stderr
2024-03-21T10:11:54.405+0000 7f500be00700 1 -- 172.21.15.47:0/808266500 <== mon.0 v2:172.21.15.47:3300/0 2 ==== config(26 keys) v1 ==== 1071+0+0 (secure 0 0 0) 0x7f5004003b90 con 0x7f501410e040
2024-03-21T10:11:55.314 INFO:teuthology.orchestra.run.smithi047.stdout:/usr/bin/ceph: stderr
