2024-03-21T10:26:22.790+0000 7f090ca00700 1 -- 172.21.15.31:0/2506395913 --> [v2:172.21.15.31:6800/4085461895,v1:172.21.15.31:6801/4085461895] -- mgr_command(tid 0: {"prefix": "cephadm generate-key", "target": ["mon-mgr", ""]}) v1 -- 0x7f090807e0e0 con 0x7f08ec0391d0
2024-03-21T10:26:24.403 INFO:teuthology.orchestra.run.smithi031.stdout:/usr/bin/ceph: stderr
2024-03-21T10:26:23.544+0000 7f0904c00700 1 -- 172.21.15.31:0/2506395913 <== mgr.14120 v2:172.21.15.31:6800/4085461895 1 ==== mgr_command_reply(tid 0: 0 ) v1 ==== 8+0+0 (secure 0 0 0) 0x7f090807e0e0 con 0x7f08ec0391d0
2024-03-21T10:26:24.403 INFO:teuthology.orchestra.run.smithi031.stdout:/usr/bin/ceph: stderr
2024-03-21T10:26:23.546+0000 7f090ca00700 1 -- 172.21.15.31:0/2506395913 >> [v2:172.21.15.31:6800/4085461895,v1:172.21.15.31:6801/4085461895] conn(0x7f08ec0391d0 msgr2=0x7f08ec03b690 secure :-1 s=STATE_CONNECTION_ESTABLISHED l=1).mark_down
2024-03-21T10:26:24.403 INFO:teuthology.orchestra.run.smithi031.stdout:/usr/bin/ceph: stderr
2024-03-21T10:26:23.546+0000 7f090ca00700 1 --2- 172.21.15.31:0/2506395913 >> [v2:172.21.15.31:6800/4085461895,v1:172.21.15.31:6801/4085461895] conn(0x7f08ec0391d0 0x7f08ec03b690 secure :-1 s=READY pgs=9 cs=0 l=1 rev1=1 crypto rx=0x7f08f0006fd0 tx=0x7f08f0006e40 comp rx=0 tx=0).stop
2024-03-21T10:26:24.403 INFO:teuthology.orchestra.run.smithi031.stdout:/usr/bin/ceph: stderr
2024-03-21T10:26:23.546+0000 7f090ca00700 1 -- 172.21.15.31:0/2506395913 >> [v2:172.21.15.31:3300/0,v1:172.21.15.31:6789/0] conn(0x7f0908081870 msgr2=0x7f09081a1e50 secure :-1 s=STATE_CONNECTION_ESTABLISHED l=1).mark_down
2024-03-21T10:26:24.403 INFO:teuthology.orchestra.run.smithi031.stdout:/usr/bin/ceph: stderr
2024-03-21T10:26:23.546+0000 7f090ca00700 1 --2- 172.21.15.31:0/2506395913 >> [v2:172.21.15.31:3300/0,v1:172.21.15.31:6789/0] conn(0x7f0908081870 0x7f09081a1e50 secure :-1 s=READY pgs=42 cs=0 l=1 rev1=1 crypto rx=0x7f08f8011b60 tx=0x7f08f8011c40 comp rx=0 tx=0).stop
2024-03-21T10:26:24.403 INFO:teuthology.orchestra.run.smithi031.stdout:/usr/bin/ceph: stderr
2024-03-21T10:26:23.547+0000 7f090ca00700 1 -- 172.21.15.31:0/2506395913 shutdown_connections
2024-03-21T10:26:24.403 INFO:teuthology.orchestra.run.smithi031.stdout:/usr/bin/ceph: stderr
2024-03-21T10:26:23.547+0000 7f090ca00700 1 --2- 172.21.15.31:0/2506395913 >> [v2:172.21.15.31:6800/4085461895,v1:172.21.15.31:6801/4085461895] conn(0x7f08ec0391d0 0x7f08ec03b690 unknown :-1 s=CLOSED pgs=9 cs=0 l=1 rev1=1 crypto rx=0 tx=0 comp rx=0 tx=0).stop
2024-03-21T10:26:24.403 INFO:teuthology.orchestra.run.smithi031.stdout:/usr/bin/ceph: stderr
2024-03-21T10:26:23.547+0000 7f090ca00700 1 --2- 172.21.15.31:0/2506395913 >> [v2:172.21.15.31:3300/0,v1:172.21.15.31:6789/0] conn(0x7f0908081870 0x7f09081a1e50 unknown :-1 s=CLOSED pgs=42 cs=0 l=1 rev1=1 crypto rx=0 tx=0 comp rx=0 tx=0).stop
2024-03-21T10:26:24.404 INFO:teuthology.orchestra.run.smithi031.stdout:/usr/bin/ceph: stderr
2024-03-21T10:26:23.547+0000 7f090ca00700 1 -- 172.21.15.31:0/2506395913 >> 172.21.15.31:0/2506395913 conn(0x7f090807cee0 msgr2=0x7f090807d9d0 unknown :-1 s=STATE_NONE l=0).mark_down
2024-03-21T10:26:24.404 INFO:teuthology.orchestra.run.smithi031.stdout:/usr/bin/ceph: stderr
2024-03-21T10:26:23.547+0000 7f090ca00700 1 -- 172.21.15.31:0/2506395913 shutdown_connections
2024-03-21T10:26:24.404 INFO:teuthology.orchestra.run.smithi031.stdout:/usr/bin/ceph: stderr
2024-03-21T10:26:23.547+0000 7f090ca00700 1 -- 172.21.15.31:0/2506395913 wait complete.
2024-03-21T10:26:24.559 INFO:journalctl@ceph.mon.a.smithi031.stdout:Mar 21 10:26:24 smithi031 ceph-mon[31673]: from='mgr.14120 172.21.15.31:0/4221700501' entity='mgr.x'
2024-03-21T10:26:24.559 INFO:journalctl@ceph.mon.a.smithi031.stdout:Mar 21 10:26:24 smithi031 ceph-mon[31673]: from='mgr.14120 172.21.15.31:0/4221700501' entity='mgr.x'
2024-03-21T10:26:25.945 INFO:teuthology.orchestra.run.smithi031.stdout:/usr/bin/ceph: stdout ssh-rsa AAAAB3NzaC1yc2EAAAADAQABAAABgQDJUNRYCYm3PhJDatpPDA7cWcOZcWZ1xbEEwhquawL3S/bRslYoumXGK2rL3KYlVlm2alPycHnDRuLuWwGQSOYww3sFAEZePWnT/Rrda7g5qomR6EYrQkALm2ptVbG+mlVvEdCRj96FNKO2MyXIlW+XZIqUAOiJ9KX1MLkhSyU8JQW1no1/3fU107uzcCKB9Q0ENBdKi7DdOW0rO7/dztXwcghKEbZ8p9e5QDe33vJETsj2QB4/g3srcxoIe2pa9e3SNCzS5mKV6/JU1uQng77+WT9KYjxT8dkfOLlcMNouyDhHnFy8iBQX++i8eMDEJVLkykHWy74FTLnJ8CDB3G+iPwA7c2G01A4Aiz14GllLOfczBYdyEpiR1G6xNSKiXbvInjmVx4iAn/uHh+9OhNOJfh2V6ij/hKHpWA7I4tPpiUmymOSK2SvaYPfs3HvYYPIgwc+RzaZ+8S0eaDcn7b/6AphshTcuolkfH2fKZoiQGCVkpLQON+QDM5nokKkRsuk= ceph-3847408c-e76d-11ee-95cd-87774f69a715
2024-03-21T10:26:25.945 INFO:teuthology.orchestra.run.smithi031.stdout:/usr/bin/ceph: stderr
2024-03-21T10:26:25.087+0000 7f3de7e00700 1 Processor -- start
2024-03-21T10:26:25.945 INFO:teuthology.orchestra.run.smithi031.stdout:/usr/bin/ceph: stderr
2024-03-21T10:26:25.087+0000 7f3de7e00700 1 -- start start
2024-03-21T10:26:25.945 INFO:teuthology.orchestra.run.smithi031.stdout:/usr/bin/ceph: stderr
2024-03-21T10:26:25.087+0000 7f3de7e00700 1 --2- >> [v2:172.21.15.31:3300/0,v1:172.21.15.31:6789/0] conn(0x7f3de8107970 0x7f3de8107d90 unknown :-1 s=NONE pgs=0 cs=0 l=0 rev1=0 crypto rx=0 tx=0 comp rx=0 tx=0).connect
2024-03-21T10:26:25.946 INFO:teuthology.orchestra.run.smithi031.stdout:/usr/bin/ceph: stderr
2024-03-21T10:26:25.087+0000 7f3de7e00700 1 -- --> [v2:172.21.15.31:3300/0,v1:172.21.15.31:6789/0] -- mon_getmap magic: 0 v1 -- 0x7f3de8108360 con 0x7f3de8107970
2024-03-21T10:26:25.946 INFO:teuthology.orchestra.run.smithi031.stdout:/usr/bin/ceph: stderr
2024-03-21T10:26:25.088+0000 7f3de6a00700 1 --2- >> [v2:172.21.15.31:3300/0,v1:172.21.15.31:6789/0] conn(0x7f3de8107970 0x7f3de8107d90 unknown :-1 s=BANNER_CONNECTING pgs=0 cs=0 l=0 rev1=0 crypto rx=0 tx=0 comp rx=0 tx=0)._handle_peer_banner_payload supported=3 required=0
2024-03-21T10:26:25.946 INFO:teuthology.orchestra.run.smithi031.stdout:/usr/bin/ceph: stderr
2024-03-21T10:26:25.088+0000 7f3de6a00700 1 --2- >> [v2:172.21.15.31:3300/0,v1:172.21.15.31:6789/0] conn(0x7f3de8107970 0x7f3de8107d90 unknown :-1 s=HELLO_CONNECTING pgs=0 cs=0 l=0 rev1=1 crypto rx=0 tx=0 comp rx=0 tx=0).handle_hello peer v2:172.21.15.31:3300/0 says I am v2:172.21.15.31:38808/0 (socket says 172.21.15.31:38808)
2024-03-21T10:26:25.946 INFO:teuthology.orchestra.run.smithi031.stdout:/usr/bin/ceph: stderr
2024-03-21T10:26:25.088+0000 7f3de6a00700 1 -- 172.21.15.31:0/1081408784 learned_addr learned my addr 172.21.15.31:0/1081408784 (peer_addr_for_me v2:172.21.15.31:0/0)
2024-03-21T10:26:25.946 INFO:teuthology.orchestra.run.smithi031.stdout:/usr/bin/ceph: stderr
2024-03-21T10:26:25.088+0000 7f3de6a00700 1 -- 172.21.15.31:0/1081408784 --> [v2:172.21.15.31:3300/0,v1:172.21.15.31:6789/0] -- mon_subscribe({config=0+,monmap=0+}) v3 -- 0x7f3de8108ad0 con 0x7f3de8107970
2024-03-21T10:26:25.946 INFO:teuthology.orchestra.run.smithi031.stdout:/usr/bin/ceph: stderr
2024-03-21T10:26:25.088+0000 7f3de6a00700 1 --2- 172.21.15.31:0/1081408784 >> [v2:172.21.15.31:3300/0,v1:172.21.15.31:6789/0] conn(0x7f3de8107970 0x7f3de8107d90 secure :-1 s=READY pgs=43 cs=0 l=1 rev1=1 crypto rx=0x7f3dd80098a0 tx=0x7f3dd8009bb0 comp rx=0 tx=0).ready entity=mon.0 client_cookie=a1fb85e3883ad19b server_cookie=0 in_seq=0 out_seq=0
2024-03-21T10:26:25.946 INFO:teuthology.orchestra.run.smithi031.stdout:/usr/bin/ceph: stderr
2024-03-21T10:26:25.089+0000 7f3de6000700 1 -- 172.21.15.31:0/1081408784 <== mon.0 v2:172.21.15.31:3300/0 1 ==== mon_map magic: 0 v1 ==== 205+0+0 (secure 0 0 0) 0x7f3dd8004160 con 0x7f3de8107970
2024-03-21T10:26:25.946 INFO:teuthology.orchestra.run.smithi031.stdout:/usr/bin/ceph: stderr
2024-03-21T10:26:25.089+0000 7f3de6000700 1 -- 172.21.15.31:0/1081408784 <== mon.0 v2:172.21.15.31:3300/0 2 ==== config(27 keys) v1 ==== 1109+0+0 (secure 0 0 0) 0x7f3dd8004300 con 0x7f3de8107970
2024-03-21T10:26:25.946 INFO:teuthology.orchestra.run.smithi031.stdout:/usr/bin/ceph: stderr
2024-03-21T10:26:25.089+0000 7f3de6000700 1 -- 172.21.15.31:0/1081408784 <== mon.0 v2:172.21.15.31:3300/0 3 ==== mon_map magic: 0 v1 ==== 205+0+0 (secure 0 0 0) 0x7f3dd8011b50 con 0x7f3de8107970
2024-03-21T10:26:25.946 INFO:teuthology.orchestra.run.smithi031.stdout:/usr/bin/ceph: stderr
2024-03-21T10:26:25.089+0000 7f3de7e00700 1 -- 172.21.15.31:0/1081408784 >> [v2:172.21.15.31:3300/0,v1:172.21.15.31:6789/0] conn(0x7f3de8107970 msgr2=0x7f3de8107d90 secure :-1 s=STATE_CONNECTION_ESTABLISHED l=1).mark_down
2024-03-21T10:26:25.946 INFO:teuthology.orchestra.run.smithi031.stdout:/usr/bin/ceph: stderr
2024-03-21T10:26:25.089+0000 7f3de7e00700 1 --2- 172.21.15.31:0/1081408784 >> [v2:172.21.15.31:3300/0,v1:172.21.15.31:6789/0] conn(0x7f3de8107970 0x7f3de8107d90 secure :-1 s=READY pgs=43 cs=0 l=1 rev1=1 crypto rx=0x7f3dd80098a0 tx=0x7f3dd8009bb0 comp rx=0 tx=0).stop
2024-03-21T10:26:25.946 INFO:teuthology.orchestra.run.smithi031.stdout:/usr/bin/ceph: stderr
2024-03-21T10:26:25.089+0000 7f3de7e00700 1 -- 172.21.15.31:0/1081408784 shutdown_connections
2024-03-21T10:26:25.946 INFO:teuthology.orchestra.run.smithi031.stdout:/usr/bin/ceph: stderr
2024-03-21T10:26:25.089+0000 7f3de7e00700 1 --2- 172.21.15.31:0/1081408784 >> [v2:172.21.15.31:3300/0,v1:172.21.15.31:6789/0] conn(0x7f3de8107970 0x7f3de8107d90 unknown :-1 s=CLOSED pgs=43 cs=0 l=1 rev1=1 crypto rx=0 tx=0 comp rx=0 tx=0).stop
2024-03-21T10:26:25.947 INFO:teuthology.orchestra.run.smithi031.stdout:/usr/bin/ceph: stderr
2024-03-21T10:26:25.089+0000 7f3de7e00700 1 -- 172.21.15.31:0/1081408784 >> 172.21.15.31:0/1081408784 conn(0x7f3de8102f50 msgr2=0x7f3de8105370 unknown :-1 s=STATE_NONE l=0).mark_down
2024-03-21T10:26:25.947 INFO:teuthology.orchestra.run.smithi031.stdout:/usr/bin/ceph: stderr
2024-03-21T10:26:25.090+0000 7f3de7e00700 1 -- 172.21.15.31:0/1081408784 shutdown_connections
2024-03-21T10:26:25.947 INFO:teuthology.orchestra.run.smithi031.stdout:/usr/bin/ceph: stderr
2024-03-21T10:26:25.090+0000 7f3de7e00700 1 -- 172.21.15.31:0/1081408784 wait complete.
2024-03-21T10:26:25.947 INFO:teuthology.orchestra.run.smithi031.stdout:/usr/bin/ceph: stderr
2024-03-21T10:26:25.091+0000 7f3de7e00700 1 Processor -- start
2024-03-21T10:26:25.947 INFO:teuthology.orchestra.run.smithi031.stdout:/usr/bin/ceph: stderr
2024-03-21T10:26:25.091+0000 7f3de7e00700 1 -- start start
2024-03-21T10:26:25.947 INFO:teuthology.orchestra.run.smithi031.stdout:/usr/bin/ceph: stderr
2024-03-21T10:26:25.091+0000 7f3de7e00700 1 --2- >> [v2:172.21.15.31:3300/0,v1:172.21.15.31:6789/0] conn(0x7f3de8107970 0x7f3de807db50 unknown :-1 s=NONE pgs=0 cs=0 l=1 rev1=0 crypto rx=0 tx=0 comp rx=0 tx=0).connect
2024-03-21T10:26:25.947 INFO:teuthology.orchestra.run.smithi031.stdout:/usr/bin/ceph: stderr
2024-03-21T10:26:25.091+0000 7f3de7e00700 1 -- --> [v2:172.21.15.31:3300/0,v1:172.21.15.31:6789/0] -- mon_getmap magic: 0 v1 -- 0x7f3de810be80 con 0x7f3de8107970
2024-03-21T10:26:25.947 INFO:teuthology.orchestra.run.smithi031.stdout:/usr/bin/ceph: stderr
2024-03-21T10:26:25.092+0000 7f3de6a00700 1 --2- >> [v2:172.21.15.31:3300/0,v1:172.21.15.31:6789/0] conn(0x7f3de8107970 0x7f3de807db50 unknown :-1 s=BANNER_CONNECTING pgs=0 cs=0 l=1 rev1=0 crypto rx=0 tx=0 comp rx=0 tx=0)._handle_peer_banner_payload supported=3 required=0
2024-03-21T10:26:25.947 INFO:teuthology.orchestra.run.smithi031.stdout:/usr/bin/ceph: stderr
2024-03-21T10:26:25.092+0000 7f3de6a00700 1 --2- >> [v2:172.21.15.31:3300/0,v1:172.21.15.31:6789/0] conn(0x7f3de8107970 0x7f3de807db50 unknown :-1 s=HELLO_CONNECTING pgs=0 cs=0 l=1 rev1=1 crypto rx=0 tx=0 comp rx=0 tx=0).handle_hello peer v2:172.21.15.31:3300/0 says I am v2:172.21.15.31:38812/0 (socket says 172.21.15.31:38812)
2024-03-21T10:26:25.947 INFO:teuthology.orchestra.run.smithi031.stdout:/usr/bin/ceph: stderr
2024-03-21T10:26:25.092+0000 7f3de6a00700 1 -- 172.21.15.31:0/2941240502 learned_addr learned my addr 172.21.15.31:0/2941240502 (peer_addr_for_me v2:172.21.15.31:0/0)
2024-03-21T10:26:25.949 INFO:teuthology.orchestra.run.smithi031.stdout:/usr/bin/ceph: stderr
2024-03-21T10:26:25.092+0000 7f3de6a00700 1 -- 172.21.15.31:0/2941240502 --> [v2:172.21.15.31:3300/0,v1:172.21.15.31:6789/0] -- mon_subscribe({config=0+,monmap=0+}) v3 -- 0x7f3de807e090 con 0x7f3de8107970
2024-03-21T10:26:25.949 INFO:teuthology.orchestra.run.smithi031.stdout:/usr/bin/ceph: stderr
2024-03-21T10:26:25.092+0000 7f3de6a00700 1 --2- 172.21.15.31:0/2941240502 >> [v2:172.21.15.31:3300/0,v1:172.21.15.31:6789/0] conn(0x7f3de8107970 0x7f3de807db50 secure :-1 s=READY pgs=44 cs=0 l=1 rev1=1 crypto rx=0x7f3dd8011850 tx=0x7f3dd8011c10 comp rx=0 tx=0).ready entity=mon.0 client_cookie=0 server_cookie=0 in_seq=0 out_seq=0
2024-03-21T10:26:25.949 INFO:teuthology.orchestra.run.smithi031.stdout:/usr/bin/ceph: stderr
2024-03-21T10:26:25.093+0000 7f3ddfe00700 1 -- 172.21.15.31:0/2941240502 <== mon.0 v2:172.21.15.31:3300/0 1 ==== mon_map magic: 0 v1 ==== 205+0+0 (secure 0 0 0) 0x7f3dd8003af0 con 0x7f3de8107970
2024-03-21T10:26:25.950 INFO:teuthology.orchestra.run.smithi031.stdout:/usr/bin/ceph: stderr
2024-03-21T10:26:25.093+0000 7f3ddfe00700 1 -- 172.21.15.31:0/2941240502 <== mon.0 v2:172.21.15.31:3300/0 2 ==== config(27 keys) v1 ==== 1109+0+0 (secure 0 0 0) 0x7f3dd8020070 con 0x7f3de8107970
2024-03-21T10:26:25.950 INFO:teuthology.orchestra.run.smithi031.stdout:/usr/bin/ceph: stderr
2024-03-21T10:26:25.093+0000 7f3de7e00700 1 -- 172.21.15.31:0/2941240502 --> [v2:172.21.15.31:3300/0,v1:172.21.15.31:6789/0] -- mon_subscribe({mgrmap=0+}) v3 -- 0x7f3de807c280 con 0x7f3de8107970
2024-03-21T10:26:25.950 INFO:teuthology.orchestra.run.smithi031.stdout:/usr/bin/ceph: stderr
2024-03-21T10:26:25.093+0000 7f3ddfe00700 1 -- 172.21.15.31:0/2941240502 <== mon.0 v2:172.21.15.31:3300/0 3 ==== mon_map magic: 0 v1 ==== 205+0+0 (secure 0 0 0) 0x7f3dd80195a0 con 0x7f3de8107970
2024-03-21T10:26:25.950 INFO:teuthology.orchestra.run.smithi031.stdout:/usr/bin/ceph: stderr
2024-03-21T10:26:25.093+0000 7f3de7e00700 1 -- 172.21.15.31:0/2941240502 --> [v2:172.21.15.31:3300/0,v1:172.21.15.31:6789/0] -- mon_subscribe({osdmap=0}) v3 -- 0x7f3de807c7c0 con 0x7f3de8107970
2024-03-21T10:26:25.950 INFO:teuthology.orchestra.run.smithi031.stdout:/usr/bin/ceph: stderr
2024-03-21T10:26:25.094+0000 7f3de7e00700 1 -- 172.21.15.31:0/2941240502 --> [v2:172.21.15.31:3300/0,v1:172.21.15.31:6789/0] -- mon_command({"prefix": "get_command_descriptions"} v 0) v1 -- 0x7f3de80637c0 con 0x7f3de8107970
2024-03-21T10:26:25.950 INFO:teuthology.orchestra.run.smithi031.stdout:/usr/bin/ceph: stderr
2024-03-21T10:26:25.094+0000 7f3ddfe00700 1 -- 172.21.15.31:0/2941240502 <== mon.0 v2:172.21.15.31:3300/0 4 ==== mgrmap(e 8) v1 ==== 46294+0+0 (secure 0 0 0) 0x7f3dd8019850 con 0x7f3de8107970
2024-03-21T10:26:25.950 INFO:teuthology.orchestra.run.smithi031.stdout:/usr/bin/ceph: stderr
2024-03-21T10:26:25.094+0000 7f3ddfe00700 1 --2- 172.21.15.31:0/2941240502 >> [v2:172.21.15.31:6800/4085461895,v1:172.21.15.31:6801/4085461895] conn(0x7f3dcc0391d0 0x7f3dcc03b690 unknown :-1 s=NONE pgs=0 cs=0 l=1 rev1=0 crypto rx=0 tx=0 comp rx=0 tx=0).connect
2024-03-21T10:26:25.950 INFO:teuthology.orchestra.run.smithi031.stdout:/usr/bin/ceph: stderr
2024-03-21T10:26:25.095+0000 7f3ddfe00700 1 -- 172.21.15.31:0/2941240502 <== mon.0 v2:172.21.15.31:3300/0 5 ==== osd_map(2..2 src has 1..2) v4 ==== 940+0+0 (secure 0 0 0) 0x7f3dd8011e00 con 0x7f3de8107970
2024-03-21T10:26:25.952 INFO:teuthology.orchestra.run.smithi031.stdout:/usr/bin/ceph: stderr
2024-03-21T10:26:25.095+0000 7f3dde000700 1 --2- 172.21.15.31:0/2941240502 >> [v2:172.21.15.31:6800/4085461895,v1:172.21.15.31:6801/4085461895] conn(0x7f3dcc0391d0 0x7f3dcc03b690 unknown :-1 s=BANNER_CONNECTING pgs=0 cs=0 l=1 rev1=0 crypto rx=0 tx=0 comp rx=0 tx=0)._handle_peer_banner_payload supported=3 required=0
2024-03-21T10:26:25.952 INFO:teuthology.orchestra.run.smithi031.stdout:/usr/bin/ceph: stderr
2024-03-21T10:26:25.096+0000 7f3dde000700 1 --2- 172.21.15.31:0/2941240502 >> [v2:172.21.15.31:6800/4085461895,v1:172.21.15.31:6801/4085461895] conn(0x7f3dcc0391d0 0x7f3dcc03b690 secure :-1 s=READY pgs=10 cs=0 l=1 rev1=1 crypto rx=0x7f3dd0006fd0 tx=0x7f3dd0006e40 comp rx=0 tx=0).ready entity=mgr.14120 client_cookie=0 server_cookie=0 in_seq=0 out_seq=0
2024-03-21T10:26:25.953 INFO:teuthology.orchestra.run.smithi031.stdout:/usr/bin/ceph: stderr
2024-03-21T10:26:25.100+0000 7f3ddfe00700 1 -- 172.21.15.31:0/2941240502 <== mon.0 v2:172.21.15.31:3300/0 6 ==== mon_command_ack([{"prefix": "get_command_descriptions"}]=0 v0) v1 ==== 72+0+186149 (secure 0 0 0) 0x7f3dd8019b40 con 0x7f3de8107970
2024-03-21T10:26:25.953 INFO:teuthology.orchestra.run.smithi031.stdout:/usr/bin/ceph: stderr
2024-03-21T10:26:25.326+0000 7f3de7e00700 1 -- 172.21.15.31:0/2941240502 --> [v2:172.21.15.31:6800/4085461895,v1:172.21.15.31:6801/4085461895] -- mgr_command(tid 0: {"prefix": "cephadm get-pub-key", "target": ["mon-mgr", ""]}) v1 -- 0x7f3de81041f0 con 0x7f3dcc0391d0
2024-03-21T10:26:25.953 INFO:teuthology.orchestra.run.smithi031.stdout:/usr/bin/ceph: stderr
2024-03-21T10:26:25.328+0000 7f3ddfe00700 1 -- 172.21.15.31:0/2941240502 <== mgr.14120 v2:172.21.15.31:6800/4085461895 1 ==== mgr_command_reply(tid 0: 0 ) v1 ==== 8+0+595 (secure 0 0 0) 0x7f3de81041f0 con 0x7f3dcc0391d0
2024-03-21T10:26:25.953 INFO:teuthology.orchestra.run.smithi031.stdout:/usr/bin/ceph: stderr
2024-03-21T10:26:25.330+0000 7f3de7e00700 1 -- 172.21.15.31:0/2941240502 >> [v2:172.21.15.31:6800/4085461895,v1:172.21.15.31:6801/4085461895] conn(0x7f3dcc0391d0 msgr2=0x7f3dcc03b690 secure :-1 s=STATE_CONNECTION_ESTABLISHED l=1).mark_down
2024-03-21T10:26:25.953 INFO:teuthology.orchestra.run.smithi031.stdout:/usr/bin/ceph: stderr
2024-03-21T10:26:25.330+0000 7f3de7e00700 1 --2- 172.21.15.31:0/2941240502 >> [v2:172.21.15.31:6800/4085461895,v1:172.21.15.31:6801/4085461895] conn(0x7f3dcc0391d0 0x7f3dcc03b690 secure :-1 s=READY pgs=10 cs=0 l=1 rev1=1 crypto rx=0x7f3dd0006fd0 tx=0x7f3dd0006e40 comp rx=0 tx=0).stop
2024-03-21T10:26:25.953 INFO:teuthology.orchestra.run.smithi031.stdout:/usr/bin/ceph: stderr
2024-03-21T10:26:25.330+0000 7f3de7e00700 1 -- 172.21.15.31:0/2941240502 >> [v2:172.21.15.31:3300/0,v1:172.21.15.31:6789/0] conn(0x7f3de8107970 msgr2=0x7f3de807db50 secure :-1 s=STATE_CONNECTION_ESTABLISHED l=1).mark_down
2024-03-21T10:26:25.953 INFO:teuthology.orchestra.run.smithi031.stdout:/usr/bin/ceph: stderr
2024-03-21T10:26:25.330+0000 7f3de7e00700 1 --2- 172.21.15.31:0/2941240502 >> [v2:172.21.15.31:3300/0,v1:172.21.15.31:6789/0] conn(0x7f3de8107970 0x7f3de807db50 secure :-1 s=READY pgs=44 cs=0 l=1 rev1=1 crypto rx=0x7f3dd8011850 tx=0x7f3dd8011c10 comp rx=0 tx=0).stop
2024-03-21T10:26:25.953 INFO:teuthology.orchestra.run.smithi031.stdout:/usr/bin/ceph: stderr
2024-03-21T10:26:25.331+0000 7f3de7e00700 1 -- 172.21.15.31:0/2941240502 shutdown_connections
2024-03-21T10:26:25.953 INFO:teuthology.orchestra.run.smithi031.stdout:/usr/bin/ceph: stderr
2024-03-21T10:26:25.331+0000 7f3de7e00700 1 --2- 172.21.15.31:0/2941240502 >> [v2:172.21.15.31:6800/4085461895,v1:172.21.15.31:6801/4085461895] conn(0x7f3dcc0391d0 0x7f3dcc03b690 unknown :-1 s=CLOSED pgs=10 cs=0 l=1 rev1=1 crypto rx=0 tx=0 comp rx=0 tx=0).stop
2024-03-21T10:26:25.953 INFO:teuthology.orchestra.run.smithi031.stdout:/usr/bin/ceph: stderr
2024-03-21T10:26:25.331+0000 7f3de7e00700 1 --2- 172.21.15.31:0/2941240502 >> [v2:172.21.15.31:3300/0,v1:172.21.15.31:6789/0] conn(0x7f3de8107970 0x7f3de807db50 unknown :-1 s=CLOSED pgs=44 cs=0 l=1 rev1=1 crypto rx=0 tx=0 comp rx=0 tx=0).stop
2024-03-21T10:26:25.953 INFO:teuthology.orchestra.run.smithi031.stdout:/usr/bin/ceph: stderr
2024-03-21T10:26:25.331+0000 7f3de7e00700 1 -- 172.21.15.31:0/2941240502 >> 172.21.15.31:0/2941240502 conn(0x7f3de8102f50 msgr2=0x7f3de8103ae0 unknown :-1 s=STATE_NONE l=0).mark_down
2024-03-21T10:26:25.953 INFO:teuthology.orchestra.run.smithi031.stdout:/usr/bin/ceph: stderr
2024-03-21T10:26:25.331+0000 7f3de7e00700 1 -- 172.21.15.31:0/2941240502 shutdown_connections
2024-03-21T10:26:25.954 INFO:teuthology.orchestra.run.smithi031.stdout:/usr/bin/ceph: stderr
2024-03-21T10:26:25.331+0000 7f3de7e00700 1 -- 172.21.15.31:0/2941240502 wait complete.
2024-03-21T10:26:25.954 INFO:teuthology.orchestra.run.smithi031.stdout:Wrote public SSH key to /home/ubuntu/cephtest/ceph.pub
2024-03-21T10:26:25.954 INFO:teuthology.orchestra.run.smithi031.stdout:Adding key to root@localhost authorized_keys...
2024-03-21T10:26:25.954 INFO:teuthology.orchestra.run.smithi031.stdout:Adding host smithi031...
2024-03-21T10:26:26.248 INFO:journalctl@ceph.mon.a.smithi031.stdout:Mar 21 10:26:26 smithi031 ceph-mon[31673]: from='client.14138 -' entity='client.admin' cmd=[{"prefix": "cephadm get-pub-key", "target": ["mon-mgr", ""]}]: dispatch
2024-03-21T10:26:27.086 INFO:journalctl@ceph.mon.a.smithi031.stdout:Mar 21 10:26:27 smithi031 ceph-mon[31673]: from='client.14140 -' entity='client.admin' cmd=[{"prefix": "orch host add", "hostname": "smithi031", "addr": "172.21.15.31", "target": ["mon-mgr", ""]}]: dispatch
2024-03-21T10:26:29.307 INFO:journalctl@ceph.mon.a.smithi031.stdout:Mar 21 10:26:29 smithi031 ceph-mon[31673]: Deploying cephadm binary to smithi031
2024-03-21T10:26:34.414 INFO:teuthology.orchestra.run.smithi031.stdout:/usr/bin/ceph: stdout Added host 'smithi031' with addr '172.21.15.31'
2024-03-21T10:26:34.414 INFO:teuthology.orchestra.run.smithi031.stdout:/usr/bin/ceph: stderr
2024-03-21T10:26:26.588+0000 7f09e7800700 1 Processor -- start
2024-03-21T10:26:34.414 INFO:teuthology.orchestra.run.smithi031.stdout:/usr/bin/ceph: stderr
2024-03-21T10:26:26.588+0000 7f09e7800700 1 -- start start
2024-03-21T10:26:34.414 INFO:teuthology.orchestra.run.smithi031.stdout:/usr/bin/ceph: stderr
2024-03-21T10:26:26.589+0000 7f09e7800700 1 --2- >> [v2:172.21.15.31:3300/0,v1:172.21.15.31:6789/0] conn(0x7f09e0081aa0 0x7f09e0081ec0 unknown :-1 s=NONE pgs=0 cs=0 l=0 rev1=0 crypto rx=0 tx=0 comp rx=0 tx=0).connect
2024-03-21T10:26:34.414 INFO:teuthology.orchestra.run.smithi031.stdout:/usr/bin/ceph: stderr
2024-03-21T10:26:26.589+0000 7f09e7800700 1 -- --> [v2:172.21.15.31:3300/0,v1:172.21.15.31:6789/0] -- mon_getmap magic: 0 v1 -- 0x7f09e0082490 con 0x7f09e0081aa0
2024-03-21T10:26:34.418 INFO:teuthology.orchestra.run.smithi031.stdout:/usr/bin/ceph: stderr
2024-03-21T10:26:26.589+0000 7f09e4e00700 1 --2- >> [v2:172.21.15.31:3300/0,v1:172.21.15.31:6789/0] conn(0x7f09e0081aa0 0x7f09e0081ec0 unknown :-1 s=BANNER_CONNECTING pgs=0 cs=0 l=0 rev1=0 crypto rx=0 tx=0 comp rx=0 tx=0)._handle_peer_banner_payload supported=3 required=0
2024-03-21T10:26:34.418 INFO:teuthology.orchestra.run.smithi031.stdout:/usr/bin/ceph: stderr
2024-03-21T10:26:26.589+0000 7f09e4e00700 1 --2- >> [v2:172.21.15.31:3300/0,v1:172.21.15.31:6789/0] conn(0x7f09e0081aa0 0x7f09e0081ec0 unknown :-1 s=HELLO_CONNECTING pgs=0 cs=0 l=0 rev1=1 crypto rx=0 tx=0 comp rx=0 tx=0).handle_hello peer v2:172.21.15.31:3300/0 says I am v2:172.21.15.31:38824/0 (socket says 172.21.15.31:38824)
2024-03-21T10:26:34.418 INFO:teuthology.orchestra.run.smithi031.stdout:/usr/bin/ceph: stderr
2024-03-21T10:26:26.589+0000 7f09e4e00700 1 -- 172.21.15.31:0/2405821983 learned_addr learned my addr 172.21.15.31:0/2405821983 (peer_addr_for_me v2:172.21.15.31:0/0)
2024-03-21T10:26:34.418 INFO:teuthology.orchestra.run.smithi031.stdout:/usr/bin/ceph: stderr
2024-03-21T10:26:26.589+0000 7f09e4e00700 1 -- 172.21.15.31:0/2405821983 --> [v2:172.21.15.31:3300/0,v1:172.21.15.31:6789/0] -- mon_subscribe({config=0+,monmap=0+}) v3 -- 0x7f09e010f280 con 0x7f09e0081aa0
2024-03-21T10:26:34.418 INFO:teuthology.orchestra.run.smithi031.stdout:/usr/bin/ceph: stderr
2024-03-21T10:26:26.590+0000 7f09e4e00700 1 --2- 172.21.15.31:0/2405821983 >> [v2:172.21.15.31:3300/0,v1:172.21.15.31:6789/0] conn(0x7f09e0081aa0 0x7f09e0081ec0 secure :-1 s=READY pgs=45 cs=0 l=1 rev1=1 crypto rx=0x7f09d40098a0 tx=0x7f09d4009bb0 comp rx=0 tx=0).ready entity=mon.0 client_cookie=e160a5149a6ceebe server_cookie=0 in_seq=0 out_seq=0
2024-03-21T10:26:34.418 INFO:teuthology.orchestra.run.smithi031.stdout:/usr/bin/ceph: stderr
2024-03-21T10:26:26.590+0000 7f09df400700 1 -- 172.21.15.31:0/2405821983 <== mon.0 v2:172.21.15.31:3300/0 1 ==== mon_map magic: 0 v1 ==== 205+0+0 (secure 0 0 0) 0x7f09d4004160 con 0x7f09e0081aa0
2024-03-21T10:26:34.418 INFO:teuthology.orchestra.run.smithi031.stdout:/usr/bin/ceph: stderr
2024-03-21T10:26:26.590+0000 7f09df400700 1 -- 172.21.15.31:0/2405821983 <== mon.0 v2:172.21.15.31:3300/0 2 ==== config(27 keys) v1 ==== 1109+0+0 (secure 0 0 0) 0x7f09d4004300 con 0x7f09e0081aa0
2024-03-21T10:26:34.418 INFO:teuthology.orchestra.run.smithi031.stdout:/usr/bin/ceph: stderr
2024-03-21T10:26:26.590+0000 7f09df400700 1 -- 172.21.15.31:0/2405821983 <== mon.0 v2:172.21.15.31:3300/0 3 ==== mon_map magic: 0 v1 ==== 205+0+0 (secure 0 0 0) 0x7f09d4011b50 con 0x7f09e0081aa0
2024-03-21T10:26:34.418 INFO:teuthology.orchestra.run.smithi031.stdout:/usr/bin/ceph: stderr
2024-03-21T10:26:26.591+0000 7f09e7800700 1 -- 172.21.15.31:0/2405821983 >> [v2:172.21.15.31:3300/0,v1:172.21.15.31:6789/0] conn(0x7f09e0081aa0 msgr2=0x7f09e0081ec0 secure :-1 s=STATE_CONNECTION_ESTABLISHED l=1).mark_down
2024-03-21T10:26:34.418 INFO:teuthology.orchestra.run.smithi031.stdout:/usr/bin/ceph: stderr
2024-03-21T10:26:26.591+0000 7f09e7800700 1 --2- 172.21.15.31:0/2405821983 >> [v2:172.21.15.31:3300/0,v1:172.21.15.31:6789/0] conn(0x7f09e0081aa0 0x7f09e0081ec0 secure :-1 s=READY pgs=45 cs=0 l=1 rev1=1 crypto rx=0x7f09d40098a0 tx=0x7f09d4009bb0 comp rx=0 tx=0).stop
2024-03-21T10:26:34.418 INFO:teuthology.orchestra.run.smithi031.stdout:/usr/bin/ceph: stderr
2024-03-21T10:26:26.591+0000 7f09e7800700 1 -- 172.21.15.31:0/2405821983 shutdown_connections
2024-03-21T10:26:34.418 INFO:teuthology.orchestra.run.smithi031.stdout:/usr/bin/ceph: stderr
2024-03-21T10:26:26.591+0000 7f09e7800700 1 --2- 172.21.15.31:0/2405821983 >> [v2:172.21.15.31:3300/0,v1:172.21.15.31:6789/0] conn(0x7f09e0081aa0 0x7f09e0081ec0 unknown :-1 s=CLOSED pgs=45 cs=0 l=1 rev1=1 crypto rx=0 tx=0 comp rx=0 tx=0).stop
2024-03-21T10:26:34.419 INFO:teuthology.orchestra.run.smithi031.stdout:/usr/bin/ceph: stderr
2024-03-21T10:26:26.591+0000 7f09e7800700 1 -- 172.21.15.31:0/2405821983 >> 172.21.15.31:0/2405821983 conn(0x7f09e007d040 msgr2=0x7f09e007f480 unknown :-1 s=STATE_NONE l=0).mark_down
2024-03-21T10:26:34.419 INFO:teuthology.orchestra.run.smithi031.stdout:/usr/bin/ceph: stderr
2024-03-21T10:26:26.591+0000 7f09e7800700 1 -- 172.21.15.31:0/2405821983 shutdown_connections
2024-03-21T10:26:34.419 INFO:teuthology.orchestra.run.smithi031.stdout:/usr/bin/ceph: stderr
2024-03-21T10:26:26.591+0000 7f09e7800700 1 -- 172.21.15.31:0/2405821983 wait complete.
2024-03-21T10:26:34.419 INFO:teuthology.orchestra.run.smithi031.stdout:/usr/bin/ceph: stderr
2024-03-21T10:26:26.592+0000 7f09e7800700 1 Processor -- start
2024-03-21T10:26:34.419 INFO:teuthology.orchestra.run.smithi031.stdout:/usr/bin/ceph: stderr
2024-03-21T10:26:26.592+0000 7f09e7800700 1 -- start start
2024-03-21T10:26:34.419 INFO:teuthology.orchestra.run.smithi031.stdout:/usr/bin/ceph: stderr
2024-03-21T10:26:26.592+0000 7f09e7800700 1 --2- >> [v2:172.21.15.31:3300/0,v1:172.21.15.31:6789/0] conn(0x7f09e0081aa0 0x7f09e01a1ff0 unknown :-1 s=NONE pgs=0 cs=0 l=1 rev1=0 crypto rx=0 tx=0 comp rx=0 tx=0).connect
2024-03-21T10:26:34.419 INFO:teuthology.orchestra.run.smithi031.stdout:/usr/bin/ceph: stderr
2024-03-21T10:26:26.592+0000 7f09e7800700 1 -- --> [v2:172.21.15.31:3300/0,v1:172.21.15.31:6789/0] -- mon_getmap magic: 0 v1 -- 0x7f09e0112630 con 0x7f09e0081aa0
2024-03-21T10:26:34.419 INFO:teuthology.orchestra.run.smithi031.stdout:/usr/bin/ceph: stderr
2024-03-21T10:26:26.593+0000 7f09e4e00700 1 --2- >> [v2:172.21.15.31:3300/0,v1:172.21.15.31:6789/0] conn(0x7f09e0081aa0 0x7f09e01a1ff0 unknown :-1 s=BANNER_CONNECTING pgs=0 cs=0 l=1 rev1=0 crypto rx=0 tx=0 comp rx=0 tx=0)._handle_peer_banner_payload supported=3 required=0
2024-03-21T10:26:34.419 INFO:teuthology.orchestra.run.smithi031.stdout:/usr/bin/ceph: stderr
2024-03-21T10:26:26.593+0000 7f09e4e00700 1 --2- >> [v2:172.21.15.31:3300/0,v1:172.21.15.31:6789/0] conn(0x7f09e0081aa0 0x7f09e01a1ff0 unknown :-1 s=HELLO_CONNECTING pgs=0 cs=0 l=1 rev1=1 crypto rx=0 tx=0 comp rx=0 tx=0).handle_hello peer v2:172.21.15.31:3300/0 says I am v2:172.21.15.31:38826/0 (socket says 172.21.15.31:38826)
2024-03-21T10:26:34.419 INFO:teuthology.orchestra.run.smithi031.stdout:/usr/bin/ceph: stderr
2024-03-21T10:26:26.593+0000 7f09e4e00700 1 -- 172.21.15.31:0/112862153 learned_addr learned my addr 172.21.15.31:0/112862153 (peer_addr_for_me v2:172.21.15.31:0/0)
2024-03-21T10:26:34.419 INFO:teuthology.orchestra.run.smithi031.stdout:/usr/bin/ceph: stderr
2024-03-21T10:26:26.593+0000 7f09e4e00700 1 -- 172.21.15.31:0/112862153 --> [v2:172.21.15.31:3300/0,v1:172.21.15.31:6789/0] -- mon_subscribe({config=0+,monmap=0+}) v3 -- 0x7f09e01a2530 con 0x7f09e0081aa0
2024-03-21T10:26:34.419 INFO:teuthology.orchestra.run.smithi031.stdout:/usr/bin/ceph: stderr
2024-03-21T10:26:26.593+0000 7f09e4e00700 1 --2- 172.21.15.31:0/112862153 >> [v2:172.21.15.31:3300/0,v1:172.21.15.31:6789/0] conn(0x7f09e0081aa0 0x7f09e01a1ff0 secure :-1 s=READY pgs=46 cs=0 l=1 rev1=1 crypto rx=0x7f09d4000c00 tx=0x7f09d4011c10 comp rx=0 tx=0).ready entity=mon.0 client_cookie=0 server_cookie=0 in_seq=0 out_seq=0
2024-03-21T10:26:34.419 INFO:teuthology.orchestra.run.smithi031.stdout:/usr/bin/ceph: stderr
2024-03-21T10:26:26.594+0000 7f09dd600700 1 -- 172.21.15.31:0/112862153 <== mon.0 v2:172.21.15.31:3300/0 1 ==== mon_map magic: 0 v1 ==== 205+0+0 (secure 0 0 0) 0x7f09d4003b20 con 0x7f09e0081aa0
2024-03-21T10:26:34.419 INFO:teuthology.orchestra.run.smithi031.stdout:/usr/bin/ceph: stderr
2024-03-21T10:26:26.594+0000 7f09dd600700 1 -- 172.21.15.31:0/112862153 <== mon.0 v2:172.21.15.31:3300/0 2 ==== config(27 keys) v1 ==== 1109+0+0 (secure 0 0 0) 0x7f09d4003cc0 con 0x7f09e0081aa0
2024-03-21T10:26:34.420 INFO:teuthology.orchestra.run.smithi031.stdout:/usr/bin/ceph: stderr
2024-03-21T10:26:26.594+0000 7f09dd600700 1 -- 172.21.15.31:0/112862153 <== mon.0 v2:172.21.15.31:3300/0 3 ==== mon_map magic: 0 v1 ==== 205+0+0 (secure 0 0 0) 0x7f09d4024910 con 0x7f09e0081aa0
2024-03-21T10:26:34.420 INFO:teuthology.orchestra.run.smithi031.stdout:/usr/bin/ceph: stderr
2024-03-21T10:26:26.594+0000 7f09e7800700 1 -- 172.21.15.31:0/112862153 --> [v2:172.21.15.31:3300/0,v1:172.21.15.31:6789/0] -- mon_subscribe({mgrmap=0+}) v3 -- 0x7f09e01a27c0 con 0x7f09e0081aa0
2024-03-21T10:26:34.422 INFO:teuthology.orchestra.run.smithi031.stdout:/usr/bin/ceph: stderr
2024-03-21T10:26:26.594+0000 7f09e7800700 1 -- 172.21.15.31:0/112862153 --> [v2:172.21.15.31:3300/0,v1:172.21.15.31:6789/0] -- mon_subscribe({osdmap=0}) v3 -- 0x7f09e01a54b0 con 0x7f09e0081aa0
2024-03-21T10:26:34.422 INFO:teuthology.orchestra.run.smithi031.stdout:/usr/bin/ceph: stderr
2024-03-21T10:26:26.595+0000 7f09dd600700 1 -- 172.21.15.31:0/112862153 <== mon.0 v2:172.21.15.31:3300/0 4 ==== mgrmap(e 8) v1 ==== 46294+0+0 (secure 0 0 0) 0x7f09d4022020 con 0x7f09e0081aa0
2024-03-21T10:26:34.422 INFO:teuthology.orchestra.run.smithi031.stdout:/usr/bin/ceph: stderr
2024-03-21T10:26:26.595+0000 7f09e7800700 1 -- 172.21.15.31:0/112862153 --> [v2:172.21.15.31:3300/0,v1:172.21.15.31:6789/0] -- mon_command({"prefix": "get_command_descriptions"} v 0) v1 -- 0x7f09e00637c0 con 0x7f09e0081aa0
2024-03-21T10:26:34.422 INFO:teuthology.orchestra.run.smithi031.stdout:/usr/bin/ceph: stderr
2024-03-21T10:26:26.596+0000 7f09dd600700 1 --2- 172.21.15.31:0/112862153 >> [v2:172.21.15.31:6800/4085461895,v1:172.21.15.31:6801/4085461895] conn(0x7f09c8039230 0x7f09c803b6f0 unknown :-1 s=NONE pgs=0 cs=0 l=1 rev1=0 crypto rx=0 tx=0 comp rx=0 tx=0).connect
2024-03-21T10:26:34.422 INFO:teuthology.orchestra.run.smithi031.stdout:/usr/bin/ceph: stderr
2024-03-21T10:26:26.596+0000 7f09dd600700 1 -- 172.21.15.31:0/112862153 <== mon.0 v2:172.21.15.31:3300/0 5 ==== osd_map(2..2 src has 1..2) v4 ==== 940+0+0 (secure 0 0 0) 0x7f09d4011e00 con 0x7f09e0081aa0
2024-03-21T10:26:34.422 INFO:teuthology.orchestra.run.smithi031.stdout:/usr/bin/ceph: stderr
2024-03-21T10:26:26.596+0000 7f09dfe00700 1 --2- 172.21.15.31:0/112862153 >> [v2:172.21.15.31:6800/4085461895,v1:172.21.15.31:6801/4085461895] conn(0x7f09c8039230 0x7f09c803b6f0 unknown :-1 s=BANNER_CONNECTING pgs=0 cs=0 l=1 rev1=0 crypto rx=0 tx=0 comp rx=0 tx=0)._handle_peer_banner_payload supported=3 required=0
2024-03-21T10:26:34.423 INFO:teuthology.orchestra.run.smithi031.stdout:/usr/bin/ceph: stderr
2024-03-21T10:26:26.597+0000 7f09dfe00700 1 --2- 172.21.15.31:0/112862153 >> [v2:172.21.15.31:6800/4085461895,v1:172.21.15.31:6801/4085461895] conn(0x7f09c8039230 0x7f09c803b6f0 secure :-1 s=READY pgs=11 cs=0 l=1 rev1=1 crypto rx=0x7f09cc006fd0 tx=0x7f09cc006e40 comp rx=0 tx=0).ready entity=mgr.14120 client_cookie=0 server_cookie=0 in_seq=0 out_seq=0
2024-03-21T10:26:34.423 INFO:teuthology.orchestra.run.smithi031.stdout:/usr/bin/ceph: stderr
2024-03-21T10:26:26.601+0000 7f09dd600700 1 -- 172.21.15.31:0/112862153 <== mon.0 v2:172.21.15.31:3300/0 6 ==== mon_command_ack([{"prefix": "get_command_descriptions"}]=0 v0) v1 ==== 72+0+186149 (secure 0 0 0) 0x7f09d401ad80 con 0x7f09e0081aa0
2024-03-21T10:26:34.423 INFO:teuthology.orchestra.run.smithi031.stdout:/usr/bin/ceph: stderr
2024-03-21T10:26:26.833+0000 7f09e7800700 1 -- 172.21.15.31:0/112862153 --> [v2:172.21.15.31:6800/4085461895,v1:172.21.15.31:6801/4085461895] -- mgr_command(tid 0: {"prefix": "orch host add", "hostname": "smithi031", "addr": "172.21.15.31", "target": ["mon-mgr", ""]}) v1 -- 0x7f09e007e220 con 0x7f09c8039230
2024-03-21T10:26:34.423 INFO:teuthology.orchestra.run.smithi031.stdout:/usr/bin/ceph: stderr
2024-03-21T10:26:33.443+0000 7f09dd600700 1 -- 172.21.15.31:0/112862153 <== mgr.14120 v2:172.21.15.31:6800/4085461895 1 ==== mgr_command_reply(tid 0: 0 ) v1 ==== 8+0+48 (secure 0 0 0) 0x7f09e007e220 con 0x7f09c8039230
2024-03-21T10:26:34.423 INFO:teuthology.orchestra.run.smithi031.stdout:/usr/bin/ceph: stderr
2024-03-21T10:26:33.447+0000 7f09e7800700 1 -- 172.21.15.31:0/112862153 >> [v2:172.21.15.31:6800/4085461895,v1:172.21.15.31:6801/4085461895] conn(0x7f09c8039230 msgr2=0x7f09c803b6f0 secure :-1 s=STATE_CONNECTION_ESTABLISHED l=1).mark_down
2024-03-21T10:26:34.423 INFO:teuthology.orchestra.run.smithi031.stdout:/usr/bin/ceph: stderr
2024-03-21T10:26:33.447+0000 7f09e7800700 1 --2- 172.21.15.31:0/112862153 >> [v2:172.21.15.31:6800/4085461895,v1:172.21.15.31:6801/4085461895] conn(0x7f09c8039230 0x7f09c803b6f0 secure :-1 s=READY pgs=11 cs=0 l=1 rev1=1 crypto rx=0x7f09cc006fd0 tx=0x7f09cc006e40 comp rx=0 tx=0).stop
2024-03-21T10:26:34.423 INFO:teuthology.orchestra.run.smithi031.stdout:/usr/bin/ceph: stderr
2024-03-21T10:26:33.447+0000 7f09e7800700 1 -- 172.21.15.31:0/112862153 >> [v2:172.21.15.31:3300/0,v1:172.21.15.31:6789/0] conn(0x7f09e0081aa0 msgr2=0x7f09e01a1ff0 secure :-1 s=STATE_CONNECTION_ESTABLISHED l=1).mark_down
2024-03-21T10:26:34.423 INFO:teuthology.orchestra.run.smithi031.stdout:/usr/bin/ceph: stderr
2024-03-21T10:26:33.447+0000 7f09e7800700 1 --2- 172.21.15.31:0/112862153 >> [v2:172.21.15.31:3300/0,v1:172.21.15.31:6789/0] conn(0x7f09e0081aa0 0x7f09e01a1ff0 secure :-1 s=READY pgs=46 cs=0 l=1 rev1=1 crypto rx=0x7f09d4000c00 tx=0x7f09d4011c10 comp rx=0 tx=0).stop
2024-03-21T10:26:34.423 INFO:teuthology.orchestra.run.smithi031.stdout:/usr/bin/ceph: stderr
2024-03-21T10:26:33.447+0000 7f09e7800700 1 -- 172.21.15.31:0/112862153 shutdown_connections
2024-03-21T10:26:34.423 INFO:teuthology.orchestra.run.smithi031.stdout:/usr/bin/ceph: stderr
2024-03-21T10:26:33.447+0000 7f09e7800700 1 --2- 172.21.15.31:0/112862153 >> [v2:172.21.15.31:6800/4085461895,v1:172.21.15.31:6801/4085461895] conn(0x7f09c8039230 0x7f09c803b6f0 unknown :-1 s=CLOSED pgs=11 cs=0 l=1 rev1=1 crypto rx=0 tx=0 comp rx=0 tx=0).stop
2024-03-21T10:26:34.423 INFO:teuthology.orchestra.run.smithi031.stdout:/usr/bin/ceph: stderr
2024-03-21T10:26:33.447+0000 7f09e7800700 1 --2- 172.21.15.31:0/112862153 >> [v2:172.21.15.31:3300/0,v1:172.21.15.31:6789/0] conn(0x7f09e0081aa0 0x7f09e01a1ff0 unknown :-1 s=CLOSED pgs=46 cs=0 l=1 rev1=1 crypto rx=0 tx=0 comp rx=0 tx=0).stop
2024-03-21T10:26:34.423 INFO:teuthology.orchestra.run.smithi031.stdout:/usr/bin/ceph: stderr
2024-03-21T10:26:33.447+0000 7f09e7800700 1 -- 172.21.15.31:0/112862153 >> 172.21.15.31:0/112862153 conn(0x7f09e007d040 msgr2=0x7f09e007db10 unknown :-1 s=STATE_NONE l=0).mark_down
2024-03-21T10:26:34.423 INFO:teuthology.orchestra.run.smithi031.stdout:/usr/bin/ceph: stderr
2024-03-21T10:26:33.448+0000 7f09e7800700 1 -- 172.21.15.31:0/112862153 shutdown_connections
2024-03-21T10:26:34.424 INFO:teuthology.orchestra.run.smithi031.stdout:/usr/bin/ceph: stderr
2024-03-21T10:26:33.448+0000 7f09e7800700 1 -- 172.21.15.31:0/112862153 wait complete.
2024-03-21T10:26:34.424 INFO:teuthology.orchestra.run.smithi031.stdout:Deploying unmanaged mon service...
2024-03-21T10:26:34.715 INFO:journalctl@ceph.mon.a.smithi031.stdout:Mar 21 10:26:34 smithi031 ceph-mon[31673]: from='mgr.14120 172.21.15.31:0/4221700501' entity='mgr.x'
2024-03-21T10:26:34.715 INFO:journalctl@ceph.mon.a.smithi031.stdout:Mar 21 10:26:34 smithi031 ceph-mon[31673]: Added host smithi031
2024-03-21T10:26:34.715 INFO:journalctl@ceph.mon.a.smithi031.stdout:Mar 21 10:26:34 smithi031 ceph-mon[31673]: from='mgr.14120 172.21.15.31:0/4221700501' entity='mgr.x' cmd=[{"prefix": "config dump", "format": "json"}]: dispatch
2024-03-21T10:26:36.212 INFO:teuthology.orchestra.run.smithi031.stdout:/usr/bin/ceph: stdout Scheduled mon update...
2024-03-21T10:26:36.212 INFO:teuthology.orchestra.run.smithi031.stdout:/usr/bin/ceph: stderr
2024-03-21T10:26:35.031+0000 7efe97200700 1 Processor -- start
2024-03-21T10:26:36.212 INFO:teuthology.orchestra.run.smithi031.stdout:/usr/bin/ceph: stderr
2024-03-21T10:26:35.031+0000 7efe97200700 1 -- start start
2024-03-21T10:26:36.214 INFO:teuthology.orchestra.run.smithi031.stdout:/usr/bin/ceph: stderr
2024-03-21T10:26:35.032+0000 7efe97200700 1 --2- >> [v2:172.21.15.31:3300/0,v1:172.21.15.31:6789/0] conn(0x7efe98109ac0 0x7efe98109ee0 unknown :-1 s=NONE pgs=0 cs=0 l=0 rev1=0 crypto rx=0 tx=0 comp rx=0 tx=0).connect
2024-03-21T10:26:36.215 INFO:teuthology.orchestra.run.smithi031.stdout:/usr/bin/ceph: stderr
2024-03-21T10:26:35.032+0000 7efe97200700 1 -- --> [v2:172.21.15.31:3300/0,v1:172.21.15.31:6789/0] -- mon_getmap magic: 0 v1 -- 0x7efe9810a4b0 con 0x7efe98109ac0
2024-03-21T10:26:36.215 INFO:teuthology.orchestra.run.smithi031.stdout:/usr/bin/ceph: stderr
2024-03-21T10:26:35.032+0000 7efe95e00700 1 --2- >> [v2:172.21.15.31:3300/0,v1:172.21.15.31:6789/0] conn(0x7efe98109ac0 0x7efe98109ee0 unknown :-1 s=BANNER_CONNECTING pgs=0 cs=0 l=0 rev1=0 crypto rx=0 tx=0 comp rx=0 tx=0)._handle_peer_banner_payload supported=3 required=0
2024-03-21T10:26:36.215 INFO:teuthology.orchestra.run.smithi031.stdout:/usr/bin/ceph: stderr
2024-03-21T10:26:35.032+0000 7efe95e00700 1 --2- >> [v2:172.21.15.31:3300/0,v1:172.21.15.31:6789/0] conn(0x7efe98109ac0 0x7efe98109ee0 unknown :-1 s=HELLO_CONNECTING pgs=0 cs=0 l=0 rev1=1 crypto rx=0 tx=0 comp rx=0 tx=0).handle_hello peer v2:172.21.15.31:3300/0 says I am v2:172.21.15.31:53712/0 (socket says 172.21.15.31:53712)
2024-03-21T10:26:36.215 INFO:teuthology.orchestra.run.smithi031.stdout:/usr/bin/ceph: stderr
2024-03-21T10:26:35.032+0000 7efe95e00700 1 -- 172.21.15.31:0/3913621156 learned_addr learned my addr 172.21.15.31:0/3913621156 (peer_addr_for_me v2:172.21.15.31:0/0)
2024-03-21T10:26:36.215 INFO:teuthology.orchestra.run.smithi031.stdout:/usr/bin/ceph: stderr
2024-03-21T10:26:35.033+0000 7efe95e00700 1 -- 172.21.15.31:0/3913621156 --> [v2:172.21.15.31:3300/0,v1:172.21.15.31:6789/0] -- mon_subscribe({config=0+,monmap=0+}) v3 -- 0x7efe9810ac70 con 0x7efe98109ac0
2024-03-21T10:26:36.215 INFO:teuthology.orchestra.run.smithi031.stdout:/usr/bin/ceph: stderr
2024-03-21T10:26:35.033+0000 7efe95e00700 1 --2- 172.21.15.31:0/3913621156 >> [v2:172.21.15.31:3300/0,v1:172.21.15.31:6789/0] conn(0x7efe98109ac0 0x7efe98109ee0 secure :-1 s=READY pgs=47 cs=0 l=1 rev1=1 crypto rx=0x7efe880098a0 tx=0x7efe88009bb0 comp rx=0 tx=0).ready entity=mon.0 client_cookie=5024c57dfbb1e93a server_cookie=0 in_seq=0 out_seq=0
2024-03-21T10:26:36.215 INFO:teuthology.orchestra.run.smithi031.stdout:/usr/bin/ceph: stderr
2024-03-21T10:26:35.033+0000 7efe94a00700 1 -- 172.21.15.31:0/3913621156 <== mon.0 v2:172.21.15.31:3300/0 1 ==== mon_map magic: 0 v1 ==== 205+0+0 (secure 0 0 0) 0x7efe88004160 con 0x7efe98109ac0
2024-03-21T10:26:36.215 INFO:teuthology.orchestra.run.smithi031.stdout:/usr/bin/ceph: stderr
2024-03-21T10:26:35.034+0000 7efe94a00700 1 -- 172.21.15.31:0/3913621156 <== mon.0 v2:172.21.15.31:3300/0 2 ==== config(27 keys) v1 ==== 1109+0+0 (secure 0 0 0) 0x7efe88004300 con 0x7efe98109ac0
2024-03-21T10:26:36.215 INFO:teuthology.orchestra.run.smithi031.stdout:/usr/bin/ceph: stderr
2024-03-21T10:26:35.034+0000 7efe94a00700 1 -- 172.21.15.31:0/3913621156 <== mon.0 v2:172.21.15.31:3300/0 3 ==== mon_map magic: 0 v1 ==== 205+0+0 (secure 0 0 0) 0x7efe88011b50 con 0x7efe98109ac0
2024-03-21T10:26:36.215 INFO:teuthology.orchestra.run.smithi031.stdout:/usr/bin/ceph: stderr
2024-03-21T10:26:35.034+0000 7efe97200700 1 -- 172.21.15.31:0/3913621156 >> [v2:172.21.15.31:3300/0,v1:172.21.15.31:6789/0] conn(0x7efe98109ac0 msgr2=0x7efe98109ee0 secure :-1 s=STATE_CONNECTION_ESTABLISHED l=1).mark_down
2024-03-21T10:26:36.215 INFO:teuthology.orchestra.run.smithi031.stdout:/usr/bin/ceph: stderr
2024-03-21T10:26:35.034+0000 7efe97200700 1 --2- 172.21.15.31:0/3913621156 >> [v2:172.21.15.31:3300/0,v1:172.21.15.31:6789/0] conn(0x7efe98109ac0 0x7efe98109ee0 secure :-1 s=READY pgs=47 cs=0 l=1 rev1=1 crypto rx=0x7efe880098a0 tx=0x7efe88009bb0 comp rx=0 tx=0).stop
2024-03-21T10:26:36.215 INFO:teuthology.orchestra.run.smithi031.stdout:/usr/bin/ceph: stderr
2024-03-21T10:26:35.034+0000 7efe97200700 1 -- 172.21.15.31:0/3913621156 shutdown_connections
2024-03-21T10:26:36.215 INFO:teuthology.orchestra.run.smithi031.stdout:/usr/bin/ceph: stderr
2024-03-21T10:26:35.034+0000 7efe97200700 1 --2- 172.21.15.31:0/3913621156 >> [v2:172.21.15.31:3300/0,v1:172.21.15.31:6789/0] conn(0x7efe98109ac0 0x7efe98109ee0 unknown :-1 s=CLOSED pgs=47 cs=0 l=1 rev1=1 crypto rx=0 tx=0 comp rx=0 tx=0).stop
2024-03-21T10:26:36.216 INFO:teuthology.orchestra.run.smithi031.stdout:/usr/bin/ceph: stderr
2024-03-21T10:26:35.034+0000 7efe97200700 1 -- 172.21.15.31:0/3913621156 >> 172.21.15.31:0/3913621156 conn(0x7efe9807cf50 msgr2=0x7efe9807d360 unknown :-1 s=STATE_NONE l=0).mark_down
2024-03-21T10:26:36.216 INFO:teuthology.orchestra.run.smithi031.stdout:/usr/bin/ceph: stderr
2024-03-21T10:26:35.035+0000 7efe97200700 1 -- 172.21.15.31:0/3913621156 shutdown_connections
2024-03-21T10:26:36.219 INFO:teuthology.orchestra.run.smithi031.stdout:/usr/bin/ceph: stderr
2024-03-21T10:26:35.035+0000 7efe97200700 1 -- 172.21.15.31:0/3913621156 wait complete.
2024-03-21T10:26:36.219 INFO:teuthology.orchestra.run.smithi031.stdout:/usr/bin/ceph: stderr
2024-03-21T10:26:35.036+0000 7efe97200700 1 Processor -- start
2024-03-21T10:26:36.220 INFO:teuthology.orchestra.run.smithi031.stdout:/usr/bin/ceph: stderr
2024-03-21T10:26:35.036+0000 7efe97200700 1 -- start start
2024-03-21T10:26:36.220 INFO:teuthology.orchestra.run.smithi031.stdout:/usr/bin/ceph: stderr
2024-03-21T10:26:35.036+0000 7efe97200700 1 --2- >> [v2:172.21.15.31:3300/0,v1:172.21.15.31:6789/0] conn(0x7efe98109ac0 0x7efe9819da60 unknown :-1 s=NONE pgs=0 cs=0 l=1 rev1=0 crypto rx=0 tx=0 comp rx=0 tx=0).connect
2024-03-21T10:26:36.220 INFO:teuthology.orchestra.run.smithi031.stdout:/usr/bin/ceph: stderr
2024-03-21T10:26:35.036+0000 7efe97200700 1 -- --> [v2:172.21.15.31:3300/0,v1:172.21.15.31:6789/0] -- mon_getmap magic: 0 v1 -- 0x7efe9810e020 con 0x7efe98109ac0
2024-03-21T10:26:36.220 INFO:teuthology.orchestra.run.smithi031.stdout:/usr/bin/ceph: stderr
2024-03-21T10:26:35.036+0000 7efe95e00700 1 --2- >> [v2:172.21.15.31:3300/0,v1:172.21.15.31:6789/0] conn(0x7efe98109ac0 0x7efe9819da60 unknown :-1 s=BANNER_CONNECTING pgs=0 cs=0 l=1 rev1=0 crypto rx=0 tx=0 comp rx=0 tx=0)._handle_peer_banner_payload supported=3 required=0
2024-03-21T10:26:36.220 INFO:teuthology.orchestra.run.smithi031.stdout:/usr/bin/ceph: stderr
2024-03-21T10:26:35.036+0000 7efe95e00700 1 --2- >> [v2:172.21.15.31:3300/0,v1:172.21.15.31:6789/0] conn(0x7efe98109ac0 0x7efe9819da60 unknown :-1 s=HELLO_CONNECTING pgs=0 cs=0 l=1 rev1=1 crypto rx=0 tx=0 comp rx=0 tx=0).handle_hello peer v2:172.21.15.31:3300/0 says I am v2:172.21.15.31:53722/0 (socket says 172.21.15.31:53722)
2024-03-21T10:26:36.220 INFO:teuthology.orchestra.run.smithi031.stdout:/usr/bin/ceph: stderr
2024-03-21T10:26:35.036+0000 7efe95e00700 1 -- 172.21.15.31:0/990880158 learned_addr learned my addr 172.21.15.31:0/990880158 (peer_addr_for_me v2:172.21.15.31:0/0)
2024-03-21T10:26:36.220 INFO:teuthology.orchestra.run.smithi031.stdout:/usr/bin/ceph: stderr
2024-03-21T10:26:35.037+0000 7efe95e00700 1 -- 172.21.15.31:0/990880158 --> [v2:172.21.15.31:3300/0,v1:172.21.15.31:6789/0] -- mon_subscribe({config=0+,monmap=0+}) v3 -- 0x7efe9819dfa0 con 0x7efe98109ac0
2024-03-21T10:26:36.220 INFO:teuthology.orchestra.run.smithi031.stdout:/usr/bin/ceph: stderr
2024-03-21T10:26:35.037+0000 7efe95e00700 1 --2- 172.21.15.31:0/990880158 >> [v2:172.21.15.31:3300/0,v1:172.21.15.31:6789/0] conn(0x7efe98109ac0 0x7efe9819da60 secure :-1 s=READY pgs=48 cs=0 l=1 rev1=1 crypto rx=0x7efe88011850 tx=0x7efe88011c10 comp rx=0 tx=0).ready entity=mon.0 client_cookie=0 server_cookie=0 in_seq=0 out_seq=0
2024-03-21T10:26:36.220 INFO:teuthology.orchestra.run.smithi031.stdout:/usr/bin/ceph: stderr
2024-03-21T10:26:35.037+0000 7efe8ea00700 1 -- 172.21.15.31:0/990880158 <== mon.0 v2:172.21.15.31:3300/0 1 ==== mon_map magic: 0 v1 ==== 205+0+0 (secure 0 0 0) 0x7efe88003af0 con 0x7efe98109ac0
2024-03-21T10:26:36.220 INFO:teuthology.orchestra.run.smithi031.stdout:/usr/bin/ceph: stderr
2024-03-21T10:26:35.037+0000 7efe8ea00700 1 -- 172.21.15.31:0/990880158 <== mon.0 v2:172.21.15.31:3300/0 2 ==== config(27 keys) v1 ==== 1109+0+0 (secure 0 0 0) 0x7efe88020070 con 0x7efe98109ac0
2024-03-21T10:26:36.220 INFO:teuthology.orchestra.run.smithi031.stdout:/usr/bin/ceph: stderr
2024-03-21T10:26:35.037+0000 7efe8ea00700 1 -- 172.21.15.31:0/990880158 <== mon.0 v2:172.21.15.31:3300/0 3 ==== mon_map magic: 0 v1 ==== 205+0+0 (secure 0 0 0) 0x7efe880195a0 con 0x7efe98109ac0
2024-03-21T10:26:36.220 INFO:teuthology.orchestra.run.smithi031.stdout:/usr/bin/ceph: stderr
2024-03-21T10:26:35.037+0000 7efe97200700 1 -- 172.21.15.31:0/990880158 --> [v2:172.21.15.31:3300/0,v1:172.21.15.31:6789/0] -- mon_subscribe({mgrmap=0+}) v3 -- 0x7efe9819e230 con 0x7efe98109ac0
2024-03-21T10:26:36.220 INFO:teuthology.orchestra.run.smithi031.stdout:/usr/bin/ceph: stderr
2024-03-21T10:26:35.038+0000 7efe97200700 1 -- 172.21.15.31:0/990880158 --> [v2:172.21.15.31:3300/0,v1:172.21.15.31:6789/0] -- mon_subscribe({osdmap=0}) v3 -- 0x7efe981a0f20 con 0x7efe98109ac0
2024-03-21T10:26:36.220 INFO:teuthology.orchestra.run.smithi031.stdout:/usr/bin/ceph: stderr
2024-03-21T10:26:35.039+0000 7efe8ea00700 1 -- 172.21.15.31:0/990880158 <== mon.0 v2:172.21.15.31:3300/0 4 ==== mgrmap(e 8) v1 ==== 46294+0+0 (secure 0 0 0) 0x7efe88019850 con 0x7efe98109ac0
2024-03-21T10:26:36.221 INFO:teuthology.orchestra.run.smithi031.stdout:/usr/bin/ceph: stderr
2024-03-21T10:26:35.039+0000 7efe97200700 1 -- 172.21.15.31:0/990880158 --> [v2:172.21.15.31:3300/0,v1:172.21.15.31:6789/0] -- mon_command({"prefix": "get_command_descriptions"} v 0) v1 -- 0x7efe980637c0 con 0x7efe98109ac0
2024-03-21T10:26:36.221 INFO:teuthology.orchestra.run.smithi031.stdout:/usr/bin/ceph: stderr
2024-03-21T10:26:35.039+0000 7efe8ea00700 1 --2- 172.21.15.31:0/990880158 >> [v2:172.21.15.31:6800/4085461895,v1:172.21.15.31:6801/4085461895] conn(0x7efe7c0391d0 0x7efe7c03b690 unknown :-1 s=NONE pgs=0 cs=0 l=1 rev1=0 crypto rx=0 tx=0 comp rx=0 tx=0).connect
2024-03-21T10:26:36.221 INFO:teuthology.orchestra.run.smithi031.stdout:/usr/bin/ceph: stderr
2024-03-21T10:26:35.039+0000 7efe8ea00700 1 -- 172.21.15.31:0/990880158 <== mon.0 v2:172.21.15.31:3300/0 5 ==== osd_map(2..2 src has 1..2) v4 ==== 940+0+0 (secure 0 0 0) 0x7efe88011e00 con 0x7efe98109ac0
2024-03-21T10:26:36.221 INFO:teuthology.orchestra.run.smithi031.stdout:/usr/bin/ceph: stderr
2024-03-21T10:26:35.040+0000 7efe95400700 1 --2- 172.21.15.31:0/990880158 >> [v2:172.21.15.31:6800/4085461895,v1:172.21.15.31:6801/4085461895] conn(0x7efe7c0391d0 0x7efe7c03b690 unknown :-1 s=BANNER_CONNECTING pgs=0 cs=0 l=1 rev1=0 crypto rx=0 tx=0 comp rx=0 tx=0)._handle_peer_banner_payload supported=3 required=0
2024-03-21T10:26:36.221 INFO:teuthology.orchestra.run.smithi031.stdout:/usr/bin/ceph: stderr
2024-03-21T10:26:35.041+0000 7efe95400700 1 --2- 172.21.15.31:0/990880158 >> [v2:172.21.15.31:6800/4085461895,v1:172.21.15.31:6801/4085461895] conn(0x7efe7c0391d0 0x7efe7c03b690 secure :-1 s=READY pgs=12 cs=0 l=1 rev1=1 crypto rx=0x7efe84006fd0 tx=0x7efe84006e40 comp rx=0 tx=0).ready entity=mgr.14120 client_cookie=0 server_cookie=0 in_seq=0 out_seq=0
2024-03-21T10:26:36.221 INFO:teuthology.orchestra.run.smithi031.stdout:/usr/bin/ceph: stderr
2024-03-21T10:26:35.046+0000 7efe8ea00700 1 -- 172.21.15.31:0/990880158 <== mon.0 v2:172.21.15.31:3300/0 6 ==== mon_command_ack([{"prefix": "get_command_descriptions"}]=0 v0) v1 ==== 72+0+186149 (secure 0 0 0) 0x7efe88019b40 con 0x7efe98109ac0
2024-03-21T10:26:36.221 INFO:teuthology.orchestra.run.smithi031.stdout:/usr/bin/ceph: stderr
2024-03-21T10:26:35.290+0000 7efe97200700 1 -- 172.21.15.31:0/990880158 --> [v2:172.21.15.31:6800/4085461895,v1:172.21.15.31:6801/4085461895] -- mgr_command(tid 0: {"prefix": "orch apply", "service_type": "mon", "unmanaged": true, "target": ["mon-mgr", ""]}) v1 -- 0x7efe98107d20 con 0x7efe7c0391d0
2024-03-21T10:26:36.221 INFO:teuthology.orchestra.run.smithi031.stdout:/usr/bin/ceph: stderr
2024-03-21T10:26:35.302+0000 7efe8ea00700 1 -- 172.21.15.31:0/990880158 <== mgr.14120 v2:172.21.15.31:6800/4085461895 1 ==== mgr_command_reply(tid 0: 0 ) v1 ==== 8+0+24 (secure 0 0 0) 0x7efe98107d20 con 0x7efe7c0391d0
