2024-03-21T10:36:03.350+0000 7f0461e00700 1 --2- >> [v2:172.21.15.77:3300/0,v1:172.21.15.77:6789/0] conn(0x7f045c109190 0x7f045c1095b0 unknown :-1 s=BANNER_CONNECTING pgs=0 cs=0 l=0 rev1=0 crypto rx=0 tx=0 comp rx=0 tx=0)._handle_peer_banner_payload supported=3 required=0
2024-03-21T10:36:04.113 INFO:teuthology.orchestra.run.smithi077.stdout:/usr/bin/ceph: stderr
2024-03-21T10:36:03.350+0000 7f0461e00700 1 --2- >> [v2:172.21.15.77:3300/0,v1:172.21.15.77:6789/0] conn(0x7f045c109190 0x7f045c1095b0 unknown :-1 s=HELLO_CONNECTING pgs=0 cs=0 l=0 rev1=1 crypto rx=0 tx=0 comp rx=0 tx=0).handle_hello peer v2:172.21.15.77:3300/0 says I am v2:172.21.15.77:48964/0 (socket says 172.21.15.77:48964)
2024-03-21T10:36:04.114 INFO:teuthology.orchestra.run.smithi077.stdout:/usr/bin/ceph: stderr
2024-03-21T10:36:03.350+0000 7f0461e00700 1 -- 172.21.15.77:0/3911242522 learned_addr learned my addr 172.21.15.77:0/3911242522 (peer_addr_for_me v2:172.21.15.77:0/0)
2024-03-21T10:36:04.114 INFO:teuthology.orchestra.run.smithi077.stdout:/usr/bin/ceph: stderr
2024-03-21T10:36:03.354+0000 7f0461e00700 1 -- 172.21.15.77:0/3911242522 --> [v2:172.21.15.77:3300/0,v1:172.21.15.77:6789/0] -- mon_subscribe({config=0+,monmap=0+}) v3 -- 0x7f045c10a390 con 0x7f045c109190
2024-03-21T10:36:04.114 INFO:teuthology.orchestra.run.smithi077.stdout:/usr/bin/ceph: stderr
2024-03-21T10:36:03.354+0000 7f0461e00700 1 --2- 172.21.15.77:0/3911242522 >> [v2:172.21.15.77:3300/0,v1:172.21.15.77:6789/0] conn(0x7f045c109190 0x7f045c1095b0 secure :-1 s=READY pgs=49 cs=0 l=1 rev1=1 crypto rx=0x7f04500098a0 tx=0x7f0450009bb0 comp rx=0 tx=0).ready entity=mon.0 client_cookie=2848356418324786 server_cookie=0 in_seq=0 out_seq=0
2024-03-21T10:36:04.114 INFO:teuthology.orchestra.run.smithi077.stdout:/usr/bin/ceph: stderr
2024-03-21T10:36:03.354+0000 7f0460a00700 1 -- 172.21.15.77:0/3911242522 <== mon.0 v2:172.21.15.77:3300/0 1 ==== mon_map magic: 0 v1 ==== 205+0+0 (secure 0 0 0) 0x7f0450004160 con 0x7f045c109190
2024-03-21T10:36:04.114 INFO:teuthology.orchestra.run.smithi077.stdout:/usr/bin/ceph: stderr
2024-03-21T10:36:03.354+0000 7f0460a00700 1 -- 172.21.15.77:0/3911242522 <== mon.0 v2:172.21.15.77:3300/0 2 ==== config(26 keys) v1 ==== 1102+0+0 (secure 0 0 0) 0x7f0450004300 con 0x7f045c109190
2024-03-21T10:36:04.114 INFO:teuthology.orchestra.run.smithi077.stdout:/usr/bin/ceph: stderr
2024-03-21T10:36:03.354+0000 7f0460a00700 1 -- 172.21.15.77:0/3911242522 <== mon.0 v2:172.21.15.77:3300/0 3 ==== mon_map magic: 0 v1 ==== 205+0+0 (secure 0 0 0) 0x7f0450011a50 con 0x7f045c109190
2024-03-21T10:36:04.114 INFO:teuthology.orchestra.run.smithi077.stdout:/usr/bin/ceph: stderr
2024-03-21T10:36:03.354+0000 7f0464800700 1 -- 172.21.15.77:0/3911242522 >> [v2:172.21.15.77:3300/0,v1:172.21.15.77:6789/0] conn(0x7f045c109190 msgr2=0x7f045c1095b0 secure :-1 s=STATE_CONNECTION_ESTABLISHED l=1).mark_down
2024-03-21T10:36:04.114 INFO:teuthology.orchestra.run.smithi077.stdout:/usr/bin/ceph: stderr
2024-03-21T10:36:03.354+0000 7f0464800700 1 --2- 172.21.15.77:0/3911242522 >> [v2:172.21.15.77:3300/0,v1:172.21.15.77:6789/0] conn(0x7f045c109190 0x7f045c1095b0 secure :-1 s=READY pgs=49 cs=0 l=1 rev1=1 crypto rx=0x7f04500098a0 tx=0x7f0450009bb0 comp rx=0 tx=0).stop
2024-03-21T10:36:04.114 INFO:teuthology.orchestra.run.smithi077.stdout:/usr/bin/ceph: stderr
2024-03-21T10:36:03.354+0000 7f0464800700 1 -- 172.21.15.77:0/3911242522 shutdown_connections
2024-03-21T10:36:04.114 INFO:teuthology.orchestra.run.smithi077.stdout:/usr/bin/ceph: stderr
2024-03-21T10:36:03.354+0000 7f0464800700 1 --2- 172.21.15.77:0/3911242522 >> [v2:172.21.15.77:3300/0,v1:172.21.15.77:6789/0] conn(0x7f045c109190 0x7f045c1095b0 unknown :-1 s=CLOSED pgs=49 cs=0 l=1 rev1=1 crypto rx=0 tx=0 comp rx=0 tx=0).stop
2024-03-21T10:36:04.114 INFO:teuthology.orchestra.run.smithi077.stdout:/usr/bin/ceph: stderr
2024-03-21T10:36:03.354+0000 7f0464800700 1 -- 172.21.15.77:0/3911242522 >> 172.21.15.77:0/3911242522 conn(0x7f045c07c660 msgr2=0x7f045c07ca70 unknown :-1 s=STATE_NONE l=0).mark_down
2024-03-21T10:36:04.114 INFO:teuthology.orchestra.run.smithi077.stdout:/usr/bin/ceph: stderr
2024-03-21T10:36:03.354+0000 7f0464800700 1 -- 172.21.15.77:0/3911242522 shutdown_connections
2024-03-21T10:36:04.114 INFO:teuthology.orchestra.run.smithi077.stdout:/usr/bin/ceph: stderr
2024-03-21T10:36:03.354+0000 7f0464800700 1 -- 172.21.15.77:0/3911242522 wait complete.
2024-03-21T10:36:04.114 INFO:teuthology.orchestra.run.smithi077.stdout:/usr/bin/ceph: stderr
2024-03-21T10:36:03.354+0000 7f0464800700 1 Processor -- start
2024-03-21T10:36:04.115 INFO:teuthology.orchestra.run.smithi077.stdout:/usr/bin/ceph: stderr
2024-03-21T10:36:03.354+0000 7f0464800700 1 -- start start
2024-03-21T10:36:04.115 INFO:teuthology.orchestra.run.smithi077.stdout:/usr/bin/ceph: stderr
2024-03-21T10:36:03.354+0000 7f0464800700 1 --2- >> [v2:172.21.15.77:3300/0,v1:172.21.15.77:6789/0] conn(0x7f045c109190 0x7f045c19d070 unknown :-1 s=NONE pgs=0 cs=0 l=1 rev1=0 crypto rx=0 tx=0 comp rx=0 tx=0).connect
2024-03-21T10:36:04.115 INFO:teuthology.orchestra.run.smithi077.stdout:/usr/bin/ceph: stderr
2024-03-21T10:36:03.354+0000 7f0464800700 1 -- --> [v2:172.21.15.77:3300/0,v1:172.21.15.77:6789/0] -- mon_getmap magic: 0 v1 -- 0x7f045c10d740 con 0x7f045c109190
2024-03-21T10:36:04.115 INFO:teuthology.orchestra.run.smithi077.stdout:/usr/bin/ceph: stderr
2024-03-21T10:36:03.354+0000 7f0461e00700 1 --2- >> [v2:172.21.15.77:3300/0,v1:172.21.15.77:6789/0] conn(0x7f045c109190 0x7f045c19d070 unknown :-1 s=BANNER_CONNECTING pgs=0 cs=0 l=1 rev1=0 crypto rx=0 tx=0 comp rx=0 tx=0)._handle_peer_banner_payload supported=3 required=0
2024-03-21T10:36:04.115 INFO:teuthology.orchestra.run.smithi077.stdout:/usr/bin/ceph: stderr
2024-03-21T10:36:03.354+0000 7f0461e00700 1 --2- >> [v2:172.21.15.77:3300/0,v1:172.21.15.77:6789/0] conn(0x7f045c109190 0x7f045c19d070 unknown :-1 s=HELLO_CONNECTING pgs=0 cs=0 l=1 rev1=1 crypto rx=0 tx=0 comp rx=0 tx=0).handle_hello peer v2:172.21.15.77:3300/0 says I am v2:172.21.15.77:48978/0 (socket says 172.21.15.77:48978)
2024-03-21T10:36:04.115 INFO:teuthology.orchestra.run.smithi077.stdout:/usr/bin/ceph: stderr
2024-03-21T10:36:03.354+0000 7f0461e00700 1 -- 172.21.15.77:0/3714045233 learned_addr learned my addr 172.21.15.77:0/3714045233 (peer_addr_for_me v2:172.21.15.77:0/0)
2024-03-21T10:36:04.115 INFO:teuthology.orchestra.run.smithi077.stdout:/usr/bin/ceph: stderr
2024-03-21T10:36:03.354+0000 7f0461e00700 1 -- 172.21.15.77:0/3714045233 --> [v2:172.21.15.77:3300/0,v1:172.21.15.77:6789/0] -- mon_subscribe({config=0+,monmap=0+}) v3 -- 0x7f045c19d5b0 con 0x7f045c109190
2024-03-21T10:36:04.115 INFO:teuthology.orchestra.run.smithi077.stdout:/usr/bin/ceph: stderr
2024-03-21T10:36:03.354+0000 7f0461e00700 1 --2- 172.21.15.77:0/3714045233 >> [v2:172.21.15.77:3300/0,v1:172.21.15.77:6789/0] conn(0x7f045c109190 0x7f045c19d070 secure :-1 s=READY pgs=50 cs=0 l=1 rev1=1 crypto rx=0x7f0450011a20 tx=0x7f0450011b00 comp rx=0 tx=0).ready entity=mon.0 client_cookie=0 server_cookie=0 in_seq=0 out_seq=0
2024-03-21T10:36:04.115 INFO:teuthology.orchestra.run.smithi077.stdout:/usr/bin/ceph: stderr
2024-03-21T10:36:03.354+0000 7f0456a00700 1 -- 172.21.15.77:0/3714045233 <== mon.0 v2:172.21.15.77:3300/0 1 ==== mon_map magic: 0 v1 ==== 205+0+0 (secure 0 0 0) 0x7f0450003af0 con 0x7f045c109190
2024-03-21T10:36:04.115 INFO:teuthology.orchestra.run.smithi077.stdout:/usr/bin/ceph: stderr
2024-03-21T10:36:03.354+0000 7f0456a00700 1 -- 172.21.15.77:0/3714045233 <== mon.0 v2:172.21.15.77:3300/0 2 ==== config(26 keys) v1 ==== 1102+0+0 (secure 0 0 0) 0x7f045001a8e0 con 0x7f045c109190
2024-03-21T10:36:04.115 INFO:teuthology.orchestra.run.smithi077.stdout:/usr/bin/ceph: stderr
2024-03-21T10:36:03.354+0000 7f0464800700 1 -- 172.21.15.77:0/3714045233 --> [v2:172.21.15.77:3300/0,v1:172.21.15.77:6789/0] -- mon_subscribe({mgrmap=0+}) v3 -- 0x7f045c19d840 con 0x7f045c109190
2024-03-21T10:36:04.115 INFO:teuthology.orchestra.run.smithi077.stdout:/usr/bin/ceph: stderr
2024-03-21T10:36:03.358+0000 7f0464800700 1 -- 172.21.15.77:0/3714045233 --> [v2:172.21.15.77:3300/0,v1:172.21.15.77:6789/0] -- mon_subscribe({osdmap=0}) v3 -- 0x7f045c1a0530 con 0x7f045c109190
2024-03-21T10:36:04.115 INFO:teuthology.orchestra.run.smithi077.stdout:/usr/bin/ceph: stderr
2024-03-21T10:36:03.358+0000 7f0456a00700 1 -- 172.21.15.77:0/3714045233 <== mon.0 v2:172.21.15.77:3300/0 3 ==== mon_map magic: 0 v1 ==== 205+0+0 (secure 0 0 0) 0x7f0450024860 con 0x7f045c109190
2024-03-21T10:36:04.116 INFO:teuthology.orchestra.run.smithi077.stdout:/usr/bin/ceph: stderr
2024-03-21T10:36:03.358+0000 7f0464800700 1 -- 172.21.15.77:0/3714045233 --> [v2:172.21.15.77:3300/0,v1:172.21.15.77:6789/0] -- mon_command({"prefix": "get_command_descriptions"} v 0) v1 -- 0x7f045c10d8c0 con 0x7f045c109190
2024-03-21T10:36:04.116 INFO:teuthology.orchestra.run.smithi077.stdout:/usr/bin/ceph: stderr
2024-03-21T10:36:03.358+0000 7f0456a00700 1 -- 172.21.15.77:0/3714045233 <== mon.0 v2:172.21.15.77:3300/0 4 ==== mgrmap(e 8) v1 ==== 46294+0+0 (secure 0 0 0) 0x7f0450022020 con 0x7f045c109190
2024-03-21T10:36:04.116 INFO:teuthology.orchestra.run.smithi077.stdout:/usr/bin/ceph: stderr
2024-03-21T10:36:03.358+0000 7f0456a00700 1 --2- 172.21.15.77:0/3714045233 >> [v2:172.21.15.77:6800/2955624145,v1:172.21.15.77:6801/2955624145] conn(0x7f0444039180 0x7f044403b640 unknown :-1 s=NONE pgs=0 cs=0 l=1 rev1=0 crypto rx=0 tx=0 comp rx=0 tx=0).connect
2024-03-21T10:36:04.116 INFO:teuthology.orchestra.run.smithi077.stdout:/usr/bin/ceph: stderr
2024-03-21T10:36:03.358+0000 7f0456a00700 1 -- 172.21.15.77:0/3714045233 <== mon.0 v2:172.21.15.77:3300/0 5 ==== osd_map(2..2 src has 1..2) v4 ==== 940+0+0 (secure 0 0 0) 0x7f045004d550 con 0x7f045c109190
2024-03-21T10:36:04.116 INFO:teuthology.orchestra.run.smithi077.stdout:/usr/bin/ceph: stderr
2024-03-21T10:36:03.358+0000 7f0461400700 1 --2- 172.21.15.77:0/3714045233 >> [v2:172.21.15.77:6800/2955624145,v1:172.21.15.77:6801/2955624145] conn(0x7f0444039180 0x7f044403b640 unknown :-1 s=BANNER_CONNECTING pgs=0 cs=0 l=1 rev1=0 crypto rx=0 tx=0 comp rx=0 tx=0)._handle_peer_banner_payload supported=3 required=0
2024-03-21T10:36:04.116 INFO:teuthology.orchestra.run.smithi077.stdout:/usr/bin/ceph: stderr
2024-03-21T10:36:03.358+0000 7f0461400700 1 --2- 172.21.15.77:0/3714045233 >> [v2:172.21.15.77:6800/2955624145,v1:172.21.15.77:6801/2955624145] conn(0x7f0444039180 0x7f044403b640 secure :-1 s=READY pgs=13 cs=0 l=1 rev1=1 crypto rx=0x7f044c006fd0 tx=0x7f044c006e40 comp rx=0 tx=0).ready entity=mgr.14120 client_cookie=0 server_cookie=0 in_seq=0 out_seq=0
2024-03-21T10:36:04.116 INFO:teuthology.orchestra.run.smithi077.stdout:/usr/bin/ceph: stderr
2024-03-21T10:36:03.362+0000 7f0456a00700 1 -- 172.21.15.77:0/3714045233 <== mon.0 v2:172.21.15.77:3300/0 6 ==== mon_command_ack([{"prefix": "get_command_descriptions"}]=0 v0) v1 ==== 72+0+186149 (secure 0 0 0) 0x7f045004cea0 con 0x7f045c109190
2024-03-21T10:36:04.116 INFO:teuthology.orchestra.run.smithi077.stdout:/usr/bin/ceph: stderr
2024-03-21T10:36:03.578+0000 7f0464800700 1 -- 172.21.15.77:0/3714045233 --> [v2:172.21.15.77:6800/2955624145,v1:172.21.15.77:6801/2955624145] -- mgr_command(tid 0: {"prefix": "orch apply", "service_type": "mgr", "unmanaged": true, "target": ["mon-mgr", ""]}) v1 -- 0x7f045c106ca0 con 0x7f0444039180
2024-03-21T10:36:04.116 INFO:teuthology.orchestra.run.smithi077.stdout:/usr/bin/ceph: stderr
2024-03-21T10:36:03.582+0000 7f0456a00700 1 -- 172.21.15.77:0/3714045233 <== mgr.14120 v2:172.21.15.77:6800/2955624145 1 ==== mgr_command_reply(tid 0: 0 ) v1 ==== 8+0+24 (secure 0 0 0) 0x7f045c106ca0 con 0x7f0444039180
2024-03-21T10:36:04.116 INFO:teuthology.orchestra.run.smithi077.stdout:/usr/bin/ceph: stderr
2024-03-21T10:36:03.586+0000 7f0464800700 1 -- 172.21.15.77:0/3714045233 >> [v2:172.21.15.77:6800/2955624145,v1:172.21.15.77:6801/2955624145] conn(0x7f0444039180 msgr2=0x7f044403b640 secure :-1 s=STATE_CONNECTION_ESTABLISHED l=1).mark_down
2024-03-21T10:36:04.116 INFO:teuthology.orchestra.run.smithi077.stdout:/usr/bin/ceph: stderr
2024-03-21T10:36:03.586+0000 7f0464800700 1 --2- 172.21.15.77:0/3714045233 >> [v2:172.21.15.77:6800/2955624145,v1:172.21.15.77:6801/2955624145] conn(0x7f0444039180 0x7f044403b640 secure :-1 s=READY pgs=13 cs=0 l=1 rev1=1 crypto rx=0x7f044c006fd0 tx=0x7f044c006e40 comp rx=0 tx=0).stop
2024-03-21T10:36:04.116 INFO:teuthology.orchestra.run.smithi077.stdout:/usr/bin/ceph: stderr
2024-03-21T10:36:03.586+0000 7f0464800700 1 -- 172.21.15.77:0/3714045233 >> [v2:172.21.15.77:3300/0,v1:172.21.15.77:6789/0] conn(0x7f045c109190 msgr2=0x7f045c19d070 secure :-1 s=STATE_CONNECTION_ESTABLISHED l=1).mark_down
2024-03-21T10:36:04.116 INFO:teuthology.orchestra.run.smithi077.stdout:/usr/bin/ceph: stderr
2024-03-21T10:36:03.586+0000 7f0464800700 1 --2- 172.21.15.77:0/3714045233 >> [v2:172.21.15.77:3300/0,v1:172.21.15.77:6789/0] conn(0x7f045c109190 0x7f045c19d070 secure :-1 s=READY pgs=50 cs=0 l=1 rev1=1 crypto rx=0x7f0450011a20 tx=0x7f0450011b00 comp rx=0 tx=0).stop
2024-03-21T10:36:04.116 INFO:teuthology.orchestra.run.smithi077.stdout:/usr/bin/ceph: stderr
2024-03-21T10:36:03.586+0000 7f0464800700 1 -- 172.21.15.77:0/3714045233 shutdown_connections
2024-03-21T10:36:04.117 INFO:teuthology.orchestra.run.smithi077.stdout:/usr/bin/ceph: stderr
2024-03-21T10:36:03.586+0000 7f0464800700 1 --2- 172.21.15.77:0/3714045233 >> [v2:172.21.15.77:6800/2955624145,v1:172.21.15.77:6801/2955624145] conn(0x7f0444039180 0x7f044403b640 unknown :-1 s=CLOSED pgs=13 cs=0 l=1 rev1=1 crypto rx=0 tx=0 comp rx=0 tx=0).stop
2024-03-21T10:36:04.117 INFO:teuthology.orchestra.run.smithi077.stdout:/usr/bin/ceph: stderr
2024-03-21T10:36:03.586+0000 7f0464800700 1 --2- 172.21.15.77:0/3714045233 >> [v2:172.21.15.77:3300/0,v1:172.21.15.77:6789/0] conn(0x7f045c109190 0x7f045c19d070 unknown :-1 s=CLOSED pgs=50 cs=0 l=1 rev1=1 crypto rx=0 tx=0 comp rx=0 tx=0).stop
2024-03-21T10:36:04.117 INFO:teuthology.orchestra.run.smithi077.stdout:/usr/bin/ceph: stderr
2024-03-21T10:36:03.586+0000 7f0464800700 1 -- 172.21.15.77:0/3714045233 >> 172.21.15.77:0/3714045233 conn(0x7f045c07c660 msgr2=0x7f045c106590 unknown :-1 s=STATE_NONE l=0).mark_down
2024-03-21T10:36:04.117 INFO:teuthology.orchestra.run.smithi077.stdout:/usr/bin/ceph: stderr
2024-03-21T10:36:03.586+0000 7f0464800700 1 -- 172.21.15.77:0/3714045233 shutdown_connections
2024-03-21T10:36:04.117 INFO:teuthology.orchestra.run.smithi077.stdout:/usr/bin/ceph: stderr
2024-03-21T10:36:03.586+0000 7f0464800700 1 -- 172.21.15.77:0/3714045233 wait complete.
2024-03-21T10:36:04.909 INFO:journalctl@ceph.mon.a.smithi077.stdout:Mar 21 10:36:04 smithi077 bash[21532]: audit
2024-03-21T10:36:03.586028+0000 mgr.x (mgr.14120) 18 : audit [DBG] from='client.14144 -' entity='client.admin' cmd=[{"prefix": "orch apply", "service_type": "mgr", "unmanaged": true, "target": ["mon-mgr", ""]}]: dispatch
2024-03-21T10:36:04.909 INFO:journalctl@ceph.mon.a.smithi077.stdout:Mar 21 10:36:04 smithi077 bash[21532]: cephadm
2024-03-21T10:36:03.587003+0000 mgr.x (mgr.14120) 19 : cephadm [INF] Saving service mgr spec with placement count:2
2024-03-21T10:36:04.909 INFO:journalctl@ceph.mon.a.smithi077.stdout:Mar 21 10:36:04 smithi077 bash[21532]: audit
2024-03-21T10:36:03.589323+0000 mon.a (mon.0) 61 : audit [INF] from='mgr.14120 172.21.15.77:0/3256902235' entity='mgr.x'
2024-03-21T10:36:05.774 INFO:journalctl@ceph.mon.a.smithi077.stdout:Mar 21 10:36:05 smithi077 bash[21532]: cluster
2024-03-21T10:36:04.238658+0000 mgr.x (mgr.14120) 20 : cluster [DBG] pgmap v3: 0 pgs: ; 0 B data, 0 B used, 0 B / 0 B avail
2024-03-21T10:36:05.774 INFO:journalctl@ceph.mon.a.smithi077.stdout:Mar 21 10:36:05 smithi077 bash[21532]: audit
2024-03-21T10:36:05.372377+0000 mon.a (mon.0) 62 : audit [INF] from='client.? 172.21.15.77:0/651855835' entity='client.admin'
2024-03-21T10:36:05.954 INFO:teuthology.orchestra.run.smithi077.stdout:/usr/bin/ceph: stderr
2024-03-21T10:36:05.146+0000 7f133b200700 1 Processor -- start
2024-03-21T10:36:05.954 INFO:teuthology.orchestra.run.smithi077.stdout:/usr/bin/ceph: stderr
2024-03-21T10:36:05.146+0000 7f133b200700 1 -- start start
2024-03-21T10:36:05.954 INFO:teuthology.orchestra.run.smithi077.stdout:/usr/bin/ceph: stderr
2024-03-21T10:36:05.150+0000 7f133b200700 1 --2- >> [v2:172.21.15.77:3300/0,v1:172.21.15.77:6789/0] conn(0x7f133407cf80 0x7f133407b3e0 unknown :-1 s=NONE pgs=0 cs=0 l=0 rev1=0 crypto rx=0 tx=0 comp rx=0 tx=0).connect
2024-03-21T10:36:05.954 INFO:teuthology.orchestra.run.smithi077.stdout:/usr/bin/ceph: stderr
2024-03-21T10:36:05.150+0000 7f133b200700 1 -- --> [v2:172.21.15.77:3300/0,v1:172.21.15.77:6789/0] -- mon_getmap magic: 0 v1 -- 0x7f133407b9b0 con 0x7f133407cf80
2024-03-21T10:36:05.954 INFO:teuthology.orchestra.run.smithi077.stdout:/usr/bin/ceph: stderr
2024-03-21T10:36:05.150+0000 7f1339e00700 1 --2- >> [v2:172.21.15.77:3300/0,v1:172.21.15.77:6789/0] conn(0x7f133407cf80 0x7f133407b3e0 unknown :-1 s=BANNER_CONNECTING pgs=0 cs=0 l=0 rev1=0 crypto rx=0 tx=0 comp rx=0 tx=0)._handle_peer_banner_payload supported=3 required=0
2024-03-21T10:36:05.954 INFO:teuthology.orchestra.run.smithi077.stdout:/usr/bin/ceph: stderr
2024-03-21T10:36:05.150+0000 7f1339e00700 1 --2- >> [v2:172.21.15.77:3300/0,v1:172.21.15.77:6789/0] conn(0x7f133407cf80 0x7f133407b3e0 unknown :-1 s=HELLO_CONNECTING pgs=0 cs=0 l=0 rev1=1 crypto rx=0 tx=0 comp rx=0 tx=0).handle_hello peer v2:172.21.15.77:3300/0 says I am v2:172.21.15.77:44916/0 (socket says 172.21.15.77:44916)
2024-03-21T10:36:05.954 INFO:teuthology.orchestra.run.smithi077.stdout:/usr/bin/ceph: stderr
2024-03-21T10:36:05.150+0000 7f1339e00700 1 -- 172.21.15.77:0/1814706355 learned_addr learned my addr 172.21.15.77:0/1814706355 (peer_addr_for_me v2:172.21.15.77:0/0)
2024-03-21T10:36:05.954 INFO:teuthology.orchestra.run.smithi077.stdout:/usr/bin/ceph: stderr
2024-03-21T10:36:05.150+0000 7f1339e00700 1 -- 172.21.15.77:0/1814706355 --> [v2:172.21.15.77:3300/0,v1:172.21.15.77:6789/0] -- mon_subscribe({config=0+,monmap=0+}) v3 -- 0x7f133407bb30 con 0x7f133407cf80
2024-03-21T10:36:05.955 INFO:teuthology.orchestra.run.smithi077.stdout:/usr/bin/ceph: stderr
2024-03-21T10:36:05.150+0000 7f1339e00700 1 --2- 172.21.15.77:0/1814706355 >> [v2:172.21.15.77:3300/0,v1:172.21.15.77:6789/0] conn(0x7f133407cf80 0x7f133407b3e0 secure :-1 s=READY pgs=51 cs=0 l=1 rev1=1 crypto rx=0x7f13280098a0 tx=0x7f1328009bb0 comp rx=0 tx=0).ready entity=mon.0 client_cookie=fef3ae1ce48d0309 server_cookie=0 in_seq=0 out_seq=0
2024-03-21T10:36:05.955 INFO:teuthology.orchestra.run.smithi077.stdout:/usr/bin/ceph: stderr
2024-03-21T10:36:05.150+0000 7f1338a00700 1 -- 172.21.15.77:0/1814706355 <== mon.0 v2:172.21.15.77:3300/0 1 ==== mon_map magic: 0 v1 ==== 205+0+0 (secure 0 0 0) 0x7f1328004160 con 0x7f133407cf80
2024-03-21T10:36:05.955 INFO:teuthology.orchestra.run.smithi077.stdout:/usr/bin/ceph: stderr
2024-03-21T10:36:05.150+0000 7f1338a00700 1 -- 172.21.15.77:0/1814706355 <== mon.0 v2:172.21.15.77:3300/0 2 ==== config(26 keys) v1 ==== 1102+0+0 (secure 0 0 0) 0x7f1328004300 con 0x7f133407cf80
2024-03-21T10:36:05.955 INFO:teuthology.orchestra.run.smithi077.stdout:/usr/bin/ceph: stderr
2024-03-21T10:36:05.150+0000 7f1338a00700 1 -- 172.21.15.77:0/1814706355 <== mon.0 v2:172.21.15.77:3300/0 3 ==== mon_map magic: 0 v1 ==== 205+0+0 (secure 0 0 0) 0x7f1328011a50 con 0x7f133407cf80
2024-03-21T10:36:05.955 INFO:teuthology.orchestra.run.smithi077.stdout:/usr/bin/ceph: stderr
2024-03-21T10:36:05.150+0000 7f133b200700 1 -- 172.21.15.77:0/1814706355 >> [v2:172.21.15.77:3300/0,v1:172.21.15.77:6789/0] conn(0x7f133407cf80 msgr2=0x7f133407b3e0 secure :-1 s=STATE_CONNECTION_ESTABLISHED l=1).mark_down
2024-03-21T10:36:05.955 INFO:teuthology.orchestra.run.smithi077.stdout:/usr/bin/ceph: stderr
2024-03-21T10:36:05.150+0000 7f133b200700 1 --2- 172.21.15.77:0/1814706355 >> [v2:172.21.15.77:3300/0,v1:172.21.15.77:6789/0] conn(0x7f133407cf80 0x7f133407b3e0 secure :-1 s=READY pgs=51 cs=0 l=1 rev1=1 crypto rx=0x7f13280098a0 tx=0x7f1328009bb0 comp rx=0 tx=0).stop
2024-03-21T10:36:05.955 INFO:teuthology.orchestra.run.smithi077.stdout:/usr/bin/ceph: stderr
2024-03-21T10:36:05.150+0000 7f133b200700 1 -- 172.21.15.77:0/1814706355 shutdown_connections
2024-03-21T10:36:05.955 INFO:teuthology.orchestra.run.smithi077.stdout:/usr/bin/ceph: stderr
2024-03-21T10:36:05.150+0000 7f133b200700 1 --2- 172.21.15.77:0/1814706355 >> [v2:172.21.15.77:3300/0,v1:172.21.15.77:6789/0] conn(0x7f133407cf80 0x7f133407b3e0 unknown :-1 s=CLOSED pgs=51 cs=0 l=1 rev1=1 crypto rx=0 tx=0 comp rx=0 tx=0).stop
2024-03-21T10:36:05.955 INFO:teuthology.orchestra.run.smithi077.stdout:/usr/bin/ceph: stderr
2024-03-21T10:36:05.150+0000 7f133b200700 1 -- 172.21.15.77:0/1814706355 >> 172.21.15.77:0/1814706355 conn(0x7f1334102380 msgr2=0x7f13341047a0 unknown :-1 s=STATE_NONE l=0).mark_down
2024-03-21T10:36:05.955 INFO:teuthology.orchestra.run.smithi077.stdout:/usr/bin/ceph: stderr
2024-03-21T10:36:05.150+0000 7f133b200700 1 -- 172.21.15.77:0/1814706355 shutdown_connections
2024-03-21T10:36:05.955 INFO:teuthology.orchestra.run.smithi077.stdout:/usr/bin/ceph: stderr
2024-03-21T10:36:05.150+0000 7f133b200700 1 -- 172.21.15.77:0/1814706355 wait complete.
2024-03-21T10:36:05.956 INFO:teuthology.orchestra.run.smithi077.stdout:/usr/bin/ceph: stderr
2024-03-21T10:36:05.150+0000 7f133b200700 1 Processor -- start
2024-03-21T10:36:05.956 INFO:teuthology.orchestra.run.smithi077.stdout:/usr/bin/ceph: stderr
2024-03-21T10:36:05.150+0000 7f133b200700 1 -- start start
2024-03-21T10:36:05.956 INFO:teuthology.orchestra.run.smithi077.stdout:/usr/bin/ceph: stderr
2024-03-21T10:36:05.150+0000 7f133b200700 1 --2- >> [v2:172.21.15.77:3300/0,v1:172.21.15.77:6789/0] conn(0x7f133407cf80 0x7f133419ce60 unknown :-1 s=NONE pgs=0 cs=0 l=1 rev1=0 crypto rx=0 tx=0 comp rx=0 tx=0).connect
2024-03-21T10:36:05.956 INFO:teuthology.orchestra.run.smithi077.stdout:/usr/bin/ceph: stderr
2024-03-21T10:36:05.150+0000 7f133b200700 1 -- --> [v2:172.21.15.77:3300/0,v1:172.21.15.77:6789/0] -- mon_getmap magic: 0 v1 -- 0x7f133410d3c0 con 0x7f133407cf80
2024-03-21T10:36:05.956 INFO:teuthology.orchestra.run.smithi077.stdout:/usr/bin/ceph: stderr
2024-03-21T10:36:05.150+0000 7f1339e00700 1 --2- >> [v2:172.21.15.77:3300/0,v1:172.21.15.77:6789/0] conn(0x7f133407cf80 0x7f133419ce60 unknown :-1 s=BANNER_CONNECTING pgs=0 cs=0 l=1 rev1=0 crypto rx=0 tx=0 comp rx=0 tx=0)._handle_peer_banner_payload supported=3 required=0
2024-03-21T10:36:05.956 INFO:teuthology.orchestra.run.smithi077.stdout:/usr/bin/ceph: stderr
2024-03-21T10:36:05.154+0000 7f1339e00700 1 --2- >> [v2:172.21.15.77:3300/0,v1:172.21.15.77:6789/0] conn(0x7f133407cf80 0x7f133419ce60 unknown :-1 s=HELLO_CONNECTING pgs=0 cs=0 l=1 rev1=1 crypto rx=0 tx=0 comp rx=0 tx=0).handle_hello peer v2:172.21.15.77:3300/0 says I am v2:172.21.15.77:44930/0 (socket says 172.21.15.77:44930)
2024-03-21T10:36:05.956 INFO:teuthology.orchestra.run.smithi077.stdout:/usr/bin/ceph: stderr
2024-03-21T10:36:05.154+0000 7f1339e00700 1 -- 172.21.15.77:0/651855835 learned_addr learned my addr 172.21.15.77:0/651855835 (peer_addr_for_me v2:172.21.15.77:0/0)
2024-03-21T10:36:05.956 INFO:teuthology.orchestra.run.smithi077.stdout:/usr/bin/ceph: stderr
2024-03-21T10:36:05.154+0000 7f1339e00700 1 -- 172.21.15.77:0/651855835 --> [v2:172.21.15.77:3300/0,v1:172.21.15.77:6789/0] -- mon_subscribe({config=0+,monmap=0+}) v3 -- 0x7f133419d3a0 con 0x7f133407cf80
2024-03-21T10:36:05.956 INFO:teuthology.orchestra.run.smithi077.stdout:/usr/bin/ceph: stderr
2024-03-21T10:36:05.154+0000 7f1339e00700 1 --2- 172.21.15.77:0/651855835 >> [v2:172.21.15.77:3300/0,v1:172.21.15.77:6789/0] conn(0x7f133407cf80 0x7f133419ce60 secure :-1 s=READY pgs=52 cs=0 l=1 rev1=1 crypto rx=0x7f1328006b20 tx=0x7f1328011ad0 comp rx=0 tx=0).ready entity=mon.0 client_cookie=0 server_cookie=0 in_seq=0 out_seq=0
2024-03-21T10:36:05.956 INFO:teuthology.orchestra.run.smithi077.stdout:/usr/bin/ceph: stderr
2024-03-21T10:36:05.154+0000 7f132ea00700 1 -- 172.21.15.77:0/651855835 <== mon.0 v2:172.21.15.77:3300/0 1 ==== mon_map magic: 0 v1 ==== 205+0+0 (secure 0 0 0) 0x7f13280039e0 con 0x7f133407cf80
2024-03-21T10:36:05.956 INFO:teuthology.orchestra.run.smithi077.stdout:/usr/bin/ceph: stderr
2024-03-21T10:36:05.154+0000 7f132ea00700 1 -- 172.21.15.77:0/651855835 <== mon.0 v2:172.21.15.77:3300/0 2 ==== config(26 keys) v1 ==== 1102+0+0 (secure 0 0 0) 0x7f132801a8e0 con 0x7f133407cf80
2024-03-21T10:36:05.956 INFO:teuthology.orchestra.run.smithi077.stdout:/usr/bin/ceph: stderr
2024-03-21T10:36:05.154+0000 7f132ea00700 1 -- 172.21.15.77:0/651855835 <== mon.0 v2:172.21.15.77:3300/0 3 ==== mon_map magic: 0 v1 ==== 205+0+0 (secure 0 0 0) 0x7f13280247e0 con 0x7f133407cf80
2024-03-21T10:36:05.957 INFO:teuthology.orchestra.run.smithi077.stdout:/usr/bin/ceph: stderr
2024-03-21T10:36:05.154+0000 7f133b200700 1 -- 172.21.15.77:0/651855835 --> [v2:172.21.15.77:3300/0,v1:172.21.15.77:6789/0] -- mon_subscribe({mgrmap=0+}) v3 -- 0x7f133419d630 con 0x7f133407cf80
2024-03-21T10:36:05.957 INFO:teuthology.orchestra.run.smithi077.stdout:/usr/bin/ceph: stderr
2024-03-21T10:36:05.154+0000 7f133b200700 1 -- 172.21.15.77:0/651855835 --> [v2:172.21.15.77:3300/0,v1:172.21.15.77:6789/0] -- mon_subscribe({osdmap=0}) v3 -- 0x7f13341a0320 con 0x7f133407cf80
2024-03-21T10:36:05.957 INFO:teuthology.orchestra.run.smithi077.stdout:/usr/bin/ceph: stderr
2024-03-21T10:36:05.154+0000 7f133b200700 1 -- 172.21.15.77:0/651855835 --> [v2:172.21.15.77:3300/0,v1:172.21.15.77:6789/0] -- mon_command({"prefix": "get_command_descriptions"} v 0) v1 -- 0x7f13340637c0 con 0x7f133407cf80
2024-03-21T10:36:05.957 INFO:teuthology.orchestra.run.smithi077.stdout:/usr/bin/ceph: stderr
2024-03-21T10:36:05.154+0000 7f132ea00700 1 -- 172.21.15.77:0/651855835 <== mon.0 v2:172.21.15.77:3300/0 4 ==== mgrmap(e 8) v1 ==== 46294+0+0 (secure 0 0 0) 0x7f1328022020 con 0x7f133407cf80
2024-03-21T10:36:05.957 INFO:teuthology.orchestra.run.smithi077.stdout:/usr/bin/ceph: stderr
2024-03-21T10:36:05.154+0000 7f132ea00700 1 --2- 172.21.15.77:0/651855835 >> [v2:172.21.15.77:6800/2955624145,v1:172.21.15.77:6801/2955624145] conn(0x7f131c0391d0 0x7f131c03b690 unknown :-1 s=NONE pgs=0 cs=0 l=1 rev1=0 crypto rx=0 tx=0 comp rx=0 tx=0).connect
2024-03-21T10:36:05.957 INFO:teuthology.orchestra.run.smithi077.stdout:/usr/bin/ceph: stderr
2024-03-21T10:36:05.154+0000 7f132ea00700 1 -- 172.21.15.77:0/651855835 <== mon.0 v2:172.21.15.77:3300/0 5 ==== osd_map(2..2 src has 1..2) v4 ==== 940+0+0 (secure 0 0 0) 0x7f132804d5e0 con 0x7f133407cf80
2024-03-21T10:36:05.957 INFO:teuthology.orchestra.run.smithi077.stdout:/usr/bin/ceph: stderr
2024-03-21T10:36:05.154+0000 7f1339400700 1 --2- 172.21.15.77:0/651855835 >> [v2:172.21.15.77:6800/2955624145,v1:172.21.15.77:6801/2955624145] conn(0x7f131c0391d0 0x7f131c03b690 unknown :-1 s=BANNER_CONNECTING pgs=0 cs=0 l=1 rev1=0 crypto rx=0 tx=0 comp rx=0 tx=0)._handle_peer_banner_payload supported=3 required=0
2024-03-21T10:36:05.957 INFO:teuthology.orchestra.run.smithi077.stdout:/usr/bin/ceph: stderr
2024-03-21T10:36:05.154+0000 7f1339400700 1 --2- 172.21.15.77:0/651855835 >> [v2:172.21.15.77:6800/2955624145,v1:172.21.15.77:6801/2955624145] conn(0x7f131c0391d0 0x7f131c03b690 secure :-1 s=READY pgs=14 cs=0 l=1 rev1=1 crypto rx=0x7f1324006fd0 tx=0x7f1324006e40 comp rx=0 tx=0).ready entity=mgr.14120 client_cookie=0 server_cookie=0 in_seq=0 out_seq=0
2024-03-21T10:36:05.957 INFO:teuthology.orchestra.run.smithi077.stdout:/usr/bin/ceph: stderr
2024-03-21T10:36:05.158+0000 7f132ea00700 1 -- 172.21.15.77:0/651855835 <== mon.0 v2:172.21.15.77:3300/0 6 ==== mon_command_ack([{"prefix": "get_command_descriptions"}]=0 v0) v1 ==== 72+0+186149 (secure 0 0 0) 0x7f132802c3a0 con 0x7f133407cf80
2024-03-21T10:36:05.957 INFO:teuthology.orchestra.run.smithi077.stdout:/usr/bin/ceph: stderr
2024-03-21T10:36:05.362+0000 7f133b200700 1 -- 172.21.15.77:0/651855835 --> [v2:172.21.15.77:3300/0,v1:172.21.15.77:6789/0] -- mon_command([{prefix=config set, name=mgr/cephadm/container_init}] v 0) v1 -- 0x7f13341a08f0 con 0x7f133407cf80
2024-03-21T10:36:05.957 INFO:teuthology.orchestra.run.smithi077.stdout:/usr/bin/ceph: stderr
2024-03-21T10:36:05.366+0000 7f132ea00700 1 -- 172.21.15.77:0/651855835 <== mon.0 v2:172.21.15.77:3300/0 7 ==== mon_command_ack([{prefix=config set, name=mgr/cephadm/container_init}]=0 v7)=0 v7) v1 ==== 142+0+0 (secure 0 0 0) 0x7f1328016260 con 0x7f133407cf80
2024-03-21T10:36:05.957 INFO:teuthology.orchestra.run.smithi077.stdout:/usr/bin/ceph: stderr
2024-03-21T10:36:05.370+0000 7f133b200700 1 -- 172.21.15.77:0/651855835 >> [v2:172.21.15.77:6800/2955624145,v1:172.21.15.77:6801/2955624145] conn(0x7f131c0391d0 msgr2=0x7f131c03b690 secure :-1 s=STATE_CONNECTION_ESTABLISHED l=1).mark_down
2024-03-21T10:36:05.958 INFO:teuthology.orchestra.run.smithi077.stdout:/usr/bin/ceph: stderr
2024-03-21T10:36:05.370+0000 7f133b200700 1 --2- 172.21.15.77:0/651855835 >> [v2:172.21.15.77:6800/2955624145,v1:172.21.15.77:6801/2955624145] conn(0x7f131c0391d0 0x7f131c03b690 secure :-1 s=READY pgs=14 cs=0 l=1 rev1=1 crypto rx=0x7f1324006fd0 tx=0x7f1324006e40 comp rx=0 tx=0).stop
2024-03-21T10:36:05.958 INFO:teuthology.orchestra.run.smithi077.stdout:/usr/bin/ceph: stderr
2024-03-21T10:36:05.370+0000 7f133b200700 1 -- 172.21.15.77:0/651855835 >> [v2:172.21.15.77:3300/0,v1:172.21.15.77:6789/0] conn(0x7f133407cf80 msgr2=0x7f133419ce60 secure :-1 s=STATE_CONNECTION_ESTABLISHED l=1).mark_down
2024-03-21T10:36:05.958 INFO:teuthology.orchestra.run.smithi077.stdout:/usr/bin/ceph: stderr
2024-03-21T10:36:05.370+0000 7f133b200700 1 --2- 172.21.15.77:0/651855835 >> [v2:172.21.15.77:3300/0,v1:172.21.15.77:6789/0] conn(0x7f133407cf80 0x7f133419ce60 secure :-1 s=READY pgs=52 cs=0 l=1 rev1=1 crypto rx=0x7f1328006b20 tx=0x7f1328011ad0 comp rx=0 tx=0).stop
2024-03-21T10:36:05.958 INFO:teuthology.orchestra.run.smithi077.stdout:/usr/bin/ceph: stderr
2024-03-21T10:36:05.370+0000 7f133b200700 1 -- 172.21.15.77:0/651855835 shutdown_connections
2024-03-21T10:36:05.958 INFO:teuthology.orchestra.run.smithi077.stdout:/usr/bin/ceph: stderr
2024-03-21T10:36:05.370+0000 7f133b200700 1 --2- 172.21.15.77:0/651855835 >> [v2:172.21.15.77:6800/2955624145,v1:172.21.15.77:6801/2955624145] conn(0x7f131c0391d0 0x7f131c03b690 unknown :-1 s=CLOSED pgs=14 cs=0 l=1 rev1=1 crypto rx=0 tx=0 comp rx=0 tx=0).stop
2024-03-21T10:36:05.958 INFO:teuthology.orchestra.run.smithi077.stdout:/usr/bin/ceph: stderr
2024-03-21T10:36:05.370+0000 7f133b200700 1 --2- 172.21.15.77:0/651855835 >> [v2:172.21.15.77:3300/0,v1:172.21.15.77:6789/0] conn(0x7f133407cf80 0x7f133419ce60 unknown :-1 s=CLOSED pgs=52 cs=0 l=1 rev1=1 crypto rx=0 tx=0 comp rx=0 tx=0).stop
2024-03-21T10:36:05.958 INFO:teuthology.orchestra.run.smithi077.stdout:/usr/bin/ceph: stderr
2024-03-21T10:36:05.370+0000 7f133b200700 1 -- 172.21.15.77:0/651855835 >> 172.21.15.77:0/651855835 conn(0x7f1334102380 msgr2=0x7f1334102e20 unknown :-1 s=STATE_NONE l=0).mark_down
2024-03-21T10:36:05.958 INFO:teuthology.orchestra.run.smithi077.stdout:/usr/bin/ceph: stderr
2024-03-21T10:36:05.370+0000 7f133b200700 1 -- 172.21.15.77:0/651855835 shutdown_connections
2024-03-21T10:36:05.958 INFO:teuthology.orchestra.run.smithi077.stdout:/usr/bin/ceph: stderr
2024-03-21T10:36:05.370+0000 7f133b200700 1 -- 172.21.15.77:0/651855835 wait complete.
2024-03-21T10:36:07.668 INFO:teuthology.orchestra.run.smithi077.stdout:/usr/bin/ceph: stderr
2024-03-21T10:36:06.898+0000 7f2d83200700 1 Processor -- start
2024-03-21T10:36:07.668 INFO:teuthology.orchestra.run.smithi077.stdout:/usr/bin/ceph: stderr
2024-03-21T10:36:06.898+0000 7f2d83200700 1 -- start start
2024-03-21T10:36:07.668 INFO:teuthology.orchestra.run.smithi077.stdout:/usr/bin/ceph: stderr
2024-03-21T10:36:06.898+0000 7f2d83200700 1 --2- >> [v2:172.21.15.77:3300/0,v1:172.21.15.77:6789/0] conn(0x7f2d84108fc0 0x7f2d841093e0 unknown :-1 s=NONE pgs=0 cs=0 l=0 rev1=0 crypto rx=0 tx=0 comp rx=0 tx=0).connect
2024-03-21T10:36:07.668 INFO:teuthology.orchestra.run.smithi077.stdout:/usr/bin/ceph: stderr
2024-03-21T10:36:06.898+0000 7f2d83200700 1 -- --> [v2:172.21.15.77:3300/0,v1:172.21.15.77:6789/0] -- mon_getmap magic: 0 v1 -- 0x7f2d841099b0 con 0x7f2d84108fc0
2024-03-21T10:36:07.668 INFO:teuthology.orchestra.run.smithi077.stdout:/usr/bin/ceph: stderr
2024-03-21T10:36:06.898+0000 7f2d81e00700 1 --2- >> [v2:172.21.15.77:3300/0,v1:172.21.15.77:6789/0] conn(0x7f2d84108fc0 0x7f2d841093e0 unknown :-1 s=BANNER_CONNECTING pgs=0 cs=0 l=0 rev1=0 crypto rx=0 tx=0 comp rx=0 tx=0)._handle_peer_banner_payload supported=3 required=0
2024-03-21T10:36:07.668 INFO:teuthology.orchestra.run.smithi077.stdout:/usr/bin/ceph: stderr
2024-03-21T10:36:06.898+0000 7f2d81e00700 1 --2- >> [v2:172.21.15.77:3300/0,v1:172.21.15.77:6789/0] conn(0x7f2d84108fc0 0x7f2d841093e0 unknown :-1 s=HELLO_CONNECTING pgs=0 cs=0 l=0 rev1=1 crypto rx=0 tx=0 comp rx=0 tx=0).handle_hello peer v2:172.21.15.77:3300/0 says I am v2:172.21.15.77:44932/0 (socket says 172.21.15.77:44932)
2024-03-21T10:36:07.669 INFO:teuthology.orchestra.run.smithi077.stdout:/usr/bin/ceph: stderr
2024-03-21T10:36:06.898+0000 7f2d81e00700 1 -- 172.21.15.77:0/3882415853 learned_addr learned my addr 172.21.15.77:0/3882415853 (peer_addr_for_me v2:172.21.15.77:0/0)
2024-03-21T10:36:07.669 INFO:teuthology.orchestra.run.smithi077.stdout:/usr/bin/ceph: stderr
2024-03-21T10:36:06.898+0000 7f2d81e00700 1 -- 172.21.15.77:0/3882415853 --> [v2:172.21.15.77:3300/0,v1:172.21.15.77:6789/0] -- mon_subscribe({config=0+,monmap=0+}) v3 -- 0x7f2d8410a1c0 con 0x7f2d84108fc0
2024-03-21T10:36:07.669 INFO:teuthology.orchestra.run.smithi077.stdout:/usr/bin/ceph: stderr
2024-03-21T10:36:06.898+0000 7f2d81e00700 1 --2- 172.21.15.77:0/3882415853 >> [v2:172.21.15.77:3300/0,v1:172.21.15.77:6789/0] conn(0x7f2d84108fc0 0x7f2d841093e0 secure :-1 s=READY pgs=53 cs=0 l=1 rev1=1 crypto rx=0x7f2d740098a0 tx=0x7f2d74009bb0 comp rx=0 tx=0).ready entity=mon.0 client_cookie=58b61002ced38b76 server_cookie=0 in_seq=0 out_seq=0
2024-03-21T10:36:07.669 INFO:teuthology.orchestra.run.smithi077.stdout:/usr/bin/ceph: stderr
2024-03-21T10:36:06.898+0000 7f2d80a00700 1 -- 172.21.15.77:0/3882415853 <== mon.0 v2:172.21.15.77:3300/0 1 ==== mon_map magic: 0 v1 ==== 205+0+0 (secure 0 0 0) 0x7f2d74004160 con 0x7f2d84108fc0
2024-03-21T10:36:07.669 INFO:teuthology.orchestra.run.smithi077.stdout:/usr/bin/ceph: stderr
2024-03-21T10:36:06.898+0000 7f2d80a00700 1 -- 172.21.15.77:0/3882415853 <== mon.0 v2:172.21.15.77:3300/0 2 ==== config(26 keys) v1 ==== 1102+0+0 (secure 0 0 0) 0x7f2d74004300 con 0x7f2d84108fc0
2024-03-21T10:36:07.669 INFO:teuthology.orchestra.run.smithi077.stdout:/usr/bin/ceph: stderr
2024-03-21T10:36:06.898+0000 7f2d80a00700 1 -- 172.21.15.77:0/3882415853 <== mon.0 v2:172.21.15.77:3300/0 3 ==== mon_map magic: 0 v1 ==== 205+0+0 (secure 0 0 0) 0x7f2d74011a50 con 0x7f2d84108fc0
2024-03-21T10:36:07.669 INFO:teuthology.orchestra.run.smithi077.stdout:/usr/bin/ceph: stderr
2024-03-21T10:36:06.898+0000 7f2d83200700 1 -- 172.21.15.77:0/3882415853 >> [v2:172.21.15.77:3300/0,v1:172.21.15.77:6789/0] conn(0x7f2d84108fc0 msgr2=0x7f2d841093e0 secure :-1 s=STATE_CONNECTION_ESTABLISHED l=1).mark_down
2024-03-21T10:36:07.669 INFO:teuthology.orchestra.run.smithi077.stdout:/usr/bin/ceph: stderr
2024-03-21T10:36:06.902+0000 7f2d83200700 1 --2- 172.21.15.77:0/3882415853 >> [v2:172.21.15.77:3300/0,v1:172.21.15.77:6789/0] conn(0x7f2d84108fc0 0x7f2d841093e0 secure :-1 s=READY pgs=53 cs=0 l=1 rev1=1 crypto rx=0x7f2d740098a0 tx=0x7f2d74009bb0 comp rx=0 tx=0).stop
2024-03-21T10:36:07.669 INFO:teuthology.orchestra.run.smithi077.stdout:/usr/bin/ceph: stderr
2024-03-21T10:36:06.902+0000 7f2d83200700 1 -- 172.21.15.77:0/3882415853 shutdown_connections
2024-03-21T10:36:07.669 INFO:teuthology.orchestra.run.smithi077.stdout:/usr/bin/ceph: stderr
2024-03-21T10:36:06.902+0000 7f2d83200700 1 --2- 172.21.15.77:0/3882415853 >> [v2:172.21.15.77:3300/0,v1:172.21.15.77:6789/0] conn(0x7f2d84108fc0 0x7f2d841093e0 unknown :-1 s=CLOSED pgs=53 cs=0 l=1 rev1=1 crypto rx=0 tx=0 comp rx=0 tx=0).stop
2024-03-21T10:36:07.669 INFO:teuthology.orchestra.run.smithi077.stdout:/usr/bin/ceph: stderr
2024-03-21T10:36:06.902+0000 7f2d83200700 1 -- 172.21.15.77:0/3882415853 >> 172.21.15.77:0/3882415853 conn(0x7f2d8407c4e0 msgr2=0x7f2d8407c8f0 unknown :-1 s=STATE_NONE l=0).mark_down
2024-03-21T10:36:07.669 INFO:teuthology.orchestra.run.smithi077.stdout:/usr/bin/ceph: stderr
2024-03-21T10:36:06.902+0000 7f2d83200700 1 -- 172.21.15.77:0/3882415853 shutdown_connections
2024-03-21T10:36:07.670 INFO:teuthology.orchestra.run.smithi077.stdout:/usr/bin/ceph: stderr
2024-03-21T10:36:06.902+0000 7f2d83200700 1 -- 172.21.15.77:0/3882415853 wait complete.
2024-03-21T10:36:07.670 INFO:teuthology.orchestra.run.smithi077.stdout:/usr/bin/ceph: stderr
2024-03-21T10:36:06.902+0000 7f2d83200700 1 Processor -- start
2024-03-21T10:36:07.670 INFO:teuthology.orchestra.run.smithi077.stdout:/usr/bin/ceph: stderr
2024-03-21T10:36:06.902+0000 7f2d83200700 1 -- start start
2024-03-21T10:36:07.670 INFO:teuthology.orchestra.run.smithi077.stdout:/usr/bin/ceph: stderr
2024-03-21T10:36:06.902+0000 7f2d83200700 1 --2- >> [v2:172.21.15.77:3300/0,v1:172.21.15.77:6789/0] conn(0x7f2d84108fc0 0x7f2d8419ce20 unknown :-1 s=NONE pgs=0 cs=0 l=1 rev1=0 crypto rx=0 tx=0 comp rx=0 tx=0).connect
2024-03-21T10:36:07.670 INFO:teuthology.orchestra.run.smithi077.stdout:/usr/bin/ceph: stderr
2024-03-21T10:36:06.902+0000 7f2d83200700 1 -- --> [v2:172.21.15.77:3300/0,v1:172.21.15.77:6789/0] -- mon_getmap magic: 0 v1 -- 0x7f2d8410d570 con 0x7f2d84108fc0
2024-03-21T10:36:07.670 INFO:teuthology.orchestra.run.smithi077.stdout:/usr/bin/ceph: stderr
2024-03-21T10:36:06.902+0000 7f2d81e00700 1 --2- >> [v2:172.21.15.77:3300/0,v1:172.21.15.77:6789/0] conn(0x7f2d84108fc0 0x7f2d8419ce20 unknown :-1 s=BANNER_CONNECTING pgs=0 cs=0 l=1 rev1=0 crypto rx=0 tx=0 comp rx=0 tx=0)._handle_peer_banner_payload supported=3 required=0
2024-03-21T10:36:07.670 INFO:teuthology.orchestra.run.smithi077.stdout:/usr/bin/ceph: stderr
2024-03-21T10:36:06.902+0000 7f2d81e00700 1 --2- >> [v2:172.21.15.77:3300/0,v1:172.21.15.77:6789/0] conn(0x7f2d84108fc0 0x7f2d8419ce20 unknown :-1 s=HELLO_CONNECTING pgs=0 cs=0 l=1 rev1=1 crypto rx=0 tx=0 comp rx=0 tx=0).handle_hello peer v2:172.21.15.77:3300/0 says I am v2:172.21.15.77:44936/0 (socket says 172.21.15.77:44936)
2024-03-21T10:36:07.670 INFO:teuthology.orchestra.run.smithi077.stdout:/usr/bin/ceph: stderr
2024-03-21T10:36:06.902+0000 7f2d81e00700 1 -- 172.21.15.77:0/3031140119 learned_addr learned my addr 172.21.15.77:0/3031140119 (peer_addr_for_me v2:172.21.15.77:0/0)
2024-03-21T10:36:07.670 INFO:teuthology.orchestra.run.smithi077.stdout:/usr/bin/ceph: stderr
2024-03-21T10:36:06.902+0000 7f2d81e00700 1 -- 172.21.15.77:0/3031140119 --> [v2:172.21.15.77:3300/0,v1:172.21.15.77:6789/0] -- mon_subscribe({config=0+,monmap=0+}) v3 -- 0x7f2d8419d360 con 0x7f2d84108fc0
2024-03-21T10:36:07.670 INFO:teuthology.orchestra.run.smithi077.stdout:/usr/bin/ceph: stderr
2024-03-21T10:36:06.902+0000 7f2d81e00700 1 --2- 172.21.15.77:0/3031140119 >> [v2:172.21.15.77:3300/0,v1:172.21.15.77:6789/0] conn(0x7f2d84108fc0 0x7f2d8419ce20 secure :-1 s=READY pgs=54 cs=0 l=1 rev1=1 crypto rx=0x7f2d74006b20 tx=0x7f2d74011ad0 comp rx=0 tx=0).ready entity=mon.0 client_cookie=0 server_cookie=0 in_seq=0 out_seq=0
2024-03-21T10:36:07.670 INFO:teuthology.orchestra.run.smithi077.stdout:/usr/bin/ceph: stderr
2024-03-21T10:36:06.902+0000 7f2d7aa00700 1 -- 172.21.15.77:0/3031140119 <== mon.0 v2:172.21.15.77:3300/0 1 ==== mon_map magic: 0 v1 ==== 205+0+0 (secure 0 0 0) 0x7f2d740039e0 con 0x7f2d84108fc0
2024-03-21T10:36:07.670 INFO:teuthology.orchestra.run.smithi077.stdout:/usr/bin/ceph: stderr
2024-03-21T10:36:06.902+0000 7f2d7aa00700 1 -- 172.21.15.77:0/3031140119 <== mon.0 v2:172.21.15.77:3300/0 2 ==== config(26 keys) v1 ==== 1102+0+0 (secure 0 0 0) 0x7f2d7401a8e0 con 0x7f2d84108fc0
2024-03-21T10:36:07.670 INFO:teuthology.orchestra.run.smithi077.stdout:/usr/bin/ceph: stderr
2024-03-21T10:36:06.902+0000 7f2d7aa00700 1 -- 172.21.15.77:0/3031140119 <== mon.0 v2:172.21.15.77:3300/0 3 ==== mon_map magic: 0 v1 ==== 205+0+0 (secure 0 0 0) 0x7f2d740247e0 con 0x7f2d84108fc0
2024-03-21T10:36:07.670 INFO:teuthology.orchestra.run.smithi077.stdout:/usr/bin/ceph: stderr
2024-03-21T10:36:06.902+0000 7f2d83200700 1 -- 172.21.15.77:0/3031140119 --> [v2:172.21.15.77:3300/0,v1:172.21.15.77:6789/0] -- mon_subscribe({mgrmap=0+}) v3 -- 0x7f2d8419d5f0 con 0x7f2d84108fc0
2024-03-21T10:36:07.671 INFO:teuthology.orchestra.run.smithi077.stdout:/usr/bin/ceph: stderr
2024-03-21T10:36:06.902+0000 7f2d83200700 1 -- 172.21.15.77:0/3031140119 --> [v2:172.21.15.77:3300/0,v1:172.21.15.77:6789/0] -- mon_subscribe({osdmap=0}) v3 -- 0x7f2d841a02e0 con 0x7f2d84108fc0
2024-03-21T10:36:07.673 INFO:teuthology.orchestra.run.smithi077.stdout:/usr/bin/ceph: stderr
2024-03-21T10:36:06.902+0000 7f2d7aa00700 1 -- 172.21.15.77:0/3031140119 <== mon.0 v2:172.21.15.77:3300/0 4 ==== mgrmap(e 8) v1 ==== 46294+0+0 (secure 0 0 0) 0x7f2d74022020 con 0x7f2d84108fc0
2024-03-21T10:36:07.673 INFO:teuthology.orchestra.run.smithi077.stdout:/usr/bin/ceph: stderr
2024-03-21T10:36:06.902+0000 7f2d83200700 1 -- 172.21.15.77:0/3031140119 --> [v2:172.21.15.77:3300/0,v1:172.21.15.77:6789/0] -- mon_command({"prefix": "get_command_descriptions"} v 0) v1 -- 0x7f2d8410d6f0 con 0x7f2d84108fc0
2024-03-21T10:36:07.673 INFO:teuthology.orchestra.run.smithi077.stdout:/usr/bin/ceph: stderr
2024-03-21T10:36:06.906+0000 7f2d7aa00700 1 --2- 172.21.15.77:0/3031140119 >> [v2:172.21.15.77:6800/2955624145,v1:172.21.15.77:6801/2955624145] conn(0x7f2d680391d0 0x7f2d6803b690 unknown :-1 s=NONE pgs=0 cs=0 l=1 rev1=0 crypto rx=0 tx=0 comp rx=0 tx=0).connect
2024-03-21T10:36:07.673 INFO:teuthology.orchestra.run.smithi077.stdout:/usr/bin/ceph: stderr
2024-03-21T10:36:06.906+0000 7f2d7aa00700 1 -- 172.21.15.77:0/3031140119 <== mon.0 v2:172.21.15.77:3300/0 5 ==== osd_map(2..2 src has 1..2) v4 ==== 940+0+0 (secure 0 0 0) 0x7f2d7404d580 con 0x7f2d84108fc0
2024-03-21T10:36:07.673 INFO:teuthology.orchestra.run.smithi077.stdout:/usr/bin/ceph: stderr
2024-03-21T10:36:06.906+0000 7f2d81400700 1 --2- 172.21.15.77:0/3031140119 >> [v2:172.21.15.77:6800/2955624145,v1:172.21.15.77:6801/2955624145] conn(0x7f2d680391d0 0x7f2d6803b690 unknown :-1 s=BANNER_CONNECTING pgs=0 cs=0 l=1 rev1=0 crypto rx=0 tx=0 comp rx=0 tx=0)._handle_peer_banner_payload supported=3 required=0
2024-03-21T10:36:07.673 INFO:teuthology.orchestra.run.smithi077.stdout:/usr/bin/ceph: stderr
2024-03-21T10:36:06.906+0000 7f2d81400700 1 --2- 172.21.15.77:0/3031140119 >> [v2:172.21.15.77:6800/2955624145,v1:172.21.15.77:6801/2955624145] conn(0x7f2d680391d0 0x7f2d6803b690 secure :-1 s=READY pgs=15 cs=0 l=1 rev1=1 crypto rx=0x7f2d70006fd0 tx=0x7f2d70006e40 comp rx=0 tx=0).ready entity=mgr.14120 client_cookie=0 server_cookie=0 in_seq=0 out_seq=0
2024-03-21T10:36:07.673 INFO:teuthology.orchestra.run.smithi077.stdout:/usr/bin/ceph: stderr
2024-03-21T10:36:06.910+0000 7f2d7aa00700 1 -- 172.21.15.77:0/3031140119 <== mon.0 v2:172.21.15.77:3300/0 6 ==== mon_command_ack([{"prefix": "get_command_descriptions"}]=0 v0) v1 ==== 72+0+186149 (secure 0 0 0) 0x7f2d7402c3a0 con 0x7f2d84108fc0
2024-03-21T10:36:07.673 INFO:teuthology.orchestra.run.smithi077.stdout:/usr/bin/ceph: stderr
2024-03-21T10:36:07.110+0000 7f2d83200700 1 -- 172.21.15.77:0/3031140119 --> [v2:172.21.15.77:3300/0,v1:172.21.15.77:6789/0] -- mon_command([{prefix=config set, name=mgr/dashboard/ssl_server_port}] v 0) v1 -- 0x7f2d841a0900 con 0x7f2d84108fc0
2024-03-21T10:36:07.673 INFO:teuthology.orchestra.run.smithi077.stdout:/usr/bin/ceph: stderr
2024-03-21T10:36:07.114+0000 7f2d7aa00700 1 -- 172.21.15.77:0/3031140119 <== mon.0 v2:172.21.15.77:3300/0 7 ==== mon_command_ack([{prefix=config set, name=mgr/dashboard/ssl_server_port}]=0 v8)=0 v8) v1 ==== 130+0+0 (secure 0 0 0) 0x7f2d74016260 con 0x7f2d84108fc0
2024-03-21T10:36:07.674 INFO:teuthology.orchestra.run.smithi077.stdout:/usr/bin/ceph: stderr
2024-03-21T10:36:07.118+0000 7f2d83200700 1 -- 172.21.15.77:0/3031140119 >> [v2:172.21.15.77:6800/2955624145,v1:172.21.15.77:6801/2955624145] conn(0x7f2d680391d0 msgr2=0x7f2d6803b690 secure :-1 s=STATE_CONNECTION_ESTABLISHED l=1).mark_down
2024-03-21T10:36:07.674 INFO:teuthology.orchestra.run.smithi077.stdout:/usr/bin/ceph: stderr
2024-03-21T10:36:07.118+0000 7f2d83200700 1 --2- 172.21.15.77:0/3031140119 >> [v2:172.21.15.77:6800/2955624145,v1:172.21.15.77:6801/2955624145] conn(0x7f2d680391d0 0x7f2d6803b690 secure :-1 s=READY pgs=15 cs=0 l=1 rev1=1 crypto rx=0x7f2d70006fd0 tx=0x7f2d70006e40 comp rx=0 tx=0).stop
2024-03-21T10:36:07.674 INFO:teuthology.orchestra.run.smithi077.stdout:/usr/bin/ceph: stderr
2024-03-21T10:36:07.118+0000 7f2d83200700 1 -- 172.21.15.77:0/3031140119 >> [v2:172.21.15.77:3300/0,v1:172.21.15.77:6789/0] conn(0x7f2d84108fc0 msgr2=0x7f2d8419ce20 secure :-1 s=STATE_CONNECTION_ESTABLISHED l=1).mark_down
2024-03-21T10:36:07.674 INFO:teuthology.orchestra.run.smithi077.stdout:/usr/bin/ceph: stderr
2024-03-21T10:36:07.118+0000 7f2d83200700 1 --2- 172.21.15.77:0/3031140119 >> [v2:172.21.15.77:3300/0,v1:172.21.15.77:6789/0] conn(0x7f2d84108fc0 0x7f2d8419ce20 secure :-1 s=READY pgs=54 cs=0 l=1 rev1=1 crypto rx=0x7f2d74006b20 tx=0x7f2d74011ad0 comp rx=0 tx=0).stop
2024-03-21T10:36:07.674 INFO:teuthology.orchestra.run.smithi077.stdout:/usr/bin/ceph: stderr
2024-03-21T10:36:07.118+0000 7f2d83200700 1 -- 172.21.15.77:0/3031140119 shutdown_connections
2024-03-21T10:36:07.674 INFO:teuthology.orchestra.run.smithi077.stdout:/usr/bin/ceph: stderr
2024-03-21T10:36:07.118+0000 7f2d83200700 1 --2- 172.21.15.77:0/3031140119 >> [v2:172.21.15.77:6800/2955624145,v1:172.21.15.77:6801/2955624145] conn(0x7f2d680391d0 0x7f2d6803b690 unknown :-1 s=CLOSED pgs=15 cs=0 l=1 rev1=1 crypto rx=0 tx=0 comp rx=0 tx=0).stop
2024-03-21T10:36:07.674 INFO:teuthology.orchestra.run.smithi077.stdout:/usr/bin/ceph: stderr
2024-03-21T10:36:07.118+0000 7f2d83200700 1 --2- 172.21.15.77:0/3031140119 >> [v2:172.21.15.77:3300/0,v1:172.21.15.77:6789/0] conn(0x7f2d84108fc0 0x7f2d8419ce20 unknown :-1 s=CLOSED pgs=54 cs=0 l=1 rev1=1 crypto rx=0 tx=0 comp rx=0 tx=0).stop
2024-03-21T10:36:07.674 INFO:teuthology.orchestra.run.smithi077.stdout:/usr/bin/ceph: stderr
2024-03-21T10:36:07.118+0000 7f2d83200700 1 -- 172.21.15.77:0/3031140119 >> 172.21.15.77:0/3031140119 conn(0x7f2d8407c4e0 msgr2=0x7f2d84106580 unknown :-1 s=STATE_NONE l=0).mark_down
2024-03-21T10:36:07.674 INFO:teuthology.orchestra.run.smithi077.stdout:/usr/bin/ceph: stderr
2024-03-21T10:36:07.118+0000 7f2d83200700 1 -- 172.21.15.77:0/3031140119 shutdown_connections
2024-03-21T10:36:07.674 INFO:teuthology.orchestra.run.smithi077.stdout:/usr/bin/ceph: stderr
2024-03-21T10:36:07.118+0000 7f2d83200700 1 -- 172.21.15.77:0/3031140119 wait complete.
2024-03-21T10:36:07.674 INFO:teuthology.orchestra.run.smithi077.stdout:Enabling the dashboard module...
2024-03-21T10:36:07.858 INFO:journalctl@ceph.mon.a.smithi077.stdout:Mar 21 10:36:07 smithi077 bash[21532]: cluster
2024-03-21T10:36:06.238955+0000 mgr.x (mgr.14120) 21 : cluster [DBG] pgmap v4: 0 pgs: ; 0 B data, 0 B used, 0 B / 0 B avail
2024-03-21T10:36:07.858 INFO:journalctl@ceph.mon.a.smithi077.stdout:Mar 21 10:36:07 smithi077 bash[21532]: audit
2024-03-21T10:36:07.120466+0000 mon.a (mon.0) 63 : audit [INF] from='client.? 172.21.15.77:0/3031140119' entity='client.admin'
2024-03-21T10:36:09.861 INFO:journalctl@ceph.mon.a.smithi077.stdout:Mar 21 10:36:09 smithi077 bash[21532]: cluster
2024-03-21T10:36:08.239205+0000 mgr.x (mgr.14120) 22 : cluster [DBG] pgmap v5: 0 pgs: ; 0 B data, 0 B used, 0 B / 0 B avail
2024-03-21T10:36:09.861 INFO:journalctl@ceph.mon.a.smithi077.stdout:Mar 21 10:36:09 smithi077 bash[21532]: audit
2024-03-21T10:36:08.963922+0000 mon.a (mon.0) 64 : audit [INF] from='client.? 172.21.15.77:0/740984875' entity='client.admin' cmd=[{"prefix": "mgr module enable", "module": "dashboard"}]: dispatch
2024-03-21T10:36:09.862 INFO:journalctl@ceph.mgr.x.smithi077.stdout:Mar 21 10:36:09 smithi077 bash[21785]: ignoring --setuser ceph since I am not root
2024-03-21T10:36:09.862 INFO:journalctl@ceph.mgr.x.smithi077.stdout:Mar 21 10:36:09 smithi077 bash[21785]: ignoring --setgroup ceph since I am not root
2024-03-21T10:36:10.134 INFO:journalctl@ceph.mgr.x.smithi077.stdout:Mar 21 10:36:09 smithi077 bash[21785]: debug
2024-03-21T10:36:09.858+0000 7f8a7b7ca200 -1 mgr[py] Module devicehealth has missing NOTIFY_TYPES member
2024-03-21T10:36:10.300 INFO:teuthology.orchestra.run.smithi077.stdout:/usr/bin/ceph: stderr
2024-03-21T10:36:08.682+0000 7ff39a600700 1 Processor -- start
2024-03-21T10:36:10.300 INFO:teuthology.orchestra.run.smithi077.stdout:/usr/bin/ceph: stderr
2024-03-21T10:36:08.682+0000 7ff39a600700 1 -- start start
2024-03-21T10:36:10.300 INFO:teuthology.orchestra.run.smithi077.stdout:/usr/bin/ceph: stderr
2024-03-21T10:36:08.682+0000 7ff39a600700 1 --2- >> [v2:172.21.15.77:3300/0,v1:172.21.15.77:6789/0] conn(0x7ff39407cfc0 0x7ff39407b420 unknown :-1 s=NONE pgs=0 cs=0 l=0 rev1=0 crypto rx=0 tx=0 comp rx=0 tx=0).connect
2024-03-21T10:36:10.300 INFO:teuthology.orchestra.run.smithi077.stdout:/usr/bin/ceph: stderr
2024-03-21T10:36:08.682+0000 7ff39a600700 1 -- --> [v2:172.21.15.77:3300/0,v1:172.21.15.77:6789/0] -- mon_getmap magic: 0 v1 -- 0x7ff39407b9f0 con 0x7ff39407cfc0
2024-03-21T10:36:10.300 INFO:teuthology.orchestra.run.smithi077.stdout:/usr/bin/ceph: stderr
2024-03-21T10:36:08.682+0000 7ff393400700 1 --2- >> [v2:172.21.15.77:3300/0,v1:172.21.15.77:6789/0] conn(0x7ff39407cfc0 0x7ff39407b420 unknown :-1 s=BANNER_CONNECTING pgs=0 cs=0 l=0 rev1=0 crypto rx=0 tx=0 comp rx=0 tx=0)._handle_peer_banner_payload supported=3 required=0
2024-03-21T10:36:10.300 INFO:teuthology.orchestra.run.smithi077.stdout:/usr/bin/ceph: stderr
