2024-03-21T10:35:47.645 INFO:teuthology.orchestra.run.smithi077.stdout:/usr/bin/ceph: stderr
2024-03-21T10:35:46.831+0000 7f99afe00700 1 -- 172.21.15.77:0/3484145192 <== mon.0 v2:172.21.15.77:3300/0 1 ==== mon_map magic: 0 v1 ==== 205+0+0 (secure 0 0 0) 0x7f99a4004160 con 0x7f99b0109190
2024-03-21T10:35:47.645 INFO:teuthology.orchestra.run.smithi077.stdout:/usr/bin/ceph: stderr
2024-03-21T10:35:46.831+0000 7f99afe00700 1 -- 172.21.15.77:0/3484145192 <== mon.0 v2:172.21.15.77:3300/0 2 ==== config(26 keys) v1 ==== 1071+0+0 (secure 0 0 0) 0x7f99a4004300 con 0x7f99b0109190
2024-03-21T10:35:47.645 INFO:teuthology.orchestra.run.smithi077.stdout:/usr/bin/ceph: stderr
2024-03-21T10:35:46.831+0000 7f99afe00700 1 -- 172.21.15.77:0/3484145192 <== mon.0 v2:172.21.15.77:3300/0 3 ==== mon_map magic: 0 v1 ==== 205+0+0 (secure 0 0 0) 0x7f99a4011a80 con 0x7f99b0109190
2024-03-21T10:35:47.645 INFO:teuthology.orchestra.run.smithi077.stdout:/usr/bin/ceph: stderr
2024-03-21T10:35:46.831+0000 7f99b7e00700 1 -- 172.21.15.77:0/3484145192 >> [v2:172.21.15.77:3300/0,v1:172.21.15.77:6789/0] conn(0x7f99b0109190 msgr2=0x7f99b01095b0 secure :-1 s=STATE_CONNECTION_ESTABLISHED l=1).mark_down
2024-03-21T10:35:47.645 INFO:teuthology.orchestra.run.smithi077.stdout:/usr/bin/ceph: stderr
2024-03-21T10:35:46.831+0000 7f99b7e00700 1 --2- 172.21.15.77:0/3484145192 >> [v2:172.21.15.77:3300/0,v1:172.21.15.77:6789/0] conn(0x7f99b0109190 0x7f99b01095b0 secure :-1 s=READY pgs=37 cs=0 l=1 rev1=1 crypto rx=0x7f99a40098a0 tx=0x7f99a4009bb0 comp rx=0 tx=0).stop
2024-03-21T10:35:47.645 INFO:teuthology.orchestra.run.smithi077.stdout:/usr/bin/ceph: stderr
2024-03-21T10:35:46.831+0000 7f99b7e00700 1 -- 172.21.15.77:0/3484145192 shutdown_connections
2024-03-21T10:35:47.645 INFO:teuthology.orchestra.run.smithi077.stdout:/usr/bin/ceph: stderr
2024-03-21T10:35:46.831+0000 7f99b7e00700 1 --2- 172.21.15.77:0/3484145192 >> [v2:172.21.15.77:3300/0,v1:172.21.15.77:6789/0] conn(0x7f99b0109190 0x7f99b01095b0 unknown :-1 s=CLOSED pgs=37 cs=0 l=1 rev1=1 crypto rx=0 tx=0 comp rx=0 tx=0).stop
2024-03-21T10:35:47.646 INFO:teuthology.orchestra.run.smithi077.stdout:/usr/bin/ceph: stderr
2024-03-21T10:35:46.831+0000 7f99b7e00700 1 -- 172.21.15.77:0/3484145192 >> 172.21.15.77:0/3484145192 conn(0x7f99b007c660 msgr2=0x7f99b007ca70 unknown :-1 s=STATE_NONE l=0).mark_down
2024-03-21T10:35:47.646 INFO:teuthology.orchestra.run.smithi077.stdout:/usr/bin/ceph: stderr
2024-03-21T10:35:46.831+0000 7f99b7e00700 1 -- 172.21.15.77:0/3484145192 shutdown_connections
2024-03-21T10:35:47.646 INFO:teuthology.orchestra.run.smithi077.stdout:/usr/bin/ceph: stderr
2024-03-21T10:35:46.831+0000 7f99b7e00700 1 -- 172.21.15.77:0/3484145192 wait complete.
2024-03-21T10:35:47.646 INFO:teuthology.orchestra.run.smithi077.stdout:/usr/bin/ceph: stderr
2024-03-21T10:35:46.831+0000 7f99b7e00700 1 Processor -- start
2024-03-21T10:35:47.646 INFO:teuthology.orchestra.run.smithi077.stdout:/usr/bin/ceph: stderr
2024-03-21T10:35:46.831+0000 7f99b7e00700 1 -- start start
2024-03-21T10:35:47.646 INFO:teuthology.orchestra.run.smithi077.stdout:/usr/bin/ceph: stderr
2024-03-21T10:35:46.831+0000 7f99b7e00700 1 --2- >> [v2:172.21.15.77:3300/0,v1:172.21.15.77:6789/0] conn(0x7f99b0109190 0x7f99b019d110 unknown :-1 s=NONE pgs=0 cs=0 l=1 rev1=0 crypto rx=0 tx=0 comp rx=0 tx=0).connect
2024-03-21T10:35:47.646 INFO:teuthology.orchestra.run.smithi077.stdout:/usr/bin/ceph: stderr
2024-03-21T10:35:46.831+0000 7f99b7e00700 1 -- --> [v2:172.21.15.77:3300/0,v1:172.21.15.77:6789/0] -- mon_getmap magic: 0 v1 -- 0x7f99b010d5c0 con 0x7f99b0109190
2024-03-21T10:35:47.646 INFO:teuthology.orchestra.run.smithi077.stdout:/usr/bin/ceph: stderr
2024-03-21T10:35:46.831+0000 7f99b5400700 1 --2- >> [v2:172.21.15.77:3300/0,v1:172.21.15.77:6789/0] conn(0x7f99b0109190 0x7f99b019d110 unknown :-1 s=BANNER_CONNECTING pgs=0 cs=0 l=1 rev1=0 crypto rx=0 tx=0 comp rx=0 tx=0)._handle_peer_banner_payload supported=3 required=0
2024-03-21T10:35:47.646 INFO:teuthology.orchestra.run.smithi077.stdout:/usr/bin/ceph: stderr
2024-03-21T10:35:46.831+0000 7f99b5400700 1 --2- >> [v2:172.21.15.77:3300/0,v1:172.21.15.77:6789/0] conn(0x7f99b0109190 0x7f99b019d110 unknown :-1 s=HELLO_CONNECTING pgs=0 cs=0 l=1 rev1=1 crypto rx=0 tx=0 comp rx=0 tx=0).handle_hello peer v2:172.21.15.77:3300/0 says I am v2:172.21.15.77:55664/0 (socket says 172.21.15.77:55664)
2024-03-21T10:35:47.646 INFO:teuthology.orchestra.run.smithi077.stdout:/usr/bin/ceph: stderr
2024-03-21T10:35:46.831+0000 7f99b5400700 1 -- 172.21.15.77:0/233259543 learned_addr learned my addr 172.21.15.77:0/233259543 (peer_addr_for_me v2:172.21.15.77:0/0)
2024-03-21T10:35:47.646 INFO:teuthology.orchestra.run.smithi077.stdout:/usr/bin/ceph: stderr
2024-03-21T10:35:46.831+0000 7f99b5400700 1 -- 172.21.15.77:0/233259543 --> [v2:172.21.15.77:3300/0,v1:172.21.15.77:6789/0] -- mon_subscribe({config=0+,monmap=0+}) v3 -- 0x7f99b019d650 con 0x7f99b0109190
2024-03-21T10:35:47.646 INFO:teuthology.orchestra.run.smithi077.stdout:/usr/bin/ceph: stderr
2024-03-21T10:35:46.831+0000 7f99b5400700 1 --2- 172.21.15.77:0/233259543 >> [v2:172.21.15.77:3300/0,v1:172.21.15.77:6789/0] conn(0x7f99b0109190 0x7f99b019d110 secure :-1 s=READY pgs=38 cs=0 l=1 rev1=1 crypto rx=0x7f99a4006af0 tx=0x7f99a4011b70 comp rx=0 tx=0).ready entity=mon.0 client_cookie=0 server_cookie=0 in_seq=0 out_seq=0
2024-03-21T10:35:47.646 INFO:teuthology.orchestra.run.smithi077.stdout:/usr/bin/ceph: stderr
2024-03-21T10:35:46.835+0000 7f99ae000700 1 -- 172.21.15.77:0/233259543 <== mon.0 v2:172.21.15.77:3300/0 1 ==== mon_map magic: 0 v1 ==== 205+0+0 (secure 0 0 0) 0x7f99a4003930 con 0x7f99b0109190
2024-03-21T10:35:47.647 INFO:teuthology.orchestra.run.smithi077.stdout:/usr/bin/ceph: stderr
2024-03-21T10:35:46.835+0000 7f99ae000700 1 -- 172.21.15.77:0/233259543 <== mon.0 v2:172.21.15.77:3300/0 2 ==== config(26 keys) v1 ==== 1071+0+0 (secure 0 0 0) 0x7f99a4003ad0 con 0x7f99b0109190
2024-03-21T10:35:47.647 INFO:teuthology.orchestra.run.smithi077.stdout:/usr/bin/ceph: stderr
2024-03-21T10:35:46.835+0000 7f99ae000700 1 -- 172.21.15.77:0/233259543 <== mon.0 v2:172.21.15.77:3300/0 3 ==== mon_map magic: 0 v1 ==== 205+0+0 (secure 0 0 0) 0x7f99a40195e0 con 0x7f99b0109190
2024-03-21T10:35:47.647 INFO:teuthology.orchestra.run.smithi077.stdout:/usr/bin/ceph: stderr
2024-03-21T10:35:46.835+0000 7f99b7e00700 1 -- 172.21.15.77:0/233259543 --> [v2:172.21.15.77:3300/0,v1:172.21.15.77:6789/0] -- mon_subscribe({mgrmap=0+}) v3 -- 0x7f99b019d8e0 con 0x7f99b0109190
2024-03-21T10:35:47.647 INFO:teuthology.orchestra.run.smithi077.stdout:/usr/bin/ceph: stderr
2024-03-21T10:35:46.835+0000 7f99b7e00700 1 -- 172.21.15.77:0/233259543 --> [v2:172.21.15.77:3300/0,v1:172.21.15.77:6789/0] -- mon_subscribe({osdmap=0}) v3 -- 0x7f99b01a05d0 con 0x7f99b0109190
2024-03-21T10:35:47.647 INFO:teuthology.orchestra.run.smithi077.stdout:/usr/bin/ceph: stderr
2024-03-21T10:35:46.835+0000 7f99ae000700 1 -- 172.21.15.77:0/233259543 <== mon.0 v2:172.21.15.77:3300/0 4 ==== mgrmap(e 8) v1 ==== 46294+0+0 (secure 0 0 0) 0x7f99a40198e0 con 0x7f99b0109190
2024-03-21T10:35:47.647 INFO:teuthology.orchestra.run.smithi077.stdout:/usr/bin/ceph: stderr
2024-03-21T10:35:46.835+0000 7f99b7e00700 1 -- 172.21.15.77:0/233259543 --> [v2:172.21.15.77:3300/0,v1:172.21.15.77:6789/0] -- mon_command({"prefix": "get_command_descriptions"} v 0) v1 -- 0x7f99b010d740 con 0x7f99b0109190
2024-03-21T10:35:47.647 INFO:teuthology.orchestra.run.smithi077.stdout:/usr/bin/ceph: stderr
2024-03-21T10:35:46.835+0000 7f99ae000700 1 --2- 172.21.15.77:0/233259543 >> [v2:172.21.15.77:6800/2955624145,v1:172.21.15.77:6801/2955624145] conn(0x7f9998039130 0x7f999803b5f0 unknown :-1 s=NONE pgs=0 cs=0 l=1 rev1=0 crypto rx=0 tx=0 comp rx=0 tx=0).connect
2024-03-21T10:35:47.647 INFO:teuthology.orchestra.run.smithi077.stdout:/usr/bin/ceph: stderr
2024-03-21T10:35:46.835+0000 7f99ae000700 1 -- 172.21.15.77:0/233259543 <== mon.0 v2:172.21.15.77:3300/0 5 ==== osd_map(2..2 src has 1..2) v4 ==== 940+0+0 (secure 0 0 0) 0x7f99a404d6a0 con 0x7f99b0109190
2024-03-21T10:35:47.647 INFO:teuthology.orchestra.run.smithi077.stdout:/usr/bin/ceph: stderr
2024-03-21T10:35:46.835+0000 7f99b4a00700 1 --2- 172.21.15.77:0/233259543 >> [v2:172.21.15.77:6800/2955624145,v1:172.21.15.77:6801/2955624145] conn(0x7f9998039130 0x7f999803b5f0 unknown :-1 s=BANNER_CONNECTING pgs=0 cs=0 l=1 rev1=0 crypto rx=0 tx=0 comp rx=0 tx=0)._handle_peer_banner_payload supported=3 required=0
2024-03-21T10:35:47.647 INFO:teuthology.orchestra.run.smithi077.stdout:/usr/bin/ceph: stderr
2024-03-21T10:35:46.835+0000 7f99b4a00700 1 --2- 172.21.15.77:0/233259543 >> [v2:172.21.15.77:6800/2955624145,v1:172.21.15.77:6801/2955624145] conn(0x7f9998039130 0x7f999803b5f0 secure :-1 s=READY pgs=7 cs=0 l=1 rev1=1 crypto rx=0x7f999c006fd0 tx=0x7f999c006e40 comp rx=0 tx=0).ready entity=mgr.14120 client_cookie=0 server_cookie=0 in_seq=0 out_seq=0
2024-03-21T10:35:47.647 INFO:teuthology.orchestra.run.smithi077.stdout:/usr/bin/ceph: stderr
2024-03-21T10:35:46.839+0000 7f99ae000700 1 -- 172.21.15.77:0/233259543 <== mon.0 v2:172.21.15.77:3300/0 6 ==== mon_command_ack([{"prefix": "get_command_descriptions"}]=0 v0) v1 ==== 72+0+186149 (secure 0 0 0) 0x7f99a40172b0 con 0x7f99b0109190
2024-03-21T10:35:47.647 INFO:teuthology.orchestra.run.smithi077.stdout:/usr/bin/ceph: stderr
2024-03-21T10:35:47.063+0000 7f99b7e00700 1 -- 172.21.15.77:0/233259543 --> [v2:172.21.15.77:6800/2955624145,v1:172.21.15.77:6801/2955624145] -- mgr_command(tid 0: {"prefix": "orch set backend", "module_name": "cephadm", "target": ["mon-mgr", ""]}) v1 -- 0x7f99b0106d10 con 0x7f9998039130
2024-03-21T10:35:47.647 INFO:teuthology.orchestra.run.smithi077.stdout:/usr/bin/ceph: stderr
2024-03-21T10:35:47.067+0000 7f99ae000700 1 -- 172.21.15.77:0/233259543 <== mgr.14120 v2:172.21.15.77:6800/2955624145 1 ==== mgr_command_reply(tid 0: 0 ) v1 ==== 8+0+0 (secure 0 0 0) 0x7f99b0106d10 con 0x7f9998039130
2024-03-21T10:35:47.647 INFO:teuthology.orchestra.run.smithi077.stdout:/usr/bin/ceph: stderr
2024-03-21T10:35:47.071+0000 7f99b7e00700 1 -- 172.21.15.77:0/233259543 >> [v2:172.21.15.77:6800/2955624145,v1:172.21.15.77:6801/2955624145] conn(0x7f9998039130 msgr2=0x7f999803b5f0 secure :-1 s=STATE_CONNECTION_ESTABLISHED l=1).mark_down
2024-03-21T10:35:47.648 INFO:teuthology.orchestra.run.smithi077.stdout:/usr/bin/ceph: stderr
2024-03-21T10:35:47.071+0000 7f99b7e00700 1 --2- 172.21.15.77:0/233259543 >> [v2:172.21.15.77:6800/2955624145,v1:172.21.15.77:6801/2955624145] conn(0x7f9998039130 0x7f999803b5f0 secure :-1 s=READY pgs=7 cs=0 l=1 rev1=1 crypto rx=0x7f999c006fd0 tx=0x7f999c006e40 comp rx=0 tx=0).stop
2024-03-21T10:35:47.648 INFO:teuthology.orchestra.run.smithi077.stdout:/usr/bin/ceph: stderr
2024-03-21T10:35:47.071+0000 7f99b7e00700 1 -- 172.21.15.77:0/233259543 >> [v2:172.21.15.77:3300/0,v1:172.21.15.77:6789/0] conn(0x7f99b0109190 msgr2=0x7f99b019d110 secure :-1 s=STATE_CONNECTION_ESTABLISHED l=1).mark_down
2024-03-21T10:35:47.648 INFO:teuthology.orchestra.run.smithi077.stdout:/usr/bin/ceph: stderr
2024-03-21T10:35:47.071+0000 7f99b7e00700 1 --2- 172.21.15.77:0/233259543 >> [v2:172.21.15.77:3300/0,v1:172.21.15.77:6789/0] conn(0x7f99b0109190 0x7f99b019d110 secure :-1 s=READY pgs=38 cs=0 l=1 rev1=1 crypto rx=0x7f99a4006af0 tx=0x7f99a4011b70 comp rx=0 tx=0).stop
2024-03-21T10:35:47.648 INFO:teuthology.orchestra.run.smithi077.stdout:/usr/bin/ceph: stderr
2024-03-21T10:35:47.071+0000 7f99b7e00700 1 -- 172.21.15.77:0/233259543 shutdown_connections
2024-03-21T10:35:47.648 INFO:teuthology.orchestra.run.smithi077.stdout:/usr/bin/ceph: stderr
2024-03-21T10:35:47.071+0000 7f99b7e00700 1 --2- 172.21.15.77:0/233259543 >> [v2:172.21.15.77:6800/2955624145,v1:172.21.15.77:6801/2955624145] conn(0x7f9998039130 0x7f999803b5f0 unknown :-1 s=CLOSED pgs=7 cs=0 l=1 rev1=1 crypto rx=0 tx=0 comp rx=0 tx=0).stop
2024-03-21T10:35:47.648 INFO:teuthology.orchestra.run.smithi077.stdout:/usr/bin/ceph: stderr
2024-03-21T10:35:47.071+0000 7f99b7e00700 1 --2- 172.21.15.77:0/233259543 >> [v2:172.21.15.77:3300/0,v1:172.21.15.77:6789/0] conn(0x7f99b0109190 0x7f99b019d110 unknown :-1 s=CLOSED pgs=38 cs=0 l=1 rev1=1 crypto rx=0 tx=0 comp rx=0 tx=0).stop
2024-03-21T10:35:47.648 INFO:teuthology.orchestra.run.smithi077.stdout:/usr/bin/ceph: stderr
2024-03-21T10:35:47.071+0000 7f99b7e00700 1 -- 172.21.15.77:0/233259543 >> 172.21.15.77:0/233259543 conn(0x7f99b007c660 msgr2=0x7f99b0106600 unknown :-1 s=STATE_NONE l=0).mark_down
2024-03-21T10:35:47.648 INFO:teuthology.orchestra.run.smithi077.stdout:/usr/bin/ceph: stderr
2024-03-21T10:35:47.071+0000 7f99b7e00700 1 -- 172.21.15.77:0/233259543 shutdown_connections
2024-03-21T10:35:47.648 INFO:teuthology.orchestra.run.smithi077.stdout:/usr/bin/ceph: stderr
2024-03-21T10:35:47.071+0000 7f99b7e00700 1 -- 172.21.15.77:0/233259543 wait complete.
2024-03-21T10:35:48.418 INFO:journalctl@ceph.mon.a.smithi077.stdout:Mar 21 10:35:48 smithi077 bash[21532]: audit
2024-03-21T10:35:47.067719+0000 mgr.x (mgr.14120) 8 : audit [DBG] from='client.14132 -' entity='client.admin' cmd=[{"prefix": "orch set backend", "module_name": "cephadm", "target": ["mon-mgr", ""]}]: dispatch
2024-03-21T10:35:49.452 INFO:teuthology.orchestra.run.smithi077.stdout:/usr/bin/ceph: stdout value unchanged
2024-03-21T10:35:49.453 INFO:teuthology.orchestra.run.smithi077.stdout:/usr/bin/ceph: stderr
2024-03-21T10:35:48.635+0000 7f2537a00700 1 Processor -- start
2024-03-21T10:35:49.453 INFO:teuthology.orchestra.run.smithi077.stdout:/usr/bin/ceph: stderr
2024-03-21T10:35:48.635+0000 7f2537a00700 1 -- start start
2024-03-21T10:35:49.453 INFO:teuthology.orchestra.run.smithi077.stdout:/usr/bin/ceph: stderr
2024-03-21T10:35:48.635+0000 7f2537a00700 1 --2- >> [v2:172.21.15.77:3300/0,v1:172.21.15.77:6789/0] conn(0x7f253007cf60 0x7f253007b3c0 unknown :-1 s=NONE pgs=0 cs=0 l=0 rev1=0 crypto rx=0 tx=0 comp rx=0 tx=0).connect
2024-03-21T10:35:49.453 INFO:teuthology.orchestra.run.smithi077.stdout:/usr/bin/ceph: stderr
2024-03-21T10:35:48.635+0000 7f2537a00700 1 -- --> [v2:172.21.15.77:3300/0,v1:172.21.15.77:6789/0] -- mon_getmap magic: 0 v1 -- 0x7f253007b990 con 0x7f253007cf60
2024-03-21T10:35:49.453 INFO:teuthology.orchestra.run.smithi077.stdout:/usr/bin/ceph: stderr
2024-03-21T10:35:48.635+0000 7f2535000700 1 --2- >> [v2:172.21.15.77:3300/0,v1:172.21.15.77:6789/0] conn(0x7f253007cf60 0x7f253007b3c0 unknown :-1 s=BANNER_CONNECTING pgs=0 cs=0 l=0 rev1=0 crypto rx=0 tx=0 comp rx=0 tx=0)._handle_peer_banner_payload supported=3 required=0
2024-03-21T10:35:49.453 INFO:teuthology.orchestra.run.smithi077.stdout:/usr/bin/ceph: stderr
2024-03-21T10:35:48.635+0000 7f2535000700 1 --2- >> [v2:172.21.15.77:3300/0,v1:172.21.15.77:6789/0] conn(0x7f253007cf60 0x7f253007b3c0 unknown :-1 s=HELLO_CONNECTING pgs=0 cs=0 l=0 rev1=1 crypto rx=0 tx=0 comp rx=0 tx=0).handle_hello peer v2:172.21.15.77:3300/0 says I am v2:172.21.15.77:55674/0 (socket says 172.21.15.77:55674)
2024-03-21T10:35:49.453 INFO:teuthology.orchestra.run.smithi077.stdout:/usr/bin/ceph: stderr
2024-03-21T10:35:48.635+0000 7f2535000700 1 -- 172.21.15.77:0/3095793986 learned_addr learned my addr 172.21.15.77:0/3095793986 (peer_addr_for_me v2:172.21.15.77:0/0)
2024-03-21T10:35:49.453 INFO:teuthology.orchestra.run.smithi077.stdout:/usr/bin/ceph: stderr
2024-03-21T10:35:48.635+0000 7f2535000700 1 -- 172.21.15.77:0/3095793986 --> [v2:172.21.15.77:3300/0,v1:172.21.15.77:6789/0] -- mon_subscribe({config=0+,monmap=0+}) v3 -- 0x7f253007bb10 con 0x7f253007cf60
2024-03-21T10:35:49.453 INFO:teuthology.orchestra.run.smithi077.stdout:/usr/bin/ceph: stderr
2024-03-21T10:35:48.635+0000 7f2535000700 1 --2- 172.21.15.77:0/3095793986 >> [v2:172.21.15.77:3300/0,v1:172.21.15.77:6789/0] conn(0x7f253007cf60 0x7f253007b3c0 secure :-1 s=READY pgs=39 cs=0 l=1 rev1=1 crypto rx=0x7f25240098a0 tx=0x7f2524009bb0 comp rx=0 tx=0).ready entity=mon.0 client_cookie=1c461fd78e90d972 server_cookie=0 in_seq=0 out_seq=0
2024-03-21T10:35:49.453 INFO:teuthology.orchestra.run.smithi077.stdout:/usr/bin/ceph: stderr
2024-03-21T10:35:48.635+0000 7f252f400700 1 -- 172.21.15.77:0/3095793986 <== mon.0 v2:172.21.15.77:3300/0 1 ==== mon_map magic: 0 v1 ==== 205+0+0 (secure 0 0 0) 0x7f2524004160 con 0x7f253007cf60
2024-03-21T10:35:49.453 INFO:teuthology.orchestra.run.smithi077.stdout:/usr/bin/ceph: stderr
2024-03-21T10:35:48.635+0000 7f252f400700 1 -- 172.21.15.77:0/3095793986 <== mon.0 v2:172.21.15.77:3300/0 2 ==== config(26 keys) v1 ==== 1071+0+0 (secure 0 0 0) 0x7f2524004300 con 0x7f253007cf60
2024-03-21T10:35:49.454 INFO:teuthology.orchestra.run.smithi077.stdout:/usr/bin/ceph: stderr
2024-03-21T10:35:48.635+0000 7f252f400700 1 -- 172.21.15.77:0/3095793986 <== mon.0 v2:172.21.15.77:3300/0 3 ==== mon_map magic: 0 v1 ==== 205+0+0 (secure 0 0 0) 0x7f2524011a80 con 0x7f253007cf60
2024-03-21T10:35:49.454 INFO:teuthology.orchestra.run.smithi077.stdout:/usr/bin/ceph: stderr
2024-03-21T10:35:48.635+0000 7f2537a00700 1 -- 172.21.15.77:0/3095793986 >> [v2:172.21.15.77:3300/0,v1:172.21.15.77:6789/0] conn(0x7f253007cf60 msgr2=0x7f253007b3c0 secure :-1 s=STATE_CONNECTION_ESTABLISHED l=1).mark_down
2024-03-21T10:35:49.454 INFO:teuthology.orchestra.run.smithi077.stdout:/usr/bin/ceph: stderr
2024-03-21T10:35:48.635+0000 7f2537a00700 1 --2- 172.21.15.77:0/3095793986 >> [v2:172.21.15.77:3300/0,v1:172.21.15.77:6789/0] conn(0x7f253007cf60 0x7f253007b3c0 secure :-1 s=READY pgs=39 cs=0 l=1 rev1=1 crypto rx=0x7f25240098a0 tx=0x7f2524009bb0 comp rx=0 tx=0).stop
2024-03-21T10:35:49.454 INFO:teuthology.orchestra.run.smithi077.stdout:/usr/bin/ceph: stderr
2024-03-21T10:35:48.635+0000 7f2537a00700 1 -- 172.21.15.77:0/3095793986 shutdown_connections
2024-03-21T10:35:49.454 INFO:teuthology.orchestra.run.smithi077.stdout:/usr/bin/ceph: stderr
2024-03-21T10:35:48.635+0000 7f2537a00700 1 --2- 172.21.15.77:0/3095793986 >> [v2:172.21.15.77:3300/0,v1:172.21.15.77:6789/0] conn(0x7f253007cf60 0x7f253007b3c0 unknown :-1 s=CLOSED pgs=39 cs=0 l=1 rev1=1 crypto rx=0 tx=0 comp rx=0 tx=0).stop
2024-03-21T10:35:49.454 INFO:teuthology.orchestra.run.smithi077.stdout:/usr/bin/ceph: stderr
2024-03-21T10:35:48.635+0000 7f2537a00700 1 -- 172.21.15.77:0/3095793986 >> 172.21.15.77:0/3095793986 conn(0x7f25301025b0 msgr2=0x7f25301049d0 unknown :-1 s=STATE_NONE l=0).mark_down
2024-03-21T10:35:49.454 INFO:teuthology.orchestra.run.smithi077.stdout:/usr/bin/ceph: stderr
2024-03-21T10:35:48.635+0000 7f2537a00700 1 -- 172.21.15.77:0/3095793986 shutdown_connections
2024-03-21T10:35:49.454 INFO:teuthology.orchestra.run.smithi077.stdout:/usr/bin/ceph: stderr
2024-03-21T10:35:48.635+0000 7f2537a00700 1 -- 172.21.15.77:0/3095793986 wait complete.
2024-03-21T10:35:49.454 INFO:teuthology.orchestra.run.smithi077.stdout:/usr/bin/ceph: stderr
2024-03-21T10:35:48.639+0000 7f2537a00700 1 Processor -- start
2024-03-21T10:35:49.454 INFO:teuthology.orchestra.run.smithi077.stdout:/usr/bin/ceph: stderr
2024-03-21T10:35:48.639+0000 7f2537a00700 1 -- start start
2024-03-21T10:35:49.454 INFO:teuthology.orchestra.run.smithi077.stdout:/usr/bin/ceph: stderr
2024-03-21T10:35:48.639+0000 7f2537a00700 1 --2- >> [v2:172.21.15.77:3300/0,v1:172.21.15.77:6789/0] conn(0x7f253007cf60 0x7f253019d040 unknown :-1 s=NONE pgs=0 cs=0 l=1 rev1=0 crypto rx=0 tx=0 comp rx=0 tx=0).connect
2024-03-21T10:35:49.454 INFO:teuthology.orchestra.run.smithi077.stdout:/usr/bin/ceph: stderr
2024-03-21T10:35:48.639+0000 7f2537a00700 1 -- --> [v2:172.21.15.77:3300/0,v1:172.21.15.77:6789/0] -- mon_getmap magic: 0 v1 -- 0x7f253010d520 con 0x7f253007cf60
2024-03-21T10:35:49.454 INFO:teuthology.orchestra.run.smithi077.stdout:/usr/bin/ceph: stderr
2024-03-21T10:35:48.639+0000 7f2535000700 1 --2- >> [v2:172.21.15.77:3300/0,v1:172.21.15.77:6789/0] conn(0x7f253007cf60 0x7f253019d040 unknown :-1 s=BANNER_CONNECTING pgs=0 cs=0 l=1 rev1=0 crypto rx=0 tx=0 comp rx=0 tx=0)._handle_peer_banner_payload supported=3 required=0
2024-03-21T10:35:49.454 INFO:teuthology.orchestra.run.smithi077.stdout:/usr/bin/ceph: stderr
2024-03-21T10:35:48.639+0000 7f2535000700 1 --2- >> [v2:172.21.15.77:3300/0,v1:172.21.15.77:6789/0] conn(0x7f253007cf60 0x7f253019d040 unknown :-1 s=HELLO_CONNECTING pgs=0 cs=0 l=1 rev1=1 crypto rx=0 tx=0 comp rx=0 tx=0).handle_hello peer v2:172.21.15.77:3300/0 says I am v2:172.21.15.77:55676/0 (socket says 172.21.15.77:55676)
2024-03-21T10:35:49.454 INFO:teuthology.orchestra.run.smithi077.stdout:/usr/bin/ceph: stderr
2024-03-21T10:35:48.639+0000 7f2535000700 1 -- 172.21.15.77:0/1995694444 learned_addr learned my addr 172.21.15.77:0/1995694444 (peer_addr_for_me v2:172.21.15.77:0/0)
2024-03-21T10:35:49.455 INFO:teuthology.orchestra.run.smithi077.stdout:/usr/bin/ceph: stderr
2024-03-21T10:35:48.639+0000 7f2535000700 1 -- 172.21.15.77:0/1995694444 --> [v2:172.21.15.77:3300/0,v1:172.21.15.77:6789/0] -- mon_subscribe({config=0+,monmap=0+}) v3 -- 0x7f253019d580 con 0x7f253007cf60
2024-03-21T10:35:49.455 INFO:teuthology.orchestra.run.smithi077.stdout:/usr/bin/ceph: stderr
2024-03-21T10:35:48.639+0000 7f2535000700 1 --2- 172.21.15.77:0/1995694444 >> [v2:172.21.15.77:3300/0,v1:172.21.15.77:6789/0] conn(0x7f253007cf60 0x7f253019d040 secure :-1 s=READY pgs=40 cs=0 l=1 rev1=1 crypto rx=0x7f2524006af0 tx=0x7f2524011c40 comp rx=0 tx=0).ready entity=mon.0 client_cookie=0 server_cookie=0 in_seq=0 out_seq=0
2024-03-21T10:35:49.455 INFO:teuthology.orchestra.run.smithi077.stdout:/usr/bin/ceph: stderr
2024-03-21T10:35:48.639+0000 7f252d600700 1 -- 172.21.15.77:0/1995694444 <== mon.0 v2:172.21.15.77:3300/0 1 ==== mon_map magic: 0 v1 ==== 205+0+0 (secure 0 0 0) 0x7f25240039e0 con 0x7f253007cf60
2024-03-21T10:35:49.455 INFO:teuthology.orchestra.run.smithi077.stdout:/usr/bin/ceph: stderr
2024-03-21T10:35:48.639+0000 7f252d600700 1 -- 172.21.15.77:0/1995694444 <== mon.0 v2:172.21.15.77:3300/0 2 ==== config(26 keys) v1 ==== 1071+0+0 (secure 0 0 0) 0x7f2524003b80 con 0x7f253007cf60
2024-03-21T10:35:49.455 INFO:teuthology.orchestra.run.smithi077.stdout:/usr/bin/ceph: stderr
2024-03-21T10:35:48.639+0000 7f252d600700 1 -- 172.21.15.77:0/1995694444 <== mon.0 v2:172.21.15.77:3300/0 3 ==== mon_map magic: 0 v1 ==== 205+0+0 (secure 0 0 0) 0x7f25240196a0 con 0x7f253007cf60
2024-03-21T10:35:49.455 INFO:teuthology.orchestra.run.smithi077.stdout:/usr/bin/ceph: stderr
2024-03-21T10:35:48.639+0000 7f2537a00700 1 -- 172.21.15.77:0/1995694444 --> [v2:172.21.15.77:3300/0,v1:172.21.15.77:6789/0] -- mon_subscribe({mgrmap=0+}) v3 -- 0x7f253019d810 con 0x7f253007cf60
2024-03-21T10:35:49.455 INFO:teuthology.orchestra.run.smithi077.stdout:/usr/bin/ceph: stderr
2024-03-21T10:35:48.639+0000 7f2537a00700 1 -- 172.21.15.77:0/1995694444 --> [v2:172.21.15.77:3300/0,v1:172.21.15.77:6789/0] -- mon_subscribe({osdmap=0}) v3 -- 0x7f25301a0500 con 0x7f253007cf60
2024-03-21T10:35:49.455 INFO:teuthology.orchestra.run.smithi077.stdout:/usr/bin/ceph: stderr
2024-03-21T10:35:48.639+0000 7f252d600700 1 -- 172.21.15.77:0/1995694444 <== mon.0 v2:172.21.15.77:3300/0 4 ==== mgrmap(e 8) v1 ==== 46294+0+0 (secure 0 0 0) 0x7f252401ab50 con 0x7f253007cf60
2024-03-21T10:35:49.455 INFO:teuthology.orchestra.run.smithi077.stdout:/usr/bin/ceph: stderr
2024-03-21T10:35:48.639+0000 7f2537a00700 1 -- 172.21.15.77:0/1995694444 --> [v2:172.21.15.77:3300/0,v1:172.21.15.77:6789/0] -- mon_command({"prefix": "get_command_descriptions"} v 0) v1 -- 0x7f25300637c0 con 0x7f253007cf60
2024-03-21T10:35:49.455 INFO:teuthology.orchestra.run.smithi077.stdout:/usr/bin/ceph: stderr
2024-03-21T10:35:48.639+0000 7f252d600700 1 --2- 172.21.15.77:0/1995694444 >> [v2:172.21.15.77:6800/2955624145,v1:172.21.15.77:6801/2955624145] conn(0x7f2518039180 0x7f251803b640 unknown :-1 s=NONE pgs=0 cs=0 l=1 rev1=0 crypto rx=0 tx=0 comp rx=0 tx=0).connect
2024-03-21T10:35:49.455 INFO:teuthology.orchestra.run.smithi077.stdout:/usr/bin/ceph: stderr
2024-03-21T10:35:48.639+0000 7f252d600700 1 -- 172.21.15.77:0/1995694444 <== mon.0 v2:172.21.15.77:3300/0 5 ==== osd_map(2..2 src has 1..2) v4 ==== 940+0+0 (secure 0 0 0) 0x7f252404d6f0 con 0x7f253007cf60
2024-03-21T10:35:49.455 INFO:teuthology.orchestra.run.smithi077.stdout:/usr/bin/ceph: stderr
2024-03-21T10:35:48.643+0000 7f252fe00700 1 --2- 172.21.15.77:0/1995694444 >> [v2:172.21.15.77:6800/2955624145,v1:172.21.15.77:6801/2955624145] conn(0x7f2518039180 0x7f251803b640 unknown :-1 s=BANNER_CONNECTING pgs=0 cs=0 l=1 rev1=0 crypto rx=0 tx=0 comp rx=0 tx=0)._handle_peer_banner_payload supported=3 required=0
2024-03-21T10:35:49.455 INFO:teuthology.orchestra.run.smithi077.stdout:/usr/bin/ceph: stderr
2024-03-21T10:35:48.643+0000 7f252fe00700 1 --2- 172.21.15.77:0/1995694444 >> [v2:172.21.15.77:6800/2955624145,v1:172.21.15.77:6801/2955624145] conn(0x7f2518039180 0x7f251803b640 secure :-1 s=READY pgs=8 cs=0 l=1 rev1=1 crypto rx=0x7f251c006fd0 tx=0x7f251c006e40 comp rx=0 tx=0).ready entity=mgr.14120 client_cookie=0 server_cookie=0 in_seq=0 out_seq=0
2024-03-21T10:35:49.455 INFO:teuthology.orchestra.run.smithi077.stdout:/usr/bin/ceph: stderr
2024-03-21T10:35:48.647+0000 7f252d600700 1 -- 172.21.15.77:0/1995694444 <== mon.0 v2:172.21.15.77:3300/0 6 ==== mon_command_ack([{"prefix": "get_command_descriptions"}]=0 v0) v1 ==== 72+0+186149 (secure 0 0 0) 0x7f252400b3e0 con 0x7f253007cf60
2024-03-21T10:35:49.456 INFO:teuthology.orchestra.run.smithi077.stdout:/usr/bin/ceph: stderr
2024-03-21T10:35:48.851+0000 7f2537a00700 1 -- 172.21.15.77:0/1995694444 --> [v2:172.21.15.77:6800/2955624145,v1:172.21.15.77:6801/2955624145] -- mgr_command(tid 0: {"prefix": "cephadm set-user", "user": "root", "target": ["mon-mgr", ""]}) v1 -- 0x7f2530103820 con 0x7f2518039180
2024-03-21T10:35:49.456 INFO:teuthology.orchestra.run.smithi077.stdout:/usr/bin/ceph: stderr
2024-03-21T10:35:48.851+0000 7f252d600700 1 -- 172.21.15.77:0/1995694444 <== mgr.14120 v2:172.21.15.77:6800/2955624145 1 ==== mgr_command_reply(tid 0: 0 ) v1 ==== 8+0+16 (secure 0 0 0) 0x7f2530103820 con 0x7f2518039180
2024-03-21T10:35:49.456 INFO:teuthology.orchestra.run.smithi077.stdout:/usr/bin/ceph: stderr
2024-03-21T10:35:48.855+0000 7f2537a00700 1 -- 172.21.15.77:0/1995694444 >> [v2:172.21.15.77:6800/2955624145,v1:172.21.15.77:6801/2955624145] conn(0x7f2518039180 msgr2=0x7f251803b640 secure :-1 s=STATE_CONNECTION_ESTABLISHED l=1).mark_down
2024-03-21T10:35:49.456 INFO:teuthology.orchestra.run.smithi077.stdout:/usr/bin/ceph: stderr
2024-03-21T10:35:48.855+0000 7f2537a00700 1 --2- 172.21.15.77:0/1995694444 >> [v2:172.21.15.77:6800/2955624145,v1:172.21.15.77:6801/2955624145] conn(0x7f2518039180 0x7f251803b640 secure :-1 s=READY pgs=8 cs=0 l=1 rev1=1 crypto rx=0x7f251c006fd0 tx=0x7f251c006e40 comp rx=0 tx=0).stop
2024-03-21T10:35:49.456 INFO:teuthology.orchestra.run.smithi077.stdout:/usr/bin/ceph: stderr
2024-03-21T10:35:48.855+0000 7f2537a00700 1 -- 172.21.15.77:0/1995694444 >> [v2:172.21.15.77:3300/0,v1:172.21.15.77:6789/0] conn(0x7f253007cf60 msgr2=0x7f253019d040 secure :-1 s=STATE_CONNECTION_ESTABLISHED l=1).mark_down
2024-03-21T10:35:49.456 INFO:teuthology.orchestra.run.smithi077.stdout:/usr/bin/ceph: stderr
2024-03-21T10:35:48.855+0000 7f2537a00700 1 --2- 172.21.15.77:0/1995694444 >> [v2:172.21.15.77:3300/0,v1:172.21.15.77:6789/0] conn(0x7f253007cf60 0x7f253019d040 secure :-1 s=READY pgs=40 cs=0 l=1 rev1=1 crypto rx=0x7f2524006af0 tx=0x7f2524011c40 comp rx=0 tx=0).stop
2024-03-21T10:35:49.456 INFO:teuthology.orchestra.run.smithi077.stdout:/usr/bin/ceph: stderr
2024-03-21T10:35:48.855+0000 7f2537a00700 1 -- 172.21.15.77:0/1995694444 shutdown_connections
2024-03-21T10:35:49.456 INFO:teuthology.orchestra.run.smithi077.stdout:/usr/bin/ceph: stderr
2024-03-21T10:35:48.855+0000 7f2537a00700 1 --2- 172.21.15.77:0/1995694444 >> [v2:172.21.15.77:6800/2955624145,v1:172.21.15.77:6801/2955624145] conn(0x7f2518039180 0x7f251803b640 unknown :-1 s=CLOSED pgs=8 cs=0 l=1 rev1=1 crypto rx=0 tx=0 comp rx=0 tx=0).stop
2024-03-21T10:35:49.456 INFO:teuthology.orchestra.run.smithi077.stdout:/usr/bin/ceph: stderr
2024-03-21T10:35:48.855+0000 7f2537a00700 1 --2- 172.21.15.77:0/1995694444 >> [v2:172.21.15.77:3300/0,v1:172.21.15.77:6789/0] conn(0x7f253007cf60 0x7f253019d040 unknown :-1 s=CLOSED pgs=40 cs=0 l=1 rev1=1 crypto rx=0 tx=0 comp rx=0 tx=0).stop
2024-03-21T10:35:49.456 INFO:teuthology.orchestra.run.smithi077.stdout:/usr/bin/ceph: stderr
2024-03-21T10:35:48.855+0000 7f2537a00700 1 -- 172.21.15.77:0/1995694444 >> 172.21.15.77:0/1995694444 conn(0x7f25301025b0 msgr2=0x7f2530103110 unknown :-1 s=STATE_NONE l=0).mark_down
2024-03-21T10:35:49.456 INFO:teuthology.orchestra.run.smithi077.stdout:/usr/bin/ceph: stderr
2024-03-21T10:35:48.855+0000 7f2537a00700 1 -- 172.21.15.77:0/1995694444 shutdown_connections
2024-03-21T10:35:49.456 INFO:teuthology.orchestra.run.smithi077.stdout:/usr/bin/ceph: stderr
2024-03-21T10:35:48.855+0000 7f2537a00700 1 -- 172.21.15.77:0/1995694444 wait complete.
2024-03-21T10:35:49.456 INFO:teuthology.orchestra.run.smithi077.stdout:Generating ssh key...
2024-03-21T10:35:50.218 INFO:journalctl@ceph.mon.a.smithi077.stdout:Mar 21 10:35:49 smithi077 bash[21532]: audit
2024-03-21T10:35:48.856315+0000 mgr.x (mgr.14120) 9 : audit [DBG] from='client.14134 -' entity='client.admin' cmd=[{"prefix": "cephadm set-user", "user": "root", "target": ["mon-mgr", ""]}]: dispatch
2024-03-21T10:35:51.242 INFO:journalctl@ceph.mon.a.smithi077.stdout:Mar 21 10:35:50 smithi077 bash[21532]: audit
2024-03-21T10:35:50.654172+0000 mgr.x (mgr.14120) 10 : audit [DBG] from='client.14136 -' entity='client.admin' cmd=[{"prefix": "cephadm generate-key", "target": ["mon-mgr", ""]}]: dispatch
2024-03-21T10:35:51.242 INFO:journalctl@ceph.mon.a.smithi077.stdout:Mar 21 10:35:50 smithi077 bash[21532]: cephadm
2024-03-21T10:35:50.654383+0000 mgr.x (mgr.14120) 11 : cephadm [INF] Generating ssh key...
2024-03-21T10:35:51.242 INFO:journalctl@ceph.mon.a.smithi077.stdout:Mar 21 10:35:50 smithi077 bash[21532]: audit
2024-03-21T10:35:50.864116+0000 mon.a (mon.0) 54 : audit [INF] from='mgr.14120 172.21.15.77:0/3256902235' entity='mgr.x'
2024-03-21T10:35:51.242 INFO:journalctl@ceph.mon.a.smithi077.stdout:Mar 21 10:35:50 smithi077 bash[21532]: audit
2024-03-21T10:35:50.866305+0000 mon.a (mon.0) 55 : audit [INF] from='mgr.14120 172.21.15.77:0/3256902235' entity='mgr.x'
2024-03-21T10:35:51.243 INFO:journalctl@ceph.mgr.x.smithi077.stdout:Mar 21 10:35:50 smithi077 bash[21785]: Generating public/private rsa key pair.
2024-03-21T10:35:51.243 INFO:journalctl@ceph.mgr.x.smithi077.stdout:Mar 21 10:35:50 smithi077 bash[21785]: Your identification has been saved in /tmp/tmpdve3mnwh/key.
2024-03-21T10:35:51.243 INFO:journalctl@ceph.mgr.x.smithi077.stdout:Mar 21 10:35:50 smithi077 bash[21785]: Your public key has been saved in /tmp/tmpdve3mnwh/key.pub.
2024-03-21T10:35:51.243 INFO:journalctl@ceph.mgr.x.smithi077.stdout:Mar 21 10:35:50 smithi077 bash[21785]: The key fingerprint is:
2024-03-21T10:35:51.243 INFO:journalctl@ceph.mgr.x.smithi077.stdout:Mar 21 10:35:50 smithi077 bash[21785]: SHA256:+ZuIsq2epwN8bFu0spPeP5Cb5rmUsSB03dlzsuu0Nls ceph-8fb4b498-e76e-11ee-95cd-87774f69a715
2024-03-21T10:35:51.243 INFO:journalctl@ceph.mgr.x.smithi077.stdout:Mar 21 10:35:50 smithi077 bash[21785]: The key's randomart image is:
2024-03-21T10:35:51.243 INFO:journalctl@ceph.mgr.x.smithi077.stdout:Mar 21 10:35:50 smithi077 bash[21785]: +---[RSA 3072]----+
2024-03-21T10:35:51.243 INFO:journalctl@ceph.mgr.x.smithi077.stdout:Mar 21 10:35:50 smithi077 bash[21785]: | |
2024-03-21T10:35:51.243 INFO:journalctl@ceph.mgr.x.smithi077.stdout:Mar 21 10:35:50 smithi077 bash[21785]: | . . o |
2024-03-21T10:35:51.243 INFO:journalctl@ceph.mgr.x.smithi077.stdout:Mar 21 10:35:50 smithi077 bash[21785]: | . . . o + . |
2024-03-21T10:35:51.243 INFO:journalctl@ceph.mgr.x.smithi077.stdout:Mar 21 10:35:50 smithi077 bash[21785]: | . . . . = |
2024-03-21T10:35:51.244 INFO:journalctl@ceph.mgr.x.smithi077.stdout:Mar 21 10:35:50 smithi077 bash[21785]: | ......oS . |
2024-03-21T10:35:51.244 INFO:journalctl@ceph.mgr.x.smithi077.stdout:Mar 21 10:35:50 smithi077 bash[21785]: | o.=.=+ . . |
2024-03-21T10:35:51.244 INFO:journalctl@ceph.mgr.x.smithi077.stdout:Mar 21 10:35:50 smithi077 bash[21785]: | + *++ + E |
2024-03-21T10:35:51.244 INFO:journalctl@ceph.mgr.x.smithi077.stdout:Mar 21 10:35:50 smithi077 bash[21785]: | B==o.+o= |
2024-03-21T10:35:51.244 INFO:journalctl@ceph.mgr.x.smithi077.stdout:Mar 21 10:35:50 smithi077 bash[21785]: | oB@Booo*o |
2024-03-21T10:35:51.244 INFO:journalctl@ceph.mgr.x.smithi077.stdout:Mar 21 10:35:50 smithi077 bash[21785]: +----[SHA256]-----+
2024-03-21T10:35:51.457 INFO:teuthology.orchestra.run.smithi077.stdout:/usr/bin/ceph: stderr
2024-03-21T10:35:50.431+0000 7fce1fa00700 1 Processor -- start
2024-03-21T10:35:51.458 INFO:teuthology.orchestra.run.smithi077.stdout:/usr/bin/ceph: stderr
2024-03-21T10:35:50.431+0000 7fce1fa00700 1 -- start start
2024-03-21T10:35:51.458 INFO:teuthology.orchestra.run.smithi077.stdout:/usr/bin/ceph: stderr
2024-03-21T10:35:50.431+0000 7fce1fa00700 1 --2- >> [v2:172.21.15.77:3300/0,v1:172.21.15.77:6789/0] conn(0x7fce1807cf80 0x7fce1807b3e0 unknown :-1 s=NONE pgs=0 cs=0 l=0 rev1=0 crypto rx=0 tx=0 comp rx=0 tx=0).connect
2024-03-21T10:35:51.458 INFO:teuthology.orchestra.run.smithi077.stdout:/usr/bin/ceph: stderr
2024-03-21T10:35:50.431+0000 7fce1fa00700 1 -- --> [v2:172.21.15.77:3300/0,v1:172.21.15.77:6789/0] -- mon_getmap magic: 0 v1 -- 0x7fce1807b9b0 con 0x7fce1807cf80
2024-03-21T10:35:51.458 INFO:teuthology.orchestra.run.smithi077.stdout:/usr/bin/ceph: stderr
2024-03-21T10:35:50.431+0000 7fce1d000700 1 --2- >> [v2:172.21.15.77:3300/0,v1:172.21.15.77:6789/0] conn(0x7fce1807cf80 0x7fce1807b3e0 unknown :-1 s=BANNER_CONNECTING pgs=0 cs=0 l=0 rev1=0 crypto rx=0 tx=0 comp rx=0 tx=0)._handle_peer_banner_payload supported=3 required=0
2024-03-21T10:35:51.458 INFO:teuthology.orchestra.run.smithi077.stdout:/usr/bin/ceph: stderr
2024-03-21T10:35:50.431+0000 7fce1d000700 1 --2- >> [v2:172.21.15.77:3300/0,v1:172.21.15.77:6789/0] conn(0x7fce1807cf80 0x7fce1807b3e0 unknown :-1 s=HELLO_CONNECTING pgs=0 cs=0 l=0 rev1=1 crypto rx=0 tx=0 comp rx=0 tx=0).handle_hello peer v2:172.21.15.77:3300/0 says I am v2:172.21.15.77:55680/0 (socket says 172.21.15.77:55680)
2024-03-21T10:35:51.458 INFO:teuthology.orchestra.run.smithi077.stdout:/usr/bin/ceph: stderr
2024-03-21T10:35:50.431+0000 7fce1d000700 1 -- 172.21.15.77:0/974949454 learned_addr learned my addr 172.21.15.77:0/974949454 (peer_addr_for_me v2:172.21.15.77:0/0)
2024-03-21T10:35:51.458 INFO:teuthology.orchestra.run.smithi077.stdout:/usr/bin/ceph: stderr
2024-03-21T10:35:50.431+0000 7fce1d000700 1 -- 172.21.15.77:0/974949454 --> [v2:172.21.15.77:3300/0,v1:172.21.15.77:6789/0] -- mon_subscribe({config=0+,monmap=0+}) v3 -- 0x7fce1807bb30 con 0x7fce1807cf80
2024-03-21T10:35:51.458 INFO:teuthology.orchestra.run.smithi077.stdout:/usr/bin/ceph: stderr
2024-03-21T10:35:50.431+0000 7fce1d000700 1 --2- 172.21.15.77:0/974949454 >> [v2:172.21.15.77:3300/0,v1:172.21.15.77:6789/0] conn(0x7fce1807cf80 0x7fce1807b3e0 secure :-1 s=READY pgs=41 cs=0 l=1 rev1=1 crypto rx=0x7fce0c0098a0 tx=0x7fce0c009bb0 comp rx=0 tx=0).ready entity=mon.0 client_cookie=6055b4c234473123 server_cookie=0 in_seq=0 out_seq=0
2024-03-21T10:35:51.458 INFO:teuthology.orchestra.run.smithi077.stdout:/usr/bin/ceph: stderr
2024-03-21T10:35:50.431+0000 7fce17400700 1 -- 172.21.15.77:0/974949454 <== mon.0 v2:172.21.15.77:3300/0 1 ==== mon_map magic: 0 v1 ==== 205+0+0 (secure 0 0 0) 0x7fce0c004160 con 0x7fce1807cf80
2024-03-21T10:35:51.459 INFO:teuthology.orchestra.run.smithi077.stdout:/usr/bin/ceph: stderr
2024-03-21T10:35:50.431+0000 7fce17400700 1 -- 172.21.15.77:0/974949454 <== mon.0 v2:172.21.15.77:3300/0 2 ==== config(26 keys) v1 ==== 1071+0+0 (secure 0 0 0) 0x7fce0c004300 con 0x7fce1807cf80
2024-03-21T10:35:51.459 INFO:teuthology.orchestra.run.smithi077.stdout:/usr/bin/ceph: stderr
2024-03-21T10:35:50.431+0000 7fce17400700 1 -- 172.21.15.77:0/974949454 <== mon.0 v2:172.21.15.77:3300/0 3 ==== mon_map magic: 0 v1 ==== 205+0+0 (secure 0 0 0) 0x7fce0c011a80 con 0x7fce1807cf80
2024-03-21T10:35:51.459 INFO:teuthology.orchestra.run.smithi077.stdout:/usr/bin/ceph: stderr
2024-03-21T10:35:50.431+0000 7fce1fa00700 1 -- 172.21.15.77:0/974949454 >> [v2:172.21.15.77:3300/0,v1:172.21.15.77:6789/0] conn(0x7fce1807cf80 msgr2=0x7fce1807b3e0 secure :-1 s=STATE_CONNECTION_ESTABLISHED l=1).mark_down
2024-03-21T10:35:51.459 INFO:teuthology.orchestra.run.smithi077.stdout:/usr/bin/ceph: stderr
2024-03-21T10:35:50.431+0000 7fce1fa00700 1 --2- 172.21.15.77:0/974949454 >> [v2:172.21.15.77:3300/0,v1:172.21.15.77:6789/0] conn(0x7fce1807cf80 0x7fce1807b3e0 secure :-1 s=READY pgs=41 cs=0 l=1 rev1=1 crypto rx=0x7fce0c0098a0 tx=0x7fce0c009bb0 comp rx=0 tx=0).stop
2024-03-21T10:35:51.459 INFO:teuthology.orchestra.run.smithi077.stdout:/usr/bin/ceph: stderr
2024-03-21T10:35:50.431+0000 7fce1fa00700 1 -- 172.21.15.77:0/974949454 shutdown_connections
2024-03-21T10:35:51.459 INFO:teuthology.orchestra.run.smithi077.stdout:/usr/bin/ceph: stderr
2024-03-21T10:35:50.431+0000 7fce1fa00700 1 --2- 172.21.15.77:0/974949454 >> [v2:172.21.15.77:3300/0,v1:172.21.15.77:6789/0] conn(0x7fce1807cf80 0x7fce1807b3e0 unknown :-1 s=CLOSED pgs=41 cs=0 l=1 rev1=1 crypto rx=0 tx=0 comp rx=0 tx=0).stop
2024-03-21T10:35:51.459 INFO:teuthology.orchestra.run.smithi077.stdout:/usr/bin/ceph: stderr
2024-03-21T10:35:50.431+0000 7fce1fa00700 1 -- 172.21.15.77:0/974949454 >> 172.21.15.77:0/974949454 conn(0x7fce18102590 msgr2=0x7fce181049d0 unknown :-1 s=STATE_NONE l=0).mark_down
2024-03-21T10:35:51.459 INFO:teuthology.orchestra.run.smithi077.stdout:/usr/bin/ceph: stderr
2024-03-21T10:35:50.431+0000 7fce1fa00700 1 -- 172.21.15.77:0/974949454 shutdown_connections
2024-03-21T10:35:51.459 INFO:teuthology.orchestra.run.smithi077.stdout:/usr/bin/ceph: stderr
2024-03-21T10:35:50.431+0000 7fce1fa00700 1 -- 172.21.15.77:0/974949454 wait complete.
2024-03-21T10:35:51.459 INFO:teuthology.orchestra.run.smithi077.stdout:/usr/bin/ceph: stderr
2024-03-21T10:35:50.435+0000 7fce1fa00700 1 Processor -- start
2024-03-21T10:35:51.460 INFO:teuthology.orchestra.run.smithi077.stdout:/usr/bin/ceph: stderr
2024-03-21T10:35:50.435+0000 7fce1fa00700 1 -- start start
2024-03-21T10:35:51.460 INFO:teuthology.orchestra.run.smithi077.stdout:/usr/bin/ceph: stderr
2024-03-21T10:35:50.435+0000 7fce1fa00700 1 --2- >> [v2:172.21.15.77:3300/0,v1:172.21.15.77:6789/0] conn(0x7fce1807cf80 0x7fce1819d080 unknown :-1 s=NONE pgs=0 cs=0 l=1 rev1=0 crypto rx=0 tx=0 comp rx=0 tx=0).connect
2024-03-21T10:35:51.460 INFO:teuthology.orchestra.run.smithi077.stdout:/usr/bin/ceph: stderr
2024-03-21T10:35:50.435+0000 7fce1fa00700 1 -- --> [v2:172.21.15.77:3300/0,v1:172.21.15.77:6789/0] -- mon_getmap magic: 0 v1 -- 0x7fce1810d4d0 con 0x7fce1807cf80
2024-03-21T10:35:51.460 INFO:teuthology.orchestra.run.smithi077.stdout:/usr/bin/ceph: stderr
2024-03-21T10:35:50.435+0000 7fce1d000700 1 --2- >> [v2:172.21.15.77:3300/0,v1:172.21.15.77:6789/0] conn(0x7fce1807cf80 0x7fce1819d080 unknown :-1 s=BANNER_CONNECTING pgs=0 cs=0 l=1 rev1=0 crypto rx=0 tx=0 comp rx=0 tx=0)._handle_peer_banner_payload supported=3 required=0
2024-03-21T10:35:51.460 INFO:teuthology.orchestra.run.smithi077.stdout:/usr/bin/ceph: stderr
2024-03-21T10:35:50.435+0000 7fce1d000700 1 --2- >> [v2:172.21.15.77:3300/0,v1:172.21.15.77:6789/0] conn(0x7fce1807cf80 0x7fce1819d080 unknown :-1 s=HELLO_CONNECTING pgs=0 cs=0 l=1 rev1=1 crypto rx=0 tx=0 comp rx=0 tx=0).handle_hello peer v2:172.21.15.77:3300/0 says I am v2:172.21.15.77:55686/0 (socket says 172.21.15.77:55686)
2024-03-21T10:35:51.460 INFO:teuthology.orchestra.run.smithi077.stdout:/usr/bin/ceph: stderr
2024-03-21T10:35:50.435+0000 7fce1d000700 1 -- 172.21.15.77:0/1626694179 learned_addr learned my addr 172.21.15.77:0/1626694179 (peer_addr_for_me v2:172.21.15.77:0/0)
2024-03-21T10:35:51.460 INFO:teuthology.orchestra.run.smithi077.stdout:/usr/bin/ceph: stderr
2024-03-21T10:35:50.435+0000 7fce1d000700 1 -- 172.21.15.77:0/1626694179 --> [v2:172.21.15.77:3300/0,v1:172.21.15.77:6789/0] -- mon_subscribe({config=0+,monmap=0+}) v3 -- 0x7fce1819d5c0 con 0x7fce1807cf80
2024-03-21T10:35:51.460 INFO:teuthology.orchestra.run.smithi077.stdout:/usr/bin/ceph: stderr
2024-03-21T10:35:50.435+0000 7fce1d000700 1 --2- 172.21.15.77:0/1626694179 >> [v2:172.21.15.77:3300/0,v1:172.21.15.77:6789/0] conn(0x7fce1807cf80 0x7fce1819d080 secure :-1 s=READY pgs=42 cs=0 l=1 rev1=1 crypto rx=0x7fce0c000c00 tx=0x7fce0c011b00 comp rx=0 tx=0).ready entity=mon.0 client_cookie=0 server_cookie=0 in_seq=0 out_seq=0
2024-03-21T10:35:51.460 INFO:teuthology.orchestra.run.smithi077.stdout:/usr/bin/ceph: stderr
2024-03-21T10:35:50.435+0000 7fce15600700 1 -- 172.21.15.77:0/1626694179 <== mon.0 v2:172.21.15.77:3300/0 1 ==== mon_map magic: 0 v1 ==== 205+0+0 (secure 0 0 0) 0x7fce0c0039f0 con 0x7fce1807cf80
2024-03-21T10:35:51.460 INFO:teuthology.orchestra.run.smithi077.stdout:/usr/bin/ceph: stderr
2024-03-21T10:35:50.435+0000 7fce15600700 1 -- 172.21.15.77:0/1626694179 <== mon.0 v2:172.21.15.77:3300/0 2 ==== config(26 keys) v1 ==== 1071+0+0 (secure 0 0 0) 0x7fce0c003b90 con 0x7fce1807cf80
2024-03-21T10:35:51.460 INFO:teuthology.orchestra.run.smithi077.stdout:/usr/bin/ceph: stderr
2024-03-21T10:35:50.435+0000 7fce1fa00700 1 -- 172.21.15.77:0/1626694179 --> [v2:172.21.15.77:3300/0,v1:172.21.15.77:6789/0] -- mon_subscribe({mgrmap=0+}) v3 -- 0x7fce1819d850 con 0x7fce1807cf80
2024-03-21T10:35:51.460 INFO:teuthology.orchestra.run.smithi077.stdout:/usr/bin/ceph: stderr
2024-03-21T10:35:50.435+0000 7fce15600700 1 -- 172.21.15.77:0/1626694179 <== mon.0 v2:172.21.15.77:3300/0 3 ==== mon_map magic: 0 v1 ==== 205+0+0 (secure 0 0 0) 0x7fce0c01a740 con 0x7fce1807cf80
2024-03-21T10:35:51.460 INFO:teuthology.orchestra.run.smithi077.stdout:/usr/bin/ceph: stderr
2024-03-21T10:35:50.435+0000 7fce1fa00700 1 -- 172.21.15.77:0/1626694179 --> [v2:172.21.15.77:3300/0,v1:172.21.15.77:6789/0] -- mon_subscribe({osdmap=0}) v3 -- 0x7fce181a0540 con 0x7fce1807cf80
2024-03-21T10:35:51.460 INFO:teuthology.orchestra.run.smithi077.stdout:/usr/bin/ceph: stderr
2024-03-21T10:35:50.435+0000 7fce1fa00700 1 -- 172.21.15.77:0/1626694179 --> [v2:172.21.15.77:3300/0,v1:172.21.15.77:6789/0] -- mon_command({"prefix": "get_command_descriptions"} v 0) v1 -- 0x7fce180637c0 con 0x7fce1807cf80
2024-03-21T10:35:51.461 INFO:teuthology.orchestra.run.smithi077.stdout:/usr/bin/ceph: stderr
2024-03-21T10:35:50.435+0000 7fce15600700 1 -- 172.21.15.77:0/1626694179 <== mon.0 v2:172.21.15.77:3300/0 4 ==== mgrmap(e 8) v1 ==== 46294+0+0 (secure 0 0 0) 0x7fce0c024af0 con 0x7fce1807cf80
2024-03-21T10:35:51.461 INFO:teuthology.orchestra.run.smithi077.stdout:/usr/bin/ceph: stderr
2024-03-21T10:35:50.435+0000 7fce15600700 1 --2- 172.21.15.77:0/1626694179 >> [v2:172.21.15.77:6800/2955624145,v1:172.21.15.77:6801/2955624145] conn(0x7fce000391d0 0x7fce0003b690 unknown :-1 s=NONE pgs=0 cs=0 l=1 rev1=0 crypto rx=0 tx=0 comp rx=0 tx=0).connect
2024-03-21T10:35:51.461 INFO:teuthology.orchestra.run.smithi077.stdout:/usr/bin/ceph: stderr
2024-03-21T10:35:50.435+0000 7fce15600700 1 -- 172.21.15.77:0/1626694179 <== mon.0 v2:172.21.15.77:3300/0 5 ==== osd_map(2..2 src has 1..2) v4 ==== 940+0+0 (secure 0 0 0) 0x7fce0c04d5a0 con 0x7fce1807cf80
2024-03-21T10:35:51.461 INFO:teuthology.orchestra.run.smithi077.stdout:/usr/bin/ceph: stderr
2024-03-21T10:35:50.439+0000 7fce17e00700 1 --2- 172.21.15.77:0/1626694179 >> [v2:172.21.15.77:6800/2955624145,v1:172.21.15.77:6801/2955624145] conn(0x7fce000391d0 0x7fce0003b690 unknown :-1 s=BANNER_CONNECTING pgs=0 cs=0 l=1 rev1=0 crypto rx=0 tx=0 comp rx=0 tx=0)._handle_peer_banner_payload supported=3 required=0
2024-03-21T10:35:51.461 INFO:teuthology.orchestra.run.smithi077.stdout:/usr/bin/ceph: stderr
2024-03-21T10:35:50.439+0000 7fce17e00700 1 --2- 172.21.15.77:0/1626694179 >> [v2:172.21.15.77:6800/2955624145,v1:172.21.15.77:6801/2955624145] conn(0x7fce000391d0 0x7fce0003b690 secure :-1 s=READY pgs=9 cs=0 l=1 rev1=1 crypto rx=0x7fce04006fd0 tx=0x7fce04006e40 comp rx=0 tx=0).ready entity=mgr.14120 client_cookie=0 server_cookie=0 in_seq=0 out_seq=0
2024-03-21T10:35:51.461 INFO:teuthology.orchestra.run.smithi077.stdout:/usr/bin/ceph: stderr
2024-03-21T10:35:50.443+0000 7fce15600700 1 -- 172.21.15.77:0/1626694179 <== mon.0 v2:172.21.15.77:3300/0 6 ==== mon_command_ack([{"prefix": "get_command_descriptions"}]=0 v0) v1 ==== 72+0+186149 (secure 0 0 0) 0x7fce0c04cef0 con 0x7fce1807cf80
2024-03-21T10:35:51.461 INFO:teuthology.orchestra.run.smithi077.stdout:/usr/bin/ceph: stderr
2024-03-21T10:35:50.647+0000 7fce1fa00700 1 -- 172.21.15.77:0/1626694179 --> [v2:172.21.15.77:6800/2955624145,v1:172.21.15.77:6801/2955624145] -- mgr_command(tid 0: {"prefix": "cephadm generate-key", "target": ["mon-mgr", ""]}) v1 -- 0x7fce181038f0 con 0x7fce000391d0
2024-03-21T10:35:51.461 INFO:teuthology.orchestra.run.smithi077.stdout:/usr/bin/ceph: stderr
2024-03-21T10:35:50.863+0000 7fce15600700 1 -- 172.21.15.77:0/1626694179 <== mgr.14120 v2:172.21.15.77:6800/2955624145 1 ==== mgr_command_reply(tid 0: 0 ) v1 ==== 8+0+0 (secure 0 0 0) 0x7fce181038f0 con 0x7fce000391d0
2024-03-21T10:35:51.461 INFO:teuthology.orchestra.run.smithi077.stdout:/usr/bin/ceph: stderr
2024-03-21T10:35:50.867+0000 7fce1fa00700 1 -- 172.21.15.77:0/1626694179 >> [v2:172.21.15.77:6800/2955624145,v1:172.21.15.77:6801/2955624145] conn(0x7fce000391d0 msgr2=0x7fce0003b690 secure :-1 s=STATE_CONNECTION_ESTABLISHED l=1).mark_down
2024-03-21T10:35:51.461 INFO:teuthology.orchestra.run.smithi077.stdout:/usr/bin/ceph: stderr
2024-03-21T10:35:50.867+0000 7fce1fa00700 1 --2- 172.21.15.77:0/1626694179 >> [v2:172.21.15.77:6800/2955624145,v1:172.21.15.77:6801/2955624145] conn(0x7fce000391d0 0x7fce0003b690 secure :-1 s=READY pgs=9 cs=0 l=1 rev1=1 crypto rx=0x7fce04006fd0 tx=0x7fce04006e40 comp rx=0 tx=0).stop
2024-03-21T10:35:51.461 INFO:teuthology.orchestra.run.smithi077.stdout:/usr/bin/ceph: stderr
2024-03-21T10:35:50.867+0000 7fce1fa00700 1 -- 172.21.15.77:0/1626694179 >> [v2:172.21.15.77:3300/0,v1:172.21.15.77:6789/0] conn(0x7fce1807cf80 msgr2=0x7fce1819d080 secure :-1 s=STATE_CONNECTION_ESTABLISHED l=1).mark_down
2024-03-21T10:35:51.461 INFO:teuthology.orchestra.run.smithi077.stdout:/usr/bin/ceph: stderr
2024-03-21T10:35:50.867+0000 7fce1fa00700 1 --2- 172.21.15.77:0/1626694179 >> [v2:172.21.15.77:3300/0,v1:172.21.15.77:6789/0] conn(0x7fce1807cf80 0x7fce1819d080 secure :-1 s=READY pgs=42 cs=0 l=1 rev1=1 crypto rx=0x7fce0c000c00 tx=0x7fce0c011b00 comp rx=0 tx=0).stop
2024-03-21T10:35:51.461 INFO:teuthology.orchestra.run.smithi077.stdout:/usr/bin/ceph: stderr
2024-03-21T10:35:50.867+0000 7fce1fa00700 1 -- 172.21.15.77:0/1626694179 shutdown_connections
2024-03-21T10:35:51.461 INFO:teuthology.orchestra.run.smithi077.stdout:/usr/bin/ceph: stderr
2024-03-21T10:35:50.867+0000 7fce1fa00700 1 --2- 172.21.15.77:0/1626694179 >> [v2:172.21.15.77:6800/2955624145,v1:172.21.15.77:6801/2955624145] conn(0x7fce000391d0 0x7fce0003b690 unknown :-1 s=CLOSED pgs=9 cs=0 l=1 rev1=1 crypto rx=0 tx=0 comp rx=0 tx=0).stop
2024-03-21T10:35:51.462 INFO:teuthology.orchestra.run.smithi077.stdout:/usr/bin/ceph: stderr
2024-03-21T10:35:50.867+0000 7fce1fa00700 1 --2- 172.21.15.77:0/1626694179 >> [v2:172.21.15.77:3300/0,v1:172.21.15.77:6789/0] conn(0x7fce1807cf80 0x7fce1819d080 unknown :-1 s=CLOSED pgs=42 cs=0 l=1 rev1=1 crypto rx=0 tx=0 comp rx=0 tx=0).stop
2024-03-21T10:35:51.462 INFO:teuthology.orchestra.run.smithi077.stdout:/usr/bin/ceph: stderr
2024-03-21T10:35:50.867+0000 7fce1fa00700 1 -- 172.21.15.77:0/1626694179 >> 172.21.15.77:0/1626694179 conn(0x7fce18102590 msgr2=0x7fce181031e0 unknown :-1 s=STATE_NONE l=0).mark_down
2024-03-21T10:35:51.462 INFO:teuthology.orchestra.run.smithi077.stdout:/usr/bin/ceph: stderr
2024-03-21T10:35:50.867+0000 7fce1fa00700 1 -- 172.21.15.77:0/1626694179 shutdown_connections
2024-03-21T10:35:51.462 INFO:teuthology.orchestra.run.smithi077.stdout:/usr/bin/ceph: stderr
2024-03-21T10:35:50.867+0000 7fce1fa00700 1 -- 172.21.15.77:0/1626694179 wait complete.
2024-03-21T10:35:53.130 INFO:teuthology.orchestra.run.smithi077.stdout:/usr/bin/ceph: stdout ssh-rsa AAAAB3NzaC1yc2EAAAADAQABAAABgQCfMsrVZvyN9iuHYYFpS0JDxFWo6arWpxFA6d6epRdPv5K9sjzH9JZPbrWmfds2fix+toIz7v3iEPNLqgVTm4y6++9vmB0svvosW5FaplOEyAWf1vIHkSpaxrEg3D07iY5rLrW0yLRVgYalelKVYfQnGlCu7Fmv+1MBlV9Vwt2v52X69wz4Eg3zc2lREcJTSRZZFm11MZWhf2mAMbTkbtacaSmsoXzP9TOziVzI5cb6re0Rig1qBH0+NP0M3T+weZGjskhLlLTCZWxIlZy1yiKDxffDDoBQAkrOxhBo+gOG4d3FNrr4Xv2owsR/uFpdXEoDVH++INZfAnDDC39uCUqRT3tfYV7YGcjWyz5W0j7/oVebaj/YrTWyPFzIDP0fLRsyZ/iu+0CIokVXhrWJpT+djCcTv64mOPcJT+QIKh1qUBWJMuDKiUCGIMCDLo1tSKQrHndw/cZAAcq5KVfJugFO4YfgB3FcmrO5c3MgGTZO/a7Wj+pFywXsYWGJ0izWyOU= ceph-8fb4b498-e76e-11ee-95cd-87774f69a715
2024-03-21T10:35:53.130 INFO:teuthology.orchestra.run.smithi077.stdout:/usr/bin/ceph: stderr
2024-03-21T10:35:52.355+0000 7f5bc9400700 1 Processor -- start
2024-03-21T10:35:53.130 INFO:teuthology.orchestra.run.smithi077.stdout:/usr/bin/ceph: stderr
2024-03-21T10:35:52.355+0000 7f5bc9400700 1 -- start start
2024-03-21T10:35:53.130 INFO:teuthology.orchestra.run.smithi077.stdout:/usr/bin/ceph: stderr
2024-03-21T10:35:52.355+0000 7f5bc9400700 1 --2- >> [v2:172.21.15.77:3300/0,v1:172.21.15.77:6789/0] conn(0x7f5bc407cf80 0x7f5bc407b3e0 unknown :-1 s=NONE pgs=0 cs=0 l=0 rev1=0 crypto rx=0 tx=0 comp rx=0 tx=0).connect
2024-03-21T10:35:53.130 INFO:teuthology.orchestra.run.smithi077.stdout:/usr/bin/ceph: stderr
2024-03-21T10:35:52.355+0000 7f5bc9400700 1 -- --> [v2:172.21.15.77:3300/0,v1:172.21.15.77:6789/0] -- mon_getmap magic: 0 v1 -- 0x7f5bc407b9b0 con 0x7f5bc407cf80
2024-03-21T10:35:53.131 INFO:teuthology.orchestra.run.smithi077.stdout:/usr/bin/ceph: stderr
2024-03-21T10:35:52.355+0000 7f5bc3e00700 1 --2- >> [v2:172.21.15.77:3300/0,v1:172.21.15.77:6789/0] conn(0x7f5bc407cf80 0x7f5bc407b3e0 unknown :-1 s=BANNER_CONNECTING pgs=0 cs=0 l=0 rev1=0 crypto rx=0 tx=0 comp rx=0 tx=0)._handle_peer_banner_payload supported=3 required=0
2024-03-21T10:35:53.131 INFO:teuthology.orchestra.run.smithi077.stdout:/usr/bin/ceph: stderr
