2024-03-21T10:35:31.784+0000 7fcd27e00700 1 -- 172.21.15.77:0/4056342767 >> 172.21.15.77:0/4056342767 conn(0x7fcd28102380 msgr2=0x7fcd281047a0 unknown :-1 s=STATE_NONE l=0).mark_down
2024-03-21T10:35:32.667 INFO:teuthology.orchestra.run.smithi077.stdout:/usr/bin/ceph: stderr
2024-03-21T10:35:31.784+0000 7fcd27e00700 1 -- 172.21.15.77:0/4056342767 shutdown_connections
2024-03-21T10:35:32.667 INFO:teuthology.orchestra.run.smithi077.stdout:/usr/bin/ceph: stderr
2024-03-21T10:35:31.784+0000 7fcd27e00700 1 -- 172.21.15.77:0/4056342767 wait complete.
2024-03-21T10:35:32.667 INFO:teuthology.orchestra.run.smithi077.stdout:/usr/bin/ceph: stderr
2024-03-21T10:35:31.784+0000 7fcd27e00700 1 Processor -- start
2024-03-21T10:35:32.667 INFO:teuthology.orchestra.run.smithi077.stdout:/usr/bin/ceph: stderr
2024-03-21T10:35:31.784+0000 7fcd27e00700 1 -- start start
2024-03-21T10:35:32.667 INFO:teuthology.orchestra.run.smithi077.stdout:/usr/bin/ceph: stderr
2024-03-21T10:35:31.784+0000 7fcd27e00700 1 --2- >> [v2:172.21.15.77:3300/0,v1:172.21.15.77:6789/0] conn(0x7fcd2807cf80 0x7fcd2819cea0 unknown :-1 s=NONE pgs=0 cs=0 l=1 rev1=0 crypto rx=0 tx=0 comp rx=0 tx=0).connect
2024-03-21T10:35:32.667 INFO:teuthology.orchestra.run.smithi077.stdout:/usr/bin/ceph: stderr
2024-03-21T10:35:31.784+0000 7fcd27e00700 1 -- --> [v2:172.21.15.77:3300/0,v1:172.21.15.77:6789/0] -- mon_getmap magic: 0 v1 -- 0x7fcd2810d310 con 0x7fcd2807cf80
2024-03-21T10:35:32.667 INFO:teuthology.orchestra.run.smithi077.stdout:/usr/bin/ceph: stderr
2024-03-21T10:35:31.784+0000 7fcd26a00700 1 --2- >> [v2:172.21.15.77:3300/0,v1:172.21.15.77:6789/0] conn(0x7fcd2807cf80 0x7fcd2819cea0 unknown :-1 s=BANNER_CONNECTING pgs=0 cs=0 l=1 rev1=0 crypto rx=0 tx=0 comp rx=0 tx=0)._handle_peer_banner_payload supported=3 required=0
2024-03-21T10:35:32.667 INFO:teuthology.orchestra.run.smithi077.stdout:/usr/bin/ceph: stderr
2024-03-21T10:35:31.784+0000 7fcd26a00700 1 --2- >> [v2:172.21.15.77:3300/0,v1:172.21.15.77:6789/0] conn(0x7fcd2807cf80 0x7fcd2819cea0 unknown :-1 s=HELLO_CONNECTING pgs=0 cs=0 l=1 rev1=1 crypto rx=0 tx=0 comp rx=0 tx=0).handle_hello peer v2:172.21.15.77:3300/0 says I am v2:172.21.15.77:45130/0 (socket says 172.21.15.77:45130)
2024-03-21T10:35:32.667 INFO:teuthology.orchestra.run.smithi077.stdout:/usr/bin/ceph: stderr
2024-03-21T10:35:31.784+0000 7fcd26a00700 1 -- 172.21.15.77:0/519806484 learned_addr learned my addr 172.21.15.77:0/519806484 (peer_addr_for_me v2:172.21.15.77:0/0)
2024-03-21T10:35:32.667 INFO:teuthology.orchestra.run.smithi077.stdout:/usr/bin/ceph: stderr
2024-03-21T10:35:31.784+0000 7fcd26a00700 1 -- 172.21.15.77:0/519806484 --> [v2:172.21.15.77:3300/0,v1:172.21.15.77:6789/0] -- mon_subscribe({config=0+,monmap=0+}) v3 -- 0x7fcd2819d3e0 con 0x7fcd2807cf80
2024-03-21T10:35:32.667 INFO:teuthology.orchestra.run.smithi077.stdout:/usr/bin/ceph: stderr
2024-03-21T10:35:31.784+0000 7fcd26a00700 1 --2- 172.21.15.77:0/519806484 >> [v2:172.21.15.77:3300/0,v1:172.21.15.77:6789/0] conn(0x7fcd2807cf80 0x7fcd2819cea0 secure :-1 s=READY pgs=19 cs=0 l=1 rev1=1 crypto rx=0x7fcd18000c00 tx=0x7fcd18011b00 comp rx=0 tx=0).ready entity=mon.0 client_cookie=0 server_cookie=0 in_seq=0 out_seq=0
2024-03-21T10:35:32.667 INFO:teuthology.orchestra.run.smithi077.stdout:/usr/bin/ceph: stderr
2024-03-21T10:35:31.784+0000 7fcd2ca00700 1 -- 172.21.15.77:0/519806484 <== mon.0 v2:172.21.15.77:3300/0 1 ==== mon_map magic: 0 v1 ==== 205+0+0 (secure 0 0 0) 0x7fcd180039f0 con 0x7fcd2807cf80
2024-03-21T10:35:32.667 INFO:teuthology.orchestra.run.smithi077.stdout:/usr/bin/ceph: stderr
2024-03-21T10:35:31.784+0000 7fcd2ca00700 1 -- 172.21.15.77:0/519806484 <== mon.0 v2:172.21.15.77:3300/0 2 ==== config(26 keys) v1 ==== 1071+0+0 (secure 0 0 0) 0x7fcd18003b90 con 0x7fcd2807cf80
2024-03-21T10:35:32.668 INFO:teuthology.orchestra.run.smithi077.stdout:/usr/bin/ceph: stderr
2024-03-21T10:35:31.784+0000 7fcd2ca00700 1 -- 172.21.15.77:0/519806484 <== mon.0 v2:172.21.15.77:3300/0 3 ==== mon_map magic: 0 v1 ==== 205+0+0 (secure 0 0 0) 0x7fcd1801a740 con 0x7fcd2807cf80
2024-03-21T10:35:32.668 INFO:teuthology.orchestra.run.smithi077.stdout:/usr/bin/ceph: stderr
2024-03-21T10:35:31.784+0000 7fcd27e00700 1 -- 172.21.15.77:0/519806484 --> [v2:172.21.15.77:3300/0,v1:172.21.15.77:6789/0] -- mon_subscribe({mgrmap=0+}) v3 -- 0x7fcd2819d670 con 0x7fcd2807cf80
2024-03-21T10:35:32.668 INFO:teuthology.orchestra.run.smithi077.stdout:/usr/bin/ceph: stderr
2024-03-21T10:35:31.784+0000 7fcd27e00700 1 -- 172.21.15.77:0/519806484 --> [v2:172.21.15.77:3300/0,v1:172.21.15.77:6789/0] -- mon_subscribe({osdmap=0}) v3 -- 0x7fcd281a0360 con 0x7fcd2807cf80
2024-03-21T10:35:32.668 INFO:teuthology.orchestra.run.smithi077.stdout:/usr/bin/ceph: stderr
2024-03-21T10:35:31.788+0000 7fcd2ca00700 1 -- 172.21.15.77:0/519806484 <== mon.0 v2:172.21.15.77:3300/0 4 ==== mgrmap(e 4) v1 ==== 46283+0+0 (secure 0 0 0) 0x7fcd18024af0 con 0x7fcd2807cf80
2024-03-21T10:35:32.668 INFO:teuthology.orchestra.run.smithi077.stdout:/usr/bin/ceph: stderr
2024-03-21T10:35:31.788+0000 7fcd27e00700 1 -- 172.21.15.77:0/519806484 --> [v2:172.21.15.77:3300/0,v1:172.21.15.77:6789/0] -- mon_command({"prefix": "get_command_descriptions"} v 0) v1 -- 0x7fcd280637c0 con 0x7fcd2807cf80
2024-03-21T10:35:32.668 INFO:teuthology.orchestra.run.smithi077.stdout:/usr/bin/ceph: stderr
2024-03-21T10:35:31.788+0000 7fcd2ca00700 1 --2- 172.21.15.77:0/519806484 >> [v2:172.21.15.77:6800/380893086,v1:172.21.15.77:6801/380893086] conn(0x7fcd0c039180 0x7fcd0c03b640 unknown :-1 s=NONE pgs=0 cs=0 l=1 rev1=0 crypto rx=0 tx=0 comp rx=0 tx=0).connect
2024-03-21T10:35:32.668 INFO:teuthology.orchestra.run.smithi077.stdout:/usr/bin/ceph: stderr
2024-03-21T10:35:31.788+0000 7fcd2ca00700 1 -- 172.21.15.77:0/519806484 <== mon.0 v2:172.21.15.77:3300/0 5 ==== osd_map(1..1 src has 1..1) v4 ==== 725+0+0 (secure 0 0 0) 0x7fcd1804d480 con 0x7fcd2807cf80
2024-03-21T10:35:32.668 INFO:teuthology.orchestra.run.smithi077.stdout:/usr/bin/ceph: stderr
2024-03-21T10:35:31.788+0000 7fcd26000700 1 --2- 172.21.15.77:0/519806484 >> [v2:172.21.15.77:6800/380893086,v1:172.21.15.77:6801/380893086] conn(0x7fcd0c039180 0x7fcd0c03b640 unknown :-1 s=BANNER_CONNECTING pgs=0 cs=0 l=1 rev1=0 crypto rx=0 tx=0 comp rx=0 tx=0)._handle_peer_banner_payload supported=3 required=0
2024-03-21T10:35:32.668 INFO:teuthology.orchestra.run.smithi077.stdout:/usr/bin/ceph: stderr
2024-03-21T10:35:31.788+0000 7fcd26000700 1 --2- 172.21.15.77:0/519806484 >> [v2:172.21.15.77:6800/380893086,v1:172.21.15.77:6801/380893086] conn(0x7fcd0c039180 0x7fcd0c03b640 secure :-1 s=READY pgs=6 cs=0 l=1 rev1=1 crypto rx=0x7fcd14006fd0 tx=0x7fcd14006e40 comp rx=0 tx=0).ready entity=mgr.14100 client_cookie=0 server_cookie=0 in_seq=0 out_seq=0
2024-03-21T10:35:32.668 INFO:teuthology.orchestra.run.smithi077.stdout:/usr/bin/ceph: stderr
2024-03-21T10:35:31.792+0000 7fcd2ca00700 1 -- 172.21.15.77:0/519806484 <== mon.0 v2:172.21.15.77:3300/0 6 ==== mon_command_ack([{"prefix": "get_command_descriptions"}]=0 v0) v1 ==== 72+0+186149 (secure 0 0 0) 0x7fcd1800e260 con 0x7fcd2807cf80
2024-03-21T10:35:32.668 INFO:teuthology.orchestra.run.smithi077.stdout:/usr/bin/ceph: stderr
2024-03-21T10:35:32.072+0000 7fcd27e00700 1 -- 172.21.15.77:0/519806484 --> [v2:172.21.15.77:3300/0,v1:172.21.15.77:6789/0] -- mon_command({"prefix": "status", "format": "json-pretty"} v 0) v1 -- 0x7fcd281a0530 con 0x7fcd2807cf80
2024-03-21T10:35:32.668 INFO:teuthology.orchestra.run.smithi077.stdout:/usr/bin/ceph: stderr
2024-03-21T10:35:32.072+0000 7fcd2ca00700 1 -- 172.21.15.77:0/519806484 <== mon.0 v2:172.21.15.77:3300/0 7 ==== mon_command_ack([{"prefix": "status", "format": "json-pretty"}]=0 v0) v1 ==== 79+0+1239 (secure 0 0 0) 0x7fcd281a0530 con 0x7fcd2807cf80
2024-03-21T10:35:32.668 INFO:teuthology.orchestra.run.smithi077.stdout:/usr/bin/ceph: stderr
2024-03-21T10:35:32.076+0000 7fcd27e00700 1 -- 172.21.15.77:0/519806484 >> [v2:172.21.15.77:6800/380893086,v1:172.21.15.77:6801/380893086] conn(0x7fcd0c039180 msgr2=0x7fcd0c03b640 secure :-1 s=STATE_CONNECTION_ESTABLISHED l=1).mark_down
2024-03-21T10:35:32.668 INFO:teuthology.orchestra.run.smithi077.stdout:/usr/bin/ceph: stderr
2024-03-21T10:35:32.076+0000 7fcd27e00700 1 --2- 172.21.15.77:0/519806484 >> [v2:172.21.15.77:6800/380893086,v1:172.21.15.77:6801/380893086] conn(0x7fcd0c039180 0x7fcd0c03b640 secure :-1 s=READY pgs=6 cs=0 l=1 rev1=1 crypto rx=0x7fcd14006fd0 tx=0x7fcd14006e40 comp rx=0 tx=0).stop
2024-03-21T10:35:32.669 INFO:teuthology.orchestra.run.smithi077.stdout:/usr/bin/ceph: stderr
2024-03-21T10:35:32.076+0000 7fcd27e00700 1 -- 172.21.15.77:0/519806484 >> [v2:172.21.15.77:3300/0,v1:172.21.15.77:6789/0] conn(0x7fcd2807cf80 msgr2=0x7fcd2819cea0 secure :-1 s=STATE_CONNECTION_ESTABLISHED l=1).mark_down
2024-03-21T10:35:32.669 INFO:teuthology.orchestra.run.smithi077.stdout:/usr/bin/ceph: stderr
2024-03-21T10:35:32.076+0000 7fcd27e00700 1 --2- 172.21.15.77:0/519806484 >> [v2:172.21.15.77:3300/0,v1:172.21.15.77:6789/0] conn(0x7fcd2807cf80 0x7fcd2819cea0 secure :-1 s=READY pgs=19 cs=0 l=1 rev1=1 crypto rx=0x7fcd18000c00 tx=0x7fcd18011b00 comp rx=0 tx=0).stop
2024-03-21T10:35:32.669 INFO:teuthology.orchestra.run.smithi077.stdout:/usr/bin/ceph: stderr
2024-03-21T10:35:32.076+0000 7fcd27e00700 1 -- 172.21.15.77:0/519806484 shutdown_connections
2024-03-21T10:35:32.669 INFO:teuthology.orchestra.run.smithi077.stdout:/usr/bin/ceph: stderr
2024-03-21T10:35:32.076+0000 7fcd27e00700 1 --2- 172.21.15.77:0/519806484 >> [v2:172.21.15.77:6800/380893086,v1:172.21.15.77:6801/380893086] conn(0x7fcd0c039180 0x7fcd0c03b640 unknown :-1 s=CLOSED pgs=6 cs=0 l=1 rev1=1 crypto rx=0 tx=0 comp rx=0 tx=0).stop
2024-03-21T10:35:32.669 INFO:teuthology.orchestra.run.smithi077.stdout:/usr/bin/ceph: stderr
2024-03-21T10:35:32.076+0000 7fcd27e00700 1 --2- 172.21.15.77:0/519806484 >> [v2:172.21.15.77:3300/0,v1:172.21.15.77:6789/0] conn(0x7fcd2807cf80 0x7fcd2819cea0 unknown :-1 s=CLOSED pgs=19 cs=0 l=1 rev1=1 crypto rx=0 tx=0 comp rx=0 tx=0).stop
2024-03-21T10:35:32.669 INFO:teuthology.orchestra.run.smithi077.stdout:/usr/bin/ceph: stderr
2024-03-21T10:35:32.076+0000 7fcd27e00700 1 -- 172.21.15.77:0/519806484 >> 172.21.15.77:0/519806484 conn(0x7fcd28102380 msgr2=0x7fcd28102ec0 unknown :-1 s=STATE_NONE l=0).mark_down
2024-03-21T10:35:32.669 INFO:teuthology.orchestra.run.smithi077.stdout:/usr/bin/ceph: stderr
2024-03-21T10:35:32.076+0000 7fcd27e00700 1 -- 172.21.15.77:0/519806484 shutdown_connections
2024-03-21T10:35:32.669 INFO:teuthology.orchestra.run.smithi077.stdout:/usr/bin/ceph: stderr
2024-03-21T10:35:32.076+0000 7fcd27e00700 1 -- 172.21.15.77:0/519806484 wait complete.
2024-03-21T10:35:32.669 INFO:teuthology.orchestra.run.smithi077.stdout:mgr is available
2024-03-21T10:35:34.281 INFO:journalctl@ceph.mon.a.smithi077.stdout:Mar 21 10:35:33 smithi077 bash[21532]: audit
2024-03-21T10:35:33.853221+0000 mon.a (mon.0) 26 : audit [INF] from='client.? 172.21.15.77:0/3610588130' entity='client.admin' cmd=[{"prefix": "config assimilate-conf"}]: dispatch
2024-03-21T10:35:34.463 INFO:teuthology.orchestra.run.smithi077.stdout:/usr/bin/ceph: stdout
2024-03-21T10:35:34.463 INFO:teuthology.orchestra.run.smithi077.stdout:/usr/bin/ceph: stdout [global]
2024-03-21T10:35:34.463 INFO:teuthology.orchestra.run.smithi077.stdout:/usr/bin/ceph: stdout fsid = 8fb4b498-e76e-11ee-95cd-87774f69a715
2024-03-21T10:35:34.463 INFO:teuthology.orchestra.run.smithi077.stdout:/usr/bin/ceph: stdout mon_osd_allow_pg_remap = true
2024-03-21T10:35:34.463 INFO:teuthology.orchestra.run.smithi077.stdout:/usr/bin/ceph: stdout mon_osd_allow_primary_affinity = true
2024-03-21T10:35:34.464 INFO:teuthology.orchestra.run.smithi077.stdout:/usr/bin/ceph: stdout mon_warn_on_no_sortbitwise = false
2024-03-21T10:35:34.464 INFO:teuthology.orchestra.run.smithi077.stdout:/usr/bin/ceph: stdout osd_crush_chooseleaf_type = 0
2024-03-21T10:35:34.464 INFO:teuthology.orchestra.run.smithi077.stdout:/usr/bin/ceph: stdout
2024-03-21T10:35:34.464 INFO:teuthology.orchestra.run.smithi077.stdout:/usr/bin/ceph: stdout [mgr]
2024-03-21T10:35:34.464 INFO:teuthology.orchestra.run.smithi077.stdout:/usr/bin/ceph: stdout mgr/telemetry/nag = false
2024-03-21T10:35:34.464 INFO:teuthology.orchestra.run.smithi077.stdout:/usr/bin/ceph: stdout
2024-03-21T10:35:34.464 INFO:teuthology.orchestra.run.smithi077.stdout:/usr/bin/ceph: stdout [osd]
2024-03-21T10:35:34.464 INFO:teuthology.orchestra.run.smithi077.stdout:/usr/bin/ceph: stdout osd_map_max_advance = 10
2024-03-21T10:35:34.464 INFO:teuthology.orchestra.run.smithi077.stdout:/usr/bin/ceph: stdout osd_sloppy_crc = true
2024-03-21T10:35:34.464 INFO:teuthology.orchestra.run.smithi077.stdout:/usr/bin/ceph: stderr
2024-03-21T10:35:33.636+0000 7fb896600700 1 Processor -- start
2024-03-21T10:35:34.464 INFO:teuthology.orchestra.run.smithi077.stdout:/usr/bin/ceph: stderr
2024-03-21T10:35:33.636+0000 7fb896600700 1 -- start start
2024-03-21T10:35:34.464 INFO:teuthology.orchestra.run.smithi077.stdout:/usr/bin/ceph: stderr
2024-03-21T10:35:33.636+0000 7fb896600700 1 --2- >> [v2:172.21.15.77:3300/0,v1:172.21.15.77:6789/0] conn(0x7fb890108fc0 0x7fb8901093e0 unknown :-1 s=NONE pgs=0 cs=0 l=0 rev1=0 crypto rx=0 tx=0 comp rx=0 tx=0).connect
2024-03-21T10:35:34.464 INFO:teuthology.orchestra.run.smithi077.stdout:/usr/bin/ceph: stderr
2024-03-21T10:35:33.636+0000 7fb896600700 1 -- --> [v2:172.21.15.77:3300/0,v1:172.21.15.77:6789/0] -- mon_getmap magic: 0 v1 -- 0x7fb8901099b0 con 0x7fb890108fc0
2024-03-21T10:35:34.464 INFO:teuthology.orchestra.run.smithi077.stdout:/usr/bin/ceph: stderr
2024-03-21T10:35:33.636+0000 7fb895200700 1 --2- >> [v2:172.21.15.77:3300/0,v1:172.21.15.77:6789/0] conn(0x7fb890108fc0 0x7fb8901093e0 unknown :-1 s=BANNER_CONNECTING pgs=0 cs=0 l=0 rev1=0 crypto rx=0 tx=0 comp rx=0 tx=0)._handle_peer_banner_payload supported=3 required=0
2024-03-21T10:35:34.465 INFO:teuthology.orchestra.run.smithi077.stdout:/usr/bin/ceph: stderr
2024-03-21T10:35:33.636+0000 7fb895200700 1 --2- >> [v2:172.21.15.77:3300/0,v1:172.21.15.77:6789/0] conn(0x7fb890108fc0 0x7fb8901093e0 unknown :-1 s=HELLO_CONNECTING pgs=0 cs=0 l=0 rev1=1 crypto rx=0 tx=0 comp rx=0 tx=0).handle_hello peer v2:172.21.15.77:3300/0 says I am v2:172.21.15.77:45132/0 (socket says 172.21.15.77:45132)
2024-03-21T10:35:34.465 INFO:teuthology.orchestra.run.smithi077.stdout:/usr/bin/ceph: stderr
2024-03-21T10:35:33.636+0000 7fb895200700 1 -- 172.21.15.77:0/1040371613 learned_addr learned my addr 172.21.15.77:0/1040371613 (peer_addr_for_me v2:172.21.15.77:0/0)
2024-03-21T10:35:34.465 INFO:teuthology.orchestra.run.smithi077.stdout:/usr/bin/ceph: stderr
2024-03-21T10:35:33.636+0000 7fb895200700 1 -- 172.21.15.77:0/1040371613 --> [v2:172.21.15.77:3300/0,v1:172.21.15.77:6789/0] -- mon_subscribe({config=0+,monmap=0+}) v3 -- 0x7fb89010a1c0 con 0x7fb890108fc0
2024-03-21T10:35:34.465 INFO:teuthology.orchestra.run.smithi077.stdout:/usr/bin/ceph: stderr
2024-03-21T10:35:33.636+0000 7fb895200700 1 --2- 172.21.15.77:0/1040371613 >> [v2:172.21.15.77:3300/0,v1:172.21.15.77:6789/0] conn(0x7fb890108fc0 0x7fb8901093e0 secure :-1 s=READY pgs=20 cs=0 l=1 rev1=1 crypto rx=0x7fb8840098a0 tx=0x7fb884009bb0 comp rx=0 tx=0).ready entity=mon.0 client_cookie=77515c521fc46856 server_cookie=0 in_seq=0 out_seq=0
2024-03-21T10:35:34.465 INFO:teuthology.orchestra.run.smithi077.stdout:/usr/bin/ceph: stderr
2024-03-21T10:35:33.636+0000 7fb88f400700 1 -- 172.21.15.77:0/1040371613 <== mon.0 v2:172.21.15.77:3300/0 1 ==== mon_map magic: 0 v1 ==== 205+0+0 (secure 0 0 0) 0x7fb884004160 con 0x7fb890108fc0
2024-03-21T10:35:34.465 INFO:teuthology.orchestra.run.smithi077.stdout:/usr/bin/ceph: stderr
2024-03-21T10:35:33.636+0000 7fb88f400700 1 -- 172.21.15.77:0/1040371613 <== mon.0 v2:172.21.15.77:3300/0 2 ==== config(26 keys) v1 ==== 1071+0+0 (secure 0 0 0) 0x7fb884004300 con 0x7fb890108fc0
2024-03-21T10:35:34.465 INFO:teuthology.orchestra.run.smithi077.stdout:/usr/bin/ceph: stderr
2024-03-21T10:35:33.636+0000 7fb88f400700 1 -- 172.21.15.77:0/1040371613 <== mon.0 v2:172.21.15.77:3300/0 3 ==== mon_map magic: 0 v1 ==== 205+0+0 (secure 0 0 0) 0x7fb884011a80 con 0x7fb890108fc0
2024-03-21T10:35:34.465 INFO:teuthology.orchestra.run.smithi077.stdout:/usr/bin/ceph: stderr
2024-03-21T10:35:33.640+0000 7fb896600700 1 -- 172.21.15.77:0/1040371613 >> [v2:172.21.15.77:3300/0,v1:172.21.15.77:6789/0] conn(0x7fb890108fc0 msgr2=0x7fb8901093e0 secure :-1 s=STATE_CONNECTION_ESTABLISHED l=1).mark_down
2024-03-21T10:35:34.465 INFO:teuthology.orchestra.run.smithi077.stdout:/usr/bin/ceph: stderr
2024-03-21T10:35:33.640+0000 7fb896600700 1 --2- 172.21.15.77:0/1040371613 >> [v2:172.21.15.77:3300/0,v1:172.21.15.77:6789/0] conn(0x7fb890108fc0 0x7fb8901093e0 secure :-1 s=READY pgs=20 cs=0 l=1 rev1=1 crypto rx=0x7fb8840098a0 tx=0x7fb884009bb0 comp rx=0 tx=0).stop
2024-03-21T10:35:34.465 INFO:teuthology.orchestra.run.smithi077.stdout:/usr/bin/ceph: stderr
2024-03-21T10:35:33.640+0000 7fb896600700 1 -- 172.21.15.77:0/1040371613 shutdown_connections
2024-03-21T10:35:34.465 INFO:teuthology.orchestra.run.smithi077.stdout:/usr/bin/ceph: stderr
2024-03-21T10:35:33.640+0000 7fb896600700 1 --2- 172.21.15.77:0/1040371613 >> [v2:172.21.15.77:3300/0,v1:172.21.15.77:6789/0] conn(0x7fb890108fc0 0x7fb8901093e0 unknown :-1 s=CLOSED pgs=20 cs=0 l=1 rev1=1 crypto rx=0 tx=0 comp rx=0 tx=0).stop
2024-03-21T10:35:34.465 INFO:teuthology.orchestra.run.smithi077.stdout:/usr/bin/ceph: stderr
2024-03-21T10:35:33.640+0000 7fb896600700 1 -- 172.21.15.77:0/1040371613 >> 172.21.15.77:0/1040371613 conn(0x7fb89007c4e0 msgr2=0x7fb89007c8f0 unknown :-1 s=STATE_NONE l=0).mark_down
2024-03-21T10:35:34.465 INFO:teuthology.orchestra.run.smithi077.stdout:/usr/bin/ceph: stderr
2024-03-21T10:35:33.640+0000 7fb896600700 1 -- 172.21.15.77:0/1040371613 shutdown_connections
2024-03-21T10:35:34.465 INFO:teuthology.orchestra.run.smithi077.stdout:/usr/bin/ceph: stderr
2024-03-21T10:35:33.640+0000 7fb896600700 1 -- 172.21.15.77:0/1040371613 wait complete.
2024-03-21T10:35:34.466 INFO:teuthology.orchestra.run.smithi077.stdout:/usr/bin/ceph: stderr
2024-03-21T10:35:33.640+0000 7fb896600700 1 Processor -- start
2024-03-21T10:35:34.466 INFO:teuthology.orchestra.run.smithi077.stdout:/usr/bin/ceph: stderr
2024-03-21T10:35:33.640+0000 7fb896600700 1 -- start start
2024-03-21T10:35:34.466 INFO:teuthology.orchestra.run.smithi077.stdout:/usr/bin/ceph: stderr
2024-03-21T10:35:33.640+0000 7fb896600700 1 --2- >> [v2:172.21.15.77:3300/0,v1:172.21.15.77:6789/0] conn(0x7fb890108fc0 0x7fb89019cea0 unknown :-1 s=NONE pgs=0 cs=0 l=1 rev1=0 crypto rx=0 tx=0 comp rx=0 tx=0).connect
2024-03-21T10:35:34.466 INFO:teuthology.orchestra.run.smithi077.stdout:/usr/bin/ceph: stderr
2024-03-21T10:35:33.640+0000 7fb896600700 1 -- --> [v2:172.21.15.77:3300/0,v1:172.21.15.77:6789/0] -- mon_getmap magic: 0 v1 -- 0x7fb89010d3f0 con 0x7fb890108fc0
2024-03-21T10:35:34.466 INFO:teuthology.orchestra.run.smithi077.stdout:/usr/bin/ceph: stderr
2024-03-21T10:35:33.640+0000 7fb895200700 1 --2- >> [v2:172.21.15.77:3300/0,v1:172.21.15.77:6789/0] conn(0x7fb890108fc0 0x7fb89019cea0 unknown :-1 s=BANNER_CONNECTING pgs=0 cs=0 l=1 rev1=0 crypto rx=0 tx=0 comp rx=0 tx=0)._handle_peer_banner_payload supported=3 required=0
2024-03-21T10:35:34.466 INFO:teuthology.orchestra.run.smithi077.stdout:/usr/bin/ceph: stderr
2024-03-21T10:35:33.640+0000 7fb895200700 1 --2- >> [v2:172.21.15.77:3300/0,v1:172.21.15.77:6789/0] conn(0x7fb890108fc0 0x7fb89019cea0 unknown :-1 s=HELLO_CONNECTING pgs=0 cs=0 l=1 rev1=1 crypto rx=0 tx=0 comp rx=0 tx=0).handle_hello peer v2:172.21.15.77:3300/0 says I am v2:172.21.15.77:45138/0 (socket says 172.21.15.77:45138)
2024-03-21T10:35:34.466 INFO:teuthology.orchestra.run.smithi077.stdout:/usr/bin/ceph: stderr
2024-03-21T10:35:33.640+0000 7fb895200700 1 -- 172.21.15.77:0/3610588130 learned_addr learned my addr 172.21.15.77:0/3610588130 (peer_addr_for_me v2:172.21.15.77:0/0)
2024-03-21T10:35:34.466 INFO:teuthology.orchestra.run.smithi077.stdout:/usr/bin/ceph: stderr
2024-03-21T10:35:33.640+0000 7fb895200700 1 -- 172.21.15.77:0/3610588130 --> [v2:172.21.15.77:3300/0,v1:172.21.15.77:6789/0] -- mon_subscribe({config=0+,monmap=0+}) v3 -- 0x7fb89019d3e0 con 0x7fb890108fc0
2024-03-21T10:35:34.466 INFO:teuthology.orchestra.run.smithi077.stdout:/usr/bin/ceph: stderr
2024-03-21T10:35:33.640+0000 7fb895200700 1 --2- 172.21.15.77:0/3610588130 >> [v2:172.21.15.77:3300/0,v1:172.21.15.77:6789/0] conn(0x7fb890108fc0 0x7fb89019cea0 secure :-1 s=READY pgs=21 cs=0 l=1 rev1=1 crypto rx=0x7fb884000c00 tx=0x7fb884011b00 comp rx=0 tx=0).ready entity=mon.0 client_cookie=0 server_cookie=0 in_seq=0 out_seq=0
2024-03-21T10:35:34.466 INFO:teuthology.orchestra.run.smithi077.stdout:/usr/bin/ceph: stderr
2024-03-21T10:35:33.640+0000 7fb88d600700 1 -- 172.21.15.77:0/3610588130 <== mon.0 v2:172.21.15.77:3300/0 1 ==== mon_map magic: 0 v1 ==== 205+0+0 (secure 0 0 0) 0x7fb8840039f0 con 0x7fb890108fc0
2024-03-21T10:35:34.466 INFO:teuthology.orchestra.run.smithi077.stdout:/usr/bin/ceph: stderr
2024-03-21T10:35:33.640+0000 7fb88d600700 1 -- 172.21.15.77:0/3610588130 <== mon.0 v2:172.21.15.77:3300/0 2 ==== config(26 keys) v1 ==== 1071+0+0 (secure 0 0 0) 0x7fb884003b90 con 0x7fb890108fc0
2024-03-21T10:35:34.466 INFO:teuthology.orchestra.run.smithi077.stdout:/usr/bin/ceph: stderr
2024-03-21T10:35:33.640+0000 7fb88d600700 1 -- 172.21.15.77:0/3610588130 <== mon.0 v2:172.21.15.77:3300/0 3 ==== mon_map magic: 0 v1 ==== 205+0+0 (secure 0 0 0) 0x7fb88401a740 con 0x7fb890108fc0
2024-03-21T10:35:34.466 INFO:teuthology.orchestra.run.smithi077.stdout:/usr/bin/ceph: stderr
2024-03-21T10:35:33.640+0000 7fb896600700 1 -- 172.21.15.77:0/3610588130 --> [v2:172.21.15.77:3300/0,v1:172.21.15.77:6789/0] -- mon_subscribe({mgrmap=0+}) v3 -- 0x7fb89019d670 con 0x7fb890108fc0
2024-03-21T10:35:34.466 INFO:teuthology.orchestra.run.smithi077.stdout:/usr/bin/ceph: stderr
2024-03-21T10:35:33.640+0000 7fb896600700 1 -- 172.21.15.77:0/3610588130 --> [v2:172.21.15.77:3300/0,v1:172.21.15.77:6789/0] -- mon_subscribe({osdmap=0}) v3 -- 0x7fb8901a0360 con 0x7fb890108fc0
2024-03-21T10:35:34.467 INFO:teuthology.orchestra.run.smithi077.stdout:/usr/bin/ceph: stderr
2024-03-21T10:35:33.644+0000 7fb88d600700 1 -- 172.21.15.77:0/3610588130 <== mon.0 v2:172.21.15.77:3300/0 4 ==== mgrmap(e 4) v1 ==== 46283+0+0 (secure 0 0 0) 0x7fb884024af0 con 0x7fb890108fc0
2024-03-21T10:35:34.467 INFO:teuthology.orchestra.run.smithi077.stdout:/usr/bin/ceph: stderr
2024-03-21T10:35:33.644+0000 7fb896600700 1 -- 172.21.15.77:0/3610588130 --> [v2:172.21.15.77:3300/0,v1:172.21.15.77:6789/0] -- mon_command({"prefix": "get_command_descriptions"} v 0) v1 -- 0x7fb89010d570 con 0x7fb890108fc0
2024-03-21T10:35:34.467 INFO:teuthology.orchestra.run.smithi077.stdout:/usr/bin/ceph: stderr
2024-03-21T10:35:33.644+0000 7fb88d600700 1 --2- 172.21.15.77:0/3610588130 >> [v2:172.21.15.77:6800/380893086,v1:172.21.15.77:6801/380893086] conn(0x7fb878039180 0x7fb87803b640 unknown :-1 s=NONE pgs=0 cs=0 l=1 rev1=0 crypto rx=0 tx=0 comp rx=0 tx=0).connect
2024-03-21T10:35:34.467 INFO:teuthology.orchestra.run.smithi077.stdout:/usr/bin/ceph: stderr
2024-03-21T10:35:33.644+0000 7fb88d600700 1 -- 172.21.15.77:0/3610588130 <== mon.0 v2:172.21.15.77:3300/0 5 ==== osd_map(1..1 src has 1..1) v4 ==== 725+0+0 (secure 0 0 0) 0x7fb88404d420 con 0x7fb890108fc0
2024-03-21T10:35:34.467 INFO:teuthology.orchestra.run.smithi077.stdout:/usr/bin/ceph: stderr
2024-03-21T10:35:33.644+0000 7fb88fe00700 1 --2- 172.21.15.77:0/3610588130 >> [v2:172.21.15.77:6800/380893086,v1:172.21.15.77:6801/380893086] conn(0x7fb878039180 0x7fb87803b640 unknown :-1 s=BANNER_CONNECTING pgs=0 cs=0 l=1 rev1=0 crypto rx=0 tx=0 comp rx=0 tx=0)._handle_peer_banner_payload supported=3 required=0
2024-03-21T10:35:34.467 INFO:teuthology.orchestra.run.smithi077.stdout:/usr/bin/ceph: stderr
2024-03-21T10:35:33.644+0000 7fb88fe00700 1 --2- 172.21.15.77:0/3610588130 >> [v2:172.21.15.77:6800/380893086,v1:172.21.15.77:6801/380893086] conn(0x7fb878039180 0x7fb87803b640 secure :-1 s=READY pgs=7 cs=0 l=1 rev1=1 crypto rx=0x7fb87c006fd0 tx=0x7fb87c006e40 comp rx=0 tx=0).ready entity=mgr.14100 client_cookie=0 server_cookie=0 in_seq=0 out_seq=0
2024-03-21T10:35:34.467 INFO:teuthology.orchestra.run.smithi077.stdout:/usr/bin/ceph: stderr
2024-03-21T10:35:33.648+0000 7fb88d600700 1 -- 172.21.15.77:0/3610588130 <== mon.0 v2:172.21.15.77:3300/0 6 ==== mon_command_ack([{"prefix": "get_command_descriptions"}]=0 v0) v1 ==== 72+0+186149 (secure 0 0 0) 0x7fb88400e260 con 0x7fb890108fc0
2024-03-21T10:35:34.467 INFO:teuthology.orchestra.run.smithi077.stdout:/usr/bin/ceph: stderr
2024-03-21T10:35:33.848+0000 7fb896600700 1 -- 172.21.15.77:0/3610588130 --> [v2:172.21.15.77:3300/0,v1:172.21.15.77:6789/0] -- mon_command({"prefix": "config assimilate-conf"} v 0) v1 -- 0x7fb8900637c0 con 0x7fb890108fc0
2024-03-21T10:35:34.467 INFO:teuthology.orchestra.run.smithi077.stdout:/usr/bin/ceph: stderr
2024-03-21T10:35:33.848+0000 7fb88d600700 1 -- 172.21.15.77:0/3610588130 <== mon.0 v2:172.21.15.77:3300/0 7 ==== mon_command_ack([{"prefix": "config assimilate-conf"}]=0 v3) v1 ==== 70+0+282 (secure 0 0 0) 0x7fb88404ce40 con 0x7fb890108fc0
2024-03-21T10:35:34.467 INFO:teuthology.orchestra.run.smithi077.stdout:/usr/bin/ceph: stderr
2024-03-21T10:35:33.852+0000 7fb896600700 1 -- 172.21.15.77:0/3610588130 >> [v2:172.21.15.77:6800/380893086,v1:172.21.15.77:6801/380893086] conn(0x7fb878039180 msgr2=0x7fb87803b640 secure :-1 s=STATE_CONNECTION_ESTABLISHED l=1).mark_down
2024-03-21T10:35:34.467 INFO:teuthology.orchestra.run.smithi077.stdout:/usr/bin/ceph: stderr
2024-03-21T10:35:33.852+0000 7fb896600700 1 --2- 172.21.15.77:0/3610588130 >> [v2:172.21.15.77:6800/380893086,v1:172.21.15.77:6801/380893086] conn(0x7fb878039180 0x7fb87803b640 secure :-1 s=READY pgs=7 cs=0 l=1 rev1=1 crypto rx=0x7fb87c006fd0 tx=0x7fb87c006e40 comp rx=0 tx=0).stop
2024-03-21T10:35:34.467 INFO:teuthology.orchestra.run.smithi077.stdout:/usr/bin/ceph: stderr
2024-03-21T10:35:33.852+0000 7fb896600700 1 -- 172.21.15.77:0/3610588130 >> [v2:172.21.15.77:3300/0,v1:172.21.15.77:6789/0] conn(0x7fb890108fc0 msgr2=0x7fb89019cea0 secure :-1 s=STATE_CONNECTION_ESTABLISHED l=1).mark_down
2024-03-21T10:35:34.467 INFO:teuthology.orchestra.run.smithi077.stdout:/usr/bin/ceph: stderr
2024-03-21T10:35:33.852+0000 7fb896600700 1 --2- 172.21.15.77:0/3610588130 >> [v2:172.21.15.77:3300/0,v1:172.21.15.77:6789/0] conn(0x7fb890108fc0 0x7fb89019cea0 secure :-1 s=READY pgs=21 cs=0 l=1 rev1=1 crypto rx=0x7fb884000c00 tx=0x7fb884011b00 comp rx=0 tx=0).stop
2024-03-21T10:35:34.467 INFO:teuthology.orchestra.run.smithi077.stdout:/usr/bin/ceph: stderr
2024-03-21T10:35:33.852+0000 7fb896600700 1 -- 172.21.15.77:0/3610588130 shutdown_connections
2024-03-21T10:35:34.468 INFO:teuthology.orchestra.run.smithi077.stdout:/usr/bin/ceph: stderr
2024-03-21T10:35:33.852+0000 7fb896600700 1 --2- 172.21.15.77:0/3610588130 >> [v2:172.21.15.77:6800/380893086,v1:172.21.15.77:6801/380893086] conn(0x7fb878039180 0x7fb87803b640 unknown :-1 s=CLOSED pgs=7 cs=0 l=1 rev1=1 crypto rx=0 tx=0 comp rx=0 tx=0).stop
2024-03-21T10:35:34.468 INFO:teuthology.orchestra.run.smithi077.stdout:/usr/bin/ceph: stderr
2024-03-21T10:35:33.852+0000 7fb896600700 1 --2- 172.21.15.77:0/3610588130 >> [v2:172.21.15.77:3300/0,v1:172.21.15.77:6789/0] conn(0x7fb890108fc0 0x7fb89019cea0 unknown :-1 s=CLOSED pgs=21 cs=0 l=1 rev1=1 crypto rx=0 tx=0 comp rx=0 tx=0).stop
2024-03-21T10:35:34.468 INFO:teuthology.orchestra.run.smithi077.stdout:/usr/bin/ceph: stderr
2024-03-21T10:35:33.852+0000 7fb896600700 1 -- 172.21.15.77:0/3610588130 >> 172.21.15.77:0/3610588130 conn(0x7fb89007c4e0 msgr2=0x7fb8901065e0 unknown :-1 s=STATE_NONE l=0).mark_down
2024-03-21T10:35:34.468 INFO:teuthology.orchestra.run.smithi077.stdout:/usr/bin/ceph: stderr
2024-03-21T10:35:33.852+0000 7fb896600700 1 -- 172.21.15.77:0/3610588130 shutdown_connections
2024-03-21T10:35:34.468 INFO:teuthology.orchestra.run.smithi077.stdout:/usr/bin/ceph: stderr
2024-03-21T10:35:33.852+0000 7fb896600700 1 -- 172.21.15.77:0/3610588130 wait complete.
2024-03-21T10:35:34.468 INFO:teuthology.orchestra.run.smithi077.stdout:Enabling cephadm module...
2024-03-21T10:35:35.998 INFO:journalctl@ceph.mon.a.smithi077.stdout:Mar 21 10:35:35 smithi077 bash[21532]: audit
2024-03-21T10:35:35.704258+0000 mon.a (mon.0) 27 : audit [INF] from='client.? 172.21.15.77:0/1786669345' entity='client.admin' cmd=[{"prefix": "mgr module enable", "module": "cephadm"}]: dispatch
2024-03-21T10:35:35.998 INFO:journalctl@ceph.mgr.x.smithi077.stdout:Mar 21 10:35:35 smithi077 bash[21785]: ignoring --setuser ceph since I am not root
2024-03-21T10:35:35.998 INFO:journalctl@ceph.mgr.x.smithi077.stdout:Mar 21 10:35:35 smithi077 bash[21785]: ignoring --setgroup ceph since I am not root
2024-03-21T10:35:36.042 INFO:journalctl@ceph.mgr.x.smithi077.stdout:Mar 21 10:35:36 smithi077 bash[21785]: debug
2024-03-21T10:35:36.000+0000 7f6a5f3d6200 -1 mgr[py] Module devicehealth has missing NOTIFY_TYPES member
2024-03-21T10:35:36.343 INFO:teuthology.orchestra.run.smithi077.stdout:/usr/bin/ceph: stderr
2024-03-21T10:35:35.428+0000 7f5955200700 1 Processor -- start
2024-03-21T10:35:36.343 INFO:teuthology.orchestra.run.smithi077.stdout:/usr/bin/ceph: stderr
2024-03-21T10:35:35.428+0000 7f5955200700 1 -- start start
2024-03-21T10:35:36.343 INFO:teuthology.orchestra.run.smithi077.stdout:/usr/bin/ceph: stderr
2024-03-21T10:35:35.432+0000 7f5955200700 1 --2- >> [v2:172.21.15.77:3300/0,v1:172.21.15.77:6789/0] conn(0x7f5950105820 0x7f5950105c40 unknown :-1 s=NONE pgs=0 cs=0 l=0 rev1=0 crypto rx=0 tx=0 comp rx=0 tx=0).connect
2024-03-21T10:35:36.343 INFO:teuthology.orchestra.run.smithi077.stdout:/usr/bin/ceph: stderr
2024-03-21T10:35:35.432+0000 7f5955200700 1 -- --> [v2:172.21.15.77:3300/0,v1:172.21.15.77:6789/0] -- mon_getmap magic: 0 v1 -- 0x7f595007a680 con 0x7f5950105820
2024-03-21T10:35:36.343 INFO:teuthology.orchestra.run.smithi077.stdout:/usr/bin/ceph: stderr
2024-03-21T10:35:35.432+0000 7f594de00700 1 --2- >> [v2:172.21.15.77:3300/0,v1:172.21.15.77:6789/0] conn(0x7f5950105820 0x7f5950105c40 unknown :-1 s=BANNER_CONNECTING pgs=0 cs=0 l=0 rev1=0 crypto rx=0 tx=0 comp rx=0 tx=0)._handle_peer_banner_payload supported=3 required=0
2024-03-21T10:35:36.343 INFO:teuthology.orchestra.run.smithi077.stdout:/usr/bin/ceph: stderr
2024-03-21T10:35:35.432+0000 7f594de00700 1 --2- >> [v2:172.21.15.77:3300/0,v1:172.21.15.77:6789/0] conn(0x7f5950105820 0x7f5950105c40 unknown :-1 s=HELLO_CONNECTING pgs=0 cs=0 l=0 rev1=1 crypto rx=0 tx=0 comp rx=0 tx=0).handle_hello peer v2:172.21.15.77:3300/0 says I am v2:172.21.15.77:42440/0 (socket says 172.21.15.77:42440)
2024-03-21T10:35:36.343 INFO:teuthology.orchestra.run.smithi077.stdout:/usr/bin/ceph: stderr
2024-03-21T10:35:35.432+0000 7f594de00700 1 -- 172.21.15.77:0/717422339 learned_addr learned my addr 172.21.15.77:0/717422339 (peer_addr_for_me v2:172.21.15.77:0/0)
2024-03-21T10:35:36.343 INFO:teuthology.orchestra.run.smithi077.stdout:/usr/bin/ceph: stderr
2024-03-21T10:35:35.432+0000 7f594de00700 1 -- 172.21.15.77:0/717422339 --> [v2:172.21.15.77:3300/0,v1:172.21.15.77:6789/0] -- mon_subscribe({config=0+,monmap=0+}) v3 -- 0x7f5950106180 con 0x7f5950105820
2024-03-21T10:35:36.343 INFO:teuthology.orchestra.run.smithi077.stdout:/usr/bin/ceph: stderr
2024-03-21T10:35:35.432+0000 7f594de00700 1 --2- 172.21.15.77:0/717422339 >> [v2:172.21.15.77:3300/0,v1:172.21.15.77:6789/0] conn(0x7f5950105820 0x7f5950105c40 secure :-1 s=READY pgs=22 cs=0 l=1 rev1=1 crypto rx=0x7f59400098a0 tx=0x7f5940009bb0 comp rx=0 tx=0).ready entity=mon.0 client_cookie=586afc46ce06a2d1 server_cookie=0 in_seq=0 out_seq=0
2024-03-21T10:35:36.343 INFO:teuthology.orchestra.run.smithi077.stdout:/usr/bin/ceph: stderr
2024-03-21T10:35:35.432+0000 7f594ca00700 1 -- 172.21.15.77:0/717422339 <== mon.0 v2:172.21.15.77:3300/0 1 ==== mon_map magic: 0 v1 ==== 205+0+0 (secure 0 0 0) 0x7f5940004160 con 0x7f5950105820
2024-03-21T10:35:36.343 INFO:teuthology.orchestra.run.smithi077.stdout:/usr/bin/ceph: stderr
2024-03-21T10:35:35.432+0000 7f594ca00700 1 -- 172.21.15.77:0/717422339 <== mon.0 v2:172.21.15.77:3300/0 2 ==== config(26 keys) v1 ==== 1071+0+0 (secure 0 0 0) 0x7f5940004300 con 0x7f5950105820
2024-03-21T10:35:36.344 INFO:teuthology.orchestra.run.smithi077.stdout:/usr/bin/ceph: stderr
2024-03-21T10:35:35.432+0000 7f594ca00700 1 -- 172.21.15.77:0/717422339 <== mon.0 v2:172.21.15.77:3300/0 3 ==== mon_map magic: 0 v1 ==== 205+0+0 (secure 0 0 0) 0x7f5940011a80 con 0x7f5950105820
2024-03-21T10:35:36.344 INFO:teuthology.orchestra.run.smithi077.stdout:/usr/bin/ceph: stderr
2024-03-21T10:35:35.432+0000 7f5955200700 1 -- 172.21.15.77:0/717422339 >> [v2:172.21.15.77:3300/0,v1:172.21.15.77:6789/0] conn(0x7f5950105820 msgr2=0x7f5950105c40 secure :-1 s=STATE_CONNECTION_ESTABLISHED l=1).mark_down
2024-03-21T10:35:36.344 INFO:teuthology.orchestra.run.smithi077.stdout:/usr/bin/ceph: stderr
2024-03-21T10:35:35.432+0000 7f5955200700 1 --2- 172.21.15.77:0/717422339 >> [v2:172.21.15.77:3300/0,v1:172.21.15.77:6789/0] conn(0x7f5950105820 0x7f5950105c40 secure :-1 s=READY pgs=22 cs=0 l=1 rev1=1 crypto rx=0x7f59400098a0 tx=0x7f5940009bb0 comp rx=0 tx=0).stop
2024-03-21T10:35:36.344 INFO:teuthology.orchestra.run.smithi077.stdout:/usr/bin/ceph: stderr
2024-03-21T10:35:35.432+0000 7f5955200700 1 -- 172.21.15.77:0/717422339 shutdown_connections
2024-03-21T10:35:36.344 INFO:teuthology.orchestra.run.smithi077.stdout:/usr/bin/ceph: stderr
2024-03-21T10:35:35.432+0000 7f5955200700 1 --2- 172.21.15.77:0/717422339 >> [v2:172.21.15.77:3300/0,v1:172.21.15.77:6789/0] conn(0x7f5950105820 0x7f5950105c40 unknown :-1 s=CLOSED pgs=22 cs=0 l=1 rev1=1 crypto rx=0 tx=0 comp rx=0 tx=0).stop
2024-03-21T10:35:36.344 INFO:teuthology.orchestra.run.smithi077.stdout:/usr/bin/ceph: stderr
2024-03-21T10:35:35.432+0000 7f5955200700 1 -- 172.21.15.77:0/717422339 >> 172.21.15.77:0/717422339 conn(0x7f5950101400 msgr2=0x7f5950103820 unknown :-1 s=STATE_NONE l=0).mark_down
2024-03-21T10:35:36.344 INFO:teuthology.orchestra.run.smithi077.stdout:/usr/bin/ceph: stderr
2024-03-21T10:35:35.432+0000 7f5955200700 1 -- 172.21.15.77:0/717422339 shutdown_connections
2024-03-21T10:35:36.344 INFO:teuthology.orchestra.run.smithi077.stdout:/usr/bin/ceph: stderr
2024-03-21T10:35:35.432+0000 7f5955200700 1 -- 172.21.15.77:0/717422339 wait complete.
2024-03-21T10:35:36.344 INFO:teuthology.orchestra.run.smithi077.stdout:/usr/bin/ceph: stderr
2024-03-21T10:35:35.432+0000 7f5955200700 1 Processor -- start
2024-03-21T10:35:36.344 INFO:teuthology.orchestra.run.smithi077.stdout:/usr/bin/ceph: stderr
2024-03-21T10:35:35.432+0000 7f5955200700 1 -- start start
2024-03-21T10:35:36.344 INFO:teuthology.orchestra.run.smithi077.stdout:/usr/bin/ceph: stderr
2024-03-21T10:35:35.432+0000 7f5955200700 1 --2- >> [v2:172.21.15.77:3300/0,v1:172.21.15.77:6789/0] conn(0x7f5950105820 0x7f595019d360 unknown :-1 s=NONE pgs=0 cs=0 l=1 rev1=0 crypto rx=0 tx=0 comp rx=0 tx=0).connect
2024-03-21T10:35:36.344 INFO:teuthology.orchestra.run.smithi077.stdout:/usr/bin/ceph: stderr
2024-03-21T10:35:35.432+0000 7f5955200700 1 -- --> [v2:172.21.15.77:3300/0,v1:172.21.15.77:6789/0] -- mon_getmap magic: 0 v1 -- 0x7f5950107140 con 0x7f5950105820
2024-03-21T10:35:36.344 INFO:teuthology.orchestra.run.smithi077.stdout:/usr/bin/ceph: stderr
2024-03-21T10:35:35.432+0000 7f594de00700 1 --2- >> [v2:172.21.15.77:3300/0,v1:172.21.15.77:6789/0] conn(0x7f5950105820 0x7f595019d360 unknown :-1 s=BANNER_CONNECTING pgs=0 cs=0 l=1 rev1=0 crypto rx=0 tx=0 comp rx=0 tx=0)._handle_peer_banner_payload supported=3 required=0
2024-03-21T10:35:36.345 INFO:teuthology.orchestra.run.smithi077.stdout:/usr/bin/ceph: stderr
2024-03-21T10:35:35.432+0000 7f594de00700 1 --2- >> [v2:172.21.15.77:3300/0,v1:172.21.15.77:6789/0] conn(0x7f5950105820 0x7f595019d360 unknown :-1 s=HELLO_CONNECTING pgs=0 cs=0 l=1 rev1=1 crypto rx=0 tx=0 comp rx=0 tx=0).handle_hello peer v2:172.21.15.77:3300/0 says I am v2:172.21.15.77:42456/0 (socket says 172.21.15.77:42456)
2024-03-21T10:35:36.345 INFO:teuthology.orchestra.run.smithi077.stdout:/usr/bin/ceph: stderr
2024-03-21T10:35:35.432+0000 7f594de00700 1 -- 172.21.15.77:0/1786669345 learned_addr learned my addr 172.21.15.77:0/1786669345 (peer_addr_for_me v2:172.21.15.77:0/0)
2024-03-21T10:35:36.345 INFO:teuthology.orchestra.run.smithi077.stdout:/usr/bin/ceph: stderr
2024-03-21T10:35:35.436+0000 7f594de00700 1 -- 172.21.15.77:0/1786669345 --> [v2:172.21.15.77:3300/0,v1:172.21.15.77:6789/0] -- mon_subscribe({config=0+,monmap=0+}) v3 -- 0x7f595019d8a0 con 0x7f5950105820
2024-03-21T10:35:36.345 INFO:teuthology.orchestra.run.smithi077.stdout:/usr/bin/ceph: stderr
2024-03-21T10:35:35.436+0000 7f594de00700 1 --2- 172.21.15.77:0/1786669345 >> [v2:172.21.15.77:3300/0,v1:172.21.15.77:6789/0] conn(0x7f5950105820 0x7f595019d360 secure :-1 s=READY pgs=23 cs=0 l=1 rev1=1 crypto rx=0x7f5940011a50 tx=0x7f5940011b30 comp rx=0 tx=0).ready entity=mon.0 client_cookie=0 server_cookie=0 in_seq=0 out_seq=0
2024-03-21T10:35:36.345 INFO:teuthology.orchestra.run.smithi077.stdout:/usr/bin/ceph: stderr
2024-03-21T10:35:35.436+0000 7f5946a00700 1 -- 172.21.15.77:0/1786669345 <== mon.0 v2:172.21.15.77:3300/0 1 ==== mon_map magic: 0 v1 ==== 205+0+0 (secure 0 0 0) 0x7f5940003a80 con 0x7f5950105820
2024-03-21T10:35:36.345 INFO:teuthology.orchestra.run.smithi077.stdout:/usr/bin/ceph: stderr
2024-03-21T10:35:35.436+0000 7f5946a00700 1 -- 172.21.15.77:0/1786669345 <== mon.0 v2:172.21.15.77:3300/0 2 ==== config(26 keys) v1 ==== 1071+0+0 (secure 0 0 0) 0x7f5940003c20 con 0x7f5950105820
2024-03-21T10:35:36.345 INFO:teuthology.orchestra.run.smithi077.stdout:/usr/bin/ceph: stderr
2024-03-21T10:35:35.436+0000 7f5946a00700 1 -- 172.21.15.77:0/1786669345 <== mon.0 v2:172.21.15.77:3300/0 3 ==== mon_map magic: 0 v1 ==== 205+0+0 (secure 0 0 0) 0x7f594001a650 con 0x7f5950105820
2024-03-21T10:35:36.345 INFO:teuthology.orchestra.run.smithi077.stdout:/usr/bin/ceph: stderr
2024-03-21T10:35:35.436+0000 7f5955200700 1 -- 172.21.15.77:0/1786669345 --> [v2:172.21.15.77:3300/0,v1:172.21.15.77:6789/0] -- mon_subscribe({mgrmap=0+}) v3 -- 0x7f595019db30 con 0x7f5950105820
2024-03-21T10:35:36.345 INFO:teuthology.orchestra.run.smithi077.stdout:/usr/bin/ceph: stderr
2024-03-21T10:35:35.436+0000 7f5955200700 1 -- 172.21.15.77:0/1786669345 --> [v2:172.21.15.77:3300/0,v1:172.21.15.77:6789/0] -- mon_subscribe({osdmap=0}) v3 -- 0x7f59501a0820 con 0x7f5950105820
2024-03-21T10:35:36.345 INFO:teuthology.orchestra.run.smithi077.stdout:/usr/bin/ceph: stderr
2024-03-21T10:35:35.436+0000 7f5946a00700 1 -- 172.21.15.77:0/1786669345 <== mon.0 v2:172.21.15.77:3300/0 4 ==== mgrmap(e 4) v1 ==== 46283+0+0 (secure 0 0 0) 0x7f5940024ad0 con 0x7f5950105820
2024-03-21T10:35:36.345 INFO:teuthology.orchestra.run.smithi077.stdout:/usr/bin/ceph: stderr
2024-03-21T10:35:35.436+0000 7f5955200700 1 -- 172.21.15.77:0/1786669345 --> [v2:172.21.15.77:3300/0,v1:172.21.15.77:6789/0] -- mon_command({"prefix": "get_command_descriptions"} v 0) v1 -- 0x7f59500637c0 con 0x7f5950105820
2024-03-21T10:35:36.345 INFO:teuthology.orchestra.run.smithi077.stdout:/usr/bin/ceph: stderr
2024-03-21T10:35:35.436+0000 7f5946a00700 1 --2- 172.21.15.77:0/1786669345 >> [v2:172.21.15.77:6800/380893086,v1:172.21.15.77:6801/380893086] conn(0x7f59340391d0 0x7f593403b690 unknown :-1 s=NONE pgs=0 cs=0 l=1 rev1=0 crypto rx=0 tx=0 comp rx=0 tx=0).connect
2024-03-21T10:35:36.345 INFO:teuthology.orchestra.run.smithi077.stdout:/usr/bin/ceph: stderr
2024-03-21T10:35:35.436+0000 7f5946a00700 1 -- 172.21.15.77:0/1786669345 <== mon.0 v2:172.21.15.77:3300/0 5 ==== osd_map(1..1 src has 1..1) v4 ==== 725+0+0 (secure 0 0 0) 0x7f594004d5a0 con 0x7f5950105820
2024-03-21T10:35:36.346 INFO:teuthology.orchestra.run.smithi077.stdout:/usr/bin/ceph: stderr
2024-03-21T10:35:35.436+0000 7f594d400700 1 --2- 172.21.15.77:0/1786669345 >> [v2:172.21.15.77:6800/380893086,v1:172.21.15.77:6801/380893086] conn(0x7f59340391d0 0x7f593403b690 unknown :-1 s=BANNER_CONNECTING pgs=0 cs=0 l=1 rev1=0 crypto rx=0 tx=0 comp rx=0 tx=0)._handle_peer_banner_payload supported=3 required=0
2024-03-21T10:35:36.346 INFO:teuthology.orchestra.run.smithi077.stdout:/usr/bin/ceph: stderr
2024-03-21T10:35:35.436+0000 7f594d400700 1 --2- 172.21.15.77:0/1786669345 >> [v2:172.21.15.77:6800/380893086,v1:172.21.15.77:6801/380893086] conn(0x7f59340391d0 0x7f593403b690 secure :-1 s=READY pgs=8 cs=0 l=1 rev1=1 crypto rx=0x7f593c006fd0 tx=0x7f593c006e40 comp rx=0 tx=0).ready entity=mgr.14100 client_cookie=0 server_cookie=0 in_seq=0 out_seq=0
2024-03-21T10:35:36.346 INFO:teuthology.orchestra.run.smithi077.stdout:/usr/bin/ceph: stderr
2024-03-21T10:35:35.440+0000 7f5946a00700 1 -- 172.21.15.77:0/1786669345 <== mon.0 v2:172.21.15.77:3300/0 6 ==== mon_command_ack([{"prefix": "get_command_descriptions"}]=0 v0) v1 ==== 72+0+186149 (secure 0 0 0) 0x7f594000e260 con 0x7f5950105820
2024-03-21T10:35:36.346 INFO:teuthology.orchestra.run.smithi077.stdout:/usr/bin/ceph: stderr
2024-03-21T10:35:35.700+0000 7f5955200700 1 -- 172.21.15.77:0/1786669345 --> [v2:172.21.15.77:3300/0,v1:172.21.15.77:6789/0] -- mon_command({"prefix": "mgr module enable", "module": "cephadm"} v 0) v1 -- 0x7f595002da30 con 0x7f5950105820
2024-03-21T10:35:36.346 INFO:teuthology.orchestra.run.smithi077.stdout:/usr/bin/ceph: stderr
2024-03-21T10:35:35.752+0000 7f5946a00700 1 -- 172.21.15.77:0/1786669345 <== mon.0 v2:172.21.15.77:3300/0 7 ==== mon_command_ack([{"prefix": "mgr module enable", "module": "cephadm"}]=0 v5) v1 ==== 86+0+0 (secure 0 0 0) 0x7f59400244f0 con 0x7f5950105820
2024-03-21T10:35:36.346 INFO:teuthology.orchestra.run.smithi077.stdout:/usr/bin/ceph: stderr
2024-03-21T10:35:35.752+0000 7f5946a00700 1 -- 172.21.15.77:0/1786669345 <== mon.0 v2:172.21.15.77:3300/0 8 ==== mgrmap(e 5) v1 ==== 46294+0+0 (secure 0 0 0) 0x7f594002d3f0 con 0x7f5950105820
2024-03-21T10:35:36.346 INFO:teuthology.orchestra.run.smithi077.stdout:/usr/bin/ceph: stderr
2024-03-21T10:35:35.756+0000 7f5955200700 1 -- 172.21.15.77:0/1786669345 >> [v2:172.21.15.77:6800/380893086,v1:172.21.15.77:6801/380893086] conn(0x7f59340391d0 msgr2=0x7f593403b690 secure :-1 s=STATE_CONNECTION_ESTABLISHED l=1).mark_down
2024-03-21T10:35:36.346 INFO:teuthology.orchestra.run.smithi077.stdout:/usr/bin/ceph: stderr
2024-03-21T10:35:35.756+0000 7f5955200700 1 --2- 172.21.15.77:0/1786669345 >> [v2:172.21.15.77:6800/380893086,v1:172.21.15.77:6801/380893086] conn(0x7f59340391d0 0x7f593403b690 secure :-1 s=READY pgs=8 cs=0 l=1 rev1=1 crypto rx=0x7f593c006fd0 tx=0x7f593c006e40 comp rx=0 tx=0).stop
2024-03-21T10:35:36.346 INFO:teuthology.orchestra.run.smithi077.stdout:/usr/bin/ceph: stderr
2024-03-21T10:35:35.756+0000 7f5955200700 1 -- 172.21.15.77:0/1786669345 >> [v2:172.21.15.77:3300/0,v1:172.21.15.77:6789/0] conn(0x7f5950105820 msgr2=0x7f595019d360 secure :-1 s=STATE_CONNECTION_ESTABLISHED l=1).mark_down
2024-03-21T10:35:36.346 INFO:teuthology.orchestra.run.smithi077.stdout:/usr/bin/ceph: stderr
2024-03-21T10:35:35.756+0000 7f5955200700 1 --2- 172.21.15.77:0/1786669345 >> [v2:172.21.15.77:3300/0,v1:172.21.15.77:6789/0] conn(0x7f5950105820 0x7f595019d360 secure :-1 s=READY pgs=23 cs=0 l=1 rev1=1 crypto rx=0x7f5940011a50 tx=0x7f5940011b30 comp rx=0 tx=0).stop
2024-03-21T10:35:36.346 INFO:teuthology.orchestra.run.smithi077.stdout:/usr/bin/ceph: stderr
2024-03-21T10:35:35.756+0000 7f5955200700 1 -- 172.21.15.77:0/1786669345 shutdown_connections
2024-03-21T10:35:36.346 INFO:teuthology.orchestra.run.smithi077.stdout:/usr/bin/ceph: stderr
2024-03-21T10:35:35.756+0000 7f5955200700 1 --2- 172.21.15.77:0/1786669345 >> [v2:172.21.15.77:6800/380893086,v1:172.21.15.77:6801/380893086] conn(0x7f59340391d0 0x7f593403b690 unknown :-1 s=CLOSED pgs=8 cs=0 l=1 rev1=1 crypto rx=0 tx=0 comp rx=0 tx=0).stop
2024-03-21T10:35:36.346 INFO:teuthology.orchestra.run.smithi077.stdout:/usr/bin/ceph: stderr
2024-03-21T10:35:35.756+0000 7f5955200700 1 --2- 172.21.15.77:0/1786669345 >> [v2:172.21.15.77:3300/0,v1:172.21.15.77:6789/0] conn(0x7f5950105820 0x7f595019d360 unknown :-1 s=CLOSED pgs=23 cs=0 l=1 rev1=1 crypto rx=0 tx=0 comp rx=0 tx=0).stop
2024-03-21T10:35:36.347 INFO:teuthology.orchestra.run.smithi077.stdout:/usr/bin/ceph: stderr
2024-03-21T10:35:35.756+0000 7f5955200700 1 -- 172.21.15.77:0/1786669345 >> 172.21.15.77:0/1786669345 conn(0x7f5950101400 msgr2=0x7f5950193ce0 unknown :-1 s=STATE_NONE l=0).mark_down
2024-03-21T10:35:36.347 INFO:teuthology.orchestra.run.smithi077.stdout:/usr/bin/ceph: stderr
2024-03-21T10:35:35.756+0000 7f5955200700 1 -- 172.21.15.77:0/1786669345 shutdown_connections
2024-03-21T10:35:36.347 INFO:teuthology.orchestra.run.smithi077.stdout:/usr/bin/ceph: stderr
2024-03-21T10:35:35.756+0000 7f5955200700 1 -- 172.21.15.77:0/1786669345 wait complete.
2024-03-21T10:35:37.042 INFO:journalctl@ceph.mon.a.smithi077.stdout:Mar 21 10:35:36 smithi077 bash[21532]: audit
2024-03-21T10:35:35.755592+0000 mon.a (mon.0) 28 : audit [INF] from='client.? 172.21.15.77:0/1786669345' entity='client.admin' cmd='[{"prefix": "mgr module enable", "module": "cephadm"}]': finished
2024-03-21T10:35:37.042 INFO:journalctl@ceph.mon.a.smithi077.stdout:Mar 21 10:35:36 smithi077 bash[21532]: cluster
2024-03-21T10:35:35.758765+0000 mon.a (mon.0) 29 : cluster [DBG] mgrmap e5: x(active, since 6s)
2024-03-21T10:35:38.042 INFO:journalctl@ceph.mon.a.smithi077.stdout:Mar 21 10:35:37 smithi077 bash[21532]: audit
2024-03-21T10:35:37.660928+0000 mon.a (mon.0) 30 : audit [DBG] from='client.? 172.21.15.77:0/1561680203' entity='client.admin' cmd=[{"prefix": "mgr stat"}]: dispatch
2024-03-21T10:35:38.042 INFO:journalctl@ceph.mgr.x.smithi077.stdout:Mar 21 10:35:37 smithi077 bash[21785]: debug
2024-03-21T10:35:37.732+0000 7f6a5f3d6200 -1 mgr[py] Module rook has missing NOTIFY_TYPES member
2024-03-21T10:35:38.042 INFO:journalctl@ceph.mgr.x.smithi077.stdout:Mar 21 10:35:37 smithi077 bash[21785]: debug
2024-03-21T10:35:37.844+0000 7f6a5f3d6200 -1 mgr[py] Module iostat has missing NOTIFY_TYPES member
2024-03-21T10:35:38.233 INFO:teuthology.orchestra.run.smithi077.stdout:/usr/bin/ceph: stdout {
2024-03-21T10:35:38.234 INFO:teuthology.orchestra.run.smithi077.stdout:/usr/bin/ceph: stdout "epoch": 5,
2024-03-21T10:35:38.234 INFO:teuthology.orchestra.run.smithi077.stdout:/usr/bin/ceph: stdout "available": true,
2024-03-21T10:35:38.234 INFO:teuthology.orchestra.run.smithi077.stdout:/usr/bin/ceph: stdout "active_name": "x",
2024-03-21T10:35:38.234 INFO:teuthology.orchestra.run.smithi077.stdout:/usr/bin/ceph: stdout "num_standby": 0
2024-03-21T10:35:38.234 INFO:teuthology.orchestra.run.smithi077.stdout:/usr/bin/ceph: stdout }
2024-03-21T10:35:38.234 INFO:teuthology.orchestra.run.smithi077.stdout:/usr/bin/ceph: stderr
2024-03-21T10:35:37.380+0000 7f17cfe00700 1 Processor -- start
2024-03-21T10:35:38.234 INFO:teuthology.orchestra.run.smithi077.stdout:/usr/bin/ceph: stderr
2024-03-21T10:35:37.380+0000 7f17cfe00700 1 -- start start
2024-03-21T10:35:38.234 INFO:teuthology.orchestra.run.smithi077.stdout:/usr/bin/ceph: stderr
2024-03-21T10:35:37.380+0000 7f17cfe00700 1 --2- >> [v2:172.21.15.77:3300/0,v1:172.21.15.77:6789/0] conn(0x7f17c8106f10 0x7f17c8107350 unknown :-1 s=NONE pgs=0 cs=0 l=0 rev1=0 crypto rx=0 tx=0 comp rx=0 tx=0).connect
2024-03-21T10:35:38.234 INFO:teuthology.orchestra.run.smithi077.stdout:/usr/bin/ceph: stderr
2024-03-21T10:35:37.380+0000 7f17cfe00700 1 -- --> [v2:172.21.15.77:3300/0,v1:172.21.15.77:6789/0] -- mon_getmap magic: 0 v1 -- 0x7f17c8107890 con 0x7f17c8106f10
2024-03-21T10:35:38.234 INFO:teuthology.orchestra.run.smithi077.stdout:/usr/bin/ceph: stderr
2024-03-21T10:35:37.380+0000 7f17cd400700 1 --2- >> [v2:172.21.15.77:3300/0,v1:172.21.15.77:6789/0] conn(0x7f17c8106f10 0x7f17c8107350 unknown :-1 s=BANNER_CONNECTING pgs=0 cs=0 l=0 rev1=0 crypto rx=0 tx=0 comp rx=0 tx=0)._handle_peer_banner_payload supported=3 required=0
2024-03-21T10:35:38.234 INFO:teuthology.orchestra.run.smithi077.stdout:/usr/bin/ceph: stderr
2024-03-21T10:35:37.380+0000 7f17cd400700 1 --2- >> [v2:172.21.15.77:3300/0,v1:172.21.15.77:6789/0] conn(0x7f17c8106f10 0x7f17c8107350 unknown :-1 s=HELLO_CONNECTING pgs=0 cs=0 l=0 rev1=1 crypto rx=0 tx=0 comp rx=0 tx=0).handle_hello peer v2:172.21.15.77:3300/0 says I am v2:172.21.15.77:42478/0 (socket says 172.21.15.77:42478)
2024-03-21T10:35:38.235 INFO:teuthology.orchestra.run.smithi077.stdout:/usr/bin/ceph: stderr
2024-03-21T10:35:37.380+0000 7f17cd400700 1 -- 172.21.15.77:0/2090590898 learned_addr learned my addr 172.21.15.77:0/2090590898 (peer_addr_for_me v2:172.21.15.77:0/0)
2024-03-21T10:35:38.235 INFO:teuthology.orchestra.run.smithi077.stdout:/usr/bin/ceph: stderr
2024-03-21T10:35:37.380+0000 7f17cd400700 1 -- 172.21.15.77:0/2090590898 --> [v2:172.21.15.77:3300/0,v1:172.21.15.77:6789/0] -- mon_subscribe({config=0+,monmap=0+}) v3 -- 0x7f17c81080f0 con 0x7f17c8106f10
2024-03-21T10:35:38.235 INFO:teuthology.orchestra.run.smithi077.stdout:/usr/bin/ceph: stderr
2024-03-21T10:35:37.384+0000 7f17cd400700 1 --2- 172.21.15.77:0/2090590898 >> [v2:172.21.15.77:3300/0,v1:172.21.15.77:6789/0] conn(0x7f17c8106f10 0x7f17c8107350 secure :-1 s=READY pgs=26 cs=0 l=1 rev1=1 crypto rx=0x7f17bc0098a0 tx=0x7f17bc009bb0 comp rx=0 tx=0).ready entity=mon.0 client_cookie=47459eddba6c943b server_cookie=0 in_seq=0 out_seq=0
2024-03-21T10:35:38.235 INFO:teuthology.orchestra.run.smithi077.stdout:/usr/bin/ceph: stderr
2024-03-21T10:35:37.384+0000 7f17c7e00700 1 -- 172.21.15.77:0/2090590898 <== mon.0 v2:172.21.15.77:3300/0 1 ==== mon_map magic: 0 v1 ==== 205+0+0 (secure 0 0 0) 0x7f17bc004160 con 0x7f17c8106f10
2024-03-21T10:35:38.235 INFO:teuthology.orchestra.run.smithi077.stdout:/usr/bin/ceph: stderr
2024-03-21T10:35:37.384+0000 7f17c7e00700 1 -- 172.21.15.77:0/2090590898 <== mon.0 v2:172.21.15.77:3300/0 2 ==== config(26 keys) v1 ==== 1071+0+0 (secure 0 0 0) 0x7f17bc004300 con 0x7f17c8106f10
2024-03-21T10:35:38.235 INFO:teuthology.orchestra.run.smithi077.stdout:/usr/bin/ceph: stderr
