2024-03-29T08:39:54.830+0000 7fdf64c00700 1 -- 172.21.15.84:0/851776341 <== mon.0 v2:172.21.15.84:3300/0 4 ==== mgrmap(e 8) v1 ==== 45533+0+0 (secure 0 0 0) 0x7fdf58023a60 con 0x7fdf6807ada0
2024-03-29T08:39:55.408 INFO:teuthology.orchestra.run.smithi084.stdout:/usr/bin/ceph: stderr
2024-03-29T08:39:54.830+0000 7fdf6f000700 1 -- 172.21.15.84:0/851776341 --> [v2:172.21.15.84:3300/0,v1:172.21.15.84:6789/0] -- mon_command({"prefix": "get_command_descriptions"} v 0) v1 -- 0x7fdf6810c7e0 con 0x7fdf6807ada0
2024-03-29T08:39:55.408 INFO:teuthology.orchestra.run.smithi084.stdout:/usr/bin/ceph: stderr
2024-03-29T08:39:54.831+0000 7fdf64c00700 1 --2- 172.21.15.84:0/851776341 >> [v2:172.21.15.84:6800/2436492699,v1:172.21.15.84:6801/2436492699] conn(0x7fdf4c038700 0x7fdf4c03abc0 unknown :-1 s=NONE pgs=0 cs=0 l=1 rev1=0 crypto rx=0 tx=0 comp rx=0 tx=0).connect
2024-03-29T08:39:55.408 INFO:teuthology.orchestra.run.smithi084.stdout:/usr/bin/ceph: stderr
2024-03-29T08:39:54.831+0000 7fdf64c00700 1 -- 172.21.15.84:0/851776341 <== mon.0 v2:172.21.15.84:3300/0 5 ==== osd_map(2..2 src has 1..2) v4 ==== 940+0+0 (secure 0 0 0) 0x7fdf5804ced0 con 0x7fdf6807ada0
2024-03-29T08:39:55.408 INFO:teuthology.orchestra.run.smithi084.stdout:/usr/bin/ceph: stderr
2024-03-29T08:39:54.831+0000 7fdf67400700 1 --2- 172.21.15.84:0/851776341 >> [v2:172.21.15.84:6800/2436492699,v1:172.21.15.84:6801/2436492699] conn(0x7fdf4c038700 0x7fdf4c03abc0 unknown :-1 s=BANNER_CONNECTING pgs=0 cs=0 l=1 rev1=0 crypto rx=0 tx=0 comp rx=0 tx=0)._handle_peer_banner_payload supported=3 required=0
2024-03-29T08:39:55.408 INFO:teuthology.orchestra.run.smithi084.stdout:/usr/bin/ceph: stderr
2024-03-29T08:39:54.831+0000 7fdf67400700 1 --2- 172.21.15.84:0/851776341 >> [v2:172.21.15.84:6800/2436492699,v1:172.21.15.84:6801/2436492699] conn(0x7fdf4c038700 0x7fdf4c03abc0 secure :-1 s=READY pgs=10 cs=0 l=1 rev1=1 crypto rx=0x7fdf54006fd0 tx=0x7fdf54006e40 comp rx=0 tx=0).ready entity=mgr.14120 client_cookie=0 server_cookie=0 in_seq=0 out_seq=0
2024-03-29T08:39:55.408 INFO:teuthology.orchestra.run.smithi084.stdout:/usr/bin/ceph: stderr
2024-03-29T08:39:54.836+0000 7fdf64c00700 1 -- 172.21.15.84:0/851776341 <== mon.0 v2:172.21.15.84:3300/0 6 ==== mon_command_ack([{"prefix": "get_command_descriptions"}]=0 v0) v1 ==== 72+0+182738 (secure 0 0 0) 0x7fdf58023d10 con 0x7fdf6807ada0
2024-03-29T08:39:55.408 INFO:teuthology.orchestra.run.smithi084.stdout:/usr/bin/ceph: stderr
2024-03-29T08:39:55.036+0000 7fdf6f000700 1 -- 172.21.15.84:0/851776341 --> [v2:172.21.15.84:6800/2436492699,v1:172.21.15.84:6801/2436492699] -- mgr_command(tid 0: {"prefix": "cephadm get-pub-key", "target": ["mon-mgr", ""]}) v1 -- 0x7fdf68102c70 con 0x7fdf4c038700
2024-03-29T08:39:55.408 INFO:teuthology.orchestra.run.smithi084.stdout:/usr/bin/ceph: stderr
2024-03-29T08:39:55.036+0000 7fdf64c00700 1 -- 172.21.15.84:0/851776341 <== mgr.14120 v2:172.21.15.84:6800/2436492699 1 ==== mgr_command_reply(tid 0: 0 ) v1 ==== 8+0+595 (secure 0 0 0) 0x7fdf68102c70 con 0x7fdf4c038700
2024-03-29T08:39:55.408 INFO:teuthology.orchestra.run.smithi084.stdout:/usr/bin/ceph: stderr
2024-03-29T08:39:55.039+0000 7fdf6f000700 1 -- 172.21.15.84:0/851776341 >> [v2:172.21.15.84:6800/2436492699,v1:172.21.15.84:6801/2436492699] conn(0x7fdf4c038700 msgr2=0x7fdf4c03abc0 secure :-1 s=STATE_CONNECTION_ESTABLISHED l=1).mark_down
2024-03-29T08:39:55.408 INFO:teuthology.orchestra.run.smithi084.stdout:/usr/bin/ceph: stderr
2024-03-29T08:39:55.039+0000 7fdf6f000700 1 --2- 172.21.15.84:0/851776341 >> [v2:172.21.15.84:6800/2436492699,v1:172.21.15.84:6801/2436492699] conn(0x7fdf4c038700 0x7fdf4c03abc0 secure :-1 s=READY pgs=10 cs=0 l=1 rev1=1 crypto rx=0x7fdf54006fd0 tx=0x7fdf54006e40 comp rx=0 tx=0).stop
2024-03-29T08:39:55.409 INFO:teuthology.orchestra.run.smithi084.stdout:/usr/bin/ceph: stderr
2024-03-29T08:39:55.039+0000 7fdf6f000700 1 -- 172.21.15.84:0/851776341 >> [v2:172.21.15.84:3300/0,v1:172.21.15.84:6789/0] conn(0x7fdf6807ada0 msgr2=0x7fdf6819c2c0 secure :-1 s=STATE_CONNECTION_ESTABLISHED l=1).mark_down
2024-03-29T08:39:55.409 INFO:teuthology.orchestra.run.smithi084.stdout:/usr/bin/ceph: stderr
2024-03-29T08:39:55.039+0000 7fdf6f000700 1 --2- 172.21.15.84:0/851776341 >> [v2:172.21.15.84:3300/0,v1:172.21.15.84:6789/0] conn(0x7fdf6807ada0 0x7fdf6819c2c0 secure :-1 s=READY pgs=44 cs=0 l=1 rev1=1 crypto rx=0x7fdf58006af0 tx=0x7fdf58011a50 comp rx=0 tx=0).stop
2024-03-29T08:39:55.409 INFO:teuthology.orchestra.run.smithi084.stdout:/usr/bin/ceph: stderr
2024-03-29T08:39:55.039+0000 7fdf6f000700 1 -- 172.21.15.84:0/851776341 shutdown_connections
2024-03-29T08:39:55.409 INFO:teuthology.orchestra.run.smithi084.stdout:/usr/bin/ceph: stderr
2024-03-29T08:39:55.039+0000 7fdf6f000700 1 --2- 172.21.15.84:0/851776341 >> [v2:172.21.15.84:6800/2436492699,v1:172.21.15.84:6801/2436492699] conn(0x7fdf4c038700 0x7fdf4c03abc0 unknown :-1 s=CLOSED pgs=10 cs=0 l=1 rev1=1 crypto rx=0 tx=0 comp rx=0 tx=0).stop
2024-03-29T08:39:55.409 INFO:teuthology.orchestra.run.smithi084.stdout:/usr/bin/ceph: stderr
2024-03-29T08:39:55.039+0000 7fdf6f000700 1 --2- 172.21.15.84:0/851776341 >> [v2:172.21.15.84:3300/0,v1:172.21.15.84:6789/0] conn(0x7fdf6807ada0 0x7fdf6819c2c0 unknown :-1 s=CLOSED pgs=44 cs=0 l=1 rev1=1 crypto rx=0 tx=0 comp rx=0 tx=0).stop
2024-03-29T08:39:55.409 INFO:teuthology.orchestra.run.smithi084.stdout:/usr/bin/ceph: stderr
2024-03-29T08:39:55.039+0000 7fdf6f000700 1 -- 172.21.15.84:0/851776341 >> 172.21.15.84:0/851776341 conn(0x7fdf68101a50 msgr2=0x7fdf68102560 unknown :-1 s=STATE_NONE l=0).mark_down
2024-03-29T08:39:55.409 INFO:teuthology.orchestra.run.smithi084.stdout:/usr/bin/ceph: stderr
2024-03-29T08:39:55.039+0000 7fdf6f000700 1 -- 172.21.15.84:0/851776341 shutdown_connections
2024-03-29T08:39:55.409 INFO:teuthology.orchestra.run.smithi084.stdout:/usr/bin/ceph: stderr
2024-03-29T08:39:55.039+0000 7fdf6f000700 1 -- 172.21.15.84:0/851776341 wait complete.
2024-03-29T08:39:55.409 INFO:teuthology.orchestra.run.smithi084.stdout:Wrote public SSH key to /home/ubuntu/cephtest/ceph.pub
2024-03-29T08:39:55.409 INFO:teuthology.orchestra.run.smithi084.stdout:Adding key to root@localhost authorized_keys...
2024-03-29T08:39:55.409 INFO:teuthology.orchestra.run.smithi084.stdout:Adding host smithi084...
2024-03-29T08:39:56.267 INFO:journalctl@ceph.mon.a.smithi084.stdout:Mar 29 08:39:56 smithi084 ceph-mon[37889]: from='client.14138 -' entity='client.admin' cmd=[{"prefix": "cephadm get-pub-key", "target": ["mon-mgr", ""]}]: dispatch
2024-03-29T08:39:57.183 INFO:journalctl@ceph.mon.a.smithi084.stdout:Mar 29 08:39:57 smithi084 ceph-mon[37889]: from='client.14140 -' entity='client.admin' cmd=[{"prefix": "orch host add", "hostname": "smithi084", "addr": "172.21.15.84", "target": ["mon-mgr", ""]}]: dispatch
2024-03-29T08:39:58.355 INFO:journalctl@ceph.mon.a.smithi084.stdout:Mar 29 08:39:58 smithi084 ceph-mon[37889]: Deploying cephadm binary to smithi084
2024-03-29T08:39:59.383 INFO:teuthology.orchestra.run.smithi084.stdout:/usr/bin/ceph: stdout Added host 'smithi084' with addr '172.21.15.84'
2024-03-29T08:39:59.383 INFO:teuthology.orchestra.run.smithi084.stdout:/usr/bin/ceph: stderr
2024-03-29T08:39:55.826+0000 7faa77400700 1 Processor -- start
2024-03-29T08:39:59.383 INFO:teuthology.orchestra.run.smithi084.stdout:/usr/bin/ceph: stderr
2024-03-29T08:39:55.827+0000 7faa77400700 1 -- start start
2024-03-29T08:39:59.383 INFO:teuthology.orchestra.run.smithi084.stdout:/usr/bin/ceph: stderr
2024-03-29T08:39:55.827+0000 7faa77400700 1 --2- >> [v2:172.21.15.84:3300/0,v1:172.21.15.84:6789/0] conn(0x7faa7007ad80 0x7faa700791e0 unknown :-1 s=NONE pgs=0 cs=0 l=0 rev1=0 crypto rx=0 tx=0 comp rx=0 tx=0).connect
2024-03-29T08:39:59.383 INFO:teuthology.orchestra.run.smithi084.stdout:/usr/bin/ceph: stderr
2024-03-29T08:39:55.827+0000 7faa77400700 1 -- --> [v2:172.21.15.84:3300/0,v1:172.21.15.84:6789/0] -- mon_getmap magic: 0 v1 -- 0x7faa700797b0 con 0x7faa7007ad80
2024-03-29T08:39:59.383 INFO:teuthology.orchestra.run.smithi084.stdout:/usr/bin/ceph: stderr
2024-03-29T08:39:55.827+0000 7faa74a00700 1 --2- >> [v2:172.21.15.84:3300/0,v1:172.21.15.84:6789/0] conn(0x7faa7007ad80 0x7faa700791e0 unknown :-1 s=BANNER_CONNECTING pgs=0 cs=0 l=0 rev1=0 crypto rx=0 tx=0 comp rx=0 tx=0)._handle_peer_banner_payload supported=3 required=0
2024-03-29T08:39:59.383 INFO:teuthology.orchestra.run.smithi084.stdout:/usr/bin/ceph: stderr
2024-03-29T08:39:55.827+0000 7faa74a00700 1 --2- >> [v2:172.21.15.84:3300/0,v1:172.21.15.84:6789/0] conn(0x7faa7007ad80 0x7faa700791e0 unknown :-1 s=HELLO_CONNECTING pgs=0 cs=0 l=0 rev1=1 crypto rx=0 tx=0 comp rx=0 tx=0).handle_hello peer v2:172.21.15.84:3300/0 says I am v2:172.21.15.84:48462/0 (socket says 172.21.15.84:48462)
2024-03-29T08:39:59.383 INFO:teuthology.orchestra.run.smithi084.stdout:/usr/bin/ceph: stderr
2024-03-29T08:39:55.827+0000 7faa74a00700 1 -- 172.21.15.84:0/997460780 learned_addr learned my addr 172.21.15.84:0/997460780 (peer_addr_for_me v2:172.21.15.84:0/0)
2024-03-29T08:39:59.384 INFO:teuthology.orchestra.run.smithi084.stdout:/usr/bin/ceph: stderr
2024-03-29T08:39:55.828+0000 7faa74a00700 1 -- 172.21.15.84:0/997460780 --> [v2:172.21.15.84:3300/0,v1:172.21.15.84:6789/0] -- mon_subscribe({config=0+,monmap=0+}) v3 -- 0x7faa700798f0 con 0x7faa7007ad80
2024-03-29T08:39:59.384 INFO:teuthology.orchestra.run.smithi084.stdout:/usr/bin/ceph: stderr
2024-03-29T08:39:55.828+0000 7faa74a00700 1 --2- 172.21.15.84:0/997460780 >> [v2:172.21.15.84:3300/0,v1:172.21.15.84:6789/0] conn(0x7faa7007ad80 0x7faa700791e0 secure :-1 s=READY pgs=45 cs=0 l=1 rev1=1 crypto rx=0x7faa640098a0 tx=0x7faa64009bb0 comp rx=0 tx=0).ready entity=mon.0 client_cookie=e776e1f4be04419 server_cookie=0 in_seq=0 out_seq=0
2024-03-29T08:39:59.384 INFO:teuthology.orchestra.run.smithi084.stdout:/usr/bin/ceph: stderr
2024-03-29T08:39:55.828+0000 7faa6f400700 1 -- 172.21.15.84:0/997460780 <== mon.0 v2:172.21.15.84:3300/0 1 ==== mon_map magic: 0 v1 ==== 205+0+0 (secure 0 0 0) 0x7faa64004160 con 0x7faa7007ad80
2024-03-29T08:39:59.384 INFO:teuthology.orchestra.run.smithi084.stdout:/usr/bin/ceph: stderr
2024-03-29T08:39:55.828+0000 7faa6f400700 1 -- 172.21.15.84:0/997460780 <== mon.0 v2:172.21.15.84:3300/0 2 ==== config(25 keys) v1 ==== 1036+0+0 (secure 0 0 0) 0x7faa640042c0 con 0x7faa7007ad80
2024-03-29T08:39:59.384 INFO:teuthology.orchestra.run.smithi084.stdout:/usr/bin/ceph: stderr
2024-03-29T08:39:55.828+0000 7faa6f400700 1 -- 172.21.15.84:0/997460780 <== mon.0 v2:172.21.15.84:3300/0 3 ==== mon_map magic: 0 v1 ==== 205+0+0 (secure 0 0 0) 0x7faa64011940 con 0x7faa7007ad80
2024-03-29T08:39:59.384 INFO:teuthology.orchestra.run.smithi084.stdout:/usr/bin/ceph: stderr
2024-03-29T08:39:55.829+0000 7faa77400700 1 -- 172.21.15.84:0/997460780 >> [v2:172.21.15.84:3300/0,v1:172.21.15.84:6789/0] conn(0x7faa7007ad80 msgr2=0x7faa700791e0 secure :-1 s=STATE_CONNECTION_ESTABLISHED l=1).mark_down
2024-03-29T08:39:59.384 INFO:teuthology.orchestra.run.smithi084.stdout:/usr/bin/ceph: stderr
2024-03-29T08:39:55.829+0000 7faa77400700 1 --2- 172.21.15.84:0/997460780 >> [v2:172.21.15.84:3300/0,v1:172.21.15.84:6789/0] conn(0x7faa7007ad80 0x7faa700791e0 secure :-1 s=READY pgs=45 cs=0 l=1 rev1=1 crypto rx=0x7faa640098a0 tx=0x7faa64009bb0 comp rx=0 tx=0).stop
2024-03-29T08:39:59.384 INFO:teuthology.orchestra.run.smithi084.stdout:/usr/bin/ceph: stderr
2024-03-29T08:39:55.829+0000 7faa77400700 1 -- 172.21.15.84:0/997460780 shutdown_connections
2024-03-29T08:39:59.384 INFO:teuthology.orchestra.run.smithi084.stdout:/usr/bin/ceph: stderr
2024-03-29T08:39:55.829+0000 7faa77400700 1 --2- 172.21.15.84:0/997460780 >> [v2:172.21.15.84:3300/0,v1:172.21.15.84:6789/0] conn(0x7faa7007ad80 0x7faa700791e0 unknown :-1 s=CLOSED pgs=45 cs=0 l=1 rev1=1 crypto rx=0 tx=0 comp rx=0 tx=0).stop
2024-03-29T08:39:59.384 INFO:teuthology.orchestra.run.smithi084.stdout:/usr/bin/ceph: stderr
2024-03-29T08:39:55.829+0000 7faa77400700 1 -- 172.21.15.84:0/997460780 >> 172.21.15.84:0/997460780 conn(0x7faa70101a10 msgr2=0x7faa70103e50 unknown :-1 s=STATE_NONE l=0).mark_down
2024-03-29T08:39:59.384 INFO:teuthology.orchestra.run.smithi084.stdout:/usr/bin/ceph: stderr
2024-03-29T08:39:55.829+0000 7faa77400700 1 -- 172.21.15.84:0/997460780 shutdown_connections
2024-03-29T08:39:59.384 INFO:teuthology.orchestra.run.smithi084.stdout:/usr/bin/ceph: stderr
2024-03-29T08:39:55.829+0000 7faa77400700 1 -- 172.21.15.84:0/997460780 wait complete.
2024-03-29T08:39:59.384 INFO:teuthology.orchestra.run.smithi084.stdout:/usr/bin/ceph: stderr
2024-03-29T08:39:55.830+0000 7faa77400700 1 Processor -- start
2024-03-29T08:39:59.385 INFO:teuthology.orchestra.run.smithi084.stdout:/usr/bin/ceph: stderr
2024-03-29T08:39:55.830+0000 7faa77400700 1 -- start start
2024-03-29T08:39:59.385 INFO:teuthology.orchestra.run.smithi084.stdout:/usr/bin/ceph: stderr
2024-03-29T08:39:55.830+0000 7faa77400700 1 --2- >> [v2:172.21.15.84:3300/0,v1:172.21.15.84:6789/0] conn(0x7faa7007ad80 0x7faa7019c290 unknown :-1 s=NONE pgs=0 cs=0 l=1 rev1=0 crypto rx=0 tx=0 comp rx=0 tx=0).connect
2024-03-29T08:39:59.385 INFO:teuthology.orchestra.run.smithi084.stdout:/usr/bin/ceph: stderr
2024-03-29T08:39:55.830+0000 7faa77400700 1 -- --> [v2:172.21.15.84:3300/0,v1:172.21.15.84:6789/0] -- mon_getmap magic: 0 v1 -- 0x7faa7019c7d0 con 0x7faa7007ad80
2024-03-29T08:39:59.385 INFO:teuthology.orchestra.run.smithi084.stdout:/usr/bin/ceph: stderr
2024-03-29T08:39:55.830+0000 7faa74a00700 1 --2- >> [v2:172.21.15.84:3300/0,v1:172.21.15.84:6789/0] conn(0x7faa7007ad80 0x7faa7019c290 unknown :-1 s=BANNER_CONNECTING pgs=0 cs=0 l=1 rev1=0 crypto rx=0 tx=0 comp rx=0 tx=0)._handle_peer_banner_payload supported=3 required=0
2024-03-29T08:39:59.385 INFO:teuthology.orchestra.run.smithi084.stdout:/usr/bin/ceph: stderr
2024-03-29T08:39:55.830+0000 7faa74a00700 1 --2- >> [v2:172.21.15.84:3300/0,v1:172.21.15.84:6789/0] conn(0x7faa7007ad80 0x7faa7019c290 unknown :-1 s=HELLO_CONNECTING pgs=0 cs=0 l=1 rev1=1 crypto rx=0 tx=0 comp rx=0 tx=0).handle_hello peer v2:172.21.15.84:3300/0 says I am v2:172.21.15.84:48474/0 (socket says 172.21.15.84:48474)
2024-03-29T08:39:59.385 INFO:teuthology.orchestra.run.smithi084.stdout:/usr/bin/ceph: stderr
2024-03-29T08:39:55.830+0000 7faa74a00700 1 -- 172.21.15.84:0/3131496800 learned_addr learned my addr 172.21.15.84:0/3131496800 (peer_addr_for_me v2:172.21.15.84:0/0)
2024-03-29T08:39:59.385 INFO:teuthology.orchestra.run.smithi084.stdout:/usr/bin/ceph: stderr
2024-03-29T08:39:55.831+0000 7faa74a00700 1 -- 172.21.15.84:0/3131496800 --> [v2:172.21.15.84:3300/0,v1:172.21.15.84:6789/0] -- mon_subscribe({config=0+,monmap=0+}) v3 -- 0x7faa64009550 con 0x7faa7007ad80
2024-03-29T08:39:59.385 INFO:teuthology.orchestra.run.smithi084.stdout:/usr/bin/ceph: stderr
2024-03-29T08:39:55.831+0000 7faa74a00700 1 --2- 172.21.15.84:0/3131496800 >> [v2:172.21.15.84:3300/0,v1:172.21.15.84:6789/0] conn(0x7faa7007ad80 0x7faa7019c290 secure :-1 s=READY pgs=46 cs=0 l=1 rev1=1 crypto rx=0x7faa64006af0 tx=0x7faa64011a50 comp rx=0 tx=0).ready entity=mon.0 client_cookie=0 server_cookie=0 in_seq=0 out_seq=0
2024-03-29T08:39:59.385 INFO:teuthology.orchestra.run.smithi084.stdout:/usr/bin/ceph: stderr
2024-03-29T08:39:55.831+0000 7faa6d600700 1 -- 172.21.15.84:0/3131496800 <== mon.0 v2:172.21.15.84:3300/0 1 ==== mon_map magic: 0 v1 ==== 205+0+0 (secure 0 0 0) 0x7faa64003bf0 con 0x7faa7007ad80
2024-03-29T08:39:59.385 INFO:teuthology.orchestra.run.smithi084.stdout:/usr/bin/ceph: stderr
2024-03-29T08:39:55.831+0000 7faa6d600700 1 -- 172.21.15.84:0/3131496800 <== mon.0 v2:172.21.15.84:3300/0 2 ==== config(25 keys) v1 ==== 1036+0+0 (secure 0 0 0) 0x7faa6401b8b0 con 0x7faa7007ad80
2024-03-29T08:39:59.385 INFO:teuthology.orchestra.run.smithi084.stdout:/usr/bin/ceph: stderr
2024-03-29T08:39:55.831+0000 7faa6d600700 1 -- 172.21.15.84:0/3131496800 <== mon.0 v2:172.21.15.84:3300/0 3 ==== mon_map magic: 0 v1 ==== 205+0+0 (secure 0 0 0) 0x7faa64023830 con 0x7faa7007ad80
2024-03-29T08:39:59.385 INFO:teuthology.orchestra.run.smithi084.stdout:/usr/bin/ceph: stderr
2024-03-29T08:39:55.831+0000 7faa77400700 1 -- 172.21.15.84:0/3131496800 --> [v2:172.21.15.84:3300/0,v1:172.21.15.84:6789/0] -- mon_subscribe({mgrmap=0+}) v3 -- 0x7faa7019c9d0 con 0x7faa7007ad80
2024-03-29T08:39:59.385 INFO:teuthology.orchestra.run.smithi084.stdout:/usr/bin/ceph: stderr
2024-03-29T08:39:55.831+0000 7faa77400700 1 -- 172.21.15.84:0/3131496800 --> [v2:172.21.15.84:3300/0,v1:172.21.15.84:6789/0] -- mon_subscribe({osdmap=0}) v3 -- 0x7faa7019ce70 con 0x7faa7007ad80
2024-03-29T08:39:59.385 INFO:teuthology.orchestra.run.smithi084.stdout:/usr/bin/ceph: stderr
2024-03-29T08:39:55.833+0000 7faa77400700 1 -- 172.21.15.84:0/3131496800 --> [v2:172.21.15.84:3300/0,v1:172.21.15.84:6789/0] -- mon_command({"prefix": "get_command_descriptions"} v 0) v1 -- 0x7faa7010c800 con 0x7faa7007ad80
2024-03-29T08:39:59.386 INFO:teuthology.orchestra.run.smithi084.stdout:/usr/bin/ceph: stderr
2024-03-29T08:39:55.833+0000 7faa6d600700 1 -- 172.21.15.84:0/3131496800 <== mon.0 v2:172.21.15.84:3300/0 4 ==== mgrmap(e 8) v1 ==== 45533+0+0 (secure 0 0 0) 0x7faa6401b440 con 0x7faa7007ad80
2024-03-29T08:39:59.386 INFO:teuthology.orchestra.run.smithi084.stdout:/usr/bin/ceph: stderr
2024-03-29T08:39:55.833+0000 7faa6d600700 1 --2- 172.21.15.84:0/3131496800 >> [v2:172.21.15.84:6800/2436492699,v1:172.21.15.84:6801/2436492699] conn(0x7faa58038700 0x7faa5803abc0 unknown :-1 s=NONE pgs=0 cs=0 l=1 rev1=0 crypto rx=0 tx=0 comp rx=0 tx=0).connect
2024-03-29T08:39:59.386 INFO:teuthology.orchestra.run.smithi084.stdout:/usr/bin/ceph: stderr
2024-03-29T08:39:55.833+0000 7faa6d600700 1 -- 172.21.15.84:0/3131496800 <== mon.0 v2:172.21.15.84:3300/0 5 ==== osd_map(2..2 src has 1..2) v4 ==== 940+0+0 (secure 0 0 0) 0x7faa6404cc40 con 0x7faa7007ad80
2024-03-29T08:39:59.386 INFO:teuthology.orchestra.run.smithi084.stdout:/usr/bin/ceph: stderr
2024-03-29T08:39:55.833+0000 7faa6fe00700 1 --2- 172.21.15.84:0/3131496800 >> [v2:172.21.15.84:6800/2436492699,v1:172.21.15.84:6801/2436492699] conn(0x7faa58038700 0x7faa5803abc0 unknown :-1 s=BANNER_CONNECTING pgs=0 cs=0 l=1 rev1=0 crypto rx=0 tx=0 comp rx=0 tx=0)._handle_peer_banner_payload supported=3 required=0
2024-03-29T08:39:59.386 INFO:teuthology.orchestra.run.smithi084.stdout:/usr/bin/ceph: stderr
2024-03-29T08:39:55.834+0000 7faa6fe00700 1 --2- 172.21.15.84:0/3131496800 >> [v2:172.21.15.84:6800/2436492699,v1:172.21.15.84:6801/2436492699] conn(0x7faa58038700 0x7faa5803abc0 secure :-1 s=READY pgs=11 cs=0 l=1 rev1=1 crypto rx=0x7faa5c006fd0 tx=0x7faa5c006e40 comp rx=0 tx=0).ready entity=mgr.14120 client_cookie=0 server_cookie=0 in_seq=0 out_seq=0
2024-03-29T08:39:59.386 INFO:teuthology.orchestra.run.smithi084.stdout:/usr/bin/ceph: stderr
2024-03-29T08:39:55.838+0000 7faa6d600700 1 -- 172.21.15.84:0/3131496800 <== mon.0 v2:172.21.15.84:3300/0 6 ==== mon_command_ack([{"prefix": "get_command_descriptions"}]=0 v0) v1 ==== 72+0+182738 (secure 0 0 0) 0x7faa6401b6f0 con 0x7faa7007ad80
2024-03-29T08:39:59.386 INFO:teuthology.orchestra.run.smithi084.stdout:/usr/bin/ceph: stderr
2024-03-29T08:39:56.042+0000 7faa77400700 1 -- 172.21.15.84:0/3131496800 --> [v2:172.21.15.84:6800/2436492699,v1:172.21.15.84:6801/2436492699] -- mgr_command(tid 0: {"prefix": "orch host add", "hostname": "smithi084", "addr": "172.21.15.84", "target": ["mon-mgr", ""]}) v1 -- 0x7faa70102c30 con 0x7faa58038700
2024-03-29T08:39:59.386 INFO:teuthology.orchestra.run.smithi084.stdout:/usr/bin/ceph: stderr
2024-03-29T08:39:59.014+0000 7faa6d600700 1 -- 172.21.15.84:0/3131496800 <== mgr.14120 v2:172.21.15.84:6800/2436492699 1 ==== mgr_command_reply(tid 0: 0 ) v1 ==== 8+0+48 (secure 0 0 0) 0x7faa70102c30 con 0x7faa58038700
2024-03-29T08:39:59.386 INFO:teuthology.orchestra.run.smithi084.stdout:/usr/bin/ceph: stderr
2024-03-29T08:39:59.017+0000 7faa77400700 1 -- 172.21.15.84:0/3131496800 >> [v2:172.21.15.84:6800/2436492699,v1:172.21.15.84:6801/2436492699] conn(0x7faa58038700 msgr2=0x7faa5803abc0 secure :-1 s=STATE_CONNECTION_ESTABLISHED l=1).mark_down
2024-03-29T08:39:59.386 INFO:teuthology.orchestra.run.smithi084.stdout:/usr/bin/ceph: stderr
2024-03-29T08:39:59.017+0000 7faa77400700 1 --2- 172.21.15.84:0/3131496800 >> [v2:172.21.15.84:6800/2436492699,v1:172.21.15.84:6801/2436492699] conn(0x7faa58038700 0x7faa5803abc0 secure :-1 s=READY pgs=11 cs=0 l=1 rev1=1 crypto rx=0x7faa5c006fd0 tx=0x7faa5c006e40 comp rx=0 tx=0).stop
2024-03-29T08:39:59.386 INFO:teuthology.orchestra.run.smithi084.stdout:/usr/bin/ceph: stderr
2024-03-29T08:39:59.017+0000 7faa77400700 1 -- 172.21.15.84:0/3131496800 >> [v2:172.21.15.84:3300/0,v1:172.21.15.84:6789/0] conn(0x7faa7007ad80 msgr2=0x7faa7019c290 secure :-1 s=STATE_CONNECTION_ESTABLISHED l=1).mark_down
2024-03-29T08:39:59.386 INFO:teuthology.orchestra.run.smithi084.stdout:/usr/bin/ceph: stderr
2024-03-29T08:39:59.017+0000 7faa77400700 1 --2- 172.21.15.84:0/3131496800 >> [v2:172.21.15.84:3300/0,v1:172.21.15.84:6789/0] conn(0x7faa7007ad80 0x7faa7019c290 secure :-1 s=READY pgs=46 cs=0 l=1 rev1=1 crypto rx=0x7faa64006af0 tx=0x7faa64011a50 comp rx=0 tx=0).stop
2024-03-29T08:39:59.386 INFO:teuthology.orchestra.run.smithi084.stdout:/usr/bin/ceph: stderr
2024-03-29T08:39:59.017+0000 7faa77400700 1 -- 172.21.15.84:0/3131496800 shutdown_connections
2024-03-29T08:39:59.387 INFO:teuthology.orchestra.run.smithi084.stdout:/usr/bin/ceph: stderr
2024-03-29T08:39:59.017+0000 7faa77400700 1 --2- 172.21.15.84:0/3131496800 >> [v2:172.21.15.84:6800/2436492699,v1:172.21.15.84:6801/2436492699] conn(0x7faa58038700 0x7faa5803abc0 unknown :-1 s=CLOSED pgs=11 cs=0 l=1 rev1=1 crypto rx=0 tx=0 comp rx=0 tx=0).stop
2024-03-29T08:39:59.387 INFO:teuthology.orchestra.run.smithi084.stdout:/usr/bin/ceph: stderr
2024-03-29T08:39:59.017+0000 7faa77400700 1 --2- 172.21.15.84:0/3131496800 >> [v2:172.21.15.84:3300/0,v1:172.21.15.84:6789/0] conn(0x7faa7007ad80 0x7faa7019c290 unknown :-1 s=CLOSED pgs=46 cs=0 l=1 rev1=1 crypto rx=0 tx=0 comp rx=0 tx=0).stop
2024-03-29T08:39:59.387 INFO:teuthology.orchestra.run.smithi084.stdout:/usr/bin/ceph: stderr
2024-03-29T08:39:59.017+0000 7faa77400700 1 -- 172.21.15.84:0/3131496800 >> 172.21.15.84:0/3131496800 conn(0x7faa70101a10 msgr2=0x7faa70102520 unknown :-1 s=STATE_NONE l=0).mark_down
2024-03-29T08:39:59.387 INFO:teuthology.orchestra.run.smithi084.stdout:/usr/bin/ceph: stderr
2024-03-29T08:39:59.017+0000 7faa77400700 1 -- 172.21.15.84:0/3131496800 shutdown_connections
2024-03-29T08:39:59.387 INFO:teuthology.orchestra.run.smithi084.stdout:/usr/bin/ceph: stderr
2024-03-29T08:39:59.017+0000 7faa77400700 1 -- 172.21.15.84:0/3131496800 wait complete.
2024-03-29T08:39:59.387 INFO:teuthology.orchestra.run.smithi084.stdout:Deploying unmanaged mon service...
2024-03-29T08:40:00.183 INFO:journalctl@ceph.mon.a.smithi084.stdout:Mar 29 08:40:00 smithi084 ceph-mon[37889]: from='mgr.14120 172.21.15.84:0/3308455786' entity='mgr.x'
2024-03-29T08:40:00.183 INFO:journalctl@ceph.mon.a.smithi084.stdout:Mar 29 08:40:00 smithi084 ceph-mon[37889]: Added host smithi084
2024-03-29T08:40:00.183 INFO:journalctl@ceph.mon.a.smithi084.stdout:Mar 29 08:40:00 smithi084 ceph-mon[37889]: from='mgr.14120 172.21.15.84:0/3308455786' entity='mgr.x' cmd=[{"prefix": "config dump", "format": "json"}]: dispatch
2024-03-29T08:40:00.655 INFO:teuthology.orchestra.run.smithi084.stdout:/usr/bin/ceph: stdout Scheduled mon update...
2024-03-29T08:40:00.655 INFO:teuthology.orchestra.run.smithi084.stdout:/usr/bin/ceph: stderr
2024-03-29T08:39:59.883+0000 7fdae4200700 1 Processor -- start
2024-03-29T08:40:00.656 INFO:teuthology.orchestra.run.smithi084.stdout:/usr/bin/ceph: stderr
2024-03-29T08:39:59.884+0000 7fdae4200700 1 -- start start
2024-03-29T08:40:00.656 INFO:teuthology.orchestra.run.smithi084.stdout:/usr/bin/ceph: stderr
2024-03-29T08:39:59.884+0000 7fdae4200700 1 --2- >> [v2:172.21.15.84:3300/0,v1:172.21.15.84:6789/0] conn(0x7fdadc106470 0x7fdadc106890 unknown :-1 s=NONE pgs=0 cs=0 l=0 rev1=0 crypto rx=0 tx=0 comp rx=0 tx=0).connect
2024-03-29T08:40:00.656 INFO:teuthology.orchestra.run.smithi084.stdout:/usr/bin/ceph: stderr
2024-03-29T08:39:59.884+0000 7fdae4200700 1 -- --> [v2:172.21.15.84:3300/0,v1:172.21.15.84:6789/0] -- mon_getmap magic: 0 v1 -- 0x7fdadc106e60 con 0x7fdadc106470
2024-03-29T08:40:00.656 INFO:teuthology.orchestra.run.smithi084.stdout:/usr/bin/ceph: stderr
2024-03-29T08:39:59.884+0000 7fdae1800700 1 --2- >> [v2:172.21.15.84:3300/0,v1:172.21.15.84:6789/0] conn(0x7fdadc106470 0x7fdadc106890 unknown :-1 s=BANNER_CONNECTING pgs=0 cs=0 l=0 rev1=0 crypto rx=0 tx=0 comp rx=0 tx=0)._handle_peer_banner_payload supported=3 required=0
2024-03-29T08:40:00.656 INFO:teuthology.orchestra.run.smithi084.stdout:/usr/bin/ceph: stderr
2024-03-29T08:39:59.884+0000 7fdae1800700 1 --2- >> [v2:172.21.15.84:3300/0,v1:172.21.15.84:6789/0] conn(0x7fdadc106470 0x7fdadc106890 unknown :-1 s=HELLO_CONNECTING pgs=0 cs=0 l=0 rev1=1 crypto rx=0 tx=0 comp rx=0 tx=0).handle_hello peer v2:172.21.15.84:3300/0 says I am v2:172.21.15.84:41598/0 (socket says 172.21.15.84:41598)
2024-03-29T08:40:00.656 INFO:teuthology.orchestra.run.smithi084.stdout:/usr/bin/ceph: stderr
2024-03-29T08:39:59.884+0000 7fdae1800700 1 -- 172.21.15.84:0/698503271 learned_addr learned my addr 172.21.15.84:0/698503271 (peer_addr_for_me v2:172.21.15.84:0/0)
2024-03-29T08:40:00.656 INFO:teuthology.orchestra.run.smithi084.stdout:/usr/bin/ceph: stderr
2024-03-29T08:39:59.885+0000 7fdae1800700 1 -- 172.21.15.84:0/698503271 --> [v2:172.21.15.84:3300/0,v1:172.21.15.84:6789/0] -- mon_subscribe({config=0+,monmap=0+}) v3 -- 0x7fdadc107670 con 0x7fdadc106470
2024-03-29T08:40:00.656 INFO:teuthology.orchestra.run.smithi084.stdout:/usr/bin/ceph: stderr
2024-03-29T08:39:59.885+0000 7fdae1800700 1 --2- 172.21.15.84:0/698503271 >> [v2:172.21.15.84:3300/0,v1:172.21.15.84:6789/0] conn(0x7fdadc106470 0x7fdadc106890 secure :-1 s=READY pgs=47 cs=0 l=1 rev1=1 crypto rx=0x7fdad00098a0 tx=0x7fdad0009bb0 comp rx=0 tx=0).ready entity=mon.0 client_cookie=8834155a060f44 server_cookie=0 in_seq=0 out_seq=0
2024-03-29T08:40:00.656 INFO:teuthology.orchestra.run.smithi084.stdout:/usr/bin/ceph: stderr
2024-03-29T08:39:59.885+0000 7fdadbe00700 1 -- 172.21.15.84:0/698503271 <== mon.0 v2:172.21.15.84:3300/0 1 ==== mon_map magic: 0 v1 ==== 205+0+0 (secure 0 0 0) 0x7fdad0004160 con 0x7fdadc106470
2024-03-29T08:40:00.656 INFO:teuthology.orchestra.run.smithi084.stdout:/usr/bin/ceph: stderr
2024-03-29T08:39:59.885+0000 7fdadbe00700 1 -- 172.21.15.84:0/698503271 <== mon.0 v2:172.21.15.84:3300/0 2 ==== config(25 keys) v1 ==== 1036+0+0 (secure 0 0 0) 0x7fdad00042c0 con 0x7fdadc106470
2024-03-29T08:40:00.656 INFO:teuthology.orchestra.run.smithi084.stdout:/usr/bin/ceph: stderr
2024-03-29T08:39:59.885+0000 7fdadbe00700 1 -- 172.21.15.84:0/698503271 <== mon.0 v2:172.21.15.84:3300/0 3 ==== mon_map magic: 0 v1 ==== 205+0+0 (secure 0 0 0) 0x7fdad0011940 con 0x7fdadc106470
2024-03-29T08:40:00.656 INFO:teuthology.orchestra.run.smithi084.stdout:/usr/bin/ceph: stderr
2024-03-29T08:39:59.886+0000 7fdae4200700 1 -- 172.21.15.84:0/698503271 >> [v2:172.21.15.84:3300/0,v1:172.21.15.84:6789/0] conn(0x7fdadc106470 msgr2=0x7fdadc106890 secure :-1 s=STATE_CONNECTION_ESTABLISHED l=1).mark_down
2024-03-29T08:40:00.656 INFO:teuthology.orchestra.run.smithi084.stdout:/usr/bin/ceph: stderr
2024-03-29T08:39:59.886+0000 7fdae4200700 1 --2- 172.21.15.84:0/698503271 >> [v2:172.21.15.84:3300/0,v1:172.21.15.84:6789/0] conn(0x7fdadc106470 0x7fdadc106890 secure :-1 s=READY pgs=47 cs=0 l=1 rev1=1 crypto rx=0x7fdad00098a0 tx=0x7fdad0009bb0 comp rx=0 tx=0).stop
2024-03-29T08:40:00.656 INFO:teuthology.orchestra.run.smithi084.stdout:/usr/bin/ceph: stderr
2024-03-29T08:39:59.886+0000 7fdae4200700 1 -- 172.21.15.84:0/698503271 shutdown_connections
2024-03-29T08:40:00.657 INFO:teuthology.orchestra.run.smithi084.stdout:/usr/bin/ceph: stderr
2024-03-29T08:39:59.886+0000 7fdae4200700 1 --2- 172.21.15.84:0/698503271 >> [v2:172.21.15.84:3300/0,v1:172.21.15.84:6789/0] conn(0x7fdadc106470 0x7fdadc106890 unknown :-1 s=CLOSED pgs=47 cs=0 l=1 rev1=1 crypto rx=0 tx=0 comp rx=0 tx=0).stop
2024-03-29T08:40:00.657 INFO:teuthology.orchestra.run.smithi084.stdout:/usr/bin/ceph: stderr
2024-03-29T08:39:59.886+0000 7fdae4200700 1 -- 172.21.15.84:0/698503271 >> 172.21.15.84:0/698503271 conn(0x7fdadc101a10 msgr2=0x7fdadc103e50 unknown :-1 s=STATE_NONE l=0).mark_down
2024-03-29T08:40:00.657 INFO:teuthology.orchestra.run.smithi084.stdout:/usr/bin/ceph: stderr
2024-03-29T08:39:59.886+0000 7fdae4200700 1 -- 172.21.15.84:0/698503271 shutdown_connections
2024-03-29T08:40:00.657 INFO:teuthology.orchestra.run.smithi084.stdout:/usr/bin/ceph: stderr
2024-03-29T08:39:59.886+0000 7fdae4200700 1 -- 172.21.15.84:0/698503271 wait complete.
2024-03-29T08:40:00.657 INFO:teuthology.orchestra.run.smithi084.stdout:/usr/bin/ceph: stderr
2024-03-29T08:39:59.887+0000 7fdae4200700 1 Processor -- start
2024-03-29T08:40:00.657 INFO:teuthology.orchestra.run.smithi084.stdout:/usr/bin/ceph: stderr
2024-03-29T08:39:59.887+0000 7fdae4200700 1 -- start start
2024-03-29T08:40:00.657 INFO:teuthology.orchestra.run.smithi084.stdout:/usr/bin/ceph: stderr
2024-03-29T08:39:59.887+0000 7fdae4200700 1 --2- >> [v2:172.21.15.84:3300/0,v1:172.21.15.84:6789/0] conn(0x7fdadc106470 0x7fdadc19c2c0 unknown :-1 s=NONE pgs=0 cs=0 l=1 rev1=0 crypto rx=0 tx=0 comp rx=0 tx=0).connect
2024-03-29T08:40:00.657 INFO:teuthology.orchestra.run.smithi084.stdout:/usr/bin/ceph: stderr
2024-03-29T08:39:59.888+0000 7fdae4200700 1 -- --> [v2:172.21.15.84:3300/0,v1:172.21.15.84:6789/0] -- mon_getmap magic: 0 v1 -- 0x7fdadc19c800 con 0x7fdadc106470
2024-03-29T08:40:00.657 INFO:teuthology.orchestra.run.smithi084.stdout:/usr/bin/ceph: stderr
2024-03-29T08:39:59.888+0000 7fdae1800700 1 --2- >> [v2:172.21.15.84:3300/0,v1:172.21.15.84:6789/0] conn(0x7fdadc106470 0x7fdadc19c2c0 unknown :-1 s=BANNER_CONNECTING pgs=0 cs=0 l=1 rev1=0 crypto rx=0 tx=0 comp rx=0 tx=0)._handle_peer_banner_payload supported=3 required=0
2024-03-29T08:40:00.657 INFO:teuthology.orchestra.run.smithi084.stdout:/usr/bin/ceph: stderr
2024-03-29T08:39:59.888+0000 7fdae1800700 1 --2- >> [v2:172.21.15.84:3300/0,v1:172.21.15.84:6789/0] conn(0x7fdadc106470 0x7fdadc19c2c0 unknown :-1 s=HELLO_CONNECTING pgs=0 cs=0 l=1 rev1=1 crypto rx=0 tx=0 comp rx=0 tx=0).handle_hello peer v2:172.21.15.84:3300/0 says I am v2:172.21.15.84:41600/0 (socket says 172.21.15.84:41600)
2024-03-29T08:40:00.657 INFO:teuthology.orchestra.run.smithi084.stdout:/usr/bin/ceph: stderr
2024-03-29T08:39:59.888+0000 7fdae1800700 1 -- 172.21.15.84:0/1775069323 learned_addr learned my addr 172.21.15.84:0/1775069323 (peer_addr_for_me v2:172.21.15.84:0/0)
2024-03-29T08:40:00.657 INFO:teuthology.orchestra.run.smithi084.stdout:/usr/bin/ceph: stderr
2024-03-29T08:39:59.888+0000 7fdae1800700 1 -- 172.21.15.84:0/1775069323 --> [v2:172.21.15.84:3300/0,v1:172.21.15.84:6789/0] -- mon_subscribe({config=0+,monmap=0+}) v3 -- 0x7fdad0009550 con 0x7fdadc106470
2024-03-29T08:40:00.657 INFO:teuthology.orchestra.run.smithi084.stdout:/usr/bin/ceph: stderr
2024-03-29T08:39:59.888+0000 7fdae1800700 1 --2- 172.21.15.84:0/1775069323 >> [v2:172.21.15.84:3300/0,v1:172.21.15.84:6789/0] conn(0x7fdadc106470 0x7fdadc19c2c0 secure :-1 s=READY pgs=48 cs=0 l=1 rev1=1 crypto rx=0x7fdad0003f20 tx=0x7fdad0011f00 comp rx=0 tx=0).ready entity=mon.0 client_cookie=0 server_cookie=0 in_seq=0 out_seq=0
2024-03-29T08:40:00.657 INFO:teuthology.orchestra.run.smithi084.stdout:/usr/bin/ceph: stderr
2024-03-29T08:39:59.889+0000 7fdada000700 1 -- 172.21.15.84:0/1775069323 <== mon.0 v2:172.21.15.84:3300/0 1 ==== mon_map magic: 0 v1 ==== 205+0+0 (secure 0 0 0) 0x7fdad00036a0 con 0x7fdadc106470
2024-03-29T08:40:00.658 INFO:teuthology.orchestra.run.smithi084.stdout:/usr/bin/ceph: stderr
2024-03-29T08:39:59.889+0000 7fdada000700 1 -- 172.21.15.84:0/1775069323 <== mon.0 v2:172.21.15.84:3300/0 2 ==== config(25 keys) v1 ==== 1036+0+0 (secure 0 0 0) 0x7fdad001b440 con 0x7fdadc106470
2024-03-29T08:40:00.658 INFO:teuthology.orchestra.run.smithi084.stdout:/usr/bin/ceph: stderr
2024-03-29T08:39:59.889+0000 7fdae4200700 1 -- 172.21.15.84:0/1775069323 --> [v2:172.21.15.84:3300/0,v1:172.21.15.84:6789/0] -- mon_subscribe({mgrmap=0+}) v3 -- 0x7fdadc19ca00 con 0x7fdadc106470
2024-03-29T08:40:00.658 INFO:teuthology.orchestra.run.smithi084.stdout:/usr/bin/ceph: stderr
2024-03-29T08:39:59.889+0000 7fdada000700 1 -- 172.21.15.84:0/1775069323 <== mon.0 v2:172.21.15.84:3300/0 3 ==== mon_map magic: 0 v1 ==== 205+0+0 (secure 0 0 0) 0x7fdad0023400 con 0x7fdadc106470
2024-03-29T08:40:00.658 INFO:teuthology.orchestra.run.smithi084.stdout:/usr/bin/ceph: stderr
2024-03-29T08:39:59.889+0000 7fdae4200700 1 -- 172.21.15.84:0/1775069323 --> [v2:172.21.15.84:3300/0,v1:172.21.15.84:6789/0] -- mon_subscribe({osdmap=0}) v3 -- 0x7fdadc19cea0 con 0x7fdadc106470
2024-03-29T08:40:00.658 INFO:teuthology.orchestra.run.smithi084.stdout:/usr/bin/ceph: stderr
2024-03-29T08:39:59.890+0000 7fdada000700 1 -- 172.21.15.84:0/1775069323 <== mon.0 v2:172.21.15.84:3300/0 4 ==== mgrmap(e 8) v1 ==== 45533+0+0 (secure 0 0 0) 0x7fdad0023670 con 0x7fdadc106470
2024-03-29T08:40:00.658 INFO:teuthology.orchestra.run.smithi084.stdout:/usr/bin/ceph: stderr
2024-03-29T08:39:59.890+0000 7fdae4200700 1 -- 172.21.15.84:0/1775069323 --> [v2:172.21.15.84:3300/0,v1:172.21.15.84:6789/0] -- mon_command({"prefix": "get_command_descriptions"} v 0) v1 -- 0x7fdadc10a8a0 con 0x7fdadc106470
2024-03-29T08:40:00.658 INFO:teuthology.orchestra.run.smithi084.stdout:/usr/bin/ceph: stderr
2024-03-29T08:39:59.890+0000 7fdada000700 1 --2- 172.21.15.84:0/1775069323 >> [v2:172.21.15.84:6800/2436492699,v1:172.21.15.84:6801/2436492699] conn(0x7fdac4038750 0x7fdac403ac10 unknown :-1 s=NONE pgs=0 cs=0 l=1 rev1=0 crypto rx=0 tx=0 comp rx=0 tx=0).connect
2024-03-29T08:40:00.658 INFO:teuthology.orchestra.run.smithi084.stdout:/usr/bin/ceph: stderr
2024-03-29T08:39:59.890+0000 7fdada000700 1 -- 172.21.15.84:0/1775069323 <== mon.0 v2:172.21.15.84:3300/0 5 ==== osd_map(2..2 src has 1..2) v4 ==== 940+0+0 (secure 0 0 0) 0x7fdad004c7b0 con 0x7fdadc106470
2024-03-29T08:40:00.658 INFO:teuthology.orchestra.run.smithi084.stdout:/usr/bin/ceph: stderr
2024-03-29T08:39:59.891+0000 7fdae0e00700 1 --2- 172.21.15.84:0/1775069323 >> [v2:172.21.15.84:6800/2436492699,v1:172.21.15.84:6801/2436492699] conn(0x7fdac4038750 0x7fdac403ac10 unknown :-1 s=BANNER_CONNECTING pgs=0 cs=0 l=1 rev1=0 crypto rx=0 tx=0 comp rx=0 tx=0)._handle_peer_banner_payload supported=3 required=0
2024-03-29T08:40:00.658 INFO:teuthology.orchestra.run.smithi084.stdout:/usr/bin/ceph: stderr
2024-03-29T08:39:59.891+0000 7fdae0e00700 1 --2- 172.21.15.84:0/1775069323 >> [v2:172.21.15.84:6800/2436492699,v1:172.21.15.84:6801/2436492699] conn(0x7fdac4038750 0x7fdac403ac10 secure :-1 s=READY pgs=12 cs=0 l=1 rev1=1 crypto rx=0x7fdac8006fd0 tx=0x7fdac8006e40 comp rx=0 tx=0).ready entity=mgr.14120 client_cookie=0 server_cookie=0 in_seq=0 out_seq=0
2024-03-29T08:40:00.658 INFO:teuthology.orchestra.run.smithi084.stdout:/usr/bin/ceph: stderr
2024-03-29T08:39:59.896+0000 7fdada000700 1 -- 172.21.15.84:0/1775069323 <== mon.0 v2:172.21.15.84:3300/0 6 ==== mon_command_ack([{"prefix": "get_command_descriptions"}]=0 v0) v1 ==== 72+0+182738 (secure 0 0 0) 0x7fdad0023920 con 0x7fdadc106470
2024-03-29T08:40:00.658 INFO:teuthology.orchestra.run.smithi084.stdout:/usr/bin/ceph: stderr
2024-03-29T08:40:00.138+0000 7fdae4200700 1 -- 172.21.15.84:0/1775069323 --> [v2:172.21.15.84:6800/2436492699,v1:172.21.15.84:6801/2436492699] -- mgr_command(tid 0: {"prefix": "orch apply", "service_type": "mon", "unmanaged": true, "target": ["mon-mgr", ""]}) v1 -- 0x7fdadc19f730 con 0x7fdac4038750
2024-03-29T08:40:00.658 INFO:teuthology.orchestra.run.smithi084.stdout:/usr/bin/ceph: stderr
2024-03-29T08:40:00.144+0000 7fdada000700 1 -- 172.21.15.84:0/1775069323 <== mgr.14120 v2:172.21.15.84:6800/2436492699 1 ==== mgr_command_reply(tid 0: 0 ) v1 ==== 8+0+24 (secure 0 0 0) 0x7fdadc19f730 con 0x7fdac4038750
2024-03-29T08:40:00.658 INFO:teuthology.orchestra.run.smithi084.stdout:/usr/bin/ceph: stderr
2024-03-29T08:40:00.146+0000 7fdae4200700 1 -- 172.21.15.84:0/1775069323 >> [v2:172.21.15.84:6800/2436492699,v1:172.21.15.84:6801/2436492699] conn(0x7fdac4038750 msgr2=0x7fdac403ac10 secure :-1 s=STATE_CONNECTION_ESTABLISHED l=1).mark_down
2024-03-29T08:40:00.659 INFO:teuthology.orchestra.run.smithi084.stdout:/usr/bin/ceph: stderr
2024-03-29T08:40:00.146+0000 7fdae4200700 1 --2- 172.21.15.84:0/1775069323 >> [v2:172.21.15.84:6800/2436492699,v1:172.21.15.84:6801/2436492699] conn(0x7fdac4038750 0x7fdac403ac10 secure :-1 s=READY pgs=12 cs=0 l=1 rev1=1 crypto rx=0x7fdac8006fd0 tx=0x7fdac8006e40 comp rx=0 tx=0).stop
2024-03-29T08:40:00.659 INFO:teuthology.orchestra.run.smithi084.stdout:/usr/bin/ceph: stderr
2024-03-29T08:40:00.147+0000 7fdae4200700 1 -- 172.21.15.84:0/1775069323 >> [v2:172.21.15.84:3300/0,v1:172.21.15.84:6789/0] conn(0x7fdadc106470 msgr2=0x7fdadc19c2c0 secure :-1 s=STATE_CONNECTION_ESTABLISHED l=1).mark_down
2024-03-29T08:40:00.659 INFO:teuthology.orchestra.run.smithi084.stdout:/usr/bin/ceph: stderr
2024-03-29T08:40:00.147+0000 7fdae4200700 1 --2- 172.21.15.84:0/1775069323 >> [v2:172.21.15.84:3300/0,v1:172.21.15.84:6789/0] conn(0x7fdadc106470 0x7fdadc19c2c0 secure :-1 s=READY pgs=48 cs=0 l=1 rev1=1 crypto rx=0x7fdad0003f20 tx=0x7fdad0011f00 comp rx=0 tx=0).stop
2024-03-29T08:40:00.659 INFO:teuthology.orchestra.run.smithi084.stdout:/usr/bin/ceph: stderr
2024-03-29T08:40:00.147+0000 7fdae4200700 1 -- 172.21.15.84:0/1775069323 shutdown_connections
2024-03-29T08:40:00.659 INFO:teuthology.orchestra.run.smithi084.stdout:/usr/bin/ceph: stderr
2024-03-29T08:40:00.147+0000 7fdae4200700 1 --2- 172.21.15.84:0/1775069323 >> [v2:172.21.15.84:6800/2436492699,v1:172.21.15.84:6801/2436492699] conn(0x7fdac4038750 0x7fdac403ac10 unknown :-1 s=CLOSED pgs=12 cs=0 l=1 rev1=1 crypto rx=0 tx=0 comp rx=0 tx=0).stop
2024-03-29T08:40:00.659 INFO:teuthology.orchestra.run.smithi084.stdout:/usr/bin/ceph: stderr
2024-03-29T08:40:00.147+0000 7fdae4200700 1 --2- 172.21.15.84:0/1775069323 >> [v2:172.21.15.84:3300/0,v1:172.21.15.84:6789/0] conn(0x7fdadc106470 0x7fdadc19c2c0 unknown :-1 s=CLOSED pgs=48 cs=0 l=1 rev1=1 crypto rx=0 tx=0 comp rx=0 tx=0).stop
2024-03-29T08:40:00.659 INFO:teuthology.orchestra.run.smithi084.stdout:/usr/bin/ceph: stderr
2024-03-29T08:40:00.147+0000 7fdae4200700 1 -- 172.21.15.84:0/1775069323 >> 172.21.15.84:0/1775069323 conn(0x7fdadc101a10 msgr2=0x7fdadc102470 unknown :-1 s=STATE_NONE l=0).mark_down
2024-03-29T08:40:00.659 INFO:teuthology.orchestra.run.smithi084.stdout:/usr/bin/ceph: stderr
2024-03-29T08:40:00.147+0000 7fdae4200700 1 -- 172.21.15.84:0/1775069323 shutdown_connections
2024-03-29T08:40:00.659 INFO:teuthology.orchestra.run.smithi084.stdout:/usr/bin/ceph: stderr
2024-03-29T08:40:00.147+0000 7fdae4200700 1 -- 172.21.15.84:0/1775069323 wait complete.
2024-03-29T08:40:00.659 INFO:teuthology.orchestra.run.smithi084.stdout:Deploying unmanaged mgr service...
2024-03-29T08:40:01.433 INFO:journalctl@ceph.mon.a.smithi084.stdout:Mar 29 08:40:01 smithi084 ceph-mon[37889]: from='client.14142 -' entity='client.admin' cmd=[{"prefix": "orch apply", "service_type": "mon", "unmanaged": true, "target": ["mon-mgr", ""]}]: dispatch
2024-03-29T08:40:01.433 INFO:journalctl@ceph.mon.a.smithi084.stdout:Mar 29 08:40:01 smithi084 ceph-mon[37889]: Saving service mon spec with placement count:5
2024-03-29T08:40:01.433 INFO:journalctl@ceph.mon.a.smithi084.stdout:Mar 29 08:40:01 smithi084 ceph-mon[37889]: from='mgr.14120 172.21.15.84:0/3308455786' entity='mgr.x'
2024-03-29T08:40:01.433 INFO:journalctl@ceph.mon.a.smithi084.stdout:Mar 29 08:40:01 smithi084 ceph-mon[37889]: from='mgr.14120 172.21.15.84:0/3308455786' entity='mgr.x'
2024-03-29T08:40:01.433 INFO:journalctl@ceph.mon.a.smithi084.stdout:Mar 29 08:40:01 smithi084 ceph-mon[37889]: from='mgr.14120 172.21.15.84:0/3308455786' entity='mgr.x'
2024-03-29T08:40:01.663 INFO:teuthology.orchestra.run.smithi084.stdout:/usr/bin/ceph: stdout Scheduled mgr update...
2024-03-29T08:40:01.664 INFO:teuthology.orchestra.run.smithi084.stdout:/usr/bin/ceph: stderr
2024-03-29T08:40:01.074+0000 7f88b0a00700 1 Processor -- start
2024-03-29T08:40:01.664 INFO:teuthology.orchestra.run.smithi084.stdout:/usr/bin/ceph: stderr
2024-03-29T08:40:01.074+0000 7f88b0a00700 1 -- start start
2024-03-29T08:40:01.664 INFO:teuthology.orchestra.run.smithi084.stdout:/usr/bin/ceph: stderr
2024-03-29T08:40:01.074+0000 7f88b0a00700 1 --2- >> [v2:172.21.15.84:3300/0,v1:172.21.15.84:6789/0] conn(0x7f88ac106470 0x7f88ac106890 unknown :-1 s=NONE pgs=0 cs=0 l=0 rev1=0 crypto rx=0 tx=0 comp rx=0 tx=0).connect
2024-03-29T08:40:01.664 INFO:teuthology.orchestra.run.smithi084.stdout:/usr/bin/ceph: stderr
2024-03-29T08:40:01.074+0000 7f88b0a00700 1 -- --> [v2:172.21.15.84:3300/0,v1:172.21.15.84:6789/0] -- mon_getmap magic: 0 v1 -- 0x7f88ac106e60 con 0x7f88ac106470
2024-03-29T08:40:01.664 INFO:teuthology.orchestra.run.smithi084.stdout:/usr/bin/ceph: stderr
2024-03-29T08:40:01.075+0000 7f88a9e00700 1 --2- >> [v2:172.21.15.84:3300/0,v1:172.21.15.84:6789/0] conn(0x7f88ac106470 0x7f88ac106890 unknown :-1 s=BANNER_CONNECTING pgs=0 cs=0 l=0 rev1=0 crypto rx=0 tx=0 comp rx=0 tx=0)._handle_peer_banner_payload supported=3 required=0
2024-03-29T08:40:01.664 INFO:teuthology.orchestra.run.smithi084.stdout:/usr/bin/ceph: stderr
2024-03-29T08:40:01.075+0000 7f88a9e00700 1 --2- >> [v2:172.21.15.84:3300/0,v1:172.21.15.84:6789/0] conn(0x7f88ac106470 0x7f88ac106890 unknown :-1 s=HELLO_CONNECTING pgs=0 cs=0 l=0 rev1=1 crypto rx=0 tx=0 comp rx=0 tx=0).handle_hello peer v2:172.21.15.84:3300/0 says I am v2:172.21.15.84:41604/0 (socket says 172.21.15.84:41604)
2024-03-29T08:40:01.664 INFO:teuthology.orchestra.run.smithi084.stdout:/usr/bin/ceph: stderr
2024-03-29T08:40:01.075+0000 7f88a9e00700 1 -- 172.21.15.84:0/2360495071 learned_addr learned my addr 172.21.15.84:0/2360495071 (peer_addr_for_me v2:172.21.15.84:0/0)
2024-03-29T08:40:01.664 INFO:teuthology.orchestra.run.smithi084.stdout:/usr/bin/ceph: stderr
2024-03-29T08:40:01.075+0000 7f88a9e00700 1 -- 172.21.15.84:0/2360495071 --> [v2:172.21.15.84:3300/0,v1:172.21.15.84:6789/0] -- mon_subscribe({config=0+,monmap=0+}) v3 -- 0x7f88ac107670 con 0x7f88ac106470
2024-03-29T08:40:01.664 INFO:teuthology.orchestra.run.smithi084.stdout:/usr/bin/ceph: stderr
2024-03-29T08:40:01.075+0000 7f88a9e00700 1 --2- 172.21.15.84:0/2360495071 >> [v2:172.21.15.84:3300/0,v1:172.21.15.84:6789/0] conn(0x7f88ac106470 0x7f88ac106890 secure :-1 s=READY pgs=49 cs=0 l=1 rev1=1 crypto rx=0x7f889c0098a0 tx=0x7f889c009bb0 comp rx=0 tx=0).ready entity=mon.0 client_cookie=87e4f71f72a6e48b server_cookie=0 in_seq=0 out_seq=0
2024-03-29T08:40:01.665 INFO:teuthology.orchestra.run.smithi084.stdout:/usr/bin/ceph: stderr
2024-03-29T08:40:01.076+0000 7f88a8a00700 1 -- 172.21.15.84:0/2360495071 <== mon.0 v2:172.21.15.84:3300/0 1 ==== mon_map magic: 0 v1 ==== 205+0+0 (secure 0 0 0) 0x7f889c004160 con 0x7f88ac106470
2024-03-29T08:40:01.665 INFO:teuthology.orchestra.run.smithi084.stdout:/usr/bin/ceph: stderr
2024-03-29T08:40:01.076+0000 7f88a8a00700 1 -- 172.21.15.84:0/2360495071 <== mon.0 v2:172.21.15.84:3300/0 2 ==== config(25 keys) v1 ==== 1067+0+0 (secure 0 0 0) 0x7f889c0042c0 con 0x7f88ac106470
2024-03-29T08:40:01.665 INFO:teuthology.orchestra.run.smithi084.stdout:/usr/bin/ceph: stderr
2024-03-29T08:40:01.076+0000 7f88a8a00700 1 -- 172.21.15.84:0/2360495071 <== mon.0 v2:172.21.15.84:3300/0 3 ==== mon_map magic: 0 v1 ==== 205+0+0 (secure 0 0 0) 0x7f889c0118e0 con 0x7f88ac106470
2024-03-29T08:40:01.665 INFO:teuthology.orchestra.run.smithi084.stdout:/usr/bin/ceph: stderr
2024-03-29T08:40:01.076+0000 7f88b0a00700 1 -- 172.21.15.84:0/2360495071 >> [v2:172.21.15.84:3300/0,v1:172.21.15.84:6789/0] conn(0x7f88ac106470 msgr2=0x7f88ac106890 secure :-1 s=STATE_CONNECTION_ESTABLISHED l=1).mark_down
2024-03-29T08:40:01.665 INFO:teuthology.orchestra.run.smithi084.stdout:/usr/bin/ceph: stderr
2024-03-29T08:40:01.076+0000 7f88b0a00700 1 --2- 172.21.15.84:0/2360495071 >> [v2:172.21.15.84:3300/0,v1:172.21.15.84:6789/0] conn(0x7f88ac106470 0x7f88ac106890 secure :-1 s=READY pgs=49 cs=0 l=1 rev1=1 crypto rx=0x7f889c0098a0 tx=0x7f889c009bb0 comp rx=0 tx=0).stop
2024-03-29T08:40:01.665 INFO:teuthology.orchestra.run.smithi084.stdout:/usr/bin/ceph: stderr
2024-03-29T08:40:01.076+0000 7f88b0a00700 1 -- 172.21.15.84:0/2360495071 shutdown_connections
2024-03-29T08:40:01.665 INFO:teuthology.orchestra.run.smithi084.stdout:/usr/bin/ceph: stderr
2024-03-29T08:40:01.076+0000 7f88b0a00700 1 --2- 172.21.15.84:0/2360495071 >> [v2:172.21.15.84:3300/0,v1:172.21.15.84:6789/0] conn(0x7f88ac106470 0x7f88ac106890 unknown :-1 s=CLOSED pgs=49 cs=0 l=1 rev1=1 crypto rx=0 tx=0 comp rx=0 tx=0).stop
2024-03-29T08:40:01.666 INFO:teuthology.orchestra.run.smithi084.stdout:/usr/bin/ceph: stderr
2024-03-29T08:40:01.076+0000 7f88b0a00700 1 -- 172.21.15.84:0/2360495071 >> 172.21.15.84:0/2360495071 conn(0x7f88ac101a10 msgr2=0x7f88ac103e50 unknown :-1 s=STATE_NONE l=0).mark_down
2024-03-29T08:40:01.666 INFO:teuthology.orchestra.run.smithi084.stdout:/usr/bin/ceph: stderr
2024-03-29T08:40:01.077+0000 7f88b0a00700 1 -- 172.21.15.84:0/2360495071 shutdown_connections
2024-03-29T08:40:01.666 INFO:teuthology.orchestra.run.smithi084.stdout:/usr/bin/ceph: stderr
2024-03-29T08:40:01.077+0000 7f88b0a00700 1 -- 172.21.15.84:0/2360495071 wait complete.
2024-03-29T08:40:01.666 INFO:teuthology.orchestra.run.smithi084.stdout:/usr/bin/ceph: stderr
2024-03-29T08:40:01.078+0000 7f88b0a00700 1 Processor -- start
2024-03-29T08:40:01.666 INFO:teuthology.orchestra.run.smithi084.stdout:/usr/bin/ceph: stderr
2024-03-29T08:40:01.078+0000 7f88b0a00700 1 -- start start
2024-03-29T08:40:01.666 INFO:teuthology.orchestra.run.smithi084.stdout:/usr/bin/ceph: stderr
2024-03-29T08:40:01.078+0000 7f88b0a00700 1 --2- >> [v2:172.21.15.84:3300/0,v1:172.21.15.84:6789/0] conn(0x7f88ac106470 0x7f88ac19c3a0 unknown :-1 s=NONE pgs=0 cs=0 l=1 rev1=0 crypto rx=0 tx=0 comp rx=0 tx=0).connect
2024-03-29T08:40:01.666 INFO:teuthology.orchestra.run.smithi084.stdout:/usr/bin/ceph: stderr
2024-03-29T08:40:01.078+0000 7f88b0a00700 1 -- --> [v2:172.21.15.84:3300/0,v1:172.21.15.84:6789/0] -- mon_getmap magic: 0 v1 -- 0x7f88ac19c8e0 con 0x7f88ac106470
2024-03-29T08:40:01.666 INFO:teuthology.orchestra.run.smithi084.stdout:/usr/bin/ceph: stderr
2024-03-29T08:40:01.078+0000 7f88a9e00700 1 --2- >> [v2:172.21.15.84:3300/0,v1:172.21.15.84:6789/0] conn(0x7f88ac106470 0x7f88ac19c3a0 unknown :-1 s=BANNER_CONNECTING pgs=0 cs=0 l=1 rev1=0 crypto rx=0 tx=0 comp rx=0 tx=0)._handle_peer_banner_payload supported=3 required=0
2024-03-29T08:40:01.666 INFO:teuthology.orchestra.run.smithi084.stdout:/usr/bin/ceph: stderr
2024-03-29T08:40:01.078+0000 7f88a9e00700 1 --2- >> [v2:172.21.15.84:3300/0,v1:172.21.15.84:6789/0] conn(0x7f88ac106470 0x7f88ac19c3a0 unknown :-1 s=HELLO_CONNECTING pgs=0 cs=0 l=1 rev1=1 crypto rx=0 tx=0 comp rx=0 tx=0).handle_hello peer v2:172.21.15.84:3300/0 says I am v2:172.21.15.84:41620/0 (socket says 172.21.15.84:41620)
2024-03-29T08:40:01.666 INFO:teuthology.orchestra.run.smithi084.stdout:/usr/bin/ceph: stderr
2024-03-29T08:40:01.078+0000 7f88a9e00700 1 -- 172.21.15.84:0/180964858 learned_addr learned my addr 172.21.15.84:0/180964858 (peer_addr_for_me v2:172.21.15.84:0/0)
2024-03-29T08:40:01.666 INFO:teuthology.orchestra.run.smithi084.stdout:/usr/bin/ceph: stderr
2024-03-29T08:40:01.079+0000 7f88a9e00700 1 -- 172.21.15.84:0/180964858 --> [v2:172.21.15.84:3300/0,v1:172.21.15.84:6789/0] -- mon_subscribe({config=0+,monmap=0+}) v3 -- 0x7f889c009550 con 0x7f88ac106470
2024-03-29T08:40:01.666 INFO:teuthology.orchestra.run.smithi084.stdout:/usr/bin/ceph: stderr
2024-03-29T08:40:01.079+0000 7f88a9e00700 1 --2- 172.21.15.84:0/180964858 >> [v2:172.21.15.84:3300/0,v1:172.21.15.84:6789/0] conn(0x7f88ac106470 0x7f88ac19c3a0 secure :-1 s=READY pgs=50 cs=0 l=1 rev1=1 crypto rx=0x7f889c003f70 tx=0x7f889c0119a0 comp rx=0 tx=0).ready entity=mon.0 client_cookie=0 server_cookie=0 in_seq=0 out_seq=0
2024-03-29T08:40:01.667 INFO:teuthology.orchestra.run.smithi084.stdout:/usr/bin/ceph: stderr
2024-03-29T08:40:01.079+0000 7f88a2a00700 1 -- 172.21.15.84:0/180964858 <== mon.0 v2:172.21.15.84:3300/0 1 ==== mon_map magic: 0 v1 ==== 205+0+0 (secure 0 0 0) 0x7f889c0036a0 con 0x7f88ac106470
2024-03-29T08:40:01.667 INFO:teuthology.orchestra.run.smithi084.stdout:/usr/bin/ceph: stderr
2024-03-29T08:40:01.079+0000 7f88a2a00700 1 -- 172.21.15.84:0/180964858 <== mon.0 v2:172.21.15.84:3300/0 2 ==== config(25 keys) v1 ==== 1067+0+0 (secure 0 0 0) 0x7f889c01b440 con 0x7f88ac106470
2024-03-29T08:40:01.667 INFO:teuthology.orchestra.run.smithi084.stdout:/usr/bin/ceph: stderr
2024-03-29T08:40:01.079+0000 7f88a2a00700 1 -- 172.21.15.84:0/180964858 <== mon.0 v2:172.21.15.84:3300/0 3 ==== mon_map magic: 0 v1 ==== 205+0+0 (secure 0 0 0) 0x7f889c023400 con 0x7f88ac106470
2024-03-29T08:40:01.667 INFO:teuthology.orchestra.run.smithi084.stdout:/usr/bin/ceph: stderr
2024-03-29T08:40:01.079+0000 7f88b0a00700 1 -- 172.21.15.84:0/180964858 --> [v2:172.21.15.84:3300/0,v1:172.21.15.84:6789/0] -- mon_subscribe({mgrmap=0+}) v3 -- 0x7f88ac19cae0 con 0x7f88ac106470
2024-03-29T08:40:01.667 INFO:teuthology.orchestra.run.smithi084.stdout:/usr/bin/ceph: stderr
2024-03-29T08:40:01.079+0000 7f88b0a00700 1 -- 172.21.15.84:0/180964858 --> [v2:172.21.15.84:3300/0,v1:172.21.15.84:6789/0] -- mon_subscribe({osdmap=0}) v3 -- 0x7f88ac19cf80 con 0x7f88ac106470
2024-03-29T08:40:01.667 INFO:teuthology.orchestra.run.smithi084.stdout:/usr/bin/ceph: stderr
2024-03-29T08:40:01.080+0000 7f88a2a00700 1 -- 172.21.15.84:0/180964858 <== mon.0 v2:172.21.15.84:3300/0 4 ==== mgrmap(e 8) v1 ==== 45533+0+0 (secure 0 0 0) 0x7f889c003800 con 0x7f88ac106470
2024-03-29T08:40:01.667 INFO:teuthology.orchestra.run.smithi084.stdout:/usr/bin/ceph: stderr
2024-03-29T08:40:01.081+0000 7f88b0a00700 1 -- 172.21.15.84:0/180964858 --> [v2:172.21.15.84:3300/0,v1:172.21.15.84:6789/0] -- mon_command({"prefix": "get_command_descriptions"} v 0) v1 -- 0x7f88ac10a8a0 con 0x7f88ac106470
