2024-03-29T09:02:11.800+0000 7ff826800700 1 --2- 172.21.15.49:0/2185008721 >> [v2:172.21.15.49:3300/0,v1:172.21.15.49:6789/0] conn(0x7ff82807be60 0x7ff82819c380 secure :-1 s=READY pgs=46 cs=0 l=1 rev1=1 crypto rx=0x7ff818011710 tx=0x7ff818011ad0 comp rx=0 tx=0).ready entity=mon.0 client_cookie=0 server_cookie=0 in_seq=0 out_seq=0
2024-03-29T09:02:12.783 INFO:teuthology.orchestra.run.smithi049.stdout:/usr/bin/ceph: stderr
2024-03-29T09:02:11.801+0000 7ff81f400700 1 -- 172.21.15.49:0/2185008721 <== mon.0 v2:172.21.15.49:3300/0 1 ==== mon_map magic: 0 v1 ==== 205+0+0 (secure 0 0 0) 0x7ff818003aa0 con 0x7ff82807be60
2024-03-29T09:02:12.784 INFO:teuthology.orchestra.run.smithi049.stdout:/usr/bin/ceph: stderr
2024-03-29T09:02:11.801+0000 7ff81f400700 1 -- 172.21.15.49:0/2185008721 <== mon.0 v2:172.21.15.49:3300/0 2 ==== config(26 keys) v1 ==== 1074+0+0 (secure 0 0 0) 0x7ff818003c00 con 0x7ff82807be60
2024-03-29T09:02:12.784 INFO:teuthology.orchestra.run.smithi049.stdout:/usr/bin/ceph: stderr
2024-03-29T09:02:11.801+0000 7ff82d400700 1 -- 172.21.15.49:0/2185008721 --> [v2:172.21.15.49:3300/0,v1:172.21.15.49:6789/0] -- mon_subscribe({mgrmap=0+}) v3 -- 0x7ff82819cac0 con 0x7ff82807be60
2024-03-29T09:02:12.784 INFO:teuthology.orchestra.run.smithi049.stdout:/usr/bin/ceph: stderr
2024-03-29T09:02:11.801+0000 7ff81f400700 1 -- 172.21.15.49:0/2185008721 <== mon.0 v2:172.21.15.49:3300/0 3 ==== mon_map magic: 0 v1 ==== 205+0+0 (secure 0 0 0) 0x7ff818024800 con 0x7ff82807be60
2024-03-29T09:02:12.784 INFO:teuthology.orchestra.run.smithi049.stdout:/usr/bin/ceph: stderr
2024-03-29T09:02:11.801+0000 7ff82d400700 1 -- 172.21.15.49:0/2185008721 --> [v2:172.21.15.49:3300/0,v1:172.21.15.49:6789/0] -- mon_subscribe({osdmap=0}) v3 -- 0x7ff82819cf60 con 0x7ff82807be60
2024-03-29T09:02:12.784 INFO:teuthology.orchestra.run.smithi049.stdout:/usr/bin/ceph: stderr
2024-03-29T09:02:11.802+0000 7ff82d400700 1 -- 172.21.15.49:0/2185008721 --> [v2:172.21.15.49:3300/0,v1:172.21.15.49:6789/0] -- mon_command({"prefix": "get_command_descriptions"} v 0) v1 -- 0x7ff82810c7d0 con 0x7ff82807be60
2024-03-29T09:02:12.784 INFO:teuthology.orchestra.run.smithi049.stdout:/usr/bin/ceph: stderr
2024-03-29T09:02:11.802+0000 7ff81f400700 1 -- 172.21.15.49:0/2185008721 <== mon.0 v2:172.21.15.49:3300/0 4 ==== mgrmap(e 8) v1 ==== 45533+0+0 (secure 0 0 0) 0x7ff81801abd0 con 0x7ff82807be60
2024-03-29T09:02:12.784 INFO:teuthology.orchestra.run.smithi049.stdout:/usr/bin/ceph: stderr
2024-03-29T09:02:11.803+0000 7ff81f400700 1 --2- 172.21.15.49:0/2185008721 >> [v2:172.21.15.49:6800/565660301,v1:172.21.15.49:6801/565660301] conn(0x7ff80c038750 0x7ff80c03ac10 unknown :-1 s=NONE pgs=0 cs=0 l=1 rev1=0 crypto rx=0 tx=0 comp rx=0 tx=0).connect
2024-03-29T09:02:12.784 INFO:teuthology.orchestra.run.smithi049.stdout:/usr/bin/ceph: stderr
2024-03-29T09:02:11.803+0000 7ff81f400700 1 -- 172.21.15.49:0/2185008721 <== mon.0 v2:172.21.15.49:3300/0 5 ==== osd_map(2..2 src has 1..2) v4 ==== 940+0+0 (secure 0 0 0) 0x7ff81804c590 con 0x7ff82807be60
2024-03-29T09:02:12.784 INFO:teuthology.orchestra.run.smithi049.stdout:/usr/bin/ceph: stderr
2024-03-29T09:02:11.803+0000 7ff81fe00700 1 --2- 172.21.15.49:0/2185008721 >> [v2:172.21.15.49:6800/565660301,v1:172.21.15.49:6801/565660301] conn(0x7ff80c038750 0x7ff80c03ac10 unknown :-1 s=BANNER_CONNECTING pgs=0 cs=0 l=1 rev1=0 crypto rx=0 tx=0 comp rx=0 tx=0)._handle_peer_banner_payload supported=3 required=0
2024-03-29T09:02:12.784 INFO:teuthology.orchestra.run.smithi049.stdout:/usr/bin/ceph: stderr
2024-03-29T09:02:11.804+0000 7ff81fe00700 1 --2- 172.21.15.49:0/2185008721 >> [v2:172.21.15.49:6800/565660301,v1:172.21.15.49:6801/565660301] conn(0x7ff80c038750 0x7ff80c03ac10 secure :-1 s=READY pgs=10 cs=0 l=1 rev1=1 crypto rx=0x7ff810006fd0 tx=0x7ff810006e40 comp rx=0 tx=0).ready entity=mgr.14122 client_cookie=0 server_cookie=0 in_seq=0 out_seq=0
2024-03-29T09:02:12.784 INFO:teuthology.orchestra.run.smithi049.stdout:/usr/bin/ceph: stderr
2024-03-29T09:02:11.808+0000 7ff81f400700 1 -- 172.21.15.49:0/2185008721 <== mon.0 v2:172.21.15.49:3300/0 6 ==== mon_command_ack([{"prefix": "get_command_descriptions"}]=0 v0) v1 ==== 72+0+182738 (secure 0 0 0) 0x7ff818024960 con 0x7ff82807be60
2024-03-29T09:02:12.784 INFO:teuthology.orchestra.run.smithi049.stdout:/usr/bin/ceph: stderr
2024-03-29T09:02:12.021+0000 7ff82d400700 1 -- 172.21.15.49:0/2185008721 --> [v2:172.21.15.49:6800/565660301,v1:172.21.15.49:6801/565660301] -- mgr_command(tid 0: {"prefix": "cephadm get-pub-key", "target": ["mon-mgr", ""]}) v1 -- 0x7ff828102cb0 con 0x7ff80c038750
2024-03-29T09:02:12.784 INFO:teuthology.orchestra.run.smithi049.stdout:/usr/bin/ceph: stderr
2024-03-29T09:02:12.022+0000 7ff81f400700 1 -- 172.21.15.49:0/2185008721 <== mgr.14122 v2:172.21.15.49:6800/565660301 1 ==== mgr_command_reply(tid 0: 0 ) v1 ==== 8+0+595 (secure 0 0 0) 0x7ff828102cb0 con 0x7ff80c038750
2024-03-29T09:02:12.784 INFO:teuthology.orchestra.run.smithi049.stdout:/usr/bin/ceph: stderr
2024-03-29T09:02:12.024+0000 7ff82d400700 1 -- 172.21.15.49:0/2185008721 >> [v2:172.21.15.49:6800/565660301,v1:172.21.15.49:6801/565660301] conn(0x7ff80c038750 msgr2=0x7ff80c03ac10 secure :-1 s=STATE_CONNECTION_ESTABLISHED l=1).mark_down
2024-03-29T09:02:12.785 INFO:teuthology.orchestra.run.smithi049.stdout:/usr/bin/ceph: stderr
2024-03-29T09:02:12.024+0000 7ff82d400700 1 --2- 172.21.15.49:0/2185008721 >> [v2:172.21.15.49:6800/565660301,v1:172.21.15.49:6801/565660301] conn(0x7ff80c038750 0x7ff80c03ac10 secure :-1 s=READY pgs=10 cs=0 l=1 rev1=1 crypto rx=0x7ff810006fd0 tx=0x7ff810006e40 comp rx=0 tx=0).stop
2024-03-29T09:02:12.785 INFO:teuthology.orchestra.run.smithi049.stdout:/usr/bin/ceph: stderr
2024-03-29T09:02:12.024+0000 7ff82d400700 1 -- 172.21.15.49:0/2185008721 >> [v2:172.21.15.49:3300/0,v1:172.21.15.49:6789/0] conn(0x7ff82807be60 msgr2=0x7ff82819c380 secure :-1 s=STATE_CONNECTION_ESTABLISHED l=1).mark_down
2024-03-29T09:02:12.785 INFO:teuthology.orchestra.run.smithi049.stdout:/usr/bin/ceph: stderr
2024-03-29T09:02:12.024+0000 7ff82d400700 1 --2- 172.21.15.49:0/2185008721 >> [v2:172.21.15.49:3300/0,v1:172.21.15.49:6789/0] conn(0x7ff82807be60 0x7ff82819c380 secure :-1 s=READY pgs=46 cs=0 l=1 rev1=1 crypto rx=0x7ff818011710 tx=0x7ff818011ad0 comp rx=0 tx=0).stop
2024-03-29T09:02:12.785 INFO:teuthology.orchestra.run.smithi049.stdout:/usr/bin/ceph: stderr
2024-03-29T09:02:12.024+0000 7ff82d400700 1 -- 172.21.15.49:0/2185008721 shutdown_connections
2024-03-29T09:02:12.785 INFO:teuthology.orchestra.run.smithi049.stdout:/usr/bin/ceph: stderr
2024-03-29T09:02:12.024+0000 7ff82d400700 1 --2- 172.21.15.49:0/2185008721 >> [v2:172.21.15.49:6800/565660301,v1:172.21.15.49:6801/565660301] conn(0x7ff80c038750 0x7ff80c03ac10 unknown :-1 s=CLOSED pgs=10 cs=0 l=1 rev1=1 crypto rx=0 tx=0 comp rx=0 tx=0).stop
2024-03-29T09:02:12.785 INFO:teuthology.orchestra.run.smithi049.stdout:/usr/bin/ceph: stderr
2024-03-29T09:02:12.024+0000 7ff82d400700 1 --2- 172.21.15.49:0/2185008721 >> [v2:172.21.15.49:3300/0,v1:172.21.15.49:6789/0] conn(0x7ff82807be60 0x7ff82819c380 unknown :-1 s=CLOSED pgs=46 cs=0 l=1 rev1=1 crypto rx=0 tx=0 comp rx=0 tx=0).stop
2024-03-29T09:02:12.785 INFO:teuthology.orchestra.run.smithi049.stdout:/usr/bin/ceph: stderr
2024-03-29T09:02:12.024+0000 7ff82d400700 1 -- 172.21.15.49:0/2185008721 >> 172.21.15.49:0/2185008721 conn(0x7ff828101960 msgr2=0x7ff8281025a0 unknown :-1 s=STATE_NONE l=0).mark_down
2024-03-29T09:02:12.785 INFO:teuthology.orchestra.run.smithi049.stdout:/usr/bin/ceph: stderr
2024-03-29T09:02:12.024+0000 7ff82d400700 1 -- 172.21.15.49:0/2185008721 shutdown_connections
2024-03-29T09:02:12.785 INFO:teuthology.orchestra.run.smithi049.stdout:/usr/bin/ceph: stderr
2024-03-29T09:02:12.024+0000 7ff82d400700 1 -- 172.21.15.49:0/2185008721 wait complete.
2024-03-29T09:02:12.785 INFO:teuthology.orchestra.run.smithi049.stdout:Wrote public SSH key to /home/ubuntu/cephtest/ceph.pub
2024-03-29T09:02:12.785 INFO:teuthology.orchestra.run.smithi049.stdout:Adding key to root@localhost authorized_keys...
2024-03-29T09:02:12.786 INFO:teuthology.orchestra.run.smithi049.stdout:Adding host smithi049...
2024-03-29T09:02:12.948 INFO:journalctl@ceph.mon.a.smithi049.stdout:Mar 29 09:02:12 smithi049 ceph-mon[38250]: from='client.14140 -' entity='client.admin' cmd=[{"prefix": "cephadm get-pub-key", "target": ["mon-mgr", ""]}]: dispatch
2024-03-29T09:02:13.698 INFO:journalctl@ceph.mon.a.smithi049.stdout:Mar 29 09:02:13 smithi049 ceph-mon[38250]: from='client.14142 -' entity='client.admin' cmd=[{"prefix": "orch host add", "hostname": "smithi049", "addr": "172.21.15.49", "target": ["mon-mgr", ""]}]: dispatch
2024-03-29T09:02:14.730 INFO:journalctl@ceph.mon.a.smithi049.stdout:Mar 29 09:02:14 smithi049 ceph-mon[38250]: Deploying cephadm binary to smithi049
2024-03-29T09:02:16.879 INFO:teuthology.orchestra.run.smithi049.stdout:/usr/bin/ceph: stdout Added host 'smithi049' with addr '172.21.15.49'
2024-03-29T09:02:16.879 INFO:teuthology.orchestra.run.smithi049.stdout:/usr/bin/ceph: stderr
2024-03-29T09:02:13.183+0000 7f5841000700 1 Processor -- start
2024-03-29T09:02:16.880 INFO:teuthology.orchestra.run.smithi049.stdout:/usr/bin/ceph: stderr
2024-03-29T09:02:13.184+0000 7f5841000700 1 -- start start
2024-03-29T09:02:16.880 INFO:teuthology.orchestra.run.smithi049.stdout:/usr/bin/ceph: stderr
2024-03-29T09:02:13.184+0000 7f5841000700 1 --2- >> [v2:172.21.15.49:3300/0,v1:172.21.15.49:6789/0] conn(0x7f583c07be40 0x7f583c07a2a0 unknown :-1 s=NONE pgs=0 cs=0 l=0 rev1=0 crypto rx=0 tx=0 comp rx=0 tx=0).connect
2024-03-29T09:02:16.880 INFO:teuthology.orchestra.run.smithi049.stdout:/usr/bin/ceph: stderr
2024-03-29T09:02:13.184+0000 7f5841000700 1 -- --> [v2:172.21.15.49:3300/0,v1:172.21.15.49:6789/0] -- mon_getmap magic: 0 v1 -- 0x7f583c07a870 con 0x7f583c07be40
2024-03-29T09:02:16.880 INFO:teuthology.orchestra.run.smithi049.stdout:/usr/bin/ceph: stderr
2024-03-29T09:02:13.184+0000 7f5839e00700 1 --2- >> [v2:172.21.15.49:3300/0,v1:172.21.15.49:6789/0] conn(0x7f583c07be40 0x7f583c07a2a0 unknown :-1 s=BANNER_CONNECTING pgs=0 cs=0 l=0 rev1=0 crypto rx=0 tx=0 comp rx=0 tx=0)._handle_peer_banner_payload supported=3 required=0
2024-03-29T09:02:16.880 INFO:teuthology.orchestra.run.smithi049.stdout:/usr/bin/ceph: stderr
2024-03-29T09:02:13.184+0000 7f5839e00700 1 --2- >> [v2:172.21.15.49:3300/0,v1:172.21.15.49:6789/0] conn(0x7f583c07be40 0x7f583c07a2a0 unknown :-1 s=HELLO_CONNECTING pgs=0 cs=0 l=0 rev1=1 crypto rx=0 tx=0 comp rx=0 tx=0).handle_hello peer v2:172.21.15.49:3300/0 says I am v2:172.21.15.49:44232/0 (socket says 172.21.15.49:44232)
2024-03-29T09:02:16.880 INFO:teuthology.orchestra.run.smithi049.stdout:/usr/bin/ceph: stderr
2024-03-29T09:02:13.184+0000 7f5839e00700 1 -- 172.21.15.49:0/1297306222 learned_addr learned my addr 172.21.15.49:0/1297306222 (peer_addr_for_me v2:172.21.15.49:0/0)
2024-03-29T09:02:16.880 INFO:teuthology.orchestra.run.smithi049.stdout:/usr/bin/ceph: stderr
2024-03-29T09:02:13.185+0000 7f5839e00700 1 -- 172.21.15.49:0/1297306222 --> [v2:172.21.15.49:3300/0,v1:172.21.15.49:6789/0] -- mon_subscribe({config=0+,monmap=0+}) v3 -- 0x7f583c07a9b0 con 0x7f583c07be40
2024-03-29T09:02:16.880 INFO:teuthology.orchestra.run.smithi049.stdout:/usr/bin/ceph: stderr
2024-03-29T09:02:13.185+0000 7f5839e00700 1 --2- 172.21.15.49:0/1297306222 >> [v2:172.21.15.49:3300/0,v1:172.21.15.49:6789/0] conn(0x7f583c07be40 0x7f583c07a2a0 secure :-1 s=READY pgs=47 cs=0 l=1 rev1=1 crypto rx=0x7f582c0098a0 tx=0x7f582c009bb0 comp rx=0 tx=0).ready entity=mon.0 client_cookie=ded8a3314624f5e2 server_cookie=0 in_seq=0 out_seq=0
2024-03-29T09:02:16.880 INFO:teuthology.orchestra.run.smithi049.stdout:/usr/bin/ceph: stderr
2024-03-29T09:02:13.185+0000 7f5839400700 1 -- 172.21.15.49:0/1297306222 <== mon.0 v2:172.21.15.49:3300/0 1 ==== mon_map magic: 0 v1 ==== 205+0+0 (secure 0 0 0) 0x7f582c004160 con 0x7f583c07be40
2024-03-29T09:02:16.880 INFO:teuthology.orchestra.run.smithi049.stdout:/usr/bin/ceph: stderr
2024-03-29T09:02:13.185+0000 7f5839400700 1 -- 172.21.15.49:0/1297306222 <== mon.0 v2:172.21.15.49:3300/0 2 ==== config(26 keys) v1 ==== 1074+0+0 (secure 0 0 0) 0x7f582c0042c0 con 0x7f583c07be40
2024-03-29T09:02:16.881 INFO:teuthology.orchestra.run.smithi049.stdout:/usr/bin/ceph: stderr
2024-03-29T09:02:13.185+0000 7f5839400700 1 -- 172.21.15.49:0/1297306222 <== mon.0 v2:172.21.15.49:3300/0 3 ==== mon_map magic: 0 v1 ==== 205+0+0 (secure 0 0 0) 0x7f582c011a00 con 0x7f583c07be40
2024-03-29T09:02:16.881 INFO:teuthology.orchestra.run.smithi049.stdout:/usr/bin/ceph: stderr
2024-03-29T09:02:13.186+0000 7f5841000700 1 -- 172.21.15.49:0/1297306222 >> [v2:172.21.15.49:3300/0,v1:172.21.15.49:6789/0] conn(0x7f583c07be40 msgr2=0x7f583c07a2a0 secure :-1 s=STATE_CONNECTION_ESTABLISHED l=1).mark_down
2024-03-29T09:02:16.881 INFO:teuthology.orchestra.run.smithi049.stdout:/usr/bin/ceph: stderr
2024-03-29T09:02:13.186+0000 7f5841000700 1 --2- 172.21.15.49:0/1297306222 >> [v2:172.21.15.49:3300/0,v1:172.21.15.49:6789/0] conn(0x7f583c07be40 0x7f583c07a2a0 secure :-1 s=READY pgs=47 cs=0 l=1 rev1=1 crypto rx=0x7f582c0098a0 tx=0x7f582c009bb0 comp rx=0 tx=0).stop
2024-03-29T09:02:16.881 INFO:teuthology.orchestra.run.smithi049.stdout:/usr/bin/ceph: stderr
2024-03-29T09:02:13.186+0000 7f5841000700 1 -- 172.21.15.49:0/1297306222 shutdown_connections
2024-03-29T09:02:16.881 INFO:teuthology.orchestra.run.smithi049.stdout:/usr/bin/ceph: stderr
2024-03-29T09:02:13.186+0000 7f5841000700 1 --2- 172.21.15.49:0/1297306222 >> [v2:172.21.15.49:3300/0,v1:172.21.15.49:6789/0] conn(0x7f583c07be40 0x7f583c07a2a0 unknown :-1 s=CLOSED pgs=47 cs=0 l=1 rev1=1 crypto rx=0 tx=0 comp rx=0 tx=0).stop
2024-03-29T09:02:16.881 INFO:teuthology.orchestra.run.smithi049.stdout:/usr/bin/ceph: stderr
2024-03-29T09:02:13.186+0000 7f5841000700 1 -- 172.21.15.49:0/1297306222 >> 172.21.15.49:0/1297306222 conn(0x7f583c1019f0 msgr2=0x7f583c103e10 unknown :-1 s=STATE_NONE l=0).mark_down
2024-03-29T09:02:16.881 INFO:teuthology.orchestra.run.smithi049.stdout:/usr/bin/ceph: stderr
2024-03-29T09:02:13.186+0000 7f5841000700 1 -- 172.21.15.49:0/1297306222 shutdown_connections
2024-03-29T09:02:16.881 INFO:teuthology.orchestra.run.smithi049.stdout:/usr/bin/ceph: stderr
2024-03-29T09:02:13.186+0000 7f5841000700 1 -- 172.21.15.49:0/1297306222 wait complete.
2024-03-29T09:02:16.881 INFO:teuthology.orchestra.run.smithi049.stdout:/usr/bin/ceph: stderr
2024-03-29T09:02:13.187+0000 7f5841000700 1 Processor -- start
2024-03-29T09:02:16.881 INFO:teuthology.orchestra.run.smithi049.stdout:/usr/bin/ceph: stderr
2024-03-29T09:02:13.187+0000 7f5841000700 1 -- start start
2024-03-29T09:02:16.881 INFO:teuthology.orchestra.run.smithi049.stdout:/usr/bin/ceph: stderr
2024-03-29T09:02:13.187+0000 7f5841000700 1 --2- >> [v2:172.21.15.49:3300/0,v1:172.21.15.49:6789/0] conn(0x7f583c07be40 0x7f583c19c360 unknown :-1 s=NONE pgs=0 cs=0 l=1 rev1=0 crypto rx=0 tx=0 comp rx=0 tx=0).connect
2024-03-29T09:02:16.881 INFO:teuthology.orchestra.run.smithi049.stdout:/usr/bin/ceph: stderr
2024-03-29T09:02:13.187+0000 7f5841000700 1 -- --> [v2:172.21.15.49:3300/0,v1:172.21.15.49:6789/0] -- mon_getmap magic: 0 v1 -- 0x7f583c19c8a0 con 0x7f583c07be40
2024-03-29T09:02:16.881 INFO:teuthology.orchestra.run.smithi049.stdout:/usr/bin/ceph: stderr
2024-03-29T09:02:13.188+0000 7f5839e00700 1 --2- >> [v2:172.21.15.49:3300/0,v1:172.21.15.49:6789/0] conn(0x7f583c07be40 0x7f583c19c360 unknown :-1 s=BANNER_CONNECTING pgs=0 cs=0 l=1 rev1=0 crypto rx=0 tx=0 comp rx=0 tx=0)._handle_peer_banner_payload supported=3 required=0
2024-03-29T09:02:16.881 INFO:teuthology.orchestra.run.smithi049.stdout:/usr/bin/ceph: stderr
2024-03-29T09:02:13.188+0000 7f5839e00700 1 --2- >> [v2:172.21.15.49:3300/0,v1:172.21.15.49:6789/0] conn(0x7f583c07be40 0x7f583c19c360 unknown :-1 s=HELLO_CONNECTING pgs=0 cs=0 l=1 rev1=1 crypto rx=0 tx=0 comp rx=0 tx=0).handle_hello peer v2:172.21.15.49:3300/0 says I am v2:172.21.15.49:44236/0 (socket says 172.21.15.49:44236)
2024-03-29T09:02:16.882 INFO:teuthology.orchestra.run.smithi049.stdout:/usr/bin/ceph: stderr
2024-03-29T09:02:13.188+0000 7f5839e00700 1 -- 172.21.15.49:0/1177406799 learned_addr learned my addr 172.21.15.49:0/1177406799 (peer_addr_for_me v2:172.21.15.49:0/0)
2024-03-29T09:02:16.882 INFO:teuthology.orchestra.run.smithi049.stdout:/usr/bin/ceph: stderr
2024-03-29T09:02:13.188+0000 7f5839e00700 1 -- 172.21.15.49:0/1177406799 --> [v2:172.21.15.49:3300/0,v1:172.21.15.49:6789/0] -- mon_subscribe({config=0+,monmap=0+}) v3 -- 0x7f582c009550 con 0x7f583c07be40
2024-03-29T09:02:16.882 INFO:teuthology.orchestra.run.smithi049.stdout:/usr/bin/ceph: stderr
2024-03-29T09:02:13.188+0000 7f5839e00700 1 --2- 172.21.15.49:0/1177406799 >> [v2:172.21.15.49:3300/0,v1:172.21.15.49:6789/0] conn(0x7f583c07be40 0x7f583c19c360 secure :-1 s=READY pgs=48 cs=0 l=1 rev1=1 crypto rx=0x7f582c011a20 tx=0x7f582c011b00 comp rx=0 tx=0).ready entity=mon.0 client_cookie=0 server_cookie=0 in_seq=0 out_seq=0
2024-03-29T09:02:16.882 INFO:teuthology.orchestra.run.smithi049.stdout:/usr/bin/ceph: stderr
2024-03-29T09:02:13.189+0000 7f5832a00700 1 -- 172.21.15.49:0/1177406799 <== mon.0 v2:172.21.15.49:3300/0 1 ==== mon_map magic: 0 v1 ==== 205+0+0 (secure 0 0 0) 0x7f582c003af0 con 0x7f583c07be40
2024-03-29T09:02:16.882 INFO:teuthology.orchestra.run.smithi049.stdout:/usr/bin/ceph: stderr
2024-03-29T09:02:13.189+0000 7f5832a00700 1 -- 172.21.15.49:0/1177406799 <== mon.0 v2:172.21.15.49:3300/0 2 ==== config(26 keys) v1 ==== 1074+0+0 (secure 0 0 0) 0x7f582c003c50 con 0x7f583c07be40
2024-03-29T09:02:16.882 INFO:teuthology.orchestra.run.smithi049.stdout:/usr/bin/ceph: stderr
2024-03-29T09:02:13.189+0000 7f5841000700 1 -- 172.21.15.49:0/1177406799 --> [v2:172.21.15.49:3300/0,v1:172.21.15.49:6789/0] -- mon_subscribe({mgrmap=0+}) v3 -- 0x7f583c19caa0 con 0x7f583c07be40
2024-03-29T09:02:16.882 INFO:teuthology.orchestra.run.smithi049.stdout:/usr/bin/ceph: stderr
2024-03-29T09:02:13.189+0000 7f5832a00700 1 -- 172.21.15.49:0/1177406799 <== mon.0 v2:172.21.15.49:3300/0 3 ==== mon_map magic: 0 v1 ==== 205+0+0 (secure 0 0 0) 0x7f582c019760 con 0x7f583c07be40
2024-03-29T09:02:16.882 INFO:teuthology.orchestra.run.smithi049.stdout:/usr/bin/ceph: stderr
2024-03-29T09:02:13.189+0000 7f5841000700 1 -- 172.21.15.49:0/1177406799 --> [v2:172.21.15.49:3300/0,v1:172.21.15.49:6789/0] -- mon_subscribe({osdmap=0}) v3 -- 0x7f583c19cf40 con 0x7f583c07be40
2024-03-29T09:02:16.882 INFO:teuthology.orchestra.run.smithi049.stdout:/usr/bin/ceph: stderr
2024-03-29T09:02:13.190+0000 7f5832a00700 1 -- 172.21.15.49:0/1177406799 <== mon.0 v2:172.21.15.49:3300/0 4 ==== mgrmap(e 8) v1 ==== 45533+0+0 (secure 0 0 0) 0x7f582c01a430 con 0x7f583c07be40
2024-03-29T09:02:16.882 INFO:teuthology.orchestra.run.smithi049.stdout:/usr/bin/ceph: stderr
2024-03-29T09:02:13.190+0000 7f5841000700 1 -- 172.21.15.49:0/1177406799 --> [v2:172.21.15.49:3300/0,v1:172.21.15.49:6789/0] -- mon_command({"prefix": "get_command_descriptions"} v 0) v1 -- 0x7f583c10c7c0 con 0x7f583c07be40
2024-03-29T09:02:16.882 INFO:teuthology.orchestra.run.smithi049.stdout:/usr/bin/ceph: stderr
2024-03-29T09:02:13.190+0000 7f5832a00700 1 --2- 172.21.15.49:0/1177406799 >> [v2:172.21.15.49:6800/565660301,v1:172.21.15.49:6801/565660301] conn(0x7f5820038700 0x7f582003abc0 unknown :-1 s=NONE pgs=0 cs=0 l=1 rev1=0 crypto rx=0 tx=0 comp rx=0 tx=0).connect
2024-03-29T09:02:16.882 INFO:teuthology.orchestra.run.smithi049.stdout:/usr/bin/ceph: stderr
2024-03-29T09:02:13.190+0000 7f5832a00700 1 -- 172.21.15.49:0/1177406799 <== mon.0 v2:172.21.15.49:3300/0 5 ==== osd_map(2..2 src has 1..2) v4 ==== 940+0+0 (secure 0 0 0) 0x7f582c04c9c0 con 0x7f583c07be40
2024-03-29T09:02:16.882 INFO:teuthology.orchestra.run.smithi049.stdout:/usr/bin/ceph: stderr
2024-03-29T09:02:13.191+0000 7f5833e00700 1 --2- 172.21.15.49:0/1177406799 >> [v2:172.21.15.49:6800/565660301,v1:172.21.15.49:6801/565660301] conn(0x7f5820038700 0x7f582003abc0 unknown :-1 s=BANNER_CONNECTING pgs=0 cs=0 l=1 rev1=0 crypto rx=0 tx=0 comp rx=0 tx=0)._handle_peer_banner_payload supported=3 required=0
2024-03-29T09:02:16.883 INFO:teuthology.orchestra.run.smithi049.stdout:/usr/bin/ceph: stderr
2024-03-29T09:02:13.191+0000 7f5833e00700 1 --2- 172.21.15.49:0/1177406799 >> [v2:172.21.15.49:6800/565660301,v1:172.21.15.49:6801/565660301] conn(0x7f5820038700 0x7f582003abc0 secure :-1 s=READY pgs=11 cs=0 l=1 rev1=1 crypto rx=0x7f5824006fd0 tx=0x7f5824006e40 comp rx=0 tx=0).ready entity=mgr.14122 client_cookie=0 server_cookie=0 in_seq=0 out_seq=0
2024-03-29T09:02:16.883 INFO:teuthology.orchestra.run.smithi049.stdout:/usr/bin/ceph: stderr
2024-03-29T09:02:13.196+0000 7f5832a00700 1 -- 172.21.15.49:0/1177406799 <== mon.0 v2:172.21.15.49:3300/0 6 ==== mon_command_ack([{"prefix": "get_command_descriptions"}]=0 v0) v1 ==== 72+0+182738 (secure 0 0 0) 0x7f582c02d9a0 con 0x7f583c07be40
2024-03-29T09:02:16.883 INFO:teuthology.orchestra.run.smithi049.stdout:/usr/bin/ceph: stderr
2024-03-29T09:02:13.414+0000 7f5841000700 1 -- 172.21.15.49:0/1177406799 --> [v2:172.21.15.49:6800/565660301,v1:172.21.15.49:6801/565660301] -- mgr_command(tid 0: {"prefix": "orch host add", "hostname": "smithi049", "addr": "172.21.15.49", "target": ["mon-mgr", ""]}) v1 -- 0x7f583c102ce0 con 0x7f5820038700
2024-03-29T09:02:16.883 INFO:teuthology.orchestra.run.smithi049.stdout:/usr/bin/ceph: stderr
2024-03-29T09:02:16.526+0000 7f5832a00700 1 -- 172.21.15.49:0/1177406799 <== mgr.14122 v2:172.21.15.49:6800/565660301 1 ==== mgr_command_reply(tid 0: 0 ) v1 ==== 8+0+48 (secure 0 0 0) 0x7f583c102ce0 con 0x7f5820038700
2024-03-29T09:02:16.883 INFO:teuthology.orchestra.run.smithi049.stdout:/usr/bin/ceph: stderr
2024-03-29T09:02:16.529+0000 7f5841000700 1 -- 172.21.15.49:0/1177406799 >> [v2:172.21.15.49:6800/565660301,v1:172.21.15.49:6801/565660301] conn(0x7f5820038700 msgr2=0x7f582003abc0 secure :-1 s=STATE_CONNECTION_ESTABLISHED l=1).mark_down
2024-03-29T09:02:16.883 INFO:teuthology.orchestra.run.smithi049.stdout:/usr/bin/ceph: stderr
2024-03-29T09:02:16.529+0000 7f5841000700 1 --2- 172.21.15.49:0/1177406799 >> [v2:172.21.15.49:6800/565660301,v1:172.21.15.49:6801/565660301] conn(0x7f5820038700 0x7f582003abc0 secure :-1 s=READY pgs=11 cs=0 l=1 rev1=1 crypto rx=0x7f5824006fd0 tx=0x7f5824006e40 comp rx=0 tx=0).stop
2024-03-29T09:02:16.883 INFO:teuthology.orchestra.run.smithi049.stdout:/usr/bin/ceph: stderr
2024-03-29T09:02:16.529+0000 7f5841000700 1 -- 172.21.15.49:0/1177406799 >> [v2:172.21.15.49:3300/0,v1:172.21.15.49:6789/0] conn(0x7f583c07be40 msgr2=0x7f583c19c360 secure :-1 s=STATE_CONNECTION_ESTABLISHED l=1).mark_down
2024-03-29T09:02:16.883 INFO:teuthology.orchestra.run.smithi049.stdout:/usr/bin/ceph: stderr
2024-03-29T09:02:16.529+0000 7f5841000700 1 --2- 172.21.15.49:0/1177406799 >> [v2:172.21.15.49:3300/0,v1:172.21.15.49:6789/0] conn(0x7f583c07be40 0x7f583c19c360 secure :-1 s=READY pgs=48 cs=0 l=1 rev1=1 crypto rx=0x7f582c011a20 tx=0x7f582c011b00 comp rx=0 tx=0).stop
2024-03-29T09:02:16.883 INFO:teuthology.orchestra.run.smithi049.stdout:/usr/bin/ceph: stderr
2024-03-29T09:02:16.529+0000 7f5841000700 1 -- 172.21.15.49:0/1177406799 shutdown_connections
2024-03-29T09:02:16.883 INFO:teuthology.orchestra.run.smithi049.stdout:/usr/bin/ceph: stderr
2024-03-29T09:02:16.529+0000 7f5841000700 1 --2- 172.21.15.49:0/1177406799 >> [v2:172.21.15.49:6800/565660301,v1:172.21.15.49:6801/565660301] conn(0x7f5820038700 0x7f582003abc0 unknown :-1 s=CLOSED pgs=11 cs=0 l=1 rev1=1 crypto rx=0 tx=0 comp rx=0 tx=0).stop
2024-03-29T09:02:16.883 INFO:teuthology.orchestra.run.smithi049.stdout:/usr/bin/ceph: stderr
2024-03-29T09:02:16.529+0000 7f5841000700 1 --2- 172.21.15.49:0/1177406799 >> [v2:172.21.15.49:3300/0,v1:172.21.15.49:6789/0] conn(0x7f583c07be40 0x7f583c19c360 unknown :-1 s=CLOSED pgs=48 cs=0 l=1 rev1=1 crypto rx=0 tx=0 comp rx=0 tx=0).stop
2024-03-29T09:02:16.883 INFO:teuthology.orchestra.run.smithi049.stdout:/usr/bin/ceph: stderr
2024-03-29T09:02:16.529+0000 7f5841000700 1 -- 172.21.15.49:0/1177406799 >> 172.21.15.49:0/1177406799 conn(0x7f583c1019f0 msgr2=0x7f583c1025d0 unknown :-1 s=STATE_NONE l=0).mark_down
2024-03-29T09:02:16.883 INFO:teuthology.orchestra.run.smithi049.stdout:/usr/bin/ceph: stderr
2024-03-29T09:02:16.529+0000 7f5841000700 1 -- 172.21.15.49:0/1177406799 shutdown_connections
2024-03-29T09:02:16.883 INFO:teuthology.orchestra.run.smithi049.stdout:/usr/bin/ceph: stderr
2024-03-29T09:02:16.529+0000 7f5841000700 1 -- 172.21.15.49:0/1177406799 wait complete.
2024-03-29T09:02:16.883 INFO:teuthology.orchestra.run.smithi049.stdout:Deploying unmanaged mon service...
2024-03-29T09:02:17.730 INFO:journalctl@ceph.mon.a.smithi049.stdout:Mar 29 09:02:17 smithi049 ceph-mon[38250]: from='mgr.14122 172.21.15.49:0/328643444' entity='mgr.x'
2024-03-29T09:02:17.730 INFO:journalctl@ceph.mon.a.smithi049.stdout:Mar 29 09:02:17 smithi049 ceph-mon[38250]: Added host smithi049
2024-03-29T09:02:17.730 INFO:journalctl@ceph.mon.a.smithi049.stdout:Mar 29 09:02:17 smithi049 ceph-mon[38250]: from='mgr.14122 172.21.15.49:0/328643444' entity='mgr.x' cmd=[{"prefix": "config dump", "format": "json"}]: dispatch
2024-03-29T09:02:18.076 INFO:teuthology.orchestra.run.smithi049.stdout:/usr/bin/ceph: stdout Scheduled mon update...
2024-03-29T09:02:18.076 INFO:teuthology.orchestra.run.smithi049.stdout:/usr/bin/ceph: stderr
2024-03-29T09:02:17.349+0000 7f5c98600700 1 Processor -- start
2024-03-29T09:02:18.076 INFO:teuthology.orchestra.run.smithi049.stdout:/usr/bin/ceph: stderr
2024-03-29T09:02:17.349+0000 7f5c98600700 1 -- start start
2024-03-29T09:02:18.076 INFO:teuthology.orchestra.run.smithi049.stdout:/usr/bin/ceph: stderr
2024-03-29T09:02:17.350+0000 7f5c98600700 1 --2- >> [v2:172.21.15.49:3300/0,v1:172.21.15.49:6789/0] conn(0x7f5c9007be20 0x7f5c9007a280 unknown :-1 s=NONE pgs=0 cs=0 l=0 rev1=0 crypto rx=0 tx=0 comp rx=0 tx=0).connect
2024-03-29T09:02:18.076 INFO:teuthology.orchestra.run.smithi049.stdout:/usr/bin/ceph: stderr
2024-03-29T09:02:17.350+0000 7f5c98600700 1 -- --> [v2:172.21.15.49:3300/0,v1:172.21.15.49:6789/0] -- mon_getmap magic: 0 v1 -- 0x7f5c9007a850 con 0x7f5c9007be20
2024-03-29T09:02:18.076 INFO:teuthology.orchestra.run.smithi049.stdout:/usr/bin/ceph: stderr
2024-03-29T09:02:17.350+0000 7f5c95c00700 1 --2- >> [v2:172.21.15.49:3300/0,v1:172.21.15.49:6789/0] conn(0x7f5c9007be20 0x7f5c9007a280 unknown :-1 s=BANNER_CONNECTING pgs=0 cs=0 l=0 rev1=0 crypto rx=0 tx=0 comp rx=0 tx=0)._handle_peer_banner_payload supported=3 required=0
2024-03-29T09:02:18.076 INFO:teuthology.orchestra.run.smithi049.stdout:/usr/bin/ceph: stderr
2024-03-29T09:02:17.350+0000 7f5c95c00700 1 --2- >> [v2:172.21.15.49:3300/0,v1:172.21.15.49:6789/0] conn(0x7f5c9007be20 0x7f5c9007a280 unknown :-1 s=HELLO_CONNECTING pgs=0 cs=0 l=0 rev1=1 crypto rx=0 tx=0 comp rx=0 tx=0).handle_hello peer v2:172.21.15.49:3300/0 says I am v2:172.21.15.49:42714/0 (socket says 172.21.15.49:42714)
2024-03-29T09:02:18.077 INFO:teuthology.orchestra.run.smithi049.stdout:/usr/bin/ceph: stderr
2024-03-29T09:02:17.350+0000 7f5c95c00700 1 -- 172.21.15.49:0/3860065777 learned_addr learned my addr 172.21.15.49:0/3860065777 (peer_addr_for_me v2:172.21.15.49:0/0)
2024-03-29T09:02:18.077 INFO:teuthology.orchestra.run.smithi049.stdout:/usr/bin/ceph: stderr
2024-03-29T09:02:17.350+0000 7f5c95c00700 1 -- 172.21.15.49:0/3860065777 --> [v2:172.21.15.49:3300/0,v1:172.21.15.49:6789/0] -- mon_subscribe({config=0+,monmap=0+}) v3 -- 0x7f5c9007a990 con 0x7f5c9007be20
2024-03-29T09:02:18.077 INFO:teuthology.orchestra.run.smithi049.stdout:/usr/bin/ceph: stderr
2024-03-29T09:02:17.351+0000 7f5c95c00700 1 --2- 172.21.15.49:0/3860065777 >> [v2:172.21.15.49:3300/0,v1:172.21.15.49:6789/0] conn(0x7f5c9007be20 0x7f5c9007a280 secure :-1 s=READY pgs=49 cs=0 l=1 rev1=1 crypto rx=0x7f5c840098a0 tx=0x7f5c84009bb0 comp rx=0 tx=0).ready entity=mon.0 client_cookie=b34b49cada88fac8 server_cookie=0 in_seq=0 out_seq=0
2024-03-29T09:02:18.077 INFO:teuthology.orchestra.run.smithi049.stdout:/usr/bin/ceph: stderr
2024-03-29T09:02:17.351+0000 7f5c8fe00700 1 -- 172.21.15.49:0/3860065777 <== mon.0 v2:172.21.15.49:3300/0 1 ==== mon_map magic: 0 v1 ==== 205+0+0 (secure 0 0 0) 0x7f5c84004160 con 0x7f5c9007be20
2024-03-29T09:02:18.077 INFO:teuthology.orchestra.run.smithi049.stdout:/usr/bin/ceph: stderr
2024-03-29T09:02:17.351+0000 7f5c8fe00700 1 -- 172.21.15.49:0/3860065777 <== mon.0 v2:172.21.15.49:3300/0 2 ==== config(26 keys) v1 ==== 1074+0+0 (secure 0 0 0) 0x7f5c840042c0 con 0x7f5c9007be20
2024-03-29T09:02:18.077 INFO:teuthology.orchestra.run.smithi049.stdout:/usr/bin/ceph: stderr
2024-03-29T09:02:17.351+0000 7f5c8fe00700 1 -- 172.21.15.49:0/3860065777 <== mon.0 v2:172.21.15.49:3300/0 3 ==== mon_map magic: 0 v1 ==== 205+0+0 (secure 0 0 0) 0x7f5c84011a00 con 0x7f5c9007be20
2024-03-29T09:02:18.077 INFO:teuthology.orchestra.run.smithi049.stdout:/usr/bin/ceph: stderr
2024-03-29T09:02:17.352+0000 7f5c98600700 1 -- 172.21.15.49:0/3860065777 >> [v2:172.21.15.49:3300/0,v1:172.21.15.49:6789/0] conn(0x7f5c9007be20 msgr2=0x7f5c9007a280 secure :-1 s=STATE_CONNECTION_ESTABLISHED l=1).mark_down
2024-03-29T09:02:18.077 INFO:teuthology.orchestra.run.smithi049.stdout:/usr/bin/ceph: stderr
2024-03-29T09:02:17.352+0000 7f5c98600700 1 --2- 172.21.15.49:0/3860065777 >> [v2:172.21.15.49:3300/0,v1:172.21.15.49:6789/0] conn(0x7f5c9007be20 0x7f5c9007a280 secure :-1 s=READY pgs=49 cs=0 l=1 rev1=1 crypto rx=0x7f5c840098a0 tx=0x7f5c84009bb0 comp rx=0 tx=0).stop
2024-03-29T09:02:18.077 INFO:teuthology.orchestra.run.smithi049.stdout:/usr/bin/ceph: stderr
2024-03-29T09:02:17.352+0000 7f5c98600700 1 -- 172.21.15.49:0/3860065777 shutdown_connections
2024-03-29T09:02:18.078 INFO:teuthology.orchestra.run.smithi049.stdout:/usr/bin/ceph: stderr
2024-03-29T09:02:17.352+0000 7f5c98600700 1 --2- 172.21.15.49:0/3860065777 >> [v2:172.21.15.49:3300/0,v1:172.21.15.49:6789/0] conn(0x7f5c9007be20 0x7f5c9007a280 unknown :-1 s=CLOSED pgs=49 cs=0 l=1 rev1=1 crypto rx=0 tx=0 comp rx=0 tx=0).stop
2024-03-29T09:02:18.078 INFO:teuthology.orchestra.run.smithi049.stdout:/usr/bin/ceph: stderr
2024-03-29T09:02:17.352+0000 7f5c98600700 1 -- 172.21.15.49:0/3860065777 >> 172.21.15.49:0/3860065777 conn(0x7f5c901019f0 msgr2=0x7f5c90103e10 unknown :-1 s=STATE_NONE l=0).mark_down
2024-03-29T09:02:18.078 INFO:teuthology.orchestra.run.smithi049.stdout:/usr/bin/ceph: stderr
2024-03-29T09:02:17.352+0000 7f5c98600700 1 -- 172.21.15.49:0/3860065777 shutdown_connections
2024-03-29T09:02:18.078 INFO:teuthology.orchestra.run.smithi049.stdout:/usr/bin/ceph: stderr
2024-03-29T09:02:17.352+0000 7f5c98600700 1 -- 172.21.15.49:0/3860065777 wait complete.
2024-03-29T09:02:18.078 INFO:teuthology.orchestra.run.smithi049.stdout:/usr/bin/ceph: stderr
2024-03-29T09:02:17.353+0000 7f5c98600700 1 Processor -- start
2024-03-29T09:02:18.079 INFO:teuthology.orchestra.run.smithi049.stdout:/usr/bin/ceph: stderr
2024-03-29T09:02:17.353+0000 7f5c98600700 1 -- start start
2024-03-29T09:02:18.079 INFO:teuthology.orchestra.run.smithi049.stdout:/usr/bin/ceph: stderr
2024-03-29T09:02:17.353+0000 7f5c98600700 1 --2- >> [v2:172.21.15.49:3300/0,v1:172.21.15.49:6789/0] conn(0x7f5c9007be20 0x7f5c9019c360 unknown :-1 s=NONE pgs=0 cs=0 l=1 rev1=0 crypto rx=0 tx=0 comp rx=0 tx=0).connect
2024-03-29T09:02:18.079 INFO:teuthology.orchestra.run.smithi049.stdout:/usr/bin/ceph: stderr
2024-03-29T09:02:17.353+0000 7f5c98600700 1 -- --> [v2:172.21.15.49:3300/0,v1:172.21.15.49:6789/0] -- mon_getmap magic: 0 v1 -- 0x7f5c9019c8a0 con 0x7f5c9007be20
2024-03-29T09:02:18.079 INFO:teuthology.orchestra.run.smithi049.stdout:/usr/bin/ceph: stderr
2024-03-29T09:02:17.354+0000 7f5c95c00700 1 --2- >> [v2:172.21.15.49:3300/0,v1:172.21.15.49:6789/0] conn(0x7f5c9007be20 0x7f5c9019c360 unknown :-1 s=BANNER_CONNECTING pgs=0 cs=0 l=1 rev1=0 crypto rx=0 tx=0 comp rx=0 tx=0)._handle_peer_banner_payload supported=3 required=0
2024-03-29T09:02:18.079 INFO:teuthology.orchestra.run.smithi049.stdout:/usr/bin/ceph: stderr
2024-03-29T09:02:17.354+0000 7f5c95c00700 1 --2- >> [v2:172.21.15.49:3300/0,v1:172.21.15.49:6789/0] conn(0x7f5c9007be20 0x7f5c9019c360 unknown :-1 s=HELLO_CONNECTING pgs=0 cs=0 l=1 rev1=1 crypto rx=0 tx=0 comp rx=0 tx=0).handle_hello peer v2:172.21.15.49:3300/0 says I am v2:172.21.15.49:42716/0 (socket says 172.21.15.49:42716)
2024-03-29T09:02:18.079 INFO:teuthology.orchestra.run.smithi049.stdout:/usr/bin/ceph: stderr
2024-03-29T09:02:17.354+0000 7f5c95c00700 1 -- 172.21.15.49:0/1171735308 learned_addr learned my addr 172.21.15.49:0/1171735308 (peer_addr_for_me v2:172.21.15.49:0/0)
2024-03-29T09:02:18.079 INFO:teuthology.orchestra.run.smithi049.stdout:/usr/bin/ceph: stderr
2024-03-29T09:02:17.354+0000 7f5c95c00700 1 -- 172.21.15.49:0/1171735308 --> [v2:172.21.15.49:3300/0,v1:172.21.15.49:6789/0] -- mon_subscribe({config=0+,monmap=0+}) v3 -- 0x7f5c84009550 con 0x7f5c9007be20
2024-03-29T09:02:18.079 INFO:teuthology.orchestra.run.smithi049.stdout:/usr/bin/ceph: stderr
2024-03-29T09:02:17.354+0000 7f5c95c00700 1 --2- 172.21.15.49:0/1171735308 >> [v2:172.21.15.49:3300/0,v1:172.21.15.49:6789/0] conn(0x7f5c9007be20 0x7f5c9019c360 secure :-1 s=READY pgs=50 cs=0 l=1 rev1=1 crypto rx=0x7f5c84011a20 tx=0x7f5c84011b00 comp rx=0 tx=0).ready entity=mon.0 client_cookie=0 server_cookie=0 in_seq=0 out_seq=0
2024-03-29T09:02:18.079 INFO:teuthology.orchestra.run.smithi049.stdout:/usr/bin/ceph: stderr
2024-03-29T09:02:17.354+0000 7f5c8e000700 1 -- 172.21.15.49:0/1171735308 <== mon.0 v2:172.21.15.49:3300/0 1 ==== mon_map magic: 0 v1 ==== 205+0+0 (secure 0 0 0) 0x7f5c84003af0 con 0x7f5c9007be20
2024-03-29T09:02:18.079 INFO:teuthology.orchestra.run.smithi049.stdout:/usr/bin/ceph: stderr
2024-03-29T09:02:17.354+0000 7f5c8e000700 1 -- 172.21.15.49:0/1171735308 <== mon.0 v2:172.21.15.49:3300/0 2 ==== config(26 keys) v1 ==== 1074+0+0 (secure 0 0 0) 0x7f5c84003c50 con 0x7f5c9007be20
2024-03-29T09:02:18.079 INFO:teuthology.orchestra.run.smithi049.stdout:/usr/bin/ceph: stderr
2024-03-29T09:02:17.354+0000 7f5c8e000700 1 -- 172.21.15.49:0/1171735308 <== mon.0 v2:172.21.15.49:3300/0 3 ==== mon_map magic: 0 v1 ==== 205+0+0 (secure 0 0 0) 0x7f5c84019760 con 0x7f5c9007be20
2024-03-29T09:02:18.080 INFO:teuthology.orchestra.run.smithi049.stdout:/usr/bin/ceph: stderr
2024-03-29T09:02:17.354+0000 7f5c98600700 1 -- 172.21.15.49:0/1171735308 --> [v2:172.21.15.49:3300/0,v1:172.21.15.49:6789/0] -- mon_subscribe({mgrmap=0+}) v3 -- 0x7f5c9019caa0 con 0x7f5c9007be20
2024-03-29T09:02:18.080 INFO:teuthology.orchestra.run.smithi049.stdout:/usr/bin/ceph: stderr
2024-03-29T09:02:17.355+0000 7f5c98600700 1 -- 172.21.15.49:0/1171735308 --> [v2:172.21.15.49:3300/0,v1:172.21.15.49:6789/0] -- mon_subscribe({osdmap=0}) v3 -- 0x7f5c9019cf40 con 0x7f5c9007be20
2024-03-29T09:02:18.080 INFO:teuthology.orchestra.run.smithi049.stdout:/usr/bin/ceph: stderr
2024-03-29T09:02:17.356+0000 7f5c98600700 1 -- 172.21.15.49:0/1171735308 --> [v2:172.21.15.49:3300/0,v1:172.21.15.49:6789/0] -- mon_command({"prefix": "get_command_descriptions"} v 0) v1 -- 0x7f5c9010c780 con 0x7f5c9007be20
2024-03-29T09:02:18.080 INFO:teuthology.orchestra.run.smithi049.stdout:/usr/bin/ceph: stderr
2024-03-29T09:02:17.356+0000 7f5c8e000700 1 -- 172.21.15.49:0/1171735308 <== mon.0 v2:172.21.15.49:3300/0 4 ==== mgrmap(e 8) v1 ==== 45533+0+0 (secure 0 0 0) 0x7f5c8401ab20 con 0x7f5c9007be20
2024-03-29T09:02:18.080 INFO:teuthology.orchestra.run.smithi049.stdout:/usr/bin/ceph: stderr
2024-03-29T09:02:17.356+0000 7f5c8e000700 1 --2- 172.21.15.49:0/1171735308 >> [v2:172.21.15.49:6800/565660301,v1:172.21.15.49:6801/565660301] conn(0x7f5c78038750 0x7f5c7803ac10 unknown :-1 s=NONE pgs=0 cs=0 l=1 rev1=0 crypto rx=0 tx=0 comp rx=0 tx=0).connect
2024-03-29T09:02:18.080 INFO:teuthology.orchestra.run.smithi049.stdout:/usr/bin/ceph: stderr
2024-03-29T09:02:17.356+0000 7f5c8e000700 1 -- 172.21.15.49:0/1171735308 <== mon.0 v2:172.21.15.49:3300/0 5 ==== osd_map(2..2 src has 1..2) v4 ==== 940+0+0 (secure 0 0 0) 0x7f5c8404c8e0 con 0x7f5c9007be20
2024-03-29T09:02:18.080 INFO:teuthology.orchestra.run.smithi049.stdout:/usr/bin/ceph: stderr
2024-03-29T09:02:17.357+0000 7f5c95200700 1 --2- 172.21.15.49:0/1171735308 >> [v2:172.21.15.49:6800/565660301,v1:172.21.15.49:6801/565660301] conn(0x7f5c78038750 0x7f5c7803ac10 unknown :-1 s=BANNER_CONNECTING pgs=0 cs=0 l=1 rev1=0 crypto rx=0 tx=0 comp rx=0 tx=0)._handle_peer_banner_payload supported=3 required=0
2024-03-29T09:02:18.080 INFO:teuthology.orchestra.run.smithi049.stdout:/usr/bin/ceph: stderr
2024-03-29T09:02:17.357+0000 7f5c95200700 1 --2- 172.21.15.49:0/1171735308 >> [v2:172.21.15.49:6800/565660301,v1:172.21.15.49:6801/565660301] conn(0x7f5c78038750 0x7f5c7803ac10 secure :-1 s=READY pgs=12 cs=0 l=1 rev1=1 crypto rx=0x7f5c7c006fd0 tx=0x7f5c7c006e40 comp rx=0 tx=0).ready entity=mgr.14122 client_cookie=0 server_cookie=0 in_seq=0 out_seq=0
2024-03-29T09:02:18.081 INFO:teuthology.orchestra.run.smithi049.stdout:/usr/bin/ceph: stderr
2024-03-29T09:02:17.362+0000 7f5c8e000700 1 -- 172.21.15.49:0/1171735308 <== mon.0 v2:172.21.15.49:3300/0 6 ==== mon_command_ack([{"prefix": "get_command_descriptions"}]=0 v0) v1 ==== 72+0+182738 (secure 0 0 0) 0x7f5c8401a7b0 con 0x7f5c9007be20
2024-03-29T09:02:18.081 INFO:teuthology.orchestra.run.smithi049.stdout:/usr/bin/ceph: stderr
2024-03-29T09:02:17.600+0000 7f5c98600700 1 -- 172.21.15.49:0/1171735308 --> [v2:172.21.15.49:6800/565660301,v1:172.21.15.49:6801/565660301] -- mgr_command(tid 0: {"prefix": "orch apply", "service_type": "mon", "unmanaged": true, "target": ["mon-mgr", ""]}) v1 -- 0x7f5c90102ce0 con 0x7f5c78038750
2024-03-29T09:02:18.081 INFO:teuthology.orchestra.run.smithi049.stdout:/usr/bin/ceph: stderr
2024-03-29T09:02:17.606+0000 7f5c8e000700 1 -- 172.21.15.49:0/1171735308 <== mgr.14122 v2:172.21.15.49:6800/565660301 1 ==== mgr_command_reply(tid 0: 0 ) v1 ==== 8+0+24 (secure 0 0 0) 0x7f5c90102ce0 con 0x7f5c78038750
2024-03-29T09:02:18.081 INFO:teuthology.orchestra.run.smithi049.stdout:/usr/bin/ceph: stderr
2024-03-29T09:02:17.608+0000 7f5c98600700 1 -- 172.21.15.49:0/1171735308 >> [v2:172.21.15.49:6800/565660301,v1:172.21.15.49:6801/565660301] conn(0x7f5c78038750 msgr2=0x7f5c7803ac10 secure :-1 s=STATE_CONNECTION_ESTABLISHED l=1).mark_down
2024-03-29T09:02:18.081 INFO:teuthology.orchestra.run.smithi049.stdout:/usr/bin/ceph: stderr
2024-03-29T09:02:17.608+0000 7f5c98600700 1 --2- 172.21.15.49:0/1171735308 >> [v2:172.21.15.49:6800/565660301,v1:172.21.15.49:6801/565660301] conn(0x7f5c78038750 0x7f5c7803ac10 secure :-1 s=READY pgs=12 cs=0 l=1 rev1=1 crypto rx=0x7f5c7c006fd0 tx=0x7f5c7c006e40 comp rx=0 tx=0).stop
2024-03-29T09:02:18.081 INFO:teuthology.orchestra.run.smithi049.stdout:/usr/bin/ceph: stderr
2024-03-29T09:02:17.608+0000 7f5c98600700 1 -- 172.21.15.49:0/1171735308 >> [v2:172.21.15.49:3300/0,v1:172.21.15.49:6789/0] conn(0x7f5c9007be20 msgr2=0x7f5c9019c360 secure :-1 s=STATE_CONNECTION_ESTABLISHED l=1).mark_down
2024-03-29T09:02:18.081 INFO:teuthology.orchestra.run.smithi049.stdout:/usr/bin/ceph: stderr
2024-03-29T09:02:17.608+0000 7f5c98600700 1 --2- 172.21.15.49:0/1171735308 >> [v2:172.21.15.49:3300/0,v1:172.21.15.49:6789/0] conn(0x7f5c9007be20 0x7f5c9019c360 secure :-1 s=READY pgs=50 cs=0 l=1 rev1=1 crypto rx=0x7f5c84011a20 tx=0x7f5c84011b00 comp rx=0 tx=0).stop
2024-03-29T09:02:18.082 INFO:teuthology.orchestra.run.smithi049.stdout:/usr/bin/ceph: stderr
2024-03-29T09:02:17.608+0000 7f5c98600700 1 -- 172.21.15.49:0/1171735308 shutdown_connections
2024-03-29T09:02:18.082 INFO:teuthology.orchestra.run.smithi049.stdout:/usr/bin/ceph: stderr
2024-03-29T09:02:17.608+0000 7f5c98600700 1 --2- 172.21.15.49:0/1171735308 >> [v2:172.21.15.49:6800/565660301,v1:172.21.15.49:6801/565660301] conn(0x7f5c78038750 0x7f5c7803ac10 unknown :-1 s=CLOSED pgs=12 cs=0 l=1 rev1=1 crypto rx=0 tx=0 comp rx=0 tx=0).stop
2024-03-29T09:02:18.083 INFO:teuthology.orchestra.run.smithi049.stdout:/usr/bin/ceph: stderr
2024-03-29T09:02:17.608+0000 7f5c98600700 1 --2- 172.21.15.49:0/1171735308 >> [v2:172.21.15.49:3300/0,v1:172.21.15.49:6789/0] conn(0x7f5c9007be20 0x7f5c9019c360 unknown :-1 s=CLOSED pgs=50 cs=0 l=1 rev1=1 crypto rx=0 tx=0 comp rx=0 tx=0).stop
2024-03-29T09:02:18.083 INFO:teuthology.orchestra.run.smithi049.stdout:/usr/bin/ceph: stderr
2024-03-29T09:02:17.608+0000 7f5c98600700 1 -- 172.21.15.49:0/1171735308 >> 172.21.15.49:0/1171735308 conn(0x7f5c901019f0 msgr2=0x7f5c901025d0 unknown :-1 s=STATE_NONE l=0).mark_down
2024-03-29T09:02:18.083 INFO:teuthology.orchestra.run.smithi049.stdout:/usr/bin/ceph: stderr
2024-03-29T09:02:17.608+0000 7f5c98600700 1 -- 172.21.15.49:0/1171735308 shutdown_connections
2024-03-29T09:02:18.083 INFO:teuthology.orchestra.run.smithi049.stdout:/usr/bin/ceph: stderr
2024-03-29T09:02:17.608+0000 7f5c98600700 1 -- 172.21.15.49:0/1171735308 wait complete.
2024-03-29T09:02:18.083 INFO:teuthology.orchestra.run.smithi049.stdout:Deploying unmanaged mgr service...
2024-03-29T09:02:18.948 INFO:journalctl@ceph.mon.a.smithi049.stdout:Mar 29 09:02:18 smithi049 ceph-mon[38250]: from='client.14144 -' entity='client.admin' cmd=[{"prefix": "orch apply", "service_type": "mon", "unmanaged": true, "target": ["mon-mgr", ""]}]: dispatch
2024-03-29T09:02:18.948 INFO:journalctl@ceph.mon.a.smithi049.stdout:Mar 29 09:02:18 smithi049 ceph-mon[38250]: Saving service mon spec with placement count:5
2024-03-29T09:02:18.948 INFO:journalctl@ceph.mon.a.smithi049.stdout:Mar 29 09:02:18 smithi049 ceph-mon[38250]: from='mgr.14122 172.21.15.49:0/328643444' entity='mgr.x'
2024-03-29T09:02:18.949 INFO:journalctl@ceph.mon.a.smithi049.stdout:Mar 29 09:02:18 smithi049 ceph-mon[38250]: from='mgr.14122 172.21.15.49:0/328643444' entity='mgr.x'
2024-03-29T09:02:18.949 INFO:journalctl@ceph.mon.a.smithi049.stdout:Mar 29 09:02:18 smithi049 ceph-mon[38250]: from='mgr.14122 172.21.15.49:0/328643444' entity='mgr.x'
2024-03-29T09:02:19.287 INFO:teuthology.orchestra.run.smithi049.stdout:/usr/bin/ceph: stdout Scheduled mgr update...
2024-03-29T09:02:19.287 INFO:teuthology.orchestra.run.smithi049.stdout:/usr/bin/ceph: stderr
2024-03-29T09:02:18.526+0000 7f4a75e00700 1 Processor -- start
2024-03-29T09:02:19.288 INFO:teuthology.orchestra.run.smithi049.stdout:/usr/bin/ceph: stderr
2024-03-29T09:02:18.527+0000 7f4a75e00700 1 -- start start
2024-03-29T09:02:19.288 INFO:teuthology.orchestra.run.smithi049.stdout:/usr/bin/ceph: stderr
2024-03-29T09:02:18.527+0000 7f4a75e00700 1 --2- >> [v2:172.21.15.49:3300/0,v1:172.21.15.49:6789/0] conn(0x7f4a701063e0 0x7f4a70106800 unknown :-1 s=NONE pgs=0 cs=0 l=0 rev1=0 crypto rx=0 tx=0 comp rx=0 tx=0).connect
2024-03-29T09:02:19.288 INFO:teuthology.orchestra.run.smithi049.stdout:/usr/bin/ceph: stderr
2024-03-29T09:02:18.527+0000 7f4a75e00700 1 -- --> [v2:172.21.15.49:3300/0,v1:172.21.15.49:6789/0] -- mon_getmap magic: 0 v1 -- 0x7f4a70106dd0 con 0x7f4a701063e0
2024-03-29T09:02:19.288 INFO:teuthology.orchestra.run.smithi049.stdout:/usr/bin/ceph: stderr
2024-03-29T09:02:18.528+0000 7f4a6ea00700 1 --2- >> [v2:172.21.15.49:3300/0,v1:172.21.15.49:6789/0] conn(0x7f4a701063e0 0x7f4a70106800 unknown :-1 s=BANNER_CONNECTING pgs=0 cs=0 l=0 rev1=0 crypto rx=0 tx=0 comp rx=0 tx=0)._handle_peer_banner_payload supported=3 required=0
2024-03-29T09:02:19.288 INFO:teuthology.orchestra.run.smithi049.stdout:/usr/bin/ceph: stderr
2024-03-29T09:02:18.528+0000 7f4a6ea00700 1 --2- >> [v2:172.21.15.49:3300/0,v1:172.21.15.49:6789/0] conn(0x7f4a701063e0 0x7f4a70106800 unknown :-1 s=HELLO_CONNECTING pgs=0 cs=0 l=0 rev1=1 crypto rx=0 tx=0 comp rx=0 tx=0).handle_hello peer v2:172.21.15.49:3300/0 says I am v2:172.21.15.49:42728/0 (socket says 172.21.15.49:42728)
2024-03-29T09:02:19.288 INFO:teuthology.orchestra.run.smithi049.stdout:/usr/bin/ceph: stderr
2024-03-29T09:02:18.528+0000 7f4a6ea00700 1 -- 172.21.15.49:0/3292799516 learned_addr learned my addr 172.21.15.49:0/3292799516 (peer_addr_for_me v2:172.21.15.49:0/0)
2024-03-29T09:02:19.288 INFO:teuthology.orchestra.run.smithi049.stdout:/usr/bin/ceph: stderr
2024-03-29T09:02:18.528+0000 7f4a6ea00700 1 -- 172.21.15.49:0/3292799516 --> [v2:172.21.15.49:3300/0,v1:172.21.15.49:6789/0] -- mon_subscribe({config=0+,monmap=0+}) v3 -- 0x7f4a701075e0 con 0x7f4a701063e0
2024-03-29T09:02:19.288 INFO:teuthology.orchestra.run.smithi049.stdout:/usr/bin/ceph: stderr
2024-03-29T09:02:18.528+0000 7f4a6ea00700 1 --2- 172.21.15.49:0/3292799516 >> [v2:172.21.15.49:3300/0,v1:172.21.15.49:6789/0] conn(0x7f4a701063e0 0x7f4a70106800 secure :-1 s=READY pgs=51 cs=0 l=1 rev1=1 crypto rx=0x7f4a600098a0 tx=0x7f4a60009bb0 comp rx=0 tx=0).ready entity=mon.0 client_cookie=8815aba5ed1be71e server_cookie=0 in_seq=0 out_seq=0
2024-03-29T09:02:19.288 INFO:teuthology.orchestra.run.smithi049.stdout:/usr/bin/ceph: stderr
2024-03-29T09:02:18.529+0000 7f4a6d600700 1 -- 172.21.15.49:0/3292799516 <== mon.0 v2:172.21.15.49:3300/0 1 ==== mon_map magic: 0 v1 ==== 205+0+0 (secure 0 0 0) 0x7f4a60004160 con 0x7f4a701063e0
2024-03-29T09:02:19.288 INFO:teuthology.orchestra.run.smithi049.stdout:/usr/bin/ceph: stderr
2024-03-29T09:02:18.529+0000 7f4a6d600700 1 -- 172.21.15.49:0/3292799516 <== mon.0 v2:172.21.15.49:3300/0 2 ==== config(26 keys) v1 ==== 1105+0+0 (secure 0 0 0) 0x7f4a600042c0 con 0x7f4a701063e0
2024-03-29T09:02:19.288 INFO:teuthology.orchestra.run.smithi049.stdout:/usr/bin/ceph: stderr
2024-03-29T09:02:18.529+0000 7f4a6d600700 1 -- 172.21.15.49:0/3292799516 <== mon.0 v2:172.21.15.49:3300/0 3 ==== mon_map magic: 0 v1 ==== 205+0+0 (secure 0 0 0) 0x7f4a600119b0 con 0x7f4a701063e0
2024-03-29T09:02:19.288 INFO:teuthology.orchestra.run.smithi049.stdout:/usr/bin/ceph: stderr
2024-03-29T09:02:18.529+0000 7f4a75e00700 1 -- 172.21.15.49:0/3292799516 >> [v2:172.21.15.49:3300/0,v1:172.21.15.49:6789/0] conn(0x7f4a701063e0 msgr2=0x7f4a70106800 secure :-1 s=STATE_CONNECTION_ESTABLISHED l=1).mark_down
2024-03-29T09:02:19.288 INFO:teuthology.orchestra.run.smithi049.stdout:/usr/bin/ceph: stderr
2024-03-29T09:02:18.529+0000 7f4a75e00700 1 --2- 172.21.15.49:0/3292799516 >> [v2:172.21.15.49:3300/0,v1:172.21.15.49:6789/0] conn(0x7f4a701063e0 0x7f4a70106800 secure :-1 s=READY pgs=51 cs=0 l=1 rev1=1 crypto rx=0x7f4a600098a0 tx=0x7f4a60009bb0 comp rx=0 tx=0).stop
2024-03-29T09:02:19.288 INFO:teuthology.orchestra.run.smithi049.stdout:/usr/bin/ceph: stderr
2024-03-29T09:02:18.529+0000 7f4a75e00700 1 -- 172.21.15.49:0/3292799516 shutdown_connections
2024-03-29T09:02:19.289 INFO:teuthology.orchestra.run.smithi049.stdout:/usr/bin/ceph: stderr
2024-03-29T09:02:18.529+0000 7f4a75e00700 1 --2- 172.21.15.49:0/3292799516 >> [v2:172.21.15.49:3300/0,v1:172.21.15.49:6789/0] conn(0x7f4a701063e0 0x7f4a70106800 unknown :-1 s=CLOSED pgs=51 cs=0 l=1 rev1=1 crypto rx=0 tx=0 comp rx=0 tx=0).stop
2024-03-29T09:02:19.289 INFO:teuthology.orchestra.run.smithi049.stdout:/usr/bin/ceph: stderr
2024-03-29T09:02:18.529+0000 7f4a75e00700 1 -- 172.21.15.49:0/3292799516 >> 172.21.15.49:0/3292799516 conn(0x7f4a701019a0 msgr2=0x7f4a70103dc0 unknown :-1 s=STATE_NONE l=0).mark_down
2024-03-29T09:02:19.289 INFO:teuthology.orchestra.run.smithi049.stdout:/usr/bin/ceph: stderr
2024-03-29T09:02:18.529+0000 7f4a75e00700 1 -- 172.21.15.49:0/3292799516 shutdown_connections
2024-03-29T09:02:19.289 INFO:teuthology.orchestra.run.smithi049.stdout:/usr/bin/ceph: stderr
2024-03-29T09:02:18.529+0000 7f4a75e00700 1 -- 172.21.15.49:0/3292799516 wait complete.
2024-03-29T09:02:19.289 INFO:teuthology.orchestra.run.smithi049.stdout:/usr/bin/ceph: stderr
2024-03-29T09:02:18.531+0000 7f4a75e00700 1 Processor -- start
2024-03-29T09:02:19.289 INFO:teuthology.orchestra.run.smithi049.stdout:/usr/bin/ceph: stderr
2024-03-29T09:02:18.531+0000 7f4a75e00700 1 -- start start
2024-03-29T09:02:19.289 INFO:teuthology.orchestra.run.smithi049.stdout:/usr/bin/ceph: stderr
2024-03-29T09:02:18.532+0000 7f4a75e00700 1 --2- >> [v2:172.21.15.49:3300/0,v1:172.21.15.49:6789/0] conn(0x7f4a701063e0 0x7f4a7007bae0 unknown :-1 s=NONE pgs=0 cs=0 l=1 rev1=0 crypto rx=0 tx=0 comp rx=0 tx=0).connect
2024-03-29T09:02:19.289 INFO:teuthology.orchestra.run.smithi049.stdout:/usr/bin/ceph: stderr
2024-03-29T09:02:18.532+0000 7f4a75e00700 1 -- --> [v2:172.21.15.49:3300/0,v1:172.21.15.49:6789/0] -- mon_getmap magic: 0 v1 -- 0x7f4a7007c020 con 0x7f4a701063e0
2024-03-29T09:02:19.289 INFO:teuthology.orchestra.run.smithi049.stdout:/usr/bin/ceph: stderr
2024-03-29T09:02:18.532+0000 7f4a6ea00700 1 --2- >> [v2:172.21.15.49:3300/0,v1:172.21.15.49:6789/0] conn(0x7f4a701063e0 0x7f4a7007bae0 unknown :-1 s=BANNER_CONNECTING pgs=0 cs=0 l=1 rev1=0 crypto rx=0 tx=0 comp rx=0 tx=0)._handle_peer_banner_payload supported=3 required=0
2024-03-29T09:02:19.289 INFO:teuthology.orchestra.run.smithi049.stdout:/usr/bin/ceph: stderr
2024-03-29T09:02:18.532+0000 7f4a6ea00700 1 --2- >> [v2:172.21.15.49:3300/0,v1:172.21.15.49:6789/0] conn(0x7f4a701063e0 0x7f4a7007bae0 unknown :-1 s=HELLO_CONNECTING pgs=0 cs=0 l=1 rev1=1 crypto rx=0 tx=0 comp rx=0 tx=0).handle_hello peer v2:172.21.15.49:3300/0 says I am v2:172.21.15.49:42738/0 (socket says 172.21.15.49:42738)
2024-03-29T09:02:19.289 INFO:teuthology.orchestra.run.smithi049.stdout:/usr/bin/ceph: stderr
2024-03-29T09:02:18.532+0000 7f4a6ea00700 1 -- 172.21.15.49:0/1882805506 learned_addr learned my addr 172.21.15.49:0/1882805506 (peer_addr_for_me v2:172.21.15.49:0/0)
2024-03-29T09:02:19.289 INFO:teuthology.orchestra.run.smithi049.stdout:/usr/bin/ceph: stderr
2024-03-29T09:02:18.532+0000 7f4a6ea00700 1 -- 172.21.15.49:0/1882805506 --> [v2:172.21.15.49:3300/0,v1:172.21.15.49:6789/0] -- mon_subscribe({config=0+,monmap=0+}) v3 -- 0x7f4a60009550 con 0x7f4a701063e0
2024-03-29T09:02:19.289 INFO:teuthology.orchestra.run.smithi049.stdout:/usr/bin/ceph: stderr
2024-03-29T09:02:18.532+0000 7f4a6ea00700 1 --2- 172.21.15.49:0/1882805506 >> [v2:172.21.15.49:3300/0,v1:172.21.15.49:6789/0] conn(0x7f4a701063e0 0x7f4a7007bae0 secure :-1 s=READY pgs=52 cs=0 l=1 rev1=1 crypto rx=0x7f4a60011670 tx=0x7f4a60011a30 comp rx=0 tx=0).ready entity=mon.0 client_cookie=0 server_cookie=0 in_seq=0 out_seq=0
2024-03-29T09:02:19.289 INFO:teuthology.orchestra.run.smithi049.stdout:/usr/bin/ceph: stderr
