2024-03-29T09:02:18.533+0000 7f4a74a00700 1 -- 172.21.15.49:0/1882805506 <== mon.0 v2:172.21.15.49:3300/0 1 ==== mon_map magic: 0 v1 ==== 205+0+0 (secure 0 0 0) 0x7f4a60003af0 con 0x7f4a701063e0
2024-03-29T09:02:19.289 INFO:teuthology.orchestra.run.smithi049.stdout:/usr/bin/ceph: stderr
2024-03-29T09:02:18.533+0000 7f4a74a00700 1 -- 172.21.15.49:0/1882805506 <== mon.0 v2:172.21.15.49:3300/0 2 ==== config(26 keys) v1 ==== 1105+0+0 (secure 0 0 0) 0x7f4a60003c50 con 0x7f4a701063e0
2024-03-29T09:02:19.290 INFO:teuthology.orchestra.run.smithi049.stdout:/usr/bin/ceph: stderr
2024-03-29T09:02:18.533+0000 7f4a74a00700 1 -- 172.21.15.49:0/1882805506 <== mon.0 v2:172.21.15.49:3300/0 3 ==== mon_map magic: 0 v1 ==== 205+0+0 (secure 0 0 0) 0x7f4a60024820 con 0x7f4a701063e0
2024-03-29T09:02:19.290 INFO:teuthology.orchestra.run.smithi049.stdout:/usr/bin/ceph: stderr
2024-03-29T09:02:18.533+0000 7f4a75e00700 1 -- 172.21.15.49:0/1882805506 --> [v2:172.21.15.49:3300/0,v1:172.21.15.49:6789/0] -- mon_subscribe({mgrmap=0+}) v3 -- 0x7f4a7007a260 con 0x7f4a701063e0
2024-03-29T09:02:19.290 INFO:teuthology.orchestra.run.smithi049.stdout:/usr/bin/ceph: stderr
2024-03-29T09:02:18.533+0000 7f4a75e00700 1 -- 172.21.15.49:0/1882805506 --> [v2:172.21.15.49:3300/0,v1:172.21.15.49:6789/0] -- mon_subscribe({osdmap=0}) v3 -- 0x7f4a7007a700 con 0x7f4a701063e0
2024-03-29T09:02:19.290 INFO:teuthology.orchestra.run.smithi049.stdout:/usr/bin/ceph: stderr
2024-03-29T09:02:18.534+0000 7f4a74a00700 1 -- 172.21.15.49:0/1882805506 <== mon.0 v2:172.21.15.49:3300/0 4 ==== mgrmap(e 8) v1 ==== 45533+0+0 (secure 0 0 0) 0x7f4a6001a430 con 0x7f4a701063e0
2024-03-29T09:02:19.290 INFO:teuthology.orchestra.run.smithi049.stdout:/usr/bin/ceph: stderr
2024-03-29T09:02:18.534+0000 7f4a74a00700 1 --2- 172.21.15.49:0/1882805506 >> [v2:172.21.15.49:6800/565660301,v1:172.21.15.49:6801/565660301] conn(0x7f4a54038750 0x7f4a5403ac10 unknown :-1 s=NONE pgs=0 cs=0 l=1 rev1=0 crypto rx=0 tx=0 comp rx=0 tx=0).connect
2024-03-29T09:02:19.290 INFO:teuthology.orchestra.run.smithi049.stdout:/usr/bin/ceph: stderr
2024-03-29T09:02:18.534+0000 7f4a75e00700 1 -- 172.21.15.49:0/1882805506 --> [v2:172.21.15.49:3300/0,v1:172.21.15.49:6789/0] -- mon_command({"prefix": "get_command_descriptions"} v 0) v1 -- 0x7f4a7010a810 con 0x7f4a701063e0
2024-03-29T09:02:19.290 INFO:teuthology.orchestra.run.smithi049.stdout:/usr/bin/ceph: stderr
2024-03-29T09:02:18.534+0000 7f4a74a00700 1 -- 172.21.15.49:0/1882805506 <== mon.0 v2:172.21.15.49:3300/0 5 ==== osd_map(2..2 src has 1..2) v4 ==== 940+0+0 (secure 0 0 0) 0x7f4a6004c790 con 0x7f4a701063e0
2024-03-29T09:02:19.290 INFO:teuthology.orchestra.run.smithi049.stdout:/usr/bin/ceph: stderr
2024-03-29T09:02:18.535+0000 7f4a6e000700 1 --2- 172.21.15.49:0/1882805506 >> [v2:172.21.15.49:6800/565660301,v1:172.21.15.49:6801/565660301] conn(0x7f4a54038750 0x7f4a5403ac10 unknown :-1 s=BANNER_CONNECTING pgs=0 cs=0 l=1 rev1=0 crypto rx=0 tx=0 comp rx=0 tx=0)._handle_peer_banner_payload supported=3 required=0
2024-03-29T09:02:19.290 INFO:teuthology.orchestra.run.smithi049.stdout:/usr/bin/ceph: stderr
2024-03-29T09:02:18.536+0000 7f4a6e000700 1 --2- 172.21.15.49:0/1882805506 >> [v2:172.21.15.49:6800/565660301,v1:172.21.15.49:6801/565660301] conn(0x7f4a54038750 0x7f4a5403ac10 secure :-1 s=READY pgs=13 cs=0 l=1 rev1=1 crypto rx=0x7f4a5c006fd0 tx=0x7f4a5c006e40 comp rx=0 tx=0).ready entity=mgr.14122 client_cookie=0 server_cookie=0 in_seq=0 out_seq=0
2024-03-29T09:02:19.290 INFO:teuthology.orchestra.run.smithi049.stdout:/usr/bin/ceph: stderr
2024-03-29T09:02:18.540+0000 7f4a74a00700 1 -- 172.21.15.49:0/1882805506 <== mon.0 v2:172.21.15.49:3300/0 6 ==== mon_command_ack([{"prefix": "get_command_descriptions"}]=0 v0) v1 ==== 72+0+182738 (secure 0 0 0) 0x7f4a6002cb40 con 0x7f4a701063e0
2024-03-29T09:02:19.290 INFO:teuthology.orchestra.run.smithi049.stdout:/usr/bin/ceph: stderr
2024-03-29T09:02:18.805+0000 7f4a75e00700 1 -- 172.21.15.49:0/1882805506 --> [v2:172.21.15.49:6800/565660301,v1:172.21.15.49:6801/565660301] -- mgr_command(tid 0: {"prefix": "orch apply", "service_type": "mgr", "unmanaged": true, "target": ["mon-mgr", ""]}) v1 -- 0x7f4a7007ae70 con 0x7f4a54038750
2024-03-29T09:02:19.290 INFO:teuthology.orchestra.run.smithi049.stdout:/usr/bin/ceph: stderr
2024-03-29T09:02:18.811+0000 7f4a74a00700 1 -- 172.21.15.49:0/1882805506 <== mgr.14122 v2:172.21.15.49:6800/565660301 1 ==== mgr_command_reply(tid 0: 0 ) v1 ==== 8+0+24 (secure 0 0 0) 0x7f4a7007ae70 con 0x7f4a54038750
2024-03-29T09:02:19.290 INFO:teuthology.orchestra.run.smithi049.stdout:/usr/bin/ceph: stderr
2024-03-29T09:02:18.813+0000 7f4a75e00700 1 -- 172.21.15.49:0/1882805506 >> [v2:172.21.15.49:6800/565660301,v1:172.21.15.49:6801/565660301] conn(0x7f4a54038750 msgr2=0x7f4a5403ac10 secure :-1 s=STATE_CONNECTION_ESTABLISHED l=1).mark_down
2024-03-29T09:02:19.291 INFO:teuthology.orchestra.run.smithi049.stdout:/usr/bin/ceph: stderr
2024-03-29T09:02:18.813+0000 7f4a75e00700 1 --2- 172.21.15.49:0/1882805506 >> [v2:172.21.15.49:6800/565660301,v1:172.21.15.49:6801/565660301] conn(0x7f4a54038750 0x7f4a5403ac10 secure :-1 s=READY pgs=13 cs=0 l=1 rev1=1 crypto rx=0x7f4a5c006fd0 tx=0x7f4a5c006e40 comp rx=0 tx=0).stop
2024-03-29T09:02:19.291 INFO:teuthology.orchestra.run.smithi049.stdout:/usr/bin/ceph: stderr
2024-03-29T09:02:18.813+0000 7f4a75e00700 1 -- 172.21.15.49:0/1882805506 >> [v2:172.21.15.49:3300/0,v1:172.21.15.49:6789/0] conn(0x7f4a701063e0 msgr2=0x7f4a7007bae0 secure :-1 s=STATE_CONNECTION_ESTABLISHED l=1).mark_down
2024-03-29T09:02:19.291 INFO:teuthology.orchestra.run.smithi049.stdout:/usr/bin/ceph: stderr
2024-03-29T09:02:18.813+0000 7f4a75e00700 1 --2- 172.21.15.49:0/1882805506 >> [v2:172.21.15.49:3300/0,v1:172.21.15.49:6789/0] conn(0x7f4a701063e0 0x7f4a7007bae0 secure :-1 s=READY pgs=52 cs=0 l=1 rev1=1 crypto rx=0x7f4a60011670 tx=0x7f4a60011a30 comp rx=0 tx=0).stop
2024-03-29T09:02:19.291 INFO:teuthology.orchestra.run.smithi049.stdout:/usr/bin/ceph: stderr
2024-03-29T09:02:18.814+0000 7f4a75e00700 1 -- 172.21.15.49:0/1882805506 shutdown_connections
2024-03-29T09:02:19.291 INFO:teuthology.orchestra.run.smithi049.stdout:/usr/bin/ceph: stderr
2024-03-29T09:02:18.814+0000 7f4a75e00700 1 --2- 172.21.15.49:0/1882805506 >> [v2:172.21.15.49:6800/565660301,v1:172.21.15.49:6801/565660301] conn(0x7f4a54038750 0x7f4a5403ac10 unknown :-1 s=CLOSED pgs=13 cs=0 l=1 rev1=1 crypto rx=0 tx=0 comp rx=0 tx=0).stop
2024-03-29T09:02:19.291 INFO:teuthology.orchestra.run.smithi049.stdout:/usr/bin/ceph: stderr
2024-03-29T09:02:18.814+0000 7f4a75e00700 1 --2- 172.21.15.49:0/1882805506 >> [v2:172.21.15.49:3300/0,v1:172.21.15.49:6789/0] conn(0x7f4a701063e0 0x7f4a7007bae0 unknown :-1 s=CLOSED pgs=52 cs=0 l=1 rev1=1 crypto rx=0 tx=0 comp rx=0 tx=0).stop
2024-03-29T09:02:19.291 INFO:teuthology.orchestra.run.smithi049.stdout:/usr/bin/ceph: stderr
2024-03-29T09:02:18.814+0000 7f4a75e00700 1 -- 172.21.15.49:0/1882805506 >> 172.21.15.49:0/1882805506 conn(0x7f4a701019a0 msgr2=0x7f4a701025f0 unknown :-1 s=STATE_NONE l=0).mark_down
2024-03-29T09:02:19.291 INFO:teuthology.orchestra.run.smithi049.stdout:/usr/bin/ceph: stderr
2024-03-29T09:02:18.814+0000 7f4a75e00700 1 -- 172.21.15.49:0/1882805506 shutdown_connections
2024-03-29T09:02:19.291 INFO:teuthology.orchestra.run.smithi049.stdout:/usr/bin/ceph: stderr
2024-03-29T09:02:18.814+0000 7f4a75e00700 1 -- 172.21.15.49:0/1882805506 wait complete.
2024-03-29T09:02:19.948 INFO:journalctl@ceph.mon.a.smithi049.stdout:Mar 29 09:02:19 smithi049 ceph-mon[38250]: from='client.14146 -' entity='client.admin' cmd=[{"prefix": "orch apply", "service_type": "mgr", "unmanaged": true, "target": ["mon-mgr", ""]}]: dispatch
2024-03-29T09:02:19.948 INFO:journalctl@ceph.mon.a.smithi049.stdout:Mar 29 09:02:19 smithi049 ceph-mon[38250]: Saving service mgr spec with placement count:2
2024-03-29T09:02:19.948 INFO:journalctl@ceph.mon.a.smithi049.stdout:Mar 29 09:02:19 smithi049 ceph-mon[38250]: from='mgr.14122 172.21.15.49:0/328643444' entity='mgr.x'
2024-03-29T09:02:19.948 INFO:journalctl@ceph.mon.a.smithi049.stdout:Mar 29 09:02:19 smithi049 ceph-mon[38250]: from='mgr.14122 172.21.15.49:0/328643444' entity='mgr.x'
2024-03-29T09:02:20.511 INFO:teuthology.orchestra.run.smithi049.stdout:/usr/bin/ceph: stderr
2024-03-29T09:02:19.926+0000 7f83e5e00700 1 Processor -- start
2024-03-29T09:02:20.511 INFO:teuthology.orchestra.run.smithi049.stdout:/usr/bin/ceph: stderr
2024-03-29T09:02:19.926+0000 7f83e5e00700 1 -- start start
2024-03-29T09:02:20.511 INFO:teuthology.orchestra.run.smithi049.stdout:/usr/bin/ceph: stderr
2024-03-29T09:02:19.926+0000 7f83e5e00700 1 --2- >> [v2:172.21.15.49:3300/0,v1:172.21.15.49:6789/0] conn(0x7f83e007be20 0x7f83e007a280 unknown :-1 s=NONE pgs=0 cs=0 l=0 rev1=0 crypto rx=0 tx=0 comp rx=0 tx=0).connect
2024-03-29T09:02:20.511 INFO:teuthology.orchestra.run.smithi049.stdout:/usr/bin/ceph: stderr
2024-03-29T09:02:19.926+0000 7f83e5e00700 1 -- --> [v2:172.21.15.49:3300/0,v1:172.21.15.49:6789/0] -- mon_getmap magic: 0 v1 -- 0x7f83e007a850 con 0x7f83e007be20
2024-03-29T09:02:20.511 INFO:teuthology.orchestra.run.smithi049.stdout:/usr/bin/ceph: stderr
2024-03-29T09:02:19.927+0000 7f83dea00700 1 --2- >> [v2:172.21.15.49:3300/0,v1:172.21.15.49:6789/0] conn(0x7f83e007be20 0x7f83e007a280 unknown :-1 s=BANNER_CONNECTING pgs=0 cs=0 l=0 rev1=0 crypto rx=0 tx=0 comp rx=0 tx=0)._handle_peer_banner_payload supported=3 required=0
2024-03-29T09:02:20.511 INFO:teuthology.orchestra.run.smithi049.stdout:/usr/bin/ceph: stderr
2024-03-29T09:02:19.927+0000 7f83dea00700 1 --2- >> [v2:172.21.15.49:3300/0,v1:172.21.15.49:6789/0] conn(0x7f83e007be20 0x7f83e007a280 unknown :-1 s=HELLO_CONNECTING pgs=0 cs=0 l=0 rev1=1 crypto rx=0 tx=0 comp rx=0 tx=0).handle_hello peer v2:172.21.15.49:3300/0 says I am v2:172.21.15.49:42742/0 (socket says 172.21.15.49:42742)
2024-03-29T09:02:20.511 INFO:teuthology.orchestra.run.smithi049.stdout:/usr/bin/ceph: stderr
2024-03-29T09:02:19.927+0000 7f83dea00700 1 -- 172.21.15.49:0/3663463135 learned_addr learned my addr 172.21.15.49:0/3663463135 (peer_addr_for_me v2:172.21.15.49:0/0)
2024-03-29T09:02:20.511 INFO:teuthology.orchestra.run.smithi049.stdout:/usr/bin/ceph: stderr
2024-03-29T09:02:19.927+0000 7f83dea00700 1 -- 172.21.15.49:0/3663463135 --> [v2:172.21.15.49:3300/0,v1:172.21.15.49:6789/0] -- mon_subscribe({config=0+,monmap=0+}) v3 -- 0x7f83e007a990 con 0x7f83e007be20
2024-03-29T09:02:20.512 INFO:teuthology.orchestra.run.smithi049.stdout:/usr/bin/ceph: stderr
2024-03-29T09:02:19.927+0000 7f83dea00700 1 --2- 172.21.15.49:0/3663463135 >> [v2:172.21.15.49:3300/0,v1:172.21.15.49:6789/0] conn(0x7f83e007be20 0x7f83e007a280 secure :-1 s=READY pgs=53 cs=0 l=1 rev1=1 crypto rx=0x7f83d00098a0 tx=0x7f83d0009bb0 comp rx=0 tx=0).ready entity=mon.0 client_cookie=191538fc1c4c09df server_cookie=0 in_seq=0 out_seq=0
2024-03-29T09:02:20.512 INFO:teuthology.orchestra.run.smithi049.stdout:/usr/bin/ceph: stderr
2024-03-29T09:02:19.928+0000 7f83dd600700 1 -- 172.21.15.49:0/3663463135 <== mon.0 v2:172.21.15.49:3300/0 1 ==== mon_map magic: 0 v1 ==== 205+0+0 (secure 0 0 0) 0x7f83d0004160 con 0x7f83e007be20
2024-03-29T09:02:20.512 INFO:teuthology.orchestra.run.smithi049.stdout:/usr/bin/ceph: stderr
2024-03-29T09:02:19.928+0000 7f83dd600700 1 -- 172.21.15.49:0/3663463135 <== mon.0 v2:172.21.15.49:3300/0 2 ==== config(26 keys) v1 ==== 1105+0+0 (secure 0 0 0) 0x7f83d00042c0 con 0x7f83e007be20
2024-03-29T09:02:20.512 INFO:teuthology.orchestra.run.smithi049.stdout:/usr/bin/ceph: stderr
2024-03-29T09:02:19.928+0000 7f83dd600700 1 -- 172.21.15.49:0/3663463135 <== mon.0 v2:172.21.15.49:3300/0 3 ==== mon_map magic: 0 v1 ==== 205+0+0 (secure 0 0 0) 0x7f83d00119b0 con 0x7f83e007be20
2024-03-29T09:02:20.512 INFO:teuthology.orchestra.run.smithi049.stdout:/usr/bin/ceph: stderr
2024-03-29T09:02:19.928+0000 7f83e5e00700 1 -- 172.21.15.49:0/3663463135 >> [v2:172.21.15.49:3300/0,v1:172.21.15.49:6789/0] conn(0x7f83e007be20 msgr2=0x7f83e007a280 secure :-1 s=STATE_CONNECTION_ESTABLISHED l=1).mark_down
2024-03-29T09:02:20.512 INFO:teuthology.orchestra.run.smithi049.stdout:/usr/bin/ceph: stderr
2024-03-29T09:02:19.928+0000 7f83e5e00700 1 --2- 172.21.15.49:0/3663463135 >> [v2:172.21.15.49:3300/0,v1:172.21.15.49:6789/0] conn(0x7f83e007be20 0x7f83e007a280 secure :-1 s=READY pgs=53 cs=0 l=1 rev1=1 crypto rx=0x7f83d00098a0 tx=0x7f83d0009bb0 comp rx=0 tx=0).stop
2024-03-29T09:02:20.512 INFO:teuthology.orchestra.run.smithi049.stdout:/usr/bin/ceph: stderr
2024-03-29T09:02:19.928+0000 7f83e5e00700 1 -- 172.21.15.49:0/3663463135 shutdown_connections
2024-03-29T09:02:20.512 INFO:teuthology.orchestra.run.smithi049.stdout:/usr/bin/ceph: stderr
2024-03-29T09:02:19.928+0000 7f83e5e00700 1 --2- 172.21.15.49:0/3663463135 >> [v2:172.21.15.49:3300/0,v1:172.21.15.49:6789/0] conn(0x7f83e007be20 0x7f83e007a280 unknown :-1 s=CLOSED pgs=53 cs=0 l=1 rev1=1 crypto rx=0 tx=0 comp rx=0 tx=0).stop
2024-03-29T09:02:20.512 INFO:teuthology.orchestra.run.smithi049.stdout:/usr/bin/ceph: stderr
2024-03-29T09:02:19.928+0000 7f83e5e00700 1 -- 172.21.15.49:0/3663463135 >> 172.21.15.49:0/3663463135 conn(0x7f83e0101960 msgr2=0x7f83e0103de0 unknown :-1 s=STATE_NONE l=0).mark_down
2024-03-29T09:02:20.512 INFO:teuthology.orchestra.run.smithi049.stdout:/usr/bin/ceph: stderr
2024-03-29T09:02:19.928+0000 7f83e5e00700 1 -- 172.21.15.49:0/3663463135 shutdown_connections
2024-03-29T09:02:20.512 INFO:teuthology.orchestra.run.smithi049.stdout:/usr/bin/ceph: stderr
2024-03-29T09:02:19.929+0000 7f83e5e00700 1 -- 172.21.15.49:0/3663463135 wait complete.
2024-03-29T09:02:20.513 INFO:teuthology.orchestra.run.smithi049.stdout:/usr/bin/ceph: stderr
2024-03-29T09:02:19.929+0000 7f83e5e00700 1 Processor -- start
2024-03-29T09:02:20.513 INFO:teuthology.orchestra.run.smithi049.stdout:/usr/bin/ceph: stderr
2024-03-29T09:02:19.930+0000 7f83e5e00700 1 -- start start
2024-03-29T09:02:20.513 INFO:teuthology.orchestra.run.smithi049.stdout:/usr/bin/ceph: stderr
2024-03-29T09:02:19.930+0000 7f83e5e00700 1 --2- >> [v2:172.21.15.49:3300/0,v1:172.21.15.49:6789/0] conn(0x7f83e007be20 0x7f83e019c370 unknown :-1 s=NONE pgs=0 cs=0 l=1 rev1=0 crypto rx=0 tx=0 comp rx=0 tx=0).connect
2024-03-29T09:02:20.513 INFO:teuthology.orchestra.run.smithi049.stdout:/usr/bin/ceph: stderr
2024-03-29T09:02:19.930+0000 7f83e5e00700 1 -- --> [v2:172.21.15.49:3300/0,v1:172.21.15.49:6789/0] -- mon_getmap magic: 0 v1 -- 0x7f83e019c8b0 con 0x7f83e007be20
2024-03-29T09:02:20.513 INFO:teuthology.orchestra.run.smithi049.stdout:/usr/bin/ceph: stderr
2024-03-29T09:02:19.930+0000 7f83dea00700 1 --2- >> [v2:172.21.15.49:3300/0,v1:172.21.15.49:6789/0] conn(0x7f83e007be20 0x7f83e019c370 unknown :-1 s=BANNER_CONNECTING pgs=0 cs=0 l=1 rev1=0 crypto rx=0 tx=0 comp rx=0 tx=0)._handle_peer_banner_payload supported=3 required=0
2024-03-29T09:02:20.513 INFO:teuthology.orchestra.run.smithi049.stdout:/usr/bin/ceph: stderr
2024-03-29T09:02:19.930+0000 7f83dea00700 1 --2- >> [v2:172.21.15.49:3300/0,v1:172.21.15.49:6789/0] conn(0x7f83e007be20 0x7f83e019c370 unknown :-1 s=HELLO_CONNECTING pgs=0 cs=0 l=1 rev1=1 crypto rx=0 tx=0 comp rx=0 tx=0).handle_hello peer v2:172.21.15.49:3300/0 says I am v2:172.21.15.49:42756/0 (socket says 172.21.15.49:42756)
2024-03-29T09:02:20.513 INFO:teuthology.orchestra.run.smithi049.stdout:/usr/bin/ceph: stderr
2024-03-29T09:02:19.930+0000 7f83dea00700 1 -- 172.21.15.49:0/2442164952 learned_addr learned my addr 172.21.15.49:0/2442164952 (peer_addr_for_me v2:172.21.15.49:0/0)
2024-03-29T09:02:20.513 INFO:teuthology.orchestra.run.smithi049.stdout:/usr/bin/ceph: stderr
2024-03-29T09:02:19.931+0000 7f83dea00700 1 -- 172.21.15.49:0/2442164952 --> [v2:172.21.15.49:3300/0,v1:172.21.15.49:6789/0] -- mon_subscribe({config=0+,monmap=0+}) v3 -- 0x7f83d0009550 con 0x7f83e007be20
2024-03-29T09:02:20.514 INFO:teuthology.orchestra.run.smithi049.stdout:/usr/bin/ceph: stderr
2024-03-29T09:02:19.931+0000 7f83dea00700 1 --2- 172.21.15.49:0/2442164952 >> [v2:172.21.15.49:3300/0,v1:172.21.15.49:6789/0] conn(0x7f83e007be20 0x7f83e019c370 secure :-1 s=READY pgs=54 cs=0 l=1 rev1=1 crypto rx=0x7f83d0011980 tx=0x7f83d0011a60 comp rx=0 tx=0).ready entity=mon.0 client_cookie=0 server_cookie=0 in_seq=0 out_seq=0
2024-03-29T09:02:20.514 INFO:teuthology.orchestra.run.smithi049.stdout:/usr/bin/ceph: stderr
2024-03-29T09:02:19.931+0000 7f83e4a00700 1 -- 172.21.15.49:0/2442164952 <== mon.0 v2:172.21.15.49:3300/0 1 ==== mon_map magic: 0 v1 ==== 205+0+0 (secure 0 0 0) 0x7f83d0003af0 con 0x7f83e007be20
2024-03-29T09:02:20.514 INFO:teuthology.orchestra.run.smithi049.stdout:/usr/bin/ceph: stderr
2024-03-29T09:02:19.931+0000 7f83e4a00700 1 -- 172.21.15.49:0/2442164952 <== mon.0 v2:172.21.15.49:3300/0 2 ==== config(26 keys) v1 ==== 1105+0+0 (secure 0 0 0) 0x7f83d0003c50 con 0x7f83e007be20
2024-03-29T09:02:20.514 INFO:teuthology.orchestra.run.smithi049.stdout:/usr/bin/ceph: stderr
2024-03-29T09:02:19.931+0000 7f83e5e00700 1 -- 172.21.15.49:0/2442164952 --> [v2:172.21.15.49:3300/0,v1:172.21.15.49:6789/0] -- mon_subscribe({mgrmap=0+}) v3 -- 0x7f83e019cab0 con 0x7f83e007be20
2024-03-29T09:02:20.514 INFO:teuthology.orchestra.run.smithi049.stdout:/usr/bin/ceph: stderr
2024-03-29T09:02:19.931+0000 7f83e4a00700 1 -- 172.21.15.49:0/2442164952 <== mon.0 v2:172.21.15.49:3300/0 3 ==== mon_map magic: 0 v1 ==== 205+0+0 (secure 0 0 0) 0x7f83d0019760 con 0x7f83e007be20
2024-03-29T09:02:20.514 INFO:teuthology.orchestra.run.smithi049.stdout:/usr/bin/ceph: stderr
2024-03-29T09:02:19.931+0000 7f83e5e00700 1 -- 172.21.15.49:0/2442164952 --> [v2:172.21.15.49:3300/0,v1:172.21.15.49:6789/0] -- mon_subscribe({osdmap=0}) v3 -- 0x7f83e019cf50 con 0x7f83e007be20
2024-03-29T09:02:20.514 INFO:teuthology.orchestra.run.smithi049.stdout:/usr/bin/ceph: stderr
2024-03-29T09:02:19.932+0000 7f83e4a00700 1 -- 172.21.15.49:0/2442164952 <== mon.0 v2:172.21.15.49:3300/0 4 ==== mgrmap(e 8) v1 ==== 45533+0+0 (secure 0 0 0) 0x7f83d00199a0 con 0x7f83e007be20
2024-03-29T09:02:20.514 INFO:teuthology.orchestra.run.smithi049.stdout:/usr/bin/ceph: stderr
2024-03-29T09:02:19.933+0000 7f83e5e00700 1 -- 172.21.15.49:0/2442164952 --> [v2:172.21.15.49:3300/0,v1:172.21.15.49:6789/0] -- mon_command({"prefix": "get_command_descriptions"} v 0) v1 -- 0x7f83e010c800 con 0x7f83e007be20
2024-03-29T09:02:20.514 INFO:teuthology.orchestra.run.smithi049.stdout:/usr/bin/ceph: stderr
2024-03-29T09:02:19.933+0000 7f83e4a00700 1 --2- 172.21.15.49:0/2442164952 >> [v2:172.21.15.49:6800/565660301,v1:172.21.15.49:6801/565660301] conn(0x7f83c4038700 0x7f83c403abc0 unknown :-1 s=NONE pgs=0 cs=0 l=1 rev1=0 crypto rx=0 tx=0 comp rx=0 tx=0).connect
2024-03-29T09:02:20.514 INFO:teuthology.orchestra.run.smithi049.stdout:/usr/bin/ceph: stderr
2024-03-29T09:02:19.933+0000 7f83e4a00700 1 -- 172.21.15.49:0/2442164952 <== mon.0 v2:172.21.15.49:3300/0 5 ==== osd_map(2..2 src has 1..2) v4 ==== 940+0+0 (secure 0 0 0) 0x7f83d004ca50 con 0x7f83e007be20
2024-03-29T09:02:20.514 INFO:teuthology.orchestra.run.smithi049.stdout:/usr/bin/ceph: stderr
2024-03-29T09:02:19.933+0000 7f83de000700 1 --2- 172.21.15.49:0/2442164952 >> [v2:172.21.15.49:6800/565660301,v1:172.21.15.49:6801/565660301] conn(0x7f83c4038700 0x7f83c403abc0 unknown :-1 s=BANNER_CONNECTING pgs=0 cs=0 l=1 rev1=0 crypto rx=0 tx=0 comp rx=0 tx=0)._handle_peer_banner_payload supported=3 required=0
2024-03-29T09:02:20.514 INFO:teuthology.orchestra.run.smithi049.stdout:/usr/bin/ceph: stderr
2024-03-29T09:02:19.934+0000 7f83de000700 1 --2- 172.21.15.49:0/2442164952 >> [v2:172.21.15.49:6800/565660301,v1:172.21.15.49:6801/565660301] conn(0x7f83c4038700 0x7f83c403abc0 secure :-1 s=READY pgs=14 cs=0 l=1 rev1=1 crypto rx=0x7f83cc006fd0 tx=0x7f83cc006e40 comp rx=0 tx=0).ready entity=mgr.14122 client_cookie=0 server_cookie=0 in_seq=0 out_seq=0
2024-03-29T09:02:20.514 INFO:teuthology.orchestra.run.smithi049.stdout:/usr/bin/ceph: stderr
2024-03-29T09:02:19.938+0000 7f83e4a00700 1 -- 172.21.15.49:0/2442164952 <== mon.0 v2:172.21.15.49:3300/0 6 ==== mon_command_ack([{"prefix": "get_command_descriptions"}]=0 v0) v1 ==== 72+0+182738 (secure 0 0 0) 0x7f83d0018db0 con 0x7f83e007be20
2024-03-29T09:02:20.515 INFO:teuthology.orchestra.run.smithi049.stdout:/usr/bin/ceph: stderr
2024-03-29T09:02:20.157+0000 7f83e5e00700 1 -- 172.21.15.49:0/2442164952 --> [v2:172.21.15.49:3300/0,v1:172.21.15.49:6789/0] -- mon_command([{prefix=config set, name=mgr/cephadm/container_init}] v 0) v1 -- 0x7f83e019f7e0 con 0x7f83e007be20
2024-03-29T09:02:20.515 INFO:teuthology.orchestra.run.smithi049.stdout:/usr/bin/ceph: stderr
2024-03-29T09:02:20.161+0000 7f83e4a00700 1 -- 172.21.15.49:0/2442164952 <== mon.0 v2:172.21.15.49:3300/0 7 ==== mon_command_ack([{prefix=config set, name=mgr/cephadm/container_init}]=0 v7)=0 v7) v1 ==== 142+0+0 (secure 0 0 0) 0x7f83d0018350 con 0x7f83e007be20
2024-03-29T09:02:20.515 INFO:teuthology.orchestra.run.smithi049.stdout:/usr/bin/ceph: stderr
2024-03-29T09:02:20.163+0000 7f83e5e00700 1 -- 172.21.15.49:0/2442164952 >> [v2:172.21.15.49:6800/565660301,v1:172.21.15.49:6801/565660301] conn(0x7f83c4038700 msgr2=0x7f83c403abc0 secure :-1 s=STATE_CONNECTION_ESTABLISHED l=1).mark_down
2024-03-29T09:02:20.515 INFO:teuthology.orchestra.run.smithi049.stdout:/usr/bin/ceph: stderr
2024-03-29T09:02:20.163+0000 7f83e5e00700 1 --2- 172.21.15.49:0/2442164952 >> [v2:172.21.15.49:6800/565660301,v1:172.21.15.49:6801/565660301] conn(0x7f83c4038700 0x7f83c403abc0 secure :-1 s=READY pgs=14 cs=0 l=1 rev1=1 crypto rx=0x7f83cc006fd0 tx=0x7f83cc006e40 comp rx=0 tx=0).stop
2024-03-29T09:02:20.515 INFO:teuthology.orchestra.run.smithi049.stdout:/usr/bin/ceph: stderr
2024-03-29T09:02:20.163+0000 7f83e5e00700 1 -- 172.21.15.49:0/2442164952 >> [v2:172.21.15.49:3300/0,v1:172.21.15.49:6789/0] conn(0x7f83e007be20 msgr2=0x7f83e019c370 secure :-1 s=STATE_CONNECTION_ESTABLISHED l=1).mark_down
2024-03-29T09:02:20.515 INFO:teuthology.orchestra.run.smithi049.stdout:/usr/bin/ceph: stderr
2024-03-29T09:02:20.163+0000 7f83e5e00700 1 --2- 172.21.15.49:0/2442164952 >> [v2:172.21.15.49:3300/0,v1:172.21.15.49:6789/0] conn(0x7f83e007be20 0x7f83e019c370 secure :-1 s=READY pgs=54 cs=0 l=1 rev1=1 crypto rx=0x7f83d0011980 tx=0x7f83d0011a60 comp rx=0 tx=0).stop
2024-03-29T09:02:20.515 INFO:teuthology.orchestra.run.smithi049.stdout:/usr/bin/ceph: stderr
2024-03-29T09:02:20.164+0000 7f83e5e00700 1 -- 172.21.15.49:0/2442164952 shutdown_connections
2024-03-29T09:02:20.516 INFO:teuthology.orchestra.run.smithi049.stdout:/usr/bin/ceph: stderr
2024-03-29T09:02:20.164+0000 7f83e5e00700 1 --2- 172.21.15.49:0/2442164952 >> [v2:172.21.15.49:6800/565660301,v1:172.21.15.49:6801/565660301] conn(0x7f83c4038700 0x7f83c403abc0 unknown :-1 s=CLOSED pgs=14 cs=0 l=1 rev1=1 crypto rx=0 tx=0 comp rx=0 tx=0).stop
2024-03-29T09:02:20.516 INFO:teuthology.orchestra.run.smithi049.stdout:/usr/bin/ceph: stderr
2024-03-29T09:02:20.164+0000 7f83e5e00700 1 --2- 172.21.15.49:0/2442164952 >> [v2:172.21.15.49:3300/0,v1:172.21.15.49:6789/0] conn(0x7f83e007be20 0x7f83e019c370 unknown :-1 s=CLOSED pgs=54 cs=0 l=1 rev1=1 crypto rx=0 tx=0 comp rx=0 tx=0).stop
2024-03-29T09:02:20.516 INFO:teuthology.orchestra.run.smithi049.stdout:/usr/bin/ceph: stderr
2024-03-29T09:02:20.164+0000 7f83e5e00700 1 -- 172.21.15.49:0/2442164952 >> 172.21.15.49:0/2442164952 conn(0x7f83e0101960 msgr2=0x7f83e0102540 unknown :-1 s=STATE_NONE l=0).mark_down
2024-03-29T09:02:20.516 INFO:teuthology.orchestra.run.smithi049.stdout:/usr/bin/ceph: stderr
2024-03-29T09:02:20.164+0000 7f83e5e00700 1 -- 172.21.15.49:0/2442164952 shutdown_connections
2024-03-29T09:02:20.516 INFO:teuthology.orchestra.run.smithi049.stdout:/usr/bin/ceph: stderr
2024-03-29T09:02:20.164+0000 7f83e5e00700 1 -- 172.21.15.49:0/2442164952 wait complete.
2024-03-29T09:02:21.415 INFO:journalctl@ceph.mon.a.smithi049.stdout:Mar 29 09:02:21 smithi049 ceph-mon[38250]: from='client.? 172.21.15.49:0/2442164952' entity='client.admin'
2024-03-29T09:02:21.415 INFO:journalctl@ceph.mon.a.smithi049.stdout:Mar 29 09:02:21 smithi049 ceph-mon[38250]: from='mgr.14122 172.21.15.49:0/328643444' entity='mgr.x'
2024-03-29T09:02:21.550 INFO:teuthology.orchestra.run.smithi049.stdout:/usr/bin/ceph: stderr
2024-03-29T09:02:20.947+0000 7fafda400700 1 Processor -- start
2024-03-29T09:02:21.550 INFO:teuthology.orchestra.run.smithi049.stdout:/usr/bin/ceph: stderr
2024-03-29T09:02:20.947+0000 7fafda400700 1 -- start start
2024-03-29T09:02:21.550 INFO:teuthology.orchestra.run.smithi049.stdout:/usr/bin/ceph: stderr
2024-03-29T09:02:20.947+0000 7fafda400700 1 --2- >> [v2:172.21.15.49:3300/0,v1:172.21.15.49:6789/0] conn(0x7fafd4108630 0x7fafd4108a50 unknown :-1 s=NONE pgs=0 cs=0 l=0 rev1=0 crypto rx=0 tx=0 comp rx=0 tx=0).connect
2024-03-29T09:02:21.550 INFO:teuthology.orchestra.run.smithi049.stdout:/usr/bin/ceph: stderr
2024-03-29T09:02:20.947+0000 7fafda400700 1 -- --> [v2:172.21.15.49:3300/0,v1:172.21.15.49:6789/0] -- mon_getmap magic: 0 v1 -- 0x7fafd4109020 con 0x7fafd4108630
2024-03-29T09:02:21.550 INFO:teuthology.orchestra.run.smithi049.stdout:/usr/bin/ceph: stderr
2024-03-29T09:02:20.948+0000 7fafd3400700 1 --2- >> [v2:172.21.15.49:3300/0,v1:172.21.15.49:6789/0] conn(0x7fafd4108630 0x7fafd4108a50 unknown :-1 s=BANNER_CONNECTING pgs=0 cs=0 l=0 rev1=0 crypto rx=0 tx=0 comp rx=0 tx=0)._handle_peer_banner_payload supported=3 required=0
2024-03-29T09:02:21.551 INFO:teuthology.orchestra.run.smithi049.stdout:/usr/bin/ceph: stderr
2024-03-29T09:02:20.948+0000 7fafd3400700 1 --2- >> [v2:172.21.15.49:3300/0,v1:172.21.15.49:6789/0] conn(0x7fafd4108630 0x7fafd4108a50 unknown :-1 s=HELLO_CONNECTING pgs=0 cs=0 l=0 rev1=1 crypto rx=0 tx=0 comp rx=0 tx=0).handle_hello peer v2:172.21.15.49:3300/0 says I am v2:172.21.15.49:42764/0 (socket says 172.21.15.49:42764)
2024-03-29T09:02:21.551 INFO:teuthology.orchestra.run.smithi049.stdout:/usr/bin/ceph: stderr
2024-03-29T09:02:20.948+0000 7fafd3400700 1 -- 172.21.15.49:0/959764640 learned_addr learned my addr 172.21.15.49:0/959764640 (peer_addr_for_me v2:172.21.15.49:0/0)
2024-03-29T09:02:21.551 INFO:teuthology.orchestra.run.smithi049.stdout:/usr/bin/ceph: stderr
2024-03-29T09:02:20.948+0000 7fafd3400700 1 -- 172.21.15.49:0/959764640 --> [v2:172.21.15.49:3300/0,v1:172.21.15.49:6789/0] -- mon_subscribe({config=0+,monmap=0+}) v3 -- 0x7fafd4109830 con 0x7fafd4108630
2024-03-29T09:02:21.551 INFO:teuthology.orchestra.run.smithi049.stdout:/usr/bin/ceph: stderr
2024-03-29T09:02:20.948+0000 7fafd3400700 1 --2- 172.21.15.49:0/959764640 >> [v2:172.21.15.49:3300/0,v1:172.21.15.49:6789/0] conn(0x7fafd4108630 0x7fafd4108a50 secure :-1 s=READY pgs=55 cs=0 l=1 rev1=1 crypto rx=0x7fafc40098a0 tx=0x7fafc4009bb0 comp rx=0 tx=0).ready entity=mon.0 client_cookie=442322742cca9e05 server_cookie=0 in_seq=0 out_seq=0
2024-03-29T09:02:21.551 INFO:teuthology.orchestra.run.smithi049.stdout:/usr/bin/ceph: stderr
2024-03-29T09:02:20.949+0000 7fafd2a00700 1 -- 172.21.15.49:0/959764640 <== mon.0 v2:172.21.15.49:3300/0 1 ==== mon_map magic: 0 v1 ==== 205+0+0 (secure 0 0 0) 0x7fafc4004160 con 0x7fafd4108630
2024-03-29T09:02:21.551 INFO:teuthology.orchestra.run.smithi049.stdout:/usr/bin/ceph: stderr
2024-03-29T09:02:20.949+0000 7fafd2a00700 1 -- 172.21.15.49:0/959764640 <== mon.0 v2:172.21.15.49:3300/0 2 ==== config(26 keys) v1 ==== 1105+0+0 (secure 0 0 0) 0x7fafc40042c0 con 0x7fafd4108630
2024-03-29T09:02:21.551 INFO:teuthology.orchestra.run.smithi049.stdout:/usr/bin/ceph: stderr
2024-03-29T09:02:20.949+0000 7fafd2a00700 1 -- 172.21.15.49:0/959764640 <== mon.0 v2:172.21.15.49:3300/0 3 ==== mon_map magic: 0 v1 ==== 205+0+0 (secure 0 0 0) 0x7fafc40119b0 con 0x7fafd4108630
2024-03-29T09:02:21.551 INFO:teuthology.orchestra.run.smithi049.stdout:/usr/bin/ceph: stderr
2024-03-29T09:02:20.949+0000 7fafda400700 1 -- 172.21.15.49:0/959764640 >> [v2:172.21.15.49:3300/0,v1:172.21.15.49:6789/0] conn(0x7fafd4108630 msgr2=0x7fafd4108a50 secure :-1 s=STATE_CONNECTION_ESTABLISHED l=1).mark_down
2024-03-29T09:02:21.551 INFO:teuthology.orchestra.run.smithi049.stdout:/usr/bin/ceph: stderr
2024-03-29T09:02:20.950+0000 7fafda400700 1 --2- 172.21.15.49:0/959764640 >> [v2:172.21.15.49:3300/0,v1:172.21.15.49:6789/0] conn(0x7fafd4108630 0x7fafd4108a50 secure :-1 s=READY pgs=55 cs=0 l=1 rev1=1 crypto rx=0x7fafc40098a0 tx=0x7fafc4009bb0 comp rx=0 tx=0).stop
2024-03-29T09:02:21.551 INFO:teuthology.orchestra.run.smithi049.stdout:/usr/bin/ceph: stderr
2024-03-29T09:02:20.950+0000 7fafda400700 1 -- 172.21.15.49:0/959764640 shutdown_connections
2024-03-29T09:02:21.551 INFO:teuthology.orchestra.run.smithi049.stdout:/usr/bin/ceph: stderr
2024-03-29T09:02:20.950+0000 7fafda400700 1 --2- 172.21.15.49:0/959764640 >> [v2:172.21.15.49:3300/0,v1:172.21.15.49:6789/0] conn(0x7fafd4108630 0x7fafd4108a50 unknown :-1 s=CLOSED pgs=55 cs=0 l=1 rev1=1 crypto rx=0 tx=0 comp rx=0 tx=0).stop
2024-03-29T09:02:21.551 INFO:teuthology.orchestra.run.smithi049.stdout:/usr/bin/ceph: stderr
2024-03-29T09:02:20.950+0000 7fafda400700 1 -- 172.21.15.49:0/959764640 >> 172.21.15.49:0/959764640 conn(0x7fafd407ba40 msgr2=0x7fafd4106490 unknown :-1 s=STATE_NONE l=0).mark_down
2024-03-29T09:02:21.551 INFO:teuthology.orchestra.run.smithi049.stdout:/usr/bin/ceph: stderr
2024-03-29T09:02:20.950+0000 7fafda400700 1 -- 172.21.15.49:0/959764640 shutdown_connections
2024-03-29T09:02:21.553 INFO:teuthology.orchestra.run.smithi049.stdout:/usr/bin/ceph: stderr
2024-03-29T09:02:20.950+0000 7fafda400700 1 -- 172.21.15.49:0/959764640 wait complete.
2024-03-29T09:02:21.553 INFO:teuthology.orchestra.run.smithi049.stdout:/usr/bin/ceph: stderr
2024-03-29T09:02:20.951+0000 7fafda400700 1 Processor -- start
2024-03-29T09:02:21.553 INFO:teuthology.orchestra.run.smithi049.stdout:/usr/bin/ceph: stderr
2024-03-29T09:02:20.951+0000 7fafda400700 1 -- start start
2024-03-29T09:02:21.553 INFO:teuthology.orchestra.run.smithi049.stdout:/usr/bin/ceph: stderr
2024-03-29T09:02:20.951+0000 7fafda400700 1 --2- >> [v2:172.21.15.49:3300/0,v1:172.21.15.49:6789/0] conn(0x7fafd4108630 0x7fafd419c3c0 unknown :-1 s=NONE pgs=0 cs=0 l=1 rev1=0 crypto rx=0 tx=0 comp rx=0 tx=0).connect
2024-03-29T09:02:21.553 INFO:teuthology.orchestra.run.smithi049.stdout:/usr/bin/ceph: stderr
2024-03-29T09:02:20.951+0000 7fafda400700 1 -- --> [v2:172.21.15.49:3300/0,v1:172.21.15.49:6789/0] -- mon_getmap magic: 0 v1 -- 0x7fafd419c900 con 0x7fafd4108630
2024-03-29T09:02:21.553 INFO:teuthology.orchestra.run.smithi049.stdout:/usr/bin/ceph: stderr
2024-03-29T09:02:20.952+0000 7fafd3400700 1 --2- >> [v2:172.21.15.49:3300/0,v1:172.21.15.49:6789/0] conn(0x7fafd4108630 0x7fafd419c3c0 unknown :-1 s=BANNER_CONNECTING pgs=0 cs=0 l=1 rev1=0 crypto rx=0 tx=0 comp rx=0 tx=0)._handle_peer_banner_payload supported=3 required=0
2024-03-29T09:02:21.554 INFO:teuthology.orchestra.run.smithi049.stdout:/usr/bin/ceph: stderr
2024-03-29T09:02:20.952+0000 7fafd3400700 1 --2- >> [v2:172.21.15.49:3300/0,v1:172.21.15.49:6789/0] conn(0x7fafd4108630 0x7fafd419c3c0 unknown :-1 s=HELLO_CONNECTING pgs=0 cs=0 l=1 rev1=1 crypto rx=0 tx=0 comp rx=0 tx=0).handle_hello peer v2:172.21.15.49:3300/0 says I am v2:172.21.15.49:42778/0 (socket says 172.21.15.49:42778)
2024-03-29T09:02:21.554 INFO:teuthology.orchestra.run.smithi049.stdout:/usr/bin/ceph: stderr
2024-03-29T09:02:20.952+0000 7fafd3400700 1 -- 172.21.15.49:0/3135595784 learned_addr learned my addr 172.21.15.49:0/3135595784 (peer_addr_for_me v2:172.21.15.49:0/0)
2024-03-29T09:02:21.554 INFO:teuthology.orchestra.run.smithi049.stdout:/usr/bin/ceph: stderr
2024-03-29T09:02:20.952+0000 7fafd3400700 1 -- 172.21.15.49:0/3135595784 --> [v2:172.21.15.49:3300/0,v1:172.21.15.49:6789/0] -- mon_subscribe({config=0+,monmap=0+}) v3 -- 0x7fafc4009550 con 0x7fafd4108630
2024-03-29T09:02:21.554 INFO:teuthology.orchestra.run.smithi049.stdout:/usr/bin/ceph: stderr
2024-03-29T09:02:20.952+0000 7fafd3400700 1 --2- 172.21.15.49:0/3135595784 >> [v2:172.21.15.49:3300/0,v1:172.21.15.49:6789/0] conn(0x7fafd4108630 0x7fafd419c3c0 secure :-1 s=READY pgs=56 cs=0 l=1 rev1=1 crypto rx=0x7fafc4011670 tx=0x7fafc4011a30 comp rx=0 tx=0).ready entity=mon.0 client_cookie=0 server_cookie=0 in_seq=0 out_seq=0
2024-03-29T09:02:21.554 INFO:teuthology.orchestra.run.smithi049.stdout:/usr/bin/ceph: stderr
2024-03-29T09:02:20.952+0000 7fafd0c00700 1 -- 172.21.15.49:0/3135595784 <== mon.0 v2:172.21.15.49:3300/0 1 ==== mon_map magic: 0 v1 ==== 205+0+0 (secure 0 0 0) 0x7fafc4003af0 con 0x7fafd4108630
2024-03-29T09:02:21.554 INFO:teuthology.orchestra.run.smithi049.stdout:/usr/bin/ceph: stderr
2024-03-29T09:02:20.953+0000 7fafda400700 1 -- 172.21.15.49:0/3135595784 --> [v2:172.21.15.49:3300/0,v1:172.21.15.49:6789/0] -- mon_subscribe({mgrmap=0+}) v3 -- 0x7fafd419cb00 con 0x7fafd4108630
2024-03-29T09:02:21.554 INFO:teuthology.orchestra.run.smithi049.stdout:/usr/bin/ceph: stderr
2024-03-29T09:02:20.953+0000 7fafd0c00700 1 -- 172.21.15.49:0/3135595784 <== mon.0 v2:172.21.15.49:3300/0 2 ==== config(26 keys) v1 ==== 1105+0+0 (secure 0 0 0) 0x7fafc4003c50 con 0x7fafd4108630
2024-03-29T09:02:21.554 INFO:teuthology.orchestra.run.smithi049.stdout:/usr/bin/ceph: stderr
2024-03-29T09:02:20.953+0000 7fafd0c00700 1 -- 172.21.15.49:0/3135595784 <== mon.0 v2:172.21.15.49:3300/0 3 ==== mon_map magic: 0 v1 ==== 205+0+0 (secure 0 0 0) 0x7fafc4024820 con 0x7fafd4108630
2024-03-29T09:02:21.554 INFO:teuthology.orchestra.run.smithi049.stdout:/usr/bin/ceph: stderr
2024-03-29T09:02:20.953+0000 7fafda400700 1 -- 172.21.15.49:0/3135595784 --> [v2:172.21.15.49:3300/0,v1:172.21.15.49:6789/0] -- mon_subscribe({osdmap=0}) v3 -- 0x7fafd419cfa0 con 0x7fafd4108630
2024-03-29T09:02:21.554 INFO:teuthology.orchestra.run.smithi049.stdout:/usr/bin/ceph: stderr
2024-03-29T09:02:20.954+0000 7fafda400700 1 -- 172.21.15.49:0/3135595784 --> [v2:172.21.15.49:3300/0,v1:172.21.15.49:6789/0] -- mon_command({"prefix": "get_command_descriptions"} v 0) v1 -- 0x7fafd410ca60 con 0x7fafd4108630
2024-03-29T09:02:21.554 INFO:teuthology.orchestra.run.smithi049.stdout:/usr/bin/ceph: stderr
2024-03-29T09:02:20.954+0000 7fafd0c00700 1 -- 172.21.15.49:0/3135595784 <== mon.0 v2:172.21.15.49:3300/0 4 ==== mgrmap(e 8) v1 ==== 45533+0+0 (secure 0 0 0) 0x7fafc401a430 con 0x7fafd4108630
2024-03-29T09:02:21.554 INFO:teuthology.orchestra.run.smithi049.stdout:/usr/bin/ceph: stderr
2024-03-29T09:02:20.955+0000 7fafd0c00700 1 --2- 172.21.15.49:0/3135595784 >> [v2:172.21.15.49:6800/565660301,v1:172.21.15.49:6801/565660301] conn(0x7fafb8038700 0x7fafb803abc0 unknown :-1 s=NONE pgs=0 cs=0 l=1 rev1=0 crypto rx=0 tx=0 comp rx=0 tx=0).connect
2024-03-29T09:02:21.554 INFO:teuthology.orchestra.run.smithi049.stdout:/usr/bin/ceph: stderr
2024-03-29T09:02:20.955+0000 7fafd0c00700 1 -- 172.21.15.49:0/3135595784 <== mon.0 v2:172.21.15.49:3300/0 5 ==== osd_map(2..2 src has 1..2) v4 ==== 940+0+0 (secure 0 0 0) 0x7fafc404c940 con 0x7fafd4108630
2024-03-29T09:02:21.555 INFO:teuthology.orchestra.run.smithi049.stdout:/usr/bin/ceph: stderr
2024-03-29T09:02:20.955+0000 7fafcbe00700 1 --2- 172.21.15.49:0/3135595784 >> [v2:172.21.15.49:6800/565660301,v1:172.21.15.49:6801/565660301] conn(0x7fafb8038700 0x7fafb803abc0 unknown :-1 s=BANNER_CONNECTING pgs=0 cs=0 l=1 rev1=0 crypto rx=0 tx=0 comp rx=0 tx=0)._handle_peer_banner_payload supported=3 required=0
2024-03-29T09:02:21.555 INFO:teuthology.orchestra.run.smithi049.stdout:/usr/bin/ceph: stderr
2024-03-29T09:02:20.956+0000 7fafcbe00700 1 --2- 172.21.15.49:0/3135595784 >> [v2:172.21.15.49:6800/565660301,v1:172.21.15.49:6801/565660301] conn(0x7fafb8038700 0x7fafb803abc0 secure :-1 s=READY pgs=15 cs=0 l=1 rev1=1 crypto rx=0x7fafbc006fd0 tx=0x7fafbc006e40 comp rx=0 tx=0).ready entity=mgr.14122 client_cookie=0 server_cookie=0 in_seq=0 out_seq=0
2024-03-29T09:02:21.555 INFO:teuthology.orchestra.run.smithi049.stdout:/usr/bin/ceph: stderr
2024-03-29T09:02:20.960+0000 7fafd0c00700 1 -- 172.21.15.49:0/3135595784 <== mon.0 v2:172.21.15.49:3300/0 6 ==== mon_command_ack([{"prefix": "get_command_descriptions"}]=0 v0) v1 ==== 72+0+182738 (secure 0 0 0) 0x7fafc4018530 con 0x7fafd4108630
2024-03-29T09:02:21.555 INFO:teuthology.orchestra.run.smithi049.stdout:/usr/bin/ceph: stderr
2024-03-29T09:02:21.191+0000 7fafda400700 1 -- 172.21.15.49:0/3135595784 --> [v2:172.21.15.49:3300/0,v1:172.21.15.49:6789/0] -- mon_command([{prefix=config set, name=mgr/dashboard/ssl_server_port}] v 0) v1 -- 0x7fafd410cca0 con 0x7fafd4108630
2024-03-29T09:02:21.555 INFO:teuthology.orchestra.run.smithi049.stdout:/usr/bin/ceph: stderr
2024-03-29T09:02:21.195+0000 7fafd0c00700 1 -- 172.21.15.49:0/3135595784 <== mon.0 v2:172.21.15.49:3300/0 7 ==== mon_command_ack([{prefix=config set, name=mgr/dashboard/ssl_server_port}]=0 v8)=0 v8) v1 ==== 130+0+0 (secure 0 0 0) 0x7fafc4018350 con 0x7fafd4108630
2024-03-29T09:02:21.555 INFO:teuthology.orchestra.run.smithi049.stdout:/usr/bin/ceph: stderr
2024-03-29T09:02:21.197+0000 7fafda400700 1 -- 172.21.15.49:0/3135595784 >> [v2:172.21.15.49:6800/565660301,v1:172.21.15.49:6801/565660301] conn(0x7fafb8038700 msgr2=0x7fafb803abc0 secure :-1 s=STATE_CONNECTION_ESTABLISHED l=1).mark_down
2024-03-29T09:02:21.555 INFO:teuthology.orchestra.run.smithi049.stdout:/usr/bin/ceph: stderr
2024-03-29T09:02:21.197+0000 7fafda400700 1 --2- 172.21.15.49:0/3135595784 >> [v2:172.21.15.49:6800/565660301,v1:172.21.15.49:6801/565660301] conn(0x7fafb8038700 0x7fafb803abc0 secure :-1 s=READY pgs=15 cs=0 l=1 rev1=1 crypto rx=0x7fafbc006fd0 tx=0x7fafbc006e40 comp rx=0 tx=0).stop
2024-03-29T09:02:21.555 INFO:teuthology.orchestra.run.smithi049.stdout:/usr/bin/ceph: stderr
2024-03-29T09:02:21.197+0000 7fafda400700 1 -- 172.21.15.49:0/3135595784 >> [v2:172.21.15.49:3300/0,v1:172.21.15.49:6789/0] conn(0x7fafd4108630 msgr2=0x7fafd419c3c0 secure :-1 s=STATE_CONNECTION_ESTABLISHED l=1).mark_down
2024-03-29T09:02:21.555 INFO:teuthology.orchestra.run.smithi049.stdout:/usr/bin/ceph: stderr
2024-03-29T09:02:21.197+0000 7fafda400700 1 --2- 172.21.15.49:0/3135595784 >> [v2:172.21.15.49:3300/0,v1:172.21.15.49:6789/0] conn(0x7fafd4108630 0x7fafd419c3c0 secure :-1 s=READY pgs=56 cs=0 l=1 rev1=1 crypto rx=0x7fafc4011670 tx=0x7fafc4011a30 comp rx=0 tx=0).stop
2024-03-29T09:02:21.555 INFO:teuthology.orchestra.run.smithi049.stdout:/usr/bin/ceph: stderr
2024-03-29T09:02:21.198+0000 7fafda400700 1 -- 172.21.15.49:0/3135595784 shutdown_connections
2024-03-29T09:02:21.555 INFO:teuthology.orchestra.run.smithi049.stdout:/usr/bin/ceph: stderr
2024-03-29T09:02:21.198+0000 7fafda400700 1 --2- 172.21.15.49:0/3135595784 >> [v2:172.21.15.49:6800/565660301,v1:172.21.15.49:6801/565660301] conn(0x7fafb8038700 0x7fafb803abc0 unknown :-1 s=CLOSED pgs=15 cs=0 l=1 rev1=1 crypto rx=0 tx=0 comp rx=0 tx=0).stop
2024-03-29T09:02:21.555 INFO:teuthology.orchestra.run.smithi049.stdout:/usr/bin/ceph: stderr
2024-03-29T09:02:21.198+0000 7fafda400700 1 --2- 172.21.15.49:0/3135595784 >> [v2:172.21.15.49:3300/0,v1:172.21.15.49:6789/0] conn(0x7fafd4108630 0x7fafd419c3c0 unknown :-1 s=CLOSED pgs=56 cs=0 l=1 rev1=1 crypto rx=0 tx=0 comp rx=0 tx=0).stop
2024-03-29T09:02:21.555 INFO:teuthology.orchestra.run.smithi049.stdout:/usr/bin/ceph: stderr
2024-03-29T09:02:21.198+0000 7fafda400700 1 -- 172.21.15.49:0/3135595784 >> 172.21.15.49:0/3135595784 conn(0x7fafd407ba40 msgr2=0x7fafd4105ce0 unknown :-1 s=STATE_NONE l=0).mark_down
2024-03-29T09:02:21.556 INFO:teuthology.orchestra.run.smithi049.stdout:/usr/bin/ceph: stderr
2024-03-29T09:02:21.198+0000 7fafda400700 1 -- 172.21.15.49:0/3135595784 shutdown_connections
2024-03-29T09:02:21.556 INFO:teuthology.orchestra.run.smithi049.stdout:/usr/bin/ceph: stderr
2024-03-29T09:02:21.198+0000 7fafda400700 1 -- 172.21.15.49:0/3135595784 wait complete.
2024-03-29T09:02:21.556 INFO:teuthology.orchestra.run.smithi049.stdout:Enabling the dashboard module...
2024-03-29T09:02:22.446 INFO:journalctl@ceph.mon.a.smithi049.stdout:Mar 29 09:02:22 smithi049 ceph-mon[38250]: from='client.? 172.21.15.49:0/3135595784' entity='client.admin'
2024-03-29T09:02:23.449 INFO:journalctl@ceph.mon.a.smithi049.stdout:Mar 29 09:02:23 smithi049 ceph-mon[38250]: from='client.? 172.21.15.49:0/2115456608' entity='client.admin' cmd=[{"prefix": "mgr module enable", "module": "dashboard"}]: dispatch
2024-03-29T09:02:23.450 INFO:journalctl@ceph.mgr.x.smithi049.stdout:Mar 29 09:02:23 smithi049 ceph-ce5b562e-edaa-11ee-b647-cb9ed24678a4-mgr-x[38501]: ignoring --setuser ceph since I am not root
2024-03-29T09:02:23.450 INFO:journalctl@ceph.mgr.x.smithi049.stdout:Mar 29 09:02:23 smithi049 ceph-ce5b562e-edaa-11ee-b647-cb9ed24678a4-mgr-x[38501]: ignoring --setgroup ceph since I am not root
2024-03-29T09:02:23.565 INFO:teuthology.orchestra.run.smithi049.stdout:/usr/bin/ceph: stderr
2024-03-29T09:02:21.990+0000 7f76a7e00700 1 Processor -- start
2024-03-29T09:02:23.565 INFO:teuthology.orchestra.run.smithi049.stdout:/usr/bin/ceph: stderr
2024-03-29T09:02:21.991+0000 7f76a7e00700 1 -- start start
2024-03-29T09:02:23.566 INFO:teuthology.orchestra.run.smithi049.stdout:/usr/bin/ceph: stderr
2024-03-29T09:02:21.991+0000 7f76a7e00700 1 --2- >> [v2:172.21.15.49:3300/0,v1:172.21.15.49:6789/0] conn(0x7f76a007be20 0x7f76a007a280 unknown :-1 s=NONE pgs=0 cs=0 l=0 rev1=0 crypto rx=0 tx=0 comp rx=0 tx=0).connect
2024-03-29T09:02:23.566 INFO:teuthology.orchestra.run.smithi049.stdout:/usr/bin/ceph: stderr
2024-03-29T09:02:21.991+0000 7f76a7e00700 1 -- --> [v2:172.21.15.49:3300/0,v1:172.21.15.49:6789/0] -- mon_getmap magic: 0 v1 -- 0x7f76a007a850 con 0x7f76a007be20
2024-03-29T09:02:23.566 INFO:teuthology.orchestra.run.smithi049.stdout:/usr/bin/ceph: stderr
2024-03-29T09:02:21.991+0000 7f76a5400700 1 --2- >> [v2:172.21.15.49:3300/0,v1:172.21.15.49:6789/0] conn(0x7f76a007be20 0x7f76a007a280 unknown :-1 s=BANNER_CONNECTING pgs=0 cs=0 l=0 rev1=0 crypto rx=0 tx=0 comp rx=0 tx=0)._handle_peer_banner_payload supported=3 required=0
2024-03-29T09:02:23.566 INFO:teuthology.orchestra.run.smithi049.stdout:/usr/bin/ceph: stderr
2024-03-29T09:02:21.991+0000 7f76a5400700 1 --2- >> [v2:172.21.15.49:3300/0,v1:172.21.15.49:6789/0] conn(0x7f76a007be20 0x7f76a007a280 unknown :-1 s=HELLO_CONNECTING pgs=0 cs=0 l=0 rev1=1 crypto rx=0 tx=0 comp rx=0 tx=0).handle_hello peer v2:172.21.15.49:3300/0 says I am v2:172.21.15.49:42792/0 (socket says 172.21.15.49:42792)
2024-03-29T09:02:23.566 INFO:teuthology.orchestra.run.smithi049.stdout:/usr/bin/ceph: stderr
2024-03-29T09:02:21.991+0000 7f76a5400700 1 -- 172.21.15.49:0/803567902 learned_addr learned my addr 172.21.15.49:0/803567902 (peer_addr_for_me v2:172.21.15.49:0/0)
2024-03-29T09:02:23.566 INFO:teuthology.orchestra.run.smithi049.stdout:/usr/bin/ceph: stderr
2024-03-29T09:02:21.992+0000 7f76a5400700 1 -- 172.21.15.49:0/803567902 --> [v2:172.21.15.49:3300/0,v1:172.21.15.49:6789/0] -- mon_subscribe({config=0+,monmap=0+}) v3 -- 0x7f76a007a990 con 0x7f76a007be20
2024-03-29T09:02:23.566 INFO:teuthology.orchestra.run.smithi049.stdout:/usr/bin/ceph: stderr
2024-03-29T09:02:21.992+0000 7f76a5400700 1 --2- 172.21.15.49:0/803567902 >> [v2:172.21.15.49:3300/0,v1:172.21.15.49:6789/0] conn(0x7f76a007be20 0x7f76a007a280 secure :-1 s=READY pgs=57 cs=0 l=1 rev1=1 crypto rx=0x7f76940098a0 tx=0x7f7694009bb0 comp rx=0 tx=0).ready entity=mon.0 client_cookie=e3e5ed8e890a5298 server_cookie=0 in_seq=0 out_seq=0
2024-03-29T09:02:23.566 INFO:teuthology.orchestra.run.smithi049.stdout:/usr/bin/ceph: stderr
2024-03-29T09:02:21.992+0000 7f769fe00700 1 -- 172.21.15.49:0/803567902 <== mon.0 v2:172.21.15.49:3300/0 1 ==== mon_map magic: 0 v1 ==== 205+0+0 (secure 0 0 0) 0x7f7694004160 con 0x7f76a007be20
2024-03-29T09:02:23.573 INFO:teuthology.orchestra.run.smithi049.stdout:/usr/bin/ceph: stderr
2024-03-29T09:02:21.992+0000 7f769fe00700 1 -- 172.21.15.49:0/803567902 <== mon.0 v2:172.21.15.49:3300/0 2 ==== config(26 keys) v1 ==== 1105+0+0 (secure 0 0 0) 0x7f76940042c0 con 0x7f76a007be20
2024-03-29T09:02:23.573 INFO:teuthology.orchestra.run.smithi049.stdout:/usr/bin/ceph: stderr
2024-03-29T09:02:21.992+0000 7f769fe00700 1 -- 172.21.15.49:0/803567902 <== mon.0 v2:172.21.15.49:3300/0 3 ==== mon_map magic: 0 v1 ==== 205+0+0 (secure 0 0 0) 0x7f76940119b0 con 0x7f76a007be20
2024-03-29T09:02:23.573 INFO:teuthology.orchestra.run.smithi049.stdout:/usr/bin/ceph: stderr
2024-03-29T09:02:21.993+0000 7f76a7e00700 1 -- 172.21.15.49:0/803567902 >> [v2:172.21.15.49:3300/0,v1:172.21.15.49:6789/0] conn(0x7f76a007be20 msgr2=0x7f76a007a280 secure :-1 s=STATE_CONNECTION_ESTABLISHED l=1).mark_down
2024-03-29T09:02:23.574 INFO:teuthology.orchestra.run.smithi049.stdout:/usr/bin/ceph: stderr
2024-03-29T09:02:21.993+0000 7f76a7e00700 1 --2- 172.21.15.49:0/803567902 >> [v2:172.21.15.49:3300/0,v1:172.21.15.49:6789/0] conn(0x7f76a007be20 0x7f76a007a280 secure :-1 s=READY pgs=57 cs=0 l=1 rev1=1 crypto rx=0x7f76940098a0 tx=0x7f7694009bb0 comp rx=0 tx=0).stop
2024-03-29T09:02:23.574 INFO:teuthology.orchestra.run.smithi049.stdout:/usr/bin/ceph: stderr
2024-03-29T09:02:21.993+0000 7f76a7e00700 1 -- 172.21.15.49:0/803567902 shutdown_connections
2024-03-29T09:02:23.574 INFO:teuthology.orchestra.run.smithi049.stdout:/usr/bin/ceph: stderr
2024-03-29T09:02:21.993+0000 7f76a7e00700 1 --2- 172.21.15.49:0/803567902 >> [v2:172.21.15.49:3300/0,v1:172.21.15.49:6789/0] conn(0x7f76a007be20 0x7f76a007a280 unknown :-1 s=CLOSED pgs=57 cs=0 l=1 rev1=1 crypto rx=0 tx=0 comp rx=0 tx=0).stop
2024-03-29T09:02:23.574 INFO:teuthology.orchestra.run.smithi049.stdout:/usr/bin/ceph: stderr
2024-03-29T09:02:21.993+0000 7f76a7e00700 1 -- 172.21.15.49:0/803567902 >> 172.21.15.49:0/803567902 conn(0x7f76a01019f0 msgr2=0x7f76a0103e10 unknown :-1 s=STATE_NONE l=0).mark_down
2024-03-29T09:02:23.574 INFO:teuthology.orchestra.run.smithi049.stdout:/usr/bin/ceph: stderr
2024-03-29T09:02:21.993+0000 7f76a7e00700 1 -- 172.21.15.49:0/803567902 shutdown_connections
2024-03-29T09:02:23.574 INFO:teuthology.orchestra.run.smithi049.stdout:/usr/bin/ceph: stderr
2024-03-29T09:02:21.993+0000 7f76a7e00700 1 -- 172.21.15.49:0/803567902 wait complete.
2024-03-29T09:02:23.574 INFO:teuthology.orchestra.run.smithi049.stdout:/usr/bin/ceph: stderr
2024-03-29T09:02:21.994+0000 7f76a7e00700 1 Processor -- start
2024-03-29T09:02:23.575 INFO:teuthology.orchestra.run.smithi049.stdout:/usr/bin/ceph: stderr
2024-03-29T09:02:21.995+0000 7f76a7e00700 1 -- start start
2024-03-29T09:02:23.575 INFO:teuthology.orchestra.run.smithi049.stdout:/usr/bin/ceph: stderr
2024-03-29T09:02:21.995+0000 7f76a7e00700 1 --2- >> [v2:172.21.15.49:3300/0,v1:172.21.15.49:6789/0] conn(0x7f76a007be20 0x7f76a019c390 unknown :-1 s=NONE pgs=0 cs=0 l=1 rev1=0 crypto rx=0 tx=0 comp rx=0 tx=0).connect
2024-03-29T09:02:23.575 INFO:teuthology.orchestra.run.smithi049.stdout:/usr/bin/ceph: stderr
2024-03-29T09:02:21.995+0000 7f76a7e00700 1 -- --> [v2:172.21.15.49:3300/0,v1:172.21.15.49:6789/0] -- mon_getmap magic: 0 v1 -- 0x7f76a019c8d0 con 0x7f76a007be20
2024-03-29T09:02:23.575 INFO:teuthology.orchestra.run.smithi049.stdout:/usr/bin/ceph: stderr
2024-03-29T09:02:21.995+0000 7f76a5400700 1 --2- >> [v2:172.21.15.49:3300/0,v1:172.21.15.49:6789/0] conn(0x7f76a007be20 0x7f76a019c390 unknown :-1 s=BANNER_CONNECTING pgs=0 cs=0 l=1 rev1=0 crypto rx=0 tx=0 comp rx=0 tx=0)._handle_peer_banner_payload supported=3 required=0
2024-03-29T09:02:23.575 INFO:teuthology.orchestra.run.smithi049.stdout:/usr/bin/ceph: stderr
2024-03-29T09:02:21.995+0000 7f76a5400700 1 --2- >> [v2:172.21.15.49:3300/0,v1:172.21.15.49:6789/0] conn(0x7f76a007be20 0x7f76a019c390 unknown :-1 s=HELLO_CONNECTING pgs=0 cs=0 l=1 rev1=1 crypto rx=0 tx=0 comp rx=0 tx=0).handle_hello peer v2:172.21.15.49:3300/0 says I am v2:172.21.15.49:42796/0 (socket says 172.21.15.49:42796)
2024-03-29T09:02:23.575 INFO:teuthology.orchestra.run.smithi049.stdout:/usr/bin/ceph: stderr
2024-03-29T09:02:21.995+0000 7f76a5400700 1 -- 172.21.15.49:0/2115456608 learned_addr learned my addr 172.21.15.49:0/2115456608 (peer_addr_for_me v2:172.21.15.49:0/0)
2024-03-29T09:02:23.575 INFO:teuthology.orchestra.run.smithi049.stdout:/usr/bin/ceph: stderr
2024-03-29T09:02:21.996+0000 7f76a5400700 1 -- 172.21.15.49:0/2115456608 --> [v2:172.21.15.49:3300/0,v1:172.21.15.49:6789/0] -- mon_subscribe({config=0+,monmap=0+}) v3 -- 0x7f7694009550 con 0x7f76a007be20
2024-03-29T09:02:23.576 INFO:teuthology.orchestra.run.smithi049.stdout:/usr/bin/ceph: stderr
2024-03-29T09:02:21.996+0000 7f76a5400700 1 --2- 172.21.15.49:0/2115456608 >> [v2:172.21.15.49:3300/0,v1:172.21.15.49:6789/0] conn(0x7f76a007be20 0x7f76a019c390 secure :-1 s=READY pgs=58 cs=0 l=1 rev1=1 crypto rx=0x7f7694011980 tx=0x7f7694011a60 comp rx=0 tx=0).ready entity=mon.0 client_cookie=0 server_cookie=0 in_seq=0 out_seq=0
2024-03-29T09:02:23.576 INFO:teuthology.orchestra.run.smithi049.stdout:/usr/bin/ceph: stderr
2024-03-29T09:02:21.996+0000 7f769e000700 1 -- 172.21.15.49:0/2115456608 <== mon.0 v2:172.21.15.49:3300/0 1 ==== mon_map magic: 0 v1 ==== 205+0+0 (secure 0 0 0) 0x7f7694003af0 con 0x7f76a007be20
2024-03-29T09:02:23.576 INFO:teuthology.orchestra.run.smithi049.stdout:/usr/bin/ceph: stderr
2024-03-29T09:02:21.996+0000 7f769e000700 1 -- 172.21.15.49:0/2115456608 <== mon.0 v2:172.21.15.49:3300/0 2 ==== config(26 keys) v1 ==== 1105+0+0 (secure 0 0 0) 0x7f7694003c50 con 0x7f76a007be20
2024-03-29T09:02:23.576 INFO:teuthology.orchestra.run.smithi049.stdout:/usr/bin/ceph: stderr
2024-03-29T09:02:21.996+0000 7f76a7e00700 1 -- 172.21.15.49:0/2115456608 --> [v2:172.21.15.49:3300/0,v1:172.21.15.49:6789/0] -- mon_subscribe({mgrmap=0+}) v3 -- 0x7f76a019cad0 con 0x7f76a007be20
2024-03-29T09:02:23.576 INFO:teuthology.orchestra.run.smithi049.stdout:/usr/bin/ceph: stderr
2024-03-29T09:02:21.996+0000 7f769e000700 1 -- 172.21.15.49:0/2115456608 <== mon.0 v2:172.21.15.49:3300/0 3 ==== mon_map magic: 0 v1 ==== 205+0+0 (secure 0 0 0) 0x7f7694019760 con 0x7f76a007be20
2024-03-29T09:02:23.576 INFO:teuthology.orchestra.run.smithi049.stdout:/usr/bin/ceph: stderr
2024-03-29T09:02:21.996+0000 7f76a7e00700 1 -- 172.21.15.49:0/2115456608 --> [v2:172.21.15.49:3300/0,v1:172.21.15.49:6789/0] -- mon_subscribe({osdmap=0}) v3 -- 0x7f76a019cf70 con 0x7f76a007be20
2024-03-29T09:02:23.576 INFO:teuthology.orchestra.run.smithi049.stdout:/usr/bin/ceph: stderr
