2024-03-29T09:01:54.265+0000 7f4cc7400700 1 --2- 172.21.15.49:0/695360195 >> [v2:172.21.15.49:6800/2096597094,v1:172.21.15.49:6801/2096597094] conn(0x7f4cac038700 0x7f4cac03abc0 secure :-1 s=READY pgs=6 cs=0 l=1 rev1=1 crypto rx=0x7f4cb4006fd0 tx=0x7f4cb4006e40 comp rx=0 tx=0).ready entity=mgr.14100 client_cookie=0 server_cookie=0 in_seq=0 out_seq=0
2024-03-29T09:01:54.917 INFO:teuthology.orchestra.run.smithi049.stdout:/usr/bin/ceph: stderr
2024-03-29T09:01:54.270+0000 7f4cc4c00700 1 -- 172.21.15.49:0/695360195 <== mon.0 v2:172.21.15.49:3300/0 6 ==== mon_command_ack([{"prefix": "get_command_descriptions"}]=0 v0) v1 ==== 72+0+182738 (secure 0 0 0) 0x7f4cb801a7b0 con 0x7f4cc807be40
2024-03-29T09:01:54.917 INFO:teuthology.orchestra.run.smithi049.stdout:/usr/bin/ceph: stderr
2024-03-29T09:01:54.563+0000 7f4ccf000700 1 -- 172.21.15.49:0/695360195 --> [v2:172.21.15.49:3300/0,v1:172.21.15.49:6789/0] -- mon_command({"prefix": "status", "format": "json-pretty"} v 0) v1 -- 0x7f4cc810ca30 con 0x7f4cc807be40
2024-03-29T09:01:54.917 INFO:teuthology.orchestra.run.smithi049.stdout:/usr/bin/ceph: stderr
2024-03-29T09:01:54.563+0000 7f4cc4c00700 1 -- 172.21.15.49:0/695360195 <== mon.0 v2:172.21.15.49:3300/0 7 ==== mon_command_ack([{"prefix": "status", "format": "json-pretty"}]=0 v0) v1 ==== 79+0+1238 (secure 0 0 0) 0x7f4cb8023370 con 0x7f4cc807be40
2024-03-29T09:01:54.918 INFO:teuthology.orchestra.run.smithi049.stdout:/usr/bin/ceph: stderr
2024-03-29T09:01:54.565+0000 7f4ccf000700 1 -- 172.21.15.49:0/695360195 >> [v2:172.21.15.49:6800/2096597094,v1:172.21.15.49:6801/2096597094] conn(0x7f4cac038700 msgr2=0x7f4cac03abc0 secure :-1 s=STATE_CONNECTION_ESTABLISHED l=1).mark_down
2024-03-29T09:01:54.918 INFO:teuthology.orchestra.run.smithi049.stdout:/usr/bin/ceph: stderr
2024-03-29T09:01:54.565+0000 7f4ccf000700 1 --2- 172.21.15.49:0/695360195 >> [v2:172.21.15.49:6800/2096597094,v1:172.21.15.49:6801/2096597094] conn(0x7f4cac038700 0x7f4cac03abc0 secure :-1 s=READY pgs=6 cs=0 l=1 rev1=1 crypto rx=0x7f4cb4006fd0 tx=0x7f4cb4006e40 comp rx=0 tx=0).stop
2024-03-29T09:01:54.918 INFO:teuthology.orchestra.run.smithi049.stdout:/usr/bin/ceph: stderr
2024-03-29T09:01:54.565+0000 7f4ccf000700 1 -- 172.21.15.49:0/695360195 >> [v2:172.21.15.49:3300/0,v1:172.21.15.49:6789/0] conn(0x7f4cc807be40 msgr2=0x7f4cc819c340 secure :-1 s=STATE_CONNECTION_ESTABLISHED l=1).mark_down
2024-03-29T09:01:54.918 INFO:teuthology.orchestra.run.smithi049.stdout:/usr/bin/ceph: stderr
2024-03-29T09:01:54.565+0000 7f4ccf000700 1 --2- 172.21.15.49:0/695360195 >> [v2:172.21.15.49:3300/0,v1:172.21.15.49:6789/0] conn(0x7f4cc807be40 0x7f4cc819c340 secure :-1 s=READY pgs=21 cs=0 l=1 rev1=1 crypto rx=0x7f4cb8011a20 tx=0x7f4cb8011b00 comp rx=0 tx=0).stop
2024-03-29T09:01:54.918 INFO:teuthology.orchestra.run.smithi049.stdout:/usr/bin/ceph: stderr
2024-03-29T09:01:54.566+0000 7f4ccf000700 1 -- 172.21.15.49:0/695360195 shutdown_connections
2024-03-29T09:01:54.918 INFO:teuthology.orchestra.run.smithi049.stdout:/usr/bin/ceph: stderr
2024-03-29T09:01:54.566+0000 7f4ccf000700 1 --2- 172.21.15.49:0/695360195 >> [v2:172.21.15.49:6800/2096597094,v1:172.21.15.49:6801/2096597094] conn(0x7f4cac038700 0x7f4cac03abc0 unknown :-1 s=CLOSED pgs=6 cs=0 l=1 rev1=1 crypto rx=0 tx=0 comp rx=0 tx=0).stop
2024-03-29T09:01:54.918 INFO:teuthology.orchestra.run.smithi049.stdout:/usr/bin/ceph: stderr
2024-03-29T09:01:54.566+0000 7f4ccf000700 1 --2- 172.21.15.49:0/695360195 >> [v2:172.21.15.49:3300/0,v1:172.21.15.49:6789/0] conn(0x7f4cc807be40 0x7f4cc819c340 unknown :-1 s=CLOSED pgs=21 cs=0 l=1 rev1=1 crypto rx=0 tx=0 comp rx=0 tx=0).stop
2024-03-29T09:01:54.918 INFO:teuthology.orchestra.run.smithi049.stdout:/usr/bin/ceph: stderr
2024-03-29T09:01:54.566+0000 7f4ccf000700 1 -- 172.21.15.49:0/695360195 >> 172.21.15.49:0/695360195 conn(0x7f4cc8101960 msgr2=0x7f4cc8102590 unknown :-1 s=STATE_NONE l=0).mark_down
2024-03-29T09:01:54.918 INFO:teuthology.orchestra.run.smithi049.stdout:/usr/bin/ceph: stderr
2024-03-29T09:01:54.566+0000 7f4ccf000700 1 -- 172.21.15.49:0/695360195 shutdown_connections
2024-03-29T09:01:54.918 INFO:teuthology.orchestra.run.smithi049.stdout:/usr/bin/ceph: stderr
2024-03-29T09:01:54.566+0000 7f4ccf000700 1 -- 172.21.15.49:0/695360195 wait complete.
2024-03-29T09:01:54.918 INFO:teuthology.orchestra.run.smithi049.stdout:mgr is available
2024-03-29T09:01:55.918 INFO:teuthology.orchestra.run.smithi049.stdout:/usr/bin/ceph: stdout
2024-03-29T09:01:55.918 INFO:teuthology.orchestra.run.smithi049.stdout:/usr/bin/ceph: stdout [global]
2024-03-29T09:01:55.918 INFO:teuthology.orchestra.run.smithi049.stdout:/usr/bin/ceph: stdout fsid = ce5b562e-edaa-11ee-b647-cb9ed24678a4
2024-03-29T09:01:55.918 INFO:teuthology.orchestra.run.smithi049.stdout:/usr/bin/ceph: stdout mon_osd_allow_pg_remap = true
2024-03-29T09:01:55.918 INFO:teuthology.orchestra.run.smithi049.stdout:/usr/bin/ceph: stdout mon_osd_allow_primary_affinity = true
2024-03-29T09:01:55.918 INFO:teuthology.orchestra.run.smithi049.stdout:/usr/bin/ceph: stdout mon_warn_on_no_sortbitwise = false
2024-03-29T09:01:55.918 INFO:teuthology.orchestra.run.smithi049.stdout:/usr/bin/ceph: stdout osd_crush_chooseleaf_type = 0
2024-03-29T09:01:55.918 INFO:teuthology.orchestra.run.smithi049.stdout:/usr/bin/ceph: stdout
2024-03-29T09:01:55.918 INFO:teuthology.orchestra.run.smithi049.stdout:/usr/bin/ceph: stdout [mgr]
2024-03-29T09:01:55.918 INFO:teuthology.orchestra.run.smithi049.stdout:/usr/bin/ceph: stdout mgr/telemetry/nag = false
2024-03-29T09:01:55.919 INFO:teuthology.orchestra.run.smithi049.stdout:/usr/bin/ceph: stdout
2024-03-29T09:01:55.919 INFO:teuthology.orchestra.run.smithi049.stdout:/usr/bin/ceph: stdout [osd]
2024-03-29T09:01:55.919 INFO:teuthology.orchestra.run.smithi049.stdout:/usr/bin/ceph: stdout mon_osd_backfillfull_ratio = 0.85
2024-03-29T09:01:55.919 INFO:teuthology.orchestra.run.smithi049.stdout:/usr/bin/ceph: stdout mon_osd_full_ratio = 0.9
2024-03-29T09:01:55.919 INFO:teuthology.orchestra.run.smithi049.stdout:/usr/bin/ceph: stdout mon_osd_nearfull_ratio = 0.8
2024-03-29T09:01:55.919 INFO:teuthology.orchestra.run.smithi049.stdout:/usr/bin/ceph: stdout osd_map_max_advance = 10
2024-03-29T09:01:55.919 INFO:teuthology.orchestra.run.smithi049.stdout:/usr/bin/ceph: stdout osd_sloppy_crc = true
2024-03-29T09:01:55.919 INFO:teuthology.orchestra.run.smithi049.stdout:/usr/bin/ceph: stderr
2024-03-29T09:01:55.305+0000 7f0336200700 1 Processor -- start
2024-03-29T09:01:55.919 INFO:teuthology.orchestra.run.smithi049.stdout:/usr/bin/ceph: stderr
2024-03-29T09:01:55.305+0000 7f0336200700 1 -- start start
2024-03-29T09:01:55.919 INFO:teuthology.orchestra.run.smithi049.stdout:/usr/bin/ceph: stderr
2024-03-29T09:01:55.305+0000 7f0336200700 1 --2- >> [v2:172.21.15.49:3300/0,v1:172.21.15.49:6789/0] conn(0x7f0330106400 0x7f0330106820 unknown :-1 s=NONE pgs=0 cs=0 l=0 rev1=0 crypto rx=0 tx=0 comp rx=0 tx=0).connect
2024-03-29T09:01:55.919 INFO:teuthology.orchestra.run.smithi049.stdout:/usr/bin/ceph: stderr
2024-03-29T09:01:55.305+0000 7f0336200700 1 -- --> [v2:172.21.15.49:3300/0,v1:172.21.15.49:6789/0] -- mon_getmap magic: 0 v1 -- 0x7f0330106df0 con 0x7f0330106400
2024-03-29T09:01:55.919 INFO:teuthology.orchestra.run.smithi049.stdout:/usr/bin/ceph: stderr
2024-03-29T09:01:55.305+0000 7f032f400700 1 --2- >> [v2:172.21.15.49:3300/0,v1:172.21.15.49:6789/0] conn(0x7f0330106400 0x7f0330106820 unknown :-1 s=BANNER_CONNECTING pgs=0 cs=0 l=0 rev1=0 crypto rx=0 tx=0 comp rx=0 tx=0)._handle_peer_banner_payload supported=3 required=0
2024-03-29T09:01:55.919 INFO:teuthology.orchestra.run.smithi049.stdout:/usr/bin/ceph: stderr
2024-03-29T09:01:55.305+0000 7f032f400700 1 --2- >> [v2:172.21.15.49:3300/0,v1:172.21.15.49:6789/0] conn(0x7f0330106400 0x7f0330106820 unknown :-1 s=HELLO_CONNECTING pgs=0 cs=0 l=0 rev1=1 crypto rx=0 tx=0 comp rx=0 tx=0).handle_hello peer v2:172.21.15.49:3300/0 says I am v2:172.21.15.49:42492/0 (socket says 172.21.15.49:42492)
2024-03-29T09:01:55.919 INFO:teuthology.orchestra.run.smithi049.stdout:/usr/bin/ceph: stderr
2024-03-29T09:01:55.305+0000 7f032f400700 1 -- 172.21.15.49:0/3491946822 learned_addr learned my addr 172.21.15.49:0/3491946822 (peer_addr_for_me v2:172.21.15.49:0/0)
2024-03-29T09:01:55.919 INFO:teuthology.orchestra.run.smithi049.stdout:/usr/bin/ceph: stderr
2024-03-29T09:01:55.306+0000 7f032f400700 1 -- 172.21.15.49:0/3491946822 --> [v2:172.21.15.49:3300/0,v1:172.21.15.49:6789/0] -- mon_subscribe({config=0+,monmap=0+}) v3 -- 0x7f0330107600 con 0x7f0330106400
2024-03-29T09:01:55.920 INFO:teuthology.orchestra.run.smithi049.stdout:/usr/bin/ceph: stderr
2024-03-29T09:01:55.306+0000 7f032f400700 1 --2- 172.21.15.49:0/3491946822 >> [v2:172.21.15.49:3300/0,v1:172.21.15.49:6789/0] conn(0x7f0330106400 0x7f0330106820 secure :-1 s=READY pgs=22 cs=0 l=1 rev1=1 crypto rx=0x7f03200098a0 tx=0x7f0320009bb0 comp rx=0 tx=0).ready entity=mon.0 client_cookie=497690d1e862a4a8 server_cookie=0 in_seq=0 out_seq=0
2024-03-29T09:01:55.920 INFO:teuthology.orchestra.run.smithi049.stdout:/usr/bin/ceph: stderr
2024-03-29T09:01:55.306+0000 7f032ea00700 1 -- 172.21.15.49:0/3491946822 <== mon.0 v2:172.21.15.49:3300/0 1 ==== mon_map magic: 0 v1 ==== 205+0+0 (secure 0 0 0) 0x7f0320004160 con 0x7f0330106400
2024-03-29T09:01:55.920 INFO:teuthology.orchestra.run.smithi049.stdout:/usr/bin/ceph: stderr
2024-03-29T09:01:55.306+0000 7f032ea00700 1 -- 172.21.15.49:0/3491946822 <== mon.0 v2:172.21.15.49:3300/0 2 ==== config(26 keys) v1 ==== 1074+0+0 (secure 0 0 0) 0x7f03200042c0 con 0x7f0330106400
2024-03-29T09:01:55.920 INFO:teuthology.orchestra.run.smithi049.stdout:/usr/bin/ceph: stderr
2024-03-29T09:01:55.306+0000 7f032ea00700 1 -- 172.21.15.49:0/3491946822 <== mon.0 v2:172.21.15.49:3300/0 3 ==== mon_map magic: 0 v1 ==== 205+0+0 (secure 0 0 0) 0x7f0320011a00 con 0x7f0330106400
2024-03-29T09:01:55.920 INFO:teuthology.orchestra.run.smithi049.stdout:/usr/bin/ceph: stderr
2024-03-29T09:01:55.307+0000 7f0336200700 1 -- 172.21.15.49:0/3491946822 >> [v2:172.21.15.49:3300/0,v1:172.21.15.49:6789/0] conn(0x7f0330106400 msgr2=0x7f0330106820 secure :-1 s=STATE_CONNECTION_ESTABLISHED l=1).mark_down
2024-03-29T09:01:55.920 INFO:teuthology.orchestra.run.smithi049.stdout:/usr/bin/ceph: stderr
2024-03-29T09:01:55.307+0000 7f0336200700 1 --2- 172.21.15.49:0/3491946822 >> [v2:172.21.15.49:3300/0,v1:172.21.15.49:6789/0] conn(0x7f0330106400 0x7f0330106820 secure :-1 s=READY pgs=22 cs=0 l=1 rev1=1 crypto rx=0x7f03200098a0 tx=0x7f0320009bb0 comp rx=0 tx=0).stop
2024-03-29T09:01:55.920 INFO:teuthology.orchestra.run.smithi049.stdout:/usr/bin/ceph: stderr
2024-03-29T09:01:55.307+0000 7f0336200700 1 -- 172.21.15.49:0/3491946822 shutdown_connections
2024-03-29T09:01:55.920 INFO:teuthology.orchestra.run.smithi049.stdout:/usr/bin/ceph: stderr
2024-03-29T09:01:55.307+0000 7f0336200700 1 --2- 172.21.15.49:0/3491946822 >> [v2:172.21.15.49:3300/0,v1:172.21.15.49:6789/0] conn(0x7f0330106400 0x7f0330106820 unknown :-1 s=CLOSED pgs=22 cs=0 l=1 rev1=1 crypto rx=0 tx=0 comp rx=0 tx=0).stop
2024-03-29T09:01:55.920 INFO:teuthology.orchestra.run.smithi049.stdout:/usr/bin/ceph: stderr
2024-03-29T09:01:55.307+0000 7f0336200700 1 -- 172.21.15.49:0/3491946822 >> 172.21.15.49:0/3491946822 conn(0x7f0330101960 msgr2=0x7f0330103de0 unknown :-1 s=STATE_NONE l=0).mark_down
2024-03-29T09:01:55.920 INFO:teuthology.orchestra.run.smithi049.stdout:/usr/bin/ceph: stderr
2024-03-29T09:01:55.307+0000 7f0336200700 1 -- 172.21.15.49:0/3491946822 shutdown_connections
2024-03-29T09:01:55.920 INFO:teuthology.orchestra.run.smithi049.stdout:/usr/bin/ceph: stderr
2024-03-29T09:01:55.307+0000 7f0336200700 1 -- 172.21.15.49:0/3491946822 wait complete.
2024-03-29T09:01:55.920 INFO:teuthology.orchestra.run.smithi049.stdout:/usr/bin/ceph: stderr
2024-03-29T09:01:55.308+0000 7f0336200700 1 Processor -- start
2024-03-29T09:01:55.920 INFO:teuthology.orchestra.run.smithi049.stdout:/usr/bin/ceph: stderr
2024-03-29T09:01:55.308+0000 7f0336200700 1 -- start start
2024-03-29T09:01:55.921 INFO:teuthology.orchestra.run.smithi049.stdout:/usr/bin/ceph: stderr
2024-03-29T09:01:55.309+0000 7f0336200700 1 --2- >> [v2:172.21.15.49:3300/0,v1:172.21.15.49:6789/0] conn(0x7f0330106400 0x7f033019a180 unknown :-1 s=NONE pgs=0 cs=0 l=1 rev1=0 crypto rx=0 tx=0 comp rx=0 tx=0).connect
2024-03-29T09:01:55.921 INFO:teuthology.orchestra.run.smithi049.stdout:/usr/bin/ceph: stderr
2024-03-29T09:01:55.309+0000 7f0336200700 1 -- --> [v2:172.21.15.49:3300/0,v1:172.21.15.49:6789/0] -- mon_getmap magic: 0 v1 -- 0x7f033019a6c0 con 0x7f0330106400
2024-03-29T09:01:55.921 INFO:teuthology.orchestra.run.smithi049.stdout:/usr/bin/ceph: stderr
2024-03-29T09:01:55.309+0000 7f032f400700 1 --2- >> [v2:172.21.15.49:3300/0,v1:172.21.15.49:6789/0] conn(0x7f0330106400 0x7f033019a180 unknown :-1 s=BANNER_CONNECTING pgs=0 cs=0 l=1 rev1=0 crypto rx=0 tx=0 comp rx=0 tx=0)._handle_peer_banner_payload supported=3 required=0
2024-03-29T09:01:55.921 INFO:teuthology.orchestra.run.smithi049.stdout:/usr/bin/ceph: stderr
2024-03-29T09:01:55.309+0000 7f032f400700 1 --2- >> [v2:172.21.15.49:3300/0,v1:172.21.15.49:6789/0] conn(0x7f0330106400 0x7f033019a180 unknown :-1 s=HELLO_CONNECTING pgs=0 cs=0 l=1 rev1=1 crypto rx=0 tx=0 comp rx=0 tx=0).handle_hello peer v2:172.21.15.49:3300/0 says I am v2:172.21.15.49:42494/0 (socket says 172.21.15.49:42494)
2024-03-29T09:01:55.921 INFO:teuthology.orchestra.run.smithi049.stdout:/usr/bin/ceph: stderr
2024-03-29T09:01:55.309+0000 7f032f400700 1 -- 172.21.15.49:0/554944946 learned_addr learned my addr 172.21.15.49:0/554944946 (peer_addr_for_me v2:172.21.15.49:0/0)
2024-03-29T09:01:55.921 INFO:teuthology.orchestra.run.smithi049.stdout:/usr/bin/ceph: stderr
2024-03-29T09:01:55.309+0000 7f032f400700 1 -- 172.21.15.49:0/554944946 --> [v2:172.21.15.49:3300/0,v1:172.21.15.49:6789/0] -- mon_subscribe({config=0+,monmap=0+}) v3 -- 0x7f0320009550 con 0x7f0330106400
2024-03-29T09:01:55.921 INFO:teuthology.orchestra.run.smithi049.stdout:/usr/bin/ceph: stderr
2024-03-29T09:01:55.309+0000 7f032f400700 1 --2- 172.21.15.49:0/554944946 >> [v2:172.21.15.49:3300/0,v1:172.21.15.49:6789/0] conn(0x7f0330106400 0x7f033019a180 secure :-1 s=READY pgs=23 cs=0 l=1 rev1=1 crypto rx=0x7f0320011710 tx=0x7f0320011ad0 comp rx=0 tx=0).ready entity=mon.0 client_cookie=0 server_cookie=0 in_seq=0 out_seq=0
2024-03-29T09:01:55.921 INFO:teuthology.orchestra.run.smithi049.stdout:/usr/bin/ceph: stderr
2024-03-29T09:01:55.310+0000 7f032cc00700 1 -- 172.21.15.49:0/554944946 <== mon.0 v2:172.21.15.49:3300/0 1 ==== mon_map magic: 0 v1 ==== 205+0+0 (secure 0 0 0) 0x7f0320003aa0 con 0x7f0330106400
2024-03-29T09:01:55.921 INFO:teuthology.orchestra.run.smithi049.stdout:/usr/bin/ceph: stderr
2024-03-29T09:01:55.310+0000 7f032cc00700 1 -- 172.21.15.49:0/554944946 <== mon.0 v2:172.21.15.49:3300/0 2 ==== config(26 keys) v1 ==== 1074+0+0 (secure 0 0 0) 0x7f0320003c00 con 0x7f0330106400
2024-03-29T09:01:55.921 INFO:teuthology.orchestra.run.smithi049.stdout:/usr/bin/ceph: stderr
2024-03-29T09:01:55.310+0000 7f032cc00700 1 -- 172.21.15.49:0/554944946 <== mon.0 v2:172.21.15.49:3300/0 3 ==== mon_map magic: 0 v1 ==== 205+0+0 (secure 0 0 0) 0x7f0320024800 con 0x7f0330106400
2024-03-29T09:01:55.921 INFO:teuthology.orchestra.run.smithi049.stdout:/usr/bin/ceph: stderr
2024-03-29T09:01:55.310+0000 7f0336200700 1 -- 172.21.15.49:0/554944946 --> [v2:172.21.15.49:3300/0,v1:172.21.15.49:6789/0] -- mon_subscribe({mgrmap=0+}) v3 -- 0x7f033019a8c0 con 0x7f0330106400
2024-03-29T09:01:55.921 INFO:teuthology.orchestra.run.smithi049.stdout:/usr/bin/ceph: stderr
2024-03-29T09:01:55.310+0000 7f0336200700 1 -- 172.21.15.49:0/554944946 --> [v2:172.21.15.49:3300/0,v1:172.21.15.49:6789/0] -- mon_subscribe({osdmap=0}) v3 -- 0x7f033019ad60 con 0x7f0330106400
2024-03-29T09:01:55.921 INFO:teuthology.orchestra.run.smithi049.stdout:/usr/bin/ceph: stderr
2024-03-29T09:01:55.311+0000 7f032cc00700 1 -- 172.21.15.49:0/554944946 <== mon.0 v2:172.21.15.49:3300/0 4 ==== mgrmap(e 4) v1 ==== 45522+0+0 (secure 0 0 0) 0x7f032001abd0 con 0x7f0330106400
2024-03-29T09:01:55.921 INFO:teuthology.orchestra.run.smithi049.stdout:/usr/bin/ceph: stderr
2024-03-29T09:01:55.311+0000 7f0336200700 1 -- 172.21.15.49:0/554944946 --> [v2:172.21.15.49:3300/0,v1:172.21.15.49:6789/0] -- mon_command({"prefix": "get_command_descriptions"} v 0) v1 -- 0x7f033010a810 con 0x7f0330106400
2024-03-29T09:01:55.921 INFO:teuthology.orchestra.run.smithi049.stdout:/usr/bin/ceph: stderr
2024-03-29T09:01:55.311+0000 7f032cc00700 1 --2- 172.21.15.49:0/554944946 >> [v2:172.21.15.49:6800/2096597094,v1:172.21.15.49:6801/2096597094] conn(0x7f0314038700 0x7f031403abc0 unknown :-1 s=NONE pgs=0 cs=0 l=1 rev1=0 crypto rx=0 tx=0 comp rx=0 tx=0).connect
2024-03-29T09:01:55.922 INFO:teuthology.orchestra.run.smithi049.stdout:/usr/bin/ceph: stderr
2024-03-29T09:01:55.311+0000 7f032cc00700 1 -- 172.21.15.49:0/554944946 <== mon.0 v2:172.21.15.49:3300/0 5 ==== osd_map(1..1 src has 1..1) v4 ==== 725+0+0 (secure 0 0 0) 0x7f032004c280 con 0x7f0330106400
2024-03-29T09:01:55.922 INFO:teuthology.orchestra.run.smithi049.stdout:/usr/bin/ceph: stderr
2024-03-29T09:01:55.312+0000 7f0327e00700 1 --2- 172.21.15.49:0/554944946 >> [v2:172.21.15.49:6800/2096597094,v1:172.21.15.49:6801/2096597094] conn(0x7f0314038700 0x7f031403abc0 unknown :-1 s=BANNER_CONNECTING pgs=0 cs=0 l=1 rev1=0 crypto rx=0 tx=0 comp rx=0 tx=0)._handle_peer_banner_payload supported=3 required=0
2024-03-29T09:01:55.922 INFO:teuthology.orchestra.run.smithi049.stdout:/usr/bin/ceph: stderr
2024-03-29T09:01:55.312+0000 7f0327e00700 1 --2- 172.21.15.49:0/554944946 >> [v2:172.21.15.49:6800/2096597094,v1:172.21.15.49:6801/2096597094] conn(0x7f0314038700 0x7f031403abc0 secure :-1 s=READY pgs=7 cs=0 l=1 rev1=1 crypto rx=0x7f0318006fd0 tx=0x7f0318006e40 comp rx=0 tx=0).ready entity=mgr.14100 client_cookie=0 server_cookie=0 in_seq=0 out_seq=0
2024-03-29T09:01:55.922 INFO:teuthology.orchestra.run.smithi049.stdout:/usr/bin/ceph: stderr
2024-03-29T09:01:55.316+0000 7f032cc00700 1 -- 172.21.15.49:0/554944946 <== mon.0 v2:172.21.15.49:3300/0 6 ==== mon_command_ack([{"prefix": "get_command_descriptions"}]=0 v0) v1 ==== 72+0+182738 (secure 0 0 0) 0x7f032002cb40 con 0x7f0330106400
2024-03-29T09:01:55.922 INFO:teuthology.orchestra.run.smithi049.stdout:/usr/bin/ceph: stderr
2024-03-29T09:01:55.525+0000 7f0336200700 1 -- 172.21.15.49:0/554944946 --> [v2:172.21.15.49:3300/0,v1:172.21.15.49:6789/0] -- mon_command({"prefix": "config assimilate-conf"} v 0) v1 -- 0x7f033019d5f0 con 0x7f0330106400
2024-03-29T09:01:55.922 INFO:teuthology.orchestra.run.smithi049.stdout:/usr/bin/ceph: stderr
2024-03-29T09:01:55.526+0000 7f032cc00700 1 -- 172.21.15.49:0/554944946 <== mon.0 v2:172.21.15.49:3300/0 7 ==== mon_command_ack([{"prefix": "config assimilate-conf"}]=0 v3) v1 ==== 70+0+373 (secure 0 0 0) 0x7f032002cb40 con 0x7f0330106400
2024-03-29T09:01:55.922 INFO:teuthology.orchestra.run.smithi049.stdout:/usr/bin/ceph: stderr
2024-03-29T09:01:55.528+0000 7f0336200700 1 -- 172.21.15.49:0/554944946 >> [v2:172.21.15.49:6800/2096597094,v1:172.21.15.49:6801/2096597094] conn(0x7f0314038700 msgr2=0x7f031403abc0 secure :-1 s=STATE_CONNECTION_ESTABLISHED l=1).mark_down
2024-03-29T09:01:55.922 INFO:teuthology.orchestra.run.smithi049.stdout:/usr/bin/ceph: stderr
2024-03-29T09:01:55.528+0000 7f0336200700 1 --2- 172.21.15.49:0/554944946 >> [v2:172.21.15.49:6800/2096597094,v1:172.21.15.49:6801/2096597094] conn(0x7f0314038700 0x7f031403abc0 secure :-1 s=READY pgs=7 cs=0 l=1 rev1=1 crypto rx=0x7f0318006fd0 tx=0x7f0318006e40 comp rx=0 tx=0).stop
2024-03-29T09:01:55.922 INFO:teuthology.orchestra.run.smithi049.stdout:/usr/bin/ceph: stderr
2024-03-29T09:01:55.528+0000 7f0336200700 1 -- 172.21.15.49:0/554944946 >> [v2:172.21.15.49:3300/0,v1:172.21.15.49:6789/0] conn(0x7f0330106400 msgr2=0x7f033019a180 secure :-1 s=STATE_CONNECTION_ESTABLISHED l=1).mark_down
2024-03-29T09:01:55.922 INFO:teuthology.orchestra.run.smithi049.stdout:/usr/bin/ceph: stderr
2024-03-29T09:01:55.528+0000 7f0336200700 1 --2- 172.21.15.49:0/554944946 >> [v2:172.21.15.49:3300/0,v1:172.21.15.49:6789/0] conn(0x7f0330106400 0x7f033019a180 secure :-1 s=READY pgs=23 cs=0 l=1 rev1=1 crypto rx=0x7f0320011710 tx=0x7f0320011ad0 comp rx=0 tx=0).stop
2024-03-29T09:01:55.922 INFO:teuthology.orchestra.run.smithi049.stdout:/usr/bin/ceph: stderr
2024-03-29T09:01:55.528+0000 7f0336200700 1 -- 172.21.15.49:0/554944946 shutdown_connections
2024-03-29T09:01:55.922 INFO:teuthology.orchestra.run.smithi049.stdout:/usr/bin/ceph: stderr
2024-03-29T09:01:55.528+0000 7f0336200700 1 --2- 172.21.15.49:0/554944946 >> [v2:172.21.15.49:6800/2096597094,v1:172.21.15.49:6801/2096597094] conn(0x7f0314038700 0x7f031403abc0 unknown :-1 s=CLOSED pgs=7 cs=0 l=1 rev1=1 crypto rx=0 tx=0 comp rx=0 tx=0).stop
2024-03-29T09:01:55.922 INFO:teuthology.orchestra.run.smithi049.stdout:/usr/bin/ceph: stderr
2024-03-29T09:01:55.528+0000 7f0336200700 1 --2- 172.21.15.49:0/554944946 >> [v2:172.21.15.49:3300/0,v1:172.21.15.49:6789/0] conn(0x7f0330106400 0x7f033019a180 unknown :-1 s=CLOSED pgs=23 cs=0 l=1 rev1=1 crypto rx=0 tx=0 comp rx=0 tx=0).stop
2024-03-29T09:01:55.923 INFO:teuthology.orchestra.run.smithi049.stdout:/usr/bin/ceph: stderr
2024-03-29T09:01:55.528+0000 7f0336200700 1 -- 172.21.15.49:0/554944946 >> 172.21.15.49:0/554944946 conn(0x7f0330101960 msgr2=0x7f03301025a0 unknown :-1 s=STATE_NONE l=0).mark_down
2024-03-29T09:01:55.923 INFO:teuthology.orchestra.run.smithi049.stdout:/usr/bin/ceph: stderr
2024-03-29T09:01:55.528+0000 7f0336200700 1 -- 172.21.15.49:0/554944946 shutdown_connections
2024-03-29T09:01:55.923 INFO:teuthology.orchestra.run.smithi049.stdout:/usr/bin/ceph: stderr
2024-03-29T09:01:55.528+0000 7f0336200700 1 -- 172.21.15.49:0/554944946 wait complete.
2024-03-29T09:01:55.923 INFO:journalctl@ceph.mon.a.smithi049.stdout:Mar 29 09:01:55 smithi049 ceph-mon[38250]: from='client.? 172.21.15.49:0/554944946' entity='client.admin' cmd=[{"prefix": "config assimilate-conf"}]: dispatch
2024-03-29T09:01:55.923 INFO:teuthology.orchestra.run.smithi049.stdout:Enabling cephadm module...
2024-03-29T09:01:57.875 INFO:teuthology.orchestra.run.smithi049.stdout:/usr/bin/ceph: stderr
2024-03-29T09:01:56.291+0000 7f04cda00700 1 Processor -- start
2024-03-29T09:01:57.876 INFO:teuthology.orchestra.run.smithi049.stdout:/usr/bin/ceph: stderr
2024-03-29T09:01:56.291+0000 7f04cda00700 1 -- start start
2024-03-29T09:01:57.876 INFO:journalctl@ceph.mon.a.smithi049.stdout:Mar 29 09:01:57 smithi049 ceph-mon[38250]: from='client.? 172.21.15.49:0/496502304' entity='client.admin' cmd=[{"prefix": "mgr module enable", "module": "cephadm"}]: dispatch
2024-03-29T09:01:57.876 INFO:teuthology.orchestra.run.smithi049.stdout:/usr/bin/ceph: stderr
2024-03-29T09:01:56.291+0000 7f04cda00700 1 --2- >> [v2:172.21.15.49:3300/0,v1:172.21.15.49:6789/0] conn(0x7f04c8106e90 0x7f04c8109280 unknown :-1 s=NONE pgs=0 cs=0 l=0 rev1=0 crypto rx=0 tx=0 comp rx=0 tx=0).connect
2024-03-29T09:01:57.876 INFO:teuthology.orchestra.run.smithi049.stdout:/usr/bin/ceph: stderr
2024-03-29T09:01:56.291+0000 7f04cda00700 1 -- --> [v2:172.21.15.49:3300/0,v1:172.21.15.49:6789/0] -- mon_getmap magic: 0 v1 -- 0x7f04c8079e30 con 0x7f04c8106e90
2024-03-29T09:01:57.877 INFO:journalctl@ceph.mgr.x.smithi049.stdout:Mar 29 09:01:57 smithi049 ceph-ce5b562e-edaa-11ee-b647-cb9ed24678a4-mgr-x[38501]: ignoring --setuser ceph since I am not root
2024-03-29T09:01:57.877 INFO:journalctl@ceph.mgr.x.smithi049.stdout:Mar 29 09:01:57 smithi049 ceph-ce5b562e-edaa-11ee-b647-cb9ed24678a4-mgr-x[38501]: ignoring --setgroup ceph since I am not root
2024-03-29T09:01:57.882 INFO:teuthology.orchestra.run.smithi049.stdout:/usr/bin/ceph: stderr
2024-03-29T09:01:56.292+0000 7f04c6a00700 1 --2- >> [v2:172.21.15.49:3300/0,v1:172.21.15.49:6789/0] conn(0x7f04c8106e90 0x7f04c8109280 unknown :-1 s=BANNER_CONNECTING pgs=0 cs=0 l=0 rev1=0 crypto rx=0 tx=0 comp rx=0 tx=0)._handle_peer_banner_payload supported=3 required=0
2024-03-29T09:01:57.882 INFO:teuthology.orchestra.run.smithi049.stdout:/usr/bin/ceph: stderr
2024-03-29T09:01:56.292+0000 7f04c6a00700 1 --2- >> [v2:172.21.15.49:3300/0,v1:172.21.15.49:6789/0] conn(0x7f04c8106e90 0x7f04c8109280 unknown :-1 s=HELLO_CONNECTING pgs=0 cs=0 l=0 rev1=1 crypto rx=0 tx=0 comp rx=0 tx=0).handle_hello peer v2:172.21.15.49:3300/0 says I am v2:172.21.15.49:52302/0 (socket says 172.21.15.49:52302)
2024-03-29T09:01:57.882 INFO:teuthology.orchestra.run.smithi049.stdout:/usr/bin/ceph: stderr
2024-03-29T09:01:56.292+0000 7f04c6a00700 1 -- 172.21.15.49:0/3553052367 learned_addr learned my addr 172.21.15.49:0/3553052367 (peer_addr_for_me v2:172.21.15.49:0/0)
2024-03-29T09:01:57.882 INFO:teuthology.orchestra.run.smithi049.stdout:/usr/bin/ceph: stderr
2024-03-29T09:01:56.292+0000 7f04c6a00700 1 -- 172.21.15.49:0/3553052367 --> [v2:172.21.15.49:3300/0,v1:172.21.15.49:6789/0] -- mon_subscribe({config=0+,monmap=0+}) v3 -- 0x7f04c81097c0 con 0x7f04c8106e90
2024-03-29T09:01:57.882 INFO:teuthology.orchestra.run.smithi049.stdout:/usr/bin/ceph: stderr
2024-03-29T09:01:56.292+0000 7f04c6a00700 1 --2- 172.21.15.49:0/3553052367 >> [v2:172.21.15.49:3300/0,v1:172.21.15.49:6789/0] conn(0x7f04c8106e90 0x7f04c8109280 secure :-1 s=READY pgs=24 cs=0 l=1 rev1=1 crypto rx=0x7f04b80098a0 tx=0x7f04b8009bb0 comp rx=0 tx=0).ready entity=mon.0 client_cookie=56f93a6bacf18708 server_cookie=0 in_seq=0 out_seq=0
2024-03-29T09:01:57.882 INFO:teuthology.orchestra.run.smithi049.stdout:/usr/bin/ceph: stderr
2024-03-29T09:01:56.293+0000 7f04c5600700 1 -- 172.21.15.49:0/3553052367 <== mon.0 v2:172.21.15.49:3300/0 1 ==== mon_map magic: 0 v1 ==== 205+0+0 (secure 0 0 0) 0x7f04b8004160 con 0x7f04c8106e90
2024-03-29T09:01:57.882 INFO:teuthology.orchestra.run.smithi049.stdout:/usr/bin/ceph: stderr
2024-03-29T09:01:56.293+0000 7f04c5600700 1 -- 172.21.15.49:0/3553052367 <== mon.0 v2:172.21.15.49:3300/0 2 ==== config(26 keys) v1 ==== 1074+0+0 (secure 0 0 0) 0x7f04b80042c0 con 0x7f04c8106e90
2024-03-29T09:01:57.883 INFO:teuthology.orchestra.run.smithi049.stdout:/usr/bin/ceph: stderr
2024-03-29T09:01:56.293+0000 7f04c5600700 1 -- 172.21.15.49:0/3553052367 <== mon.0 v2:172.21.15.49:3300/0 3 ==== mon_map magic: 0 v1 ==== 205+0+0 (secure 0 0 0) 0x7f04b8011a00 con 0x7f04c8106e90
2024-03-29T09:01:57.883 INFO:teuthology.orchestra.run.smithi049.stdout:/usr/bin/ceph: stderr
2024-03-29T09:01:56.293+0000 7f04cda00700 1 -- 172.21.15.49:0/3553052367 >> [v2:172.21.15.49:3300/0,v1:172.21.15.49:6789/0] conn(0x7f04c8106e90 msgr2=0x7f04c8109280 secure :-1 s=STATE_CONNECTION_ESTABLISHED l=1).mark_down
2024-03-29T09:01:57.883 INFO:teuthology.orchestra.run.smithi049.stdout:/usr/bin/ceph: stderr
2024-03-29T09:01:56.293+0000 7f04cda00700 1 --2- 172.21.15.49:0/3553052367 >> [v2:172.21.15.49:3300/0,v1:172.21.15.49:6789/0] conn(0x7f04c8106e90 0x7f04c8109280 secure :-1 s=READY pgs=24 cs=0 l=1 rev1=1 crypto rx=0x7f04b80098a0 tx=0x7f04b8009bb0 comp rx=0 tx=0).stop
2024-03-29T09:01:57.883 INFO:teuthology.orchestra.run.smithi049.stdout:/usr/bin/ceph: stderr
2024-03-29T09:01:56.293+0000 7f04cda00700 1 -- 172.21.15.49:0/3553052367 shutdown_connections
2024-03-29T09:01:57.883 INFO:teuthology.orchestra.run.smithi049.stdout:/usr/bin/ceph: stderr
2024-03-29T09:01:56.293+0000 7f04cda00700 1 --2- 172.21.15.49:0/3553052367 >> [v2:172.21.15.49:3300/0,v1:172.21.15.49:6789/0] conn(0x7f04c8106e90 0x7f04c8109280 unknown :-1 s=CLOSED pgs=24 cs=0 l=1 rev1=1 crypto rx=0 tx=0 comp rx=0 tx=0).stop
2024-03-29T09:01:57.883 INFO:teuthology.orchestra.run.smithi049.stdout:/usr/bin/ceph: stderr
2024-03-29T09:01:56.293+0000 7f04cda00700 1 -- 172.21.15.49:0/3553052367 >> 172.21.15.49:0/3553052367 conn(0x7f04c8100880 msgr2=0x7f04c8102cc0 unknown :-1 s=STATE_NONE l=0).mark_down
2024-03-29T09:01:57.883 INFO:teuthology.orchestra.run.smithi049.stdout:/usr/bin/ceph: stderr
2024-03-29T09:01:56.294+0000 7f04cda00700 1 -- 172.21.15.49:0/3553052367 shutdown_connections
2024-03-29T09:01:57.883 INFO:teuthology.orchestra.run.smithi049.stdout:/usr/bin/ceph: stderr
2024-03-29T09:01:56.294+0000 7f04cda00700 1 -- 172.21.15.49:0/3553052367 wait complete.
2024-03-29T09:01:57.883 INFO:teuthology.orchestra.run.smithi049.stdout:/usr/bin/ceph: stderr
2024-03-29T09:01:56.295+0000 7f04cda00700 1 Processor -- start
2024-03-29T09:01:57.883 INFO:teuthology.orchestra.run.smithi049.stdout:/usr/bin/ceph: stderr
2024-03-29T09:01:56.295+0000 7f04cda00700 1 -- start start
2024-03-29T09:01:57.884 INFO:teuthology.orchestra.run.smithi049.stdout:/usr/bin/ceph: stderr
2024-03-29T09:01:56.295+0000 7f04cda00700 1 --2- >> [v2:172.21.15.49:3300/0,v1:172.21.15.49:6789/0] conn(0x7f04c8106e90 0x7f04c819c3c0 unknown :-1 s=NONE pgs=0 cs=0 l=1 rev1=0 crypto rx=0 tx=0 comp rx=0 tx=0).connect
2024-03-29T09:01:57.884 INFO:teuthology.orchestra.run.smithi049.stdout:/usr/bin/ceph: stderr
2024-03-29T09:01:56.295+0000 7f04cda00700 1 -- --> [v2:172.21.15.49:3300/0,v1:172.21.15.49:6789/0] -- mon_getmap magic: 0 v1 -- 0x7f04c819c900 con 0x7f04c8106e90
2024-03-29T09:01:57.884 INFO:teuthology.orchestra.run.smithi049.stdout:/usr/bin/ceph: stderr
2024-03-29T09:01:56.295+0000 7f04c6a00700 1 --2- >> [v2:172.21.15.49:3300/0,v1:172.21.15.49:6789/0] conn(0x7f04c8106e90 0x7f04c819c3c0 unknown :-1 s=BANNER_CONNECTING pgs=0 cs=0 l=1 rev1=0 crypto rx=0 tx=0 comp rx=0 tx=0)._handle_peer_banner_payload supported=3 required=0
2024-03-29T09:01:57.884 INFO:teuthology.orchestra.run.smithi049.stdout:/usr/bin/ceph: stderr
2024-03-29T09:01:56.295+0000 7f04c6a00700 1 --2- >> [v2:172.21.15.49:3300/0,v1:172.21.15.49:6789/0] conn(0x7f04c8106e90 0x7f04c819c3c0 unknown :-1 s=HELLO_CONNECTING pgs=0 cs=0 l=1 rev1=1 crypto rx=0 tx=0 comp rx=0 tx=0).handle_hello peer v2:172.21.15.49:3300/0 says I am v2:172.21.15.49:52312/0 (socket says 172.21.15.49:52312)
2024-03-29T09:01:57.884 INFO:teuthology.orchestra.run.smithi049.stdout:/usr/bin/ceph: stderr
2024-03-29T09:01:56.295+0000 7f04c6a00700 1 -- 172.21.15.49:0/496502304 learned_addr learned my addr 172.21.15.49:0/496502304 (peer_addr_for_me v2:172.21.15.49:0/0)
2024-03-29T09:01:57.884 INFO:teuthology.orchestra.run.smithi049.stdout:/usr/bin/ceph: stderr
2024-03-29T09:01:56.296+0000 7f04c6a00700 1 -- 172.21.15.49:0/496502304 --> [v2:172.21.15.49:3300/0,v1:172.21.15.49:6789/0] -- mon_subscribe({config=0+,monmap=0+}) v3 -- 0x7f04b8009550 con 0x7f04c8106e90
2024-03-29T09:01:57.884 INFO:teuthology.orchestra.run.smithi049.stdout:/usr/bin/ceph: stderr
2024-03-29T09:01:56.296+0000 7f04c6a00700 1 --2- 172.21.15.49:0/496502304 >> [v2:172.21.15.49:3300/0,v1:172.21.15.49:6789/0] conn(0x7f04c8106e90 0x7f04c819c3c0 secure :-1 s=READY pgs=25 cs=0 l=1 rev1=1 crypto rx=0x7f04b8011a20 tx=0x7f04b8011b00 comp rx=0 tx=0).ready entity=mon.0 client_cookie=0 server_cookie=0 in_seq=0 out_seq=0
2024-03-29T09:01:57.884 INFO:teuthology.orchestra.run.smithi049.stdout:/usr/bin/ceph: stderr
2024-03-29T09:01:56.296+0000 7f04bf400700 1 -- 172.21.15.49:0/496502304 <== mon.0 v2:172.21.15.49:3300/0 1 ==== mon_map magic: 0 v1 ==== 205+0+0 (secure 0 0 0) 0x7f04b8003af0 con 0x7f04c8106e90
2024-03-29T09:01:57.884 INFO:teuthology.orchestra.run.smithi049.stdout:/usr/bin/ceph: stderr
2024-03-29T09:01:56.296+0000 7f04bf400700 1 -- 172.21.15.49:0/496502304 <== mon.0 v2:172.21.15.49:3300/0 2 ==== config(26 keys) v1 ==== 1074+0+0 (secure 0 0 0) 0x7f04b8003c50 con 0x7f04c8106e90
2024-03-29T09:01:57.884 INFO:teuthology.orchestra.run.smithi049.stdout:/usr/bin/ceph: stderr
2024-03-29T09:01:56.296+0000 7f04cda00700 1 -- 172.21.15.49:0/496502304 --> [v2:172.21.15.49:3300/0,v1:172.21.15.49:6789/0] -- mon_subscribe({mgrmap=0+}) v3 -- 0x7f04c819cb00 con 0x7f04c8106e90
2024-03-29T09:01:57.885 INFO:teuthology.orchestra.run.smithi049.stdout:/usr/bin/ceph: stderr
2024-03-29T09:01:56.296+0000 7f04bf400700 1 -- 172.21.15.49:0/496502304 <== mon.0 v2:172.21.15.49:3300/0 3 ==== mon_map magic: 0 v1 ==== 205+0+0 (secure 0 0 0) 0x7f04b8019760 con 0x7f04c8106e90
2024-03-29T09:01:57.885 INFO:teuthology.orchestra.run.smithi049.stdout:/usr/bin/ceph: stderr
2024-03-29T09:01:56.296+0000 7f04cda00700 1 -- 172.21.15.49:0/496502304 --> [v2:172.21.15.49:3300/0,v1:172.21.15.49:6789/0] -- mon_subscribe({osdmap=0}) v3 -- 0x7f04c819cfa0 con 0x7f04c8106e90
2024-03-29T09:01:57.885 INFO:teuthology.orchestra.run.smithi049.stdout:/usr/bin/ceph: stderr
2024-03-29T09:01:56.297+0000 7f04bf400700 1 -- 172.21.15.49:0/496502304 <== mon.0 v2:172.21.15.49:3300/0 4 ==== mgrmap(e 4) v1 ==== 45522+0+0 (secure 0 0 0) 0x7f04b801ab20 con 0x7f04c8106e90
2024-03-29T09:01:57.885 INFO:teuthology.orchestra.run.smithi049.stdout:/usr/bin/ceph: stderr
2024-03-29T09:01:56.297+0000 7f04cda00700 1 -- 172.21.15.49:0/496502304 --> [v2:172.21.15.49:3300/0,v1:172.21.15.49:6789/0] -- mon_command({"prefix": "get_command_descriptions"} v 0) v1 -- 0x7f04c810a560 con 0x7f04c8106e90
2024-03-29T09:01:57.885 INFO:teuthology.orchestra.run.smithi049.stdout:/usr/bin/ceph: stderr
2024-03-29T09:01:56.298+0000 7f04bf400700 1 --2- 172.21.15.49:0/496502304 >> [v2:172.21.15.49:6800/2096597094,v1:172.21.15.49:6801/2096597094] conn(0x7f04ac038700 0x7f04ac03abc0 unknown :-1 s=NONE pgs=0 cs=0 l=1 rev1=0 crypto rx=0 tx=0 comp rx=0 tx=0).connect
2024-03-29T09:01:57.885 INFO:teuthology.orchestra.run.smithi049.stdout:/usr/bin/ceph: stderr
2024-03-29T09:01:56.298+0000 7f04bf400700 1 -- 172.21.15.49:0/496502304 <== mon.0 v2:172.21.15.49:3300/0 5 ==== osd_map(1..1 src has 1..1) v4 ==== 725+0+0 (secure 0 0 0) 0x7f04b804c8a0 con 0x7f04c8106e90
2024-03-29T09:01:57.885 INFO:teuthology.orchestra.run.smithi049.stdout:/usr/bin/ceph: stderr
2024-03-29T09:01:56.298+0000 7f04c6000700 1 --2- 172.21.15.49:0/496502304 >> [v2:172.21.15.49:6800/2096597094,v1:172.21.15.49:6801/2096597094] conn(0x7f04ac038700 0x7f04ac03abc0 unknown :-1 s=BANNER_CONNECTING pgs=0 cs=0 l=1 rev1=0 crypto rx=0 tx=0 comp rx=0 tx=0)._handle_peer_banner_payload supported=3 required=0
2024-03-29T09:01:57.885 INFO:teuthology.orchestra.run.smithi049.stdout:/usr/bin/ceph: stderr
2024-03-29T09:01:56.298+0000 7f04c6000700 1 --2- 172.21.15.49:0/496502304 >> [v2:172.21.15.49:6800/2096597094,v1:172.21.15.49:6801/2096597094] conn(0x7f04ac038700 0x7f04ac03abc0 secure :-1 s=READY pgs=8 cs=0 l=1 rev1=1 crypto rx=0x7f04b4006fd0 tx=0x7f04b4006e40 comp rx=0 tx=0).ready entity=mgr.14100 client_cookie=0 server_cookie=0 in_seq=0 out_seq=0
2024-03-29T09:01:57.885 INFO:teuthology.orchestra.run.smithi049.stdout:/usr/bin/ceph: stderr
2024-03-29T09:01:56.303+0000 7f04bf400700 1 -- 172.21.15.49:0/496502304 <== mon.0 v2:172.21.15.49:3300/0 6 ==== mon_command_ack([{"prefix": "get_command_descriptions"}]=0 v0) v1 ==== 72+0+182738 (secure 0 0 0) 0x7f04b801a7b0 con 0x7f04c8106e90
2024-03-29T09:01:57.885 INFO:teuthology.orchestra.run.smithi049.stdout:/usr/bin/ceph: stderr
2024-03-29T09:01:56.576+0000 7f04cda00700 1 -- 172.21.15.49:0/496502304 --> [v2:172.21.15.49:3300/0,v1:172.21.15.49:6789/0] -- mon_command({"prefix": "mgr module enable", "module": "cephadm"} v 0) v1 -- 0x7f04c810a7a0 con 0x7f04c8106e90
2024-03-29T09:01:57.885 INFO:teuthology.orchestra.run.smithi049.stdout:/usr/bin/ceph: stderr
2024-03-29T09:01:57.515+0000 7f04bf400700 1 -- 172.21.15.49:0/496502304 <== mon.0 v2:172.21.15.49:3300/0 7 ==== mgrmap(e 5) v1 ==== 45533+0+0 (secure 0 0 0) 0x7f04b8006ec0 con 0x7f04c8106e90
2024-03-29T09:01:57.885 INFO:teuthology.orchestra.run.smithi049.stdout:/usr/bin/ceph: stderr
2024-03-29T09:01:57.517+0000 7f04bf400700 1 -- 172.21.15.49:0/496502304 <== mon.0 v2:172.21.15.49:3300/0 8 ==== mon_command_ack([{"prefix": "mgr module enable", "module": "cephadm"}]=0 v5) v1 ==== 86+0+0 (secure 0 0 0) 0x7f04b804c2c0 con 0x7f04c8106e90
2024-03-29T09:01:57.885 INFO:teuthology.orchestra.run.smithi049.stdout:/usr/bin/ceph: stderr
2024-03-29T09:01:57.520+0000 7f04cda00700 1 -- 172.21.15.49:0/496502304 >> [v2:172.21.15.49:6800/2096597094,v1:172.21.15.49:6801/2096597094] conn(0x7f04ac038700 msgr2=0x7f04ac03abc0 secure :-1 s=STATE_CONNECTION_ESTABLISHED l=1).mark_down
2024-03-29T09:01:57.885 INFO:teuthology.orchestra.run.smithi049.stdout:/usr/bin/ceph: stderr
2024-03-29T09:01:57.520+0000 7f04cda00700 1 --2- 172.21.15.49:0/496502304 >> [v2:172.21.15.49:6800/2096597094,v1:172.21.15.49:6801/2096597094] conn(0x7f04ac038700 0x7f04ac03abc0 secure :-1 s=READY pgs=8 cs=0 l=1 rev1=1 crypto rx=0x7f04b4006fd0 tx=0x7f04b4006e40 comp rx=0 tx=0).stop
2024-03-29T09:01:57.886 INFO:teuthology.orchestra.run.smithi049.stdout:/usr/bin/ceph: stderr
2024-03-29T09:01:57.520+0000 7f04cda00700 1 -- 172.21.15.49:0/496502304 >> [v2:172.21.15.49:3300/0,v1:172.21.15.49:6789/0] conn(0x7f04c8106e90 msgr2=0x7f04c819c3c0 secure :-1 s=STATE_CONNECTION_ESTABLISHED l=1).mark_down
2024-03-29T09:01:57.886 INFO:teuthology.orchestra.run.smithi049.stdout:/usr/bin/ceph: stderr
2024-03-29T09:01:57.520+0000 7f04cda00700 1 --2- 172.21.15.49:0/496502304 >> [v2:172.21.15.49:3300/0,v1:172.21.15.49:6789/0] conn(0x7f04c8106e90 0x7f04c819c3c0 secure :-1 s=READY pgs=25 cs=0 l=1 rev1=1 crypto rx=0x7f04b8011a20 tx=0x7f04b8011b00 comp rx=0 tx=0).stop
2024-03-29T09:01:57.886 INFO:teuthology.orchestra.run.smithi049.stdout:/usr/bin/ceph: stderr
2024-03-29T09:01:57.520+0000 7f04cda00700 1 -- 172.21.15.49:0/496502304 shutdown_connections
2024-03-29T09:01:57.886 INFO:teuthology.orchestra.run.smithi049.stdout:/usr/bin/ceph: stderr
2024-03-29T09:01:57.520+0000 7f04cda00700 1 --2- 172.21.15.49:0/496502304 >> [v2:172.21.15.49:6800/2096597094,v1:172.21.15.49:6801/2096597094] conn(0x7f04ac038700 0x7f04ac03abc0 unknown :-1 s=CLOSED pgs=8 cs=0 l=1 rev1=1 crypto rx=0 tx=0 comp rx=0 tx=0).stop
2024-03-29T09:01:57.886 INFO:teuthology.orchestra.run.smithi049.stdout:/usr/bin/ceph: stderr
2024-03-29T09:01:57.520+0000 7f04cda00700 1 --2- 172.21.15.49:0/496502304 >> [v2:172.21.15.49:3300/0,v1:172.21.15.49:6789/0] conn(0x7f04c8106e90 0x7f04c819c3c0 unknown :-1 s=CLOSED pgs=25 cs=0 l=1 rev1=1 crypto rx=0 tx=0 comp rx=0 tx=0).stop
2024-03-29T09:01:57.886 INFO:teuthology.orchestra.run.smithi049.stdout:/usr/bin/ceph: stderr
2024-03-29T09:01:57.520+0000 7f04cda00700 1 -- 172.21.15.49:0/496502304 >> 172.21.15.49:0/496502304 conn(0x7f04c8100880 msgr2=0x7f04c81013d0 unknown :-1 s=STATE_NONE l=0).mark_down
2024-03-29T09:01:57.886 INFO:teuthology.orchestra.run.smithi049.stdout:/usr/bin/ceph: stderr
2024-03-29T09:01:57.521+0000 7f04cda00700 1 -- 172.21.15.49:0/496502304 shutdown_connections
2024-03-29T09:01:57.886 INFO:teuthology.orchestra.run.smithi049.stdout:/usr/bin/ceph: stderr
2024-03-29T09:01:57.521+0000 7f04cda00700 1 -- 172.21.15.49:0/496502304 wait complete.
2024-03-29T09:01:58.448 INFO:journalctl@ceph.mgr.x.smithi049.stdout:Mar 29 09:01:58 smithi049 ceph-ce5b562e-edaa-11ee-b647-cb9ed24678a4-mgr-x[38501]:
2024-03-29T09:01:58.146+0000 7efd29026200 -1 mgr[py] Module prometheus has missing NOTIFY_TYPES member
2024-03-29T09:01:58.448 INFO:journalctl@ceph.mgr.x.smithi049.stdout:Mar 29 09:01:58 smithi049 ceph-ce5b562e-edaa-11ee-b647-cb9ed24678a4-mgr-x[38501]:
2024-03-29T09:01:58.275+0000 7efd29026200 -1 mgr[py] Module alerts has missing NOTIFY_TYPES member
2024-03-29T09:01:58.448 INFO:journalctl@ceph.mgr.x.smithi049.stdout:Mar 29 09:01:58 smithi049 ceph-ce5b562e-edaa-11ee-b647-cb9ed24678a4-mgr-x[38501]:
2024-03-29T09:01:58.396+0000 7efd29026200 -1 mgr[py] Module osd_perf_query has missing NOTIFY_TYPES member
2024-03-29T09:01:58.799 INFO:journalctl@ceph.mon.a.smithi049.stdout:Mar 29 09:01:58 smithi049 ceph-mon[38250]: from='client.? 172.21.15.49:0/496502304' entity='client.admin' cmd='[{"prefix": "mgr module enable", "module": "cephadm"}]': finished
2024-03-29T09:01:58.799 INFO:journalctl@ceph.mon.a.smithi049.stdout:Mar 29 09:01:58 smithi049 ceph-mon[38250]: mgrmap e5: x(active, since 14s)
2024-03-29T09:01:58.799 INFO:journalctl@ceph.mgr.x.smithi049.stdout:Mar 29 09:01:58 smithi049 ceph-ce5b562e-edaa-11ee-b647-cb9ed24678a4-mgr-x[38501]:
2024-03-29T09:01:58.511+0000 7efd29026200 -1 mgr[py] Module progress has missing NOTIFY_TYPES member
2024-03-29T09:01:58.959 INFO:teuthology.orchestra.run.smithi049.stdout:/usr/bin/ceph: stdout {
2024-03-29T09:01:58.960 INFO:teuthology.orchestra.run.smithi049.stdout:/usr/bin/ceph: stdout "epoch": 5,
2024-03-29T09:01:58.960 INFO:teuthology.orchestra.run.smithi049.stdout:/usr/bin/ceph: stdout "available": true,
2024-03-29T09:01:58.960 INFO:teuthology.orchestra.run.smithi049.stdout:/usr/bin/ceph: stdout "active_name": "x",
2024-03-29T09:01:58.960 INFO:teuthology.orchestra.run.smithi049.stdout:/usr/bin/ceph: stdout "num_standby": 0
2024-03-29T09:01:58.960 INFO:teuthology.orchestra.run.smithi049.stdout:/usr/bin/ceph: stdout }
2024-03-29T09:01:58.960 INFO:teuthology.orchestra.run.smithi049.stdout:/usr/bin/ceph: stderr
2024-03-29T09:01:58.294+0000 7f693e600700 1 Processor -- start
2024-03-29T09:01:58.960 INFO:teuthology.orchestra.run.smithi049.stdout:/usr/bin/ceph: stderr
2024-03-29T09:01:58.294+0000 7f693e600700 1 -- start start
2024-03-29T09:01:58.960 INFO:teuthology.orchestra.run.smithi049.stdout:/usr/bin/ceph: stderr
2024-03-29T09:01:58.294+0000 7f693e600700 1 --2- >> [v2:172.21.15.49:3300/0,v1:172.21.15.49:6789/0] conn(0x7f6938108610 0x7f6938108a30 unknown :-1 s=NONE pgs=0 cs=0 l=0 rev1=0 crypto rx=0 tx=0 comp rx=0 tx=0).connect
2024-03-29T09:01:58.961 INFO:teuthology.orchestra.run.smithi049.stdout:/usr/bin/ceph: stderr
2024-03-29T09:01:58.294+0000 7f693e600700 1 -- --> [v2:172.21.15.49:3300/0,v1:172.21.15.49:6789/0] -- mon_getmap magic: 0 v1 -- 0x7f6938109000 con 0x7f6938108610
2024-03-29T09:01:58.961 INFO:teuthology.orchestra.run.smithi049.stdout:/usr/bin/ceph: stderr
2024-03-29T09:01:58.294+0000 7f6937400700 1 --2- >> [v2:172.21.15.49:3300/0,v1:172.21.15.49:6789/0] conn(0x7f6938108610 0x7f6938108a30 unknown :-1 s=BANNER_CONNECTING pgs=0 cs=0 l=0 rev1=0 crypto rx=0 tx=0 comp rx=0 tx=0)._handle_peer_banner_payload supported=3 required=0
2024-03-29T09:01:58.961 INFO:teuthology.orchestra.run.smithi049.stdout:/usr/bin/ceph: stderr
2024-03-29T09:01:58.295+0000 7f6937400700 1 --2- >> [v2:172.21.15.49:3300/0,v1:172.21.15.49:6789/0] conn(0x7f6938108610 0x7f6938108a30 unknown :-1 s=HELLO_CONNECTING pgs=0 cs=0 l=0 rev1=1 crypto rx=0 tx=0 comp rx=0 tx=0).handle_hello peer v2:172.21.15.49:3300/0 says I am v2:172.21.15.49:52338/0 (socket says 172.21.15.49:52338)
2024-03-29T09:01:58.961 INFO:teuthology.orchestra.run.smithi049.stdout:/usr/bin/ceph: stderr
2024-03-29T09:01:58.295+0000 7f6937400700 1 -- 172.21.15.49:0/3584681844 learned_addr learned my addr 172.21.15.49:0/3584681844 (peer_addr_for_me v2:172.21.15.49:0/0)
2024-03-29T09:01:58.961 INFO:teuthology.orchestra.run.smithi049.stdout:/usr/bin/ceph: stderr
2024-03-29T09:01:58.295+0000 7f6937400700 1 -- 172.21.15.49:0/3584681844 --> [v2:172.21.15.49:3300/0,v1:172.21.15.49:6789/0] -- mon_subscribe({config=0+,monmap=0+}) v3 -- 0x7f6938109810 con 0x7f6938108610
2024-03-29T09:01:58.961 INFO:teuthology.orchestra.run.smithi049.stdout:/usr/bin/ceph: stderr
2024-03-29T09:01:58.295+0000 7f6937400700 1 --2- 172.21.15.49:0/3584681844 >> [v2:172.21.15.49:3300/0,v1:172.21.15.49:6789/0] conn(0x7f6938108610 0x7f6938108a30 secure :-1 s=READY pgs=28 cs=0 l=1 rev1=1 crypto rx=0x7f69280098a0 tx=0x7f6928009bb0 comp rx=0 tx=0).ready entity=mon.0 client_cookie=4c5e01022db3b2c server_cookie=0 in_seq=0 out_seq=0
2024-03-29T09:01:58.961 INFO:teuthology.orchestra.run.smithi049.stdout:/usr/bin/ceph: stderr
2024-03-29T09:01:58.295+0000 7f6936000700 1 -- 172.21.15.49:0/3584681844 <== mon.0 v2:172.21.15.49:3300/0 1 ==== mon_map magic: 0 v1 ==== 205+0+0 (secure 0 0 0) 0x7f6928004160 con 0x7f6938108610
2024-03-29T09:01:58.961 INFO:teuthology.orchestra.run.smithi049.stdout:/usr/bin/ceph: stderr
2024-03-29T09:01:58.296+0000 7f6936000700 1 -- 172.21.15.49:0/3584681844 <== mon.0 v2:172.21.15.49:3300/0 2 ==== config(26 keys) v1 ==== 1074+0+0 (secure 0 0 0) 0x7f69280042c0 con 0x7f6938108610
2024-03-29T09:01:58.961 INFO:teuthology.orchestra.run.smithi049.stdout:/usr/bin/ceph: stderr
2024-03-29T09:01:58.296+0000 7f6936000700 1 -- 172.21.15.49:0/3584681844 <== mon.0 v2:172.21.15.49:3300/0 3 ==== mon_map magic: 0 v1 ==== 205+0+0 (secure 0 0 0) 0x7f6928011a00 con 0x7f6938108610
2024-03-29T09:01:58.961 INFO:teuthology.orchestra.run.smithi049.stdout:/usr/bin/ceph: stderr
2024-03-29T09:01:58.296+0000 7f693e600700 1 -- 172.21.15.49:0/3584681844 >> [v2:172.21.15.49:3300/0,v1:172.21.15.49:6789/0] conn(0x7f6938108610 msgr2=0x7f6938108a30 secure :-1 s=STATE_CONNECTION_ESTABLISHED l=1).mark_down
2024-03-29T09:01:58.962 INFO:teuthology.orchestra.run.smithi049.stdout:/usr/bin/ceph: stderr
2024-03-29T09:01:58.296+0000 7f693e600700 1 --2- 172.21.15.49:0/3584681844 >> [v2:172.21.15.49:3300/0,v1:172.21.15.49:6789/0] conn(0x7f6938108610 0x7f6938108a30 secure :-1 s=READY pgs=28 cs=0 l=1 rev1=1 crypto rx=0x7f69280098a0 tx=0x7f6928009bb0 comp rx=0 tx=0).stop
2024-03-29T09:01:58.962 INFO:teuthology.orchestra.run.smithi049.stdout:/usr/bin/ceph: stderr
2024-03-29T09:01:58.296+0000 7f693e600700 1 -- 172.21.15.49:0/3584681844 shutdown_connections
2024-03-29T09:01:58.962 INFO:teuthology.orchestra.run.smithi049.stdout:/usr/bin/ceph: stderr
2024-03-29T09:01:58.296+0000 7f693e600700 1 --2- 172.21.15.49:0/3584681844 >> [v2:172.21.15.49:3300/0,v1:172.21.15.49:6789/0] conn(0x7f6938108610 0x7f6938108a30 unknown :-1 s=CLOSED pgs=28 cs=0 l=1 rev1=1 crypto rx=0 tx=0 comp rx=0 tx=0).stop
2024-03-29T09:01:58.962 INFO:teuthology.orchestra.run.smithi049.stdout:/usr/bin/ceph: stderr
2024-03-29T09:01:58.296+0000 7f693e600700 1 -- 172.21.15.49:0/3584681844 >> 172.21.15.49:0/3584681844 conn(0x7f693807bcf0 msgr2=0x7f6938106490 unknown :-1 s=STATE_NONE l=0).mark_down
2024-03-29T09:01:58.962 INFO:teuthology.orchestra.run.smithi049.stdout:/usr/bin/ceph: stderr
2024-03-29T09:01:58.296+0000 7f693e600700 1 -- 172.21.15.49:0/3584681844 shutdown_connections
2024-03-29T09:01:58.962 INFO:teuthology.orchestra.run.smithi049.stdout:/usr/bin/ceph: stderr
2024-03-29T09:01:58.297+0000 7f693e600700 1 -- 172.21.15.49:0/3584681844 wait complete.
2024-03-29T09:01:58.962 INFO:teuthology.orchestra.run.smithi049.stdout:/usr/bin/ceph: stderr
2024-03-29T09:01:58.297+0000 7f693e600700 1 Processor -- start
2024-03-29T09:01:58.962 INFO:teuthology.orchestra.run.smithi049.stdout:/usr/bin/ceph: stderr
2024-03-29T09:01:58.298+0000 7f693e600700 1 -- start start
2024-03-29T09:01:58.962 INFO:teuthology.orchestra.run.smithi049.stdout:/usr/bin/ceph: stderr
2024-03-29T09:01:58.298+0000 7f693e600700 1 --2- >> [v2:172.21.15.49:3300/0,v1:172.21.15.49:6789/0] conn(0x7f6938108610 0x7f693819c360 unknown :-1 s=NONE pgs=0 cs=0 l=1 rev1=0 crypto rx=0 tx=0 comp rx=0 tx=0).connect
2024-03-29T09:01:58.962 INFO:teuthology.orchestra.run.smithi049.stdout:/usr/bin/ceph: stderr
2024-03-29T09:01:58.298+0000 7f693e600700 1 -- --> [v2:172.21.15.49:3300/0,v1:172.21.15.49:6789/0] -- mon_getmap magic: 0 v1 -- 0x7f693819c8a0 con 0x7f6938108610
2024-03-29T09:01:58.962 INFO:teuthology.orchestra.run.smithi049.stdout:/usr/bin/ceph: stderr
2024-03-29T09:01:58.298+0000 7f6937400700 1 --2- >> [v2:172.21.15.49:3300/0,v1:172.21.15.49:6789/0] conn(0x7f6938108610 0x7f693819c360 unknown :-1 s=BANNER_CONNECTING pgs=0 cs=0 l=1 rev1=0 crypto rx=0 tx=0 comp rx=0 tx=0)._handle_peer_banner_payload supported=3 required=0
2024-03-29T09:01:58.963 INFO:teuthology.orchestra.run.smithi049.stdout:/usr/bin/ceph: stderr
2024-03-29T09:01:58.298+0000 7f6937400700 1 --2- >> [v2:172.21.15.49:3300/0,v1:172.21.15.49:6789/0] conn(0x7f6938108610 0x7f693819c360 unknown :-1 s=HELLO_CONNECTING pgs=0 cs=0 l=1 rev1=1 crypto rx=0 tx=0 comp rx=0 tx=0).handle_hello peer v2:172.21.15.49:3300/0 says I am v2:172.21.15.49:52342/0 (socket says 172.21.15.49:52342)
2024-03-29T09:01:58.963 INFO:teuthology.orchestra.run.smithi049.stdout:/usr/bin/ceph: stderr
2024-03-29T09:01:58.298+0000 7f6937400700 1 -- 172.21.15.49:0/790759331 learned_addr learned my addr 172.21.15.49:0/790759331 (peer_addr_for_me v2:172.21.15.49:0/0)
2024-03-29T09:01:58.963 INFO:teuthology.orchestra.run.smithi049.stdout:/usr/bin/ceph: stderr
2024-03-29T09:01:58.299+0000 7f6937400700 1 -- 172.21.15.49:0/790759331 --> [v2:172.21.15.49:3300/0,v1:172.21.15.49:6789/0] -- mon_subscribe({config=0+,monmap=0+}) v3 -- 0x7f6928009550 con 0x7f6938108610
2024-03-29T09:01:58.963 INFO:teuthology.orchestra.run.smithi049.stdout:/usr/bin/ceph: stderr
2024-03-29T09:01:58.299+0000 7f6937400700 1 --2- 172.21.15.49:0/790759331 >> [v2:172.21.15.49:3300/0,v1:172.21.15.49:6789/0] conn(0x7f6938108610 0x7f693819c360 secure :-1 s=READY pgs=29 cs=0 l=1 rev1=1 crypto rx=0x7f6928009130 tx=0x7f6928011ad0 comp rx=0 tx=0).ready entity=mon.0 client_cookie=0 server_cookie=0 in_seq=0 out_seq=0
2024-03-29T09:01:58.963 INFO:teuthology.orchestra.run.smithi049.stdout:/usr/bin/ceph: stderr
2024-03-29T09:01:58.299+0000 7f692fe00700 1 -- 172.21.15.49:0/790759331 <== mon.0 v2:172.21.15.49:3300/0 1 ==== mon_map magic: 0 v1 ==== 205+0+0 (secure 0 0 0) 0x7f6928003ab0 con 0x7f6938108610
2024-03-29T09:01:58.963 INFO:teuthology.orchestra.run.smithi049.stdout:/usr/bin/ceph: stderr
2024-03-29T09:01:58.299+0000 7f692fe00700 1 -- 172.21.15.49:0/790759331 <== mon.0 v2:172.21.15.49:3300/0 2 ==== config(26 keys) v1 ==== 1074+0+0 (secure 0 0 0) 0x7f6928003c10 con 0x7f6938108610
2024-03-29T09:01:58.963 INFO:teuthology.orchestra.run.smithi049.stdout:/usr/bin/ceph: stderr
2024-03-29T09:01:58.299+0000 7f693e600700 1 -- 172.21.15.49:0/790759331 --> [v2:172.21.15.49:3300/0,v1:172.21.15.49:6789/0] -- mon_subscribe({mgrmap=0+}) v3 -- 0x7f693819caa0 con 0x7f6938108610
2024-03-29T09:01:58.963 INFO:teuthology.orchestra.run.smithi049.stdout:/usr/bin/ceph: stderr
2024-03-29T09:01:58.299+0000 7f692fe00700 1 -- 172.21.15.49:0/790759331 <== mon.0 v2:172.21.15.49:3300/0 3 ==== mon_map magic: 0 v1 ==== 205+0+0 (secure 0 0 0) 0x7f69280247d0 con 0x7f6938108610
2024-03-29T09:01:58.963 INFO:teuthology.orchestra.run.smithi049.stdout:/usr/bin/ceph: stderr
2024-03-29T09:01:58.299+0000 7f693e600700 1 -- 172.21.15.49:0/790759331 --> [v2:172.21.15.49:3300/0,v1:172.21.15.49:6789/0] -- mon_subscribe({osdmap=0}) v3 -- 0x7f693819cf40 con 0x7f6938108610
2024-03-29T09:01:58.963 INFO:teuthology.orchestra.run.smithi049.stdout:/usr/bin/ceph: stderr
