2024-03-31T16:58:13.747+0000 7f8ee9a00700 1 Processor -- start
2024-03-31T16:58:14.716 INFO:teuthology.orchestra.run.smithi162.stdout:/usr/bin/ceph: stderr
2024-03-31T16:58:13.747+0000 7f8ee9a00700 1 -- start start
2024-03-31T16:58:14.716 INFO:teuthology.orchestra.run.smithi162.stdout:/usr/bin/ceph: stderr
2024-03-31T16:58:13.747+0000 7f8ee9a00700 1 --2- >> [v2:172.21.15.162:3300/0,v1:172.21.15.162:6789/0] conn(0x7f8ee4077ab0 0x7f8ee4076100 unknown :-1 s=NONE pgs=0 cs=0 l=0 rev1=0 crypto rx=0 tx=0 comp rx=0 tx=0).connect
2024-03-31T16:58:14.716 INFO:teuthology.orchestra.run.smithi162.stdout:/usr/bin/ceph: stderr
2024-03-31T16:58:13.747+0000 7f8ee9a00700 1 -- --> [v2:172.21.15.162:3300/0,v1:172.21.15.162:6789/0] -- mon_getmap magic: 0 v1 -- 0x7f8ee4077ec0 con 0x7f8ee4077ab0
2024-03-31T16:58:14.716 INFO:teuthology.orchestra.run.smithi162.stdout:/usr/bin/ceph: stderr
2024-03-31T16:58:13.748+0000 7f8ee2a00700 1 --2- >> [v2:172.21.15.162:3300/0,v1:172.21.15.162:6789/0] conn(0x7f8ee4077ab0 0x7f8ee4076100 unknown :-1 s=BANNER_CONNECTING pgs=0 cs=0 l=0 rev1=0 crypto rx=0 tx=0 comp rx=0 tx=0)._handle_peer_banner_payload supported=3 required=0
2024-03-31T16:58:14.716 INFO:teuthology.orchestra.run.smithi162.stdout:/usr/bin/ceph: stderr
2024-03-31T16:58:13.748+0000 7f8ee2a00700 1 --2- >> [v2:172.21.15.162:3300/0,v1:172.21.15.162:6789/0] conn(0x7f8ee4077ab0 0x7f8ee4076100 unknown :-1 s=HELLO_CONNECTING pgs=0 cs=0 l=0 rev1=1 crypto rx=0 tx=0 comp rx=0 tx=0).handle_hello peer v2:172.21.15.162:3300/0 says I am v2:172.21.15.162:53270/0 (socket says 172.21.15.162:53270)
2024-03-31T16:58:14.716 INFO:teuthology.orchestra.run.smithi162.stdout:/usr/bin/ceph: stderr
2024-03-31T16:58:13.748+0000 7f8ee2a00700 1 -- 172.21.15.162:0/2949730791 learned_addr learned my addr 172.21.15.162:0/2949730791 (peer_addr_for_me v2:172.21.15.162:0/0)
2024-03-31T16:58:14.716 INFO:teuthology.orchestra.run.smithi162.stdout:/usr/bin/ceph: stderr
2024-03-31T16:58:13.748+0000 7f8ee2a00700 1 -- 172.21.15.162:0/2949730791 --> [v2:172.21.15.162:3300/0,v1:172.21.15.162:6789/0] -- mon_subscribe({config=0+,monmap=0+}) v3 -- 0x7f8ee4078000 con 0x7f8ee4077ab0
2024-03-31T16:58:14.716 INFO:teuthology.orchestra.run.smithi162.stdout:/usr/bin/ceph: stderr
2024-03-31T16:58:13.749+0000 7f8ee2a00700 1 --2- 172.21.15.162:0/2949730791 >> [v2:172.21.15.162:3300/0,v1:172.21.15.162:6789/0] conn(0x7f8ee4077ab0 0x7f8ee4076100 secure :-1 s=READY pgs=69 cs=0 l=1 rev1=1 crypto rx=0x7f8ed40098e0 tx=0x7f8ed4009250 comp rx=0 tx=0).ready entity=mon.0 client_cookie=e025ad7c12ae51e6 server_cookie=0 in_seq=0 out_seq=0
2024-03-31T16:58:14.716 INFO:teuthology.orchestra.run.smithi162.stdout:/usr/bin/ceph: stderr
2024-03-31T16:58:13.749+0000 7f8ee1600700 1 -- 172.21.15.162:0/2949730791 <== mon.0 v2:172.21.15.162:3300/0 1 ==== mon_map magic: 0 v1 ==== 229+0+0 (secure 0 0 0) 0x7f8ed400b860 con 0x7f8ee4077ab0
2024-03-31T16:58:14.716 INFO:teuthology.orchestra.run.smithi162.stdout:/usr/bin/ceph: stderr
2024-03-31T16:58:13.749+0000 7f8ee1600700 1 -- 172.21.15.162:0/2949730791 <== mon.0 v2:172.21.15.162:3300/0 2 ==== config(27 keys) v1 ==== 1109+0+0 (secure 0 0 0) 0x7f8ed400be90 con 0x7f8ee4077ab0
2024-03-31T16:58:14.716 INFO:teuthology.orchestra.run.smithi162.stdout:/usr/bin/ceph: stderr
2024-03-31T16:58:13.749+0000 7f8ee1600700 1 -- 172.21.15.162:0/2949730791 <== mon.0 v2:172.21.15.162:3300/0 3 ==== mon_map magic: 0 v1 ==== 229+0+0 (secure 0 0 0) 0x7f8ed40103c0 con 0x7f8ee4077ab0
2024-03-31T16:58:14.716 INFO:teuthology.orchestra.run.smithi162.stdout:/usr/bin/ceph: stderr
2024-03-31T16:58:13.750+0000 7f8ee9a00700 1 -- 172.21.15.162:0/2949730791 >> [v2:172.21.15.162:3300/0,v1:172.21.15.162:6789/0] conn(0x7f8ee4077ab0 msgr2=0x7f8ee4076100 secure :-1 s=STATE_CONNECTION_ESTABLISHED l=1).mark_down
2024-03-31T16:58:14.717 INFO:teuthology.orchestra.run.smithi162.stdout:/usr/bin/ceph: stderr
2024-03-31T16:58:13.750+0000 7f8ee9a00700 1 --2- 172.21.15.162:0/2949730791 >> [v2:172.21.15.162:3300/0,v1:172.21.15.162:6789/0] conn(0x7f8ee4077ab0 0x7f8ee4076100 secure :-1 s=READY pgs=69 cs=0 l=1 rev1=1 crypto rx=0x7f8ed40098e0 tx=0x7f8ed4009250 comp rx=0 tx=0).stop
2024-03-31T16:58:14.717 INFO:teuthology.orchestra.run.smithi162.stdout:/usr/bin/ceph: stderr
2024-03-31T16:58:13.750+0000 7f8ee9a00700 1 -- 172.21.15.162:0/2949730791 shutdown_connections
2024-03-31T16:58:14.717 INFO:teuthology.orchestra.run.smithi162.stdout:/usr/bin/ceph: stderr
2024-03-31T16:58:13.750+0000 7f8ee9a00700 1 --2- 172.21.15.162:0/2949730791 >> [v2:172.21.15.162:3300/0,v1:172.21.15.162:6789/0] conn(0x7f8ee4077ab0 0x7f8ee4076100 unknown :-1 s=CLOSED pgs=69 cs=0 l=1 rev1=1 crypto rx=0 tx=0 comp rx=0 tx=0).stop
2024-03-31T16:58:14.717 INFO:teuthology.orchestra.run.smithi162.stdout:/usr/bin/ceph: stderr
2024-03-31T16:58:13.750+0000 7f8ee9a00700 1 -- 172.21.15.162:0/2949730791 >> 172.21.15.162:0/2949730791 conn(0x7f8ee40fe090 msgr2=0x7f8ee4100500 unknown :-1 s=STATE_NONE l=0).mark_down
2024-03-31T16:58:14.717 INFO:teuthology.orchestra.run.smithi162.stdout:/usr/bin/ceph: stderr
2024-03-31T16:58:13.750+0000 7f8ee9a00700 1 -- 172.21.15.162:0/2949730791 shutdown_connections
2024-03-31T16:58:14.717 INFO:teuthology.orchestra.run.smithi162.stdout:/usr/bin/ceph: stderr
2024-03-31T16:58:13.750+0000 7f8ee9a00700 1 -- 172.21.15.162:0/2949730791 wait complete.
2024-03-31T16:58:14.717 INFO:teuthology.orchestra.run.smithi162.stdout:/usr/bin/ceph: stderr
2024-03-31T16:58:13.751+0000 7f8ee9a00700 1 Processor -- start
2024-03-31T16:58:14.717 INFO:teuthology.orchestra.run.smithi162.stdout:/usr/bin/ceph: stderr
2024-03-31T16:58:13.751+0000 7f8ee9a00700 1 -- start start
2024-03-31T16:58:14.717 INFO:teuthology.orchestra.run.smithi162.stdout:/usr/bin/ceph: stderr
2024-03-31T16:58:13.751+0000 7f8ee9a00700 1 --2- >> [v2:172.21.15.162:3300/0,v1:172.21.15.162:6789/0] conn(0x7f8ee4077ab0 0x7f8ee4113990 unknown :-1 s=NONE pgs=0 cs=0 l=1 rev1=0 crypto rx=0 tx=0 comp rx=0 tx=0).connect
2024-03-31T16:58:14.717 INFO:teuthology.orchestra.run.smithi162.stdout:/usr/bin/ceph: stderr
2024-03-31T16:58:13.751+0000 7f8ee9a00700 1 -- --> [v2:172.21.15.162:3300/0,v1:172.21.15.162:6789/0] -- mon_getmap magic: 0 v1 -- 0x7f8ee4113ed0 con 0x7f8ee4077ab0
2024-03-31T16:58:14.717 INFO:teuthology.orchestra.run.smithi162.stdout:/usr/bin/ceph: stderr
2024-03-31T16:58:13.752+0000 7f8ee2a00700 1 --2- >> [v2:172.21.15.162:3300/0,v1:172.21.15.162:6789/0] conn(0x7f8ee4077ab0 0x7f8ee4113990 unknown :-1 s=BANNER_CONNECTING pgs=0 cs=0 l=1 rev1=0 crypto rx=0 tx=0 comp rx=0 tx=0)._handle_peer_banner_payload supported=3 required=0
2024-03-31T16:58:14.717 INFO:teuthology.orchestra.run.smithi162.stdout:/usr/bin/ceph: stderr
2024-03-31T16:58:13.752+0000 7f8ee2a00700 1 --2- >> [v2:172.21.15.162:3300/0,v1:172.21.15.162:6789/0] conn(0x7f8ee4077ab0 0x7f8ee4113990 unknown :-1 s=HELLO_CONNECTING pgs=0 cs=0 l=1 rev1=1 crypto rx=0 tx=0 comp rx=0 tx=0).handle_hello peer v2:172.21.15.162:3300/0 says I am v2:172.21.15.162:53272/0 (socket says 172.21.15.162:53272)
2024-03-31T16:58:14.717 INFO:teuthology.orchestra.run.smithi162.stdout:/usr/bin/ceph: stderr
2024-03-31T16:58:13.752+0000 7f8ee2a00700 1 -- 172.21.15.162:0/3029040026 learned_addr learned my addr 172.21.15.162:0/3029040026 (peer_addr_for_me v2:172.21.15.162:0/0)
2024-03-31T16:58:14.717 INFO:teuthology.orchestra.run.smithi162.stdout:/usr/bin/ceph: stderr
2024-03-31T16:58:13.752+0000 7f8ee2a00700 1 -- 172.21.15.162:0/3029040026 --> [v2:172.21.15.162:3300/0,v1:172.21.15.162:6789/0] -- mon_subscribe({config=0+,monmap=0+}) v3 -- 0x7f8ed40094f0 con 0x7f8ee4077ab0
2024-03-31T16:58:14.717 INFO:teuthology.orchestra.run.smithi162.stdout:/usr/bin/ceph: stderr
2024-03-31T16:58:13.752+0000 7f8ee2a00700 1 --2- 172.21.15.162:0/3029040026 >> [v2:172.21.15.162:3300/0,v1:172.21.15.162:6789/0] conn(0x7f8ee4077ab0 0x7f8ee4113990 secure :-1 s=READY pgs=70 cs=0 l=1 rev1=1 crypto rx=0x7f8ed40105b0 tx=0x7f8ed4009250 comp rx=0 tx=0).ready entity=mon.0 client_cookie=0 server_cookie=0 in_seq=0 out_seq=0
2024-03-31T16:58:14.718 INFO:teuthology.orchestra.run.smithi162.stdout:/usr/bin/ceph: stderr
2024-03-31T16:58:13.753+0000 7f8edaa00700 1 -- 172.21.15.162:0/3029040026 <== mon.0 v2:172.21.15.162:3300/0 1 ==== mon_map magic: 0 v1 ==== 229+0+0 (secure 0 0 0) 0x7f8ed4010840 con 0x7f8ee4077ab0
2024-03-31T16:58:14.718 INFO:teuthology.orchestra.run.smithi162.stdout:/usr/bin/ceph: stderr
2024-03-31T16:58:13.753+0000 7f8edaa00700 1 -- 172.21.15.162:0/3029040026 <== mon.0 v2:172.21.15.162:3300/0 2 ==== config(27 keys) v1 ==== 1109+0+0 (secure 0 0 0) 0x7f8ed4010e70 con 0x7f8ee4077ab0
2024-03-31T16:58:14.718 INFO:teuthology.orchestra.run.smithi162.stdout:/usr/bin/ceph: stderr
2024-03-31T16:58:13.753+0000 7f8edaa00700 1 -- 172.21.15.162:0/3029040026 <== mon.0 v2:172.21.15.162:3300/0 3 ==== mon_map magic: 0 v1 ==== 229+0+0 (secure 0 0 0) 0x7f8ed401ae30 con 0x7f8ee4077ab0
2024-03-31T16:58:14.718 INFO:teuthology.orchestra.run.smithi162.stdout:/usr/bin/ceph: stderr
2024-03-31T16:58:13.753+0000 7f8ee9a00700 1 -- 172.21.15.162:0/3029040026 --> [v2:172.21.15.162:3300/0,v1:172.21.15.162:6789/0] -- mon_subscribe({mgrmap=0+}) v3 -- 0x7f8ee41140d0 con 0x7f8ee4077ab0
2024-03-31T16:58:14.718 INFO:teuthology.orchestra.run.smithi162.stdout:/usr/bin/ceph: stderr
2024-03-31T16:58:13.753+0000 7f8ee9a00700 1 -- 172.21.15.162:0/3029040026 --> [v2:172.21.15.162:3300/0,v1:172.21.15.162:6789/0] -- mon_subscribe({osdmap=0}) v3 -- 0x7f8ee4114c40 con 0x7f8ee4077ab0
2024-03-31T16:58:14.718 INFO:teuthology.orchestra.run.smithi162.stdout:/usr/bin/ceph: stderr
2024-03-31T16:58:13.754+0000 7f8edaa00700 1 -- 172.21.15.162:0/3029040026 <== mon.0 v2:172.21.15.162:3300/0 4 ==== mgrmap(e 9) v1 ==== 43381+0+0 (secure 0 0 0) 0x7f8ed401a430 con 0x7f8ee4077ab0
2024-03-31T16:58:14.718 INFO:teuthology.orchestra.run.smithi162.stdout:/usr/bin/ceph: stderr
2024-03-31T16:58:13.754+0000 7f8ee9a00700 1 -- 172.21.15.162:0/3029040026 --> [v2:172.21.15.162:3300/0,v1:172.21.15.162:6789/0] -- mon_command({"prefix": "get_command_descriptions"} v 0) v1 -- 0x7f8ee405f5f0 con 0x7f8ee4077ab0
2024-03-31T16:58:14.718 INFO:teuthology.orchestra.run.smithi162.stdout:/usr/bin/ceph: stderr
2024-03-31T16:58:13.754+0000 7f8edaa00700 1 --2- 172.21.15.162:0/3029040026 >> [v2:172.21.15.162:6800/1739438199,v1:172.21.15.162:6801/1739438199] conn(0x7f8ec8036830 0x7f8ec8038ce0 unknown :-1 s=NONE pgs=0 cs=0 l=1 rev1=0 crypto rx=0 tx=0 comp rx=0 tx=0).connect
2024-03-31T16:58:14.718 INFO:teuthology.orchestra.run.smithi162.stdout:/usr/bin/ceph: stderr
2024-03-31T16:58:13.754+0000 7f8edaa00700 1 -- 172.21.15.162:0/3029040026 <== mon.0 v2:172.21.15.162:3300/0 5 ==== osd_map(2..2 src has 1..2) v4 ==== 936+0+0 (secure 0 0 0) 0x7f8ed404a290 con 0x7f8ee4077ab0
2024-03-31T16:58:14.718 INFO:teuthology.orchestra.run.smithi162.stdout:/usr/bin/ceph: stderr
2024-03-31T16:58:13.754+0000 7f8ee2000700 1 -- 172.21.15.162:0/3029040026 >> [v2:172.21.15.162:6800/1739438199,v1:172.21.15.162:6801/1739438199] conn(0x7f8ec8036830 msgr2=0x7f8ec8038ce0 unknown :-1 s=STATE_CONNECTING_RE l=1).process reconnect failed to v2:172.21.15.162:6800/1739438199
2024-03-31T16:58:14.718 INFO:teuthology.orchestra.run.smithi162.stdout:/usr/bin/ceph: stderr
2024-03-31T16:58:13.754+0000 7f8ee2000700 1 --2- 172.21.15.162:0/3029040026 >> [v2:172.21.15.162:6800/1739438199,v1:172.21.15.162:6801/1739438199] conn(0x7f8ec8036830 0x7f8ec8038ce0 unknown :-1 s=START_CONNECT pgs=0 cs=0 l=1 rev1=0 crypto rx=0 tx=0 comp rx=0 tx=0)._fault waiting 0.200000
2024-03-31T16:58:14.718 INFO:teuthology.orchestra.run.smithi162.stdout:/usr/bin/ceph: stderr
2024-03-31T16:58:13.759+0000 7f8edaa00700 1 -- 172.21.15.162:0/3029040026 <== mon.0 v2:172.21.15.162:3300/0 6 ==== mon_command_ack([{"prefix": "get_command_descriptions"}]=0 v0) v1 ==== 72+0+176504 (secure 0 0 0) 0x7f8ed402b8c0 con 0x7f8ee4077ab0
2024-03-31T16:58:14.718 INFO:teuthology.orchestra.run.smithi162.stdout:/usr/bin/ceph: stderr
2024-03-31T16:58:13.955+0000 7f8ee2000700 1 -- 172.21.15.162:0/3029040026 >> [v2:172.21.15.162:6800/1739438199,v1:172.21.15.162:6801/1739438199] conn(0x7f8ec8036830 msgr2=0x7f8ec8038ce0 unknown :-1 s=STATE_CONNECTING_RE l=1).process reconnect failed to v2:172.21.15.162:6800/1739438199
2024-03-31T16:58:14.718 INFO:teuthology.orchestra.run.smithi162.stdout:/usr/bin/ceph: stderr
2024-03-31T16:58:13.955+0000 7f8ee2000700 1 --2- 172.21.15.162:0/3029040026 >> [v2:172.21.15.162:6800/1739438199,v1:172.21.15.162:6801/1739438199] conn(0x7f8ec8036830 0x7f8ec8038ce0 unknown :-1 s=START_CONNECT pgs=0 cs=0 l=1 rev1=0 crypto rx=0 tx=0 comp rx=0 tx=0)._fault waiting 0.400000
2024-03-31T16:58:14.719 INFO:teuthology.orchestra.run.smithi162.stdout:/usr/bin/ceph: stderr
2024-03-31T16:58:14.025+0000 7f8ee9a00700 1 -- 172.21.15.162:0/3029040026 --> [v2:172.21.15.162:3300/0,v1:172.21.15.162:6789/0] -- mon_command({"prefix": "mgr stat"} v 0) v1 -- 0x7f8ee4114f80 con 0x7f8ee4077ab0
2024-03-31T16:58:14.719 INFO:teuthology.orchestra.run.smithi162.stdout:/usr/bin/ceph: stderr
2024-03-31T16:58:14.026+0000 7f8edaa00700 1 -- 172.21.15.162:0/3029040026 <== mon.0 v2:172.21.15.162:3300/0 7 ==== mon_command_ack([{"prefix": "mgr stat"}]=0 v9) v1 ==== 56+0+103 (secure 0 0 0) 0x7f8ed402b2f0 con 0x7f8ee4077ab0
2024-03-31T16:58:14.719 INFO:teuthology.orchestra.run.smithi162.stdout:/usr/bin/ceph: stderr
2024-03-31T16:58:14.029+0000 7f8ee9a00700 1 -- 172.21.15.162:0/3029040026 >> [v2:172.21.15.162:6800/1739438199,v1:172.21.15.162:6801/1739438199] conn(0x7f8ec8036830 msgr2=0x7f8ec8038ce0 unknown :-1 s=STATE_CONNECTING l=1).mark_down
2024-03-31T16:58:14.719 INFO:teuthology.orchestra.run.smithi162.stdout:/usr/bin/ceph: stderr
2024-03-31T16:58:14.029+0000 7f8ee9a00700 1 --2- 172.21.15.162:0/3029040026 >> [v2:172.21.15.162:6800/1739438199,v1:172.21.15.162:6801/1739438199] conn(0x7f8ec8036830 0x7f8ec8038ce0 unknown :-1 s=START_CONNECT pgs=0 cs=0 l=1 rev1=0 crypto rx=0 tx=0 comp rx=0 tx=0).stop
2024-03-31T16:58:14.719 INFO:teuthology.orchestra.run.smithi162.stdout:/usr/bin/ceph: stderr
2024-03-31T16:58:14.029+0000 7f8ee9a00700 1 -- 172.21.15.162:0/3029040026 >> [v2:172.21.15.162:3300/0,v1:172.21.15.162:6789/0] conn(0x7f8ee4077ab0 msgr2=0x7f8ee4113990 secure :-1 s=STATE_CONNECTION_ESTABLISHED l=1).mark_down
2024-03-31T16:58:14.719 INFO:teuthology.orchestra.run.smithi162.stdout:/usr/bin/ceph: stderr
2024-03-31T16:58:14.029+0000 7f8ee9a00700 1 --2- 172.21.15.162:0/3029040026 >> [v2:172.21.15.162:3300/0,v1:172.21.15.162:6789/0] conn(0x7f8ee4077ab0 0x7f8ee4113990 secure :-1 s=READY pgs=70 cs=0 l=1 rev1=1 crypto rx=0x7f8ed40105b0 tx=0x7f8ed4009250 comp rx=0 tx=0).stop
2024-03-31T16:58:14.719 INFO:teuthology.orchestra.run.smithi162.stdout:/usr/bin/ceph: stderr
2024-03-31T16:58:14.029+0000 7f8ee9a00700 1 -- 172.21.15.162:0/3029040026 shutdown_connections
2024-03-31T16:58:14.719 INFO:teuthology.orchestra.run.smithi162.stdout:/usr/bin/ceph: stderr
2024-03-31T16:58:14.029+0000 7f8ee9a00700 1 --2- 172.21.15.162:0/3029040026 >> [v2:172.21.15.162:6800/1739438199,v1:172.21.15.162:6801/1739438199] conn(0x7f8ec8036830 0x7f8ec8038ce0 unknown :-1 s=CLOSED pgs=0 cs=0 l=1 rev1=0 crypto rx=0 tx=0 comp rx=0 tx=0).stop
2024-03-31T16:58:14.719 INFO:teuthology.orchestra.run.smithi162.stdout:/usr/bin/ceph: stderr
2024-03-31T16:58:14.029+0000 7f8ee9a00700 1 --2- 172.21.15.162:0/3029040026 >> [v2:172.21.15.162:3300/0,v1:172.21.15.162:6789/0] conn(0x7f8ee4077ab0 0x7f8ee4113990 unknown :-1 s=CLOSED pgs=70 cs=0 l=1 rev1=1 crypto rx=0 tx=0 comp rx=0 tx=0).stop
2024-03-31T16:58:14.719 INFO:teuthology.orchestra.run.smithi162.stdout:/usr/bin/ceph: stderr
2024-03-31T16:58:14.029+0000 7f8ee9a00700 1 -- 172.21.15.162:0/3029040026 >> 172.21.15.162:0/3029040026 conn(0x7f8ee40fe090 msgr2=0x7f8ee40fecf0 unknown :-1 s=STATE_NONE l=0).mark_down
2024-03-31T16:58:14.719 INFO:teuthology.orchestra.run.smithi162.stdout:/usr/bin/ceph: stderr
2024-03-31T16:58:14.029+0000 7f8ee9a00700 1 -- 172.21.15.162:0/3029040026 shutdown_connections
2024-03-31T16:58:14.719 INFO:teuthology.orchestra.run.smithi162.stdout:/usr/bin/ceph: stderr
2024-03-31T16:58:14.029+0000 7f8ee9a00700 1 -- 172.21.15.162:0/3029040026 wait complete.
2024-03-31T16:58:14.719 INFO:teuthology.orchestra.run.smithi162.stdout:Waiting for the mgr to restart...
2024-03-31T16:58:14.719 INFO:teuthology.orchestra.run.smithi162.stdout:Waiting for mgr epoch 9...
2024-03-31T16:58:21.148 INFO:journalctl@ceph.mon.smithi162.smithi162.stdout:Mar 31 16:58:20 smithi162 ceph-mon[28943]: Active manager daemon smithi162.bfrbav restarted
2024-03-31T16:58:21.148 INFO:journalctl@ceph.mon.smithi162.smithi162.stdout:Mar 31 16:58:20 smithi162 ceph-mon[28943]: Activating manager daemon smithi162.bfrbav
2024-03-31T16:58:21.148 INFO:journalctl@ceph.mon.smithi162.smithi162.stdout:Mar 31 16:58:20 smithi162 ceph-mon[28943]: osdmap e3: 0 total, 0 up, 0 in
2024-03-31T16:58:21.148 INFO:journalctl@ceph.mon.smithi162.smithi162.stdout:Mar 31 16:58:20 smithi162 ceph-mon[28943]: mgrmap e10: smithi162.bfrbav(active, starting, since 0.00636473s)
2024-03-31T16:58:21.148 INFO:journalctl@ceph.mon.smithi162.smithi162.stdout:Mar 31 16:58:20 smithi162 ceph-mon[28943]: from='mgr.14162 172.21.15.162:0/759115171' entity='mgr.smithi162.bfrbav' cmd=[{"prefix": "mon metadata", "id": "smithi162"}]: dispatch
2024-03-31T16:58:21.148 INFO:journalctl@ceph.mon.smithi162.smithi162.stdout:Mar 31 16:58:20 smithi162 ceph-mon[28943]: from='mgr.14162 172.21.15.162:0/759115171' entity='mgr.smithi162.bfrbav' cmd=[{"prefix": "mgr metadata", "who": "smithi162.bfrbav", "id": "smithi162.bfrbav"}]: dispatch
2024-03-31T16:58:21.148 INFO:journalctl@ceph.mon.smithi162.smithi162.stdout:Mar 31 16:58:20 smithi162 ceph-mon[28943]: from='mgr.14162 172.21.15.162:0/759115171' entity='mgr.smithi162.bfrbav' cmd=[{"prefix": "mds metadata"}]: dispatch
2024-03-31T16:58:21.148 INFO:journalctl@ceph.mon.smithi162.smithi162.stdout:Mar 31 16:58:20 smithi162 ceph-mon[28943]: from='mgr.14162 172.21.15.162:0/759115171' entity='mgr.smithi162.bfrbav' cmd=[{"prefix": "osd metadata"}]: dispatch
2024-03-31T16:58:21.148 INFO:journalctl@ceph.mon.smithi162.smithi162.stdout:Mar 31 16:58:20 smithi162 ceph-mon[28943]: from='mgr.14162 172.21.15.162:0/759115171' entity='mgr.smithi162.bfrbav' cmd=[{"prefix": "mon metadata"}]: dispatch
2024-03-31T16:58:21.149 INFO:journalctl@ceph.mon.smithi162.smithi162.stdout:Mar 31 16:58:20 smithi162 ceph-mon[28943]: Manager daemon smithi162.bfrbav is now available
2024-03-31T16:58:21.149 INFO:journalctl@ceph.mon.smithi162.smithi162.stdout:Mar 31 16:58:20 smithi162 ceph-mon[28943]: from='mgr.14162 172.21.15.162:0/759115171' entity='mgr.smithi162.bfrbav' cmd=[{"prefix": "config dump", "format": "json"}]: dispatch
2024-03-31T16:58:21.149 INFO:journalctl@ceph.mon.smithi162.smithi162.stdout:Mar 31 16:58:20 smithi162 ceph-mon[28943]: from='mgr.14162 172.21.15.162:0/759115171' entity='mgr.smithi162.bfrbav' cmd=[{"prefix": "config dump", "format": "json"}]: dispatch
2024-03-31T16:58:22.148 INFO:journalctl@ceph.mon.smithi162.smithi162.stdout:Mar 31 16:58:21 smithi162 ceph-mon[28943]: from='mgr.14162 172.21.15.162:0/759115171' entity='mgr.smithi162.bfrbav' cmd=[{"prefix":"config rm","who":"mgr","name":"mgr/rbd_support/smithi162.bfrbav/mirror_snapshot_schedule"}]: dispatch
2024-03-31T16:58:22.148 INFO:journalctl@ceph.mon.smithi162.smithi162.stdout:Mar 31 16:58:21 smithi162 ceph-mon[28943]: from='mgr.14162 172.21.15.162:0/759115171' entity='mgr.smithi162.bfrbav' cmd=[{"prefix":"config rm","who":"mgr","name":"mgr/rbd_support/smithi162.bfrbav/trash_purge_schedule"}]: dispatch
2024-03-31T16:58:22.148 INFO:journalctl@ceph.mon.smithi162.smithi162.stdout:Mar 31 16:58:21 smithi162 ceph-mon[28943]: mgrmap e11: smithi162.bfrbav(active, since 1.01627s)
2024-03-31T16:58:23.134 INFO:teuthology.orchestra.run.smithi162.stdout:/usr/bin/ceph: stdout {
2024-03-31T16:58:23.136 INFO:teuthology.orchestra.run.smithi162.stdout:/usr/bin/ceph: stdout "mgrmap_epoch": 11,
2024-03-31T16:58:23.136 INFO:teuthology.orchestra.run.smithi162.stdout:/usr/bin/ceph: stdout "initialized": true
2024-03-31T16:58:23.136 INFO:teuthology.orchestra.run.smithi162.stdout:/usr/bin/ceph: stdout }
2024-03-31T16:58:23.136 INFO:teuthology.orchestra.run.smithi162.stdout:/usr/bin/ceph: stderr
2024-03-31T16:58:15.318+0000 7fc033e00700 1 Processor -- start
2024-03-31T16:58:23.136 INFO:teuthology.orchestra.run.smithi162.stdout:/usr/bin/ceph: stderr
2024-03-31T16:58:15.318+0000 7fc033e00700 1 -- start start
2024-03-31T16:58:23.136 INFO:teuthology.orchestra.run.smithi162.stdout:/usr/bin/ceph: stderr
2024-03-31T16:58:15.318+0000 7fc033e00700 1 --2- >> [v2:172.21.15.162:3300/0,v1:172.21.15.162:6789/0] conn(0x7fc02c077ad0 0x7fc02c076120 unknown :-1 s=NONE pgs=0 cs=0 l=0 rev1=0 crypto rx=0 tx=0 comp rx=0 tx=0).connect
2024-03-31T16:58:23.136 INFO:teuthology.orchestra.run.smithi162.stdout:/usr/bin/ceph: stderr
2024-03-31T16:58:15.318+0000 7fc033e00700 1 -- --> [v2:172.21.15.162:3300/0,v1:172.21.15.162:6789/0] -- mon_getmap magic: 0 v1 -- 0x7fc02c077ee0 con 0x7fc02c077ad0
2024-03-31T16:58:23.136 INFO:teuthology.orchestra.run.smithi162.stdout:/usr/bin/ceph: stderr
2024-03-31T16:58:15.319+0000 7fc031400700 1 --2- >> [v2:172.21.15.162:3300/0,v1:172.21.15.162:6789/0] conn(0x7fc02c077ad0 0x7fc02c076120 unknown :-1 s=BANNER_CONNECTING pgs=0 cs=0 l=0 rev1=0 crypto rx=0 tx=0 comp rx=0 tx=0)._handle_peer_banner_payload supported=3 required=0
2024-03-31T16:58:23.142 INFO:teuthology.orchestra.run.smithi162.stdout:/usr/bin/ceph: stderr
2024-03-31T16:58:15.319+0000 7fc031400700 1 --2- >> [v2:172.21.15.162:3300/0,v1:172.21.15.162:6789/0] conn(0x7fc02c077ad0 0x7fc02c076120 unknown :-1 s=HELLO_CONNECTING pgs=0 cs=0 l=0 rev1=1 crypto rx=0 tx=0 comp rx=0 tx=0).handle_hello peer v2:172.21.15.162:3300/0 says I am v2:172.21.15.162:53284/0 (socket says 172.21.15.162:53284)
2024-03-31T16:58:23.143 INFO:teuthology.orchestra.run.smithi162.stdout:/usr/bin/ceph: stderr
2024-03-31T16:58:15.319+0000 7fc031400700 1 -- 172.21.15.162:0/1698563105 learned_addr learned my addr 172.21.15.162:0/1698563105 (peer_addr_for_me v2:172.21.15.162:0/0)
2024-03-31T16:58:23.143 INFO:teuthology.orchestra.run.smithi162.stdout:/usr/bin/ceph: stderr
2024-03-31T16:58:15.319+0000 7fc031400700 1 -- 172.21.15.162:0/1698563105 --> [v2:172.21.15.162:3300/0,v1:172.21.15.162:6789/0] -- mon_subscribe({config=0+,monmap=0+}) v3 -- 0x7fc02c078020 con 0x7fc02c077ad0
2024-03-31T16:58:23.143 INFO:teuthology.orchestra.run.smithi162.stdout:/usr/bin/ceph: stderr
2024-03-31T16:58:15.320+0000 7fc031400700 1 --2- 172.21.15.162:0/1698563105 >> [v2:172.21.15.162:3300/0,v1:172.21.15.162:6789/0] conn(0x7fc02c077ad0 0x7fc02c076120 secure :-1 s=READY pgs=71 cs=0 l=1 rev1=1 crypto rx=0x7fc0200098e0 tx=0x7fc020009250 comp rx=0 tx=0).ready entity=mon.0 client_cookie=63ef814af2666f6f server_cookie=0 in_seq=0 out_seq=0
2024-03-31T16:58:23.143 INFO:teuthology.orchestra.run.smithi162.stdout:/usr/bin/ceph: stderr
2024-03-31T16:58:15.320+0000 7fc02be00700 1 -- 172.21.15.162:0/1698563105 <== mon.0 v2:172.21.15.162:3300/0 1 ==== mon_map magic: 0 v1 ==== 229+0+0 (secure 0 0 0) 0x7fc02000b860 con 0x7fc02c077ad0
2024-03-31T16:58:23.143 INFO:teuthology.orchestra.run.smithi162.stdout:/usr/bin/ceph: stderr
2024-03-31T16:58:15.320+0000 7fc02be00700 1 -- 172.21.15.162:0/1698563105 <== mon.0 v2:172.21.15.162:3300/0 2 ==== config(27 keys) v1 ==== 1109+0+0 (secure 0 0 0) 0x7fc02000be90 con 0x7fc02c077ad0
2024-03-31T16:58:23.143 INFO:teuthology.orchestra.run.smithi162.stdout:/usr/bin/ceph: stderr
2024-03-31T16:58:15.320+0000 7fc02be00700 1 -- 172.21.15.162:0/1698563105 <== mon.0 v2:172.21.15.162:3300/0 3 ==== mon_map magic: 0 v1 ==== 229+0+0 (secure 0 0 0) 0x7fc0200103c0 con 0x7fc02c077ad0
2024-03-31T16:58:23.143 INFO:teuthology.orchestra.run.smithi162.stdout:/usr/bin/ceph: stderr
2024-03-31T16:58:15.321+0000 7fc033e00700 1 -- 172.21.15.162:0/1698563105 >> [v2:172.21.15.162:3300/0,v1:172.21.15.162:6789/0] conn(0x7fc02c077ad0 msgr2=0x7fc02c076120 secure :-1 s=STATE_CONNECTION_ESTABLISHED l=1).mark_down
2024-03-31T16:58:23.143 INFO:teuthology.orchestra.run.smithi162.stdout:/usr/bin/ceph: stderr
2024-03-31T16:58:15.321+0000 7fc033e00700 1 --2- 172.21.15.162:0/1698563105 >> [v2:172.21.15.162:3300/0,v1:172.21.15.162:6789/0] conn(0x7fc02c077ad0 0x7fc02c076120 secure :-1 s=READY pgs=71 cs=0 l=1 rev1=1 crypto rx=0x7fc0200098e0 tx=0x7fc020009250 comp rx=0 tx=0).stop
2024-03-31T16:58:23.143 INFO:teuthology.orchestra.run.smithi162.stdout:/usr/bin/ceph: stderr
2024-03-31T16:58:15.321+0000 7fc033e00700 1 -- 172.21.15.162:0/1698563105 shutdown_connections
2024-03-31T16:58:23.143 INFO:teuthology.orchestra.run.smithi162.stdout:/usr/bin/ceph: stderr
2024-03-31T16:58:15.321+0000 7fc033e00700 1 --2- 172.21.15.162:0/1698563105 >> [v2:172.21.15.162:3300/0,v1:172.21.15.162:6789/0] conn(0x7fc02c077ad0 0x7fc02c076120 unknown :-1 s=CLOSED pgs=71 cs=0 l=1 rev1=1 crypto rx=0 tx=0 comp rx=0 tx=0).stop
2024-03-31T16:58:23.143 INFO:teuthology.orchestra.run.smithi162.stdout:/usr/bin/ceph: stderr
2024-03-31T16:58:15.321+0000 7fc033e00700 1 -- 172.21.15.162:0/1698563105 >> 172.21.15.162:0/1698563105 conn(0x7fc02c0fe090 msgr2=0x7fc02c100500 unknown :-1 s=STATE_NONE l=0).mark_down
2024-03-31T16:58:23.143 INFO:teuthology.orchestra.run.smithi162.stdout:/usr/bin/ceph: stderr
2024-03-31T16:58:15.321+0000 7fc033e00700 1 -- 172.21.15.162:0/1698563105 shutdown_connections
2024-03-31T16:58:23.143 INFO:teuthology.orchestra.run.smithi162.stdout:/usr/bin/ceph: stderr
2024-03-31T16:58:15.321+0000 7fc033e00700 1 -- 172.21.15.162:0/1698563105 wait complete.
2024-03-31T16:58:23.144 INFO:teuthology.orchestra.run.smithi162.stdout:/usr/bin/ceph: stderr
2024-03-31T16:58:15.322+0000 7fc033e00700 1 Processor -- start
2024-03-31T16:58:23.144 INFO:teuthology.orchestra.run.smithi162.stdout:/usr/bin/ceph: stderr
2024-03-31T16:58:15.322+0000 7fc033e00700 1 -- start start
2024-03-31T16:58:23.144 INFO:teuthology.orchestra.run.smithi162.stdout:/usr/bin/ceph: stderr
2024-03-31T16:58:15.323+0000 7fc033e00700 1 --2- >> [v2:172.21.15.162:3300/0,v1:172.21.15.162:6789/0] conn(0x7fc02c077ad0 0x7fc02c113990 unknown :-1 s=NONE pgs=0 cs=0 l=1 rev1=0 crypto rx=0 tx=0 comp rx=0 tx=0).connect
2024-03-31T16:58:23.144 INFO:teuthology.orchestra.run.smithi162.stdout:/usr/bin/ceph: stderr
2024-03-31T16:58:15.323+0000 7fc033e00700 1 -- --> [v2:172.21.15.162:3300/0,v1:172.21.15.162:6789/0] -- mon_getmap magic: 0 v1 -- 0x7fc02c113ed0 con 0x7fc02c077ad0
2024-03-31T16:58:23.144 INFO:teuthology.orchestra.run.smithi162.stdout:/usr/bin/ceph: stderr
2024-03-31T16:58:15.323+0000 7fc031400700 1 --2- >> [v2:172.21.15.162:3300/0,v1:172.21.15.162:6789/0] conn(0x7fc02c077ad0 0x7fc02c113990 unknown :-1 s=BANNER_CONNECTING pgs=0 cs=0 l=1 rev1=0 crypto rx=0 tx=0 comp rx=0 tx=0)._handle_peer_banner_payload supported=3 required=0
2024-03-31T16:58:23.144 INFO:teuthology.orchestra.run.smithi162.stdout:/usr/bin/ceph: stderr
2024-03-31T16:58:15.323+0000 7fc031400700 1 --2- >> [v2:172.21.15.162:3300/0,v1:172.21.15.162:6789/0] conn(0x7fc02c077ad0 0x7fc02c113990 unknown :-1 s=HELLO_CONNECTING pgs=0 cs=0 l=1 rev1=1 crypto rx=0 tx=0 comp rx=0 tx=0).handle_hello peer v2:172.21.15.162:3300/0 says I am v2:172.21.15.162:53286/0 (socket says 172.21.15.162:53286)
2024-03-31T16:58:23.144 INFO:teuthology.orchestra.run.smithi162.stdout:/usr/bin/ceph: stderr
2024-03-31T16:58:15.323+0000 7fc031400700 1 -- 172.21.15.162:0/1001834911 learned_addr learned my addr 172.21.15.162:0/1001834911 (peer_addr_for_me v2:172.21.15.162:0/0)
2024-03-31T16:58:23.144 INFO:teuthology.orchestra.run.smithi162.stdout:/usr/bin/ceph: stderr
2024-03-31T16:58:15.323+0000 7fc031400700 1 -- 172.21.15.162:0/1001834911 --> [v2:172.21.15.162:3300/0,v1:172.21.15.162:6789/0] -- mon_subscribe({config=0+,monmap=0+}) v3 -- 0x7fc0200094f0 con 0x7fc02c077ad0
2024-03-31T16:58:23.144 INFO:teuthology.orchestra.run.smithi162.stdout:/usr/bin/ceph: stderr
2024-03-31T16:58:15.324+0000 7fc031400700 1 --2- 172.21.15.162:0/1001834911 >> [v2:172.21.15.162:3300/0,v1:172.21.15.162:6789/0] conn(0x7fc02c077ad0 0x7fc02c113990 secure :-1 s=READY pgs=72 cs=0 l=1 rev1=1 crypto rx=0x7fc0200105b0 tx=0x7fc020009250 comp rx=0 tx=0).ready entity=mon.0 client_cookie=0 server_cookie=0 in_seq=0 out_seq=0
2024-03-31T16:58:23.144 INFO:teuthology.orchestra.run.smithi162.stdout:/usr/bin/ceph: stderr
2024-03-31T16:58:15.324+0000 7fc029600700 1 -- 172.21.15.162:0/1001834911 <== mon.0 v2:172.21.15.162:3300/0 1 ==== mon_map magic: 0 v1 ==== 229+0+0 (secure 0 0 0) 0x7fc020010840 con 0x7fc02c077ad0
2024-03-31T16:58:23.144 INFO:teuthology.orchestra.run.smithi162.stdout:/usr/bin/ceph: stderr
2024-03-31T16:58:15.324+0000 7fc029600700 1 -- 172.21.15.162:0/1001834911 <== mon.0 v2:172.21.15.162:3300/0 2 ==== config(27 keys) v1 ==== 1109+0+0 (secure 0 0 0) 0x7fc020010e70 con 0x7fc02c077ad0
2024-03-31T16:58:23.144 INFO:teuthology.orchestra.run.smithi162.stdout:/usr/bin/ceph: stderr
2024-03-31T16:58:15.324+0000 7fc033e00700 1 -- 172.21.15.162:0/1001834911 --> [v2:172.21.15.162:3300/0,v1:172.21.15.162:6789/0] -- mon_subscribe({mgrmap=0+}) v3 -- 0x7fc02c1140d0 con 0x7fc02c077ad0
2024-03-31T16:58:23.144 INFO:teuthology.orchestra.run.smithi162.stdout:/usr/bin/ceph: stderr
2024-03-31T16:58:15.324+0000 7fc029600700 1 -- 172.21.15.162:0/1001834911 <== mon.0 v2:172.21.15.162:3300/0 3 ==== mon_map magic: 0 v1 ==== 229+0+0 (secure 0 0 0) 0x7fc02001ae30 con 0x7fc02c077ad0
2024-03-31T16:58:23.144 INFO:teuthology.orchestra.run.smithi162.stdout:/usr/bin/ceph: stderr
2024-03-31T16:58:15.324+0000 7fc033e00700 1 -- 172.21.15.162:0/1001834911 --> [v2:172.21.15.162:3300/0,v1:172.21.15.162:6789/0] -- mon_subscribe({osdmap=0}) v3 -- 0x7fc02c114c40 con 0x7fc02c077ad0
2024-03-31T16:58:23.145 INFO:teuthology.orchestra.run.smithi162.stdout:/usr/bin/ceph: stderr
2024-03-31T16:58:15.326+0000 7fc029600700 1 -- 172.21.15.162:0/1001834911 <== mon.0 v2:172.21.15.162:3300/0 4 ==== mgrmap(e 9) v1 ==== 43381+0+0 (secure 0 0 0) 0x7fc0200109a0 con 0x7fc02c077ad0
2024-03-31T16:58:23.145 INFO:teuthology.orchestra.run.smithi162.stdout:/usr/bin/ceph: stderr
2024-03-31T16:58:15.326+0000 7fc029600700 1 --2- 172.21.15.162:0/1001834911 >> [v2:172.21.15.162:6800/1739438199,v1:172.21.15.162:6801/1739438199] conn(0x7fc014036830 0x7fc014038ce0 unknown :-1 s=NONE pgs=0 cs=0 l=1 rev1=0 crypto rx=0 tx=0 comp rx=0 tx=0).connect
2024-03-31T16:58:23.145 INFO:teuthology.orchestra.run.smithi162.stdout:/usr/bin/ceph: stderr
2024-03-31T16:58:15.326+0000 7fc029600700 1 -- 172.21.15.162:0/1001834911 --> [v2:172.21.15.162:6800/1739438199,v1:172.21.15.162:6801/1739438199] -- command(tid 0: {"prefix": "get_command_descriptions"}) v1 -- 0x7fc0140393f0 con 0x7fc014036830
2024-03-31T16:58:23.145 INFO:teuthology.orchestra.run.smithi162.stdout:/usr/bin/ceph: stderr
2024-03-31T16:58:15.326+0000 7fc029600700 1 -- 172.21.15.162:0/1001834911 <== mon.0 v2:172.21.15.162:3300/0 5 ==== osd_map(2..2 src has 1..2) v4 ==== 936+0+0 (secure 0 0 0) 0x7fc02004a660 con 0x7fc02c077ad0
2024-03-31T16:58:23.145 INFO:teuthology.orchestra.run.smithi162.stdout:/usr/bin/ceph: stderr
2024-03-31T16:58:15.326+0000 7fc030a00700 1 -- 172.21.15.162:0/1001834911 >> [v2:172.21.15.162:6800/1739438199,v1:172.21.15.162:6801/1739438199] conn(0x7fc014036830 msgr2=0x7fc014038ce0 unknown :-1 s=STATE_CONNECTING_RE l=1).process reconnect failed to v2:172.21.15.162:6800/1739438199
2024-03-31T16:58:23.145 INFO:teuthology.orchestra.run.smithi162.stdout:/usr/bin/ceph: stderr
2024-03-31T16:58:15.327+0000 7fc030a00700 1 --2- 172.21.15.162:0/1001834911 >> [v2:172.21.15.162:6800/1739438199,v1:172.21.15.162:6801/1739438199] conn(0x7fc014036830 0x7fc014038ce0 unknown :-1 s=START_CONNECT pgs=0 cs=0 l=1 rev1=0 crypto rx=0 tx=0 comp rx=0 tx=0)._fault waiting 0.200000
2024-03-31T16:58:23.145 INFO:teuthology.orchestra.run.smithi162.stdout:/usr/bin/ceph: stderr
2024-03-31T16:58:15.528+0000 7fc030a00700 1 -- 172.21.15.162:0/1001834911 >> [v2:172.21.15.162:6800/1739438199,v1:172.21.15.162:6801/1739438199] conn(0x7fc014036830 msgr2=0x7fc014038ce0 unknown :-1 s=STATE_CONNECTING_RE l=1).process reconnect failed to v2:172.21.15.162:6800/1739438199
2024-03-31T16:58:23.145 INFO:teuthology.orchestra.run.smithi162.stdout:/usr/bin/ceph: stderr
2024-03-31T16:58:15.528+0000 7fc030a00700 1 --2- 172.21.15.162:0/1001834911 >> [v2:172.21.15.162:6800/1739438199,v1:172.21.15.162:6801/1739438199] conn(0x7fc014036830 0x7fc014038ce0 unknown :-1 s=START_CONNECT pgs=0 cs=0 l=1 rev1=0 crypto rx=0 tx=0 comp rx=0 tx=0)._fault waiting 0.400000
2024-03-31T16:58:23.145 INFO:teuthology.orchestra.run.smithi162.stdout:/usr/bin/ceph: stderr
2024-03-31T16:58:15.929+0000 7fc030a00700 1 -- 172.21.15.162:0/1001834911 >> [v2:172.21.15.162:6800/1739438199,v1:172.21.15.162:6801/1739438199] conn(0x7fc014036830 msgr2=0x7fc014038ce0 unknown :-1 s=STATE_CONNECTING_RE l=1).process reconnect failed to v2:172.21.15.162:6800/1739438199
2024-03-31T16:58:23.145 INFO:teuthology.orchestra.run.smithi162.stdout:/usr/bin/ceph: stderr
2024-03-31T16:58:15.929+0000 7fc030a00700 1 --2- 172.21.15.162:0/1001834911 >> [v2:172.21.15.162:6800/1739438199,v1:172.21.15.162:6801/1739438199] conn(0x7fc014036830 0x7fc014038ce0 unknown :-1 s=START_CONNECT pgs=0 cs=0 l=1 rev1=0 crypto rx=0 tx=0 comp rx=0 tx=0)._fault waiting 0.800000
2024-03-31T16:58:23.145 INFO:teuthology.orchestra.run.smithi162.stdout:/usr/bin/ceph: stderr
2024-03-31T16:58:16.730+0000 7fc030a00700 1 -- 172.21.15.162:0/1001834911 >> [v2:172.21.15.162:6800/1739438199,v1:172.21.15.162:6801/1739438199] conn(0x7fc014036830 msgr2=0x7fc014038ce0 unknown :-1 s=STATE_CONNECTING_RE l=1).process reconnect failed to v2:172.21.15.162:6800/1739438199
2024-03-31T16:58:23.145 INFO:teuthology.orchestra.run.smithi162.stdout:/usr/bin/ceph: stderr
2024-03-31T16:58:16.730+0000 7fc030a00700 1 --2- 172.21.15.162:0/1001834911 >> [v2:172.21.15.162:6800/1739438199,v1:172.21.15.162:6801/1739438199] conn(0x7fc014036830 0x7fc014038ce0 unknown :-1 s=START_CONNECT pgs=0 cs=0 l=1 rev1=0 crypto rx=0 tx=0 comp rx=0 tx=0)._fault waiting 1.600000
2024-03-31T16:58:23.145 INFO:teuthology.orchestra.run.smithi162.stdout:/usr/bin/ceph: stderr
2024-03-31T16:58:18.332+0000 7fc030a00700 1 -- 172.21.15.162:0/1001834911 >> [v2:172.21.15.162:6800/1739438199,v1:172.21.15.162:6801/1739438199] conn(0x7fc014036830 msgr2=0x7fc014038ce0 unknown :-1 s=STATE_CONNECTING_RE l=1).process reconnect failed to v2:172.21.15.162:6800/1739438199
2024-03-31T16:58:23.145 INFO:teuthology.orchestra.run.smithi162.stdout:/usr/bin/ceph: stderr
2024-03-31T16:58:18.332+0000 7fc030a00700 1 --2- 172.21.15.162:0/1001834911 >> [v2:172.21.15.162:6800/1739438199,v1:172.21.15.162:6801/1739438199] conn(0x7fc014036830 0x7fc014038ce0 unknown :-1 s=START_CONNECT pgs=0 cs=0 l=1 rev1=0 crypto rx=0 tx=0 comp rx=0 tx=0)._fault waiting 3.200000
2024-03-31T16:58:23.145 INFO:teuthology.orchestra.run.smithi162.stdout:/usr/bin/ceph: stderr
2024-03-31T16:58:20.863+0000 7fc029600700 1 -- 172.21.15.162:0/1001834911 <== mon.0 v2:172.21.15.162:3300/0 6 ==== mgrmap(e 10) v1 ==== 43148+0+0 (secure 0 0 0) 0x7fc02002cd80 con 0x7fc02c077ad0
2024-03-31T16:58:23.146 INFO:teuthology.orchestra.run.smithi162.stdout:/usr/bin/ceph: stderr
2024-03-31T16:58:20.864+0000 7fc029600700 1 -- 172.21.15.162:0/1001834911 >> [v2:172.21.15.162:6800/1739438199,v1:172.21.15.162:6801/1739438199] conn(0x7fc014036830 msgr2=0x7fc014038ce0 unknown :-1 s=STATE_CONNECTING l=1).mark_down
2024-03-31T16:58:23.146 INFO:teuthology.orchestra.run.smithi162.stdout:/usr/bin/ceph: stderr
2024-03-31T16:58:20.864+0000 7fc029600700 1 --2- 172.21.15.162:0/1001834911 >> [v2:172.21.15.162:6800/1739438199,v1:172.21.15.162:6801/1739438199] conn(0x7fc014036830 0x7fc014038ce0 unknown :-1 s=START_CONNECT pgs=0 cs=0 l=1 rev1=0 crypto rx=0 tx=0 comp rx=0 tx=0).stop
2024-03-31T16:58:23.146 INFO:teuthology.orchestra.run.smithi162.stdout:/usr/bin/ceph: stderr
2024-03-31T16:58:21.870+0000 7fc029600700 1 -- 172.21.15.162:0/1001834911 <== mon.0 v2:172.21.15.162:3300/0 7 ==== mgrmap(e 11) v1 ==== 43275+0+0 (secure 0 0 0) 0x7fc020021d40 con 0x7fc02c077ad0
2024-03-31T16:58:23.146 INFO:teuthology.orchestra.run.smithi162.stdout:/usr/bin/ceph: stderr
2024-03-31T16:58:21.871+0000 7fc029600700 1 --2- 172.21.15.162:0/1001834911 >> [v2:172.21.15.162:6800/894145142,v1:172.21.15.162:6801/894145142] conn(0x7fc01403a070 0x7fc01403c450 unknown :-1 s=NONE pgs=0 cs=0 l=1 rev1=0 crypto rx=0 tx=0 comp rx=0 tx=0).connect
2024-03-31T16:58:23.146 INFO:teuthology.orchestra.run.smithi162.stdout:/usr/bin/ceph: stderr
2024-03-31T16:58:21.871+0000 7fc029600700 1 -- 172.21.15.162:0/1001834911 --> [v2:172.21.15.162:6800/894145142,v1:172.21.15.162:6801/894145142] -- command(tid 0: {"prefix": "get_command_descriptions"}) v1 -- 0x7fc0140393f0 con 0x7fc01403a070
2024-03-31T16:58:23.146 INFO:teuthology.orchestra.run.smithi162.stdout:/usr/bin/ceph: stderr
2024-03-31T16:58:21.871+0000 7fc030a00700 1 --2- 172.21.15.162:0/1001834911 >> [v2:172.21.15.162:6800/894145142,v1:172.21.15.162:6801/894145142] conn(0x7fc01403a070 0x7fc01403c450 unknown :-1 s=BANNER_CONNECTING pgs=0 cs=0 l=1 rev1=0 crypto rx=0 tx=0 comp rx=0 tx=0)._handle_peer_banner_payload supported=3 required=0
2024-03-31T16:58:23.146 INFO:teuthology.orchestra.run.smithi162.stdout:/usr/bin/ceph: stderr
2024-03-31T16:58:21.874+0000 7fc030a00700 1 --2- 172.21.15.162:0/1001834911 >> [v2:172.21.15.162:6800/894145142,v1:172.21.15.162:6801/894145142] conn(0x7fc01403a070 0x7fc01403c450 secure :-1 s=READY pgs=1 cs=0 l=1 rev1=1 crypto rx=0x7fc0180039d0 tx=0x7fc018009350 comp rx=0 tx=0).ready entity=mgr.14162 client_cookie=0 server_cookie=0 in_seq=0 out_seq=0
2024-03-31T16:58:23.146 INFO:teuthology.orchestra.run.smithi162.stdout:/usr/bin/ceph: stderr
2024-03-31T16:58:21.875+0000 7fc029600700 1 -- 172.21.15.162:0/1001834911 <== mgr.14162 v2:172.21.15.162:6800/894145142 1 ==== command_reply(tid 0: 0 ) v1 ==== 8+0+6549 (secure 0 0 0) 0x7fc0140393f0 con 0x7fc01403a070
2024-03-31T16:58:23.146 INFO:teuthology.orchestra.run.smithi162.stdout:/usr/bin/ceph: stderr
2024-03-31T16:58:21.882+0000 7fc033e00700 1 -- 172.21.15.162:0/1001834911 --> [v2:172.21.15.162:6800/894145142,v1:172.21.15.162:6801/894145142] -- command(tid 1: {"prefix": "mgr_status"}) v1 -- 0x7fc02c114560 con 0x7fc01403a070
2024-03-31T16:58:23.146 INFO:teuthology.orchestra.run.smithi162.stdout:/usr/bin/ceph: stderr
2024-03-31T16:58:21.883+0000 7fc029600700 1 -- 172.21.15.162:0/1001834911 <== mgr.14162 v2:172.21.15.162:6800/894145142 2 ==== command_reply(tid 1: 0 ) v1 ==== 8+0+52 (secure 0 0 0) 0x7fc02c114560 con 0x7fc01403a070
2024-03-31T16:58:23.146 INFO:teuthology.orchestra.run.smithi162.stdout:/usr/bin/ceph: stderr
2024-03-31T16:58:21.883+0000 7fc033e00700 1 -- 172.21.15.162:0/1001834911 >> [v2:172.21.15.162:6800/894145142,v1:172.21.15.162:6801/894145142] conn(0x7fc01403a070 msgr2=0x7fc01403c450 secure :-1 s=STATE_CONNECTION_ESTABLISHED l=1).mark_down
2024-03-31T16:58:23.146 INFO:teuthology.orchestra.run.smithi162.stdout:/usr/bin/ceph: stderr
2024-03-31T16:58:21.883+0000 7fc033e00700 1 --2- 172.21.15.162:0/1001834911 >> [v2:172.21.15.162:6800/894145142,v1:172.21.15.162:6801/894145142] conn(0x7fc01403a070 0x7fc01403c450 secure :-1 s=READY pgs=1 cs=0 l=1 rev1=1 crypto rx=0x7fc0180039d0 tx=0x7fc018009350 comp rx=0 tx=0).stop
2024-03-31T16:58:23.146 INFO:teuthology.orchestra.run.smithi162.stdout:/usr/bin/ceph: stderr
2024-03-31T16:58:21.883+0000 7fc033e00700 1 -- 172.21.15.162:0/1001834911 >> [v2:172.21.15.162:3300/0,v1:172.21.15.162:6789/0] conn(0x7fc02c077ad0 msgr2=0x7fc02c113990 secure :-1 s=STATE_CONNECTION_ESTABLISHED l=1).mark_down
2024-03-31T16:58:23.146 INFO:teuthology.orchestra.run.smithi162.stdout:/usr/bin/ceph: stderr
2024-03-31T16:58:21.883+0000 7fc033e00700 1 --2- 172.21.15.162:0/1001834911 >> [v2:172.21.15.162:3300/0,v1:172.21.15.162:6789/0] conn(0x7fc02c077ad0 0x7fc02c113990 secure :-1 s=READY pgs=72 cs=0 l=1 rev1=1 crypto rx=0x7fc0200105b0 tx=0x7fc020009250 comp rx=0 tx=0).stop
2024-03-31T16:58:23.147 INFO:teuthology.orchestra.run.smithi162.stdout:/usr/bin/ceph: stderr
2024-03-31T16:58:21.884+0000 7fc033e00700 1 -- 172.21.15.162:0/1001834911 shutdown_connections
2024-03-31T16:58:23.147 INFO:teuthology.orchestra.run.smithi162.stdout:/usr/bin/ceph: stderr
2024-03-31T16:58:21.884+0000 7fc033e00700 1 --2- 172.21.15.162:0/1001834911 >> [v2:172.21.15.162:6800/894145142,v1:172.21.15.162:6801/894145142] conn(0x7fc01403a070 0x7fc01403c450 unknown :-1 s=CLOSED pgs=1 cs=0 l=1 rev1=1 crypto rx=0 tx=0 comp rx=0 tx=0).stop
2024-03-31T16:58:23.147 INFO:teuthology.orchestra.run.smithi162.stdout:/usr/bin/ceph: stderr
2024-03-31T16:58:21.884+0000 7fc033e00700 1 --2- 172.21.15.162:0/1001834911 >> [v2:172.21.15.162:3300/0,v1:172.21.15.162:6789/0] conn(0x7fc02c077ad0 0x7fc02c113990 unknown :-1 s=CLOSED pgs=72 cs=0 l=1 rev1=1 crypto rx=0 tx=0 comp rx=0 tx=0).stop
2024-03-31T16:58:23.147 INFO:teuthology.orchestra.run.smithi162.stdout:/usr/bin/ceph: stderr
2024-03-31T16:58:21.884+0000 7fc033e00700 1 --2- 172.21.15.162:0/1001834911 >> [v2:172.21.15.162:6800/1739438199,v1:172.21.15.162:6801/1739438199] conn(0x7fc014036830 0x7fc014038ce0 unknown :-1 s=CLOSED pgs=0 cs=0 l=1 rev1=0 crypto rx=0 tx=0 comp rx=0 tx=0).stop
2024-03-31T16:58:23.147 INFO:teuthology.orchestra.run.smithi162.stdout:/usr/bin/ceph: stderr
2024-03-31T16:58:21.884+0000 7fc033e00700 1 -- 172.21.15.162:0/1001834911 >> 172.21.15.162:0/1001834911 conn(0x7fc02c0fe090 msgr2=0x7fc02c0fed60 unknown :-1 s=STATE_NONE l=0).mark_down
2024-03-31T16:58:23.147 INFO:teuthology.orchestra.run.smithi162.stdout:/usr/bin/ceph: stderr
2024-03-31T16:58:21.884+0000 7fc033e00700 1 -- 172.21.15.162:0/1001834911 shutdown_connections
2024-03-31T16:58:23.147 INFO:teuthology.orchestra.run.smithi162.stdout:/usr/bin/ceph: stderr
2024-03-31T16:58:21.884+0000 7fc033e00700 1 -- 172.21.15.162:0/1001834911 wait complete.
2024-03-31T16:58:23.147 INFO:teuthology.orchestra.run.smithi162.stdout:mgr epoch 9 is available
2024-03-31T16:58:23.147 INFO:teuthology.orchestra.run.smithi162.stdout:Generating a dashboard self-signed certificate...
2024-03-31T16:58:23.397 INFO:journalctl@ceph.mon.smithi162.smithi162.stdout:Mar 31 16:58:23 smithi162 ceph-mon[28943]: [31/Mar/2024:16:58:22] ENGINE Bus STARTING
2024-03-31T16:58:23.398 INFO:journalctl@ceph.mon.smithi162.smithi162.stdout:Mar 31 16:58:23 smithi162 ceph-mon[28943]: [31/Mar/2024:16:58:22] ENGINE Serving on https://172.21.15.162:7150
2024-03-31T16:58:23.398 INFO:journalctl@ceph.mon.smithi162.smithi162.stdout:Mar 31 16:58:23 smithi162 ceph-mon[28943]: [31/Mar/2024:16:58:22] ENGINE Bus STARTED
2024-03-31T16:58:23.398 INFO:journalctl@ceph.mon.smithi162.smithi162.stdout:Mar 31 16:58:23 smithi162 ceph-mon[28943]: from='mgr.14162 172.21.15.162:0/759115171' entity='mgr.smithi162.bfrbav'
2024-03-31T16:58:23.398 INFO:journalctl@ceph.mon.smithi162.smithi162.stdout:Mar 31 16:58:23 smithi162 ceph-mon[28943]: from='mgr.14162 172.21.15.162:0/759115171' entity='mgr.smithi162.bfrbav'
2024-03-31T16:58:24.398 INFO:journalctl@ceph.mon.smithi162.smithi162.stdout:Mar 31 16:58:24 smithi162 ceph-mon[28943]: mgrmap e12: smithi162.bfrbav(active, since 2s)
2024-03-31T16:58:24.398 INFO:journalctl@ceph.mon.smithi162.smithi162.stdout:Mar 31 16:58:24 smithi162 ceph-mon[28943]: from='mgr.14162 172.21.15.162:0/759115171' entity='mgr.smithi162.bfrbav'
2024-03-31T16:58:24.398 INFO:journalctl@ceph.mon.smithi162.smithi162.stdout:Mar 31 16:58:24 smithi162 ceph-mon[28943]: from='mgr.14162 172.21.15.162:0/759115171' entity='mgr.smithi162.bfrbav'
2024-03-31T16:58:24.820 INFO:teuthology.orchestra.run.smithi162.stdout:/usr/bin/ceph: stdout Self-signed certificate created
2024-03-31T16:58:24.820 INFO:teuthology.orchestra.run.smithi162.stdout:/usr/bin/ceph: stderr
2024-03-31T16:58:23.779+0000 7f4410600700 1 Processor -- start
2024-03-31T16:58:24.820 INFO:teuthology.orchestra.run.smithi162.stdout:/usr/bin/ceph: stderr
2024-03-31T16:58:23.779+0000 7f4410600700 1 -- start start
2024-03-31T16:58:24.820 INFO:teuthology.orchestra.run.smithi162.stdout:/usr/bin/ceph: stderr
2024-03-31T16:58:23.779+0000 7f4410600700 1 --2- >> [v2:172.21.15.162:3300/0,v1:172.21.15.162:6789/0] conn(0x7f4408071270 0x7f4408105520 unknown :-1 s=NONE pgs=0 cs=0 l=0 rev1=0 crypto rx=0 tx=0 comp rx=0 tx=0).connect
2024-03-31T16:58:24.820 INFO:teuthology.orchestra.run.smithi162.stdout:/usr/bin/ceph: stderr
2024-03-31T16:58:23.779+0000 7f4410600700 1 -- --> [v2:172.21.15.162:3300/0,v1:172.21.15.162:6789/0] -- mon_getmap magic: 0 v1 -- 0x7f4408071680 con 0x7f4408071270
2024-03-31T16:58:24.820 INFO:teuthology.orchestra.run.smithi162.stdout:/usr/bin/ceph: stderr
2024-03-31T16:58:23.780+0000 7f440dc00700 1 --2- >> [v2:172.21.15.162:3300/0,v1:172.21.15.162:6789/0] conn(0x7f4408071270 0x7f4408105520 unknown :-1 s=BANNER_CONNECTING pgs=0 cs=0 l=0 rev1=0 crypto rx=0 tx=0 comp rx=0 tx=0)._handle_peer_banner_payload supported=3 required=0
2024-03-31T16:58:24.821 INFO:teuthology.orchestra.run.smithi162.stdout:/usr/bin/ceph: stderr
2024-03-31T16:58:23.780+0000 7f440dc00700 1 --2- >> [v2:172.21.15.162:3300/0,v1:172.21.15.162:6789/0] conn(0x7f4408071270 0x7f4408105520 unknown :-1 s=HELLO_CONNECTING pgs=0 cs=0 l=0 rev1=1 crypto rx=0 tx=0 comp rx=0 tx=0).handle_hello peer v2:172.21.15.162:3300/0 says I am v2:172.21.15.162:34136/0 (socket says 172.21.15.162:34136)
2024-03-31T16:58:24.821 INFO:teuthology.orchestra.run.smithi162.stdout:/usr/bin/ceph: stderr
2024-03-31T16:58:23.780+0000 7f440dc00700 1 -- 172.21.15.162:0/1542662377 learned_addr learned my addr 172.21.15.162:0/1542662377 (peer_addr_for_me v2:172.21.15.162:0/0)
2024-03-31T16:58:24.821 INFO:teuthology.orchestra.run.smithi162.stdout:/usr/bin/ceph: stderr
2024-03-31T16:58:23.780+0000 7f440dc00700 1 -- 172.21.15.162:0/1542662377 --> [v2:172.21.15.162:3300/0,v1:172.21.15.162:6789/0] -- mon_subscribe({config=0+,monmap=0+}) v3 -- 0x7f4408105a60 con 0x7f4408071270
2024-03-31T16:58:24.825 INFO:teuthology.orchestra.run.smithi162.stdout:/usr/bin/ceph: stderr
2024-03-31T16:58:23.781+0000 7f440dc00700 1 --2- 172.21.15.162:0/1542662377 >> [v2:172.21.15.162:3300/0,v1:172.21.15.162:6789/0] conn(0x7f4408071270 0x7f4408105520 secure :-1 s=READY pgs=80 cs=0 l=1 rev1=1 crypto rx=0x7f43fc0098e0 tx=0x7f43fc009250 comp rx=0 tx=0).ready entity=mon.0 client_cookie=8ee3febcf944b7bf server_cookie=0 in_seq=0 out_seq=0
2024-03-31T16:58:24.825 INFO:teuthology.orchestra.run.smithi162.stdout:/usr/bin/ceph: stderr
2024-03-31T16:58:23.781+0000 7f4407e00700 1 -- 172.21.15.162:0/1542662377 <== mon.0 v2:172.21.15.162:3300/0 1 ==== mon_map magic: 0 v1 ==== 229+0+0 (secure 0 0 0) 0x7f43fc00b860 con 0x7f4408071270
2024-03-31T16:58:24.825 INFO:teuthology.orchestra.run.smithi162.stdout:/usr/bin/ceph: stderr
2024-03-31T16:58:23.781+0000 7f4407e00700 1 -- 172.21.15.162:0/1542662377 <== mon.0 v2:172.21.15.162:3300/0 2 ==== config(27 keys) v1 ==== 1109+0+0 (secure 0 0 0) 0x7f43fc00be90 con 0x7f4408071270
2024-03-31T16:58:24.825 INFO:teuthology.orchestra.run.smithi162.stdout:/usr/bin/ceph: stderr
2024-03-31T16:58:23.781+0000 7f4407e00700 1 -- 172.21.15.162:0/1542662377 <== mon.0 v2:172.21.15.162:3300/0 3 ==== mon_map magic: 0 v1 ==== 229+0+0 (secure 0 0 0) 0x7f43fc0103c0 con 0x7f4408071270
2024-03-31T16:58:24.826 INFO:teuthology.orchestra.run.smithi162.stdout:/usr/bin/ceph: stderr
2024-03-31T16:58:23.782+0000 7f4410600700 1 -- 172.21.15.162:0/1542662377 >> [v2:172.21.15.162:3300/0,v1:172.21.15.162:6789/0] conn(0x7f4408071270 msgr2=0x7f4408105520 secure :-1 s=STATE_CONNECTION_ESTABLISHED l=1).mark_down
2024-03-31T16:58:24.826 INFO:teuthology.orchestra.run.smithi162.stdout:/usr/bin/ceph: stderr
2024-03-31T16:58:23.782+0000 7f4410600700 1 --2- 172.21.15.162:0/1542662377 >> [v2:172.21.15.162:3300/0,v1:172.21.15.162:6789/0] conn(0x7f4408071270 0x7f4408105520 secure :-1 s=READY pgs=80 cs=0 l=1 rev1=1 crypto rx=0x7f43fc0098e0 tx=0x7f43fc009250 comp rx=0 tx=0).stop
2024-03-31T16:58:24.826 INFO:teuthology.orchestra.run.smithi162.stdout:/usr/bin/ceph: stderr
2024-03-31T16:58:23.783+0000 7f4410600700 1 -- 172.21.15.162:0/1542662377 shutdown_connections
2024-03-31T16:58:24.826 INFO:teuthology.orchestra.run.smithi162.stdout:/usr/bin/ceph: stderr
2024-03-31T16:58:23.783+0000 7f4410600700 1 --2- 172.21.15.162:0/1542662377 >> [v2:172.21.15.162:3300/0,v1:172.21.15.162:6789/0] conn(0x7f4408071270 0x7f4408105520 unknown :-1 s=CLOSED pgs=80 cs=0 l=1 rev1=1 crypto rx=0 tx=0 comp rx=0 tx=0).stop
2024-03-31T16:58:24.826 INFO:teuthology.orchestra.run.smithi162.stdout:/usr/bin/ceph: stderr
2024-03-31T16:58:23.783+0000 7f4410600700 1 -- 172.21.15.162:0/1542662377 >> 172.21.15.162:0/1542662377 conn(0x7f44080fcfb0 msgr2=0x7f44080ff3c0 unknown :-1 s=STATE_NONE l=0).mark_down
2024-03-31T16:58:24.826 INFO:teuthology.orchestra.run.smithi162.stdout:/usr/bin/ceph: stderr
2024-03-31T16:58:23.783+0000 7f4410600700 1 -- 172.21.15.162:0/1542662377 shutdown_connections
2024-03-31T16:58:24.826 INFO:teuthology.orchestra.run.smithi162.stdout:/usr/bin/ceph: stderr
2024-03-31T16:58:23.783+0000 7f4410600700 1 -- 172.21.15.162:0/1542662377 wait complete.
2024-03-31T16:58:24.826 INFO:teuthology.orchestra.run.smithi162.stdout:/usr/bin/ceph: stderr
2024-03-31T16:58:23.784+0000 7f4410600700 1 Processor -- start
2024-03-31T16:58:24.826 INFO:teuthology.orchestra.run.smithi162.stdout:/usr/bin/ceph: stderr
2024-03-31T16:58:23.784+0000 7f4410600700 1 -- start start
2024-03-31T16:58:24.826 INFO:teuthology.orchestra.run.smithi162.stdout:/usr/bin/ceph: stderr
2024-03-31T16:58:23.785+0000 7f4410600700 1 --2- >> [v2:172.21.15.162:3300/0,v1:172.21.15.162:6789/0] conn(0x7f4408071270 0x7f4408111770 unknown :-1 s=NONE pgs=0 cs=0 l=1 rev1=0 crypto rx=0 tx=0 comp rx=0 tx=0).connect
2024-03-31T16:58:24.826 INFO:teuthology.orchestra.run.smithi162.stdout:/usr/bin/ceph: stderr
2024-03-31T16:58:23.785+0000 7f4410600700 1 -- --> [v2:172.21.15.162:3300/0,v1:172.21.15.162:6789/0] -- mon_getmap magic: 0 v1 -- 0x7f4408111cb0 con 0x7f4408071270
2024-03-31T16:58:24.826 INFO:teuthology.orchestra.run.smithi162.stdout:/usr/bin/ceph: stderr
