2024-03-31T16:58:29.500+0000 7f0507800700 1 --2- >> [v2:172.21.15.162:3300/0,v1:172.21.15.162:6789/0] conn(0x7f0500104bd0 0x7f0500113890 unknown :-1 s=NONE pgs=0 cs=0 l=1 rev1=0 crypto rx=0 tx=0 comp rx=0 tx=0).connect
2024-03-31T16:58:30.454 INFO:teuthology.orchestra.run.smithi162.stdout:/usr/bin/ceph: stderr
2024-03-31T16:58:29.500+0000 7f0507800700 1 -- --> [v2:172.21.15.162:3300/0,v1:172.21.15.162:6789/0] -- mon_getmap magic: 0 v1 -- 0x7f0500113dd0 con 0x7f0500104bd0
2024-03-31T16:58:30.454 INFO:teuthology.orchestra.run.smithi162.stdout:/usr/bin/ceph: stderr
2024-03-31T16:58:29.500+0000 7f0504e00700 1 --2- >> [v2:172.21.15.162:3300/0,v1:172.21.15.162:6789/0] conn(0x7f0500104bd0 0x7f0500113890 unknown :-1 s=BANNER_CONNECTING pgs=0 cs=0 l=1 rev1=0 crypto rx=0 tx=0 comp rx=0 tx=0)._handle_peer_banner_payload supported=3 required=0
2024-03-31T16:58:30.454 INFO:teuthology.orchestra.run.smithi162.stdout:/usr/bin/ceph: stderr
2024-03-31T16:58:29.500+0000 7f0504e00700 1 --2- >> [v2:172.21.15.162:3300/0,v1:172.21.15.162:6789/0] conn(0x7f0500104bd0 0x7f0500113890 unknown :-1 s=HELLO_CONNECTING pgs=0 cs=0 l=1 rev1=1 crypto rx=0 tx=0 comp rx=0 tx=0).handle_hello peer v2:172.21.15.162:3300/0 says I am v2:172.21.15.162:34186/0 (socket says 172.21.15.162:34186)
2024-03-31T16:58:30.454 INFO:teuthology.orchestra.run.smithi162.stdout:/usr/bin/ceph: stderr
2024-03-31T16:58:29.500+0000 7f0504e00700 1 -- 172.21.15.162:0/1769101796 learned_addr learned my addr 172.21.15.162:0/1769101796 (peer_addr_for_me v2:172.21.15.162:0/0)
2024-03-31T16:58:30.456 INFO:teuthology.orchestra.run.smithi162.stdout:/usr/bin/ceph: stderr
2024-03-31T16:58:29.501+0000 7f0504e00700 1 -- 172.21.15.162:0/1769101796 --> [v2:172.21.15.162:3300/0,v1:172.21.15.162:6789/0] -- mon_subscribe({config=0+,monmap=0+}) v3 -- 0x7f04f40094f0 con 0x7f0500104bd0
2024-03-31T16:58:30.456 INFO:teuthology.orchestra.run.smithi162.stdout:/usr/bin/ceph: stderr
2024-03-31T16:58:29.501+0000 7f0504e00700 1 --2- 172.21.15.162:0/1769101796 >> [v2:172.21.15.162:3300/0,v1:172.21.15.162:6789/0] conn(0x7f0500104bd0 0x7f0500113890 secure :-1 s=READY pgs=87 cs=0 l=1 rev1=1 crypto rx=0x7f04f4006d40 tx=0x7f04f4009250 comp rx=0 tx=0).ready entity=mon.0 client_cookie=0 server_cookie=0 in_seq=0 out_seq=0
2024-03-31T16:58:30.456 INFO:teuthology.orchestra.run.smithi162.stdout:/usr/bin/ceph: stderr
2024-03-31T16:58:29.501+0000 7f04fcc00700 1 -- 172.21.15.162:0/1769101796 <== mon.0 v2:172.21.15.162:3300/0 1 ==== mon_map magic: 0 v1 ==== 229+0+0 (secure 0 0 0) 0x7f04f4010840 con 0x7f0500104bd0
2024-03-31T16:58:30.457 INFO:teuthology.orchestra.run.smithi162.stdout:/usr/bin/ceph: stderr
2024-03-31T16:58:29.501+0000 7f04fcc00700 1 -- 172.21.15.162:0/1769101796 <== mon.0 v2:172.21.15.162:3300/0 2 ==== config(27 keys) v1 ==== 1109+0+0 (secure 0 0 0) 0x7f04f4010e70 con 0x7f0500104bd0
2024-03-31T16:58:30.457 INFO:teuthology.orchestra.run.smithi162.stdout:/usr/bin/ceph: stderr
2024-03-31T16:58:29.501+0000 7f0507800700 1 -- 172.21.15.162:0/1769101796 --> [v2:172.21.15.162:3300/0,v1:172.21.15.162:6789/0] -- mon_subscribe({mgrmap=0+}) v3 -- 0x7f0500113fd0 con 0x7f0500104bd0
2024-03-31T16:58:30.457 INFO:teuthology.orchestra.run.smithi162.stdout:/usr/bin/ceph: stderr
2024-03-31T16:58:29.501+0000 7f04fcc00700 1 -- 172.21.15.162:0/1769101796 <== mon.0 v2:172.21.15.162:3300/0 3 ==== mon_map magic: 0 v1 ==== 229+0+0 (secure 0 0 0) 0x7f04f4024ea0 con 0x7f0500104bd0
2024-03-31T16:58:30.457 INFO:teuthology.orchestra.run.smithi162.stdout:/usr/bin/ceph: stderr
2024-03-31T16:58:29.502+0000 7f0507800700 1 -- 172.21.15.162:0/1769101796 --> [v2:172.21.15.162:3300/0,v1:172.21.15.162:6789/0] -- mon_subscribe({osdmap=0}) v3 -- 0x7f0500114b40 con 0x7f0500104bd0
2024-03-31T16:58:30.457 INFO:teuthology.orchestra.run.smithi162.stdout:/usr/bin/ceph: stderr
2024-03-31T16:58:29.503+0000 7f04fcc00700 1 -- 172.21.15.162:0/1769101796 <== mon.0 v2:172.21.15.162:3300/0 4 ==== mgrmap(e 13) v1 ==== 43425+0+0 (secure 0 0 0) 0x7f04f4024780 con 0x7f0500104bd0
2024-03-31T16:58:30.457 INFO:teuthology.orchestra.run.smithi162.stdout:/usr/bin/ceph: stderr
2024-03-31T16:58:29.503+0000 7f0507800700 1 -- 172.21.15.162:0/1769101796 --> [v2:172.21.15.162:3300/0,v1:172.21.15.162:6789/0] -- mon_command({"prefix": "get_command_descriptions"} v 0) v1 -- 0x7f050005f5f0 con 0x7f0500104bd0
2024-03-31T16:58:30.457 INFO:teuthology.orchestra.run.smithi162.stdout:/usr/bin/ceph: stderr
2024-03-31T16:58:29.503+0000 7f04fcc00700 1 --2- 172.21.15.162:0/1769101796 >> [v2:172.21.15.162:6800/894145142,v1:172.21.15.162:6801/894145142] conn(0x7f04e8036830 0x7f04e8038ce0 unknown :-1 s=NONE pgs=0 cs=0 l=1 rev1=0 crypto rx=0 tx=0 comp rx=0 tx=0).connect
2024-03-31T16:58:30.457 INFO:teuthology.orchestra.run.smithi162.stdout:/usr/bin/ceph: stderr
2024-03-31T16:58:29.503+0000 7f04fcc00700 1 -- 172.21.15.162:0/1769101796 <== mon.0 v2:172.21.15.162:3300/0 5 ==== osd_map(3..3 src has 1..3) v4 ==== 1151+0+0 (secure 0 0 0) 0x7f04f404f660 con 0x7f0500104bd0
2024-03-31T16:58:30.457 INFO:teuthology.orchestra.run.smithi162.stdout:/usr/bin/ceph: stderr
2024-03-31T16:58:29.506+0000 7f04ffe00700 1 --2- 172.21.15.162:0/1769101796 >> [v2:172.21.15.162:6800/894145142,v1:172.21.15.162:6801/894145142] conn(0x7f04e8036830 0x7f04e8038ce0 unknown :-1 s=BANNER_CONNECTING pgs=0 cs=0 l=1 rev1=0 crypto rx=0 tx=0 comp rx=0 tx=0)._handle_peer_banner_payload supported=3 required=0
2024-03-31T16:58:30.457 INFO:teuthology.orchestra.run.smithi162.stdout:/usr/bin/ceph: stderr
2024-03-31T16:58:29.507+0000 7f04ffe00700 1 --2- 172.21.15.162:0/1769101796 >> [v2:172.21.15.162:6800/894145142,v1:172.21.15.162:6801/894145142] conn(0x7f04e8036830 0x7f04e8038ce0 secure :-1 s=READY pgs=10 cs=0 l=1 rev1=1 crypto rx=0x7f04ec009990 tx=0x7f04ec006e40 comp rx=0 tx=0).ready entity=mgr.14162 client_cookie=0 server_cookie=0 in_seq=0 out_seq=0
2024-03-31T16:58:30.457 INFO:teuthology.orchestra.run.smithi162.stdout:/usr/bin/ceph: stderr
2024-03-31T16:58:29.509+0000 7f04fcc00700 1 -- 172.21.15.162:0/1769101796 <== mon.0 v2:172.21.15.162:3300/0 6 ==== mon_command_ack([{"prefix": "get_command_descriptions"}]=0 v0) v1 ==== 72+0+176504 (secure 0 0 0) 0x7f04f4050060 con 0x7f0500104bd0
2024-03-31T16:58:30.457 INFO:teuthology.orchestra.run.smithi162.stdout:/usr/bin/ceph: stderr
2024-03-31T16:58:29.719+0000 7f0507800700 1 -- 172.21.15.162:0/1769101796 --> [v2:172.21.15.162:3300/0,v1:172.21.15.162:6789/0] -- mon_command([{prefix=config set, name=osd_memory_target_autotune}] v 0) v1 -- 0x7f0500106870 con 0x7f0500104bd0
2024-03-31T16:58:30.457 INFO:teuthology.orchestra.run.smithi162.stdout:/usr/bin/ceph: stderr
2024-03-31T16:58:29.720+0000 7f04fcc00700 1 -- 172.21.15.162:0/1769101796 <== mon.0 v2:172.21.15.162:3300/0 7 ==== mon_command_ack([{prefix=config set, name=osd_memory_target_autotune}]=0 v8)=0 v8) v1 ==== 127+0+0 (secure 0 0 0) 0x7f04f40218b0 con 0x7f0500104bd0
2024-03-31T16:58:30.457 INFO:teuthology.orchestra.run.smithi162.stdout:/usr/bin/ceph: stderr
2024-03-31T16:58:29.722+0000 7f0507800700 1 -- 172.21.15.162:0/1769101796 >> [v2:172.21.15.162:6800/894145142,v1:172.21.15.162:6801/894145142] conn(0x7f04e8036830 msgr2=0x7f04e8038ce0 secure :-1 s=STATE_CONNECTION_ESTABLISHED l=1).mark_down
2024-03-31T16:58:30.457 INFO:teuthology.orchestra.run.smithi162.stdout:/usr/bin/ceph: stderr
2024-03-31T16:58:29.722+0000 7f0507800700 1 --2- 172.21.15.162:0/1769101796 >> [v2:172.21.15.162:6800/894145142,v1:172.21.15.162:6801/894145142] conn(0x7f04e8036830 0x7f04e8038ce0 secure :-1 s=READY pgs=10 cs=0 l=1 rev1=1 crypto rx=0x7f04ec009990 tx=0x7f04ec006e40 comp rx=0 tx=0).stop
2024-03-31T16:58:30.458 INFO:teuthology.orchestra.run.smithi162.stdout:/usr/bin/ceph: stderr
2024-03-31T16:58:29.722+0000 7f0507800700 1 -- 172.21.15.162:0/1769101796 >> [v2:172.21.15.162:3300/0,v1:172.21.15.162:6789/0] conn(0x7f0500104bd0 msgr2=0x7f0500113890 secure :-1 s=STATE_CONNECTION_ESTABLISHED l=1).mark_down
2024-03-31T16:58:30.458 INFO:teuthology.orchestra.run.smithi162.stdout:/usr/bin/ceph: stderr
2024-03-31T16:58:29.722+0000 7f0507800700 1 --2- 172.21.15.162:0/1769101796 >> [v2:172.21.15.162:3300/0,v1:172.21.15.162:6789/0] conn(0x7f0500104bd0 0x7f0500113890 secure :-1 s=READY pgs=87 cs=0 l=1 rev1=1 crypto rx=0x7f04f4006d40 tx=0x7f04f4009250 comp rx=0 tx=0).stop
2024-03-31T16:58:30.458 INFO:teuthology.orchestra.run.smithi162.stdout:/usr/bin/ceph: stderr
2024-03-31T16:58:29.722+0000 7f0507800700 1 -- 172.21.15.162:0/1769101796 shutdown_connections
2024-03-31T16:58:30.458 INFO:teuthology.orchestra.run.smithi162.stdout:/usr/bin/ceph: stderr
2024-03-31T16:58:29.722+0000 7f0507800700 1 --2- 172.21.15.162:0/1769101796 >> [v2:172.21.15.162:6800/894145142,v1:172.21.15.162:6801/894145142] conn(0x7f04e8036830 0x7f04e8038ce0 unknown :-1 s=CLOSED pgs=10 cs=0 l=1 rev1=1 crypto rx=0 tx=0 comp rx=0 tx=0).stop
2024-03-31T16:58:30.458 INFO:teuthology.orchestra.run.smithi162.stdout:/usr/bin/ceph: stderr
2024-03-31T16:58:29.722+0000 7f0507800700 1 --2- 172.21.15.162:0/1769101796 >> [v2:172.21.15.162:3300/0,v1:172.21.15.162:6789/0] conn(0x7f0500104bd0 0x7f0500113890 unknown :-1 s=CLOSED pgs=87 cs=0 l=1 rev1=1 crypto rx=0 tx=0 comp rx=0 tx=0).stop
2024-03-31T16:58:30.459 INFO:teuthology.orchestra.run.smithi162.stdout:/usr/bin/ceph: stderr
2024-03-31T16:58:29.723+0000 7f0507800700 1 -- 172.21.15.162:0/1769101796 >> 172.21.15.162:0/1769101796 conn(0x7f05000782f0 msgr2=0x7f0500102520 unknown :-1 s=STATE_NONE l=0).mark_down
2024-03-31T16:58:30.459 INFO:teuthology.orchestra.run.smithi162.stdout:/usr/bin/ceph: stderr
2024-03-31T16:58:29.723+0000 7f0507800700 1 -- 172.21.15.162:0/1769101796 shutdown_connections
2024-03-31T16:58:30.459 INFO:teuthology.orchestra.run.smithi162.stdout:/usr/bin/ceph: stderr
2024-03-31T16:58:29.723+0000 7f0507800700 1 -- 172.21.15.162:0/1769101796 wait complete.
2024-03-31T16:58:32.083 INFO:teuthology.orchestra.run.smithi162.stdout:/usr/bin/ceph: stderr
2024-03-31T16:58:31.065+0000 7f4380200700 1 Processor -- start
2024-03-31T16:58:32.084 INFO:teuthology.orchestra.run.smithi162.stdout:/usr/bin/ceph: stderr
2024-03-31T16:58:31.065+0000 7f4380200700 1 -- start start
2024-03-31T16:58:32.084 INFO:teuthology.orchestra.run.smithi162.stdout:/usr/bin/ceph: stderr
2024-03-31T16:58:31.066+0000 7f4380200700 1 --2- >> [v2:172.21.15.162:3300/0,v1:172.21.15.162:6789/0] conn(0x7f4378102ce0 0x7f43781030f0 unknown :-1 s=NONE pgs=0 cs=0 l=0 rev1=0 crypto rx=0 tx=0 comp rx=0 tx=0).connect
2024-03-31T16:58:32.084 INFO:teuthology.orchestra.run.smithi162.stdout:/usr/bin/ceph: stderr
2024-03-31T16:58:31.066+0000 7f4380200700 1 -- --> [v2:172.21.15.162:3300/0,v1:172.21.15.162:6789/0] -- mon_getmap magic: 0 v1 -- 0x7f4378103630 con 0x7f4378102ce0
2024-03-31T16:58:32.084 INFO:teuthology.orchestra.run.smithi162.stdout:/usr/bin/ceph: stderr
2024-03-31T16:58:31.066+0000 7f437d800700 1 --2- >> [v2:172.21.15.162:3300/0,v1:172.21.15.162:6789/0] conn(0x7f4378102ce0 0x7f43781030f0 unknown :-1 s=BANNER_CONNECTING pgs=0 cs=0 l=0 rev1=0 crypto rx=0 tx=0 comp rx=0 tx=0)._handle_peer_banner_payload supported=3 required=0
2024-03-31T16:58:32.084 INFO:teuthology.orchestra.run.smithi162.stdout:/usr/bin/ceph: stderr
2024-03-31T16:58:31.066+0000 7f437d800700 1 --2- >> [v2:172.21.15.162:3300/0,v1:172.21.15.162:6789/0] conn(0x7f4378102ce0 0x7f43781030f0 unknown :-1 s=HELLO_CONNECTING pgs=0 cs=0 l=0 rev1=1 crypto rx=0 tx=0 comp rx=0 tx=0).handle_hello peer v2:172.21.15.162:3300/0 says I am v2:172.21.15.162:43372/0 (socket says 172.21.15.162:43372)
2024-03-31T16:58:32.084 INFO:teuthology.orchestra.run.smithi162.stdout:/usr/bin/ceph: stderr
2024-03-31T16:58:31.066+0000 7f437d800700 1 -- 172.21.15.162:0/4037621888 learned_addr learned my addr 172.21.15.162:0/4037621888 (peer_addr_for_me v2:172.21.15.162:0/0)
2024-03-31T16:58:32.084 INFO:teuthology.orchestra.run.smithi162.stdout:/usr/bin/ceph: stderr
2024-03-31T16:58:31.067+0000 7f437d800700 1 -- 172.21.15.162:0/4037621888 --> [v2:172.21.15.162:3300/0,v1:172.21.15.162:6789/0] -- mon_subscribe({config=0+,monmap=0+}) v3 -- 0x7f4378103770 con 0x7f4378102ce0
2024-03-31T16:58:32.084 INFO:teuthology.orchestra.run.smithi162.stdout:/usr/bin/ceph: stderr
2024-03-31T16:58:31.067+0000 7f437d800700 1 --2- 172.21.15.162:0/4037621888 >> [v2:172.21.15.162:3300/0,v1:172.21.15.162:6789/0] conn(0x7f4378102ce0 0x7f43781030f0 secure :-1 s=READY pgs=88 cs=0 l=1 rev1=1 crypto rx=0x7f436c0098e0 tx=0x7f436c009250 comp rx=0 tx=0).ready entity=mon.0 client_cookie=4312e6678f5edbd1 server_cookie=0 in_seq=0 out_seq=0
2024-03-31T16:58:32.084 INFO:teuthology.orchestra.run.smithi162.stdout:/usr/bin/ceph: stderr
2024-03-31T16:58:31.068+0000 7f4377e00700 1 -- 172.21.15.162:0/4037621888 <== mon.0 v2:172.21.15.162:3300/0 1 ==== mon_map magic: 0 v1 ==== 229+0+0 (secure 0 0 0) 0x7f436c00b860 con 0x7f4378102ce0
2024-03-31T16:58:32.090 INFO:teuthology.orchestra.run.smithi162.stdout:/usr/bin/ceph: stderr
2024-03-31T16:58:31.068+0000 7f4377e00700 1 -- 172.21.15.162:0/4037621888 <== mon.0 v2:172.21.15.162:3300/0 2 ==== config(27 keys) v1 ==== 1109+0+0 (secure 0 0 0) 0x7f436c00be90 con 0x7f4378102ce0
2024-03-31T16:58:32.090 INFO:teuthology.orchestra.run.smithi162.stdout:/usr/bin/ceph: stderr
2024-03-31T16:58:31.068+0000 7f4377e00700 1 -- 172.21.15.162:0/4037621888 <== mon.0 v2:172.21.15.162:3300/0 3 ==== mon_map magic: 0 v1 ==== 229+0+0 (secure 0 0 0) 0x7f436c0103c0 con 0x7f4378102ce0
2024-03-31T16:58:32.090 INFO:teuthology.orchestra.run.smithi162.stdout:/usr/bin/ceph: stderr
2024-03-31T16:58:31.068+0000 7f4380200700 1 -- 172.21.15.162:0/4037621888 >> [v2:172.21.15.162:3300/0,v1:172.21.15.162:6789/0] conn(0x7f4378102ce0 msgr2=0x7f43781030f0 secure :-1 s=STATE_CONNECTION_ESTABLISHED l=1).mark_down
2024-03-31T16:58:32.090 INFO:teuthology.orchestra.run.smithi162.stdout:/usr/bin/ceph: stderr
2024-03-31T16:58:31.068+0000 7f4380200700 1 --2- 172.21.15.162:0/4037621888 >> [v2:172.21.15.162:3300/0,v1:172.21.15.162:6789/0] conn(0x7f4378102ce0 0x7f43781030f0 secure :-1 s=READY pgs=88 cs=0 l=1 rev1=1 crypto rx=0x7f436c0098e0 tx=0x7f436c009250 comp rx=0 tx=0).stop
2024-03-31T16:58:32.090 INFO:teuthology.orchestra.run.smithi162.stdout:/usr/bin/ceph: stderr
2024-03-31T16:58:31.068+0000 7f4380200700 1 -- 172.21.15.162:0/4037621888 shutdown_connections
2024-03-31T16:58:32.090 INFO:teuthology.orchestra.run.smithi162.stdout:/usr/bin/ceph: stderr
2024-03-31T16:58:31.068+0000 7f4380200700 1 --2- 172.21.15.162:0/4037621888 >> [v2:172.21.15.162:3300/0,v1:172.21.15.162:6789/0] conn(0x7f4378102ce0 0x7f43781030f0 unknown :-1 s=CLOSED pgs=88 cs=0 l=1 rev1=1 crypto rx=0 tx=0 comp rx=0 tx=0).stop
2024-03-31T16:58:32.090 INFO:teuthology.orchestra.run.smithi162.stdout:/usr/bin/ceph: stderr
2024-03-31T16:58:31.069+0000 7f4380200700 1 -- 172.21.15.162:0/4037621888 >> 172.21.15.162:0/4037621888 conn(0x7f43780fcfb0 msgr2=0x7f43780ff3c0 unknown :-1 s=STATE_NONE l=0).mark_down
2024-03-31T16:58:32.090 INFO:teuthology.orchestra.run.smithi162.stdout:/usr/bin/ceph: stderr
2024-03-31T16:58:31.069+0000 7f4380200700 1 -- 172.21.15.162:0/4037621888 shutdown_connections
2024-03-31T16:58:32.090 INFO:teuthology.orchestra.run.smithi162.stdout:/usr/bin/ceph: stderr
2024-03-31T16:58:31.069+0000 7f4380200700 1 -- 172.21.15.162:0/4037621888 wait complete.
2024-03-31T16:58:32.090 INFO:teuthology.orchestra.run.smithi162.stdout:/usr/bin/ceph: stderr
2024-03-31T16:58:31.070+0000 7f4380200700 1 Processor -- start
2024-03-31T16:58:32.091 INFO:teuthology.orchestra.run.smithi162.stdout:/usr/bin/ceph: stderr
2024-03-31T16:58:31.070+0000 7f4380200700 1 -- start start
2024-03-31T16:58:32.091 INFO:teuthology.orchestra.run.smithi162.stdout:/usr/bin/ceph: stderr
2024-03-31T16:58:31.070+0000 7f4380200700 1 --2- >> [v2:172.21.15.162:3300/0,v1:172.21.15.162:6789/0] conn(0x7f4378102ce0 0x7f4378111740 unknown :-1 s=NONE pgs=0 cs=0 l=1 rev1=0 crypto rx=0 tx=0 comp rx=0 tx=0).connect
2024-03-31T16:58:32.091 INFO:teuthology.orchestra.run.smithi162.stdout:/usr/bin/ceph: stderr
2024-03-31T16:58:31.070+0000 7f4380200700 1 -- --> [v2:172.21.15.162:3300/0,v1:172.21.15.162:6789/0] -- mon_getmap magic: 0 v1 -- 0x7f4378111c80 con 0x7f4378102ce0
2024-03-31T16:58:32.091 INFO:teuthology.orchestra.run.smithi162.stdout:/usr/bin/ceph: stderr
2024-03-31T16:58:31.070+0000 7f437d800700 1 --2- >> [v2:172.21.15.162:3300/0,v1:172.21.15.162:6789/0] conn(0x7f4378102ce0 0x7f4378111740 unknown :-1 s=BANNER_CONNECTING pgs=0 cs=0 l=1 rev1=0 crypto rx=0 tx=0 comp rx=0 tx=0)._handle_peer_banner_payload supported=3 required=0
2024-03-31T16:58:32.091 INFO:teuthology.orchestra.run.smithi162.stdout:/usr/bin/ceph: stderr
2024-03-31T16:58:31.070+0000 7f437d800700 1 --2- >> [v2:172.21.15.162:3300/0,v1:172.21.15.162:6789/0] conn(0x7f4378102ce0 0x7f4378111740 unknown :-1 s=HELLO_CONNECTING pgs=0 cs=0 l=1 rev1=1 crypto rx=0 tx=0 comp rx=0 tx=0).handle_hello peer v2:172.21.15.162:3300/0 says I am v2:172.21.15.162:43388/0 (socket says 172.21.15.162:43388)
2024-03-31T16:58:32.091 INFO:teuthology.orchestra.run.smithi162.stdout:/usr/bin/ceph: stderr
2024-03-31T16:58:31.070+0000 7f437d800700 1 -- 172.21.15.162:0/1061443646 learned_addr learned my addr 172.21.15.162:0/1061443646 (peer_addr_for_me v2:172.21.15.162:0/0)
2024-03-31T16:58:32.091 INFO:teuthology.orchestra.run.smithi162.stdout:/usr/bin/ceph: stderr
2024-03-31T16:58:31.071+0000 7f437d800700 1 -- 172.21.15.162:0/1061443646 --> [v2:172.21.15.162:3300/0,v1:172.21.15.162:6789/0] -- mon_subscribe({config=0+,monmap=0+}) v3 -- 0x7f436c0094f0 con 0x7f4378102ce0
2024-03-31T16:58:32.091 INFO:teuthology.orchestra.run.smithi162.stdout:/usr/bin/ceph: stderr
2024-03-31T16:58:31.071+0000 7f437d800700 1 --2- 172.21.15.162:0/1061443646 >> [v2:172.21.15.162:3300/0,v1:172.21.15.162:6789/0] conn(0x7f4378102ce0 0x7f4378111740 secure :-1 s=READY pgs=89 cs=0 l=1 rev1=1 crypto rx=0x7f436c011c10 tx=0x7f436c009250 comp rx=0 tx=0).ready entity=mon.0 client_cookie=0 server_cookie=0 in_seq=0 out_seq=0
2024-03-31T16:58:32.091 INFO:teuthology.orchestra.run.smithi162.stdout:/usr/bin/ceph: stderr
2024-03-31T16:58:31.071+0000 7f4375600700 1 -- 172.21.15.162:0/1061443646 <== mon.0 v2:172.21.15.162:3300/0 1 ==== mon_map magic: 0 v1 ==== 229+0+0 (secure 0 0 0) 0x7f436c010890 con 0x7f4378102ce0
2024-03-31T16:58:32.091 INFO:teuthology.orchestra.run.smithi162.stdout:/usr/bin/ceph: stderr
2024-03-31T16:58:31.071+0000 7f4375600700 1 -- 172.21.15.162:0/1061443646 <== mon.0 v2:172.21.15.162:3300/0 2 ==== config(27 keys) v1 ==== 1109+0+0 (secure 0 0 0) 0x7f436c010ec0 con 0x7f4378102ce0
2024-03-31T16:58:32.091 INFO:teuthology.orchestra.run.smithi162.stdout:/usr/bin/ceph: stderr
2024-03-31T16:58:31.071+0000 7f4380200700 1 -- 172.21.15.162:0/1061443646 --> [v2:172.21.15.162:3300/0,v1:172.21.15.162:6789/0] -- mon_subscribe({mgrmap=0+}) v3 -- 0x7f4378111e80 con 0x7f4378102ce0
2024-03-31T16:58:32.091 INFO:teuthology.orchestra.run.smithi162.stdout:/usr/bin/ceph: stderr
2024-03-31T16:58:31.071+0000 7f4375600700 1 -- 172.21.15.162:0/1061443646 <== mon.0 v2:172.21.15.162:3300/0 3 ==== mon_map magic: 0 v1 ==== 229+0+0 (secure 0 0 0) 0x7f436c0243f0 con 0x7f4378102ce0
2024-03-31T16:58:32.091 INFO:teuthology.orchestra.run.smithi162.stdout:/usr/bin/ceph: stderr
2024-03-31T16:58:31.071+0000 7f4380200700 1 -- 172.21.15.162:0/1061443646 --> [v2:172.21.15.162:3300/0,v1:172.21.15.162:6789/0] -- mon_subscribe({osdmap=0}) v3 -- 0x7f43781129f0 con 0x7f4378102ce0
2024-03-31T16:58:32.091 INFO:teuthology.orchestra.run.smithi162.stdout:/usr/bin/ceph: stderr
2024-03-31T16:58:31.073+0000 7f4380200700 1 -- 172.21.15.162:0/1061443646 --> [v2:172.21.15.162:3300/0,v1:172.21.15.162:6789/0] -- mon_command({"prefix": "get_command_descriptions"} v 0) v1 -- 0x7f437805f5f0 con 0x7f4378102ce0
2024-03-31T16:58:32.092 INFO:teuthology.orchestra.run.smithi162.stdout:/usr/bin/ceph: stderr
2024-03-31T16:58:31.073+0000 7f4375600700 1 -- 172.21.15.162:0/1061443646 <== mon.0 v2:172.21.15.162:3300/0 4 ==== mgrmap(e 13) v1 ==== 43425+0+0 (secure 0 0 0) 0x7f436c01a430 con 0x7f4378102ce0
2024-03-31T16:58:32.092 INFO:teuthology.orchestra.run.smithi162.stdout:/usr/bin/ceph: stderr
2024-03-31T16:58:31.074+0000 7f4375600700 1 --2- 172.21.15.162:0/1061443646 >> [v2:172.21.15.162:6800/894145142,v1:172.21.15.162:6801/894145142] conn(0x7f43600368d0 0x7f4360038d80 unknown :-1 s=NONE pgs=0 cs=0 l=1 rev1=0 crypto rx=0 tx=0 comp rx=0 tx=0).connect
2024-03-31T16:58:32.092 INFO:teuthology.orchestra.run.smithi162.stdout:/usr/bin/ceph: stderr
2024-03-31T16:58:31.074+0000 7f4375600700 1 -- 172.21.15.162:0/1061443646 <== mon.0 v2:172.21.15.162:3300/0 5 ==== osd_map(3..3 src has 1..3) v4 ==== 1151+0+0 (secure 0 0 0) 0x7f436c04a890 con 0x7f4378102ce0
2024-03-31T16:58:32.092 INFO:teuthology.orchestra.run.smithi162.stdout:/usr/bin/ceph: stderr
2024-03-31T16:58:31.074+0000 7f437ce00700 1 --2- 172.21.15.162:0/1061443646 >> [v2:172.21.15.162:6800/894145142,v1:172.21.15.162:6801/894145142] conn(0x7f43600368d0 0x7f4360038d80 unknown :-1 s=BANNER_CONNECTING pgs=0 cs=0 l=1 rev1=0 crypto rx=0 tx=0 comp rx=0 tx=0)._handle_peer_banner_payload supported=3 required=0
2024-03-31T16:58:32.092 INFO:teuthology.orchestra.run.smithi162.stdout:/usr/bin/ceph: stderr
2024-03-31T16:58:31.075+0000 7f437ce00700 1 --2- 172.21.15.162:0/1061443646 >> [v2:172.21.15.162:6800/894145142,v1:172.21.15.162:6801/894145142] conn(0x7f43600368d0 0x7f4360038d80 secure :-1 s=READY pgs=11 cs=0 l=1 rev1=1 crypto rx=0x7f4364009990 tx=0x7f4364006e40 comp rx=0 tx=0).ready entity=mgr.14162 client_cookie=0 server_cookie=0 in_seq=0 out_seq=0
2024-03-31T16:58:32.092 INFO:teuthology.orchestra.run.smithi162.stdout:/usr/bin/ceph: stderr
2024-03-31T16:58:31.078+0000 7f4375600700 1 -- 172.21.15.162:0/1061443646 <== mon.0 v2:172.21.15.162:3300/0 6 ==== mon_command_ack([{"prefix": "get_command_descriptions"}]=0 v0) v1 ==== 72+0+176504 (secure 0 0 0) 0x7f436c018bd0 con 0x7f4378102ce0
2024-03-31T16:58:32.092 INFO:teuthology.orchestra.run.smithi162.stdout:/usr/bin/ceph: stderr
2024-03-31T16:58:31.403+0000 7f4380200700 1 -- 172.21.15.162:0/1061443646 --> [v2:172.21.15.162:3300/0,v1:172.21.15.162:6789/0] -- mon_command([{prefix=config-key set, key=mgr/dashboard/cluster/status}] v 0) v1 -- 0x7f437804bed0 con 0x7f4378102ce0
2024-03-31T16:58:32.092 INFO:teuthology.orchestra.run.smithi162.stdout:/usr/bin/ceph: stderr
2024-03-31T16:58:31.409+0000 7f4375600700 1 -- 172.21.15.162:0/1061443646 <== mon.0 v2:172.21.15.162:3300/0 7 ==== mon_command_ack([{prefix=config-key set, key=mgr/dashboard/cluster/status}]=0 set mgr/dashboard/cluster/status v33)=0 set mgr/dashboard/cluster/status v33) v1 ==== 153+0+0 (secure 0 0 0) 0x7f436c0187c0 con 0x7f4378102ce0
2024-03-31T16:58:32.092 INFO:teuthology.orchestra.run.smithi162.stdout:/usr/bin/ceph: stderr
2024-03-31T16:58:31.412+0000 7f4380200700 1 -- 172.21.15.162:0/1061443646 >> [v2:172.21.15.162:6800/894145142,v1:172.21.15.162:6801/894145142] conn(0x7f43600368d0 msgr2=0x7f4360038d80 secure :-1 s=STATE_CONNECTION_ESTABLISHED l=1).mark_down
2024-03-31T16:58:32.092 INFO:teuthology.orchestra.run.smithi162.stdout:/usr/bin/ceph: stderr
2024-03-31T16:58:31.412+0000 7f4380200700 1 --2- 172.21.15.162:0/1061443646 >> [v2:172.21.15.162:6800/894145142,v1:172.21.15.162:6801/894145142] conn(0x7f43600368d0 0x7f4360038d80 secure :-1 s=READY pgs=11 cs=0 l=1 rev1=1 crypto rx=0x7f4364009990 tx=0x7f4364006e40 comp rx=0 tx=0).stop
2024-03-31T16:58:32.092 INFO:teuthology.orchestra.run.smithi162.stdout:/usr/bin/ceph: stderr
2024-03-31T16:58:31.412+0000 7f4380200700 1 -- 172.21.15.162:0/1061443646 >> [v2:172.21.15.162:3300/0,v1:172.21.15.162:6789/0] conn(0x7f4378102ce0 msgr2=0x7f4378111740 secure :-1 s=STATE_CONNECTION_ESTABLISHED l=1).mark_down
2024-03-31T16:58:32.092 INFO:teuthology.orchestra.run.smithi162.stdout:/usr/bin/ceph: stderr
2024-03-31T16:58:31.412+0000 7f4380200700 1 --2- 172.21.15.162:0/1061443646 >> [v2:172.21.15.162:3300/0,v1:172.21.15.162:6789/0] conn(0x7f4378102ce0 0x7f4378111740 secure :-1 s=READY pgs=89 cs=0 l=1 rev1=1 crypto rx=0x7f436c011c10 tx=0x7f436c009250 comp rx=0 tx=0).stop
2024-03-31T16:58:32.092 INFO:teuthology.orchestra.run.smithi162.stdout:/usr/bin/ceph: stderr
2024-03-31T16:58:31.412+0000 7f4380200700 1 -- 172.21.15.162:0/1061443646 shutdown_connections
2024-03-31T16:58:32.092 INFO:teuthology.orchestra.run.smithi162.stdout:/usr/bin/ceph: stderr
2024-03-31T16:58:31.412+0000 7f4380200700 1 --2- 172.21.15.162:0/1061443646 >> [v2:172.21.15.162:6800/894145142,v1:172.21.15.162:6801/894145142] conn(0x7f43600368d0 0x7f4360038d80 unknown :-1 s=CLOSED pgs=11 cs=0 l=1 rev1=1 crypto rx=0 tx=0 comp rx=0 tx=0).stop
2024-03-31T16:58:32.093 INFO:teuthology.orchestra.run.smithi162.stdout:/usr/bin/ceph: stderr
2024-03-31T16:58:31.412+0000 7f4380200700 1 --2- 172.21.15.162:0/1061443646 >> [v2:172.21.15.162:3300/0,v1:172.21.15.162:6789/0] conn(0x7f4378102ce0 0x7f4378111740 unknown :-1 s=CLOSED pgs=89 cs=0 l=1 rev1=1 crypto rx=0 tx=0 comp rx=0 tx=0).stop
2024-03-31T16:58:32.093 INFO:teuthology.orchestra.run.smithi162.stdout:/usr/bin/ceph: stderr
2024-03-31T16:58:31.412+0000 7f4380200700 1 -- 172.21.15.162:0/1061443646 >> 172.21.15.162:0/1061443646 conn(0x7f43780fcfb0 msgr2=0x7f43780ff390 unknown :-1 s=STATE_NONE l=0).mark_down
2024-03-31T16:58:32.093 INFO:teuthology.orchestra.run.smithi162.stdout:/usr/bin/ceph: stderr
2024-03-31T16:58:31.412+0000 7f4380200700 1 -- 172.21.15.162:0/1061443646 shutdown_connections
2024-03-31T16:58:32.093 INFO:teuthology.orchestra.run.smithi162.stdout:/usr/bin/ceph: stderr
2024-03-31T16:58:31.412+0000 7f4380200700 1 -- 172.21.15.162:0/1061443646 wait complete.
2024-03-31T16:58:32.093 INFO:teuthology.orchestra.run.smithi162.stdout:/usr/bin/ceph: stderr set mgr/dashboard/cluster/status
2024-03-31T16:58:32.093 INFO:teuthology.orchestra.run.smithi162.stdout:You can access the Ceph CLI as following in case of multi-cluster or non-default config:
2024-03-31T16:58:32.093 INFO:teuthology.orchestra.run.smithi162.stdout:
2024-03-31T16:58:32.093 INFO:teuthology.orchestra.run.smithi162.stdout: sudo /home/ubuntu/cephtest/cephadm shell --fsid 90b24cde-ef7f-11ee-b647-cb9ed24678a4 -c /etc/ceph/ceph.conf -k /etc/ceph/ceph.client.admin.keyring
2024-03-31T16:58:32.093 INFO:teuthology.orchestra.run.smithi162.stdout:
2024-03-31T16:58:32.093 INFO:teuthology.orchestra.run.smithi162.stdout:Or, if you are only running a single cluster on this host:
2024-03-31T16:58:32.093 INFO:teuthology.orchestra.run.smithi162.stdout:
2024-03-31T16:58:32.093 INFO:teuthology.orchestra.run.smithi162.stdout: sudo /home/ubuntu/cephtest/cephadm shell
2024-03-31T16:58:32.093 INFO:teuthology.orchestra.run.smithi162.stdout:
2024-03-31T16:58:32.093 INFO:teuthology.orchestra.run.smithi162.stdout:Please consider enabling telemetry to help improve Ceph:
2024-03-31T16:58:32.093 INFO:teuthology.orchestra.run.smithi162.stdout:
2024-03-31T16:58:32.093 INFO:teuthology.orchestra.run.smithi162.stdout: ceph telemetry on
2024-03-31T16:58:32.094 INFO:teuthology.orchestra.run.smithi162.stdout:
2024-03-31T16:58:32.094 INFO:teuthology.orchestra.run.smithi162.stdout:For more information see:
2024-03-31T16:58:32.094 INFO:teuthology.orchestra.run.smithi162.stdout:
2024-03-31T16:58:32.094 INFO:teuthology.orchestra.run.smithi162.stdout: https://docs.ceph.com/docs/master/mgr/telemetry/
2024-03-31T16:58:32.094 INFO:teuthology.orchestra.run.smithi162.stdout:
2024-03-31T16:58:32.094 INFO:teuthology.orchestra.run.smithi162.stdout:Bootstrap complete.
2024-03-31T16:58:32.196 INFO:tasks.cephadm:Fetching config...
2024-03-31T16:58:32.197 DEBUG:teuthology.orchestra.run.smithi162:> set -ex
2024-03-31T16:58:32.197 DEBUG:teuthology.orchestra.run.smithi162:> dd if=/etc/ceph/ceph.conf of=/dev/stdout
2024-03-31T16:58:32.242 INFO:tasks.cephadm:Fetching client.admin keyring...
2024-03-31T16:58:32.242 DEBUG:teuthology.orchestra.run.smithi162:> set -ex
2024-03-31T16:58:32.243 DEBUG:teuthology.orchestra.run.smithi162:> dd if=/etc/ceph/ceph.client.admin.keyring of=/dev/stdout
2024-03-31T16:58:32.327 INFO:tasks.cephadm:Fetching mon keyring...
2024-03-31T16:58:32.327 DEBUG:teuthology.orchestra.run.smithi162:> set -ex
2024-03-31T16:58:32.327 DEBUG:teuthology.orchestra.run.smithi162:> sudo dd if=/var/lib/ceph/90b24cde-ef7f-11ee-b647-cb9ed24678a4/mon.smithi162/keyring of=/dev/stdout
2024-03-31T16:58:32.457 INFO:tasks.cephadm:Fetching pub ssh key...
2024-03-31T16:58:32.457 DEBUG:teuthology.orchestra.run.smithi162:> set -ex
2024-03-31T16:58:32.457 DEBUG:teuthology.orchestra.run.smithi162:> dd if=/home/ubuntu/cephtest/ceph.pub of=/dev/stdout
2024-03-31T16:58:32.506 INFO:tasks.cephadm:Installing pub ssh key for root users...
2024-03-31T16:58:32.507 DEBUG:teuthology.orchestra.run.smithi162:> sudo install -d -m 0700 /root/.ssh && echo 'ssh-rsa AAAAB3NzaC1yc2EAAAADAQABAAABgQC8r2DjIaat7zRm53uX2bW0EX22nSRIvEDkY/KgJgvXU20zltl96CFKDx3Rh6iAsxeUGGkepDZJpd2GEPweqtMUZMD/iTJmtQi93t7Ng4pJFCuSfwpbh46PcgLPBWeCMXjmPdNlHf1Rx/BX3vbsyQWDqOvVQp/EbtH+f/9FB1ooq5LynJ73n1I5W+R3KjqxZu7Benukl0biZ0C43lJ5mxhlbvUzsSM/SIAv4/rW7L7tGbwmA1++hrRGpNGgikEztQsXVc9q29dlhDrDvNJ2+fzUFdGd94gNwQzrkFgIwIOTnZ0TIhEOoOMs9z3gOtTDrPHgKLmsYolQVkOomWtCluNeF8R/4GLirZPpPKEMeTmfvvt2KAJwqVyINNHkLM3UjW1ZD/ORaAvogEI4WFCa8qC1H4uM1uIWfTztZc9UuWU+akK1j0F5kCGG+9CUAFgMB/+QQ1HK4LMxZ2844wt86Cwtzsd59P0XVk3t/Nr4BGEw7CvUS+VLPfMlUTR9RoIuWis= ceph-90b24cde-ef7f-11ee-b647-cb9ed24678a4' | sudo tee -a /root/.ssh/authorized_keys && sudo chmod 0600 /root/.ssh/authorized_keys
2024-03-31T16:58:32.613 INFO:journalctl@ceph.mon.smithi162.smithi162.stdout:Mar 31 16:58:32 smithi162 ceph-mon[28943]: from='client.? 172.21.15.162:0/1061443646' entity='client.admin'
2024-03-31T16:58:32.660 INFO:teuthology.orchestra.run.smithi162.stdout:ssh-rsa AAAAB3NzaC1yc2EAAAADAQABAAABgQC8r2DjIaat7zRm53uX2bW0EX22nSRIvEDkY/KgJgvXU20zltl96CFKDx3Rh6iAsxeUGGkepDZJpd2GEPweqtMUZMD/iTJmtQi93t7Ng4pJFCuSfwpbh46PcgLPBWeCMXjmPdNlHf1Rx/BX3vbsyQWDqOvVQp/EbtH+f/9FB1ooq5LynJ73n1I5W+R3KjqxZu7Benukl0biZ0C43lJ5mxhlbvUzsSM/SIAv4/rW7L7tGbwmA1++hrRGpNGgikEztQsXVc9q29dlhDrDvNJ2+fzUFdGd94gNwQzrkFgIwIOTnZ0TIhEOoOMs9z3gOtTDrPHgKLmsYolQVkOomWtCluNeF8R/4GLirZPpPKEMeTmfvvt2KAJwqVyINNHkLM3UjW1ZD/ORaAvogEI4WFCa8qC1H4uM1uIWfTztZc9UuWU+akK1j0F5kCGG+9CUAFgMB/+QQ1HK4LMxZ2844wt86Cwtzsd59P0XVk3t/Nr4BGEw7CvUS+VLPfMlUTR9RoIuWis= ceph-90b24cde-ef7f-11ee-b647-cb9ed24678a4
2024-03-31T16:58:32.714 DEBUG:teuthology.orchestra.run.smithi181:> sudo install -d -m 0700 /root/.ssh && echo 'ssh-rsa AAAAB3NzaC1yc2EAAAADAQABAAABgQC8r2DjIaat7zRm53uX2bW0EX22nSRIvEDkY/KgJgvXU20zltl96CFKDx3Rh6iAsxeUGGkepDZJpd2GEPweqtMUZMD/iTJmtQi93t7Ng4pJFCuSfwpbh46PcgLPBWeCMXjmPdNlHf1Rx/BX3vbsyQWDqOvVQp/EbtH+f/9FB1ooq5LynJ73n1I5W+R3KjqxZu7Benukl0biZ0C43lJ5mxhlbvUzsSM/SIAv4/rW7L7tGbwmA1++hrRGpNGgikEztQsXVc9q29dlhDrDvNJ2+fzUFdGd94gNwQzrkFgIwIOTnZ0TIhEOoOMs9z3gOtTDrPHgKLmsYolQVkOomWtCluNeF8R/4GLirZPpPKEMeTmfvvt2KAJwqVyINNHkLM3UjW1ZD/ORaAvogEI4WFCa8qC1H4uM1uIWfTztZc9UuWU+akK1j0F5kCGG+9CUAFgMB/+QQ1HK4LMxZ2844wt86Cwtzsd59P0XVk3t/Nr4BGEw7CvUS+VLPfMlUTR9RoIuWis= ceph-90b24cde-ef7f-11ee-b647-cb9ed24678a4' | sudo tee -a /root/.ssh/authorized_keys && sudo chmod 0600 /root/.ssh/authorized_keys
2024-03-31T16:58:32.852 INFO:teuthology.orchestra.run.smithi181.stdout:ssh-rsa AAAAB3NzaC1yc2EAAAADAQABAAABgQC8r2DjIaat7zRm53uX2bW0EX22nSRIvEDkY/KgJgvXU20zltl96CFKDx3Rh6iAsxeUGGkepDZJpd2GEPweqtMUZMD/iTJmtQi93t7Ng4pJFCuSfwpbh46PcgLPBWeCMXjmPdNlHf1Rx/BX3vbsyQWDqOvVQp/EbtH+f/9FB1ooq5LynJ73n1I5W+R3KjqxZu7Benukl0biZ0C43lJ5mxhlbvUzsSM/SIAv4/rW7L7tGbwmA1++hrRGpNGgikEztQsXVc9q29dlhDrDvNJ2+fzUFdGd94gNwQzrkFgIwIOTnZ0TIhEOoOMs9z3gOtTDrPHgKLmsYolQVkOomWtCluNeF8R/4GLirZPpPKEMeTmfvvt2KAJwqVyINNHkLM3UjW1ZD/ORaAvogEI4WFCa8qC1H4uM1uIWfTztZc9UuWU+akK1j0F5kCGG+9CUAFgMB/+QQ1HK4LMxZ2844wt86Cwtzsd59P0XVk3t/Nr4BGEw7CvUS+VLPfMlUTR9RoIuWis= ceph-90b24cde-ef7f-11ee-b647-cb9ed24678a4
2024-03-31T16:58:32.917 DEBUG:teuthology.orchestra.run.smithi162:> sudo /home/ubuntu/cephtest/cephadm --image quay.ceph.io/ceph-ci/ceph:quincy shell -c /etc/ceph/ceph.conf -k /etc/ceph/ceph.client.admin.keyring --fsid 90b24cde-ef7f-11ee-b647-cb9ed24678a4 -- ceph config set mgr mgr/cephadm/allow_ptrace true
2024-03-31T16:58:33.362 INFO:teuthology.orchestra.run.smithi162.stderr:Inferring config /var/lib/ceph/90b24cde-ef7f-11ee-b647-cb9ed24678a4/mon.smithi162/config
2024-03-31T16:58:36.339 INFO:journalctl@ceph.mon.smithi162.smithi162.stdout:Mar 31 16:58:35 smithi162 ceph-mon[28943]: from='mgr.14162 172.21.15.162:0/759115171' entity='mgr.smithi162.bfrbav'
2024-03-31T16:58:36.339 INFO:journalctl@ceph.mon.smithi162.smithi162.stdout:Mar 31 16:58:35 smithi162 ceph-mon[28943]: from='mgr.14162 172.21.15.162:0/759115171' entity='mgr.smithi162.bfrbav'
2024-03-31T16:58:36.340 INFO:journalctl@ceph.mon.smithi162.smithi162.stdout:Mar 31 16:58:35 smithi162 ceph-mon[28943]: from='mgr.14162 172.21.15.162:0/759115171' entity='mgr.smithi162.bfrbav' cmd=[{"prefix": "config rm", "who": "osd/host:smithi162", "name": "osd_memory_target"}]: dispatch
2024-03-31T16:58:36.340 INFO:journalctl@ceph.mon.smithi162.smithi162.stdout:Mar 31 16:58:35 smithi162 ceph-mon[28943]: from='mgr.14162 172.21.15.162:0/759115171' entity='mgr.smithi162.bfrbav'
2024-03-31T16:58:36.340 INFO:journalctl@ceph.mon.smithi162.smithi162.stdout:Mar 31 16:58:35 smithi162 ceph-mon[28943]: from='mgr.14162 172.21.15.162:0/759115171' entity='mgr.smithi162.bfrbav' cmd=[{"prefix": "auth get-or-create", "entity": "client.crash.smithi162", "caps": ["mon", "profile crash", "mgr", "profile crash"]}]: dispatch
2024-03-31T16:58:36.340 INFO:journalctl@ceph.mon.smithi162.smithi162.stdout:Mar 31 16:58:35 smithi162 ceph-mon[28943]: from='mgr.14162 172.21.15.162:0/759115171' entity='mgr.smithi162.bfrbav' cmd='[{"prefix": "auth get-or-create", "entity": "client.crash.smithi162", "caps": ["mon", "profile crash", "mgr", "profile crash"]}]': finished
2024-03-31T16:58:36.340 INFO:journalctl@ceph.mon.smithi162.smithi162.stdout:Mar 31 16:58:35 smithi162 ceph-mon[28943]: from='mgr.14162 172.21.15.162:0/759115171' entity='mgr.smithi162.bfrbav' cmd=[{"prefix": "config generate-minimal-conf"}]: dispatch
2024-03-31T16:58:36.340 INFO:journalctl@ceph.mon.smithi162.smithi162.stdout:Mar 31 16:58:35 smithi162 ceph-mon[28943]: Deploying daemon crash.smithi162 on smithi162
2024-03-31T16:58:36.498 INFO:teuthology.orchestra.run.smithi162.stderr:2024-03-31T16:58:36.493+0000 7fe88ca00700 1 -- 172.21.15.162:0/517607804 >> [v2:172.21.15.162:3300/0,v1:172.21.15.162:6789/0] conn(0x7fe88806fa30 msgr2=0x7fe88806e1b0 secure :-1 s=STATE_CONNECTION_ESTABLISHED l=1).mark_down
2024-03-31T16:58:36.498 INFO:teuthology.orchestra.run.smithi162.stderr:2024-03-31T16:58:36.493+0000 7fe88ca00700 1 --2- 172.21.15.162:0/517607804 >> [v2:172.21.15.162:3300/0,v1:172.21.15.162:6789/0] conn(0x7fe88806fa30 0x7fe88806e1b0 secure :-1 s=READY pgs=90 cs=0 l=1 rev1=1 crypto rx=0x7fe8780048c0 tx=0x7fe878009e30 comp rx=0 tx=0).stop
2024-03-31T16:58:36.498 INFO:teuthology.orchestra.run.smithi162.stderr:2024-03-31T16:58:36.493+0000 7fe88ca00700 1 -- 172.21.15.162:0/517607804 shutdown_connections
2024-03-31T16:58:36.498 INFO:teuthology.orchestra.run.smithi162.stderr:2024-03-31T16:58:36.493+0000 7fe88ca00700 1 --2- 172.21.15.162:0/517607804 >> [v2:172.21.15.162:3300/0,v1:172.21.15.162:6789/0] conn(0x7fe88806fa30 0x7fe88806e1b0 unknown :-1 s=CLOSED pgs=90 cs=0 l=1 rev1=1 crypto rx=0 tx=0 comp rx=0 tx=0).stop
2024-03-31T16:58:36.498 INFO:teuthology.orchestra.run.smithi162.stderr:2024-03-31T16:58:36.493+0000 7fe88ca00700 1 -- 172.21.15.162:0/517607804 >> 172.21.15.162:0/517607804 conn(0x7fe888069e70 msgr2=0x7fe88806c2a0 unknown :-1 s=STATE_NONE l=0).mark_down
2024-03-31T16:58:36.498 INFO:teuthology.orchestra.run.smithi162.stderr:2024-03-31T16:58:36.493+0000 7fe88ca00700 1 -- 172.21.15.162:0/517607804 shutdown_connections
2024-03-31T16:58:36.498 INFO:teuthology.orchestra.run.smithi162.stderr:2024-03-31T16:58:36.493+0000 7fe88ca00700 1 -- 172.21.15.162:0/517607804 wait complete.
2024-03-31T16:58:36.498 INFO:teuthology.orchestra.run.smithi162.stderr:2024-03-31T16:58:36.494+0000 7fe88ca00700 1 Processor -- start
2024-03-31T16:58:36.498 INFO:teuthology.orchestra.run.smithi162.stderr:2024-03-31T16:58:36.494+0000 7fe88ca00700 1 -- start start
2024-03-31T16:58:36.498 INFO:teuthology.orchestra.run.smithi162.stderr:2024-03-31T16:58:36.495+0000 7fe88ca00700 1 --2- >> [v2:172.21.15.162:3300/0,v1:172.21.15.162:6789/0] conn(0x7fe88806fa30 0x7fe888117ac0 unknown :-1 s=NONE pgs=0 cs=0 l=1 rev1=0 crypto rx=0 tx=0 comp rx=0 tx=0).connect
2024-03-31T16:58:36.499 INFO:teuthology.orchestra.run.smithi162.stderr:2024-03-31T16:58:36.495+0000 7fe88ca00700 1 -- --> [v2:172.21.15.162:3300/0,v1:172.21.15.162:6789/0] -- mon_getmap magic: 0 v1 -- 0x7fe888118000 con 0x7fe88806fa30
2024-03-31T16:58:36.499 INFO:teuthology.orchestra.run.smithi162.stderr:2024-03-31T16:58:36.495+0000 7fe885e00700 1 --2- >> [v2:172.21.15.162:3300/0,v1:172.21.15.162:6789/0] conn(0x7fe88806fa30 0x7fe888117ac0 unknown :-1 s=BANNER_CONNECTING pgs=0 cs=0 l=1 rev1=0 crypto rx=0 tx=0 comp rx=0 tx=0)._handle_peer_banner_payload supported=3 required=0
2024-03-31T16:58:36.499 INFO:teuthology.orchestra.run.smithi162.stderr:2024-03-31T16:58:36.495+0000 7fe885e00700 1 --2- >> [v2:172.21.15.162:3300/0,v1:172.21.15.162:6789/0] conn(0x7fe88806fa30 0x7fe888117ac0 unknown :-1 s=HELLO_CONNECTING pgs=0 cs=0 l=1 rev1=1 crypto rx=0 tx=0 comp rx=0 tx=0).handle_hello peer v2:172.21.15.162:3300/0 says I am v2:172.21.15.162:43402/0 (socket says 172.21.15.162:43402)
2024-03-31T16:58:36.499 INFO:teuthology.orchestra.run.smithi162.stderr:2024-03-31T16:58:36.495+0000 7fe885e00700 1 -- 172.21.15.162:0/2149358326 learned_addr learned my addr 172.21.15.162:0/2149358326 (peer_addr_for_me v2:172.21.15.162:0/0)
2024-03-31T16:58:36.499 INFO:teuthology.orchestra.run.smithi162.stderr:2024-03-31T16:58:36.495+0000 7fe885e00700 1 -- 172.21.15.162:0/2149358326 --> [v2:172.21.15.162:3300/0,v1:172.21.15.162:6789/0] -- mon_subscribe({config=0+,monmap=0+}) v3 -- 0x7fe878005040 con 0x7fe88806fa30
2024-03-31T16:58:36.499 INFO:teuthology.orchestra.run.smithi162.stderr:2024-03-31T16:58:36.495+0000 7fe885e00700 1 --2- 172.21.15.162:0/2149358326 >> [v2:172.21.15.162:3300/0,v1:172.21.15.162:6789/0] conn(0x7fe88806fa30 0x7fe888117ac0 secure :-1 s=READY pgs=91 cs=0 l=1 rev1=1 crypto rx=0x7fe87800b900 tx=0x7fe878009e30 comp rx=0 tx=0).ready entity=mon.0 client_cookie=0 server_cookie=0 in_seq=0 out_seq=0
2024-03-31T16:58:36.500 INFO:teuthology.orchestra.run.smithi162.stderr:2024-03-31T16:58:36.496+0000 7fe87e000700 1 -- 172.21.15.162:0/2149358326 <== mon.0 v2:172.21.15.162:3300/0 1 ==== mon_map magic: 0 v1 ==== 229+0+0 (secure 0 0 0) 0x7fe87800b5c0 con 0x7fe88806fa30
2024-03-31T16:58:36.500 INFO:teuthology.orchestra.run.smithi162.stderr:2024-03-31T16:58:36.496+0000 7fe87e000700 1 -- 172.21.15.162:0/2149358326 <== mon.0 v2:172.21.15.162:3300/0 2 ==== config(27 keys) v1 ==== 1109+0+0 (secure 0 0 0) 0x7fe87800be70 con 0x7fe88806fa30
2024-03-31T16:58:36.500 INFO:teuthology.orchestra.run.smithi162.stderr:2024-03-31T16:58:36.496+0000 7fe87e000700 1 -- 172.21.15.162:0/2149358326 <== mon.0 v2:172.21.15.162:3300/0 3 ==== mon_map magic: 0 v1 ==== 229+0+0 (secure 0 0 0) 0x7fe87801c590 con 0x7fe88806fa30
2024-03-31T16:58:36.500 INFO:teuthology.orchestra.run.smithi162.stderr:2024-03-31T16:58:36.496+0000 7fe88ca00700 1 -- 172.21.15.162:0/2149358326 --> [v2:172.21.15.162:3300/0,v1:172.21.15.162:6789/0] -- mon_subscribe({mgrmap=0+}) v3 -- 0x7fe888118200 con 0x7fe88806fa30
2024-03-31T16:58:36.500 INFO:teuthology.orchestra.run.smithi162.stderr:2024-03-31T16:58:36.496+0000 7fe88ca00700 1 -- 172.21.15.162:0/2149358326 --> [v2:172.21.15.162:3300/0,v1:172.21.15.162:6789/0] -- mon_subscribe({osdmap=0}) v3 -- 0x7fe888118d70 con 0x7fe88806fa30
2024-03-31T16:58:36.500 INFO:teuthology.orchestra.run.smithi162.stderr:2024-03-31T16:58:36.497+0000 7fe87e000700 1 -- 172.21.15.162:0/2149358326 <== mon.0 v2:172.21.15.162:3300/0 4 ==== mgrmap(e 13) v1 ==== 43425+0+0 (secure 0 0 0) 0x7fe878004d30 con 0x7fe88806fa30
2024-03-31T16:58:36.501 INFO:teuthology.orchestra.run.smithi162.stderr:2024-03-31T16:58:36.498+0000 7fe87e000700 1 --2- 172.21.15.162:0/2149358326 >> [v2:172.21.15.162:6800/894145142,v1:172.21.15.162:6801/894145142] conn(0x7fe86c0368d0 0x7fe86c038d80 unknown :-1 s=NONE pgs=0 cs=0 l=1 rev1=0 crypto rx=0 tx=0 comp rx=0 tx=0).connect
2024-03-31T16:58:36.501 INFO:teuthology.orchestra.run.smithi162.stderr:2024-03-31T16:58:36.498+0000 7fe87e000700 1 -- 172.21.15.162:0/2149358326 <== mon.0 v2:172.21.15.162:3300/0 5 ==== osd_map(3..3 src has 1..3) v4 ==== 1151+0+0 (secure 0 0 0) 0x7fe878049440 con 0x7fe88806fa30
2024-03-31T16:58:36.501 INFO:teuthology.orchestra.run.smithi162.stderr:2024-03-31T16:58:36.498+0000 7fe88ca00700 1 -- 172.21.15.162:0/2149358326 --> [v2:172.21.15.162:3300/0,v1:172.21.15.162:6789/0] -- mon_command({"prefix": "get_command_descriptions"} v 0) v1 -- 0x7fe88810d980 con 0x7fe88806fa30
2024-03-31T16:58:36.501 INFO:teuthology.orchestra.run.smithi162.stderr:2024-03-31T16:58:36.498+0000 7fe885400700 1 --2- 172.21.15.162:0/2149358326 >> [v2:172.21.15.162:6800/894145142,v1:172.21.15.162:6801/894145142] conn(0x7fe86c0368d0 0x7fe86c038d80 unknown :-1 s=BANNER_CONNECTING pgs=0 cs=0 l=1 rev1=0 crypto rx=0 tx=0 comp rx=0 tx=0)._handle_peer_banner_payload supported=3 required=0
2024-03-31T16:58:36.501 INFO:teuthology.orchestra.run.smithi162.stderr:2024-03-31T16:58:36.499+0000 7fe885400700 1 --2- 172.21.15.162:0/2149358326 >> [v2:172.21.15.162:6800/894145142,v1:172.21.15.162:6801/894145142] conn(0x7fe86c0368d0 0x7fe86c038d80 secure :-1 s=READY pgs=12 cs=0 l=1 rev1=1 crypto rx=0x7fe874009990 tx=0x7fe874006e40 comp rx=0 tx=0).ready entity=mgr.14162 client_cookie=0 server_cookie=0 in_seq=0 out_seq=0
2024-03-31T16:58:36.506 INFO:teuthology.orchestra.run.smithi162.stderr:2024-03-31T16:58:36.503+0000 7fe87e000700 1 -- 172.21.15.162:0/2149358326 <== mon.0 v2:172.21.15.162:3300/0 6 ==== mon_command_ack([{"prefix": "get_command_descriptions"}]=0 v0) v1 ==== 72+0+176504 (secure 0 0 0) 0x7fe878021030 con 0x7fe88806fa30
2024-03-31T16:58:36.717 INFO:teuthology.orchestra.run.smithi162.stderr:2024-03-31T16:58:36.715+0000 7fe88ca00700 1 -- 172.21.15.162:0/2149358326 --> [v2:172.21.15.162:3300/0,v1:172.21.15.162:6789/0] -- mon_command([{prefix=config set, name=mgr/cephadm/allow_ptrace}] v 0) v1 -- 0x7fe88810d340 con 0x7fe88806fa30
2024-03-31T16:58:36.725 INFO:teuthology.orchestra.run.smithi162.stderr:2024-03-31T16:58:36.722+0000 7fe87e000700 1 -- 172.21.15.162:0/2149358326 <== mon.0 v2:172.21.15.162:3300/0 7 ==== mon_command_ack([{prefix=config set, name=mgr/cephadm/allow_ptrace}]=0 v9)=0 v9) v1 ==== 125+0+0 (secure 0 0 0) 0x7fe88810d340 con 0x7fe88806fa30
2024-03-31T16:58:36.728 INFO:teuthology.orchestra.run.smithi162.stderr:2024-03-31T16:58:36.726+0000 7fe88ca00700 1 -- 172.21.15.162:0/2149358326 >> [v2:172.21.15.162:6800/894145142,v1:172.21.15.162:6801/894145142] conn(0x7fe86c0368d0 msgr2=0x7fe86c038d80 secure :-1 s=STATE_CONNECTION_ESTABLISHED l=1).mark_down
2024-03-31T16:58:36.728 INFO:teuthology.orchestra.run.smithi162.stderr:2024-03-31T16:58:36.726+0000 7fe88ca00700 1 --2- 172.21.15.162:0/2149358326 >> [v2:172.21.15.162:6800/894145142,v1:172.21.15.162:6801/894145142] conn(0x7fe86c0368d0 0x7fe86c038d80 secure :-1 s=READY pgs=12 cs=0 l=1 rev1=1 crypto rx=0x7fe874009990 tx=0x7fe874006e40 comp rx=0 tx=0).stop
2024-03-31T16:58:36.728 INFO:teuthology.orchestra.run.smithi162.stderr:2024-03-31T16:58:36.726+0000 7fe88ca00700 1 -- 172.21.15.162:0/2149358326 >> [v2:172.21.15.162:3300/0,v1:172.21.15.162:6789/0] conn(0x7fe88806fa30 msgr2=0x7fe888117ac0 secure :-1 s=STATE_CONNECTION_ESTABLISHED l=1).mark_down
2024-03-31T16:58:36.728 INFO:teuthology.orchestra.run.smithi162.stderr:2024-03-31T16:58:36.726+0000 7fe88ca00700 1 --2- 172.21.15.162:0/2149358326 >> [v2:172.21.15.162:3300/0,v1:172.21.15.162:6789/0] conn(0x7fe88806fa30 0x7fe888117ac0 secure :-1 s=READY pgs=91 cs=0 l=1 rev1=1 crypto rx=0x7fe87800b900 tx=0x7fe878009e30 comp rx=0 tx=0).stop
2024-03-31T16:58:36.729 INFO:teuthology.orchestra.run.smithi162.stderr:2024-03-31T16:58:36.726+0000 7fe88ca00700 1 -- 172.21.15.162:0/2149358326 shutdown_connections
2024-03-31T16:58:36.729 INFO:teuthology.orchestra.run.smithi162.stderr:2024-03-31T16:58:36.726+0000 7fe88ca00700 1 --2- 172.21.15.162:0/2149358326 >> [v2:172.21.15.162:6800/894145142,v1:172.21.15.162:6801/894145142] conn(0x7fe86c0368d0 0x7fe86c038d80 unknown :-1 s=CLOSED pgs=12 cs=0 l=1 rev1=1 crypto rx=0 tx=0 comp rx=0 tx=0).stop
2024-03-31T16:58:36.729 INFO:teuthology.orchestra.run.smithi162.stderr:2024-03-31T16:58:36.726+0000 7fe88ca00700 1 --2- 172.21.15.162:0/2149358326 >> [v2:172.21.15.162:3300/0,v1:172.21.15.162:6789/0] conn(0x7fe88806fa30 0x7fe888117ac0 unknown :-1 s=CLOSED pgs=91 cs=0 l=1 rev1=1 crypto rx=0 tx=0 comp rx=0 tx=0).stop
2024-03-31T16:58:36.729 INFO:teuthology.orchestra.run.smithi162.stderr:2024-03-31T16:58:36.726+0000 7fe88ca00700 1 -- 172.21.15.162:0/2149358326 >> 172.21.15.162:0/2149358326 conn(0x7fe888069e70 msgr2=0x7fe88810e5b0 unknown :-1 s=STATE_NONE l=0).mark_down
2024-03-31T16:58:36.729 INFO:teuthology.orchestra.run.smithi162.stderr:2024-03-31T16:58:36.726+0000 7fe88ca00700 1 -- 172.21.15.162:0/2149358326 shutdown_connections
2024-03-31T16:58:36.729 INFO:teuthology.orchestra.run.smithi162.stderr:2024-03-31T16:58:36.727+0000 7fe88ca00700 1 -- 172.21.15.162:0/2149358326 wait complete.
2024-03-31T16:58:37.578 INFO:tasks.cephadm:Distributing conf and client.admin keyring to all hosts + 0755
2024-03-31T16:58:37.578 DEBUG:teuthology.orchestra.run.smithi162:> sudo /home/ubuntu/cephtest/cephadm --image quay.ceph.io/ceph-ci/ceph:quincy shell -c /etc/ceph/ceph.conf -k /etc/ceph/ceph.client.admin.keyring --fsid 90b24cde-ef7f-11ee-b647-cb9ed24678a4 -- ceph orch client-keyring set client.admin '*' --mode 0755
2024-03-31T16:58:37.855 INFO:journalctl@ceph.mon.smithi162.smithi162.stdout:Mar 31 16:58:37 smithi162 ceph-mon[28943]: from='client.? 172.21.15.162:0/2149358326' entity='client.admin'
2024-03-31T16:58:38.388 INFO:teuthology.orchestra.run.smithi162.stderr:Inferring config /var/lib/ceph/90b24cde-ef7f-11ee-b647-cb9ed24678a4/mon.smithi162/config
2024-03-31T16:58:40.599 INFO:teuthology.orchestra.run.smithi162.stderr:2024-03-31T16:58:40.595+0000 7f3fa0000700 1 -- 172.21.15.162:0/3118966493 >> [v2:172.21.15.162:3300/0,v1:172.21.15.162:6789/0] conn(0x7f3f980fec70 msgr2=0x7f3f980ff080 secure :-1 s=STATE_CONNECTION_ESTABLISHED l=1).mark_down
2024-03-31T16:58:40.599 INFO:teuthology.orchestra.run.smithi162.stderr:2024-03-31T16:58:40.595+0000 7f3fa0000700 1 --2- 172.21.15.162:0/3118966493 >> [v2:172.21.15.162:3300/0,v1:172.21.15.162:6789/0] conn(0x7f3f980fec70 0x7f3f980ff080 secure :-1 s=READY pgs=92 cs=0 l=1 rev1=1 crypto rx=0x7f3f8c0048c0 tx=0x7f3f8c009e30 comp rx=0 tx=0).stop
2024-03-31T16:58:40.599 INFO:teuthology.orchestra.run.smithi162.stderr:2024-03-31T16:58:40.595+0000 7f3fa0000700 1 -- 172.21.15.162:0/3118966493 shutdown_connections
2024-03-31T16:58:40.599 INFO:teuthology.orchestra.run.smithi162.stderr:2024-03-31T16:58:40.595+0000 7f3fa0000700 1 --2- 172.21.15.162:0/3118966493 >> [v2:172.21.15.162:3300/0,v1:172.21.15.162:6789/0] conn(0x7f3f980fec70 0x7f3f980ff080 unknown :-1 s=CLOSED pgs=92 cs=0 l=1 rev1=1 crypto rx=0 tx=0 comp rx=0 tx=0).stop
2024-03-31T16:58:40.599 INFO:teuthology.orchestra.run.smithi162.stderr:2024-03-31T16:58:40.595+0000 7f3fa0000700 1 -- 172.21.15.162:0/3118966493 >> 172.21.15.162:0/3118966493 conn(0x7f3f980fa5d0 msgr2=0x7f3f980fc9b0 unknown :-1 s=STATE_NONE l=0).mark_down
2024-03-31T16:58:40.599 INFO:teuthology.orchestra.run.smithi162.stderr:2024-03-31T16:58:40.595+0000 7f3fa0000700 1 -- 172.21.15.162:0/3118966493 shutdown_connections
2024-03-31T16:58:40.599 INFO:teuthology.orchestra.run.smithi162.stderr:2024-03-31T16:58:40.595+0000 7f3fa0000700 1 -- 172.21.15.162:0/3118966493 wait complete.
2024-03-31T16:58:40.599 INFO:teuthology.orchestra.run.smithi162.stderr:2024-03-31T16:58:40.596+0000 7f3fa0000700 1 Processor -- start
2024-03-31T16:58:40.599 INFO:teuthology.orchestra.run.smithi162.stderr:2024-03-31T16:58:40.596+0000 7f3fa0000700 1 -- start start
2024-03-31T16:58:40.600 INFO:teuthology.orchestra.run.smithi162.stderr:2024-03-31T16:58:40.597+0000 7f3fa0000700 1 --2- >> [v2:172.21.15.162:3300/0,v1:172.21.15.162:6789/0] conn(0x7f3f980fec70 0x7f3f9810f2d0 unknown :-1 s=NONE pgs=0 cs=0 l=1 rev1=0 crypto rx=0 tx=0 comp rx=0 tx=0).connect
2024-03-31T16:58:40.601 INFO:teuthology.orchestra.run.smithi162.stderr:2024-03-31T16:58:40.597+0000 7f3fa0000700 1 -- --> [v2:172.21.15.162:3300/0,v1:172.21.15.162:6789/0] -- mon_getmap magic: 0 v1 -- 0x7f3f9810f810 con 0x7f3f980fec70
2024-03-31T16:58:40.601 INFO:teuthology.orchestra.run.smithi162.stderr:2024-03-31T16:58:40.597+0000 7f3f9d600700 1 --2- >> [v2:172.21.15.162:3300/0,v1:172.21.15.162:6789/0] conn(0x7f3f980fec70 0x7f3f9810f2d0 unknown :-1 s=BANNER_CONNECTING pgs=0 cs=0 l=1 rev1=0 crypto rx=0 tx=0 comp rx=0 tx=0)._handle_peer_banner_payload supported=3 required=0
2024-03-31T16:58:40.601 INFO:teuthology.orchestra.run.smithi162.stderr:2024-03-31T16:58:40.597+0000 7f3f9d600700 1 --2- >> [v2:172.21.15.162:3300/0,v1:172.21.15.162:6789/0] conn(0x7f3f980fec70 0x7f3f9810f2d0 unknown :-1 s=HELLO_CONNECTING pgs=0 cs=0 l=1 rev1=1 crypto rx=0 tx=0 comp rx=0 tx=0).handle_hello peer v2:172.21.15.162:3300/0 says I am v2:172.21.15.162:59252/0 (socket says 172.21.15.162:59252)
2024-03-31T16:58:40.601 INFO:teuthology.orchestra.run.smithi162.stderr:2024-03-31T16:58:40.597+0000 7f3f9d600700 1 -- 172.21.15.162:0/1126780417 learned_addr learned my addr 172.21.15.162:0/1126780417 (peer_addr_for_me v2:172.21.15.162:0/0)
2024-03-31T16:58:40.601 INFO:teuthology.orchestra.run.smithi162.stderr:2024-03-31T16:58:40.597+0000 7f3f9d600700 1 -- 172.21.15.162:0/1126780417 --> [v2:172.21.15.162:3300/0,v1:172.21.15.162:6789/0] -- mon_subscribe({config=0+,monmap=0+}) v3 -- 0x7f3f8c005040 con 0x7f3f980fec70
