2024-04-01T15:55:43.818+0000 7f515ac00700 1 --2- >> [v2:172.21.15.178:3300/0,v1:172.21.15.178:6789/0] conn(0x7f5154076af0 0x7f5154105570 unknown :-1 s=NONE pgs=0 cs=0 l=0 rev1=0 crypto rx=0 tx=0 comp rx=0 tx=0).connect
2024-04-01T15:55:44.815 INFO:teuthology.orchestra.run.smithi178.stdout:/usr/bin/ceph: stderr
2024-04-01T15:55:43.818+0000 7f515ac00700 1 -- --> [v2:172.21.15.178:3300/0,v1:172.21.15.178:6789/0] -- mon_getmap magic: 0 v1 -- 0x7f5154076f00 con 0x7f5154076af0
2024-04-01T15:55:44.815 INFO:teuthology.orchestra.run.smithi178.stdout:/usr/bin/ceph: stderr
2024-04-01T15:55:43.818+0000 7f5153e00700 1 --2- >> [v2:172.21.15.178:3300/0,v1:172.21.15.178:6789/0] conn(0x7f5154076af0 0x7f5154105570 unknown :-1 s=BANNER_CONNECTING pgs=0 cs=0 l=0 rev1=0 crypto rx=0 tx=0 comp rx=0 tx=0)._handle_peer_banner_payload supported=3 required=0
2024-04-01T15:55:44.815 INFO:teuthology.orchestra.run.smithi178.stdout:/usr/bin/ceph: stderr
2024-04-01T15:55:43.819+0000 7f5153e00700 1 --2- >> [v2:172.21.15.178:3300/0,v1:172.21.15.178:6789/0] conn(0x7f5154076af0 0x7f5154105570 unknown :-1 s=HELLO_CONNECTING pgs=0 cs=0 l=0 rev1=1 crypto rx=0 tx=0 comp rx=0 tx=0).handle_hello peer v2:172.21.15.178:3300/0 says I am v2:172.21.15.178:41792/0 (socket says 172.21.15.178:41792)
2024-04-01T15:55:44.816 INFO:teuthology.orchestra.run.smithi178.stdout:/usr/bin/ceph: stderr
2024-04-01T15:55:43.819+0000 7f5153e00700 1 -- 172.21.15.178:0/85707108 learned_addr learned my addr 172.21.15.178:0/85707108 (peer_addr_for_me v2:172.21.15.178:0/0)
2024-04-01T15:55:44.816 INFO:teuthology.orchestra.run.smithi178.stdout:/usr/bin/ceph: stderr
2024-04-01T15:55:43.819+0000 7f5153e00700 1 -- 172.21.15.178:0/85707108 --> [v2:172.21.15.178:3300/0,v1:172.21.15.178:6789/0] -- mon_subscribe({config=0+,monmap=0+}) v3 -- 0x7f5154105ab0 con 0x7f5154076af0
2024-04-01T15:55:44.816 INFO:teuthology.orchestra.run.smithi178.stdout:/usr/bin/ceph: stderr
2024-04-01T15:55:43.819+0000 7f5153e00700 1 --2- 172.21.15.178:0/85707108 >> [v2:172.21.15.178:3300/0,v1:172.21.15.178:6789/0] conn(0x7f5154076af0 0x7f5154105570 secure :-1 s=READY pgs=43 cs=0 l=1 rev1=1 crypto rx=0x7f51440098e0 tx=0x7f5144009250 comp rx=0 tx=0).ready entity=mon.0 client_cookie=545d172a05c48d46 server_cookie=0 in_seq=0 out_seq=0
2024-04-01T15:55:44.816 INFO:teuthology.orchestra.run.smithi178.stdout:/usr/bin/ceph: stderr
2024-04-01T15:55:43.820+0000 7f5152a00700 1 -- 172.21.15.178:0/85707108 <== mon.0 v2:172.21.15.178:3300/0 1 ==== mon_map magic: 0 v1 ==== 229+0+0 (secure 0 0 0) 0x7f514400b8f0 con 0x7f5154076af0
2024-04-01T15:55:44.816 INFO:teuthology.orchestra.run.smithi178.stdout:/usr/bin/ceph: stderr
2024-04-01T15:55:43.820+0000 7f5152a00700 1 -- 172.21.15.178:0/85707108 <== mon.0 v2:172.21.15.178:3300/0 2 ==== config(27 keys) v1 ==== 1044+0+0 (secure 0 0 0) 0x7f5144011420 con 0x7f5154076af0
2024-04-01T15:55:44.817 INFO:teuthology.orchestra.run.smithi178.stdout:/usr/bin/ceph: stderr
2024-04-01T15:55:43.820+0000 7f5152a00700 1 -- 172.21.15.178:0/85707108 <== mon.0 v2:172.21.15.178:3300/0 3 ==== mon_map magic: 0 v1 ==== 229+0+0 (secure 0 0 0) 0x7f5144010540 con 0x7f5154076af0
2024-04-01T15:55:44.817 INFO:teuthology.orchestra.run.smithi178.stdout:/usr/bin/ceph: stderr
2024-04-01T15:55:43.820+0000 7f515ac00700 1 -- 172.21.15.178:0/85707108 >> [v2:172.21.15.178:3300/0,v1:172.21.15.178:6789/0] conn(0x7f5154076af0 msgr2=0x7f5154105570 secure :-1 s=STATE_CONNECTION_ESTABLISHED l=1).mark_down
2024-04-01T15:55:44.817 INFO:teuthology.orchestra.run.smithi178.stdout:/usr/bin/ceph: stderr
2024-04-01T15:55:43.820+0000 7f515ac00700 1 --2- 172.21.15.178:0/85707108 >> [v2:172.21.15.178:3300/0,v1:172.21.15.178:6789/0] conn(0x7f5154076af0 0x7f5154105570 secure :-1 s=READY pgs=43 cs=0 l=1 rev1=1 crypto rx=0x7f51440098e0 tx=0x7f5144009250 comp rx=0 tx=0).stop
2024-04-01T15:55:44.818 INFO:teuthology.orchestra.run.smithi178.stdout:/usr/bin/ceph: stderr
2024-04-01T15:55:43.821+0000 7f515ac00700 1 -- 172.21.15.178:0/85707108 shutdown_connections
2024-04-01T15:55:44.818 INFO:teuthology.orchestra.run.smithi178.stdout:/usr/bin/ceph: stderr
2024-04-01T15:55:43.821+0000 7f515ac00700 1 --2- 172.21.15.178:0/85707108 >> [v2:172.21.15.178:3300/0,v1:172.21.15.178:6789/0] conn(0x7f5154076af0 0x7f5154105570 unknown :-1 s=CLOSED pgs=43 cs=0 l=1 rev1=1 crypto rx=0 tx=0 comp rx=0 tx=0).stop
2024-04-01T15:55:44.818 INFO:teuthology.orchestra.run.smithi178.stdout:/usr/bin/ceph: stderr
2024-04-01T15:55:43.821+0000 7f515ac00700 1 -- 172.21.15.178:0/85707108 >> 172.21.15.178:0/85707108 conn(0x7f51540fcfa0 msgr2=0x7f51540ff3f0 unknown :-1 s=STATE_NONE l=0).mark_down
2024-04-01T15:55:44.818 INFO:teuthology.orchestra.run.smithi178.stdout:/usr/bin/ceph: stderr
2024-04-01T15:55:43.821+0000 7f515ac00700 1 -- 172.21.15.178:0/85707108 shutdown_connections
2024-04-01T15:55:44.818 INFO:teuthology.orchestra.run.smithi178.stdout:/usr/bin/ceph: stderr
2024-04-01T15:55:43.821+0000 7f515ac00700 1 -- 172.21.15.178:0/85707108 wait complete.
2024-04-01T15:55:44.818 INFO:teuthology.orchestra.run.smithi178.stdout:/usr/bin/ceph: stderr
2024-04-01T15:55:43.822+0000 7f515ac00700 1 Processor -- start
2024-04-01T15:55:44.819 INFO:teuthology.orchestra.run.smithi178.stdout:/usr/bin/ceph: stderr
2024-04-01T15:55:43.822+0000 7f515ac00700 1 -- start start
2024-04-01T15:55:44.819 INFO:teuthology.orchestra.run.smithi178.stdout:/usr/bin/ceph: stderr
2024-04-01T15:55:43.822+0000 7f515ac00700 1 --2- >> [v2:172.21.15.178:3300/0,v1:172.21.15.178:6789/0] conn(0x7f5154076af0 0x7f5154113930 unknown :-1 s=NONE pgs=0 cs=0 l=1 rev1=0 crypto rx=0 tx=0 comp rx=0 tx=0).connect
2024-04-01T15:55:44.819 INFO:teuthology.orchestra.run.smithi178.stdout:/usr/bin/ceph: stderr
2024-04-01T15:55:43.822+0000 7f515ac00700 1 -- --> [v2:172.21.15.178:3300/0,v1:172.21.15.178:6789/0] -- mon_getmap magic: 0 v1 -- 0x7f5154113e70 con 0x7f5154076af0
2024-04-01T15:55:44.819 INFO:teuthology.orchestra.run.smithi178.stdout:/usr/bin/ceph: stderr
2024-04-01T15:55:43.822+0000 7f5153e00700 1 --2- >> [v2:172.21.15.178:3300/0,v1:172.21.15.178:6789/0] conn(0x7f5154076af0 0x7f5154113930 unknown :-1 s=BANNER_CONNECTING pgs=0 cs=0 l=1 rev1=0 crypto rx=0 tx=0 comp rx=0 tx=0)._handle_peer_banner_payload supported=3 required=0
2024-04-01T15:55:44.819 INFO:teuthology.orchestra.run.smithi178.stdout:/usr/bin/ceph: stderr
2024-04-01T15:55:43.822+0000 7f5153e00700 1 --2- >> [v2:172.21.15.178:3300/0,v1:172.21.15.178:6789/0] conn(0x7f5154076af0 0x7f5154113930 unknown :-1 s=HELLO_CONNECTING pgs=0 cs=0 l=1 rev1=1 crypto rx=0 tx=0 comp rx=0 tx=0).handle_hello peer v2:172.21.15.178:3300/0 says I am v2:172.21.15.178:41796/0 (socket says 172.21.15.178:41796)
2024-04-01T15:55:44.822 INFO:teuthology.orchestra.run.smithi178.stdout:/usr/bin/ceph: stderr
2024-04-01T15:55:43.822+0000 7f5153e00700 1 -- 172.21.15.178:0/3051816030 learned_addr learned my addr 172.21.15.178:0/3051816030 (peer_addr_for_me v2:172.21.15.178:0/0)
2024-04-01T15:55:44.822 INFO:teuthology.orchestra.run.smithi178.stdout:/usr/bin/ceph: stderr
2024-04-01T15:55:43.823+0000 7f5153e00700 1 -- 172.21.15.178:0/3051816030 --> [v2:172.21.15.178:3300/0,v1:172.21.15.178:6789/0] -- mon_subscribe({config=0+,monmap=0+}) v3 -- 0x7f51440094f0 con 0x7f5154076af0
2024-04-01T15:55:44.822 INFO:teuthology.orchestra.run.smithi178.stdout:/usr/bin/ceph: stderr
2024-04-01T15:55:43.823+0000 7f5153e00700 1 --2- 172.21.15.178:0/3051816030 >> [v2:172.21.15.178:3300/0,v1:172.21.15.178:6789/0] conn(0x7f5154076af0 0x7f5154113930 secure :-1 s=READY pgs=44 cs=0 l=1 rev1=1 crypto rx=0x7f5144000c00 tx=0x7f5144009250 comp rx=0 tx=0).ready entity=mon.0 client_cookie=0 server_cookie=0 in_seq=0 out_seq=0
2024-04-01T15:55:44.822 INFO:teuthology.orchestra.run.smithi178.stdout:/usr/bin/ceph: stderr
2024-04-01T15:55:43.823+0000 7f514be00700 1 -- 172.21.15.178:0/3051816030 <== mon.0 v2:172.21.15.178:3300/0 1 ==== mon_map magic: 0 v1 ==== 229+0+0 (secure 0 0 0) 0x7f51440107b0 con 0x7f5154076af0
2024-04-01T15:55:44.822 INFO:teuthology.orchestra.run.smithi178.stdout:/usr/bin/ceph: stderr
2024-04-01T15:55:43.823+0000 7f515ac00700 1 -- 172.21.15.178:0/3051816030 --> [v2:172.21.15.178:3300/0,v1:172.21.15.178:6789/0] -- mon_subscribe({mgrmap=0+}) v3 -- 0x7f5154114070 con 0x7f5154076af0
2024-04-01T15:55:44.822 INFO:teuthology.orchestra.run.smithi178.stdout:/usr/bin/ceph: stderr
2024-04-01T15:55:43.823+0000 7f514be00700 1 -- 172.21.15.178:0/3051816030 <== mon.0 v2:172.21.15.178:3300/0 2 ==== config(27 keys) v1 ==== 1044+0+0 (secure 0 0 0) 0x7f5144010da0 con 0x7f5154076af0
2024-04-01T15:55:44.822 INFO:teuthology.orchestra.run.smithi178.stdout:/usr/bin/ceph: stderr
2024-04-01T15:55:43.823+0000 7f514be00700 1 -- 172.21.15.178:0/3051816030 <== mon.0 v2:172.21.15.178:3300/0 3 ==== mon_map magic: 0 v1 ==== 229+0+0 (secure 0 0 0) 0x7f514401add0 con 0x7f5154076af0
2024-04-01T15:55:44.822 INFO:teuthology.orchestra.run.smithi178.stdout:/usr/bin/ceph: stderr
2024-04-01T15:55:43.824+0000 7f515ac00700 1 -- 172.21.15.178:0/3051816030 --> [v2:172.21.15.178:3300/0,v1:172.21.15.178:6789/0] -- mon_subscribe({osdmap=0}) v3 -- 0x7f5154114be0 con 0x7f5154076af0
2024-04-01T15:55:44.822 INFO:teuthology.orchestra.run.smithi178.stdout:/usr/bin/ceph: stderr
2024-04-01T15:55:43.824+0000 7f514be00700 1 -- 172.21.15.178:0/3051816030 <== mon.0 v2:172.21.15.178:3300/0 4 ==== mgrmap(e 8) v1 ==== 43368+0+0 (secure 0 0 0) 0x7f5144010910 con 0x7f5154076af0
2024-04-01T15:55:44.822 INFO:teuthology.orchestra.run.smithi178.stdout:/usr/bin/ceph: stderr
2024-04-01T15:55:43.825+0000 7f515ac00700 1 -- 172.21.15.178:0/3051816030 --> [v2:172.21.15.178:3300/0,v1:172.21.15.178:6789/0] -- mon_command({"prefix": "get_command_descriptions"} v 0) v1 -- 0x7f515405f5f0 con 0x7f5154076af0
2024-04-01T15:55:44.822 INFO:teuthology.orchestra.run.smithi178.stdout:/usr/bin/ceph: stderr
2024-04-01T15:55:43.825+0000 7f514be00700 1 --2- 172.21.15.178:0/3051816030 >> [v2:172.21.15.178:6800/2638614448,v1:172.21.15.178:6801/2638614448] conn(0x7f5138036790 0x7f5138038c40 unknown :-1 s=NONE pgs=0 cs=0 l=1 rev1=0 crypto rx=0 tx=0 comp rx=0 tx=0).connect
2024-04-01T15:55:44.823 INFO:teuthology.orchestra.run.smithi178.stdout:/usr/bin/ceph: stderr
2024-04-01T15:55:43.825+0000 7f514be00700 1 -- 172.21.15.178:0/3051816030 <== mon.0 v2:172.21.15.178:3300/0 5 ==== osd_map(2..2 src has 1..2) v4 ==== 936+0+0 (secure 0 0 0) 0x7f514404ad10 con 0x7f5154076af0
2024-04-01T15:55:44.823 INFO:teuthology.orchestra.run.smithi178.stdout:/usr/bin/ceph: stderr
2024-04-01T15:55:43.825+0000 7f5153400700 1 --2- 172.21.15.178:0/3051816030 >> [v2:172.21.15.178:6800/2638614448,v1:172.21.15.178:6801/2638614448] conn(0x7f5138036790 0x7f5138038c40 unknown :-1 s=BANNER_CONNECTING pgs=0 cs=0 l=1 rev1=0 crypto rx=0 tx=0 comp rx=0 tx=0)._handle_peer_banner_payload supported=3 required=0
2024-04-01T15:55:44.823 INFO:teuthology.orchestra.run.smithi178.stdout:/usr/bin/ceph: stderr
2024-04-01T15:55:43.826+0000 7f5153400700 1 --2- 172.21.15.178:0/3051816030 >> [v2:172.21.15.178:6800/2638614448,v1:172.21.15.178:6801/2638614448] conn(0x7f5138036790 0x7f5138038c40 secure :-1 s=READY pgs=10 cs=0 l=1 rev1=1 crypto rx=0x7f5140009990 tx=0x7f5140006e40 comp rx=0 tx=0).ready entity=mgr.14120 client_cookie=0 server_cookie=0 in_seq=0 out_seq=0
2024-04-01T15:55:44.823 INFO:teuthology.orchestra.run.smithi178.stdout:/usr/bin/ceph: stderr
2024-04-01T15:55:43.830+0000 7f514be00700 1 -- 172.21.15.178:0/3051816030 <== mon.0 v2:172.21.15.178:3300/0 6 ==== mon_command_ack([{"prefix": "get_command_descriptions"}]=0 v0) v1 ==== 72+0+176504 (secure 0 0 0) 0x7f514401a5c0 con 0x7f5154076af0
2024-04-01T15:55:44.823 INFO:teuthology.orchestra.run.smithi178.stdout:/usr/bin/ceph: stderr
2024-04-01T15:55:44.041+0000 7f515ac00700 1 -- 172.21.15.178:0/3051816030 --> [v2:172.21.15.178:6800/2638614448,v1:172.21.15.178:6801/2638614448] -- mgr_command(tid 0: {"prefix": "cephadm get-pub-key", "target": ["mon-mgr", ""]}) v1 -- 0x7f51540fe270 con 0x7f5138036790
2024-04-01T15:55:44.823 INFO:teuthology.orchestra.run.smithi178.stdout:/usr/bin/ceph: stderr
2024-04-01T15:55:44.042+0000 7f514be00700 1 -- 172.21.15.178:0/3051816030 <== mgr.14120 v2:172.21.15.178:6800/2638614448 1 ==== mgr_command_reply(tid 0: 0 ) v1 ==== 8+0+595 (secure 0 0 0) 0x7f51540fe270 con 0x7f5138036790
2024-04-01T15:55:44.823 INFO:teuthology.orchestra.run.smithi178.stdout:/usr/bin/ceph: stderr
2024-04-01T15:55:44.045+0000 7f515ac00700 1 -- 172.21.15.178:0/3051816030 >> [v2:172.21.15.178:6800/2638614448,v1:172.21.15.178:6801/2638614448] conn(0x7f5138036790 msgr2=0x7f5138038c40 secure :-1 s=STATE_CONNECTION_ESTABLISHED l=1).mark_down
2024-04-01T15:55:44.823 INFO:teuthology.orchestra.run.smithi178.stdout:/usr/bin/ceph: stderr
2024-04-01T15:55:44.045+0000 7f515ac00700 1 --2- 172.21.15.178:0/3051816030 >> [v2:172.21.15.178:6800/2638614448,v1:172.21.15.178:6801/2638614448] conn(0x7f5138036790 0x7f5138038c40 secure :-1 s=READY pgs=10 cs=0 l=1 rev1=1 crypto rx=0x7f5140009990 tx=0x7f5140006e40 comp rx=0 tx=0).stop
2024-04-01T15:55:44.823 INFO:teuthology.orchestra.run.smithi178.stdout:/usr/bin/ceph: stderr
2024-04-01T15:55:44.045+0000 7f515ac00700 1 -- 172.21.15.178:0/3051816030 >> [v2:172.21.15.178:3300/0,v1:172.21.15.178:6789/0] conn(0x7f5154076af0 msgr2=0x7f5154113930 secure :-1 s=STATE_CONNECTION_ESTABLISHED l=1).mark_down
2024-04-01T15:55:44.823 INFO:teuthology.orchestra.run.smithi178.stdout:/usr/bin/ceph: stderr
2024-04-01T15:55:44.045+0000 7f515ac00700 1 --2- 172.21.15.178:0/3051816030 >> [v2:172.21.15.178:3300/0,v1:172.21.15.178:6789/0] conn(0x7f5154076af0 0x7f5154113930 secure :-1 s=READY pgs=44 cs=0 l=1 rev1=1 crypto rx=0x7f5144000c00 tx=0x7f5144009250 comp rx=0 tx=0).stop
2024-04-01T15:55:44.823 INFO:teuthology.orchestra.run.smithi178.stdout:/usr/bin/ceph: stderr
2024-04-01T15:55:44.045+0000 7f515ac00700 1 -- 172.21.15.178:0/3051816030 shutdown_connections
2024-04-01T15:55:44.823 INFO:teuthology.orchestra.run.smithi178.stdout:/usr/bin/ceph: stderr
2024-04-01T15:55:44.045+0000 7f515ac00700 1 --2- 172.21.15.178:0/3051816030 >> [v2:172.21.15.178:6800/2638614448,v1:172.21.15.178:6801/2638614448] conn(0x7f5138036790 0x7f5138038c40 unknown :-1 s=CLOSED pgs=10 cs=0 l=1 rev1=1 crypto rx=0 tx=0 comp rx=0 tx=0).stop
2024-04-01T15:55:44.823 INFO:teuthology.orchestra.run.smithi178.stdout:/usr/bin/ceph: stderr
2024-04-01T15:55:44.045+0000 7f515ac00700 1 --2- 172.21.15.178:0/3051816030 >> [v2:172.21.15.178:3300/0,v1:172.21.15.178:6789/0] conn(0x7f5154076af0 0x7f5154113930 unknown :-1 s=CLOSED pgs=44 cs=0 l=1 rev1=1 crypto rx=0 tx=0 comp rx=0 tx=0).stop
2024-04-01T15:55:44.824 INFO:teuthology.orchestra.run.smithi178.stdout:/usr/bin/ceph: stderr
2024-04-01T15:55:44.045+0000 7f515ac00700 1 -- 172.21.15.178:0/3051816030 >> 172.21.15.178:0/3051816030 conn(0x7f51540fcfa0 msgr2=0x7f51540fdb60 unknown :-1 s=STATE_NONE l=0).mark_down
2024-04-01T15:55:44.824 INFO:teuthology.orchestra.run.smithi178.stdout:/usr/bin/ceph: stderr
2024-04-01T15:55:44.045+0000 7f515ac00700 1 -- 172.21.15.178:0/3051816030 shutdown_connections
2024-04-01T15:55:44.824 INFO:teuthology.orchestra.run.smithi178.stdout:/usr/bin/ceph: stderr
2024-04-01T15:55:44.046+0000 7f515ac00700 1 -- 172.21.15.178:0/3051816030 wait complete.
2024-04-01T15:55:44.824 INFO:teuthology.orchestra.run.smithi178.stdout:Wrote public SSH key to /home/ubuntu/cephtest/ceph.pub
2024-04-01T15:55:44.824 INFO:teuthology.orchestra.run.smithi178.stdout:Adding key to root@localhost authorized_keys...
2024-04-01T15:55:44.824 INFO:teuthology.orchestra.run.smithi178.stdout:Adding host smithi178...
2024-04-01T15:55:47.044 INFO:journalctl@ceph.mon.smithi178.smithi178.stdout:Apr 01 15:55:46 smithi178 ceph-mon[29395]: from='client.14140 -' entity='client.admin' cmd=[{"prefix": "orch host add", "hostname": "smithi178", "addr": "172.21.15.178", "target": ["mon-mgr", ""]}]: dispatch
2024-04-01T15:55:48.033 INFO:journalctl@ceph.mon.smithi178.smithi178.stdout:Apr 01 15:55:47 smithi178 ceph-mon[29395]: Deploying cephadm binary to smithi178
2024-04-01T15:55:50.359 INFO:teuthology.orchestra.run.smithi178.stdout:/usr/bin/ceph: stdout Added host 'smithi178' with addr '172.21.15.178'
2024-04-01T15:55:50.359 INFO:teuthology.orchestra.run.smithi178.stdout:/usr/bin/ceph: stderr
2024-04-01T15:55:45.418+0000 7fbdb6c00700 1 Processor -- start
2024-04-01T15:55:50.359 INFO:teuthology.orchestra.run.smithi178.stdout:/usr/bin/ceph: stderr
2024-04-01T15:55:45.418+0000 7fbdb6c00700 1 -- start start
2024-04-01T15:55:50.360 INFO:teuthology.orchestra.run.smithi178.stdout:/usr/bin/ceph: stderr
2024-04-01T15:55:45.418+0000 7fbdb6c00700 1 --2- >> [v2:172.21.15.178:3300/0,v1:172.21.15.178:6789/0] conn(0x7fbdb007cf90 0x7fbdb010bcd0 unknown :-1 s=NONE pgs=0 cs=0 l=0 rev1=0 crypto rx=0 tx=0 comp rx=0 tx=0).connect
2024-04-01T15:55:50.360 INFO:teuthology.orchestra.run.smithi178.stdout:/usr/bin/ceph: stderr
2024-04-01T15:55:45.418+0000 7fbdb6c00700 1 -- --> [v2:172.21.15.178:3300/0,v1:172.21.15.178:6789/0] -- mon_getmap magic: 0 v1 -- 0x7fbdb007d430 con 0x7fbdb007cf90
2024-04-01T15:55:50.360 INFO:teuthology.orchestra.run.smithi178.stdout:/usr/bin/ceph: stderr
2024-04-01T15:55:45.419+0000 7fbdafe00700 1 --2- >> [v2:172.21.15.178:3300/0,v1:172.21.15.178:6789/0] conn(0x7fbdb007cf90 0x7fbdb010bcd0 unknown :-1 s=BANNER_CONNECTING pgs=0 cs=0 l=0 rev1=0 crypto rx=0 tx=0 comp rx=0 tx=0)._handle_peer_banner_payload supported=3 required=0
2024-04-01T15:55:50.360 INFO:teuthology.orchestra.run.smithi178.stdout:/usr/bin/ceph: stderr
2024-04-01T15:55:45.419+0000 7fbdafe00700 1 --2- >> [v2:172.21.15.178:3300/0,v1:172.21.15.178:6789/0] conn(0x7fbdb007cf90 0x7fbdb010bcd0 unknown :-1 s=HELLO_CONNECTING pgs=0 cs=0 l=0 rev1=1 crypto rx=0 tx=0 comp rx=0 tx=0).handle_hello peer v2:172.21.15.178:3300/0 says I am v2:172.21.15.178:41802/0 (socket says 172.21.15.178:41802)
2024-04-01T15:55:50.360 INFO:teuthology.orchestra.run.smithi178.stdout:/usr/bin/ceph: stderr
2024-04-01T15:55:45.419+0000 7fbdafe00700 1 -- 172.21.15.178:0/1495049453 learned_addr learned my addr 172.21.15.178:0/1495049453 (peer_addr_for_me v2:172.21.15.178:0/0)
2024-04-01T15:55:50.360 INFO:teuthology.orchestra.run.smithi178.stdout:/usr/bin/ceph: stderr
2024-04-01T15:55:45.419+0000 7fbdafe00700 1 -- 172.21.15.178:0/1495049453 --> [v2:172.21.15.178:3300/0,v1:172.21.15.178:6789/0] -- mon_subscribe({config=0+,monmap=0+}) v3 -- 0x7fbdb010c210 con 0x7fbdb007cf90
2024-04-01T15:55:50.360 INFO:teuthology.orchestra.run.smithi178.stdout:/usr/bin/ceph: stderr
2024-04-01T15:55:45.420+0000 7fbdafe00700 1 --2- 172.21.15.178:0/1495049453 >> [v2:172.21.15.178:3300/0,v1:172.21.15.178:6789/0] conn(0x7fbdb007cf90 0x7fbdb010bcd0 secure :-1 s=READY pgs=45 cs=0 l=1 rev1=1 crypto rx=0x7fbda00098e0 tx=0x7fbda0009250 comp rx=0 tx=0).ready entity=mon.0 client_cookie=3850967b844d6f43 server_cookie=0 in_seq=0 out_seq=0
2024-04-01T15:55:50.360 INFO:teuthology.orchestra.run.smithi178.stdout:/usr/bin/ceph: stderr
2024-04-01T15:55:45.420+0000 7fbdaea00700 1 -- 172.21.15.178:0/1495049453 <== mon.0 v2:172.21.15.178:3300/0 1 ==== mon_map magic: 0 v1 ==== 229+0+0 (secure 0 0 0) 0x7fbda000b860 con 0x7fbdb007cf90
2024-04-01T15:55:50.360 INFO:teuthology.orchestra.run.smithi178.stdout:/usr/bin/ceph: stderr
2024-04-01T15:55:45.420+0000 7fbdaea00700 1 -- 172.21.15.178:0/1495049453 <== mon.0 v2:172.21.15.178:3300/0 2 ==== config(27 keys) v1 ==== 1044+0+0 (secure 0 0 0) 0x7fbda000be50 con 0x7fbdb007cf90
2024-04-01T15:55:50.360 INFO:teuthology.orchestra.run.smithi178.stdout:/usr/bin/ceph: stderr
2024-04-01T15:55:45.420+0000 7fbdaea00700 1 -- 172.21.15.178:0/1495049453 <== mon.0 v2:172.21.15.178:3300/0 3 ==== mon_map magic: 0 v1 ==== 229+0+0 (secure 0 0 0) 0x7fbda0010380 con 0x7fbdb007cf90
2024-04-01T15:55:50.360 INFO:teuthology.orchestra.run.smithi178.stdout:/usr/bin/ceph: stderr
2024-04-01T15:55:45.421+0000 7fbdb6c00700 1 -- 172.21.15.178:0/1495049453 >> [v2:172.21.15.178:3300/0,v1:172.21.15.178:6789/0] conn(0x7fbdb007cf90 msgr2=0x7fbdb010bcd0 secure :-1 s=STATE_CONNECTION_ESTABLISHED l=1).mark_down
2024-04-01T15:55:50.360 INFO:teuthology.orchestra.run.smithi178.stdout:/usr/bin/ceph: stderr
2024-04-01T15:55:45.421+0000 7fbdb6c00700 1 --2- 172.21.15.178:0/1495049453 >> [v2:172.21.15.178:3300/0,v1:172.21.15.178:6789/0] conn(0x7fbdb007cf90 0x7fbdb010bcd0 secure :-1 s=READY pgs=45 cs=0 l=1 rev1=1 crypto rx=0x7fbda00098e0 tx=0x7fbda0009250 comp rx=0 tx=0).stop
2024-04-01T15:55:50.360 INFO:teuthology.orchestra.run.smithi178.stdout:/usr/bin/ceph: stderr
2024-04-01T15:55:45.421+0000 7fbdb6c00700 1 -- 172.21.15.178:0/1495049453 shutdown_connections
2024-04-01T15:55:50.364 INFO:teuthology.orchestra.run.smithi178.stdout:/usr/bin/ceph: stderr
2024-04-01T15:55:45.421+0000 7fbdb6c00700 1 --2- 172.21.15.178:0/1495049453 >> [v2:172.21.15.178:3300/0,v1:172.21.15.178:6789/0] conn(0x7fbdb007cf90 0x7fbdb010bcd0 unknown :-1 s=CLOSED pgs=45 cs=0 l=1 rev1=1 crypto rx=0 tx=0 comp rx=0 tx=0).stop
2024-04-01T15:55:50.364 INFO:teuthology.orchestra.run.smithi178.stdout:/usr/bin/ceph: stderr
2024-04-01T15:55:45.421+0000 7fbdb6c00700 1 -- 172.21.15.178:0/1495049453 >> 172.21.15.178:0/1495049453 conn(0x7fbdb00782e0 msgr2=0x7fbdb007a6f0 unknown :-1 s=STATE_NONE l=0).mark_down
2024-04-01T15:55:50.364 INFO:teuthology.orchestra.run.smithi178.stdout:/usr/bin/ceph: stderr
2024-04-01T15:55:45.421+0000 7fbdb6c00700 1 -- 172.21.15.178:0/1495049453 shutdown_connections
2024-04-01T15:55:50.364 INFO:teuthology.orchestra.run.smithi178.stdout:/usr/bin/ceph: stderr
2024-04-01T15:55:45.421+0000 7fbdb6c00700 1 -- 172.21.15.178:0/1495049453 wait complete.
2024-04-01T15:55:50.364 INFO:teuthology.orchestra.run.smithi178.stdout:/usr/bin/ceph: stderr
2024-04-01T15:55:45.422+0000 7fbdb6c00700 1 Processor -- start
2024-04-01T15:55:50.364 INFO:teuthology.orchestra.run.smithi178.stdout:/usr/bin/ceph: stderr
2024-04-01T15:55:45.422+0000 7fbdb6c00700 1 -- start start
2024-04-01T15:55:50.365 INFO:teuthology.orchestra.run.smithi178.stdout:/usr/bin/ceph: stderr
2024-04-01T15:55:45.422+0000 7fbdb6c00700 1 --2- >> [v2:172.21.15.178:3300/0,v1:172.21.15.178:6789/0] conn(0x7fbdb007cf90 0x7fbdb0117c40 unknown :-1 s=NONE pgs=0 cs=0 l=1 rev1=0 crypto rx=0 tx=0 comp rx=0 tx=0).connect
2024-04-01T15:55:50.365 INFO:teuthology.orchestra.run.smithi178.stdout:/usr/bin/ceph: stderr
2024-04-01T15:55:45.422+0000 7fbdb6c00700 1 -- --> [v2:172.21.15.178:3300/0,v1:172.21.15.178:6789/0] -- mon_getmap magic: 0 v1 -- 0x7fbdb0118180 con 0x7fbdb007cf90
2024-04-01T15:55:50.365 INFO:teuthology.orchestra.run.smithi178.stdout:/usr/bin/ceph: stderr
2024-04-01T15:55:45.423+0000 7fbdafe00700 1 --2- >> [v2:172.21.15.178:3300/0,v1:172.21.15.178:6789/0] conn(0x7fbdb007cf90 0x7fbdb0117c40 unknown :-1 s=BANNER_CONNECTING pgs=0 cs=0 l=1 rev1=0 crypto rx=0 tx=0 comp rx=0 tx=0)._handle_peer_banner_payload supported=3 required=0
2024-04-01T15:55:50.365 INFO:teuthology.orchestra.run.smithi178.stdout:/usr/bin/ceph: stderr
2024-04-01T15:55:45.423+0000 7fbdafe00700 1 --2- >> [v2:172.21.15.178:3300/0,v1:172.21.15.178:6789/0] conn(0x7fbdb007cf90 0x7fbdb0117c40 unknown :-1 s=HELLO_CONNECTING pgs=0 cs=0 l=1 rev1=1 crypto rx=0 tx=0 comp rx=0 tx=0).handle_hello peer v2:172.21.15.178:3300/0 says I am v2:172.21.15.178:41818/0 (socket says 172.21.15.178:41818)
2024-04-01T15:55:50.365 INFO:teuthology.orchestra.run.smithi178.stdout:/usr/bin/ceph: stderr
2024-04-01T15:55:45.423+0000 7fbdafe00700 1 -- 172.21.15.178:0/2405960240 learned_addr learned my addr 172.21.15.178:0/2405960240 (peer_addr_for_me v2:172.21.15.178:0/0)
2024-04-01T15:55:50.365 INFO:teuthology.orchestra.run.smithi178.stdout:/usr/bin/ceph: stderr
2024-04-01T15:55:45.423+0000 7fbdafe00700 1 -- 172.21.15.178:0/2405960240 --> [v2:172.21.15.178:3300/0,v1:172.21.15.178:6789/0] -- mon_subscribe({config=0+,monmap=0+}) v3 -- 0x7fbda00094f0 con 0x7fbdb007cf90
2024-04-01T15:55:50.365 INFO:teuthology.orchestra.run.smithi178.stdout:/usr/bin/ceph: stderr
2024-04-01T15:55:45.423+0000 7fbdafe00700 1 --2- 172.21.15.178:0/2405960240 >> [v2:172.21.15.178:3300/0,v1:172.21.15.178:6789/0] conn(0x7fbdb007cf90 0x7fbdb0117c40 secure :-1 s=READY pgs=46 cs=0 l=1 rev1=1 crypto rx=0x7fbda0006b00 tx=0x7fbda0009250 comp rx=0 tx=0).ready entity=mon.0 client_cookie=0 server_cookie=0 in_seq=0 out_seq=0
2024-04-01T15:55:50.365 INFO:teuthology.orchestra.run.smithi178.stdout:/usr/bin/ceph: stderr
2024-04-01T15:55:45.424+0000 7fbda7e00700 1 -- 172.21.15.178:0/2405960240 <== mon.0 v2:172.21.15.178:3300/0 1 ==== mon_map magic: 0 v1 ==== 229+0+0 (secure 0 0 0) 0x7fbda00107c0 con 0x7fbdb007cf90
2024-04-01T15:55:50.365 INFO:teuthology.orchestra.run.smithi178.stdout:/usr/bin/ceph: stderr
2024-04-01T15:55:45.424+0000 7fbda7e00700 1 -- 172.21.15.178:0/2405960240 <== mon.0 v2:172.21.15.178:3300/0 2 ==== config(27 keys) v1 ==== 1044+0+0 (secure 0 0 0) 0x7fbda0010db0 con 0x7fbdb007cf90
2024-04-01T15:55:50.365 INFO:teuthology.orchestra.run.smithi178.stdout:/usr/bin/ceph: stderr
2024-04-01T15:55:45.424+0000 7fbdb6c00700 1 -- 172.21.15.178:0/2405960240 --> [v2:172.21.15.178:3300/0,v1:172.21.15.178:6789/0] -- mon_subscribe({mgrmap=0+}) v3 -- 0x7fbdb0118380 con 0x7fbdb007cf90
2024-04-01T15:55:50.365 INFO:teuthology.orchestra.run.smithi178.stdout:/usr/bin/ceph: stderr
2024-04-01T15:55:45.424+0000 7fbda7e00700 1 -- 172.21.15.178:0/2405960240 <== mon.0 v2:172.21.15.178:3300/0 3 ==== mon_map magic: 0 v1 ==== 229+0+0 (secure 0 0 0) 0x7fbda001acf0 con 0x7fbdb007cf90
2024-04-01T15:55:50.365 INFO:teuthology.orchestra.run.smithi178.stdout:/usr/bin/ceph: stderr
2024-04-01T15:55:45.424+0000 7fbdb6c00700 1 -- 172.21.15.178:0/2405960240 --> [v2:172.21.15.178:3300/0,v1:172.21.15.178:6789/0] -- mon_subscribe({osdmap=0}) v3 -- 0x7fbdb0118ef0 con 0x7fbdb007cf90
2024-04-01T15:55:50.365 INFO:teuthology.orchestra.run.smithi178.stdout:/usr/bin/ceph: stderr
2024-04-01T15:55:45.425+0000 7fbda7e00700 1 -- 172.21.15.178:0/2405960240 <== mon.0 v2:172.21.15.178:3300/0 4 ==== mgrmap(e 8) v1 ==== 43368+0+0 (secure 0 0 0) 0x7fbda0010920 con 0x7fbdb007cf90
2024-04-01T15:55:50.365 INFO:teuthology.orchestra.run.smithi178.stdout:/usr/bin/ceph: stderr
2024-04-01T15:55:45.425+0000 7fbdb6c00700 1 -- 172.21.15.178:0/2405960240 --> [v2:172.21.15.178:3300/0,v1:172.21.15.178:6789/0] -- mon_command({"prefix": "get_command_descriptions"} v 0) v1 -- 0x7fbdb005f5f0 con 0x7fbdb007cf90
2024-04-01T15:55:50.365 INFO:teuthology.orchestra.run.smithi178.stdout:/usr/bin/ceph: stderr
2024-04-01T15:55:45.425+0000 7fbda7e00700 1 --2- 172.21.15.178:0/2405960240 >> [v2:172.21.15.178:6800/2638614448,v1:172.21.15.178:6801/2638614448] conn(0x7fbd94036790 0x7fbd94038c40 unknown :-1 s=NONE pgs=0 cs=0 l=1 rev1=0 crypto rx=0 tx=0 comp rx=0 tx=0).connect
2024-04-01T15:55:50.365 INFO:teuthology.orchestra.run.smithi178.stdout:/usr/bin/ceph: stderr
2024-04-01T15:55:45.425+0000 7fbda7e00700 1 -- 172.21.15.178:0/2405960240 <== mon.0 v2:172.21.15.178:3300/0 5 ==== osd_map(2..2 src has 1..2) v4 ==== 936+0+0 (secure 0 0 0) 0x7fbda004a710 con 0x7fbdb007cf90
2024-04-01T15:55:50.366 INFO:teuthology.orchestra.run.smithi178.stdout:/usr/bin/ceph: stderr
2024-04-01T15:55:45.426+0000 7fbdaf400700 1 --2- 172.21.15.178:0/2405960240 >> [v2:172.21.15.178:6800/2638614448,v1:172.21.15.178:6801/2638614448] conn(0x7fbd94036790 0x7fbd94038c40 unknown :-1 s=BANNER_CONNECTING pgs=0 cs=0 l=1 rev1=0 crypto rx=0 tx=0 comp rx=0 tx=0)._handle_peer_banner_payload supported=3 required=0
2024-04-01T15:55:50.366 INFO:teuthology.orchestra.run.smithi178.stdout:/usr/bin/ceph: stderr
2024-04-01T15:55:45.426+0000 7fbdaf400700 1 --2- 172.21.15.178:0/2405960240 >> [v2:172.21.15.178:6800/2638614448,v1:172.21.15.178:6801/2638614448] conn(0x7fbd94036790 0x7fbd94038c40 secure :-1 s=READY pgs=11 cs=0 l=1 rev1=1 crypto rx=0x7fbd9c009990 tx=0x7fbd9c006e40 comp rx=0 tx=0).ready entity=mgr.14120 client_cookie=0 server_cookie=0 in_seq=0 out_seq=0
2024-04-01T15:55:50.366 INFO:teuthology.orchestra.run.smithi178.stdout:/usr/bin/ceph: stderr
2024-04-01T15:55:45.430+0000 7fbda7e00700 1 -- 172.21.15.178:0/2405960240 <== mon.0 v2:172.21.15.178:3300/0 6 ==== mon_command_ack([{"prefix": "get_command_descriptions"}]=0 v0) v1 ==== 72+0+176504 (secure 0 0 0) 0x7fbda001a530 con 0x7fbdb007cf90
2024-04-01T15:55:50.366 INFO:teuthology.orchestra.run.smithi178.stdout:/usr/bin/ceph: stderr
2024-04-01T15:55:45.646+0000 7fbdb6c00700 1 -- 172.21.15.178:0/2405960240 --> [v2:172.21.15.178:6800/2638614448,v1:172.21.15.178:6801/2638614448] -- mgr_command(tid 0: {"prefix": "orch host add", "hostname": "smithi178", "addr": "172.21.15.178", "target": ["mon-mgr", ""]}) v1 -- 0x7fbdb0079640 con 0x7fbd94036790
2024-04-01T15:55:50.366 INFO:teuthology.orchestra.run.smithi178.stdout:/usr/bin/ceph: stderr
2024-04-01T15:55:49.654+0000 7fbda7e00700 1 -- 172.21.15.178:0/2405960240 <== mgr.14120 v2:172.21.15.178:6800/2638614448 1 ==== mgr_command_reply(tid 0: 0 ) v1 ==== 8+0+49 (secure 0 0 0) 0x7fbdb0079640 con 0x7fbd94036790
2024-04-01T15:55:50.366 INFO:teuthology.orchestra.run.smithi178.stdout:/usr/bin/ceph: stderr
2024-04-01T15:55:49.659+0000 7fbdb6c00700 1 -- 172.21.15.178:0/2405960240 >> [v2:172.21.15.178:6800/2638614448,v1:172.21.15.178:6801/2638614448] conn(0x7fbd94036790 msgr2=0x7fbd94038c40 secure :-1 s=STATE_CONNECTION_ESTABLISHED l=1).mark_down
2024-04-01T15:55:50.366 INFO:teuthology.orchestra.run.smithi178.stdout:/usr/bin/ceph: stderr
2024-04-01T15:55:49.659+0000 7fbdb6c00700 1 --2- 172.21.15.178:0/2405960240 >> [v2:172.21.15.178:6800/2638614448,v1:172.21.15.178:6801/2638614448] conn(0x7fbd94036790 0x7fbd94038c40 secure :-1 s=READY pgs=11 cs=0 l=1 rev1=1 crypto rx=0x7fbd9c009990 tx=0x7fbd9c006e40 comp rx=0 tx=0).stop
2024-04-01T15:55:50.366 INFO:teuthology.orchestra.run.smithi178.stdout:/usr/bin/ceph: stderr
2024-04-01T15:55:49.659+0000 7fbdb6c00700 1 -- 172.21.15.178:0/2405960240 >> [v2:172.21.15.178:3300/0,v1:172.21.15.178:6789/0] conn(0x7fbdb007cf90 msgr2=0x7fbdb0117c40 secure :-1 s=STATE_CONNECTION_ESTABLISHED l=1).mark_down
2024-04-01T15:55:50.366 INFO:teuthology.orchestra.run.smithi178.stdout:/usr/bin/ceph: stderr
2024-04-01T15:55:49.659+0000 7fbdb6c00700 1 --2- 172.21.15.178:0/2405960240 >> [v2:172.21.15.178:3300/0,v1:172.21.15.178:6789/0] conn(0x7fbdb007cf90 0x7fbdb0117c40 secure :-1 s=READY pgs=46 cs=0 l=1 rev1=1 crypto rx=0x7fbda0006b00 tx=0x7fbda0009250 comp rx=0 tx=0).stop
2024-04-01T15:55:50.366 INFO:teuthology.orchestra.run.smithi178.stdout:/usr/bin/ceph: stderr
2024-04-01T15:55:49.659+0000 7fbdb6c00700 1 -- 172.21.15.178:0/2405960240 shutdown_connections
2024-04-01T15:55:50.366 INFO:teuthology.orchestra.run.smithi178.stdout:/usr/bin/ceph: stderr
2024-04-01T15:55:49.659+0000 7fbdb6c00700 1 --2- 172.21.15.178:0/2405960240 >> [v2:172.21.15.178:6800/2638614448,v1:172.21.15.178:6801/2638614448] conn(0x7fbd94036790 0x7fbd94038c40 unknown :-1 s=CLOSED pgs=11 cs=0 l=1 rev1=1 crypto rx=0 tx=0 comp rx=0 tx=0).stop
2024-04-01T15:55:50.366 INFO:teuthology.orchestra.run.smithi178.stdout:/usr/bin/ceph: stderr
2024-04-01T15:55:49.659+0000 7fbdb6c00700 1 --2- 172.21.15.178:0/2405960240 >> [v2:172.21.15.178:3300/0,v1:172.21.15.178:6789/0] conn(0x7fbdb007cf90 0x7fbdb0117c40 unknown :-1 s=CLOSED pgs=46 cs=0 l=1 rev1=1 crypto rx=0 tx=0 comp rx=0 tx=0).stop
2024-04-01T15:55:50.366 INFO:teuthology.orchestra.run.smithi178.stdout:/usr/bin/ceph: stderr
2024-04-01T15:55:49.659+0000 7fbdb6c00700 1 -- 172.21.15.178:0/2405960240 >> 172.21.15.178:0/2405960240 conn(0x7fbdb00782e0 msgr2=0x7fbdb0078e70 unknown :-1 s=STATE_NONE l=0).mark_down
2024-04-01T15:55:50.366 INFO:teuthology.orchestra.run.smithi178.stdout:/usr/bin/ceph: stderr
2024-04-01T15:55:49.659+0000 7fbdb6c00700 1 -- 172.21.15.178:0/2405960240 shutdown_connections
2024-04-01T15:55:50.366 INFO:teuthology.orchestra.run.smithi178.stdout:/usr/bin/ceph: stderr
2024-04-01T15:55:49.659+0000 7fbdb6c00700 1 -- 172.21.15.178:0/2405960240 wait complete.
2024-04-01T15:55:50.367 INFO:teuthology.orchestra.run.smithi178.stdout:Deploying mon service with default placement...
2024-04-01T15:55:50.909 INFO:journalctl@ceph.mon.smithi178.smithi178.stdout:Apr 01 15:55:50 smithi178 ceph-mon[29395]: from='mgr.14120 172.21.15.178:0/2111484246' entity='mgr.smithi178.jocoqs'
2024-04-01T15:55:50.909 INFO:journalctl@ceph.mon.smithi178.smithi178.stdout:Apr 01 15:55:50 smithi178 ceph-mon[29395]: Added host smithi178
2024-04-01T15:55:50.909 INFO:journalctl@ceph.mon.smithi178.smithi178.stdout:Apr 01 15:55:50 smithi178 ceph-mon[29395]: from='mgr.14120 172.21.15.178:0/2111484246' entity='mgr.smithi178.jocoqs' cmd=[{"prefix": "config dump", "format": "json"}]: dispatch
2024-04-01T15:55:52.126 INFO:teuthology.orchestra.run.smithi178.stdout:/usr/bin/ceph: stdout Scheduled mon update...
2024-04-01T15:55:52.126 INFO:teuthology.orchestra.run.smithi178.stdout:/usr/bin/ceph: stderr
2024-04-01T15:55:50.988+0000 7f0145c00700 1 Processor -- start
2024-04-01T15:55:52.127 INFO:teuthology.orchestra.run.smithi178.stdout:/usr/bin/ceph: stderr
2024-04-01T15:55:50.989+0000 7f0145c00700 1 -- start start
2024-04-01T15:55:52.127 INFO:teuthology.orchestra.run.smithi178.stdout:/usr/bin/ceph: stderr
2024-04-01T15:55:50.989+0000 7f0145c00700 1 --2- >> [v2:172.21.15.178:3300/0,v1:172.21.15.178:6789/0] conn(0x7f0140104bd0 0x7f0140104fe0 unknown :-1 s=NONE pgs=0 cs=0 l=0 rev1=0 crypto rx=0 tx=0 comp rx=0 tx=0).connect
2024-04-01T15:55:52.127 INFO:teuthology.orchestra.run.smithi178.stdout:/usr/bin/ceph: stderr
2024-04-01T15:55:50.989+0000 7f0145c00700 1 -- --> [v2:172.21.15.178:3300/0,v1:172.21.15.178:6789/0] -- mon_getmap magic: 0 v1 -- 0x7f01401055b0 con 0x7f0140104bd0
2024-04-01T15:55:52.127 INFO:teuthology.orchestra.run.smithi178.stdout:/usr/bin/ceph: stderr
2024-04-01T15:55:50.990+0000 7f013ea00700 1 --2- >> [v2:172.21.15.178:3300/0,v1:172.21.15.178:6789/0] conn(0x7f0140104bd0 0x7f0140104fe0 unknown :-1 s=BANNER_CONNECTING pgs=0 cs=0 l=0 rev1=0 crypto rx=0 tx=0 comp rx=0 tx=0)._handle_peer_banner_payload supported=3 required=0
2024-04-01T15:55:52.127 INFO:teuthology.orchestra.run.smithi178.stdout:/usr/bin/ceph: stderr
2024-04-01T15:55:50.990+0000 7f013ea00700 1 --2- >> [v2:172.21.15.178:3300/0,v1:172.21.15.178:6789/0] conn(0x7f0140104bd0 0x7f0140104fe0 unknown :-1 s=HELLO_CONNECTING pgs=0 cs=0 l=0 rev1=1 crypto rx=0 tx=0 comp rx=0 tx=0).handle_hello peer v2:172.21.15.178:3300/0 says I am v2:172.21.15.178:60960/0 (socket says 172.21.15.178:60960)
2024-04-01T15:55:52.127 INFO:teuthology.orchestra.run.smithi178.stdout:/usr/bin/ceph: stderr
2024-04-01T15:55:50.990+0000 7f013ea00700 1 -- 172.21.15.178:0/3176995349 learned_addr learned my addr 172.21.15.178:0/3176995349 (peer_addr_for_me v2:172.21.15.178:0/0)
2024-04-01T15:55:52.127 INFO:teuthology.orchestra.run.smithi178.stdout:/usr/bin/ceph: stderr
2024-04-01T15:55:50.990+0000 7f013ea00700 1 -- 172.21.15.178:0/3176995349 --> [v2:172.21.15.178:3300/0,v1:172.21.15.178:6789/0] -- mon_subscribe({config=0+,monmap=0+}) v3 -- 0x7f01401056f0 con 0x7f0140104bd0
2024-04-01T15:55:52.131 INFO:teuthology.orchestra.run.smithi178.stdout:/usr/bin/ceph: stderr
2024-04-01T15:55:50.990+0000 7f013ea00700 1 --2- 172.21.15.178:0/3176995349 >> [v2:172.21.15.178:3300/0,v1:172.21.15.178:6789/0] conn(0x7f0140104bd0 0x7f0140104fe0 secure :-1 s=READY pgs=47 cs=0 l=1 rev1=1 crypto rx=0x7f01300098e0 tx=0x7f0130009250 comp rx=0 tx=0).ready entity=mon.0 client_cookie=d28b98ab4b7d4c88 server_cookie=0 in_seq=0 out_seq=0
2024-04-01T15:55:52.132 INFO:teuthology.orchestra.run.smithi178.stdout:/usr/bin/ceph: stderr
2024-04-01T15:55:50.991+0000 7f013d600700 1 -- 172.21.15.178:0/3176995349 <== mon.0 v2:172.21.15.178:3300/0 1 ==== mon_map magic: 0 v1 ==== 229+0+0 (secure 0 0 0) 0x7f013000b860 con 0x7f0140104bd0
2024-04-01T15:55:52.132 INFO:teuthology.orchestra.run.smithi178.stdout:/usr/bin/ceph: stderr
2024-04-01T15:55:50.991+0000 7f013d600700 1 -- 172.21.15.178:0/3176995349 <== mon.0 v2:172.21.15.178:3300/0 2 ==== config(27 keys) v1 ==== 1044+0+0 (secure 0 0 0) 0x7f013000be50 con 0x7f0140104bd0
2024-04-01T15:55:52.132 INFO:teuthology.orchestra.run.smithi178.stdout:/usr/bin/ceph: stderr
2024-04-01T15:55:50.991+0000 7f013d600700 1 -- 172.21.15.178:0/3176995349 <== mon.0 v2:172.21.15.178:3300/0 3 ==== mon_map magic: 0 v1 ==== 229+0+0 (secure 0 0 0) 0x7f0130010380 con 0x7f0140104bd0
2024-04-01T15:55:52.132 INFO:teuthology.orchestra.run.smithi178.stdout:/usr/bin/ceph: stderr
2024-04-01T15:55:50.991+0000 7f0145c00700 1 -- 172.21.15.178:0/3176995349 >> [v2:172.21.15.178:3300/0,v1:172.21.15.178:6789/0] conn(0x7f0140104bd0 msgr2=0x7f0140104fe0 secure :-1 s=STATE_CONNECTION_ESTABLISHED l=1).mark_down
2024-04-01T15:55:52.132 INFO:teuthology.orchestra.run.smithi178.stdout:/usr/bin/ceph: stderr
2024-04-01T15:55:50.991+0000 7f0145c00700 1 --2- 172.21.15.178:0/3176995349 >> [v2:172.21.15.178:3300/0,v1:172.21.15.178:6789/0] conn(0x7f0140104bd0 0x7f0140104fe0 secure :-1 s=READY pgs=47 cs=0 l=1 rev1=1 crypto rx=0x7f01300098e0 tx=0x7f0130009250 comp rx=0 tx=0).stop
2024-04-01T15:55:52.132 INFO:teuthology.orchestra.run.smithi178.stdout:/usr/bin/ceph: stderr
2024-04-01T15:55:50.992+0000 7f0145c00700 1 -- 172.21.15.178:0/3176995349 shutdown_connections
2024-04-01T15:55:52.132 INFO:teuthology.orchestra.run.smithi178.stdout:/usr/bin/ceph: stderr
2024-04-01T15:55:50.992+0000 7f0145c00700 1 --2- 172.21.15.178:0/3176995349 >> [v2:172.21.15.178:3300/0,v1:172.21.15.178:6789/0] conn(0x7f0140104bd0 0x7f0140104fe0 unknown :-1 s=CLOSED pgs=47 cs=0 l=1 rev1=1 crypto rx=0 tx=0 comp rx=0 tx=0).stop
2024-04-01T15:55:52.132 INFO:teuthology.orchestra.run.smithi178.stdout:/usr/bin/ceph: stderr
2024-04-01T15:55:50.992+0000 7f0145c00700 1 -- 172.21.15.178:0/3176995349 >> 172.21.15.178:0/3176995349 conn(0x7f0140078320 msgr2=0x7f0140078740 unknown :-1 s=STATE_NONE l=0).mark_down
2024-04-01T15:55:52.132 INFO:teuthology.orchestra.run.smithi178.stdout:/usr/bin/ceph: stderr
2024-04-01T15:55:50.992+0000 7f0145c00700 1 -- 172.21.15.178:0/3176995349 shutdown_connections
2024-04-01T15:55:52.132 INFO:teuthology.orchestra.run.smithi178.stdout:/usr/bin/ceph: stderr
2024-04-01T15:55:50.992+0000 7f0145c00700 1 -- 172.21.15.178:0/3176995349 wait complete.
2024-04-01T15:55:52.132 INFO:teuthology.orchestra.run.smithi178.stdout:/usr/bin/ceph: stderr
2024-04-01T15:55:50.992+0000 7f0145c00700 1 Processor -- start
2024-04-01T15:55:52.132 INFO:teuthology.orchestra.run.smithi178.stdout:/usr/bin/ceph: stderr
2024-04-01T15:55:50.993+0000 7f0145c00700 1 -- start start
2024-04-01T15:55:52.132 INFO:teuthology.orchestra.run.smithi178.stdout:/usr/bin/ceph: stderr
2024-04-01T15:55:50.993+0000 7f0145c00700 1 --2- >> [v2:172.21.15.178:3300/0,v1:172.21.15.178:6789/0] conn(0x7f0140104bd0 0x7f0140113820 unknown :-1 s=NONE pgs=0 cs=0 l=1 rev1=0 crypto rx=0 tx=0 comp rx=0 tx=0).connect
2024-04-01T15:55:52.133 INFO:teuthology.orchestra.run.smithi178.stdout:/usr/bin/ceph: stderr
2024-04-01T15:55:50.993+0000 7f0145c00700 1 -- --> [v2:172.21.15.178:3300/0,v1:172.21.15.178:6789/0] -- mon_getmap magic: 0 v1 -- 0x7f0140113d60 con 0x7f0140104bd0
2024-04-01T15:55:52.133 INFO:teuthology.orchestra.run.smithi178.stdout:/usr/bin/ceph: stderr
2024-04-01T15:55:50.993+0000 7f013ea00700 1 --2- >> [v2:172.21.15.178:3300/0,v1:172.21.15.178:6789/0] conn(0x7f0140104bd0 0x7f0140113820 unknown :-1 s=BANNER_CONNECTING pgs=0 cs=0 l=1 rev1=0 crypto rx=0 tx=0 comp rx=0 tx=0)._handle_peer_banner_payload supported=3 required=0
2024-04-01T15:55:52.133 INFO:teuthology.orchestra.run.smithi178.stdout:/usr/bin/ceph: stderr
2024-04-01T15:55:50.993+0000 7f013ea00700 1 --2- >> [v2:172.21.15.178:3300/0,v1:172.21.15.178:6789/0] conn(0x7f0140104bd0 0x7f0140113820 unknown :-1 s=HELLO_CONNECTING pgs=0 cs=0 l=1 rev1=1 crypto rx=0 tx=0 comp rx=0 tx=0).handle_hello peer v2:172.21.15.178:3300/0 says I am v2:172.21.15.178:60972/0 (socket says 172.21.15.178:60972)
2024-04-01T15:55:52.133 INFO:teuthology.orchestra.run.smithi178.stdout:/usr/bin/ceph: stderr
2024-04-01T15:55:50.993+0000 7f013ea00700 1 -- 172.21.15.178:0/56803239 learned_addr learned my addr 172.21.15.178:0/56803239 (peer_addr_for_me v2:172.21.15.178:0/0)
2024-04-01T15:55:52.133 INFO:teuthology.orchestra.run.smithi178.stdout:/usr/bin/ceph: stderr
2024-04-01T15:55:50.994+0000 7f013ea00700 1 -- 172.21.15.178:0/56803239 --> [v2:172.21.15.178:3300/0,v1:172.21.15.178:6789/0] -- mon_subscribe({config=0+,monmap=0+}) v3 -- 0x7f01300094f0 con 0x7f0140104bd0
2024-04-01T15:55:52.133 INFO:teuthology.orchestra.run.smithi178.stdout:/usr/bin/ceph: stderr
2024-04-01T15:55:50.994+0000 7f013ea00700 1 --2- 172.21.15.178:0/56803239 >> [v2:172.21.15.178:3300/0,v1:172.21.15.178:6789/0] conn(0x7f0140104bd0 0x7f0140113820 secure :-1 s=READY pgs=48 cs=0 l=1 rev1=1 crypto rx=0x7f0130003050 tx=0x7f0130009250 comp rx=0 tx=0).ready entity=mon.0 client_cookie=0 server_cookie=0 in_seq=0 out_seq=0
2024-04-01T15:55:52.133 INFO:teuthology.orchestra.run.smithi178.stdout:/usr/bin/ceph: stderr
2024-04-01T15:55:50.994+0000 7f0136a00700 1 -- 172.21.15.178:0/56803239 <== mon.0 v2:172.21.15.178:3300/0 1 ==== mon_map magic: 0 v1 ==== 229+0+0 (secure 0 0 0) 0x7f0130010760 con 0x7f0140104bd0
2024-04-01T15:55:52.133 INFO:teuthology.orchestra.run.smithi178.stdout:/usr/bin/ceph: stderr
2024-04-01T15:55:50.994+0000 7f0136a00700 1 -- 172.21.15.178:0/56803239 <== mon.0 v2:172.21.15.178:3300/0 2 ==== config(27 keys) v1 ==== 1044+0+0 (secure 0 0 0) 0x7f0130010d50 con 0x7f0140104bd0
2024-04-01T15:55:52.133 INFO:teuthology.orchestra.run.smithi178.stdout:/usr/bin/ceph: stderr
2024-04-01T15:55:50.994+0000 7f0145c00700 1 -- 172.21.15.178:0/56803239 --> [v2:172.21.15.178:3300/0,v1:172.21.15.178:6789/0] -- mon_subscribe({mgrmap=0+}) v3 -- 0x7f0140113f60 con 0x7f0140104bd0
2024-04-01T15:55:52.133 INFO:teuthology.orchestra.run.smithi178.stdout:/usr/bin/ceph: stderr
2024-04-01T15:55:50.995+0000 7f0136a00700 1 -- 172.21.15.178:0/56803239 <== mon.0 v2:172.21.15.178:3300/0 3 ==== mon_map magic: 0 v1 ==== 229+0+0 (secure 0 0 0) 0x7f013001ae20 con 0x7f0140104bd0
2024-04-01T15:55:52.133 INFO:teuthology.orchestra.run.smithi178.stdout:/usr/bin/ceph: stderr
2024-04-01T15:55:50.995+0000 7f0145c00700 1 -- 172.21.15.178:0/56803239 --> [v2:172.21.15.178:3300/0,v1:172.21.15.178:6789/0] -- mon_subscribe({osdmap=0}) v3 -- 0x7f0140114ad0 con 0x7f0140104bd0
2024-04-01T15:55:52.133 INFO:teuthology.orchestra.run.smithi178.stdout:/usr/bin/ceph: stderr
2024-04-01T15:55:50.996+0000 7f0145c00700 1 -- 172.21.15.178:0/56803239 --> [v2:172.21.15.178:3300/0,v1:172.21.15.178:6789/0] -- mon_command({"prefix": "get_command_descriptions"} v 0) v1 -- 0x7f014005f5f0 con 0x7f0140104bd0
2024-04-01T15:55:52.134 INFO:teuthology.orchestra.run.smithi178.stdout:/usr/bin/ceph: stderr
2024-04-01T15:55:50.996+0000 7f0136a00700 1 -- 172.21.15.178:0/56803239 <== mon.0 v2:172.21.15.178:3300/0 4 ==== mgrmap(e 8) v1 ==== 43368+0+0 (secure 0 0 0) 0x7f01300108c0 con 0x7f0140104bd0
2024-04-01T15:55:52.134 INFO:teuthology.orchestra.run.smithi178.stdout:/usr/bin/ceph: stderr
2024-04-01T15:55:50.997+0000 7f0136a00700 1 --2- 172.21.15.178:0/56803239 >> [v2:172.21.15.178:6800/2638614448,v1:172.21.15.178:6801/2638614448] conn(0x7f01240367e0 0x7f0124038c90 unknown :-1 s=NONE pgs=0 cs=0 l=1 rev1=0 crypto rx=0 tx=0 comp rx=0 tx=0).connect
2024-04-01T15:55:52.134 INFO:teuthology.orchestra.run.smithi178.stdout:/usr/bin/ceph: stderr
2024-04-01T15:55:50.997+0000 7f0136a00700 1 -- 172.21.15.178:0/56803239 <== mon.0 v2:172.21.15.178:3300/0 5 ==== osd_map(2..2 src has 1..2) v4 ==== 936+0+0 (secure 0 0 0) 0x7f013004a500 con 0x7f0140104bd0
2024-04-01T15:55:52.134 INFO:teuthology.orchestra.run.smithi178.stdout:/usr/bin/ceph: stderr
2024-04-01T15:55:50.997+0000 7f013e000700 1 --2- 172.21.15.178:0/56803239 >> [v2:172.21.15.178:6800/2638614448,v1:172.21.15.178:6801/2638614448] conn(0x7f01240367e0 0x7f0124038c90 unknown :-1 s=BANNER_CONNECTING pgs=0 cs=0 l=1 rev1=0 crypto rx=0 tx=0 comp rx=0 tx=0)._handle_peer_banner_payload supported=3 required=0
2024-04-01T15:55:52.134 INFO:teuthology.orchestra.run.smithi178.stdout:/usr/bin/ceph: stderr
2024-04-01T15:55:50.998+0000 7f013e000700 1 --2- 172.21.15.178:0/56803239 >> [v2:172.21.15.178:6800/2638614448,v1:172.21.15.178:6801/2638614448] conn(0x7f01240367e0 0x7f0124038c90 secure :-1 s=READY pgs=12 cs=0 l=1 rev1=1 crypto rx=0x7f012c009990 tx=0x7f012c006e40 comp rx=0 tx=0).ready entity=mgr.14120 client_cookie=0 server_cookie=0 in_seq=0 out_seq=0
2024-04-01T15:55:52.134 INFO:teuthology.orchestra.run.smithi178.stdout:/usr/bin/ceph: stderr
2024-04-01T15:55:51.002+0000 7f0136a00700 1 -- 172.21.15.178:0/56803239 <== mon.0 v2:172.21.15.178:3300/0 6 ==== mon_command_ack([{"prefix": "get_command_descriptions"}]=0 v0) v1 ==== 72+0+176504 (secure 0 0 0) 0x7f013001a6a0 con 0x7f0140104bd0
2024-04-01T15:55:52.134 INFO:teuthology.orchestra.run.smithi178.stdout:/usr/bin/ceph: stderr
2024-04-01T15:55:51.230+0000 7f0145c00700 1 -- 172.21.15.178:0/56803239 --> [v2:172.21.15.178:6800/2638614448,v1:172.21.15.178:6801/2638614448] -- mgr_command(tid 0: {"prefix": "orch apply", "service_type": "mon", "target": ["mon-mgr", ""]}) v1 -- 0x7f0140102c20 con 0x7f01240367e0
2024-04-01T15:55:52.134 INFO:teuthology.orchestra.run.smithi178.stdout:/usr/bin/ceph: stderr
2024-04-01T15:55:51.237+0000 7f0136a00700 1 -- 172.21.15.178:0/56803239 <== mgr.14120 v2:172.21.15.178:6800/2638614448 1 ==== mgr_command_reply(tid 0: 0 ) v1 ==== 8+0+24 (secure 0 0 0) 0x7f0140102c20 con 0x7f01240367e0
2024-04-01T15:55:52.134 INFO:teuthology.orchestra.run.smithi178.stdout:/usr/bin/ceph: stderr
2024-04-01T15:55:51.240+0000 7f0145c00700 1 -- 172.21.15.178:0/56803239 >> [v2:172.21.15.178:6800/2638614448,v1:172.21.15.178:6801/2638614448] conn(0x7f01240367e0 msgr2=0x7f0124038c90 secure :-1 s=STATE_CONNECTION_ESTABLISHED l=1).mark_down
2024-04-01T15:55:52.134 INFO:teuthology.orchestra.run.smithi178.stdout:/usr/bin/ceph: stderr
2024-04-01T15:55:51.240+0000 7f0145c00700 1 --2- 172.21.15.178:0/56803239 >> [v2:172.21.15.178:6800/2638614448,v1:172.21.15.178:6801/2638614448] conn(0x7f01240367e0 0x7f0124038c90 secure :-1 s=READY pgs=12 cs=0 l=1 rev1=1 crypto rx=0x7f012c009990 tx=0x7f012c006e40 comp rx=0 tx=0).stop
2024-04-01T15:55:52.134 INFO:teuthology.orchestra.run.smithi178.stdout:/usr/bin/ceph: stderr
2024-04-01T15:55:51.240+0000 7f0145c00700 1 -- 172.21.15.178:0/56803239 >> [v2:172.21.15.178:3300/0,v1:172.21.15.178:6789/0] conn(0x7f0140104bd0 msgr2=0x7f0140113820 secure :-1 s=STATE_CONNECTION_ESTABLISHED l=1).mark_down
2024-04-01T15:55:52.134 INFO:teuthology.orchestra.run.smithi178.stdout:/usr/bin/ceph: stderr
2024-04-01T15:55:51.240+0000 7f0145c00700 1 --2- 172.21.15.178:0/56803239 >> [v2:172.21.15.178:3300/0,v1:172.21.15.178:6789/0] conn(0x7f0140104bd0 0x7f0140113820 secure :-1 s=READY pgs=48 cs=0 l=1 rev1=1 crypto rx=0x7f0130003050 tx=0x7f0130009250 comp rx=0 tx=0).stop
2024-04-01T15:55:52.134 INFO:teuthology.orchestra.run.smithi178.stdout:/usr/bin/ceph: stderr
2024-04-01T15:55:51.240+0000 7f0145c00700 1 -- 172.21.15.178:0/56803239 shutdown_connections
2024-04-01T15:55:52.134 INFO:teuthology.orchestra.run.smithi178.stdout:/usr/bin/ceph: stderr
2024-04-01T15:55:51.240+0000 7f0145c00700 1 --2- 172.21.15.178:0/56803239 >> [v2:172.21.15.178:6800/2638614448,v1:172.21.15.178:6801/2638614448] conn(0x7f01240367e0 0x7f0124038c90 unknown :-1 s=CLOSED pgs=12 cs=0 l=1 rev1=1 crypto rx=0 tx=0 comp rx=0 tx=0).stop
2024-04-01T15:55:52.135 INFO:teuthology.orchestra.run.smithi178.stdout:/usr/bin/ceph: stderr
2024-04-01T15:55:51.240+0000 7f0145c00700 1 --2- 172.21.15.178:0/56803239 >> [v2:172.21.15.178:3300/0,v1:172.21.15.178:6789/0] conn(0x7f0140104bd0 0x7f0140113820 unknown :-1 s=CLOSED pgs=48 cs=0 l=1 rev1=1 crypto rx=0 tx=0 comp rx=0 tx=0).stop
2024-04-01T15:55:52.135 INFO:teuthology.orchestra.run.smithi178.stdout:/usr/bin/ceph: stderr
2024-04-01T15:55:51.240+0000 7f0145c00700 1 -- 172.21.15.178:0/56803239 >> 172.21.15.178:0/56803239 conn(0x7f0140078320 msgr2=0x7f01401024f0 unknown :-1 s=STATE_NONE l=0).mark_down
2024-04-01T15:55:52.135 INFO:teuthology.orchestra.run.smithi178.stdout:/usr/bin/ceph: stderr
2024-04-01T15:55:51.240+0000 7f0145c00700 1 -- 172.21.15.178:0/56803239 shutdown_connections
2024-04-01T15:55:52.135 INFO:teuthology.orchestra.run.smithi178.stdout:/usr/bin/ceph: stderr
2024-04-01T15:55:51.240+0000 7f0145c00700 1 -- 172.21.15.178:0/56803239 wait complete.
2024-04-01T15:55:52.135 INFO:teuthology.orchestra.run.smithi178.stdout:Deploying mgr service with default placement...
2024-04-01T15:55:52.382 INFO:journalctl@ceph.mon.smithi178.smithi178.stdout:Apr 01 15:55:52 smithi178 ceph-mon[29395]: from='client.14142 -' entity='client.admin' cmd=[{"prefix": "orch apply", "service_type": "mon", "target": ["mon-mgr", ""]}]: dispatch
2024-04-01T15:55:52.383 INFO:journalctl@ceph.mon.smithi178.smithi178.stdout:Apr 01 15:55:52 smithi178 ceph-mon[29395]: Saving service mon spec with placement count:5
2024-04-01T15:55:52.383 INFO:journalctl@ceph.mon.smithi178.smithi178.stdout:Apr 01 15:55:52 smithi178 ceph-mon[29395]: from='mgr.14120 172.21.15.178:0/2111484246' entity='mgr.smithi178.jocoqs'
2024-04-01T15:55:54.326 INFO:teuthology.orchestra.run.smithi178.stdout:/usr/bin/ceph: stdout Scheduled mgr update...
2024-04-01T15:55:54.327 INFO:teuthology.orchestra.run.smithi178.stdout:/usr/bin/ceph: stderr
2024-04-01T15:55:53.059+0000 7f10f6c00700 1 Processor -- start
2024-04-01T15:55:54.327 INFO:teuthology.orchestra.run.smithi178.stdout:/usr/bin/ceph: stderr
2024-04-01T15:55:53.059+0000 7f10f6c00700 1 -- start start
2024-04-01T15:55:54.327 INFO:teuthology.orchestra.run.smithi178.stdout:/usr/bin/ceph: stderr
2024-04-01T15:55:53.060+0000 7f10f6c00700 1 --2- >> [v2:172.21.15.178:3300/0,v1:172.21.15.178:6789/0] conn(0x7f10f0078c90 0x7f10f0077290 unknown :-1 s=NONE pgs=0 cs=0 l=0 rev1=0 crypto rx=0 tx=0 comp rx=0 tx=0).connect
2024-04-01T15:55:54.327 INFO:teuthology.orchestra.run.smithi178.stdout:/usr/bin/ceph: stderr
2024-04-01T15:55:53.060+0000 7f10f6c00700 1 -- --> [v2:172.21.15.178:3300/0,v1:172.21.15.178:6789/0] -- mon_getmap magic: 0 v1 -- 0x7f10f00790a0 con 0x7f10f0078c90
2024-04-01T15:55:54.327 INFO:teuthology.orchestra.run.smithi178.stdout:/usr/bin/ceph: stderr
