2024-04-01T16:57:43.353+0000 7f2c52c00700 1 -- --> [v2:172.21.15.131:3300/0,v1:172.21.15.131:6789/0] -- mon_getmap magic: 0 v1 -- 0x7f2c4c19c010 con 0x7f2c4c07ad00
2024-04-01T16:57:44.316 INFO:teuthology.orchestra.run.smithi131.stdout:/usr/bin/ceph: stderr
2024-04-01T16:57:43.353+0000 7f2c4be00700 1 --2- >> [v2:172.21.15.131:3300/0,v1:172.21.15.131:6789/0] conn(0x7f2c4c07ad00 0x7f2c4c19bad0 unknown :-1 s=BANNER_CONNECTING pgs=0 cs=0 l=1 rev1=0 crypto rx=0 tx=0 comp rx=0 tx=0)._handle_peer_banner_payload supported=3 required=0
2024-04-01T16:57:44.316 INFO:teuthology.orchestra.run.smithi131.stdout:/usr/bin/ceph: stderr
2024-04-01T16:57:43.353+0000 7f2c4be00700 1 --2- >> [v2:172.21.15.131:3300/0,v1:172.21.15.131:6789/0] conn(0x7f2c4c07ad00 0x7f2c4c19bad0 unknown :-1 s=HELLO_CONNECTING pgs=0 cs=0 l=1 rev1=1 crypto rx=0 tx=0 comp rx=0 tx=0).handle_hello peer v2:172.21.15.131:3300/0 says I am v2:172.21.15.131:43256/0 (socket says 172.21.15.131:43256)
2024-04-01T16:57:44.316 INFO:teuthology.orchestra.run.smithi131.stdout:/usr/bin/ceph: stderr
2024-04-01T16:57:43.353+0000 7f2c4be00700 1 -- 172.21.15.131:0/1221013105 learned_addr learned my addr 172.21.15.131:0/1221013105 (peer_addr_for_me v2:172.21.15.131:0/0)
2024-04-01T16:57:44.316 INFO:teuthology.orchestra.run.smithi131.stdout:/usr/bin/ceph: stderr
2024-04-01T16:57:43.353+0000 7f2c4be00700 1 -- 172.21.15.131:0/1221013105 --> [v2:172.21.15.131:3300/0,v1:172.21.15.131:6789/0] -- mon_subscribe({config=0+,monmap=0+}) v3 -- 0x7f2c3c009550 con 0x7f2c4c07ad00
2024-04-01T16:57:44.316 INFO:teuthology.orchestra.run.smithi131.stdout:/usr/bin/ceph: stderr
2024-04-01T16:57:43.354+0000 7f2c4be00700 1 --2- 172.21.15.131:0/1221013105 >> [v2:172.21.15.131:3300/0,v1:172.21.15.131:6789/0] conn(0x7f2c4c07ad00 0x7f2c4c19bad0 secure :-1 s=READY pgs=60 cs=0 l=1 rev1=1 crypto rx=0x7f2c3c000c00 tx=0x7f2c3c011b50 comp rx=0 tx=0).ready entity=mon.0 client_cookie=0 server_cookie=0 in_seq=0 out_seq=0
2024-04-01T16:57:44.316 INFO:teuthology.orchestra.run.smithi131.stdout:/usr/bin/ceph: stderr
2024-04-01T16:57:43.354+0000 7f2c48c00700 1 -- 172.21.15.131:0/1221013105 <== mon.0 v2:172.21.15.131:3300/0 1 ==== mon_map magic: 0 v1 ==== 229+0+0 (secure 0 0 0) 0x7f2c3c003a70 con 0x7f2c4c07ad00
2024-04-01T16:57:44.316 INFO:teuthology.orchestra.run.smithi131.stdout:/usr/bin/ceph: stderr
2024-04-01T16:57:43.354+0000 7f2c48c00700 1 -- 172.21.15.131:0/1221013105 <== mon.0 v2:172.21.15.131:3300/0 2 ==== config(27 keys) v1 ==== 1101+0+0 (secure 0 0 0) 0x7f2c3c003bd0 con 0x7f2c4c07ad00
2024-04-01T16:57:44.317 INFO:teuthology.orchestra.run.smithi131.stdout:/usr/bin/ceph: stderr
2024-04-01T16:57:43.354+0000 7f2c48c00700 1 -- 172.21.15.131:0/1221013105 <== mon.0 v2:172.21.15.131:3300/0 3 ==== mon_map magic: 0 v1 ==== 229+0+0 (secure 0 0 0) 0x7f2c3c0238c0 con 0x7f2c4c07ad00
2024-04-01T16:57:44.317 INFO:teuthology.orchestra.run.smithi131.stdout:/usr/bin/ceph: stderr
2024-04-01T16:57:43.354+0000 7f2c52c00700 1 -- 172.21.15.131:0/1221013105 --> [v2:172.21.15.131:3300/0,v1:172.21.15.131:6789/0] -- mon_subscribe({mgrmap=0+}) v3 -- 0x7f2c4c19c210 con 0x7f2c4c07ad00
2024-04-01T16:57:44.317 INFO:teuthology.orchestra.run.smithi131.stdout:/usr/bin/ceph: stderr
2024-04-01T16:57:43.354+0000 7f2c52c00700 1 -- 172.21.15.131:0/1221013105 --> [v2:172.21.15.131:3300/0,v1:172.21.15.131:6789/0] -- mon_subscribe({osdmap=0}) v3 -- 0x7f2c4c19c630 con 0x7f2c4c07ad00
2024-04-01T16:57:44.317 INFO:teuthology.orchestra.run.smithi131.stdout:/usr/bin/ceph: stderr
2024-04-01T16:57:43.355+0000 7f2c48c00700 1 -- 172.21.15.131:0/1221013105 <== mon.0 v2:172.21.15.131:3300/0 4 ==== mgrmap(e 8) v1 ==== 45084+0+0 (secure 0 0 0) 0x7f2c3c023b30 con 0x7f2c4c07ad00
2024-04-01T16:57:44.317 INFO:teuthology.orchestra.run.smithi131.stdout:/usr/bin/ceph: stderr
2024-04-01T16:57:43.355+0000 7f2c52c00700 1 -- 172.21.15.131:0/1221013105 --> [v2:172.21.15.131:3300/0,v1:172.21.15.131:6789/0] -- mon_command({"prefix": "get_command_descriptions"} v 0) v1 -- 0x7f2c4c062380 con 0x7f2c4c07ad00
2024-04-01T16:57:44.317 INFO:teuthology.orchestra.run.smithi131.stdout:/usr/bin/ceph: stderr
2024-04-01T16:57:43.355+0000 7f2c48c00700 1 --2- 172.21.15.131:0/1221013105 >> [v2:172.21.15.131:6800/3925786293,v1:172.21.15.131:6801/3925786293] conn(0x7f2c30038440 0x7f2c3003a8f0 unknown :-1 s=NONE pgs=0 cs=0 l=1 rev1=0 crypto rx=0 tx=0 comp rx=0 tx=0).connect
2024-04-01T16:57:44.317 INFO:teuthology.orchestra.run.smithi131.stdout:/usr/bin/ceph: stderr
2024-04-01T16:57:43.356+0000 7f2c48c00700 1 -- 172.21.15.131:0/1221013105 <== mon.0 v2:172.21.15.131:3300/0 5 ==== osd_map(2..2 src has 1..2) v4 ==== 940+0+0 (secure 0 0 0) 0x7f2c3c04c160 con 0x7f2c4c07ad00
2024-04-01T16:57:44.317 INFO:teuthology.orchestra.run.smithi131.stdout:/usr/bin/ceph: stderr
2024-04-01T16:57:43.356+0000 7f2c4b400700 1 --2- 172.21.15.131:0/1221013105 >> [v2:172.21.15.131:6800/3925786293,v1:172.21.15.131:6801/3925786293] conn(0x7f2c30038440 0x7f2c3003a8f0 unknown :-1 s=BANNER_CONNECTING pgs=0 cs=0 l=1 rev1=0 crypto rx=0 tx=0 comp rx=0 tx=0)._handle_peer_banner_payload supported=3 required=0
2024-04-01T16:57:44.317 INFO:teuthology.orchestra.run.smithi131.stdout:/usr/bin/ceph: stderr
2024-04-01T16:57:43.356+0000 7f2c4b400700 1 --2- 172.21.15.131:0/1221013105 >> [v2:172.21.15.131:6800/3925786293,v1:172.21.15.131:6801/3925786293] conn(0x7f2c30038440 0x7f2c3003a8f0 secure :-1 s=READY pgs=18 cs=0 l=1 rev1=1 crypto rx=0x7f2c38006fd0 tx=0x7f2c38006e40 comp rx=0 tx=0).ready entity=mgr.14120 client_cookie=0 server_cookie=0 in_seq=0 out_seq=0
2024-04-01T16:57:44.317 INFO:teuthology.orchestra.run.smithi131.stdout:/usr/bin/ceph: stderr
2024-04-01T16:57:43.361+0000 7f2c48c00700 1 -- 172.21.15.131:0/1221013105 <== mon.0 v2:172.21.15.131:3300/0 6 ==== mon_command_ack([{"prefix": "get_command_descriptions"}]=0 v0) v1 ==== 72+0+177933 (secure 0 0 0) 0x7f2c3c010380 con 0x7f2c4c07ad00
2024-04-01T16:57:44.317 INFO:teuthology.orchestra.run.smithi131.stdout:/usr/bin/ceph: stderr
2024-04-01T16:57:43.584+0000 7f2c52c00700 1 -- 172.21.15.131:0/1221013105 --> [v2:172.21.15.131:6800/3925786293,v1:172.21.15.131:6801/3925786293] -- mgr_command(tid 0: {"prefix": "orch apply", "service_type": "node-exporter", "target": ["mon-mgr", ""]}) v1 -- 0x7f2c4c103430 con 0x7f2c30038440
2024-04-01T16:57:44.317 INFO:teuthology.orchestra.run.smithi131.stdout:/usr/bin/ceph: stderr
2024-04-01T16:57:43.594+0000 7f2c48c00700 1 -- 172.21.15.131:0/1221013105 <== mgr.14120 v2:172.21.15.131:6800/3925786293 1 ==== mgr_command_reply(tid 0: 0 ) v1 ==== 8+0+34 (secure 0 0 0) 0x7f2c4c103430 con 0x7f2c30038440
2024-04-01T16:57:44.317 INFO:teuthology.orchestra.run.smithi131.stdout:/usr/bin/ceph: stderr
2024-04-01T16:57:43.597+0000 7f2c52c00700 1 -- 172.21.15.131:0/1221013105 >> [v2:172.21.15.131:6800/3925786293,v1:172.21.15.131:6801/3925786293] conn(0x7f2c30038440 msgr2=0x7f2c3003a8f0 secure :-1 s=STATE_CONNECTION_ESTABLISHED l=1).mark_down
2024-04-01T16:57:44.317 INFO:teuthology.orchestra.run.smithi131.stdout:/usr/bin/ceph: stderr
2024-04-01T16:57:43.597+0000 7f2c52c00700 1 --2- 172.21.15.131:0/1221013105 >> [v2:172.21.15.131:6800/3925786293,v1:172.21.15.131:6801/3925786293] conn(0x7f2c30038440 0x7f2c3003a8f0 secure :-1 s=READY pgs=18 cs=0 l=1 rev1=1 crypto rx=0x7f2c38006fd0 tx=0x7f2c38006e40 comp rx=0 tx=0).stop
2024-04-01T16:57:44.318 INFO:teuthology.orchestra.run.smithi131.stdout:/usr/bin/ceph: stderr
2024-04-01T16:57:43.597+0000 7f2c52c00700 1 -- 172.21.15.131:0/1221013105 >> [v2:172.21.15.131:3300/0,v1:172.21.15.131:6789/0] conn(0x7f2c4c07ad00 msgr2=0x7f2c4c19bad0 secure :-1 s=STATE_CONNECTION_ESTABLISHED l=1).mark_down
2024-04-01T16:57:44.318 INFO:teuthology.orchestra.run.smithi131.stdout:/usr/bin/ceph: stderr
2024-04-01T16:57:43.597+0000 7f2c52c00700 1 --2- 172.21.15.131:0/1221013105 >> [v2:172.21.15.131:3300/0,v1:172.21.15.131:6789/0] conn(0x7f2c4c07ad00 0x7f2c4c19bad0 secure :-1 s=READY pgs=60 cs=0 l=1 rev1=1 crypto rx=0x7f2c3c000c00 tx=0x7f2c3c011b50 comp rx=0 tx=0).stop
2024-04-01T16:57:44.318 INFO:teuthology.orchestra.run.smithi131.stdout:/usr/bin/ceph: stderr
2024-04-01T16:57:43.597+0000 7f2c52c00700 1 -- 172.21.15.131:0/1221013105 shutdown_connections
2024-04-01T16:57:44.318 INFO:teuthology.orchestra.run.smithi131.stdout:/usr/bin/ceph: stderr
2024-04-01T16:57:43.597+0000 7f2c52c00700 1 --2- 172.21.15.131:0/1221013105 >> [v2:172.21.15.131:6800/3925786293,v1:172.21.15.131:6801/3925786293] conn(0x7f2c30038440 0x7f2c3003a8f0 unknown :-1 s=CLOSED pgs=18 cs=0 l=1 rev1=1 crypto rx=0 tx=0 comp rx=0 tx=0).stop
2024-04-01T16:57:44.318 INFO:teuthology.orchestra.run.smithi131.stdout:/usr/bin/ceph: stderr
2024-04-01T16:57:43.597+0000 7f2c52c00700 1 --2- 172.21.15.131:0/1221013105 >> [v2:172.21.15.131:3300/0,v1:172.21.15.131:6789/0] conn(0x7f2c4c07ad00 0x7f2c4c19bad0 unknown :-1 s=CLOSED pgs=60 cs=0 l=1 rev1=1 crypto rx=0 tx=0 comp rx=0 tx=0).stop
2024-04-01T16:57:44.318 INFO:teuthology.orchestra.run.smithi131.stdout:/usr/bin/ceph: stderr
2024-04-01T16:57:43.597+0000 7f2c52c00700 1 -- 172.21.15.131:0/1221013105 >> 172.21.15.131:0/1221013105 conn(0x7f2c4c101160 msgr2=0x7f2c4c102810 unknown :-1 s=STATE_NONE l=0).mark_down
2024-04-01T16:57:44.318 INFO:teuthology.orchestra.run.smithi131.stdout:/usr/bin/ceph: stderr
2024-04-01T16:57:43.597+0000 7f2c52c00700 1 -- 172.21.15.131:0/1221013105 shutdown_connections
2024-04-01T16:57:44.318 INFO:teuthology.orchestra.run.smithi131.stdout:/usr/bin/ceph: stderr
2024-04-01T16:57:43.597+0000 7f2c52c00700 1 -- 172.21.15.131:0/1221013105 wait complete.
2024-04-01T16:57:44.318 INFO:teuthology.orchestra.run.smithi131.stdout:Deploying alertmanager service with default placement...
2024-04-01T16:57:44.858 INFO:journalctl@ceph.mon.smithi131.smithi131.stdout:Apr 01 16:57:44 smithi131 ceph-mon[29270]: from='client.14154 -' entity='client.admin' cmd=[{"prefix": "orch apply", "service_type": "node-exporter", "target": ["mon-mgr", ""]}]: dispatch
2024-04-01T16:57:44.858 INFO:journalctl@ceph.mon.smithi131.smithi131.stdout:Apr 01 16:57:44 smithi131 ceph-mon[29270]: Saving service node-exporter spec with placement *
2024-04-01T16:57:44.858 INFO:journalctl@ceph.mon.smithi131.smithi131.stdout:Apr 01 16:57:44 smithi131 ceph-mon[29270]: from='mgr.14120 172.21.15.131:0/1419047147' entity='mgr.smithi131.rtzpve'
2024-04-01T16:57:44.858 INFO:journalctl@ceph.mon.smithi131.smithi131.stdout:Apr 01 16:57:44 smithi131 ceph-mon[29270]: pgmap v6: 0 pgs: ; 0 B data, 0 B used, 0 B / 0 B avail
2024-04-01T16:57:45.794 INFO:teuthology.orchestra.run.smithi131.stdout:/usr/bin/ceph: stdout Scheduled alertmanager update...
2024-04-01T16:57:45.794 INFO:teuthology.orchestra.run.smithi131.stdout:/usr/bin/ceph: stderr
2024-04-01T16:57:44.877+0000 7fcaeb600700 1 Processor -- start
2024-04-01T16:57:45.794 INFO:teuthology.orchestra.run.smithi131.stdout:/usr/bin/ceph: stderr
2024-04-01T16:57:44.877+0000 7fcaeb600700 1 -- start start
2024-04-01T16:57:45.794 INFO:teuthology.orchestra.run.smithi131.stdout:/usr/bin/ceph: stderr
2024-04-01T16:57:44.878+0000 7fcaeb600700 1 --2- >> [v2:172.21.15.131:3300/0,v1:172.21.15.131:6789/0] conn(0x7fcae4105b10 0x7fcae4105f20 unknown :-1 s=NONE pgs=0 cs=0 l=0 rev1=0 crypto rx=0 tx=0 comp rx=0 tx=0).connect
2024-04-01T16:57:45.794 INFO:teuthology.orchestra.run.smithi131.stdout:/usr/bin/ceph: stderr
2024-04-01T16:57:44.878+0000 7fcaeb600700 1 -- --> [v2:172.21.15.131:3300/0,v1:172.21.15.131:6789/0] -- mon_getmap magic: 0 v1 -- 0x7fcae4106460 con 0x7fcae4105b10
2024-04-01T16:57:45.794 INFO:teuthology.orchestra.run.smithi131.stdout:/usr/bin/ceph: stderr
2024-04-01T16:57:44.878+0000 7fcae8c00700 1 --2- >> [v2:172.21.15.131:3300/0,v1:172.21.15.131:6789/0] conn(0x7fcae4105b10 0x7fcae4105f20 unknown :-1 s=BANNER_CONNECTING pgs=0 cs=0 l=0 rev1=0 crypto rx=0 tx=0 comp rx=0 tx=0)._handle_peer_banner_payload supported=3 required=0
2024-04-01T16:57:45.795 INFO:teuthology.orchestra.run.smithi131.stdout:/usr/bin/ceph: stderr
2024-04-01T16:57:44.878+0000 7fcae8c00700 1 --2- >> [v2:172.21.15.131:3300/0,v1:172.21.15.131:6789/0] conn(0x7fcae4105b10 0x7fcae4105f20 unknown :-1 s=HELLO_CONNECTING pgs=0 cs=0 l=0 rev1=1 crypto rx=0 tx=0 comp rx=0 tx=0).handle_hello peer v2:172.21.15.131:3300/0 says I am v2:172.21.15.131:33918/0 (socket says 172.21.15.131:33918)
2024-04-01T16:57:45.795 INFO:teuthology.orchestra.run.smithi131.stdout:/usr/bin/ceph: stderr
2024-04-01T16:57:44.878+0000 7fcae8c00700 1 -- 172.21.15.131:0/1741156731 learned_addr learned my addr 172.21.15.131:0/1741156731 (peer_addr_for_me v2:172.21.15.131:0/0)
2024-04-01T16:57:45.795 INFO:teuthology.orchestra.run.smithi131.stdout:/usr/bin/ceph: stderr
2024-04-01T16:57:44.879+0000 7fcae8c00700 1 -- 172.21.15.131:0/1741156731 --> [v2:172.21.15.131:3300/0,v1:172.21.15.131:6789/0] -- mon_subscribe({config=0+,monmap=0+}) v3 -- 0x7fcae41065a0 con 0x7fcae4105b10
2024-04-01T16:57:45.795 INFO:teuthology.orchestra.run.smithi131.stdout:/usr/bin/ceph: stderr
2024-04-01T16:57:44.879+0000 7fcae8c00700 1 --2- 172.21.15.131:0/1741156731 >> [v2:172.21.15.131:3300/0,v1:172.21.15.131:6789/0] conn(0x7fcae4105b10 0x7fcae4105f20 secure :-1 s=READY pgs=61 cs=0 l=1 rev1=1 crypto rx=0x7fcad80098a0 tx=0x7fcad8009bb0 comp rx=0 tx=0).ready entity=mon.0 client_cookie=64a805dc1392f516 server_cookie=0 in_seq=0 out_seq=0
2024-04-01T16:57:45.795 INFO:teuthology.orchestra.run.smithi131.stdout:/usr/bin/ceph: stderr
2024-04-01T16:57:44.879+0000 7fcae3400700 1 -- 172.21.15.131:0/1741156731 <== mon.0 v2:172.21.15.131:3300/0 1 ==== mon_map magic: 0 v1 ==== 229+0+0 (secure 0 0 0) 0x7fcad8004180 con 0x7fcae4105b10
2024-04-01T16:57:45.795 INFO:teuthology.orchestra.run.smithi131.stdout:/usr/bin/ceph: stderr
2024-04-01T16:57:44.879+0000 7fcae3400700 1 -- 172.21.15.131:0/1741156731 <== mon.0 v2:172.21.15.131:3300/0 2 ==== config(27 keys) v1 ==== 1101+0+0 (secure 0 0 0) 0x7fcad80042e0 con 0x7fcae4105b10
2024-04-01T16:57:45.796 INFO:teuthology.orchestra.run.smithi131.stdout:/usr/bin/ceph: stderr
2024-04-01T16:57:44.879+0000 7fcae3400700 1 -- 172.21.15.131:0/1741156731 <== mon.0 v2:172.21.15.131:3300/0 3 ==== mon_map magic: 0 v1 ==== 229+0+0 (secure 0 0 0) 0x7fcad8011af0 con 0x7fcae4105b10
2024-04-01T16:57:45.796 INFO:teuthology.orchestra.run.smithi131.stdout:/usr/bin/ceph: stderr
2024-04-01T16:57:44.880+0000 7fcaeb600700 1 -- 172.21.15.131:0/1741156731 >> [v2:172.21.15.131:3300/0,v1:172.21.15.131:6789/0] conn(0x7fcae4105b10 msgr2=0x7fcae4105f20 secure :-1 s=STATE_CONNECTION_ESTABLISHED l=1).mark_down
2024-04-01T16:57:45.796 INFO:teuthology.orchestra.run.smithi131.stdout:/usr/bin/ceph: stderr
2024-04-01T16:57:44.880+0000 7fcaeb600700 1 --2- 172.21.15.131:0/1741156731 >> [v2:172.21.15.131:3300/0,v1:172.21.15.131:6789/0] conn(0x7fcae4105b10 0x7fcae4105f20 secure :-1 s=READY pgs=61 cs=0 l=1 rev1=1 crypto rx=0x7fcad80098a0 tx=0x7fcad8009bb0 comp rx=0 tx=0).stop
2024-04-01T16:57:45.796 INFO:teuthology.orchestra.run.smithi131.stdout:/usr/bin/ceph: stderr
2024-04-01T16:57:44.880+0000 7fcaeb600700 1 -- 172.21.15.131:0/1741156731 shutdown_connections
2024-04-01T16:57:45.796 INFO:teuthology.orchestra.run.smithi131.stdout:/usr/bin/ceph: stderr
2024-04-01T16:57:44.880+0000 7fcaeb600700 1 --2- 172.21.15.131:0/1741156731 >> [v2:172.21.15.131:3300/0,v1:172.21.15.131:6789/0] conn(0x7fcae4105b10 0x7fcae4105f20 unknown :-1 s=CLOSED pgs=61 cs=0 l=1 rev1=1 crypto rx=0 tx=0 comp rx=0 tx=0).stop
2024-04-01T16:57:45.796 INFO:teuthology.orchestra.run.smithi131.stdout:/usr/bin/ceph: stderr
2024-04-01T16:57:44.880+0000 7fcaeb600700 1 -- 172.21.15.131:0/1741156731 >> 172.21.15.131:0/1741156731 conn(0x7fcae4101160 msgr2=0x7fcae4103590 unknown :-1 s=STATE_NONE l=0).mark_down
2024-04-01T16:57:45.796 INFO:teuthology.orchestra.run.smithi131.stdout:/usr/bin/ceph: stderr
2024-04-01T16:57:44.880+0000 7fcaeb600700 1 -- 172.21.15.131:0/1741156731 shutdown_connections
2024-04-01T16:57:45.796 INFO:teuthology.orchestra.run.smithi131.stdout:/usr/bin/ceph: stderr
2024-04-01T16:57:44.880+0000 7fcaeb600700 1 -- 172.21.15.131:0/1741156731 wait complete.
2024-04-01T16:57:45.796 INFO:teuthology.orchestra.run.smithi131.stdout:/usr/bin/ceph: stderr
2024-04-01T16:57:44.881+0000 7fcaeb600700 1 Processor -- start
2024-04-01T16:57:45.797 INFO:teuthology.orchestra.run.smithi131.stdout:/usr/bin/ceph: stderr
2024-04-01T16:57:44.881+0000 7fcaeb600700 1 -- start start
2024-04-01T16:57:45.797 INFO:teuthology.orchestra.run.smithi131.stdout:/usr/bin/ceph: stderr
2024-04-01T16:57:44.882+0000 7fcaeb600700 1 --2- >> [v2:172.21.15.131:3300/0,v1:172.21.15.131:6789/0] conn(0x7fcae4105b10 0x7fcae407ab30 unknown :-1 s=NONE pgs=0 cs=0 l=1 rev1=0 crypto rx=0 tx=0 comp rx=0 tx=0).connect
2024-04-01T16:57:45.797 INFO:teuthology.orchestra.run.smithi131.stdout:/usr/bin/ceph: stderr
2024-04-01T16:57:44.882+0000 7fcaeb600700 1 -- --> [v2:172.21.15.131:3300/0,v1:172.21.15.131:6789/0] -- mon_getmap magic: 0 v1 -- 0x7fcae407b070 con 0x7fcae4105b10
2024-04-01T16:57:45.797 INFO:teuthology.orchestra.run.smithi131.stdout:/usr/bin/ceph: stderr
2024-04-01T16:57:44.882+0000 7fcae8c00700 1 --2- >> [v2:172.21.15.131:3300/0,v1:172.21.15.131:6789/0] conn(0x7fcae4105b10 0x7fcae407ab30 unknown :-1 s=BANNER_CONNECTING pgs=0 cs=0 l=1 rev1=0 crypto rx=0 tx=0 comp rx=0 tx=0)._handle_peer_banner_payload supported=3 required=0
2024-04-01T16:57:45.797 INFO:teuthology.orchestra.run.smithi131.stdout:/usr/bin/ceph: stderr
2024-04-01T16:57:44.882+0000 7fcae8c00700 1 --2- >> [v2:172.21.15.131:3300/0,v1:172.21.15.131:6789/0] conn(0x7fcae4105b10 0x7fcae407ab30 unknown :-1 s=HELLO_CONNECTING pgs=0 cs=0 l=1 rev1=1 crypto rx=0 tx=0 comp rx=0 tx=0).handle_hello peer v2:172.21.15.131:3300/0 says I am v2:172.21.15.131:33926/0 (socket says 172.21.15.131:33926)
2024-04-01T16:57:45.797 INFO:teuthology.orchestra.run.smithi131.stdout:/usr/bin/ceph: stderr
2024-04-01T16:57:44.882+0000 7fcae8c00700 1 -- 172.21.15.131:0/2974750118 learned_addr learned my addr 172.21.15.131:0/2974750118 (peer_addr_for_me v2:172.21.15.131:0/0)
2024-04-01T16:57:45.797 INFO:teuthology.orchestra.run.smithi131.stdout:/usr/bin/ceph: stderr
2024-04-01T16:57:44.882+0000 7fcae8c00700 1 -- 172.21.15.131:0/2974750118 --> [v2:172.21.15.131:3300/0,v1:172.21.15.131:6789/0] -- mon_subscribe({config=0+,monmap=0+}) v3 -- 0x7fcad8009550 con 0x7fcae4105b10
2024-04-01T16:57:45.797 INFO:teuthology.orchestra.run.smithi131.stdout:/usr/bin/ceph: stderr
2024-04-01T16:57:44.883+0000 7fcae8c00700 1 --2- 172.21.15.131:0/2974750118 >> [v2:172.21.15.131:3300/0,v1:172.21.15.131:6789/0] conn(0x7fcae4105b10 0x7fcae407ab30 secure :-1 s=READY pgs=62 cs=0 l=1 rev1=1 crypto rx=0x7fcad8011ad0 tx=0x7fcad8011bb0 comp rx=0 tx=0).ready entity=mon.0 client_cookie=0 server_cookie=0 in_seq=0 out_seq=0
2024-04-01T16:57:45.797 INFO:teuthology.orchestra.run.smithi131.stdout:/usr/bin/ceph: stderr
2024-04-01T16:57:44.883+0000 7fcae1600700 1 -- 172.21.15.131:0/2974750118 <== mon.0 v2:172.21.15.131:3300/0 1 ==== mon_map magic: 0 v1 ==== 229+0+0 (secure 0 0 0) 0x7fcad8003ab0 con 0x7fcae4105b10
2024-04-01T16:57:45.797 INFO:teuthology.orchestra.run.smithi131.stdout:/usr/bin/ceph: stderr
2024-04-01T16:57:44.883+0000 7fcae1600700 1 -- 172.21.15.131:0/2974750118 <== mon.0 v2:172.21.15.131:3300/0 2 ==== config(27 keys) v1 ==== 1101+0+0 (secure 0 0 0) 0x7fcad8003c10 con 0x7fcae4105b10
2024-04-01T16:57:45.797 INFO:teuthology.orchestra.run.smithi131.stdout:/usr/bin/ceph: stderr
2024-04-01T16:57:44.883+0000 7fcae1600700 1 -- 172.21.15.131:0/2974750118 <== mon.0 v2:172.21.15.131:3300/0 3 ==== mon_map magic: 0 v1 ==== 229+0+0 (secure 0 0 0) 0x7fcad80198e0 con 0x7fcae4105b10
2024-04-01T16:57:45.797 INFO:teuthology.orchestra.run.smithi131.stdout:/usr/bin/ceph: stderr
2024-04-01T16:57:44.883+0000 7fcaeb600700 1 -- 172.21.15.131:0/2974750118 --> [v2:172.21.15.131:3300/0,v1:172.21.15.131:6789/0] -- mon_subscribe({mgrmap=0+}) v3 -- 0x7fcae4079180 con 0x7fcae4105b10
2024-04-01T16:57:45.797 INFO:teuthology.orchestra.run.smithi131.stdout:/usr/bin/ceph: stderr
2024-04-01T16:57:44.883+0000 7fcaeb600700 1 -- 172.21.15.131:0/2974750118 --> [v2:172.21.15.131:3300/0,v1:172.21.15.131:6789/0] -- mon_subscribe({osdmap=0}) v3 -- 0x7fcae40795a0 con 0x7fcae4105b10
2024-04-01T16:57:45.797 INFO:teuthology.orchestra.run.smithi131.stdout:/usr/bin/ceph: stderr
2024-04-01T16:57:44.884+0000 7fcae1600700 1 -- 172.21.15.131:0/2974750118 <== mon.0 v2:172.21.15.131:3300/0 4 ==== mgrmap(e 8) v1 ==== 45084+0+0 (secure 0 0 0) 0x7fcad8019ba0 con 0x7fcae4105b10
2024-04-01T16:57:45.798 INFO:teuthology.orchestra.run.smithi131.stdout:/usr/bin/ceph: stderr
2024-04-01T16:57:44.884+0000 7fcad6a00700 1 -- 172.21.15.131:0/2974750118 --> [v2:172.21.15.131:3300/0,v1:172.21.15.131:6789/0] -- mon_command({"prefix": "get_command_descriptions"} v 0) v1 -- 0x7fcac00052f0 con 0x7fcae4105b10
2024-04-01T16:57:45.798 INFO:teuthology.orchestra.run.smithi131.stdout:/usr/bin/ceph: stderr
2024-04-01T16:57:44.885+0000 7fcae1600700 1 --2- 172.21.15.131:0/2974750118 >> [v2:172.21.15.131:6800/3925786293,v1:172.21.15.131:6801/3925786293] conn(0x7fcacc0383f0 0x7fcacc03a8a0 unknown :-1 s=NONE pgs=0 cs=0 l=1 rev1=0 crypto rx=0 tx=0 comp rx=0 tx=0).connect
2024-04-01T16:57:45.798 INFO:teuthology.orchestra.run.smithi131.stdout:/usr/bin/ceph: stderr
2024-04-01T16:57:44.885+0000 7fcae1600700 1 -- 172.21.15.131:0/2974750118 <== mon.0 v2:172.21.15.131:3300/0 5 ==== osd_map(2..2 src has 1..2) v4 ==== 940+0+0 (secure 0 0 0) 0x7fcad804c320 con 0x7fcae4105b10
2024-04-01T16:57:45.798 INFO:teuthology.orchestra.run.smithi131.stdout:/usr/bin/ceph: stderr
2024-04-01T16:57:44.885+0000 7fcae3e00700 1 --2- 172.21.15.131:0/2974750118 >> [v2:172.21.15.131:6800/3925786293,v1:172.21.15.131:6801/3925786293] conn(0x7fcacc0383f0 0x7fcacc03a8a0 unknown :-1 s=BANNER_CONNECTING pgs=0 cs=0 l=1 rev1=0 crypto rx=0 tx=0 comp rx=0 tx=0)._handle_peer_banner_payload supported=3 required=0
2024-04-01T16:57:45.798 INFO:teuthology.orchestra.run.smithi131.stdout:/usr/bin/ceph: stderr
2024-04-01T16:57:44.886+0000 7fcae3e00700 1 --2- 172.21.15.131:0/2974750118 >> [v2:172.21.15.131:6800/3925786293,v1:172.21.15.131:6801/3925786293] conn(0x7fcacc0383f0 0x7fcacc03a8a0 secure :-1 s=READY pgs=19 cs=0 l=1 rev1=1 crypto rx=0x7fcad0006fd0 tx=0x7fcad0006e40 comp rx=0 tx=0).ready entity=mgr.14120 client_cookie=0 server_cookie=0 in_seq=0 out_seq=0
2024-04-01T16:57:45.798 INFO:teuthology.orchestra.run.smithi131.stdout:/usr/bin/ceph: stderr
2024-04-01T16:57:44.890+0000 7fcae1600700 1 -- 172.21.15.131:0/2974750118 <== mon.0 v2:172.21.15.131:3300/0 6 ==== mon_command_ack([{"prefix": "get_command_descriptions"}]=0 v0) v1 ==== 72+0+177933 (secure 0 0 0) 0x7fcad800b3e0 con 0x7fcae4105b10
2024-04-01T16:57:45.798 INFO:teuthology.orchestra.run.smithi131.stdout:/usr/bin/ceph: stderr
2024-04-01T16:57:45.117+0000 7fcad6a00700 1 -- 172.21.15.131:0/2974750118 --> [v2:172.21.15.131:6800/3925786293,v1:172.21.15.131:6801/3925786293] -- mgr_command(tid 0: {"prefix": "orch apply", "service_type": "alertmanager", "target": ["mon-mgr", ""]}) v1 -- 0x7fcac0000bc0 con 0x7fcacc0383f0
2024-04-01T16:57:45.798 INFO:teuthology.orchestra.run.smithi131.stdout:/usr/bin/ceph: stderr
2024-04-01T16:57:45.126+0000 7fcae1600700 1 -- 172.21.15.131:0/2974750118 <== mgr.14120 v2:172.21.15.131:6800/3925786293 1 ==== mgr_command_reply(tid 0: 0 ) v1 ==== 8+0+33 (secure 0 0 0) 0x7fcac0000bc0 con 0x7fcacc0383f0
2024-04-01T16:57:45.798 INFO:teuthology.orchestra.run.smithi131.stdout:/usr/bin/ceph: stderr
2024-04-01T16:57:45.129+0000 7fcad6a00700 1 -- 172.21.15.131:0/2974750118 >> [v2:172.21.15.131:6800/3925786293,v1:172.21.15.131:6801/3925786293] conn(0x7fcacc0383f0 msgr2=0x7fcacc03a8a0 secure :-1 s=STATE_CONNECTION_ESTABLISHED l=1).mark_down
2024-04-01T16:57:45.798 INFO:teuthology.orchestra.run.smithi131.stdout:/usr/bin/ceph: stderr
2024-04-01T16:57:45.129+0000 7fcad6a00700 1 --2- 172.21.15.131:0/2974750118 >> [v2:172.21.15.131:6800/3925786293,v1:172.21.15.131:6801/3925786293] conn(0x7fcacc0383f0 0x7fcacc03a8a0 secure :-1 s=READY pgs=19 cs=0 l=1 rev1=1 crypto rx=0x7fcad0006fd0 tx=0x7fcad0006e40 comp rx=0 tx=0).stop
2024-04-01T16:57:45.798 INFO:teuthology.orchestra.run.smithi131.stdout:/usr/bin/ceph: stderr
2024-04-01T16:57:45.129+0000 7fcad6a00700 1 -- 172.21.15.131:0/2974750118 >> [v2:172.21.15.131:3300/0,v1:172.21.15.131:6789/0] conn(0x7fcae4105b10 msgr2=0x7fcae407ab30 secure :-1 s=STATE_CONNECTION_ESTABLISHED l=1).mark_down
2024-04-01T16:57:45.798 INFO:teuthology.orchestra.run.smithi131.stdout:/usr/bin/ceph: stderr
2024-04-01T16:57:45.129+0000 7fcad6a00700 1 --2- 172.21.15.131:0/2974750118 >> [v2:172.21.15.131:3300/0,v1:172.21.15.131:6789/0] conn(0x7fcae4105b10 0x7fcae407ab30 secure :-1 s=READY pgs=62 cs=0 l=1 rev1=1 crypto rx=0x7fcad8011ad0 tx=0x7fcad8011bb0 comp rx=0 tx=0).stop
2024-04-01T16:57:45.798 INFO:teuthology.orchestra.run.smithi131.stdout:/usr/bin/ceph: stderr
2024-04-01T16:57:45.129+0000 7fcad6a00700 1 -- 172.21.15.131:0/2974750118 shutdown_connections
2024-04-01T16:57:45.799 INFO:teuthology.orchestra.run.smithi131.stdout:/usr/bin/ceph: stderr
2024-04-01T16:57:45.129+0000 7fcad6a00700 1 --2- 172.21.15.131:0/2974750118 >> [v2:172.21.15.131:6800/3925786293,v1:172.21.15.131:6801/3925786293] conn(0x7fcacc0383f0 0x7fcacc03a8a0 unknown :-1 s=CLOSED pgs=19 cs=0 l=1 rev1=1 crypto rx=0 tx=0 comp rx=0 tx=0).stop
2024-04-01T16:57:45.799 INFO:teuthology.orchestra.run.smithi131.stdout:/usr/bin/ceph: stderr
2024-04-01T16:57:45.129+0000 7fcad6a00700 1 --2- 172.21.15.131:0/2974750118 >> [v2:172.21.15.131:3300/0,v1:172.21.15.131:6789/0] conn(0x7fcae4105b10 0x7fcae407ab30 unknown :-1 s=CLOSED pgs=62 cs=0 l=1 rev1=1 crypto rx=0 tx=0 comp rx=0 tx=0).stop
2024-04-01T16:57:45.799 INFO:teuthology.orchestra.run.smithi131.stdout:/usr/bin/ceph: stderr
2024-04-01T16:57:45.129+0000 7fcad6a00700 1 -- 172.21.15.131:0/2974750118 >> 172.21.15.131:0/2974750118 conn(0x7fcae4101160 msgr2=0x7fcae4101f10 unknown :-1 s=STATE_NONE l=0).mark_down
2024-04-01T16:57:45.799 INFO:teuthology.orchestra.run.smithi131.stdout:/usr/bin/ceph: stderr
2024-04-01T16:57:45.129+0000 7fcad6a00700 1 -- 172.21.15.131:0/2974750118 shutdown_connections
2024-04-01T16:57:45.799 INFO:teuthology.orchestra.run.smithi131.stdout:/usr/bin/ceph: stderr
2024-04-01T16:57:45.129+0000 7fcad6a00700 1 -- 172.21.15.131:0/2974750118 wait complete.
2024-04-01T16:57:46.418 INFO:journalctl@ceph.mon.smithi131.smithi131.stdout:Apr 01 16:57:46 smithi131 ceph-mon[29270]: from='client.14156 -' entity='client.admin' cmd=[{"prefix": "orch apply", "service_type": "alertmanager", "target": ["mon-mgr", ""]}]: dispatch
2024-04-01T16:57:46.418 INFO:journalctl@ceph.mon.smithi131.smithi131.stdout:Apr 01 16:57:46 smithi131 ceph-mon[29270]: Saving service alertmanager spec with placement count:1
2024-04-01T16:57:46.418 INFO:journalctl@ceph.mon.smithi131.smithi131.stdout:Apr 01 16:57:46 smithi131 ceph-mon[29270]: from='mgr.14120 172.21.15.131:0/1419047147' entity='mgr.smithi131.rtzpve'
2024-04-01T16:57:47.351 INFO:journalctl@ceph.mon.smithi131.smithi131.stdout:Apr 01 16:57:47 smithi131 ceph-mon[29270]: pgmap v7: 0 pgs: ; 0 B data, 0 B used, 0 B / 0 B avail
2024-04-01T16:57:47.351 INFO:journalctl@ceph.mon.smithi131.smithi131.stdout:Apr 01 16:57:47 smithi131 ceph-mon[29270]: from='client.? 172.21.15.131:0/194809981' entity='client.admin'
2024-04-01T16:57:47.366 INFO:teuthology.orchestra.run.smithi131.stdout:/usr/bin/ceph: stderr
2024-04-01T16:57:46.417+0000 7fba59200700 1 Processor -- start
2024-04-01T16:57:47.366 INFO:teuthology.orchestra.run.smithi131.stdout:/usr/bin/ceph: stderr
2024-04-01T16:57:46.417+0000 7fba59200700 1 -- start start
2024-04-01T16:57:47.366 INFO:teuthology.orchestra.run.smithi131.stdout:/usr/bin/ceph: stderr
2024-04-01T16:57:46.418+0000 7fba59200700 1 --2- >> [v2:172.21.15.131:3300/0,v1:172.21.15.131:6789/0] conn(0x7fba54107d00 0x7fba54108110 unknown :-1 s=NONE pgs=0 cs=0 l=0 rev1=0 crypto rx=0 tx=0 comp rx=0 tx=0).connect
2024-04-01T16:57:47.367 INFO:teuthology.orchestra.run.smithi131.stdout:/usr/bin/ceph: stderr
2024-04-01T16:57:46.418+0000 7fba59200700 1 -- --> [v2:172.21.15.131:3300/0,v1:172.21.15.131:6789/0] -- mon_getmap magic: 0 v1 -- 0x7fba54108650 con 0x7fba54107d00
2024-04-01T16:57:47.367 INFO:teuthology.orchestra.run.smithi131.stdout:/usr/bin/ceph: stderr
2024-04-01T16:57:46.418+0000 7fba51e00700 1 --2- >> [v2:172.21.15.131:3300/0,v1:172.21.15.131:6789/0] conn(0x7fba54107d00 0x7fba54108110 unknown :-1 s=BANNER_CONNECTING pgs=0 cs=0 l=0 rev1=0 crypto rx=0 tx=0 comp rx=0 tx=0)._handle_peer_banner_payload supported=3 required=0
2024-04-01T16:57:47.368 INFO:teuthology.orchestra.run.smithi131.stdout:/usr/bin/ceph: stderr
2024-04-01T16:57:46.418+0000 7fba51e00700 1 --2- >> [v2:172.21.15.131:3300/0,v1:172.21.15.131:6789/0] conn(0x7fba54107d00 0x7fba54108110 unknown :-1 s=HELLO_CONNECTING pgs=0 cs=0 l=0 rev1=1 crypto rx=0 tx=0 comp rx=0 tx=0).handle_hello peer v2:172.21.15.131:3300/0 says I am v2:172.21.15.131:33940/0 (socket says 172.21.15.131:33940)
2024-04-01T16:57:47.368 INFO:teuthology.orchestra.run.smithi131.stdout:/usr/bin/ceph: stderr
2024-04-01T16:57:46.418+0000 7fba51e00700 1 -- 172.21.15.131:0/2010513305 learned_addr learned my addr 172.21.15.131:0/2010513305 (peer_addr_for_me v2:172.21.15.131:0/0)
2024-04-01T16:57:47.368 INFO:teuthology.orchestra.run.smithi131.stdout:/usr/bin/ceph: stderr
2024-04-01T16:57:46.419+0000 7fba51e00700 1 -- 172.21.15.131:0/2010513305 --> [v2:172.21.15.131:3300/0,v1:172.21.15.131:6789/0] -- mon_subscribe({config=0+,monmap=0+}) v3 -- 0x7fba54108790 con 0x7fba54107d00
2024-04-01T16:57:47.368 INFO:teuthology.orchestra.run.smithi131.stdout:/usr/bin/ceph: stderr
2024-04-01T16:57:46.419+0000 7fba51e00700 1 --2- 172.21.15.131:0/2010513305 >> [v2:172.21.15.131:3300/0,v1:172.21.15.131:6789/0] conn(0x7fba54107d00 0x7fba54108110 secure :-1 s=READY pgs=63 cs=0 l=1 rev1=1 crypto rx=0x7fba440098a0 tx=0x7fba44009bb0 comp rx=0 tx=0).ready entity=mon.0 client_cookie=77859d946c444d45 server_cookie=0 in_seq=0 out_seq=0
2024-04-01T16:57:47.368 INFO:teuthology.orchestra.run.smithi131.stdout:/usr/bin/ceph: stderr
2024-04-01T16:57:46.419+0000 7fba51400700 1 -- 172.21.15.131:0/2010513305 <== mon.0 v2:172.21.15.131:3300/0 1 ==== mon_map magic: 0 v1 ==== 229+0+0 (secure 0 0 0) 0x7fba44004180 con 0x7fba54107d00
2024-04-01T16:57:47.368 INFO:teuthology.orchestra.run.smithi131.stdout:/usr/bin/ceph: stderr
2024-04-01T16:57:46.420+0000 7fba51400700 1 -- 172.21.15.131:0/2010513305 <== mon.0 v2:172.21.15.131:3300/0 2 ==== config(27 keys) v1 ==== 1101+0+0 (secure 0 0 0) 0x7fba440042e0 con 0x7fba54107d00
2024-04-01T16:57:47.368 INFO:teuthology.orchestra.run.smithi131.stdout:/usr/bin/ceph: stderr
2024-04-01T16:57:46.420+0000 7fba51400700 1 -- 172.21.15.131:0/2010513305 <== mon.0 v2:172.21.15.131:3300/0 3 ==== mon_map magic: 0 v1 ==== 229+0+0 (secure 0 0 0) 0x7fba44011af0 con 0x7fba54107d00
2024-04-01T16:57:47.369 INFO:teuthology.orchestra.run.smithi131.stdout:/usr/bin/ceph: stderr
2024-04-01T16:57:46.420+0000 7fba59200700 1 -- 172.21.15.131:0/2010513305 >> [v2:172.21.15.131:3300/0,v1:172.21.15.131:6789/0] conn(0x7fba54107d00 msgr2=0x7fba54108110 secure :-1 s=STATE_CONNECTION_ESTABLISHED l=1).mark_down
2024-04-01T16:57:47.370 INFO:teuthology.orchestra.run.smithi131.stdout:/usr/bin/ceph: stderr
2024-04-01T16:57:46.420+0000 7fba59200700 1 --2- 172.21.15.131:0/2010513305 >> [v2:172.21.15.131:3300/0,v1:172.21.15.131:6789/0] conn(0x7fba54107d00 0x7fba54108110 secure :-1 s=READY pgs=63 cs=0 l=1 rev1=1 crypto rx=0x7fba440098a0 tx=0x7fba44009bb0 comp rx=0 tx=0).stop
2024-04-01T16:57:47.370 INFO:teuthology.orchestra.run.smithi131.stdout:/usr/bin/ceph: stderr
2024-04-01T16:57:46.420+0000 7fba59200700 1 -- 172.21.15.131:0/2010513305 shutdown_connections
2024-04-01T16:57:47.370 INFO:teuthology.orchestra.run.smithi131.stdout:/usr/bin/ceph: stderr
2024-04-01T16:57:46.420+0000 7fba59200700 1 --2- 172.21.15.131:0/2010513305 >> [v2:172.21.15.131:3300/0,v1:172.21.15.131:6789/0] conn(0x7fba54107d00 0x7fba54108110 unknown :-1 s=CLOSED pgs=63 cs=0 l=1 rev1=1 crypto rx=0 tx=0 comp rx=0 tx=0).stop
2024-04-01T16:57:47.370 INFO:teuthology.orchestra.run.smithi131.stdout:/usr/bin/ceph: stderr
2024-04-01T16:57:46.420+0000 7fba59200700 1 -- 172.21.15.131:0/2010513305 >> 172.21.15.131:0/2010513305 conn(0x7fba5407b220 msgr2=0x7fba5407b640 unknown :-1 s=STATE_NONE l=0).mark_down
2024-04-01T16:57:47.370 INFO:teuthology.orchestra.run.smithi131.stdout:/usr/bin/ceph: stderr
2024-04-01T16:57:46.421+0000 7fba59200700 1 -- 172.21.15.131:0/2010513305 shutdown_connections
2024-04-01T16:57:47.370 INFO:teuthology.orchestra.run.smithi131.stdout:/usr/bin/ceph: stderr
2024-04-01T16:57:46.421+0000 7fba59200700 1 -- 172.21.15.131:0/2010513305 wait complete.
2024-04-01T16:57:47.370 INFO:teuthology.orchestra.run.smithi131.stdout:/usr/bin/ceph: stderr
2024-04-01T16:57:46.422+0000 7fba59200700 1 Processor -- start
2024-04-01T16:57:47.370 INFO:teuthology.orchestra.run.smithi131.stdout:/usr/bin/ceph: stderr
2024-04-01T16:57:46.422+0000 7fba59200700 1 -- start start
2024-04-01T16:57:47.370 INFO:teuthology.orchestra.run.smithi131.stdout:/usr/bin/ceph: stderr
2024-04-01T16:57:46.422+0000 7fba59200700 1 --2- >> [v2:172.21.15.131:3300/0,v1:172.21.15.131:6789/0] conn(0x7fba54107d00 0x7fba5419bad0 unknown :-1 s=NONE pgs=0 cs=0 l=1 rev1=0 crypto rx=0 tx=0 comp rx=0 tx=0).connect
2024-04-01T16:57:47.371 INFO:teuthology.orchestra.run.smithi131.stdout:/usr/bin/ceph: stderr
2024-04-01T16:57:46.422+0000 7fba59200700 1 -- --> [v2:172.21.15.131:3300/0,v1:172.21.15.131:6789/0] -- mon_getmap magic: 0 v1 -- 0x7fba5419c010 con 0x7fba54107d00
2024-04-01T16:57:47.372 INFO:teuthology.orchestra.run.smithi131.stdout:/usr/bin/ceph: stderr
2024-04-01T16:57:46.422+0000 7fba51e00700 1 --2- >> [v2:172.21.15.131:3300/0,v1:172.21.15.131:6789/0] conn(0x7fba54107d00 0x7fba5419bad0 unknown :-1 s=BANNER_CONNECTING pgs=0 cs=0 l=1 rev1=0 crypto rx=0 tx=0 comp rx=0 tx=0)._handle_peer_banner_payload supported=3 required=0
2024-04-01T16:57:47.372 INFO:teuthology.orchestra.run.smithi131.stdout:/usr/bin/ceph: stderr
2024-04-01T16:57:46.422+0000 7fba51e00700 1 --2- >> [v2:172.21.15.131:3300/0,v1:172.21.15.131:6789/0] conn(0x7fba54107d00 0x7fba5419bad0 unknown :-1 s=HELLO_CONNECTING pgs=0 cs=0 l=1 rev1=1 crypto rx=0 tx=0 comp rx=0 tx=0).handle_hello peer v2:172.21.15.131:3300/0 says I am v2:172.21.15.131:33944/0 (socket says 172.21.15.131:33944)
2024-04-01T16:57:47.372 INFO:teuthology.orchestra.run.smithi131.stdout:/usr/bin/ceph: stderr
2024-04-01T16:57:46.422+0000 7fba51e00700 1 -- 172.21.15.131:0/194809981 learned_addr learned my addr 172.21.15.131:0/194809981 (peer_addr_for_me v2:172.21.15.131:0/0)
2024-04-01T16:57:47.372 INFO:teuthology.orchestra.run.smithi131.stdout:/usr/bin/ceph: stderr
2024-04-01T16:57:46.423+0000 7fba51e00700 1 -- 172.21.15.131:0/194809981 --> [v2:172.21.15.131:3300/0,v1:172.21.15.131:6789/0] -- mon_subscribe({config=0+,monmap=0+}) v3 -- 0x7fba44009550 con 0x7fba54107d00
2024-04-01T16:57:47.372 INFO:teuthology.orchestra.run.smithi131.stdout:/usr/bin/ceph: stderr
2024-04-01T16:57:46.423+0000 7fba51e00700 1 --2- 172.21.15.131:0/194809981 >> [v2:172.21.15.131:3300/0,v1:172.21.15.131:6789/0] conn(0x7fba54107d00 0x7fba5419bad0 secure :-1 s=READY pgs=64 cs=0 l=1 rev1=1 crypto rx=0x7fba44011ad0 tx=0x7fba44011bb0 comp rx=0 tx=0).ready entity=mon.0 client_cookie=0 server_cookie=0 in_seq=0 out_seq=0
2024-04-01T16:57:47.372 INFO:teuthology.orchestra.run.smithi131.stdout:/usr/bin/ceph: stderr
2024-04-01T16:57:46.423+0000 7fba4aa00700 1 -- 172.21.15.131:0/194809981 <== mon.0 v2:172.21.15.131:3300/0 1 ==== mon_map magic: 0 v1 ==== 229+0+0 (secure 0 0 0) 0x7fba44003ab0 con 0x7fba54107d00
2024-04-01T16:57:47.372 INFO:teuthology.orchestra.run.smithi131.stdout:/usr/bin/ceph: stderr
2024-04-01T16:57:46.423+0000 7fba4aa00700 1 -- 172.21.15.131:0/194809981 <== mon.0 v2:172.21.15.131:3300/0 2 ==== config(27 keys) v1 ==== 1101+0+0 (secure 0 0 0) 0x7fba44003c10 con 0x7fba54107d00
2024-04-01T16:57:47.373 INFO:teuthology.orchestra.run.smithi131.stdout:/usr/bin/ceph: stderr
2024-04-01T16:57:46.423+0000 7fba59200700 1 -- 172.21.15.131:0/194809981 --> [v2:172.21.15.131:3300/0,v1:172.21.15.131:6789/0] -- mon_subscribe({mgrmap=0+}) v3 -- 0x7fba5419c210 con 0x7fba54107d00
2024-04-01T16:57:47.374 INFO:teuthology.orchestra.run.smithi131.stdout:/usr/bin/ceph: stderr
2024-04-01T16:57:46.423+0000 7fba4aa00700 1 -- 172.21.15.131:0/194809981 <== mon.0 v2:172.21.15.131:3300/0 3 ==== mon_map magic: 0 v1 ==== 229+0+0 (secure 0 0 0) 0x7fba440198e0 con 0x7fba54107d00
2024-04-01T16:57:47.374 INFO:teuthology.orchestra.run.smithi131.stdout:/usr/bin/ceph: stderr
2024-04-01T16:57:46.424+0000 7fba59200700 1 -- 172.21.15.131:0/194809981 --> [v2:172.21.15.131:3300/0,v1:172.21.15.131:6789/0] -- mon_subscribe({osdmap=0}) v3 -- 0x7fba5419c630 con 0x7fba54107d00
2024-04-01T16:57:47.374 INFO:teuthology.orchestra.run.smithi131.stdout:/usr/bin/ceph: stderr
2024-04-01T16:57:46.425+0000 7fba59200700 1 -- 172.21.15.131:0/194809981 --> [v2:172.21.15.131:3300/0,v1:172.21.15.131:6789/0] -- mon_command({"prefix": "get_command_descriptions"} v 0) v1 -- 0x7fba30005320 con 0x7fba54107d00
2024-04-01T16:57:47.374 INFO:teuthology.orchestra.run.smithi131.stdout:/usr/bin/ceph: stderr
2024-04-01T16:57:46.425+0000 7fba4aa00700 1 -- 172.21.15.131:0/194809981 <== mon.0 v2:172.21.15.131:3300/0 4 ==== mgrmap(e 8) v1 ==== 45084+0+0 (secure 0 0 0) 0x7fba44019b50 con 0x7fba54107d00
2024-04-01T16:57:47.374 INFO:teuthology.orchestra.run.smithi131.stdout:/usr/bin/ceph: stderr
2024-04-01T16:57:46.425+0000 7fba4aa00700 1 --2- 172.21.15.131:0/194809981 >> [v2:172.21.15.131:6800/3925786293,v1:172.21.15.131:6801/3925786293] conn(0x7fba38038440 0x7fba3803a8f0 unknown :-1 s=NONE pgs=0 cs=0 l=1 rev1=0 crypto rx=0 tx=0 comp rx=0 tx=0).connect
2024-04-01T16:57:47.374 INFO:teuthology.orchestra.run.smithi131.stdout:/usr/bin/ceph: stderr
2024-04-01T16:57:46.425+0000 7fba4aa00700 1 -- 172.21.15.131:0/194809981 <== mon.0 v2:172.21.15.131:3300/0 5 ==== osd_map(2..2 src has 1..2) v4 ==== 940+0+0 (secure 0 0 0) 0x7fba4404c440 con 0x7fba54107d00
2024-04-01T16:57:47.374 INFO:teuthology.orchestra.run.smithi131.stdout:/usr/bin/ceph: stderr
2024-04-01T16:57:46.425+0000 7fba4be00700 1 --2- 172.21.15.131:0/194809981 >> [v2:172.21.15.131:6800/3925786293,v1:172.21.15.131:6801/3925786293] conn(0x7fba38038440 0x7fba3803a8f0 unknown :-1 s=BANNER_CONNECTING pgs=0 cs=0 l=1 rev1=0 crypto rx=0 tx=0 comp rx=0 tx=0)._handle_peer_banner_payload supported=3 required=0
2024-04-01T16:57:47.374 INFO:teuthology.orchestra.run.smithi131.stdout:/usr/bin/ceph: stderr
2024-04-01T16:57:46.426+0000 7fba4be00700 1 --2- 172.21.15.131:0/194809981 >> [v2:172.21.15.131:6800/3925786293,v1:172.21.15.131:6801/3925786293] conn(0x7fba38038440 0x7fba3803a8f0 secure :-1 s=READY pgs=20 cs=0 l=1 rev1=1 crypto rx=0x7fba3c006fd0 tx=0x7fba3c006e40 comp rx=0 tx=0).ready entity=mgr.14120 client_cookie=0 server_cookie=0 in_seq=0 out_seq=0
2024-04-01T16:57:47.374 INFO:teuthology.orchestra.run.smithi131.stdout:/usr/bin/ceph: stderr
2024-04-01T16:57:46.430+0000 7fba4aa00700 1 -- 172.21.15.131:0/194809981 <== mon.0 v2:172.21.15.131:3300/0 6 ==== mon_command_ack([{"prefix": "get_command_descriptions"}]=0 v0) v1 ==== 72+0+177933 (secure 0 0 0) 0x7fba44010d70 con 0x7fba54107d00
2024-04-01T16:57:47.375 INFO:teuthology.orchestra.run.smithi131.stdout:/usr/bin/ceph: stderr
2024-04-01T16:57:46.646+0000 7fba59200700 1 -- 172.21.15.131:0/194809981 --> [v2:172.21.15.131:3300/0,v1:172.21.15.131:6789/0] -- mon_command([{prefix=config set, name=mgr/cephadm/container_init}] v 0) v1 -- 0x7fba30005190 con 0x7fba54107d00
2024-04-01T16:57:47.376 INFO:teuthology.orchestra.run.smithi131.stdout:/usr/bin/ceph: stderr
2024-04-01T16:57:46.656+0000 7fba4aa00700 1 -- 172.21.15.131:0/194809981 <== mon.0 v2:172.21.15.131:3300/0 7 ==== mon_command_ack([{prefix=config set, name=mgr/cephadm/container_init}]=0 v7)=0 v7) v1 ==== 142+0+0 (secure 0 0 0) 0x7fba44010990 con 0x7fba54107d00
2024-04-01T16:57:47.376 INFO:teuthology.orchestra.run.smithi131.stdout:/usr/bin/ceph: stderr
2024-04-01T16:57:46.658+0000 7fba59200700 1 -- 172.21.15.131:0/194809981 >> [v2:172.21.15.131:6800/3925786293,v1:172.21.15.131:6801/3925786293] conn(0x7fba38038440 msgr2=0x7fba3803a8f0 secure :-1 s=STATE_CONNECTION_ESTABLISHED l=1).mark_down
2024-04-01T16:57:47.376 INFO:teuthology.orchestra.run.smithi131.stdout:/usr/bin/ceph: stderr
2024-04-01T16:57:46.659+0000 7fba59200700 1 --2- 172.21.15.131:0/194809981 >> [v2:172.21.15.131:6800/3925786293,v1:172.21.15.131:6801/3925786293] conn(0x7fba38038440 0x7fba3803a8f0 secure :-1 s=READY pgs=20 cs=0 l=1 rev1=1 crypto rx=0x7fba3c006fd0 tx=0x7fba3c006e40 comp rx=0 tx=0).stop
2024-04-01T16:57:47.376 INFO:teuthology.orchestra.run.smithi131.stdout:/usr/bin/ceph: stderr
2024-04-01T16:57:46.659+0000 7fba59200700 1 -- 172.21.15.131:0/194809981 >> [v2:172.21.15.131:3300/0,v1:172.21.15.131:6789/0] conn(0x7fba54107d00 msgr2=0x7fba5419bad0 secure :-1 s=STATE_CONNECTION_ESTABLISHED l=1).mark_down
2024-04-01T16:57:47.376 INFO:teuthology.orchestra.run.smithi131.stdout:/usr/bin/ceph: stderr
2024-04-01T16:57:46.659+0000 7fba59200700 1 --2- 172.21.15.131:0/194809981 >> [v2:172.21.15.131:3300/0,v1:172.21.15.131:6789/0] conn(0x7fba54107d00 0x7fba5419bad0 secure :-1 s=READY pgs=64 cs=0 l=1 rev1=1 crypto rx=0x7fba44011ad0 tx=0x7fba44011bb0 comp rx=0 tx=0).stop
2024-04-01T16:57:47.376 INFO:teuthology.orchestra.run.smithi131.stdout:/usr/bin/ceph: stderr
2024-04-01T16:57:46.659+0000 7fba59200700 1 -- 172.21.15.131:0/194809981 shutdown_connections
2024-04-01T16:57:47.376 INFO:teuthology.orchestra.run.smithi131.stdout:/usr/bin/ceph: stderr
2024-04-01T16:57:46.659+0000 7fba59200700 1 --2- 172.21.15.131:0/194809981 >> [v2:172.21.15.131:6800/3925786293,v1:172.21.15.131:6801/3925786293] conn(0x7fba38038440 0x7fba3803a8f0 unknown :-1 s=CLOSED pgs=20 cs=0 l=1 rev1=1 crypto rx=0 tx=0 comp rx=0 tx=0).stop
2024-04-01T16:57:47.376 INFO:teuthology.orchestra.run.smithi131.stdout:/usr/bin/ceph: stderr
2024-04-01T16:57:46.659+0000 7fba59200700 1 --2- 172.21.15.131:0/194809981 >> [v2:172.21.15.131:3300/0,v1:172.21.15.131:6789/0] conn(0x7fba54107d00 0x7fba5419bad0 unknown :-1 s=CLOSED pgs=64 cs=0 l=1 rev1=1 crypto rx=0 tx=0 comp rx=0 tx=0).stop
2024-04-01T16:57:47.376 INFO:teuthology.orchestra.run.smithi131.stdout:/usr/bin/ceph: stderr
2024-04-01T16:57:46.659+0000 7fba59200700 1 -- 172.21.15.131:0/194809981 >> 172.21.15.131:0/194809981 conn(0x7fba5407b220 msgr2=0x7fba54106040 unknown :-1 s=STATE_NONE l=0).mark_down
2024-04-01T16:57:47.377 INFO:teuthology.orchestra.run.smithi131.stdout:/usr/bin/ceph: stderr
2024-04-01T16:57:46.660+0000 7fba59200700 1 -- 172.21.15.131:0/194809981 shutdown_connections
2024-04-01T16:57:47.377 INFO:teuthology.orchestra.run.smithi131.stdout:/usr/bin/ceph: stderr
2024-04-01T16:57:46.660+0000 7fba59200700 1 -- 172.21.15.131:0/194809981 wait complete.
2024-04-01T16:57:48.863 INFO:teuthology.orchestra.run.smithi131.stdout:/usr/bin/ceph: stderr
2024-04-01T16:57:47.937+0000 7f85e0800700 1 Processor -- start
2024-04-01T16:57:48.863 INFO:teuthology.orchestra.run.smithi131.stdout:/usr/bin/ceph: stderr
2024-04-01T16:57:47.937+0000 7f85e0800700 1 -- start start
2024-04-01T16:57:48.863 INFO:teuthology.orchestra.run.smithi131.stdout:/usr/bin/ceph: stderr
2024-04-01T16:57:47.938+0000 7f85e0800700 1 --2- >> [v2:172.21.15.131:3300/0,v1:172.21.15.131:6789/0] conn(0x7f85d807acc0 0x7f85d80791c0 unknown :-1 s=NONE pgs=0 cs=0 l=0 rev1=0 crypto rx=0 tx=0 comp rx=0 tx=0).connect
2024-04-01T16:57:48.863 INFO:teuthology.orchestra.run.smithi131.stdout:/usr/bin/ceph: stderr
2024-04-01T16:57:47.938+0000 7f85e0800700 1 -- --> [v2:172.21.15.131:3300/0,v1:172.21.15.131:6789/0] -- mon_getmap magic: 0 v1 -- 0x7f85d8079700 con 0x7f85d807acc0
2024-04-01T16:57:48.863 INFO:teuthology.orchestra.run.smithi131.stdout:/usr/bin/ceph: stderr
2024-04-01T16:57:47.938+0000 7f85dde00700 1 --2- >> [v2:172.21.15.131:3300/0,v1:172.21.15.131:6789/0] conn(0x7f85d807acc0 0x7f85d80791c0 unknown :-1 s=BANNER_CONNECTING pgs=0 cs=0 l=0 rev1=0 crypto rx=0 tx=0 comp rx=0 tx=0)._handle_peer_banner_payload supported=3 required=0
2024-04-01T16:57:48.863 INFO:teuthology.orchestra.run.smithi131.stdout:/usr/bin/ceph: stderr
2024-04-01T16:57:47.938+0000 7f85dde00700 1 --2- >> [v2:172.21.15.131:3300/0,v1:172.21.15.131:6789/0] conn(0x7f85d807acc0 0x7f85d80791c0 unknown :-1 s=HELLO_CONNECTING pgs=0 cs=0 l=0 rev1=1 crypto rx=0 tx=0 comp rx=0 tx=0).handle_hello peer v2:172.21.15.131:3300/0 says I am v2:172.21.15.131:33948/0 (socket says 172.21.15.131:33948)
2024-04-01T16:57:48.863 INFO:teuthology.orchestra.run.smithi131.stdout:/usr/bin/ceph: stderr
2024-04-01T16:57:47.938+0000 7f85dde00700 1 -- 172.21.15.131:0/3595673008 learned_addr learned my addr 172.21.15.131:0/3595673008 (peer_addr_for_me v2:172.21.15.131:0/0)
2024-04-01T16:57:48.863 INFO:teuthology.orchestra.run.smithi131.stdout:/usr/bin/ceph: stderr
2024-04-01T16:57:47.938+0000 7f85dde00700 1 -- 172.21.15.131:0/3595673008 --> [v2:172.21.15.131:3300/0,v1:172.21.15.131:6789/0] -- mon_subscribe({config=0+,monmap=0+}) v3 -- 0x7f85d8079840 con 0x7f85d807acc0
2024-04-01T16:57:48.863 INFO:teuthology.orchestra.run.smithi131.stdout:/usr/bin/ceph: stderr
2024-04-01T16:57:47.939+0000 7f85dde00700 1 --2- 172.21.15.131:0/3595673008 >> [v2:172.21.15.131:3300/0,v1:172.21.15.131:6789/0] conn(0x7f85d807acc0 0x7f85d80791c0 secure :-1 s=READY pgs=65 cs=0 l=1 rev1=1 crypto rx=0x7f85cc0098a0 tx=0x7f85cc009bb0 comp rx=0 tx=0).ready entity=mon.0 client_cookie=35abe293f8a1f522 server_cookie=0 in_seq=0 out_seq=0
2024-04-01T16:57:48.863 INFO:teuthology.orchestra.run.smithi131.stdout:/usr/bin/ceph: stderr
2024-04-01T16:57:47.939+0000 7f85dca00700 1 -- 172.21.15.131:0/3595673008 <== mon.0 v2:172.21.15.131:3300/0 1 ==== mon_map magic: 0 v1 ==== 229+0+0 (secure 0 0 0) 0x7f85cc004180 con 0x7f85d807acc0
2024-04-01T16:57:48.863 INFO:teuthology.orchestra.run.smithi131.stdout:/usr/bin/ceph: stderr
2024-04-01T16:57:47.939+0000 7f85dca00700 1 -- 172.21.15.131:0/3595673008 <== mon.0 v2:172.21.15.131:3300/0 2 ==== config(27 keys) v1 ==== 1101+0+0 (secure 0 0 0) 0x7f85cc0042e0 con 0x7f85d807acc0
2024-04-01T16:57:48.863 INFO:teuthology.orchestra.run.smithi131.stdout:/usr/bin/ceph: stderr
2024-04-01T16:57:47.939+0000 7f85dca00700 1 -- 172.21.15.131:0/3595673008 <== mon.0 v2:172.21.15.131:3300/0 3 ==== mon_map magic: 0 v1 ==== 229+0+0 (secure 0 0 0) 0x7f85cc011af0 con 0x7f85d807acc0
2024-04-01T16:57:48.868 INFO:teuthology.orchestra.run.smithi131.stdout:/usr/bin/ceph: stderr
2024-04-01T16:57:47.940+0000 7f85e0800700 1 -- 172.21.15.131:0/3595673008 >> [v2:172.21.15.131:3300/0,v1:172.21.15.131:6789/0] conn(0x7f85d807acc0 msgr2=0x7f85d80791c0 secure :-1 s=STATE_CONNECTION_ESTABLISHED l=1).mark_down
2024-04-01T16:57:48.868 INFO:teuthology.orchestra.run.smithi131.stdout:/usr/bin/ceph: stderr
2024-04-01T16:57:47.940+0000 7f85e0800700 1 --2- 172.21.15.131:0/3595673008 >> [v2:172.21.15.131:3300/0,v1:172.21.15.131:6789/0] conn(0x7f85d807acc0 0x7f85d80791c0 secure :-1 s=READY pgs=65 cs=0 l=1 rev1=1 crypto rx=0x7f85cc0098a0 tx=0x7f85cc009bb0 comp rx=0 tx=0).stop
2024-04-01T16:57:48.868 INFO:teuthology.orchestra.run.smithi131.stdout:/usr/bin/ceph: stderr
2024-04-01T16:57:47.940+0000 7f85e0800700 1 -- 172.21.15.131:0/3595673008 shutdown_connections
2024-04-01T16:57:48.868 INFO:teuthology.orchestra.run.smithi131.stdout:/usr/bin/ceph: stderr
2024-04-01T16:57:47.940+0000 7f85e0800700 1 --2- 172.21.15.131:0/3595673008 >> [v2:172.21.15.131:3300/0,v1:172.21.15.131:6789/0] conn(0x7f85d807acc0 0x7f85d80791c0 unknown :-1 s=CLOSED pgs=65 cs=0 l=1 rev1=1 crypto rx=0 tx=0 comp rx=0 tx=0).stop
2024-04-01T16:57:48.868 INFO:teuthology.orchestra.run.smithi131.stdout:/usr/bin/ceph: stderr
2024-04-01T16:57:47.940+0000 7f85e0800700 1 -- 172.21.15.131:0/3595673008 >> 172.21.15.131:0/3595673008 conn(0x7f85d8101160 msgr2=0x7f85d8103590 unknown :-1 s=STATE_NONE l=0).mark_down
2024-04-01T16:57:48.868 INFO:teuthology.orchestra.run.smithi131.stdout:/usr/bin/ceph: stderr
2024-04-01T16:57:47.940+0000 7f85e0800700 1 -- 172.21.15.131:0/3595673008 shutdown_connections
2024-04-01T16:57:48.868 INFO:teuthology.orchestra.run.smithi131.stdout:/usr/bin/ceph: stderr
2024-04-01T16:57:47.940+0000 7f85e0800700 1 -- 172.21.15.131:0/3595673008 wait complete.
2024-04-01T16:57:48.868 INFO:teuthology.orchestra.run.smithi131.stdout:/usr/bin/ceph: stderr
2024-04-01T16:57:47.941+0000 7f85e0800700 1 Processor -- start
2024-04-01T16:57:48.868 INFO:teuthology.orchestra.run.smithi131.stdout:/usr/bin/ceph: stderr
2024-04-01T16:57:47.941+0000 7f85e0800700 1 -- start start
2024-04-01T16:57:48.868 INFO:teuthology.orchestra.run.smithi131.stdout:/usr/bin/ceph: stderr
2024-04-01T16:57:47.941+0000 7f85e0800700 1 --2- >> [v2:172.21.15.131:3300/0,v1:172.21.15.131:6789/0] conn(0x7f85d807acc0 0x7f85d819ba90 unknown :-1 s=NONE pgs=0 cs=0 l=1 rev1=0 crypto rx=0 tx=0 comp rx=0 tx=0).connect
2024-04-01T16:57:48.868 INFO:teuthology.orchestra.run.smithi131.stdout:/usr/bin/ceph: stderr
2024-04-01T16:57:47.941+0000 7f85e0800700 1 -- --> [v2:172.21.15.131:3300/0,v1:172.21.15.131:6789/0] -- mon_getmap magic: 0 v1 -- 0x7f85d819bfd0 con 0x7f85d807acc0
2024-04-01T16:57:48.868 INFO:teuthology.orchestra.run.smithi131.stdout:/usr/bin/ceph: stderr
2024-04-01T16:57:47.942+0000 7f85dde00700 1 --2- >> [v2:172.21.15.131:3300/0,v1:172.21.15.131:6789/0] conn(0x7f85d807acc0 0x7f85d819ba90 unknown :-1 s=BANNER_CONNECTING pgs=0 cs=0 l=1 rev1=0 crypto rx=0 tx=0 comp rx=0 tx=0)._handle_peer_banner_payload supported=3 required=0
2024-04-01T16:57:48.869 INFO:teuthology.orchestra.run.smithi131.stdout:/usr/bin/ceph: stderr
2024-04-01T16:57:47.942+0000 7f85dde00700 1 --2- >> [v2:172.21.15.131:3300/0,v1:172.21.15.131:6789/0] conn(0x7f85d807acc0 0x7f85d819ba90 unknown :-1 s=HELLO_CONNECTING pgs=0 cs=0 l=1 rev1=1 crypto rx=0 tx=0 comp rx=0 tx=0).handle_hello peer v2:172.21.15.131:3300/0 says I am v2:172.21.15.131:33950/0 (socket says 172.21.15.131:33950)
2024-04-01T16:57:48.869 INFO:teuthology.orchestra.run.smithi131.stdout:/usr/bin/ceph: stderr
