2024-04-01T16:58:05.044 INFO:teuthology.orchestra.run.smithi131.stdout:/usr/bin/ceph: stderr
2024-04-01T16:58:04.145+0000 7f7c82000700 1 -- 172.21.15.131:0/1959681146 <== mgr.14164 v2:172.21.15.131:6800/3203093132 1 ==== mgr_command_reply(tid 0: 0 ) v1 ==== 8+0+252 (secure 0 0 0) 0x7f7c84109fb0 con 0x7f7c6c038490
2024-04-01T16:58:05.044 INFO:teuthology.orchestra.run.smithi131.stdout:/usr/bin/ceph: stderr
2024-04-01T16:58:04.148+0000 7f7c8c400700 1 -- 172.21.15.131:0/1959681146 >> [v2:172.21.15.131:6800/3203093132,v1:172.21.15.131:6801/3203093132] conn(0x7f7c6c038490 msgr2=0x7f7c6c03a940 secure :-1 s=STATE_CONNECTION_ESTABLISHED l=1).mark_down
2024-04-01T16:58:05.044 INFO:teuthology.orchestra.run.smithi131.stdout:/usr/bin/ceph: stderr
2024-04-01T16:58:04.148+0000 7f7c8c400700 1 --2- 172.21.15.131:0/1959681146 >> [v2:172.21.15.131:6800/3203093132,v1:172.21.15.131:6801/3203093132] conn(0x7f7c6c038490 0x7f7c6c03a940 secure :-1 s=READY pgs=8 cs=0 l=1 rev1=1 crypto rx=0x7f7c70006fd0 tx=0x7f7c70006e40 comp rx=0 tx=0).stop
2024-04-01T16:58:05.044 INFO:teuthology.orchestra.run.smithi131.stdout:/usr/bin/ceph: stderr
2024-04-01T16:58:04.148+0000 7f7c8c400700 1 -- 172.21.15.131:0/1959681146 >> [v2:172.21.15.131:3300/0,v1:172.21.15.131:6789/0] conn(0x7f7c84105b10 msgr2=0x7f7c8419ba90 secure :-1 s=STATE_CONNECTION_ESTABLISHED l=1).mark_down
2024-04-01T16:58:05.044 INFO:teuthology.orchestra.run.smithi131.stdout:/usr/bin/ceph: stderr
2024-04-01T16:58:04.148+0000 7f7c8c400700 1 --2- 172.21.15.131:0/1959681146 >> [v2:172.21.15.131:3300/0,v1:172.21.15.131:6789/0] conn(0x7f7c84105b10 0x7f7c8419ba90 secure :-1 s=READY pgs=85 cs=0 l=1 rev1=1 crypto rx=0x7f7c78011ad0 tx=0x7f7c78011bb0 comp rx=0 tx=0).stop
2024-04-01T16:58:05.044 INFO:teuthology.orchestra.run.smithi131.stdout:/usr/bin/ceph: stderr
2024-04-01T16:58:04.148+0000 7f7c8c400700 1 -- 172.21.15.131:0/1959681146 shutdown_connections
2024-04-01T16:58:05.044 INFO:teuthology.orchestra.run.smithi131.stdout:/usr/bin/ceph: stderr
2024-04-01T16:58:04.148+0000 7f7c8c400700 1 --2- 172.21.15.131:0/1959681146 >> [v2:172.21.15.131:6800/3203093132,v1:172.21.15.131:6801/3203093132] conn(0x7f7c6c038490 0x7f7c6c03a940 unknown :-1 s=CLOSED pgs=8 cs=0 l=1 rev1=1 crypto rx=0 tx=0 comp rx=0 tx=0).stop
2024-04-01T16:58:05.044 INFO:teuthology.orchestra.run.smithi131.stdout:/usr/bin/ceph: stderr
2024-04-01T16:58:04.148+0000 7f7c8c400700 1 --2- 172.21.15.131:0/1959681146 >> [v2:172.21.15.131:3300/0,v1:172.21.15.131:6789/0] conn(0x7f7c84105b10 0x7f7c8419ba90 unknown :-1 s=CLOSED pgs=85 cs=0 l=1 rev1=1 crypto rx=0 tx=0 comp rx=0 tx=0).stop
2024-04-01T16:58:05.044 INFO:teuthology.orchestra.run.smithi131.stdout:/usr/bin/ceph: stderr
2024-04-01T16:58:04.148+0000 7f7c8c400700 1 -- 172.21.15.131:0/1959681146 >> 172.21.15.131:0/1959681146 conn(0x7f7c84101180 msgr2=0x7f7c84102820 unknown :-1 s=STATE_NONE l=0).mark_down
2024-04-01T16:58:05.044 INFO:teuthology.orchestra.run.smithi131.stdout:/usr/bin/ceph: stderr
2024-04-01T16:58:04.148+0000 7f7c8c400700 1 -- 172.21.15.131:0/1959681146 shutdown_connections
2024-04-01T16:58:05.044 INFO:teuthology.orchestra.run.smithi131.stdout:/usr/bin/ceph: stderr
2024-04-01T16:58:04.148+0000 7f7c8c400700 1 -- 172.21.15.131:0/1959681146 wait complete.
2024-04-01T16:58:05.044 INFO:teuthology.orchestra.run.smithi131.stdout:Fetching dashboard port number...
2024-04-01T16:58:06.683 INFO:journalctl@ceph.mon.smithi131.smithi131.stdout:Apr 01 16:58:06 smithi131 ceph-mon[29270]: mgrmap e13: smithi131.rtzpve(active, since 6s)
2024-04-01T16:58:07.189 INFO:teuthology.orchestra.run.smithi131.stdout:/usr/bin/ceph: stdout 8443
2024-04-01T16:58:07.189 INFO:teuthology.orchestra.run.smithi131.stdout:/usr/bin/ceph: stderr
2024-04-01T16:58:06.255+0000 7f098a000700 1 Processor -- start
2024-04-01T16:58:07.189 INFO:teuthology.orchestra.run.smithi131.stdout:/usr/bin/ceph: stderr
2024-04-01T16:58:06.255+0000 7f098a000700 1 -- start start
2024-04-01T16:58:07.189 INFO:teuthology.orchestra.run.smithi131.stdout:/usr/bin/ceph: stderr
2024-04-01T16:58:06.255+0000 7f098a000700 1 --2- >> [v2:172.21.15.131:3300/0,v1:172.21.15.131:6789/0] conn(0x7f0984107d00 0x7f0984108110 unknown :-1 s=NONE pgs=0 cs=0 l=0 rev1=0 crypto rx=0 tx=0 comp rx=0 tx=0).connect
2024-04-01T16:58:07.189 INFO:teuthology.orchestra.run.smithi131.stdout:/usr/bin/ceph: stderr
2024-04-01T16:58:06.255+0000 7f098a000700 1 -- --> [v2:172.21.15.131:3300/0,v1:172.21.15.131:6789/0] -- mon_getmap magic: 0 v1 -- 0x7f0984108650 con 0x7f0984107d00
2024-04-01T16:58:07.189 INFO:teuthology.orchestra.run.smithi131.stdout:/usr/bin/ceph: stderr
2024-04-01T16:58:06.256+0000 7f0983400700 1 --2- >> [v2:172.21.15.131:3300/0,v1:172.21.15.131:6789/0] conn(0x7f0984107d00 0x7f0984108110 unknown :-1 s=BANNER_CONNECTING pgs=0 cs=0 l=0 rev1=0 crypto rx=0 tx=0 comp rx=0 tx=0)._handle_peer_banner_payload supported=3 required=0
2024-04-01T16:58:07.189 INFO:teuthology.orchestra.run.smithi131.stdout:/usr/bin/ceph: stderr
2024-04-01T16:58:06.256+0000 7f0983400700 1 --2- >> [v2:172.21.15.131:3300/0,v1:172.21.15.131:6789/0] conn(0x7f0984107d00 0x7f0984108110 unknown :-1 s=HELLO_CONNECTING pgs=0 cs=0 l=0 rev1=1 crypto rx=0 tx=0 comp rx=0 tx=0).handle_hello peer v2:172.21.15.131:3300/0 says I am v2:172.21.15.131:55120/0 (socket says 172.21.15.131:55120)
2024-04-01T16:58:07.192 INFO:teuthology.orchestra.run.smithi131.stdout:/usr/bin/ceph: stderr
2024-04-01T16:58:06.256+0000 7f0983400700 1 -- 172.21.15.131:0/2252008658 learned_addr learned my addr 172.21.15.131:0/2252008658 (peer_addr_for_me v2:172.21.15.131:0/0)
2024-04-01T16:58:07.192 INFO:teuthology.orchestra.run.smithi131.stdout:/usr/bin/ceph: stderr
2024-04-01T16:58:06.256+0000 7f0983400700 1 -- 172.21.15.131:0/2252008658 --> [v2:172.21.15.131:3300/0,v1:172.21.15.131:6789/0] -- mon_subscribe({config=0+,monmap=0+}) v3 -- 0x7f0984108790 con 0x7f0984107d00
2024-04-01T16:58:07.193 INFO:teuthology.orchestra.run.smithi131.stdout:/usr/bin/ceph: stderr
2024-04-01T16:58:06.256+0000 7f0983400700 1 --2- 172.21.15.131:0/2252008658 >> [v2:172.21.15.131:3300/0,v1:172.21.15.131:6789/0] conn(0x7f0984107d00 0x7f0984108110 secure :-1 s=READY pgs=86 cs=0 l=1 rev1=1 crypto rx=0x7f09740098a0 tx=0x7f0974009bb0 comp rx=0 tx=0).ready entity=mon.0 client_cookie=d4d17af6367d198b server_cookie=0 in_seq=0 out_seq=0
2024-04-01T16:58:07.193 INFO:teuthology.orchestra.run.smithi131.stdout:/usr/bin/ceph: stderr
2024-04-01T16:58:06.257+0000 7f0982000700 1 -- 172.21.15.131:0/2252008658 <== mon.0 v2:172.21.15.131:3300/0 1 ==== mon_map magic: 0 v1 ==== 229+0+0 (secure 0 0 0) 0x7f0974004180 con 0x7f0984107d00
2024-04-01T16:58:07.193 INFO:teuthology.orchestra.run.smithi131.stdout:/usr/bin/ceph: stderr
2024-04-01T16:58:06.257+0000 7f0982000700 1 -- 172.21.15.131:0/2252008658 <== mon.0 v2:172.21.15.131:3300/0 2 ==== config(27 keys) v1 ==== 1101+0+0 (secure 0 0 0) 0x7f09740042e0 con 0x7f0984107d00
2024-04-01T16:58:07.193 INFO:teuthology.orchestra.run.smithi131.stdout:/usr/bin/ceph: stderr
2024-04-01T16:58:06.257+0000 7f0982000700 1 -- 172.21.15.131:0/2252008658 <== mon.0 v2:172.21.15.131:3300/0 3 ==== mon_map magic: 0 v1 ==== 229+0+0 (secure 0 0 0) 0x7f0974011af0 con 0x7f0984107d00
2024-04-01T16:58:07.193 INFO:teuthology.orchestra.run.smithi131.stdout:/usr/bin/ceph: stderr
2024-04-01T16:58:06.257+0000 7f098a000700 1 -- 172.21.15.131:0/2252008658 >> [v2:172.21.15.131:3300/0,v1:172.21.15.131:6789/0] conn(0x7f0984107d00 msgr2=0x7f0984108110 secure :-1 s=STATE_CONNECTION_ESTABLISHED l=1).mark_down
2024-04-01T16:58:07.193 INFO:teuthology.orchestra.run.smithi131.stdout:/usr/bin/ceph: stderr
2024-04-01T16:58:06.257+0000 7f098a000700 1 --2- 172.21.15.131:0/2252008658 >> [v2:172.21.15.131:3300/0,v1:172.21.15.131:6789/0] conn(0x7f0984107d00 0x7f0984108110 secure :-1 s=READY pgs=86 cs=0 l=1 rev1=1 crypto rx=0x7f09740098a0 tx=0x7f0974009bb0 comp rx=0 tx=0).stop
2024-04-01T16:58:07.193 INFO:teuthology.orchestra.run.smithi131.stdout:/usr/bin/ceph: stderr
2024-04-01T16:58:06.258+0000 7f098a000700 1 -- 172.21.15.131:0/2252008658 shutdown_connections
2024-04-01T16:58:07.193 INFO:teuthology.orchestra.run.smithi131.stdout:/usr/bin/ceph: stderr
2024-04-01T16:58:06.258+0000 7f098a000700 1 --2- 172.21.15.131:0/2252008658 >> [v2:172.21.15.131:3300/0,v1:172.21.15.131:6789/0] conn(0x7f0984107d00 0x7f0984108110 unknown :-1 s=CLOSED pgs=86 cs=0 l=1 rev1=1 crypto rx=0 tx=0 comp rx=0 tx=0).stop
2024-04-01T16:58:07.193 INFO:teuthology.orchestra.run.smithi131.stdout:/usr/bin/ceph: stderr
2024-04-01T16:58:06.258+0000 7f098a000700 1 -- 172.21.15.131:0/2252008658 >> 172.21.15.131:0/2252008658 conn(0x7f098407b220 msgr2=0x7f098407b640 unknown :-1 s=STATE_NONE l=0).mark_down
2024-04-01T16:58:07.193 INFO:teuthology.orchestra.run.smithi131.stdout:/usr/bin/ceph: stderr
2024-04-01T16:58:06.258+0000 7f098a000700 1 -- 172.21.15.131:0/2252008658 shutdown_connections
2024-04-01T16:58:07.193 INFO:teuthology.orchestra.run.smithi131.stdout:/usr/bin/ceph: stderr
2024-04-01T16:58:06.258+0000 7f098a000700 1 -- 172.21.15.131:0/2252008658 wait complete.
2024-04-01T16:58:07.193 INFO:teuthology.orchestra.run.smithi131.stdout:/usr/bin/ceph: stderr
2024-04-01T16:58:06.259+0000 7f098a000700 1 Processor -- start
2024-04-01T16:58:07.193 INFO:teuthology.orchestra.run.smithi131.stdout:/usr/bin/ceph: stderr
2024-04-01T16:58:06.259+0000 7f098a000700 1 -- start start
2024-04-01T16:58:07.194 INFO:teuthology.orchestra.run.smithi131.stdout:/usr/bin/ceph: stderr
2024-04-01T16:58:06.259+0000 7f098a000700 1 --2- >> [v2:172.21.15.131:3300/0,v1:172.21.15.131:6789/0] conn(0x7f0984107d00 0x7f098419bab0 unknown :-1 s=NONE pgs=0 cs=0 l=1 rev1=0 crypto rx=0 tx=0 comp rx=0 tx=0).connect
2024-04-01T16:58:07.194 INFO:teuthology.orchestra.run.smithi131.stdout:/usr/bin/ceph: stderr
2024-04-01T16:58:06.259+0000 7f098a000700 1 -- --> [v2:172.21.15.131:3300/0,v1:172.21.15.131:6789/0] -- mon_getmap magic: 0 v1 -- 0x7f098419bff0 con 0x7f0984107d00
2024-04-01T16:58:07.194 INFO:teuthology.orchestra.run.smithi131.stdout:/usr/bin/ceph: stderr
2024-04-01T16:58:06.259+0000 7f0983400700 1 --2- >> [v2:172.21.15.131:3300/0,v1:172.21.15.131:6789/0] conn(0x7f0984107d00 0x7f098419bab0 unknown :-1 s=BANNER_CONNECTING pgs=0 cs=0 l=1 rev1=0 crypto rx=0 tx=0 comp rx=0 tx=0)._handle_peer_banner_payload supported=3 required=0
2024-04-01T16:58:07.194 INFO:teuthology.orchestra.run.smithi131.stdout:/usr/bin/ceph: stderr
2024-04-01T16:58:06.259+0000 7f0983400700 1 --2- >> [v2:172.21.15.131:3300/0,v1:172.21.15.131:6789/0] conn(0x7f0984107d00 0x7f098419bab0 unknown :-1 s=HELLO_CONNECTING pgs=0 cs=0 l=1 rev1=1 crypto rx=0 tx=0 comp rx=0 tx=0).handle_hello peer v2:172.21.15.131:3300/0 says I am v2:172.21.15.131:55122/0 (socket says 172.21.15.131:55122)
2024-04-01T16:58:07.194 INFO:teuthology.orchestra.run.smithi131.stdout:/usr/bin/ceph: stderr
2024-04-01T16:58:06.259+0000 7f0983400700 1 -- 172.21.15.131:0/2748810338 learned_addr learned my addr 172.21.15.131:0/2748810338 (peer_addr_for_me v2:172.21.15.131:0/0)
2024-04-01T16:58:07.194 INFO:teuthology.orchestra.run.smithi131.stdout:/usr/bin/ceph: stderr
2024-04-01T16:58:06.260+0000 7f0983400700 1 -- 172.21.15.131:0/2748810338 --> [v2:172.21.15.131:3300/0,v1:172.21.15.131:6789/0] -- mon_subscribe({config=0+,monmap=0+}) v3 -- 0x7f0974009550 con 0x7f0984107d00
2024-04-01T16:58:07.194 INFO:teuthology.orchestra.run.smithi131.stdout:/usr/bin/ceph: stderr
2024-04-01T16:58:06.260+0000 7f0983400700 1 --2- 172.21.15.131:0/2748810338 >> [v2:172.21.15.131:3300/0,v1:172.21.15.131:6789/0] conn(0x7f0984107d00 0x7f098419bab0 secure :-1 s=READY pgs=87 cs=0 l=1 rev1=1 crypto rx=0x7f0974011ad0 tx=0x7f0974011bb0 comp rx=0 tx=0).ready entity=mon.0 client_cookie=0 server_cookie=0 in_seq=0 out_seq=0
2024-04-01T16:58:07.194 INFO:teuthology.orchestra.run.smithi131.stdout:/usr/bin/ceph: stderr
2024-04-01T16:58:06.260+0000 7f097be00700 1 -- 172.21.15.131:0/2748810338 <== mon.0 v2:172.21.15.131:3300/0 1 ==== mon_map magic: 0 v1 ==== 229+0+0 (secure 0 0 0) 0x7f0974003ab0 con 0x7f0984107d00
2024-04-01T16:58:07.194 INFO:teuthology.orchestra.run.smithi131.stdout:/usr/bin/ceph: stderr
2024-04-01T16:58:06.260+0000 7f097be00700 1 -- 172.21.15.131:0/2748810338 <== mon.0 v2:172.21.15.131:3300/0 2 ==== config(27 keys) v1 ==== 1101+0+0 (secure 0 0 0) 0x7f0974003c10 con 0x7f0984107d00
2024-04-01T16:58:07.194 INFO:teuthology.orchestra.run.smithi131.stdout:/usr/bin/ceph: stderr
2024-04-01T16:58:06.260+0000 7f097be00700 1 -- 172.21.15.131:0/2748810338 <== mon.0 v2:172.21.15.131:3300/0 3 ==== mon_map magic: 0 v1 ==== 229+0+0 (secure 0 0 0) 0x7f09740198e0 con 0x7f0984107d00
2024-04-01T16:58:07.194 INFO:teuthology.orchestra.run.smithi131.stdout:/usr/bin/ceph: stderr
2024-04-01T16:58:06.260+0000 7f098a000700 1 -- 172.21.15.131:0/2748810338 --> [v2:172.21.15.131:3300/0,v1:172.21.15.131:6789/0] -- mon_subscribe({mgrmap=0+}) v3 -- 0x7f098419c1f0 con 0x7f0984107d00
2024-04-01T16:58:07.194 INFO:teuthology.orchestra.run.smithi131.stdout:/usr/bin/ceph: stderr
2024-04-01T16:58:06.260+0000 7f098a000700 1 -- 172.21.15.131:0/2748810338 --> [v2:172.21.15.131:3300/0,v1:172.21.15.131:6789/0] -- mon_subscribe({osdmap=0}) v3 -- 0x7f098419c610 con 0x7f0984107d00
2024-04-01T16:58:07.194 INFO:teuthology.orchestra.run.smithi131.stdout:/usr/bin/ceph: stderr
2024-04-01T16:58:06.262+0000 7f097be00700 1 -- 172.21.15.131:0/2748810338 <== mon.0 v2:172.21.15.131:3300/0 4 ==== mgrmap(e 13) v1 ==== 45141+0+0 (secure 0 0 0) 0x7f0974019b50 con 0x7f0984107d00
2024-04-01T16:58:07.196 INFO:teuthology.orchestra.run.smithi131.stdout:/usr/bin/ceph: stderr
2024-04-01T16:58:06.262+0000 7f098a000700 1 -- 172.21.15.131:0/2748810338 --> [v2:172.21.15.131:3300/0,v1:172.21.15.131:6789/0] -- mon_command({"prefix": "get_command_descriptions"} v 0) v1 -- 0x7f0984062380 con 0x7f0984107d00
2024-04-01T16:58:07.197 INFO:teuthology.orchestra.run.smithi131.stdout:/usr/bin/ceph: stderr
2024-04-01T16:58:06.262+0000 7f097be00700 1 --2- 172.21.15.131:0/2748810338 >> [v2:172.21.15.131:6800/3203093132,v1:172.21.15.131:6801/3203093132] conn(0x7f0968038530 0x7f096803a9e0 unknown :-1 s=NONE pgs=0 cs=0 l=1 rev1=0 crypto rx=0 tx=0 comp rx=0 tx=0).connect
2024-04-01T16:58:07.197 INFO:teuthology.orchestra.run.smithi131.stdout:/usr/bin/ceph: stderr
2024-04-01T16:58:06.262+0000 7f097be00700 1 -- 172.21.15.131:0/2748810338 <== mon.0 v2:172.21.15.131:3300/0 5 ==== osd_map(3..3 src has 1..3) v4 ==== 1155+0+0 (secure 0 0 0) 0x7f097404c350 con 0x7f0984107d00
2024-04-01T16:58:07.197 INFO:teuthology.orchestra.run.smithi131.stdout:/usr/bin/ceph: stderr
2024-04-01T16:58:06.262+0000 7f0982a00700 1 --2- 172.21.15.131:0/2748810338 >> [v2:172.21.15.131:6800/3203093132,v1:172.21.15.131:6801/3203093132] conn(0x7f0968038530 0x7f096803a9e0 unknown :-1 s=BANNER_CONNECTING pgs=0 cs=0 l=1 rev1=0 crypto rx=0 tx=0 comp rx=0 tx=0)._handle_peer_banner_payload supported=3 required=0
2024-04-01T16:58:07.197 INFO:teuthology.orchestra.run.smithi131.stdout:/usr/bin/ceph: stderr
2024-04-01T16:58:06.263+0000 7f0982a00700 1 --2- 172.21.15.131:0/2748810338 >> [v2:172.21.15.131:6800/3203093132,v1:172.21.15.131:6801/3203093132] conn(0x7f0968038530 0x7f096803a9e0 secure :-1 s=READY pgs=9 cs=0 l=1 rev1=1 crypto rx=0x7f0970006fd0 tx=0x7f0970006e40 comp rx=0 tx=0).ready entity=mgr.14164 client_cookie=0 server_cookie=0 in_seq=0 out_seq=0
2024-04-01T16:58:07.197 INFO:teuthology.orchestra.run.smithi131.stdout:/usr/bin/ceph: stderr
2024-04-01T16:58:06.267+0000 7f097be00700 1 -- 172.21.15.131:0/2748810338 <== mon.0 v2:172.21.15.131:3300/0 6 ==== mon_command_ack([{"prefix": "get_command_descriptions"}]=0 v0) v1 ==== 72+0+177933 (secure 0 0 0) 0x7f097401a430 con 0x7f0984107d00
2024-04-01T16:58:07.197 INFO:teuthology.orchestra.run.smithi131.stdout:/usr/bin/ceph: stderr
2024-04-01T16:58:06.482+0000 7f098a000700 1 -- 172.21.15.131:0/2748810338 --> [v2:172.21.15.131:3300/0,v1:172.21.15.131:6789/0] -- mon_command({"prefix": "config get", "who": "mgr", "key": "mgr/dashboard/ssl_server_port"} v 0) v1 -- 0x7f098419f470 con 0x7f0984107d00
2024-04-01T16:58:07.197 INFO:teuthology.orchestra.run.smithi131.stdout:/usr/bin/ceph: stderr
2024-04-01T16:58:06.483+0000 7f097be00700 1 -- 172.21.15.131:0/2748810338 <== mon.0 v2:172.21.15.131:3300/0 7 ==== mon_command_ack([{"prefix": "config get", "who": "mgr", "key": "mgr/dashboard/ssl_server_port"}]=0 v8) v1 ==== 112+0+5 (secure 0 0 0) 0x7f0974018350 con 0x7f0984107d00
2024-04-01T16:58:07.197 INFO:teuthology.orchestra.run.smithi131.stdout:/usr/bin/ceph: stderr
2024-04-01T16:58:06.485+0000 7f098a000700 1 -- 172.21.15.131:0/2748810338 >> [v2:172.21.15.131:6800/3203093132,v1:172.21.15.131:6801/3203093132] conn(0x7f0968038530 msgr2=0x7f096803a9e0 secure :-1 s=STATE_CONNECTION_ESTABLISHED l=1).mark_down
2024-04-01T16:58:07.197 INFO:teuthology.orchestra.run.smithi131.stdout:/usr/bin/ceph: stderr
2024-04-01T16:58:06.485+0000 7f098a000700 1 --2- 172.21.15.131:0/2748810338 >> [v2:172.21.15.131:6800/3203093132,v1:172.21.15.131:6801/3203093132] conn(0x7f0968038530 0x7f096803a9e0 secure :-1 s=READY pgs=9 cs=0 l=1 rev1=1 crypto rx=0x7f0970006fd0 tx=0x7f0970006e40 comp rx=0 tx=0).stop
2024-04-01T16:58:07.197 INFO:teuthology.orchestra.run.smithi131.stdout:/usr/bin/ceph: stderr
2024-04-01T16:58:06.485+0000 7f098a000700 1 -- 172.21.15.131:0/2748810338 >> [v2:172.21.15.131:3300/0,v1:172.21.15.131:6789/0] conn(0x7f0984107d00 msgr2=0x7f098419bab0 secure :-1 s=STATE_CONNECTION_ESTABLISHED l=1).mark_down
2024-04-01T16:58:07.197 INFO:teuthology.orchestra.run.smithi131.stdout:/usr/bin/ceph: stderr
2024-04-01T16:58:06.485+0000 7f098a000700 1 --2- 172.21.15.131:0/2748810338 >> [v2:172.21.15.131:3300/0,v1:172.21.15.131:6789/0] conn(0x7f0984107d00 0x7f098419bab0 secure :-1 s=READY pgs=87 cs=0 l=1 rev1=1 crypto rx=0x7f0974011ad0 tx=0x7f0974011bb0 comp rx=0 tx=0).stop
2024-04-01T16:58:07.197 INFO:teuthology.orchestra.run.smithi131.stdout:/usr/bin/ceph: stderr
2024-04-01T16:58:06.486+0000 7f098a000700 1 -- 172.21.15.131:0/2748810338 shutdown_connections
2024-04-01T16:58:07.198 INFO:teuthology.orchestra.run.smithi131.stdout:/usr/bin/ceph: stderr
2024-04-01T16:58:06.486+0000 7f098a000700 1 --2- 172.21.15.131:0/2748810338 >> [v2:172.21.15.131:6800/3203093132,v1:172.21.15.131:6801/3203093132] conn(0x7f0968038530 0x7f096803a9e0 unknown :-1 s=CLOSED pgs=9 cs=0 l=1 rev1=1 crypto rx=0 tx=0 comp rx=0 tx=0).stop
2024-04-01T16:58:07.198 INFO:teuthology.orchestra.run.smithi131.stdout:/usr/bin/ceph: stderr
2024-04-01T16:58:06.486+0000 7f098a000700 1 --2- 172.21.15.131:0/2748810338 >> [v2:172.21.15.131:3300/0,v1:172.21.15.131:6789/0] conn(0x7f0984107d00 0x7f098419bab0 unknown :-1 s=CLOSED pgs=87 cs=0 l=1 rev1=1 crypto rx=0 tx=0 comp rx=0 tx=0).stop
2024-04-01T16:58:07.198 INFO:teuthology.orchestra.run.smithi131.stdout:/usr/bin/ceph: stderr
2024-04-01T16:58:06.486+0000 7f098a000700 1 -- 172.21.15.131:0/2748810338 >> 172.21.15.131:0/2748810338 conn(0x7f098407b220 msgr2=0x7f0984105ff0 unknown :-1 s=STATE_NONE l=0).mark_down
2024-04-01T16:58:07.198 INFO:teuthology.orchestra.run.smithi131.stdout:/usr/bin/ceph: stderr
2024-04-01T16:58:06.486+0000 7f098a000700 1 -- 172.21.15.131:0/2748810338 shutdown_connections
2024-04-01T16:58:07.198 INFO:teuthology.orchestra.run.smithi131.stdout:/usr/bin/ceph: stderr
2024-04-01T16:58:06.486+0000 7f098a000700 1 -- 172.21.15.131:0/2748810338 wait complete.
2024-04-01T16:58:07.222 INFO:teuthology.orchestra.run.smithi131.stdout:Non-zero exit code 1 from systemctl is-enabled firewalld.service
2024-04-01T16:58:07.222 INFO:teuthology.orchestra.run.smithi131.stdout:systemctl: stdout disabled
2024-04-01T16:58:07.242 INFO:teuthology.orchestra.run.smithi131.stdout:Non-zero exit code 3 from systemctl is-active firewalld.service
2024-04-01T16:58:07.242 INFO:teuthology.orchestra.run.smithi131.stdout:systemctl: stdout inactive
2024-04-01T16:58:07.242 INFO:teuthology.orchestra.run.smithi131.stdout:firewalld.service is not enabled
2024-04-01T16:58:07.242 INFO:teuthology.orchestra.run.smithi131.stdout:Not possible to open ports <[8443]>. firewalld.service is not available
2024-04-01T16:58:07.246 INFO:teuthology.orchestra.run.smithi131.stdout:Ceph Dashboard is now available at:
2024-04-01T16:58:07.246 INFO:teuthology.orchestra.run.smithi131.stdout:
2024-04-01T16:58:07.246 INFO:teuthology.orchestra.run.smithi131.stdout: URL: https://smithi131.front.sepia.ceph.com:8443/
2024-04-01T16:58:07.246 INFO:teuthology.orchestra.run.smithi131.stdout: User: admin
2024-04-01T16:58:07.246 INFO:teuthology.orchestra.run.smithi131.stdout: Password: thqnbamhz4
2024-04-01T16:58:07.246 INFO:teuthology.orchestra.run.smithi131.stdout:
2024-04-01T16:58:07.247 INFO:teuthology.orchestra.run.smithi131.stdout:Saving cluster configuration to /var/lib/ceph/b0506ce6-f048-11ee-b647-cb9ed24678a4/config directory
2024-04-01T16:58:07.248 INFO:teuthology.orchestra.run.smithi131.stdout:Enabling autotune for osd_memory_target
2024-04-01T16:58:07.683 INFO:journalctl@ceph.mon.smithi131.smithi131.stdout:Apr 01 16:58:07 smithi131 ceph-mon[29270]: from='client.? 172.21.15.131:0/2748810338' entity='client.admin' cmd=[{"prefix": "config get", "who": "mgr", "key": "mgr/dashboard/ssl_server_port"}]: dispatch
2024-04-01T16:58:08.699 INFO:teuthology.orchestra.run.smithi131.stdout:/usr/bin/ceph: stderr
2024-04-01T16:58:07.833+0000 7fbb97200700 1 Processor -- start
2024-04-01T16:58:08.700 INFO:teuthology.orchestra.run.smithi131.stdout:/usr/bin/ceph: stderr
2024-04-01T16:58:07.833+0000 7fbb97200700 1 -- start start
2024-04-01T16:58:08.700 INFO:teuthology.orchestra.run.smithi131.stdout:/usr/bin/ceph: stderr
2024-04-01T16:58:07.834+0000 7fbb97200700 1 --2- >> [v2:172.21.15.131:3300/0,v1:172.21.15.131:6789/0] conn(0x7fbb98107b30 0x7fbb98107f40 unknown :-1 s=NONE pgs=0 cs=0 l=0 rev1=0 crypto rx=0 tx=0 comp rx=0 tx=0).connect
2024-04-01T16:58:08.700 INFO:teuthology.orchestra.run.smithi131.stdout:/usr/bin/ceph: stderr
2024-04-01T16:58:07.834+0000 7fbb97200700 1 -- --> [v2:172.21.15.131:3300/0,v1:172.21.15.131:6789/0] -- mon_getmap magic: 0 v1 -- 0x7fbb98108480 con 0x7fbb98107b30
2024-04-01T16:58:08.700 INFO:teuthology.orchestra.run.smithi131.stdout:/usr/bin/ceph: stderr
2024-04-01T16:58:07.834+0000 7fbb95e00700 1 --2- >> [v2:172.21.15.131:3300/0,v1:172.21.15.131:6789/0] conn(0x7fbb98107b30 0x7fbb98107f40 unknown :-1 s=BANNER_CONNECTING pgs=0 cs=0 l=0 rev1=0 crypto rx=0 tx=0 comp rx=0 tx=0)._handle_peer_banner_payload supported=3 required=0
2024-04-01T16:58:08.700 INFO:teuthology.orchestra.run.smithi131.stdout:/usr/bin/ceph: stderr
2024-04-01T16:58:07.834+0000 7fbb95e00700 1 --2- >> [v2:172.21.15.131:3300/0,v1:172.21.15.131:6789/0] conn(0x7fbb98107b30 0x7fbb98107f40 unknown :-1 s=HELLO_CONNECTING pgs=0 cs=0 l=0 rev1=1 crypto rx=0 tx=0 comp rx=0 tx=0).handle_hello peer v2:172.21.15.131:3300/0 says I am v2:172.21.15.131:55132/0 (socket says 172.21.15.131:55132)
2024-04-01T16:58:08.700 INFO:teuthology.orchestra.run.smithi131.stdout:/usr/bin/ceph: stderr
2024-04-01T16:58:07.834+0000 7fbb95e00700 1 -- 172.21.15.131:0/3231298058 learned_addr learned my addr 172.21.15.131:0/3231298058 (peer_addr_for_me v2:172.21.15.131:0/0)
2024-04-01T16:58:08.700 INFO:teuthology.orchestra.run.smithi131.stdout:/usr/bin/ceph: stderr
2024-04-01T16:58:07.835+0000 7fbb95e00700 1 -- 172.21.15.131:0/3231298058 --> [v2:172.21.15.131:3300/0,v1:172.21.15.131:6789/0] -- mon_subscribe({config=0+,monmap=0+}) v3 -- 0x7fbb981085c0 con 0x7fbb98107b30
2024-04-01T16:58:08.700 INFO:teuthology.orchestra.run.smithi131.stdout:/usr/bin/ceph: stderr
2024-04-01T16:58:07.835+0000 7fbb95e00700 1 --2- 172.21.15.131:0/3231298058 >> [v2:172.21.15.131:3300/0,v1:172.21.15.131:6789/0] conn(0x7fbb98107b30 0x7fbb98107f40 secure :-1 s=READY pgs=88 cs=0 l=1 rev1=1 crypto rx=0x7fbb880098a0 tx=0x7fbb88009bb0 comp rx=0 tx=0).ready entity=mon.0 client_cookie=c83f5022c8522f5d server_cookie=0 in_seq=0 out_seq=0
2024-04-01T16:58:08.700 INFO:teuthology.orchestra.run.smithi131.stdout:/usr/bin/ceph: stderr
2024-04-01T16:58:07.835+0000 7fbb94a00700 1 -- 172.21.15.131:0/3231298058 <== mon.0 v2:172.21.15.131:3300/0 1 ==== mon_map magic: 0 v1 ==== 229+0+0 (secure 0 0 0) 0x7fbb88004180 con 0x7fbb98107b30
2024-04-01T16:58:08.700 INFO:teuthology.orchestra.run.smithi131.stdout:/usr/bin/ceph: stderr
2024-04-01T16:58:07.836+0000 7fbb94a00700 1 -- 172.21.15.131:0/3231298058 <== mon.0 v2:172.21.15.131:3300/0 2 ==== config(27 keys) v1 ==== 1101+0+0 (secure 0 0 0) 0x7fbb880042e0 con 0x7fbb98107b30
2024-04-01T16:58:08.701 INFO:teuthology.orchestra.run.smithi131.stdout:/usr/bin/ceph: stderr
2024-04-01T16:58:07.836+0000 7fbb94a00700 1 -- 172.21.15.131:0/3231298058 <== mon.0 v2:172.21.15.131:3300/0 3 ==== mon_map magic: 0 v1 ==== 229+0+0 (secure 0 0 0) 0x7fbb88011af0 con 0x7fbb98107b30
2024-04-01T16:58:08.701 INFO:teuthology.orchestra.run.smithi131.stdout:/usr/bin/ceph: stderr
2024-04-01T16:58:07.836+0000 7fbb97200700 1 -- 172.21.15.131:0/3231298058 >> [v2:172.21.15.131:3300/0,v1:172.21.15.131:6789/0] conn(0x7fbb98107b30 msgr2=0x7fbb98107f40 secure :-1 s=STATE_CONNECTION_ESTABLISHED l=1).mark_down
2024-04-01T16:58:08.701 INFO:teuthology.orchestra.run.smithi131.stdout:/usr/bin/ceph: stderr
2024-04-01T16:58:07.836+0000 7fbb97200700 1 --2- 172.21.15.131:0/3231298058 >> [v2:172.21.15.131:3300/0,v1:172.21.15.131:6789/0] conn(0x7fbb98107b30 0x7fbb98107f40 secure :-1 s=READY pgs=88 cs=0 l=1 rev1=1 crypto rx=0x7fbb880098a0 tx=0x7fbb88009bb0 comp rx=0 tx=0).stop
2024-04-01T16:58:08.701 INFO:teuthology.orchestra.run.smithi131.stdout:/usr/bin/ceph: stderr
2024-04-01T16:58:07.836+0000 7fbb97200700 1 -- 172.21.15.131:0/3231298058 shutdown_connections
2024-04-01T16:58:08.701 INFO:teuthology.orchestra.run.smithi131.stdout:/usr/bin/ceph: stderr
2024-04-01T16:58:07.836+0000 7fbb97200700 1 --2- 172.21.15.131:0/3231298058 >> [v2:172.21.15.131:3300/0,v1:172.21.15.131:6789/0] conn(0x7fbb98107b30 0x7fbb98107f40 unknown :-1 s=CLOSED pgs=88 cs=0 l=1 rev1=1 crypto rx=0 tx=0 comp rx=0 tx=0).stop
2024-04-01T16:58:08.701 INFO:teuthology.orchestra.run.smithi131.stdout:/usr/bin/ceph: stderr
2024-04-01T16:58:07.836+0000 7fbb97200700 1 -- 172.21.15.131:0/3231298058 >> 172.21.15.131:0/3231298058 conn(0x7fbb9807afe0 msgr2=0x7fbb9807b3e0 unknown :-1 s=STATE_NONE l=0).mark_down
2024-04-01T16:58:08.701 INFO:teuthology.orchestra.run.smithi131.stdout:/usr/bin/ceph: stderr
2024-04-01T16:58:07.836+0000 7fbb97200700 1 -- 172.21.15.131:0/3231298058 shutdown_connections
2024-04-01T16:58:08.701 INFO:teuthology.orchestra.run.smithi131.stdout:/usr/bin/ceph: stderr
2024-04-01T16:58:07.836+0000 7fbb97200700 1 -- 172.21.15.131:0/3231298058 wait complete.
2024-04-01T16:58:08.701 INFO:teuthology.orchestra.run.smithi131.stdout:/usr/bin/ceph: stderr
2024-04-01T16:58:07.837+0000 7fbb97200700 1 Processor -- start
2024-04-01T16:58:08.701 INFO:teuthology.orchestra.run.smithi131.stdout:/usr/bin/ceph: stderr
2024-04-01T16:58:07.838+0000 7fbb97200700 1 -- start start
2024-04-01T16:58:08.701 INFO:teuthology.orchestra.run.smithi131.stdout:/usr/bin/ceph: stderr
2024-04-01T16:58:07.838+0000 7fbb97200700 1 --2- >> [v2:172.21.15.131:3300/0,v1:172.21.15.131:6789/0] conn(0x7fbb98107b30 0x7fbb9819b8b0 unknown :-1 s=NONE pgs=0 cs=0 l=1 rev1=0 crypto rx=0 tx=0 comp rx=0 tx=0).connect
2024-04-01T16:58:08.701 INFO:teuthology.orchestra.run.smithi131.stdout:/usr/bin/ceph: stderr
2024-04-01T16:58:07.838+0000 7fbb97200700 1 -- --> [v2:172.21.15.131:3300/0,v1:172.21.15.131:6789/0] -- mon_getmap magic: 0 v1 -- 0x7fbb9819bdf0 con 0x7fbb98107b30
2024-04-01T16:58:08.701 INFO:teuthology.orchestra.run.smithi131.stdout:/usr/bin/ceph: stderr
2024-04-01T16:58:07.838+0000 7fbb95e00700 1 --2- >> [v2:172.21.15.131:3300/0,v1:172.21.15.131:6789/0] conn(0x7fbb98107b30 0x7fbb9819b8b0 unknown :-1 s=BANNER_CONNECTING pgs=0 cs=0 l=1 rev1=0 crypto rx=0 tx=0 comp rx=0 tx=0)._handle_peer_banner_payload supported=3 required=0
2024-04-01T16:58:08.701 INFO:teuthology.orchestra.run.smithi131.stdout:/usr/bin/ceph: stderr
2024-04-01T16:58:07.838+0000 7fbb95e00700 1 --2- >> [v2:172.21.15.131:3300/0,v1:172.21.15.131:6789/0] conn(0x7fbb98107b30 0x7fbb9819b8b0 unknown :-1 s=HELLO_CONNECTING pgs=0 cs=0 l=1 rev1=1 crypto rx=0 tx=0 comp rx=0 tx=0).handle_hello peer v2:172.21.15.131:3300/0 says I am v2:172.21.15.131:55148/0 (socket says 172.21.15.131:55148)
2024-04-01T16:58:08.702 INFO:teuthology.orchestra.run.smithi131.stdout:/usr/bin/ceph: stderr
2024-04-01T16:58:07.838+0000 7fbb95e00700 1 -- 172.21.15.131:0/4057016091 learned_addr learned my addr 172.21.15.131:0/4057016091 (peer_addr_for_me v2:172.21.15.131:0/0)
2024-04-01T16:58:08.702 INFO:teuthology.orchestra.run.smithi131.stdout:/usr/bin/ceph: stderr
2024-04-01T16:58:07.839+0000 7fbb95e00700 1 -- 172.21.15.131:0/4057016091 --> [v2:172.21.15.131:3300/0,v1:172.21.15.131:6789/0] -- mon_subscribe({config=0+,monmap=0+}) v3 -- 0x7fbb88009550 con 0x7fbb98107b30
2024-04-01T16:58:08.702 INFO:teuthology.orchestra.run.smithi131.stdout:/usr/bin/ceph: stderr
2024-04-01T16:58:07.839+0000 7fbb95e00700 1 --2- 172.21.15.131:0/4057016091 >> [v2:172.21.15.131:3300/0,v1:172.21.15.131:6789/0] conn(0x7fbb98107b30 0x7fbb9819b8b0 secure :-1 s=READY pgs=89 cs=0 l=1 rev1=1 crypto rx=0x7fbb88011ad0 tx=0x7fbb88011bb0 comp rx=0 tx=0).ready entity=mon.0 client_cookie=0 server_cookie=0 in_seq=0 out_seq=0
2024-04-01T16:58:08.702 INFO:teuthology.orchestra.run.smithi131.stdout:/usr/bin/ceph: stderr
2024-04-01T16:58:07.839+0000 7fbb8ea00700 1 -- 172.21.15.131:0/4057016091 <== mon.0 v2:172.21.15.131:3300/0 1 ==== mon_map magic: 0 v1 ==== 229+0+0 (secure 0 0 0) 0x7fbb88003ab0 con 0x7fbb98107b30
2024-04-01T16:58:08.702 INFO:teuthology.orchestra.run.smithi131.stdout:/usr/bin/ceph: stderr
2024-04-01T16:58:07.839+0000 7fbb8ea00700 1 -- 172.21.15.131:0/4057016091 <== mon.0 v2:172.21.15.131:3300/0 2 ==== config(27 keys) v1 ==== 1101+0+0 (secure 0 0 0) 0x7fbb88003c10 con 0x7fbb98107b30
2024-04-01T16:58:08.702 INFO:teuthology.orchestra.run.smithi131.stdout:/usr/bin/ceph: stderr
2024-04-01T16:58:07.839+0000 7fbb97200700 1 -- 172.21.15.131:0/4057016091 --> [v2:172.21.15.131:3300/0,v1:172.21.15.131:6789/0] -- mon_subscribe({mgrmap=0+}) v3 -- 0x7fbb9819bff0 con 0x7fbb98107b30
2024-04-01T16:58:08.702 INFO:teuthology.orchestra.run.smithi131.stdout:/usr/bin/ceph: stderr
2024-04-01T16:58:07.839+0000 7fbb8ea00700 1 -- 172.21.15.131:0/4057016091 <== mon.0 v2:172.21.15.131:3300/0 3 ==== mon_map magic: 0 v1 ==== 229+0+0 (secure 0 0 0) 0x7fbb880198e0 con 0x7fbb98107b30
2024-04-01T16:58:08.702 INFO:teuthology.orchestra.run.smithi131.stdout:/usr/bin/ceph: stderr
2024-04-01T16:58:07.839+0000 7fbb97200700 1 -- 172.21.15.131:0/4057016091 --> [v2:172.21.15.131:3300/0,v1:172.21.15.131:6789/0] -- mon_subscribe({osdmap=0}) v3 -- 0x7fbb9819c410 con 0x7fbb98107b30
2024-04-01T16:58:08.702 INFO:teuthology.orchestra.run.smithi131.stdout:/usr/bin/ceph: stderr
2024-04-01T16:58:07.840+0000 7fbb8ea00700 1 -- 172.21.15.131:0/4057016091 <== mon.0 v2:172.21.15.131:3300/0 4 ==== mgrmap(e 13) v1 ==== 45141+0+0 (secure 0 0 0) 0x7fbb88019b50 con 0x7fbb98107b30
2024-04-01T16:58:08.702 INFO:teuthology.orchestra.run.smithi131.stdout:/usr/bin/ceph: stderr
2024-04-01T16:58:07.840+0000 7fbb97200700 1 -- 172.21.15.131:0/4057016091 --> [v2:172.21.15.131:3300/0,v1:172.21.15.131:6789/0] -- mon_command({"prefix": "get_command_descriptions"} v 0) v1 -- 0x7fbb9810bfc0 con 0x7fbb98107b30
2024-04-01T16:58:08.702 INFO:teuthology.orchestra.run.smithi131.stdout:/usr/bin/ceph: stderr
2024-04-01T16:58:07.841+0000 7fbb8ea00700 1 --2- 172.21.15.131:0/4057016091 >> [v2:172.21.15.131:6800/3203093132,v1:172.21.15.131:6801/3203093132] conn(0x7fbb7c038530 0x7fbb7c03a9e0 unknown :-1 s=NONE pgs=0 cs=0 l=1 rev1=0 crypto rx=0 tx=0 comp rx=0 tx=0).connect
2024-04-01T16:58:08.702 INFO:teuthology.orchestra.run.smithi131.stdout:/usr/bin/ceph: stderr
2024-04-01T16:58:07.841+0000 7fbb8ea00700 1 -- 172.21.15.131:0/4057016091 <== mon.0 v2:172.21.15.131:3300/0 5 ==== osd_map(3..3 src has 1..3) v4 ==== 1155+0+0 (secure 0 0 0) 0x7fbb8804c410 con 0x7fbb98107b30
2024-04-01T16:58:08.702 INFO:teuthology.orchestra.run.smithi131.stdout:/usr/bin/ceph: stderr
2024-04-01T16:58:07.841+0000 7fbb95400700 1 --2- 172.21.15.131:0/4057016091 >> [v2:172.21.15.131:6800/3203093132,v1:172.21.15.131:6801/3203093132] conn(0x7fbb7c038530 0x7fbb7c03a9e0 unknown :-1 s=BANNER_CONNECTING pgs=0 cs=0 l=1 rev1=0 crypto rx=0 tx=0 comp rx=0 tx=0)._handle_peer_banner_payload supported=3 required=0
2024-04-01T16:58:08.702 INFO:teuthology.orchestra.run.smithi131.stdout:/usr/bin/ceph: stderr
2024-04-01T16:58:07.842+0000 7fbb95400700 1 --2- 172.21.15.131:0/4057016091 >> [v2:172.21.15.131:6800/3203093132,v1:172.21.15.131:6801/3203093132] conn(0x7fbb7c038530 0x7fbb7c03a9e0 secure :-1 s=READY pgs=10 cs=0 l=1 rev1=1 crypto rx=0x7fbb84006fd0 tx=0x7fbb84006e40 comp rx=0 tx=0).ready entity=mgr.14164 client_cookie=0 server_cookie=0 in_seq=0 out_seq=0
2024-04-01T16:58:08.703 INFO:teuthology.orchestra.run.smithi131.stdout:/usr/bin/ceph: stderr
2024-04-01T16:58:07.846+0000 7fbb8ea00700 1 -- 172.21.15.131:0/4057016091 <== mon.0 v2:172.21.15.131:3300/0 6 ==== mon_command_ack([{"prefix": "get_command_descriptions"}]=0 v0) v1 ==== 72+0+177933 (secure 0 0 0) 0x7fbb8801a430 con 0x7fbb98107b30
2024-04-01T16:58:08.703 INFO:teuthology.orchestra.run.smithi131.stdout:/usr/bin/ceph: stderr
2024-04-01T16:58:08.059+0000 7fbb97200700 1 -- 172.21.15.131:0/4057016091 --> [v2:172.21.15.131:3300/0,v1:172.21.15.131:6789/0] -- mon_command([{prefix=config set, name=osd_memory_target_autotune}] v 0) v1 -- 0x7fbb980623d0 con 0x7fbb98107b30
2024-04-01T16:58:08.703 INFO:teuthology.orchestra.run.smithi131.stdout:/usr/bin/ceph: stderr
2024-04-01T16:58:08.060+0000 7fbb8ea00700 1 -- 172.21.15.131:0/4057016091 <== mon.0 v2:172.21.15.131:3300/0 7 ==== mon_command_ack([{prefix=config set, name=osd_memory_target_autotune}]=0 v8)=0 v8) v1 ==== 127+0+0 (secure 0 0 0) 0x7fbb88018350 con 0x7fbb98107b30
2024-04-01T16:58:08.703 INFO:teuthology.orchestra.run.smithi131.stdout:/usr/bin/ceph: stderr
2024-04-01T16:58:08.063+0000 7fbb97200700 1 -- 172.21.15.131:0/4057016091 >> [v2:172.21.15.131:6800/3203093132,v1:172.21.15.131:6801/3203093132] conn(0x7fbb7c038530 msgr2=0x7fbb7c03a9e0 secure :-1 s=STATE_CONNECTION_ESTABLISHED l=1).mark_down
2024-04-01T16:58:08.703 INFO:teuthology.orchestra.run.smithi131.stdout:/usr/bin/ceph: stderr
2024-04-01T16:58:08.063+0000 7fbb97200700 1 --2- 172.21.15.131:0/4057016091 >> [v2:172.21.15.131:6800/3203093132,v1:172.21.15.131:6801/3203093132] conn(0x7fbb7c038530 0x7fbb7c03a9e0 secure :-1 s=READY pgs=10 cs=0 l=1 rev1=1 crypto rx=0x7fbb84006fd0 tx=0x7fbb84006e40 comp rx=0 tx=0).stop
2024-04-01T16:58:08.703 INFO:teuthology.orchestra.run.smithi131.stdout:/usr/bin/ceph: stderr
2024-04-01T16:58:08.063+0000 7fbb97200700 1 -- 172.21.15.131:0/4057016091 >> [v2:172.21.15.131:3300/0,v1:172.21.15.131:6789/0] conn(0x7fbb98107b30 msgr2=0x7fbb9819b8b0 secure :-1 s=STATE_CONNECTION_ESTABLISHED l=1).mark_down
2024-04-01T16:58:08.703 INFO:teuthology.orchestra.run.smithi131.stdout:/usr/bin/ceph: stderr
2024-04-01T16:58:08.063+0000 7fbb97200700 1 --2- 172.21.15.131:0/4057016091 >> [v2:172.21.15.131:3300/0,v1:172.21.15.131:6789/0] conn(0x7fbb98107b30 0x7fbb9819b8b0 secure :-1 s=READY pgs=89 cs=0 l=1 rev1=1 crypto rx=0x7fbb88011ad0 tx=0x7fbb88011bb0 comp rx=0 tx=0).stop
2024-04-01T16:58:08.703 INFO:teuthology.orchestra.run.smithi131.stdout:/usr/bin/ceph: stderr
2024-04-01T16:58:08.064+0000 7fbb97200700 1 -- 172.21.15.131:0/4057016091 shutdown_connections
2024-04-01T16:58:08.703 INFO:teuthology.orchestra.run.smithi131.stdout:/usr/bin/ceph: stderr
2024-04-01T16:58:08.064+0000 7fbb97200700 1 --2- 172.21.15.131:0/4057016091 >> [v2:172.21.15.131:6800/3203093132,v1:172.21.15.131:6801/3203093132] conn(0x7fbb7c038530 0x7fbb7c03a9e0 unknown :-1 s=CLOSED pgs=10 cs=0 l=1 rev1=1 crypto rx=0 tx=0 comp rx=0 tx=0).stop
2024-04-01T16:58:08.703 INFO:teuthology.orchestra.run.smithi131.stdout:/usr/bin/ceph: stderr
2024-04-01T16:58:08.064+0000 7fbb97200700 1 --2- 172.21.15.131:0/4057016091 >> [v2:172.21.15.131:3300/0,v1:172.21.15.131:6789/0] conn(0x7fbb98107b30 0x7fbb9819b8b0 unknown :-1 s=CLOSED pgs=89 cs=0 l=1 rev1=1 crypto rx=0 tx=0 comp rx=0 tx=0).stop
2024-04-01T16:58:08.703 INFO:teuthology.orchestra.run.smithi131.stdout:/usr/bin/ceph: stderr
2024-04-01T16:58:08.064+0000 7fbb97200700 1 -- 172.21.15.131:0/4057016091 >> 172.21.15.131:0/4057016091 conn(0x7fbb9807afe0 msgr2=0x7fbb981057e0 unknown :-1 s=STATE_NONE l=0).mark_down
2024-04-01T16:58:08.703 INFO:teuthology.orchestra.run.smithi131.stdout:/usr/bin/ceph: stderr
2024-04-01T16:58:08.064+0000 7fbb97200700 1 -- 172.21.15.131:0/4057016091 shutdown_connections
2024-04-01T16:58:08.703 INFO:teuthology.orchestra.run.smithi131.stdout:/usr/bin/ceph: stderr
2024-04-01T16:58:08.064+0000 7fbb97200700 1 -- 172.21.15.131:0/4057016091 wait complete.
2024-04-01T16:58:10.266 INFO:teuthology.orchestra.run.smithi131.stdout:/usr/bin/ceph: stderr
2024-04-01T16:58:09.327+0000 7f00f5400700 1 Processor -- start
2024-04-01T16:58:10.266 INFO:teuthology.orchestra.run.smithi131.stdout:/usr/bin/ceph: stderr
2024-04-01T16:58:09.327+0000 7f00f5400700 1 -- start start
2024-04-01T16:58:10.266 INFO:teuthology.orchestra.run.smithi131.stdout:/usr/bin/ceph: stderr
2024-04-01T16:58:09.328+0000 7f00f5400700 1 --2- >> [v2:172.21.15.131:3300/0,v1:172.21.15.131:6789/0] conn(0x7f00f007ad00 0x7f00f0079200 unknown :-1 s=NONE pgs=0 cs=0 l=0 rev1=0 crypto rx=0 tx=0 comp rx=0 tx=0).connect
2024-04-01T16:58:10.266 INFO:teuthology.orchestra.run.smithi131.stdout:/usr/bin/ceph: stderr
2024-04-01T16:58:09.328+0000 7f00f5400700 1 -- --> [v2:172.21.15.131:3300/0,v1:172.21.15.131:6789/0] -- mon_getmap magic: 0 v1 -- 0x7f00f0079740 con 0x7f00f007ad00
2024-04-01T16:58:10.266 INFO:teuthology.orchestra.run.smithi131.stdout:/usr/bin/ceph: stderr
2024-04-01T16:58:09.328+0000 7f00ee800700 1 --2- >> [v2:172.21.15.131:3300/0,v1:172.21.15.131:6789/0] conn(0x7f00f007ad00 0x7f00f0079200 unknown :-1 s=BANNER_CONNECTING pgs=0 cs=0 l=0 rev1=0 crypto rx=0 tx=0 comp rx=0 tx=0)._handle_peer_banner_payload supported=3 required=0
2024-04-01T16:58:10.267 INFO:teuthology.orchestra.run.smithi131.stdout:/usr/bin/ceph: stderr
2024-04-01T16:58:09.328+0000 7f00ee800700 1 --2- >> [v2:172.21.15.131:3300/0,v1:172.21.15.131:6789/0] conn(0x7f00f007ad00 0x7f00f0079200 unknown :-1 s=HELLO_CONNECTING pgs=0 cs=0 l=0 rev1=1 crypto rx=0 tx=0 comp rx=0 tx=0).handle_hello peer v2:172.21.15.131:3300/0 says I am v2:172.21.15.131:55160/0 (socket says 172.21.15.131:55160)
2024-04-01T16:58:10.267 INFO:teuthology.orchestra.run.smithi131.stdout:/usr/bin/ceph: stderr
2024-04-01T16:58:09.328+0000 7f00ee800700 1 -- 172.21.15.131:0/1199246764 learned_addr learned my addr 172.21.15.131:0/1199246764 (peer_addr_for_me v2:172.21.15.131:0/0)
2024-04-01T16:58:10.267 INFO:teuthology.orchestra.run.smithi131.stdout:/usr/bin/ceph: stderr
2024-04-01T16:58:09.329+0000 7f00ee800700 1 -- 172.21.15.131:0/1199246764 --> [v2:172.21.15.131:3300/0,v1:172.21.15.131:6789/0] -- mon_subscribe({config=0+,monmap=0+}) v3 -- 0x7f00f0079880 con 0x7f00f007ad00
2024-04-01T16:58:10.267 INFO:teuthology.orchestra.run.smithi131.stdout:/usr/bin/ceph: stderr
2024-04-01T16:58:09.329+0000 7f00ee800700 1 --2- 172.21.15.131:0/1199246764 >> [v2:172.21.15.131:3300/0,v1:172.21.15.131:6789/0] conn(0x7f00f007ad00 0x7f00f0079200 secure :-1 s=READY pgs=90 cs=0 l=1 rev1=1 crypto rx=0x7f00e00098a0 tx=0x7f00e0009bb0 comp rx=0 tx=0).ready entity=mon.0 client_cookie=41114307244b3e5d server_cookie=0 in_seq=0 out_seq=0
2024-04-01T16:58:10.267 INFO:teuthology.orchestra.run.smithi131.stdout:/usr/bin/ceph: stderr
2024-04-01T16:58:09.329+0000 7f00ede00700 1 -- 172.21.15.131:0/1199246764 <== mon.0 v2:172.21.15.131:3300/0 1 ==== mon_map magic: 0 v1 ==== 229+0+0 (secure 0 0 0) 0x7f00e0004180 con 0x7f00f007ad00
2024-04-01T16:58:10.267 INFO:teuthology.orchestra.run.smithi131.stdout:/usr/bin/ceph: stderr
2024-04-01T16:58:09.329+0000 7f00ede00700 1 -- 172.21.15.131:0/1199246764 <== mon.0 v2:172.21.15.131:3300/0 2 ==== config(27 keys) v1 ==== 1101+0+0 (secure 0 0 0) 0x7f00e00042e0 con 0x7f00f007ad00
2024-04-01T16:58:10.267 INFO:teuthology.orchestra.run.smithi131.stdout:/usr/bin/ceph: stderr
2024-04-01T16:58:09.329+0000 7f00ede00700 1 -- 172.21.15.131:0/1199246764 <== mon.0 v2:172.21.15.131:3300/0 3 ==== mon_map magic: 0 v1 ==== 229+0+0 (secure 0 0 0) 0x7f00e0011af0 con 0x7f00f007ad00
2024-04-01T16:58:10.267 INFO:teuthology.orchestra.run.smithi131.stdout:/usr/bin/ceph: stderr
2024-04-01T16:58:09.330+0000 7f00f5400700 1 -- 172.21.15.131:0/1199246764 >> [v2:172.21.15.131:3300/0,v1:172.21.15.131:6789/0] conn(0x7f00f007ad00 msgr2=0x7f00f0079200 secure :-1 s=STATE_CONNECTION_ESTABLISHED l=1).mark_down
2024-04-01T16:58:10.267 INFO:teuthology.orchestra.run.smithi131.stdout:/usr/bin/ceph: stderr
2024-04-01T16:58:09.330+0000 7f00f5400700 1 --2- 172.21.15.131:0/1199246764 >> [v2:172.21.15.131:3300/0,v1:172.21.15.131:6789/0] conn(0x7f00f007ad00 0x7f00f0079200 secure :-1 s=READY pgs=90 cs=0 l=1 rev1=1 crypto rx=0x7f00e00098a0 tx=0x7f00e0009bb0 comp rx=0 tx=0).stop
2024-04-01T16:58:10.267 INFO:teuthology.orchestra.run.smithi131.stdout:/usr/bin/ceph: stderr
2024-04-01T16:58:09.330+0000 7f00f5400700 1 -- 172.21.15.131:0/1199246764 shutdown_connections
2024-04-01T16:58:10.267 INFO:teuthology.orchestra.run.smithi131.stdout:/usr/bin/ceph: stderr
2024-04-01T16:58:09.330+0000 7f00f5400700 1 --2- 172.21.15.131:0/1199246764 >> [v2:172.21.15.131:3300/0,v1:172.21.15.131:6789/0] conn(0x7f00f007ad00 0x7f00f0079200 unknown :-1 s=CLOSED pgs=90 cs=0 l=1 rev1=1 crypto rx=0 tx=0 comp rx=0 tx=0).stop
2024-04-01T16:58:10.267 INFO:teuthology.orchestra.run.smithi131.stdout:/usr/bin/ceph: stderr
2024-04-01T16:58:09.330+0000 7f00f5400700 1 -- 172.21.15.131:0/1199246764 >> 172.21.15.131:0/1199246764 conn(0x7f00f0101160 msgr2=0x7f00f0103590 unknown :-1 s=STATE_NONE l=0).mark_down
2024-04-01T16:58:10.267 INFO:teuthology.orchestra.run.smithi131.stdout:/usr/bin/ceph: stderr
2024-04-01T16:58:09.330+0000 7f00f5400700 1 -- 172.21.15.131:0/1199246764 shutdown_connections
2024-04-01T16:58:10.268 INFO:teuthology.orchestra.run.smithi131.stdout:/usr/bin/ceph: stderr
2024-04-01T16:58:09.330+0000 7f00f5400700 1 -- 172.21.15.131:0/1199246764 wait complete.
2024-04-01T16:58:10.268 INFO:teuthology.orchestra.run.smithi131.stdout:/usr/bin/ceph: stderr
2024-04-01T16:58:09.331+0000 7f00f5400700 1 Processor -- start
2024-04-01T16:58:10.268 INFO:teuthology.orchestra.run.smithi131.stdout:/usr/bin/ceph: stderr
2024-04-01T16:58:09.331+0000 7f00f5400700 1 -- start start
2024-04-01T16:58:10.268 INFO:teuthology.orchestra.run.smithi131.stdout:/usr/bin/ceph: stderr
2024-04-01T16:58:09.332+0000 7f00f5400700 1 --2- >> [v2:172.21.15.131:3300/0,v1:172.21.15.131:6789/0] conn(0x7f00f007ad00 0x7f00f019ba60 unknown :-1 s=NONE pgs=0 cs=0 l=1 rev1=0 crypto rx=0 tx=0 comp rx=0 tx=0).connect
2024-04-01T16:58:10.268 INFO:teuthology.orchestra.run.smithi131.stdout:/usr/bin/ceph: stderr
2024-04-01T16:58:09.332+0000 7f00f5400700 1 -- --> [v2:172.21.15.131:3300/0,v1:172.21.15.131:6789/0] -- mon_getmap magic: 0 v1 -- 0x7f00f019bfa0 con 0x7f00f007ad00
2024-04-01T16:58:10.268 INFO:teuthology.orchestra.run.smithi131.stdout:/usr/bin/ceph: stderr
2024-04-01T16:58:09.332+0000 7f00ee800700 1 --2- >> [v2:172.21.15.131:3300/0,v1:172.21.15.131:6789/0] conn(0x7f00f007ad00 0x7f00f019ba60 unknown :-1 s=BANNER_CONNECTING pgs=0 cs=0 l=1 rev1=0 crypto rx=0 tx=0 comp rx=0 tx=0)._handle_peer_banner_payload supported=3 required=0
2024-04-01T16:58:10.268 INFO:teuthology.orchestra.run.smithi131.stdout:/usr/bin/ceph: stderr
2024-04-01T16:58:09.332+0000 7f00ee800700 1 --2- >> [v2:172.21.15.131:3300/0,v1:172.21.15.131:6789/0] conn(0x7f00f007ad00 0x7f00f019ba60 unknown :-1 s=HELLO_CONNECTING pgs=0 cs=0 l=1 rev1=1 crypto rx=0 tx=0 comp rx=0 tx=0).handle_hello peer v2:172.21.15.131:3300/0 says I am v2:172.21.15.131:55170/0 (socket says 172.21.15.131:55170)
2024-04-01T16:58:10.268 INFO:teuthology.orchestra.run.smithi131.stdout:/usr/bin/ceph: stderr
2024-04-01T16:58:09.332+0000 7f00ee800700 1 -- 172.21.15.131:0/1986629542 learned_addr learned my addr 172.21.15.131:0/1986629542 (peer_addr_for_me v2:172.21.15.131:0/0)
2024-04-01T16:58:10.268 INFO:teuthology.orchestra.run.smithi131.stdout:/usr/bin/ceph: stderr
2024-04-01T16:58:09.332+0000 7f00ee800700 1 -- 172.21.15.131:0/1986629542 --> [v2:172.21.15.131:3300/0,v1:172.21.15.131:6789/0] -- mon_subscribe({config=0+,monmap=0+}) v3 -- 0x7f00e0009550 con 0x7f00f007ad00
2024-04-01T16:58:10.268 INFO:teuthology.orchestra.run.smithi131.stdout:/usr/bin/ceph: stderr
2024-04-01T16:58:09.333+0000 7f00ee800700 1 --2- 172.21.15.131:0/1986629542 >> [v2:172.21.15.131:3300/0,v1:172.21.15.131:6789/0] conn(0x7f00f007ad00 0x7f00f019ba60 secure :-1 s=READY pgs=91 cs=0 l=1 rev1=1 crypto rx=0x7f00e0000c00 tx=0x7f00e0011b50 comp rx=0 tx=0).ready entity=mon.0 client_cookie=0 server_cookie=0 in_seq=0 out_seq=0
2024-04-01T16:58:10.268 INFO:teuthology.orchestra.run.smithi131.stdout:/usr/bin/ceph: stderr
2024-04-01T16:58:09.333+0000 7f00e7e00700 1 -- 172.21.15.131:0/1986629542 <== mon.0 v2:172.21.15.131:3300/0 1 ==== mon_map magic: 0 v1 ==== 229+0+0 (secure 0 0 0) 0x7f00e0003a70 con 0x7f00f007ad00
2024-04-01T16:58:10.268 INFO:teuthology.orchestra.run.smithi131.stdout:/usr/bin/ceph: stderr
2024-04-01T16:58:09.333+0000 7f00e7e00700 1 -- 172.21.15.131:0/1986629542 <== mon.0 v2:172.21.15.131:3300/0 2 ==== config(27 keys) v1 ==== 1101+0+0 (secure 0 0 0) 0x7f00e0003bd0 con 0x7f00f007ad00
2024-04-01T16:58:10.268 INFO:teuthology.orchestra.run.smithi131.stdout:/usr/bin/ceph: stderr
2024-04-01T16:58:09.333+0000 7f00e7e00700 1 -- 172.21.15.131:0/1986629542 <== mon.0 v2:172.21.15.131:3300/0 3 ==== mon_map magic: 0 v1 ==== 229+0+0 (secure 0 0 0) 0x7f00e00238c0 con 0x7f00f007ad00
2024-04-01T16:58:10.268 INFO:teuthology.orchestra.run.smithi131.stdout:/usr/bin/ceph: stderr
2024-04-01T16:58:09.333+0000 7f00f5400700 1 -- 172.21.15.131:0/1986629542 --> [v2:172.21.15.131:3300/0,v1:172.21.15.131:6789/0] -- mon_subscribe({mgrmap=0+}) v3 -- 0x7f00f019c1a0 con 0x7f00f007ad00
2024-04-01T16:58:10.269 INFO:teuthology.orchestra.run.smithi131.stdout:/usr/bin/ceph: stderr
2024-04-01T16:58:09.333+0000 7f00f5400700 1 -- 172.21.15.131:0/1986629542 --> [v2:172.21.15.131:3300/0,v1:172.21.15.131:6789/0] -- mon_subscribe({osdmap=0}) v3 -- 0x7f00f019c5c0 con 0x7f00f007ad00
2024-04-01T16:58:10.269 INFO:teuthology.orchestra.run.smithi131.stdout:/usr/bin/ceph: stderr
2024-04-01T16:58:09.334+0000 7f00e7e00700 1 -- 172.21.15.131:0/1986629542 <== mon.0 v2:172.21.15.131:3300/0 4 ==== mgrmap(e 13) v1 ==== 45141+0+0 (secure 0 0 0) 0x7f00e0023b30 con 0x7f00f007ad00
2024-04-01T16:58:10.269 INFO:teuthology.orchestra.run.smithi131.stdout:/usr/bin/ceph: stderr
2024-04-01T16:58:09.334+0000 7f00e4a00700 1 -- 172.21.15.131:0/1986629542 --> [v2:172.21.15.131:3300/0,v1:172.21.15.131:6789/0] -- mon_command({"prefix": "get_command_descriptions"} v 0) v1 -- 0x7f00c80052f0 con 0x7f00f007ad00
2024-04-01T16:58:10.269 INFO:teuthology.orchestra.run.smithi131.stdout:/usr/bin/ceph: stderr
2024-04-01T16:58:09.335+0000 7f00e7e00700 1 --2- 172.21.15.131:0/1986629542 >> [v2:172.21.15.131:6800/3203093132,v1:172.21.15.131:6801/3203093132] conn(0x7f00d4038530 0x7f00d403a9e0 unknown :-1 s=NONE pgs=0 cs=0 l=1 rev1=0 crypto rx=0 tx=0 comp rx=0 tx=0).connect
2024-04-01T16:58:10.269 INFO:teuthology.orchestra.run.smithi131.stdout:/usr/bin/ceph: stderr
2024-04-01T16:58:09.335+0000 7f00e7e00700 1 -- 172.21.15.131:0/1986629542 <== mon.0 v2:172.21.15.131:3300/0 5 ==== osd_map(3..3 src has 1..3) v4 ==== 1155+0+0 (secure 0 0 0) 0x7f00e004c530 con 0x7f00f007ad00
2024-04-01T16:58:10.269 INFO:teuthology.orchestra.run.smithi131.stdout:/usr/bin/ceph: stderr
2024-04-01T16:58:09.335+0000 7f00e5e00700 1 --2- 172.21.15.131:0/1986629542 >> [v2:172.21.15.131:6800/3203093132,v1:172.21.15.131:6801/3203093132] conn(0x7f00d4038530 0x7f00d403a9e0 unknown :-1 s=BANNER_CONNECTING pgs=0 cs=0 l=1 rev1=0 crypto rx=0 tx=0 comp rx=0 tx=0)._handle_peer_banner_payload supported=3 required=0
2024-04-01T16:58:10.269 INFO:teuthology.orchestra.run.smithi131.stdout:/usr/bin/ceph: stderr
2024-04-01T16:58:09.336+0000 7f00e5e00700 1 --2- 172.21.15.131:0/1986629542 >> [v2:172.21.15.131:6800/3203093132,v1:172.21.15.131:6801/3203093132] conn(0x7f00d4038530 0x7f00d403a9e0 secure :-1 s=READY pgs=11 cs=0 l=1 rev1=1 crypto rx=0x7f00d8006fd0 tx=0x7f00d8006e40 comp rx=0 tx=0).ready entity=mgr.14164 client_cookie=0 server_cookie=0 in_seq=0 out_seq=0
2024-04-01T16:58:10.269 INFO:teuthology.orchestra.run.smithi131.stdout:/usr/bin/ceph: stderr
2024-04-01T16:58:09.340+0000 7f00e7e00700 1 -- 172.21.15.131:0/1986629542 <== mon.0 v2:172.21.15.131:3300/0 6 ==== mon_command_ack([{"prefix": "get_command_descriptions"}]=0 v0) v1 ==== 72+0+177933 (secure 0 0 0) 0x7f00e0010380 con 0x7f00f007ad00
2024-04-01T16:58:10.269 INFO:teuthology.orchestra.run.smithi131.stdout:/usr/bin/ceph: stderr
2024-04-01T16:58:09.662+0000 7f00e4a00700 1 -- 172.21.15.131:0/1986629542 --> [v2:172.21.15.131:3300/0,v1:172.21.15.131:6789/0] -- mon_command([{prefix=config-key set, key=mgr/dashboard/cluster/status}] v 0) v1 -- 0x7f00c8005f40 con 0x7f00f007ad00
2024-04-01T16:58:10.269 INFO:teuthology.orchestra.run.smithi131.stdout:/usr/bin/ceph: stderr
2024-04-01T16:58:09.666+0000 7f00e7e00700 1 -- 172.21.15.131:0/1986629542 <== mon.0 v2:172.21.15.131:3300/0 7 ==== mon_command_ack([{prefix=config-key set, key=mgr/dashboard/cluster/status}]=0 set mgr/dashboard/cluster/status v34)=0 set mgr/dashboard/cluster/status v34) v1 ==== 153+0+0 (secure 0 0 0) 0x7f00e0018be0 con 0x7f00f007ad00
2024-04-01T16:58:10.269 INFO:teuthology.orchestra.run.smithi131.stdout:/usr/bin/ceph: stderr
2024-04-01T16:58:09.668+0000 7f00e4a00700 1 -- 172.21.15.131:0/1986629542 >> [v2:172.21.15.131:6800/3203093132,v1:172.21.15.131:6801/3203093132] conn(0x7f00d4038530 msgr2=0x7f00d403a9e0 secure :-1 s=STATE_CONNECTION_ESTABLISHED l=1).mark_down
2024-04-01T16:58:10.269 INFO:teuthology.orchestra.run.smithi131.stdout:/usr/bin/ceph: stderr
