2024-04-01T18:00:28.993+0000 7f7976a00700 1 -- 172.21.15.146:0/232928538 shutdown_connections
2024-04-01T18:00:30.262 INFO:teuthology.orchestra.run.smithi146.stdout:/usr/bin/ceph: stderr
2024-04-01T18:00:28.993+0000 7f7976a00700 1 -- 172.21.15.146:0/232928538 wait complete.
2024-04-01T18:00:30.263 INFO:teuthology.orchestra.run.smithi146.stdout:/usr/bin/ceph: stderr
2024-04-01T18:00:28.994+0000 7f7976a00700 1 Processor -- start
2024-04-01T18:00:30.263 INFO:teuthology.orchestra.run.smithi146.stdout:/usr/bin/ceph: stderr
2024-04-01T18:00:28.994+0000 7f7976a00700 1 -- start start
2024-04-01T18:00:30.263 INFO:teuthology.orchestra.run.smithi146.stdout:/usr/bin/ceph: stderr
2024-04-01T18:00:28.994+0000 7f7976a00700 1 --2- >> [v2:172.21.15.146:3300/0,v1:172.21.15.146:6789/0] conn(0x7f7970101830 0x7f79701139c0 unknown :-1 s=NONE pgs=0 cs=0 l=1 rev1=0 crypto rx=0 tx=0 comp rx=0 tx=0).connect
2024-04-01T18:00:30.263 INFO:teuthology.orchestra.run.smithi146.stdout:/usr/bin/ceph: stderr
2024-04-01T18:00:28.994+0000 7f7976a00700 1 -- --> [v2:172.21.15.146:3300/0,v1:172.21.15.146:6789/0] -- mon_getmap magic: 0 v1 -- 0x7f7970113f00 con 0x7f7970101830
2024-04-01T18:00:30.263 INFO:teuthology.orchestra.run.smithi146.stdout:/usr/bin/ceph: stderr
2024-04-01T18:00:28.994+0000 7f796fe00700 1 --2- >> [v2:172.21.15.146:3300/0,v1:172.21.15.146:6789/0] conn(0x7f7970101830 0x7f79701139c0 unknown :-1 s=BANNER_CONNECTING pgs=0 cs=0 l=1 rev1=0 crypto rx=0 tx=0 comp rx=0 tx=0)._handle_peer_banner_payload supported=3 required=0
2024-04-01T18:00:30.263 INFO:teuthology.orchestra.run.smithi146.stdout:/usr/bin/ceph: stderr
2024-04-01T18:00:28.994+0000 7f796fe00700 1 --2- >> [v2:172.21.15.146:3300/0,v1:172.21.15.146:6789/0] conn(0x7f7970101830 0x7f79701139c0 unknown :-1 s=HELLO_CONNECTING pgs=0 cs=0 l=1 rev1=1 crypto rx=0 tx=0 comp rx=0 tx=0).handle_hello peer v2:172.21.15.146:3300/0 says I am v2:172.21.15.146:48130/0 (socket says 172.21.15.146:48130)
2024-04-01T18:00:30.263 INFO:teuthology.orchestra.run.smithi146.stdout:/usr/bin/ceph: stderr
2024-04-01T18:00:28.994+0000 7f796fe00700 1 -- 172.21.15.146:0/1009910252 learned_addr learned my addr 172.21.15.146:0/1009910252 (peer_addr_for_me v2:172.21.15.146:0/0)
2024-04-01T18:00:30.263 INFO:teuthology.orchestra.run.smithi146.stdout:/usr/bin/ceph: stderr
2024-04-01T18:00:28.995+0000 7f796fe00700 1 -- 172.21.15.146:0/1009910252 --> [v2:172.21.15.146:3300/0,v1:172.21.15.146:6789/0] -- mon_subscribe({config=0+,monmap=0+}) v3 -- 0x7f79600094f0 con 0x7f7970101830
2024-04-01T18:00:30.263 INFO:teuthology.orchestra.run.smithi146.stdout:/usr/bin/ceph: stderr
2024-04-01T18:00:28.995+0000 7f796fe00700 1 --2- 172.21.15.146:0/1009910252 >> [v2:172.21.15.146:3300/0,v1:172.21.15.146:6789/0] conn(0x7f7970101830 0x7f79701139c0 secure :-1 s=READY pgs=81 cs=0 l=1 rev1=1 crypto rx=0x7f7960006b00 tx=0x7f7960009250 comp rx=0 tx=0).ready entity=mon.0 client_cookie=0 server_cookie=0 in_seq=0 out_seq=0
2024-04-01T18:00:30.263 INFO:teuthology.orchestra.run.smithi146.stdout:/usr/bin/ceph: stderr
2024-04-01T18:00:28.995+0000 7f7967e00700 1 -- 172.21.15.146:0/1009910252 <== mon.0 v2:172.21.15.146:3300/0 1 ==== mon_map magic: 0 v1 ==== 229+0+0 (secure 0 0 0) 0x7f7960010840 con 0x7f7970101830
2024-04-01T18:00:30.263 INFO:teuthology.orchestra.run.smithi146.stdout:/usr/bin/ceph: stderr
2024-04-01T18:00:28.995+0000 7f7967e00700 1 -- 172.21.15.146:0/1009910252 <== mon.0 v2:172.21.15.146:3300/0 2 ==== config(27 keys) v1 ==== 1109+0+0 (secure 0 0 0) 0x7f7960010e70 con 0x7f7970101830
2024-04-01T18:00:30.263 INFO:teuthology.orchestra.run.smithi146.stdout:/usr/bin/ceph: stderr
2024-04-01T18:00:28.996+0000 7f7967e00700 1 -- 172.21.15.146:0/1009910252 <== mon.0 v2:172.21.15.146:3300/0 3 ==== mon_map magic: 0 v1 ==== 229+0+0 (secure 0 0 0) 0x7f796001ae70 con 0x7f7970101830
2024-04-01T18:00:30.263 INFO:teuthology.orchestra.run.smithi146.stdout:/usr/bin/ceph: stderr
2024-04-01T18:00:28.996+0000 7f7976a00700 1 -- 172.21.15.146:0/1009910252 --> [v2:172.21.15.146:3300/0,v1:172.21.15.146:6789/0] -- mon_subscribe({mgrmap=0+}) v3 -- 0x7f7970114100 con 0x7f7970101830
2024-04-01T18:00:30.263 INFO:teuthology.orchestra.run.smithi146.stdout:/usr/bin/ceph: stderr
2024-04-01T18:00:28.996+0000 7f7976a00700 1 -- 172.21.15.146:0/1009910252 --> [v2:172.21.15.146:3300/0,v1:172.21.15.146:6789/0] -- mon_subscribe({osdmap=0}) v3 -- 0x7f7970114c20 con 0x7f7970101830
2024-04-01T18:00:30.263 INFO:teuthology.orchestra.run.smithi146.stdout:/usr/bin/ceph: stderr
2024-04-01T18:00:28.997+0000 7f7976a00700 1 -- 172.21.15.146:0/1009910252 --> [v2:172.21.15.146:3300/0,v1:172.21.15.146:6789/0] -- mon_command({"prefix": "get_command_descriptions"} v 0) v1 -- 0x7f797005f5f0 con 0x7f7970101830
2024-04-01T18:00:30.263 INFO:teuthology.orchestra.run.smithi146.stdout:/usr/bin/ceph: stderr
2024-04-01T18:00:28.997+0000 7f7967e00700 1 -- 172.21.15.146:0/1009910252 <== mon.0 v2:172.21.15.146:3300/0 4 ==== mgrmap(e 12) v1 ==== 43381+0+0 (secure 0 0 0) 0x7f796001a780 con 0x7f7970101830
2024-04-01T18:00:30.263 INFO:teuthology.orchestra.run.smithi146.stdout:/usr/bin/ceph: stderr
2024-04-01T18:00:28.998+0000 7f7967e00700 1 --2- 172.21.15.146:0/1009910252 >> [v2:172.21.15.146:6800/1849662609,v1:172.21.15.146:6801/1849662609] conn(0x7f7954036830 0x7f7954038ce0 unknown :-1 s=NONE pgs=0 cs=0 l=1 rev1=0 crypto rx=0 tx=0 comp rx=0 tx=0).connect
2024-04-01T18:00:30.264 INFO:teuthology.orchestra.run.smithi146.stdout:/usr/bin/ceph: stderr
2024-04-01T18:00:28.998+0000 7f7967e00700 1 -- 172.21.15.146:0/1009910252 <== mon.0 v2:172.21.15.146:3300/0 5 ==== osd_map(3..3 src has 1..3) v4 ==== 1151+0+0 (secure 0 0 0) 0x7f796004acc0 con 0x7f7970101830
2024-04-01T18:00:30.264 INFO:teuthology.orchestra.run.smithi146.stdout:/usr/bin/ceph: stderr
2024-04-01T18:00:28.998+0000 7f796f400700 1 --2- 172.21.15.146:0/1009910252 >> [v2:172.21.15.146:6800/1849662609,v1:172.21.15.146:6801/1849662609] conn(0x7f7954036830 0x7f7954038ce0 unknown :-1 s=BANNER_CONNECTING pgs=0 cs=0 l=1 rev1=0 crypto rx=0 tx=0 comp rx=0 tx=0)._handle_peer_banner_payload supported=3 required=0
2024-04-01T18:00:30.264 INFO:teuthology.orchestra.run.smithi146.stdout:/usr/bin/ceph: stderr
2024-04-01T18:00:28.999+0000 7f796f400700 1 --2- 172.21.15.146:0/1009910252 >> [v2:172.21.15.146:6800/1849662609,v1:172.21.15.146:6801/1849662609] conn(0x7f7954036830 0x7f7954038ce0 secure :-1 s=READY pgs=7 cs=0 l=1 rev1=1 crypto rx=0x7f795c009990 tx=0x7f795c006e40 comp rx=0 tx=0).ready entity=mgr.14162 client_cookie=0 server_cookie=0 in_seq=0 out_seq=0
2024-04-01T18:00:30.264 INFO:teuthology.orchestra.run.smithi146.stdout:/usr/bin/ceph: stderr
2024-04-01T18:00:29.003+0000 7f7967e00700 1 -- 172.21.15.146:0/1009910252 <== mon.0 v2:172.21.15.146:3300/0 6 ==== mon_command_ack([{"prefix": "get_command_descriptions"}]=0 v0) v1 ==== 72+0+176504 (secure 0 0 0) 0x7f796002b340 con 0x7f7970101830
2024-04-01T18:00:30.264 INFO:teuthology.orchestra.run.smithi146.stdout:/usr/bin/ceph: stderr
2024-04-01T18:00:29.221+0000 7f7976a00700 1 -- 172.21.15.146:0/1009910252 --> [v2:172.21.15.146:6800/1849662609,v1:172.21.15.146:6801/1849662609] -- mgr_command(tid 0: {"prefix": "dashboard create-self-signed-cert", "target": ["mon-mgr", ""]}) v1 -- 0x7f79701157b0 con 0x7f7954036830
2024-04-01T18:00:30.264 INFO:teuthology.orchestra.run.smithi146.stdout:/usr/bin/ceph: stderr
2024-04-01T18:00:29.428+0000 7f7967e00700 1 -- 172.21.15.146:0/1009910252 <== mgr.14162 v2:172.21.15.146:6800/1849662609 1 ==== mgr_command_reply(tid 0: 0 ) v1 ==== 8+0+32 (secure 0 0 0) 0x7f79701157b0 con 0x7f7954036830
2024-04-01T18:00:30.264 INFO:teuthology.orchestra.run.smithi146.stdout:/usr/bin/ceph: stderr
2024-04-01T18:00:29.432+0000 7f7976a00700 1 -- 172.21.15.146:0/1009910252 >> [v2:172.21.15.146:6800/1849662609,v1:172.21.15.146:6801/1849662609] conn(0x7f7954036830 msgr2=0x7f7954038ce0 secure :-1 s=STATE_CONNECTION_ESTABLISHED l=1).mark_down
2024-04-01T18:00:30.264 INFO:teuthology.orchestra.run.smithi146.stdout:/usr/bin/ceph: stderr
2024-04-01T18:00:29.432+0000 7f7976a00700 1 --2- 172.21.15.146:0/1009910252 >> [v2:172.21.15.146:6800/1849662609,v1:172.21.15.146:6801/1849662609] conn(0x7f7954036830 0x7f7954038ce0 secure :-1 s=READY pgs=7 cs=0 l=1 rev1=1 crypto rx=0x7f795c009990 tx=0x7f795c006e40 comp rx=0 tx=0).stop
2024-04-01T18:00:30.264 INFO:teuthology.orchestra.run.smithi146.stdout:/usr/bin/ceph: stderr
2024-04-01T18:00:29.432+0000 7f7976a00700 1 -- 172.21.15.146:0/1009910252 >> [v2:172.21.15.146:3300/0,v1:172.21.15.146:6789/0] conn(0x7f7970101830 msgr2=0x7f79701139c0 secure :-1 s=STATE_CONNECTION_ESTABLISHED l=1).mark_down
2024-04-01T18:00:30.264 INFO:teuthology.orchestra.run.smithi146.stdout:/usr/bin/ceph: stderr
2024-04-01T18:00:29.432+0000 7f7976a00700 1 --2- 172.21.15.146:0/1009910252 >> [v2:172.21.15.146:3300/0,v1:172.21.15.146:6789/0] conn(0x7f7970101830 0x7f79701139c0 secure :-1 s=READY pgs=81 cs=0 l=1 rev1=1 crypto rx=0x7f7960006b00 tx=0x7f7960009250 comp rx=0 tx=0).stop
2024-04-01T18:00:30.264 INFO:teuthology.orchestra.run.smithi146.stdout:/usr/bin/ceph: stderr
2024-04-01T18:00:29.432+0000 7f7976a00700 1 -- 172.21.15.146:0/1009910252 shutdown_connections
2024-04-01T18:00:30.264 INFO:teuthology.orchestra.run.smithi146.stdout:/usr/bin/ceph: stderr
2024-04-01T18:00:29.432+0000 7f7976a00700 1 --2- 172.21.15.146:0/1009910252 >> [v2:172.21.15.146:6800/1849662609,v1:172.21.15.146:6801/1849662609] conn(0x7f7954036830 0x7f7954038ce0 unknown :-1 s=CLOSED pgs=7 cs=0 l=1 rev1=1 crypto rx=0 tx=0 comp rx=0 tx=0).stop
2024-04-01T18:00:30.264 INFO:teuthology.orchestra.run.smithi146.stdout:/usr/bin/ceph: stderr
2024-04-01T18:00:29.432+0000 7f7976a00700 1 --2- 172.21.15.146:0/1009910252 >> [v2:172.21.15.146:3300/0,v1:172.21.15.146:6789/0] conn(0x7f7970101830 0x7f79701139c0 unknown :-1 s=CLOSED pgs=81 cs=0 l=1 rev1=1 crypto rx=0 tx=0 comp rx=0 tx=0).stop
2024-04-01T18:00:30.264 INFO:teuthology.orchestra.run.smithi146.stdout:/usr/bin/ceph: stderr
2024-04-01T18:00:29.432+0000 7f7976a00700 1 -- 172.21.15.146:0/1009910252 >> 172.21.15.146:0/1009910252 conn(0x7f79700fcfb0 msgr2=0x7f79700fdf00 unknown :-1 s=STATE_NONE l=0).mark_down
2024-04-01T18:00:30.264 INFO:teuthology.orchestra.run.smithi146.stdout:/usr/bin/ceph: stderr
2024-04-01T18:00:29.432+0000 7f7976a00700 1 -- 172.21.15.146:0/1009910252 shutdown_connections
2024-04-01T18:00:30.264 INFO:teuthology.orchestra.run.smithi146.stdout:/usr/bin/ceph: stderr
2024-04-01T18:00:29.432+0000 7f7976a00700 1 -- 172.21.15.146:0/1009910252 wait complete.
2024-04-01T18:00:30.265 INFO:teuthology.orchestra.run.smithi146.stdout:Creating initial admin user...
2024-04-01T18:00:30.625 INFO:journalctl@ceph.mon.smithi146.smithi146.stdout:Apr 01 18:00:30 smithi146 ceph-mon[29328]: from='client.14174 -' entity='client.admin' cmd=[{"prefix": "dashboard create-self-signed-cert", "target": ["mon-mgr", ""]}]: dispatch
2024-04-01T18:00:30.625 INFO:journalctl@ceph.mon.smithi146.smithi146.stdout:Apr 01 18:00:30 smithi146 ceph-mon[29328]: from='mgr.14162 172.21.15.146:0/3459565443' entity='mgr.smithi146.jrqesu'
2024-04-01T18:00:30.625 INFO:journalctl@ceph.mon.smithi146.smithi146.stdout:Apr 01 18:00:30 smithi146 ceph-mon[29328]: from='mgr.14162 172.21.15.146:0/3459565443' entity='mgr.smithi146.jrqesu'
2024-04-01T18:00:30.625 INFO:journalctl@ceph.mon.smithi146.smithi146.stdout:Apr 01 18:00:30 smithi146 ceph-mon[29328]: from='mgr.14162 172.21.15.146:0/3459565443' entity='mgr.smithi146.jrqesu'
2024-04-01T18:00:32.545 INFO:journalctl@ceph.mon.smithi146.smithi146.stdout:Apr 01 18:00:32 smithi146 ceph-mon[29328]: from='client.14176 -' entity='client.admin' cmd=[{"prefix": "dashboard ac-user-create", "username": "admin", "rolename": "administrator", "force_password": true, "pwd_update_required": true, "target": ["mon-mgr", ""]}]: dispatch
2024-04-01T18:00:32.546 INFO:journalctl@ceph.mon.smithi146.smithi146.stdout:Apr 01 18:00:32 smithi146 ceph-mon[29328]: from='mgr.14162 172.21.15.146:0/3459565443' entity='mgr.smithi146.jrqesu'
2024-04-01T18:00:32.555 INFO:teuthology.orchestra.run.smithi146.stdout:/usr/bin/ceph: stdout {"username": "admin", "password": "$2b$12$YJhHL5RDTUx2IrMvc1G7x.WS42pMaRdz2WneWsFrjWFX4scE6HF/C", "roles": ["administrator"], "name": null, "email": null, "lastUpdate": 1711994431, "enabled": true, "pwdExpirationDate": null, "pwdUpdateRequired": true}
2024-04-01T18:00:32.556 INFO:teuthology.orchestra.run.smithi146.stdout:/usr/bin/ceph: stderr
2024-04-01T18:00:30.930+0000 7fe822a00700 1 Processor -- start
2024-04-01T18:00:32.556 INFO:teuthology.orchestra.run.smithi146.stdout:/usr/bin/ceph: stderr
2024-04-01T18:00:30.930+0000 7fe822a00700 1 -- start start
2024-04-01T18:00:32.556 INFO:teuthology.orchestra.run.smithi146.stdout:/usr/bin/ceph: stderr
2024-04-01T18:00:30.931+0000 7fe822a00700 1 --2- >> [v2:172.21.15.146:3300/0,v1:172.21.15.146:6789/0] conn(0x7fe81c102970 0x7fe81c102d80 unknown :-1 s=NONE pgs=0 cs=0 l=0 rev1=0 crypto rx=0 tx=0 comp rx=0 tx=0).connect
2024-04-01T18:00:32.556 INFO:teuthology.orchestra.run.smithi146.stdout:/usr/bin/ceph: stderr
2024-04-01T18:00:30.931+0000 7fe822a00700 1 -- --> [v2:172.21.15.146:3300/0,v1:172.21.15.146:6789/0] -- mon_getmap magic: 0 v1 -- 0x7fe81c1032c0 con 0x7fe81c102970
2024-04-01T18:00:32.557 INFO:teuthology.orchestra.run.smithi146.stdout:/usr/bin/ceph: stderr
2024-04-01T18:00:30.931+0000 7fe81be00700 1 --2- >> [v2:172.21.15.146:3300/0,v1:172.21.15.146:6789/0] conn(0x7fe81c102970 0x7fe81c102d80 unknown :-1 s=BANNER_CONNECTING pgs=0 cs=0 l=0 rev1=0 crypto rx=0 tx=0 comp rx=0 tx=0)._handle_peer_banner_payload supported=3 required=0
2024-04-01T18:00:32.559 INFO:teuthology.orchestra.run.smithi146.stdout:/usr/bin/ceph: stderr
2024-04-01T18:00:30.931+0000 7fe81be00700 1 --2- >> [v2:172.21.15.146:3300/0,v1:172.21.15.146:6789/0] conn(0x7fe81c102970 0x7fe81c102d80 unknown :-1 s=HELLO_CONNECTING pgs=0 cs=0 l=0 rev1=1 crypto rx=0 tx=0 comp rx=0 tx=0).handle_hello peer v2:172.21.15.146:3300/0 says I am v2:172.21.15.146:48138/0 (socket says 172.21.15.146:48138)
2024-04-01T18:00:32.559 INFO:teuthology.orchestra.run.smithi146.stdout:/usr/bin/ceph: stderr
2024-04-01T18:00:30.931+0000 7fe81be00700 1 -- 172.21.15.146:0/2849860439 learned_addr learned my addr 172.21.15.146:0/2849860439 (peer_addr_for_me v2:172.21.15.146:0/0)
2024-04-01T18:00:32.559 INFO:teuthology.orchestra.run.smithi146.stdout:/usr/bin/ceph: stderr
2024-04-01T18:00:30.931+0000 7fe81be00700 1 -- 172.21.15.146:0/2849860439 --> [v2:172.21.15.146:3300/0,v1:172.21.15.146:6789/0] -- mon_subscribe({config=0+,monmap=0+}) v3 -- 0x7fe81c103400 con 0x7fe81c102970
2024-04-01T18:00:32.559 INFO:teuthology.orchestra.run.smithi146.stdout:/usr/bin/ceph: stderr
2024-04-01T18:00:30.932+0000 7fe81be00700 1 --2- 172.21.15.146:0/2849860439 >> [v2:172.21.15.146:3300/0,v1:172.21.15.146:6789/0] conn(0x7fe81c102970 0x7fe81c102d80 secure :-1 s=READY pgs=82 cs=0 l=1 rev1=1 crypto rx=0x7fe80c0098e0 tx=0x7fe80c009250 comp rx=0 tx=0).ready entity=mon.0 client_cookie=3f89bd6dd9c0d045 server_cookie=0 in_seq=0 out_seq=0
2024-04-01T18:00:32.559 INFO:teuthology.orchestra.run.smithi146.stdout:/usr/bin/ceph: stderr
2024-04-01T18:00:30.932+0000 7fe81b400700 1 -- 172.21.15.146:0/2849860439 <== mon.0 v2:172.21.15.146:3300/0 1 ==== mon_map magic: 0 v1 ==== 229+0+0 (secure 0 0 0) 0x7fe80c00b860 con 0x7fe81c102970
2024-04-01T18:00:32.559 INFO:teuthology.orchestra.run.smithi146.stdout:/usr/bin/ceph: stderr
2024-04-01T18:00:30.932+0000 7fe81b400700 1 -- 172.21.15.146:0/2849860439 <== mon.0 v2:172.21.15.146:3300/0 2 ==== config(27 keys) v1 ==== 1109+0+0 (secure 0 0 0) 0x7fe80c00be90 con 0x7fe81c102970
2024-04-01T18:00:32.559 INFO:teuthology.orchestra.run.smithi146.stdout:/usr/bin/ceph: stderr
2024-04-01T18:00:30.932+0000 7fe81b400700 1 -- 172.21.15.146:0/2849860439 <== mon.0 v2:172.21.15.146:3300/0 3 ==== mon_map magic: 0 v1 ==== 229+0+0 (secure 0 0 0) 0x7fe80c0103c0 con 0x7fe81c102970
2024-04-01T18:00:32.559 INFO:teuthology.orchestra.run.smithi146.stdout:/usr/bin/ceph: stderr
2024-04-01T18:00:30.933+0000 7fe822a00700 1 -- 172.21.15.146:0/2849860439 >> [v2:172.21.15.146:3300/0,v1:172.21.15.146:6789/0] conn(0x7fe81c102970 msgr2=0x7fe81c102d80 secure :-1 s=STATE_CONNECTION_ESTABLISHED l=1).mark_down
2024-04-01T18:00:32.560 INFO:teuthology.orchestra.run.smithi146.stdout:/usr/bin/ceph: stderr
2024-04-01T18:00:30.933+0000 7fe822a00700 1 --2- 172.21.15.146:0/2849860439 >> [v2:172.21.15.146:3300/0,v1:172.21.15.146:6789/0] conn(0x7fe81c102970 0x7fe81c102d80 secure :-1 s=READY pgs=82 cs=0 l=1 rev1=1 crypto rx=0x7fe80c0098e0 tx=0x7fe80c009250 comp rx=0 tx=0).stop
2024-04-01T18:00:32.560 INFO:teuthology.orchestra.run.smithi146.stdout:/usr/bin/ceph: stderr
2024-04-01T18:00:30.933+0000 7fe822a00700 1 -- 172.21.15.146:0/2849860439 shutdown_connections
2024-04-01T18:00:32.560 INFO:teuthology.orchestra.run.smithi146.stdout:/usr/bin/ceph: stderr
2024-04-01T18:00:30.933+0000 7fe822a00700 1 --2- 172.21.15.146:0/2849860439 >> [v2:172.21.15.146:3300/0,v1:172.21.15.146:6789/0] conn(0x7fe81c102970 0x7fe81c102d80 unknown :-1 s=CLOSED pgs=82 cs=0 l=1 rev1=1 crypto rx=0 tx=0 comp rx=0 tx=0).stop
2024-04-01T18:00:32.560 INFO:teuthology.orchestra.run.smithi146.stdout:/usr/bin/ceph: stderr
2024-04-01T18:00:30.933+0000 7fe822a00700 1 -- 172.21.15.146:0/2849860439 >> 172.21.15.146:0/2849860439 conn(0x7fe81c0fe090 msgr2=0x7fe81c100500 unknown :-1 s=STATE_NONE l=0).mark_down
2024-04-01T18:00:32.560 INFO:teuthology.orchestra.run.smithi146.stdout:/usr/bin/ceph: stderr
2024-04-01T18:00:30.933+0000 7fe822a00700 1 -- 172.21.15.146:0/2849860439 shutdown_connections
2024-04-01T18:00:32.560 INFO:teuthology.orchestra.run.smithi146.stdout:/usr/bin/ceph: stderr
2024-04-01T18:00:30.933+0000 7fe822a00700 1 -- 172.21.15.146:0/2849860439 wait complete.
2024-04-01T18:00:32.560 INFO:teuthology.orchestra.run.smithi146.stdout:/usr/bin/ceph: stderr
2024-04-01T18:00:30.934+0000 7fe822a00700 1 Processor -- start
2024-04-01T18:00:32.560 INFO:teuthology.orchestra.run.smithi146.stdout:/usr/bin/ceph: stderr
2024-04-01T18:00:30.934+0000 7fe822a00700 1 -- start start
2024-04-01T18:00:32.560 INFO:teuthology.orchestra.run.smithi146.stdout:/usr/bin/ceph: stderr
2024-04-01T18:00:30.934+0000 7fe822a00700 1 --2- >> [v2:172.21.15.146:3300/0,v1:172.21.15.146:6789/0] conn(0x7fe81c102970 0x7fe81c077b30 unknown :-1 s=NONE pgs=0 cs=0 l=1 rev1=0 crypto rx=0 tx=0 comp rx=0 tx=0).connect
2024-04-01T18:00:32.560 INFO:teuthology.orchestra.run.smithi146.stdout:/usr/bin/ceph: stderr
2024-04-01T18:00:30.934+0000 7fe822a00700 1 -- --> [v2:172.21.15.146:3300/0,v1:172.21.15.146:6789/0] -- mon_getmap magic: 0 v1 -- 0x7fe81c078070 con 0x7fe81c102970
2024-04-01T18:00:32.560 INFO:teuthology.orchestra.run.smithi146.stdout:/usr/bin/ceph: stderr
2024-04-01T18:00:30.934+0000 7fe81be00700 1 --2- >> [v2:172.21.15.146:3300/0,v1:172.21.15.146:6789/0] conn(0x7fe81c102970 0x7fe81c077b30 unknown :-1 s=BANNER_CONNECTING pgs=0 cs=0 l=1 rev1=0 crypto rx=0 tx=0 comp rx=0 tx=0)._handle_peer_banner_payload supported=3 required=0
2024-04-01T18:00:32.560 INFO:teuthology.orchestra.run.smithi146.stdout:/usr/bin/ceph: stderr
2024-04-01T18:00:30.934+0000 7fe81be00700 1 --2- >> [v2:172.21.15.146:3300/0,v1:172.21.15.146:6789/0] conn(0x7fe81c102970 0x7fe81c077b30 unknown :-1 s=HELLO_CONNECTING pgs=0 cs=0 l=1 rev1=1 crypto rx=0 tx=0 comp rx=0 tx=0).handle_hello peer v2:172.21.15.146:3300/0 says I am v2:172.21.15.146:48148/0 (socket says 172.21.15.146:48148)
2024-04-01T18:00:32.560 INFO:teuthology.orchestra.run.smithi146.stdout:/usr/bin/ceph: stderr
2024-04-01T18:00:30.934+0000 7fe81be00700 1 -- 172.21.15.146:0/1650533224 learned_addr learned my addr 172.21.15.146:0/1650533224 (peer_addr_for_me v2:172.21.15.146:0/0)
2024-04-01T18:00:32.563 INFO:teuthology.orchestra.run.smithi146.stdout:/usr/bin/ceph: stderr
2024-04-01T18:00:30.935+0000 7fe81be00700 1 -- 172.21.15.146:0/1650533224 --> [v2:172.21.15.146:3300/0,v1:172.21.15.146:6789/0] -- mon_subscribe({config=0+,monmap=0+}) v3 -- 0x7fe80c0094f0 con 0x7fe81c102970
2024-04-01T18:00:32.564 INFO:teuthology.orchestra.run.smithi146.stdout:/usr/bin/ceph: stderr
2024-04-01T18:00:30.935+0000 7fe81be00700 1 --2- 172.21.15.146:0/1650533224 >> [v2:172.21.15.146:3300/0,v1:172.21.15.146:6789/0] conn(0x7fe81c102970 0x7fe81c077b30 secure :-1 s=READY pgs=83 cs=0 l=1 rev1=1 crypto rx=0x7fe80c006b00 tx=0x7fe80c009250 comp rx=0 tx=0).ready entity=mon.0 client_cookie=0 server_cookie=0 in_seq=0 out_seq=0
2024-04-01T18:00:32.564 INFO:teuthology.orchestra.run.smithi146.stdout:/usr/bin/ceph: stderr
2024-04-01T18:00:30.935+0000 7fe818c00700 1 -- 172.21.15.146:0/1650533224 <== mon.0 v2:172.21.15.146:3300/0 1 ==== mon_map magic: 0 v1 ==== 229+0+0 (secure 0 0 0) 0x7fe80c010840 con 0x7fe81c102970
2024-04-01T18:00:32.564 INFO:teuthology.orchestra.run.smithi146.stdout:/usr/bin/ceph: stderr
2024-04-01T18:00:30.935+0000 7fe818c00700 1 -- 172.21.15.146:0/1650533224 <== mon.0 v2:172.21.15.146:3300/0 2 ==== config(27 keys) v1 ==== 1109+0+0 (secure 0 0 0) 0x7fe80c010e70 con 0x7fe81c102970
2024-04-01T18:00:32.564 INFO:teuthology.orchestra.run.smithi146.stdout:/usr/bin/ceph: stderr
2024-04-01T18:00:30.935+0000 7fe818c00700 1 -- 172.21.15.146:0/1650533224 <== mon.0 v2:172.21.15.146:3300/0 3 ==== mon_map magic: 0 v1 ==== 229+0+0 (secure 0 0 0) 0x7fe80c01ae70 con 0x7fe81c102970
2024-04-01T18:00:32.564 INFO:teuthology.orchestra.run.smithi146.stdout:/usr/bin/ceph: stderr
2024-04-01T18:00:30.935+0000 7fe822a00700 1 -- 172.21.15.146:0/1650533224 --> [v2:172.21.15.146:3300/0,v1:172.21.15.146:6789/0] -- mon_subscribe({mgrmap=0+}) v3 -- 0x7fe81c0760e0 con 0x7fe81c102970
2024-04-01T18:00:32.564 INFO:teuthology.orchestra.run.smithi146.stdout:/usr/bin/ceph: stderr
2024-04-01T18:00:30.935+0000 7fe822a00700 1 -- 172.21.15.146:0/1650533224 --> [v2:172.21.15.146:3300/0,v1:172.21.15.146:6789/0] -- mon_subscribe({osdmap=0}) v3 -- 0x7fe81c0765d0 con 0x7fe81c102970
2024-04-01T18:00:32.564 INFO:teuthology.orchestra.run.smithi146.stdout:/usr/bin/ceph: stderr
2024-04-01T18:00:30.936+0000 7fe818c00700 1 -- 172.21.15.146:0/1650533224 <== mon.0 v2:172.21.15.146:3300/0 4 ==== mgrmap(e 12) v1 ==== 43381+0+0 (secure 0 0 0) 0x7fe80c01a780 con 0x7fe81c102970
2024-04-01T18:00:32.564 INFO:teuthology.orchestra.run.smithi146.stdout:/usr/bin/ceph: stderr
2024-04-01T18:00:30.937+0000 7fe822a00700 1 -- 172.21.15.146:0/1650533224 --> [v2:172.21.15.146:3300/0,v1:172.21.15.146:6789/0] -- mon_command({"prefix": "get_command_descriptions"} v 0) v1 -- 0x7fe81c04bed0 con 0x7fe81c102970
2024-04-01T18:00:32.564 INFO:teuthology.orchestra.run.smithi146.stdout:/usr/bin/ceph: stderr
2024-04-01T18:00:30.937+0000 7fe818c00700 1 --2- 172.21.15.146:0/1650533224 >> [v2:172.21.15.146:6800/1849662609,v1:172.21.15.146:6801/1849662609] conn(0x7fe800036830 0x7fe800038ce0 unknown :-1 s=NONE pgs=0 cs=0 l=1 rev1=0 crypto rx=0 tx=0 comp rx=0 tx=0).connect
2024-04-01T18:00:32.564 INFO:teuthology.orchestra.run.smithi146.stdout:/usr/bin/ceph: stderr
2024-04-01T18:00:30.937+0000 7fe818c00700 1 -- 172.21.15.146:0/1650533224 <== mon.0 v2:172.21.15.146:3300/0 5 ==== osd_map(3..3 src has 1..3) v4 ==== 1151+0+0 (secure 0 0 0) 0x7fe80c04ac80 con 0x7fe81c102970
2024-04-01T18:00:32.564 INFO:teuthology.orchestra.run.smithi146.stdout:/usr/bin/ceph: stderr
2024-04-01T18:00:30.937+0000 7fe813e00700 1 --2- 172.21.15.146:0/1650533224 >> [v2:172.21.15.146:6800/1849662609,v1:172.21.15.146:6801/1849662609] conn(0x7fe800036830 0x7fe800038ce0 unknown :-1 s=BANNER_CONNECTING pgs=0 cs=0 l=1 rev1=0 crypto rx=0 tx=0 comp rx=0 tx=0)._handle_peer_banner_payload supported=3 required=0
2024-04-01T18:00:32.564 INFO:teuthology.orchestra.run.smithi146.stdout:/usr/bin/ceph: stderr
2024-04-01T18:00:30.938+0000 7fe813e00700 1 --2- 172.21.15.146:0/1650533224 >> [v2:172.21.15.146:6800/1849662609,v1:172.21.15.146:6801/1849662609] conn(0x7fe800036830 0x7fe800038ce0 secure :-1 s=READY pgs=8 cs=0 l=1 rev1=1 crypto rx=0x7fe804009990 tx=0x7fe804006e40 comp rx=0 tx=0).ready entity=mgr.14162 client_cookie=0 server_cookie=0 in_seq=0 out_seq=0
2024-04-01T18:00:32.564 INFO:teuthology.orchestra.run.smithi146.stdout:/usr/bin/ceph: stderr
2024-04-01T18:00:30.942+0000 7fe818c00700 1 -- 172.21.15.146:0/1650533224 <== mon.0 v2:172.21.15.146:3300/0 6 ==== mon_command_ack([{"prefix": "get_command_descriptions"}]=0 v0) v1 ==== 72+0+176504 (secure 0 0 0) 0x7fe80c051080 con 0x7fe81c102970
2024-04-01T18:00:32.565 INFO:teuthology.orchestra.run.smithi146.stdout:/usr/bin/ceph: stderr
2024-04-01T18:00:31.182+0000 7fe822a00700 1 -- 172.21.15.146:0/1650533224 --> [v2:172.21.15.146:6800/1849662609,v1:172.21.15.146:6801/1849662609] -- mgr_command(tid 0: {"prefix": "dashboard ac-user-create", "username": "admin", "rolename": "administrator", "force_password": true, "pwd_update_required": true, "target": ["mon-mgr", ""]}) v1 -- 0x7fe81c05f410 con 0x7fe800036830
2024-04-01T18:00:32.565 INFO:teuthology.orchestra.run.smithi146.stdout:/usr/bin/ceph: stderr
2024-04-01T18:00:31.411+0000 7fe818c00700 1 -- 172.21.15.146:0/1650533224 <== mgr.14162 v2:172.21.15.146:6800/1849662609 1 ==== mgr_command_reply(tid 0: 0 ) v1 ==== 8+0+252 (secure 0 0 0) 0x7fe81c05f410 con 0x7fe800036830
2024-04-01T18:00:32.565 INFO:teuthology.orchestra.run.smithi146.stdout:/usr/bin/ceph: stderr
2024-04-01T18:00:31.414+0000 7fe822a00700 1 -- 172.21.15.146:0/1650533224 >> [v2:172.21.15.146:6800/1849662609,v1:172.21.15.146:6801/1849662609] conn(0x7fe800036830 msgr2=0x7fe800038ce0 secure :-1 s=STATE_CONNECTION_ESTABLISHED l=1).mark_down
2024-04-01T18:00:32.565 INFO:teuthology.orchestra.run.smithi146.stdout:/usr/bin/ceph: stderr
2024-04-01T18:00:31.414+0000 7fe822a00700 1 --2- 172.21.15.146:0/1650533224 >> [v2:172.21.15.146:6800/1849662609,v1:172.21.15.146:6801/1849662609] conn(0x7fe800036830 0x7fe800038ce0 secure :-1 s=READY pgs=8 cs=0 l=1 rev1=1 crypto rx=0x7fe804009990 tx=0x7fe804006e40 comp rx=0 tx=0).stop
2024-04-01T18:00:32.565 INFO:teuthology.orchestra.run.smithi146.stdout:/usr/bin/ceph: stderr
2024-04-01T18:00:31.414+0000 7fe822a00700 1 -- 172.21.15.146:0/1650533224 >> [v2:172.21.15.146:3300/0,v1:172.21.15.146:6789/0] conn(0x7fe81c102970 msgr2=0x7fe81c077b30 secure :-1 s=STATE_CONNECTION_ESTABLISHED l=1).mark_down
2024-04-01T18:00:32.565 INFO:teuthology.orchestra.run.smithi146.stdout:/usr/bin/ceph: stderr
2024-04-01T18:00:31.414+0000 7fe822a00700 1 --2- 172.21.15.146:0/1650533224 >> [v2:172.21.15.146:3300/0,v1:172.21.15.146:6789/0] conn(0x7fe81c102970 0x7fe81c077b30 secure :-1 s=READY pgs=83 cs=0 l=1 rev1=1 crypto rx=0x7fe80c006b00 tx=0x7fe80c009250 comp rx=0 tx=0).stop
2024-04-01T18:00:32.565 INFO:teuthology.orchestra.run.smithi146.stdout:/usr/bin/ceph: stderr
2024-04-01T18:00:31.414+0000 7fe822a00700 1 -- 172.21.15.146:0/1650533224 shutdown_connections
2024-04-01T18:00:32.565 INFO:teuthology.orchestra.run.smithi146.stdout:/usr/bin/ceph: stderr
2024-04-01T18:00:31.414+0000 7fe822a00700 1 --2- 172.21.15.146:0/1650533224 >> [v2:172.21.15.146:6800/1849662609,v1:172.21.15.146:6801/1849662609] conn(0x7fe800036830 0x7fe800038ce0 unknown :-1 s=CLOSED pgs=8 cs=0 l=1 rev1=1 crypto rx=0 tx=0 comp rx=0 tx=0).stop
2024-04-01T18:00:32.565 INFO:teuthology.orchestra.run.smithi146.stdout:/usr/bin/ceph: stderr
2024-04-01T18:00:31.414+0000 7fe822a00700 1 --2- 172.21.15.146:0/1650533224 >> [v2:172.21.15.146:3300/0,v1:172.21.15.146:6789/0] conn(0x7fe81c102970 0x7fe81c077b30 unknown :-1 s=CLOSED pgs=83 cs=0 l=1 rev1=1 crypto rx=0 tx=0 comp rx=0 tx=0).stop
2024-04-01T18:00:32.565 INFO:teuthology.orchestra.run.smithi146.stdout:/usr/bin/ceph: stderr
2024-04-01T18:00:31.414+0000 7fe822a00700 1 -- 172.21.15.146:0/1650533224 >> 172.21.15.146:0/1650533224 conn(0x7fe81c0fe090 msgr2=0x7fe81c0fec70 unknown :-1 s=STATE_NONE l=0).mark_down
2024-04-01T18:00:32.565 INFO:teuthology.orchestra.run.smithi146.stdout:/usr/bin/ceph: stderr
2024-04-01T18:00:31.415+0000 7fe822a00700 1 -- 172.21.15.146:0/1650533224 shutdown_connections
2024-04-01T18:00:32.565 INFO:teuthology.orchestra.run.smithi146.stdout:/usr/bin/ceph: stderr
2024-04-01T18:00:31.415+0000 7fe822a00700 1 -- 172.21.15.146:0/1650533224 wait complete.
2024-04-01T18:00:32.565 INFO:teuthology.orchestra.run.smithi146.stdout:Fetching dashboard port number...
2024-04-01T18:00:33.742 INFO:journalctl@ceph.mon.smithi146.smithi146.stdout:Apr 01 18:00:33 smithi146 ceph-mon[29328]: mgrmap e13: smithi146.jrqesu(active, since 6s)
2024-04-01T18:00:34.671 INFO:journalctl@ceph.mon.smithi146.smithi146.stdout:Apr 01 18:00:34 smithi146 ceph-mon[29328]: from='client.? 172.21.15.146:0/3845534697' entity='client.admin' cmd=[{"prefix": "config get", "who": "mgr", "key": "mgr/dashboard/ssl_server_port"}]: dispatch
2024-04-01T18:00:34.803 INFO:teuthology.orchestra.run.smithi146.stdout:/usr/bin/ceph: stdout 8443
2024-04-01T18:00:34.803 INFO:teuthology.orchestra.run.smithi146.stdout:/usr/bin/ceph: stderr
2024-04-01T18:00:33.784+0000 7f55ae600700 1 Processor -- start
2024-04-01T18:00:34.803 INFO:teuthology.orchestra.run.smithi146.stdout:/usr/bin/ceph: stderr
2024-04-01T18:00:33.784+0000 7f55ae600700 1 -- start start
2024-04-01T18:00:34.804 INFO:teuthology.orchestra.run.smithi146.stdout:/usr/bin/ceph: stderr
2024-04-01T18:00:33.785+0000 7f55ae600700 1 --2- >> [v2:172.21.15.146:3300/0,v1:172.21.15.146:6789/0] conn(0x7f55a8077b20 0x7f55a8076120 unknown :-1 s=NONE pgs=0 cs=0 l=0 rev1=0 crypto rx=0 tx=0 comp rx=0 tx=0).connect
2024-04-01T18:00:34.804 INFO:teuthology.orchestra.run.smithi146.stdout:/usr/bin/ceph: stderr
2024-04-01T18:00:33.785+0000 7f55ae600700 1 -- --> [v2:172.21.15.146:3300/0,v1:172.21.15.146:6789/0] -- mon_getmap magic: 0 v1 -- 0x7f55a8077f30 con 0x7f55a8077b20
2024-04-01T18:00:34.804 INFO:teuthology.orchestra.run.smithi146.stdout:/usr/bin/ceph: stderr
2024-04-01T18:00:33.785+0000 7f55a7400700 1 --2- >> [v2:172.21.15.146:3300/0,v1:172.21.15.146:6789/0] conn(0x7f55a8077b20 0x7f55a8076120 unknown :-1 s=BANNER_CONNECTING pgs=0 cs=0 l=0 rev1=0 crypto rx=0 tx=0 comp rx=0 tx=0)._handle_peer_banner_payload supported=3 required=0
2024-04-01T18:00:34.804 INFO:teuthology.orchestra.run.smithi146.stdout:/usr/bin/ceph: stderr
2024-04-01T18:00:33.785+0000 7f55a7400700 1 --2- >> [v2:172.21.15.146:3300/0,v1:172.21.15.146:6789/0] conn(0x7f55a8077b20 0x7f55a8076120 unknown :-1 s=HELLO_CONNECTING pgs=0 cs=0 l=0 rev1=1 crypto rx=0 tx=0 comp rx=0 tx=0).handle_hello peer v2:172.21.15.146:3300/0 says I am v2:172.21.15.146:41604/0 (socket says 172.21.15.146:41604)
2024-04-01T18:00:34.804 INFO:teuthology.orchestra.run.smithi146.stdout:/usr/bin/ceph: stderr
2024-04-01T18:00:33.785+0000 7f55a7400700 1 -- 172.21.15.146:0/1810779562 learned_addr learned my addr 172.21.15.146:0/1810779562 (peer_addr_for_me v2:172.21.15.146:0/0)
2024-04-01T18:00:34.804 INFO:teuthology.orchestra.run.smithi146.stdout:/usr/bin/ceph: stderr
2024-04-01T18:00:33.786+0000 7f55a7400700 1 -- 172.21.15.146:0/1810779562 --> [v2:172.21.15.146:3300/0,v1:172.21.15.146:6789/0] -- mon_subscribe({config=0+,monmap=0+}) v3 -- 0x7f55a8076660 con 0x7f55a8077b20
2024-04-01T18:00:34.804 INFO:teuthology.orchestra.run.smithi146.stdout:/usr/bin/ceph: stderr
2024-04-01T18:00:33.786+0000 7f55a7400700 1 --2- 172.21.15.146:0/1810779562 >> [v2:172.21.15.146:3300/0,v1:172.21.15.146:6789/0] conn(0x7f55a8077b20 0x7f55a8076120 secure :-1 s=READY pgs=84 cs=0 l=1 rev1=1 crypto rx=0x7f55980098e0 tx=0x7f5598009250 comp rx=0 tx=0).ready entity=mon.0 client_cookie=7e93c6b1b5664f89 server_cookie=0 in_seq=0 out_seq=0
2024-04-01T18:00:34.804 INFO:teuthology.orchestra.run.smithi146.stdout:/usr/bin/ceph: stderr
2024-04-01T18:00:33.786+0000 7f55a6a00700 1 -- 172.21.15.146:0/1810779562 <== mon.0 v2:172.21.15.146:3300/0 1 ==== mon_map magic: 0 v1 ==== 229+0+0 (secure 0 0 0) 0x7f559800b860 con 0x7f55a8077b20
2024-04-01T18:00:34.804 INFO:teuthology.orchestra.run.smithi146.stdout:/usr/bin/ceph: stderr
2024-04-01T18:00:33.786+0000 7f55a6a00700 1 -- 172.21.15.146:0/1810779562 <== mon.0 v2:172.21.15.146:3300/0 2 ==== config(27 keys) v1 ==== 1109+0+0 (secure 0 0 0) 0x7f559800be90 con 0x7f55a8077b20
2024-04-01T18:00:34.804 INFO:teuthology.orchestra.run.smithi146.stdout:/usr/bin/ceph: stderr
2024-04-01T18:00:33.786+0000 7f55a6a00700 1 -- 172.21.15.146:0/1810779562 <== mon.0 v2:172.21.15.146:3300/0 3 ==== mon_map magic: 0 v1 ==== 229+0+0 (secure 0 0 0) 0x7f55980103c0 con 0x7f55a8077b20
2024-04-01T18:00:34.804 INFO:teuthology.orchestra.run.smithi146.stdout:/usr/bin/ceph: stderr
2024-04-01T18:00:33.787+0000 7f55ae600700 1 -- 172.21.15.146:0/1810779562 >> [v2:172.21.15.146:3300/0,v1:172.21.15.146:6789/0] conn(0x7f55a8077b20 msgr2=0x7f55a8076120 secure :-1 s=STATE_CONNECTION_ESTABLISHED l=1).mark_down
2024-04-01T18:00:34.804 INFO:teuthology.orchestra.run.smithi146.stdout:/usr/bin/ceph: stderr
2024-04-01T18:00:33.787+0000 7f55ae600700 1 --2- 172.21.15.146:0/1810779562 >> [v2:172.21.15.146:3300/0,v1:172.21.15.146:6789/0] conn(0x7f55a8077b20 0x7f55a8076120 secure :-1 s=READY pgs=84 cs=0 l=1 rev1=1 crypto rx=0x7f55980098e0 tx=0x7f5598009250 comp rx=0 tx=0).stop
2024-04-01T18:00:34.804 INFO:teuthology.orchestra.run.smithi146.stdout:/usr/bin/ceph: stderr
2024-04-01T18:00:33.787+0000 7f55ae600700 1 -- 172.21.15.146:0/1810779562 shutdown_connections
2024-04-01T18:00:34.804 INFO:teuthology.orchestra.run.smithi146.stdout:/usr/bin/ceph: stderr
2024-04-01T18:00:33.787+0000 7f55ae600700 1 --2- 172.21.15.146:0/1810779562 >> [v2:172.21.15.146:3300/0,v1:172.21.15.146:6789/0] conn(0x7f55a8077b20 0x7f55a8076120 unknown :-1 s=CLOSED pgs=84 cs=0 l=1 rev1=1 crypto rx=0 tx=0 comp rx=0 tx=0).stop
2024-04-01T18:00:34.805 INFO:teuthology.orchestra.run.smithi146.stdout:/usr/bin/ceph: stderr
2024-04-01T18:00:33.787+0000 7f55ae600700 1 -- 172.21.15.146:0/1810779562 >> 172.21.15.146:0/1810779562 conn(0x7f55a80fe090 msgr2=0x7f55a81004c0 unknown :-1 s=STATE_NONE l=0).mark_down
2024-04-01T18:00:34.805 INFO:teuthology.orchestra.run.smithi146.stdout:/usr/bin/ceph: stderr
2024-04-01T18:00:33.787+0000 7f55ae600700 1 -- 172.21.15.146:0/1810779562 shutdown_connections
2024-04-01T18:00:34.805 INFO:teuthology.orchestra.run.smithi146.stdout:/usr/bin/ceph: stderr
2024-04-01T18:00:33.787+0000 7f55ae600700 1 -- 172.21.15.146:0/1810779562 wait complete.
2024-04-01T18:00:34.805 INFO:teuthology.orchestra.run.smithi146.stdout:/usr/bin/ceph: stderr
2024-04-01T18:00:33.788+0000 7f55ae600700 1 Processor -- start
2024-04-01T18:00:34.805 INFO:teuthology.orchestra.run.smithi146.stdout:/usr/bin/ceph: stderr
2024-04-01T18:00:33.788+0000 7f55ae600700 1 -- start start
2024-04-01T18:00:34.805 INFO:teuthology.orchestra.run.smithi146.stdout:/usr/bin/ceph: stderr
2024-04-01T18:00:33.789+0000 7f55ae600700 1 --2- >> [v2:172.21.15.146:3300/0,v1:172.21.15.146:6789/0] conn(0x7f55a8077b20 0x7f55a8113a00 unknown :-1 s=NONE pgs=0 cs=0 l=1 rev1=0 crypto rx=0 tx=0 comp rx=0 tx=0).connect
2024-04-01T18:00:34.805 INFO:teuthology.orchestra.run.smithi146.stdout:/usr/bin/ceph: stderr
2024-04-01T18:00:33.789+0000 7f55ae600700 1 -- --> [v2:172.21.15.146:3300/0,v1:172.21.15.146:6789/0] -- mon_getmap magic: 0 v1 -- 0x7f55a8113f40 con 0x7f55a8077b20
2024-04-01T18:00:34.805 INFO:teuthology.orchestra.run.smithi146.stdout:/usr/bin/ceph: stderr
2024-04-01T18:00:33.789+0000 7f55a7400700 1 --2- >> [v2:172.21.15.146:3300/0,v1:172.21.15.146:6789/0] conn(0x7f55a8077b20 0x7f55a8113a00 unknown :-1 s=BANNER_CONNECTING pgs=0 cs=0 l=1 rev1=0 crypto rx=0 tx=0 comp rx=0 tx=0)._handle_peer_banner_payload supported=3 required=0
2024-04-01T18:00:34.805 INFO:teuthology.orchestra.run.smithi146.stdout:/usr/bin/ceph: stderr
2024-04-01T18:00:33.789+0000 7f55a7400700 1 --2- >> [v2:172.21.15.146:3300/0,v1:172.21.15.146:6789/0] conn(0x7f55a8077b20 0x7f55a8113a00 unknown :-1 s=HELLO_CONNECTING pgs=0 cs=0 l=1 rev1=1 crypto rx=0 tx=0 comp rx=0 tx=0).handle_hello peer v2:172.21.15.146:3300/0 says I am v2:172.21.15.146:41610/0 (socket says 172.21.15.146:41610)
2024-04-01T18:00:34.805 INFO:teuthology.orchestra.run.smithi146.stdout:/usr/bin/ceph: stderr
2024-04-01T18:00:33.789+0000 7f55a7400700 1 -- 172.21.15.146:0/3845534697 learned_addr learned my addr 172.21.15.146:0/3845534697 (peer_addr_for_me v2:172.21.15.146:0/0)
2024-04-01T18:00:34.805 INFO:teuthology.orchestra.run.smithi146.stdout:/usr/bin/ceph: stderr
2024-04-01T18:00:33.789+0000 7f55a7400700 1 -- 172.21.15.146:0/3845534697 --> [v2:172.21.15.146:3300/0,v1:172.21.15.146:6789/0] -- mon_subscribe({config=0+,monmap=0+}) v3 -- 0x7f55980094f0 con 0x7f55a8077b20
2024-04-01T18:00:34.805 INFO:teuthology.orchestra.run.smithi146.stdout:/usr/bin/ceph: stderr
2024-04-01T18:00:33.789+0000 7f55a7400700 1 --2- 172.21.15.146:0/3845534697 >> [v2:172.21.15.146:3300/0,v1:172.21.15.146:6789/0] conn(0x7f55a8077b20 0x7f55a8113a00 secure :-1 s=READY pgs=85 cs=0 l=1 rev1=1 crypto rx=0x7f5598011d50 tx=0x7f5598009250 comp rx=0 tx=0).ready entity=mon.0 client_cookie=0 server_cookie=0 in_seq=0 out_seq=0
2024-04-01T18:00:34.805 INFO:teuthology.orchestra.run.smithi146.stdout:/usr/bin/ceph: stderr
2024-04-01T18:00:33.790+0000 7f559f400700 1 -- 172.21.15.146:0/3845534697 <== mon.0 v2:172.21.15.146:3300/0 1 ==== mon_map magic: 0 v1 ==== 229+0+0 (secure 0 0 0) 0x7f5598010630 con 0x7f55a8077b20
2024-04-01T18:00:34.805 INFO:teuthology.orchestra.run.smithi146.stdout:/usr/bin/ceph: stderr
2024-04-01T18:00:33.790+0000 7f559f400700 1 -- 172.21.15.146:0/3845534697 <== mon.0 v2:172.21.15.146:3300/0 2 ==== config(27 keys) v1 ==== 1109+0+0 (secure 0 0 0) 0x7f5598010c60 con 0x7f55a8077b20
2024-04-01T18:00:34.805 INFO:teuthology.orchestra.run.smithi146.stdout:/usr/bin/ceph: stderr
2024-04-01T18:00:33.790+0000 7f559f400700 1 -- 172.21.15.146:0/3845534697 <== mon.0 v2:172.21.15.146:3300/0 3 ==== mon_map magic: 0 v1 ==== 229+0+0 (secure 0 0 0) 0x7f559801ace0 con 0x7f55a8077b20
2024-04-01T18:00:34.806 INFO:teuthology.orchestra.run.smithi146.stdout:/usr/bin/ceph: stderr
2024-04-01T18:00:33.790+0000 7f55ae600700 1 -- 172.21.15.146:0/3845534697 --> [v2:172.21.15.146:3300/0,v1:172.21.15.146:6789/0] -- mon_subscribe({mgrmap=0+}) v3 -- 0x7f55a8114140 con 0x7f55a8077b20
2024-04-01T18:00:34.806 INFO:teuthology.orchestra.run.smithi146.stdout:/usr/bin/ceph: stderr
2024-04-01T18:00:33.790+0000 7f55ae600700 1 -- 172.21.15.146:0/3845534697 --> [v2:172.21.15.146:3300/0,v1:172.21.15.146:6789/0] -- mon_subscribe({osdmap=0}) v3 -- 0x7f55a8114cb0 con 0x7f55a8077b20
2024-04-01T18:00:34.806 INFO:teuthology.orchestra.run.smithi146.stdout:/usr/bin/ceph: stderr
2024-04-01T18:00:33.791+0000 7f559f400700 1 -- 172.21.15.146:0/3845534697 <== mon.0 v2:172.21.15.146:3300/0 4 ==== mgrmap(e 13) v1 ==== 43425+0+0 (secure 0 0 0) 0x7f5598010790 con 0x7f55a8077b20
2024-04-01T18:00:34.806 INFO:teuthology.orchestra.run.smithi146.stdout:/usr/bin/ceph: stderr
2024-04-01T18:00:33.791+0000 7f55ae600700 1 -- 172.21.15.146:0/3845534697 --> [v2:172.21.15.146:3300/0,v1:172.21.15.146:6789/0] -- mon_command({"prefix": "get_command_descriptions"} v 0) v1 -- 0x7f55a805f5f0 con 0x7f55a8077b20
2024-04-01T18:00:34.806 INFO:teuthology.orchestra.run.smithi146.stdout:/usr/bin/ceph: stderr
2024-04-01T18:00:33.791+0000 7f559f400700 1 --2- 172.21.15.146:0/3845534697 >> [v2:172.21.15.146:6800/1849662609,v1:172.21.15.146:6801/1849662609] conn(0x7f558c0368d0 0x7f558c038d80 unknown :-1 s=NONE pgs=0 cs=0 l=1 rev1=0 crypto rx=0 tx=0 comp rx=0 tx=0).connect
2024-04-01T18:00:34.806 INFO:teuthology.orchestra.run.smithi146.stdout:/usr/bin/ceph: stderr
2024-04-01T18:00:33.792+0000 7f559f400700 1 -- 172.21.15.146:0/3845534697 <== mon.0 v2:172.21.15.146:3300/0 5 ==== osd_map(3..3 src has 1..3) v4 ==== 1151+0+0 (secure 0 0 0) 0x7f559804a200 con 0x7f55a8077b20
2024-04-01T18:00:34.806 INFO:teuthology.orchestra.run.smithi146.stdout:/usr/bin/ceph: stderr
2024-04-01T18:00:33.792+0000 7f559fe00700 1 --2- 172.21.15.146:0/3845534697 >> [v2:172.21.15.146:6800/1849662609,v1:172.21.15.146:6801/1849662609] conn(0x7f558c0368d0 0x7f558c038d80 unknown :-1 s=BANNER_CONNECTING pgs=0 cs=0 l=1 rev1=0 crypto rx=0 tx=0 comp rx=0 tx=0)._handle_peer_banner_payload supported=3 required=0
2024-04-01T18:00:34.806 INFO:teuthology.orchestra.run.smithi146.stdout:/usr/bin/ceph: stderr
2024-04-01T18:00:33.792+0000 7f559fe00700 1 --2- 172.21.15.146:0/3845534697 >> [v2:172.21.15.146:6800/1849662609,v1:172.21.15.146:6801/1849662609] conn(0x7f558c0368d0 0x7f558c038d80 secure :-1 s=READY pgs=9 cs=0 l=1 rev1=1 crypto rx=0x7f5590009990 tx=0x7f5590006e40 comp rx=0 tx=0).ready entity=mgr.14162 client_cookie=0 server_cookie=0 in_seq=0 out_seq=0
2024-04-01T18:00:34.806 INFO:teuthology.orchestra.run.smithi146.stdout:/usr/bin/ceph: stderr
2024-04-01T18:00:33.797+0000 7f559f400700 1 -- 172.21.15.146:0/3845534697 <== mon.0 v2:172.21.15.146:3300/0 6 ==== mon_command_ack([{"prefix": "get_command_descriptions"}]=0 v0) v1 ==== 72+0+176504 (secure 0 0 0) 0x7f559801a560 con 0x7f55a8077b20
2024-04-01T18:00:34.806 INFO:teuthology.orchestra.run.smithi146.stdout:/usr/bin/ceph: stderr
2024-04-01T18:00:34.008+0000 7f55ae600700 1 -- 172.21.15.146:0/3845534697 --> [v2:172.21.15.146:3300/0,v1:172.21.15.146:6789/0] -- mon_command({"prefix": "config get", "who": "mgr", "key": "mgr/dashboard/ssl_server_port"} v 0) v1 -- 0x7f55a804bed0 con 0x7f55a8077b20
2024-04-01T18:00:34.806 INFO:teuthology.orchestra.run.smithi146.stdout:/usr/bin/ceph: stderr
2024-04-01T18:00:34.009+0000 7f559f400700 1 -- 172.21.15.146:0/3845534697 <== mon.0 v2:172.21.15.146:3300/0 7 ==== mon_command_ack([{"prefix": "config get", "who": "mgr", "key": "mgr/dashboard/ssl_server_port"}]=0 v8) v1 ==== 112+0+5 (secure 0 0 0) 0x7f559802a070 con 0x7f55a8077b20
2024-04-01T18:00:34.806 INFO:teuthology.orchestra.run.smithi146.stdout:/usr/bin/ceph: stderr
2024-04-01T18:00:34.013+0000 7f55ae600700 1 -- 172.21.15.146:0/3845534697 >> [v2:172.21.15.146:6800/1849662609,v1:172.21.15.146:6801/1849662609] conn(0x7f558c0368d0 msgr2=0x7f558c038d80 secure :-1 s=STATE_CONNECTION_ESTABLISHED l=1).mark_down
2024-04-01T18:00:34.806 INFO:teuthology.orchestra.run.smithi146.stdout:/usr/bin/ceph: stderr
2024-04-01T18:00:34.013+0000 7f55ae600700 1 --2- 172.21.15.146:0/3845534697 >> [v2:172.21.15.146:6800/1849662609,v1:172.21.15.146:6801/1849662609] conn(0x7f558c0368d0 0x7f558c038d80 secure :-1 s=READY pgs=9 cs=0 l=1 rev1=1 crypto rx=0x7f5590009990 tx=0x7f5590006e40 comp rx=0 tx=0).stop
2024-04-01T18:00:34.807 INFO:teuthology.orchestra.run.smithi146.stdout:/usr/bin/ceph: stderr
2024-04-01T18:00:34.013+0000 7f55ae600700 1 -- 172.21.15.146:0/3845534697 >> [v2:172.21.15.146:3300/0,v1:172.21.15.146:6789/0] conn(0x7f55a8077b20 msgr2=0x7f55a8113a00 secure :-1 s=STATE_CONNECTION_ESTABLISHED l=1).mark_down
2024-04-01T18:00:34.807 INFO:teuthology.orchestra.run.smithi146.stdout:/usr/bin/ceph: stderr
2024-04-01T18:00:34.013+0000 7f55ae600700 1 --2- 172.21.15.146:0/3845534697 >> [v2:172.21.15.146:3300/0,v1:172.21.15.146:6789/0] conn(0x7f55a8077b20 0x7f55a8113a00 secure :-1 s=READY pgs=85 cs=0 l=1 rev1=1 crypto rx=0x7f5598011d50 tx=0x7f5598009250 comp rx=0 tx=0).stop
2024-04-01T18:00:34.807 INFO:teuthology.orchestra.run.smithi146.stdout:/usr/bin/ceph: stderr
2024-04-01T18:00:34.013+0000 7f55ae600700 1 -- 172.21.15.146:0/3845534697 shutdown_connections
2024-04-01T18:00:34.807 INFO:teuthology.orchestra.run.smithi146.stdout:/usr/bin/ceph: stderr
2024-04-01T18:00:34.013+0000 7f55ae600700 1 --2- 172.21.15.146:0/3845534697 >> [v2:172.21.15.146:6800/1849662609,v1:172.21.15.146:6801/1849662609] conn(0x7f558c0368d0 0x7f558c038d80 unknown :-1 s=CLOSED pgs=9 cs=0 l=1 rev1=1 crypto rx=0 tx=0 comp rx=0 tx=0).stop
2024-04-01T18:00:34.807 INFO:teuthology.orchestra.run.smithi146.stdout:/usr/bin/ceph: stderr
2024-04-01T18:00:34.014+0000 7f55ae600700 1 --2- 172.21.15.146:0/3845534697 >> [v2:172.21.15.146:3300/0,v1:172.21.15.146:6789/0] conn(0x7f55a8077b20 0x7f55a8113a00 unknown :-1 s=CLOSED pgs=85 cs=0 l=1 rev1=1 crypto rx=0 tx=0 comp rx=0 tx=0).stop
2024-04-01T18:00:34.807 INFO:teuthology.orchestra.run.smithi146.stdout:/usr/bin/ceph: stderr
2024-04-01T18:00:34.014+0000 7f55ae600700 1 -- 172.21.15.146:0/3845534697 >> 172.21.15.146:0/3845534697 conn(0x7f55a80fe090 msgr2=0x7f55a80fed30 unknown :-1 s=STATE_NONE l=0).mark_down
2024-04-01T18:00:34.807 INFO:teuthology.orchestra.run.smithi146.stdout:/usr/bin/ceph: stderr
2024-04-01T18:00:34.014+0000 7f55ae600700 1 -- 172.21.15.146:0/3845534697 shutdown_connections
2024-04-01T18:00:34.807 INFO:teuthology.orchestra.run.smithi146.stdout:/usr/bin/ceph: stderr
2024-04-01T18:00:34.014+0000 7f55ae600700 1 -- 172.21.15.146:0/3845534697 wait complete.
2024-04-01T18:00:34.837 INFO:teuthology.orchestra.run.smithi146.stdout:Non-zero exit code 1 from systemctl is-enabled firewalld.service
2024-04-01T18:00:34.837 INFO:teuthology.orchestra.run.smithi146.stdout:systemctl: stdout disabled
2024-04-01T18:00:34.863 INFO:teuthology.orchestra.run.smithi146.stdout:Non-zero exit code 3 from systemctl is-active firewalld.service
2024-04-01T18:00:34.863 INFO:teuthology.orchestra.run.smithi146.stdout:systemctl: stdout inactive
2024-04-01T18:00:34.864 INFO:teuthology.orchestra.run.smithi146.stdout:firewalld.service is not enabled
2024-04-01T18:00:34.864 INFO:teuthology.orchestra.run.smithi146.stdout:Not possible to open ports <[8443]>. firewalld.service is not available
2024-04-01T18:00:34.872 INFO:teuthology.orchestra.run.smithi146.stdout:Ceph Dashboard is now available at:
2024-04-01T18:00:34.872 INFO:teuthology.orchestra.run.smithi146.stdout:
2024-04-01T18:00:34.872 INFO:teuthology.orchestra.run.smithi146.stdout: URL: https://smithi146.front.sepia.ceph.com:8443/
2024-04-01T18:00:34.872 INFO:teuthology.orchestra.run.smithi146.stdout: User: admin
2024-04-01T18:00:34.872 INFO:teuthology.orchestra.run.smithi146.stdout: Password: fb8079wml5
2024-04-01T18:00:34.872 INFO:teuthology.orchestra.run.smithi146.stdout:
2024-04-01T18:00:34.873 INFO:teuthology.orchestra.run.smithi146.stdout:Saving cluster configuration to /var/lib/ceph/59a016f4-f051-11ee-b647-cb9ed24678a4/config directory
2024-04-01T18:00:34.875 INFO:teuthology.orchestra.run.smithi146.stdout:Enabling autotune for osd_memory_target
2024-04-01T18:00:36.592 INFO:teuthology.orchestra.run.smithi146.stdout:/usr/bin/ceph: stderr
2024-04-01T18:00:35.544+0000 7fd5f7e00700 1 Processor -- start
2024-04-01T18:00:36.593 INFO:teuthology.orchestra.run.smithi146.stdout:/usr/bin/ceph: stderr
2024-04-01T18:00:35.544+0000 7fd5f7e00700 1 -- start start
2024-04-01T18:00:36.593 INFO:teuthology.orchestra.run.smithi146.stdout:/usr/bin/ceph: stderr
2024-04-01T18:00:35.544+0000 7fd5f7e00700 1 --2- >> [v2:172.21.15.146:3300/0,v1:172.21.15.146:6789/0] conn(0x7fd5f807ce60 0x7fd5f810bcd0 unknown :-1 s=NONE pgs=0 cs=0 l=0 rev1=0 crypto rx=0 tx=0 comp rx=0 tx=0).connect
2024-04-01T18:00:36.593 INFO:teuthology.orchestra.run.smithi146.stdout:/usr/bin/ceph: stderr
2024-04-01T18:00:35.544+0000 7fd5f7e00700 1 -- --> [v2:172.21.15.146:3300/0,v1:172.21.15.146:6789/0] -- mon_getmap magic: 0 v1 -- 0x7fd5f807d300 con 0x7fd5f807ce60
2024-04-01T18:00:36.593 INFO:teuthology.orchestra.run.smithi146.stdout:/usr/bin/ceph: stderr
2024-04-01T18:00:35.545+0000 7fd5f6a00700 1 --2- >> [v2:172.21.15.146:3300/0,v1:172.21.15.146:6789/0] conn(0x7fd5f807ce60 0x7fd5f810bcd0 unknown :-1 s=BANNER_CONNECTING pgs=0 cs=0 l=0 rev1=0 crypto rx=0 tx=0 comp rx=0 tx=0)._handle_peer_banner_payload supported=3 required=0
2024-04-01T18:00:36.593 INFO:teuthology.orchestra.run.smithi146.stdout:/usr/bin/ceph: stderr
2024-04-01T18:00:35.545+0000 7fd5f6a00700 1 --2- >> [v2:172.21.15.146:3300/0,v1:172.21.15.146:6789/0] conn(0x7fd5f807ce60 0x7fd5f810bcd0 unknown :-1 s=HELLO_CONNECTING pgs=0 cs=0 l=0 rev1=1 crypto rx=0 tx=0 comp rx=0 tx=0).handle_hello peer v2:172.21.15.146:3300/0 says I am v2:172.21.15.146:41612/0 (socket says 172.21.15.146:41612)
2024-04-01T18:00:36.595 INFO:teuthology.orchestra.run.smithi146.stdout:/usr/bin/ceph: stderr
2024-04-01T18:00:35.545+0000 7fd5f6a00700 1 -- 172.21.15.146:0/2367370414 learned_addr learned my addr 172.21.15.146:0/2367370414 (peer_addr_for_me v2:172.21.15.146:0/0)
2024-04-01T18:00:36.595 INFO:teuthology.orchestra.run.smithi146.stdout:/usr/bin/ceph: stderr
2024-04-01T18:00:35.545+0000 7fd5f6a00700 1 -- 172.21.15.146:0/2367370414 --> [v2:172.21.15.146:3300/0,v1:172.21.15.146:6789/0] -- mon_subscribe({config=0+,monmap=0+}) v3 -- 0x7fd5f807d440 con 0x7fd5f807ce60
2024-04-01T18:00:36.595 INFO:teuthology.orchestra.run.smithi146.stdout:/usr/bin/ceph: stderr
2024-04-01T18:00:35.546+0000 7fd5f6a00700 1 --2- 172.21.15.146:0/2367370414 >> [v2:172.21.15.146:3300/0,v1:172.21.15.146:6789/0] conn(0x7fd5f807ce60 0x7fd5f810bcd0 secure :-1 s=READY pgs=86 cs=0 l=1 rev1=1 crypto rx=0x7fd5e80098e0 tx=0x7fd5e8009250 comp rx=0 tx=0).ready entity=mon.0 client_cookie=ea5f90baa6b307f4 server_cookie=0 in_seq=0 out_seq=0
2024-04-01T18:00:36.595 INFO:teuthology.orchestra.run.smithi146.stdout:/usr/bin/ceph: stderr
2024-04-01T18:00:35.546+0000 7fd5f5600700 1 -- 172.21.15.146:0/2367370414 <== mon.0 v2:172.21.15.146:3300/0 1 ==== mon_map magic: 0 v1 ==== 229+0+0 (secure 0 0 0) 0x7fd5e800b860 con 0x7fd5f807ce60
2024-04-01T18:00:36.595 INFO:teuthology.orchestra.run.smithi146.stdout:/usr/bin/ceph: stderr
2024-04-01T18:00:35.546+0000 7fd5f5600700 1 -- 172.21.15.146:0/2367370414 <== mon.0 v2:172.21.15.146:3300/0 2 ==== config(27 keys) v1 ==== 1109+0+0 (secure 0 0 0) 0x7fd5e800be90 con 0x7fd5f807ce60
2024-04-01T18:00:36.595 INFO:teuthology.orchestra.run.smithi146.stdout:/usr/bin/ceph: stderr
2024-04-01T18:00:35.546+0000 7fd5f5600700 1 -- 172.21.15.146:0/2367370414 <== mon.0 v2:172.21.15.146:3300/0 3 ==== mon_map magic: 0 v1 ==== 229+0+0 (secure 0 0 0) 0x7fd5e80103c0 con 0x7fd5f807ce60
2024-04-01T18:00:36.595 INFO:teuthology.orchestra.run.smithi146.stdout:/usr/bin/ceph: stderr
2024-04-01T18:00:35.547+0000 7fd5f7e00700 1 -- 172.21.15.146:0/2367370414 >> [v2:172.21.15.146:3300/0,v1:172.21.15.146:6789/0] conn(0x7fd5f807ce60 msgr2=0x7fd5f810bcd0 secure :-1 s=STATE_CONNECTION_ESTABLISHED l=1).mark_down
2024-04-01T18:00:36.595 INFO:teuthology.orchestra.run.smithi146.stdout:/usr/bin/ceph: stderr
