2024-04-01T18:00:18.800 INFO:journalctl@ceph.mon.smithi146.smithi146.stdout:Apr 01 18:00:18 smithi146 ceph-mon[29328]: from='client.? 172.21.15.146:0/1990175802' entity='client.admin' cmd='[{"prefix": "mgr module enable", "module": "dashboard"}]': finished
2024-04-01T18:00:18.801 INFO:journalctl@ceph.mon.smithi146.smithi146.stdout:Apr 01 18:00:18 smithi146 ceph-mon[29328]: mgrmap e9: smithi146.jrqesu(active, since 34s)
2024-04-01T18:00:19.778 INFO:journalctl@ceph.mon.smithi146.smithi146.stdout:Apr 01 18:00:19 smithi146 ceph-mon[29328]: from='client.? 172.21.15.146:0/697093046' entity='client.admin' cmd=[{"prefix": "mgr stat"}]: dispatch
2024-04-01T18:00:20.014 INFO:teuthology.orchestra.run.smithi146.stdout:/usr/bin/ceph: stdout {
2024-04-01T18:00:20.020 INFO:teuthology.orchestra.run.smithi146.stdout:/usr/bin/ceph: stdout "epoch": 9,
2024-04-01T18:00:20.020 INFO:teuthology.orchestra.run.smithi146.stdout:/usr/bin/ceph: stdout "available": true,
2024-04-01T18:00:20.021 INFO:teuthology.orchestra.run.smithi146.stdout:/usr/bin/ceph: stdout "active_name": "smithi146.jrqesu",
2024-04-01T18:00:20.021 INFO:teuthology.orchestra.run.smithi146.stdout:/usr/bin/ceph: stdout "num_standby": 0
2024-04-01T18:00:20.021 INFO:teuthology.orchestra.run.smithi146.stdout:/usr/bin/ceph: stdout }
2024-04-01T18:00:20.021 INFO:teuthology.orchestra.run.smithi146.stdout:/usr/bin/ceph: stderr
2024-04-01T18:00:18.954+0000 7fc14ac00700 1 Processor -- start
2024-04-01T18:00:20.021 INFO:teuthology.orchestra.run.smithi146.stdout:/usr/bin/ceph: stderr
2024-04-01T18:00:18.954+0000 7fc14ac00700 1 -- start start
2024-04-01T18:00:20.021 INFO:teuthology.orchestra.run.smithi146.stdout:/usr/bin/ceph: stderr
2024-04-01T18:00:18.955+0000 7fc14ac00700 1 --2- >> [v2:172.21.15.146:3300/0,v1:172.21.15.146:6789/0] conn(0x7fc1440711d0 0x7fc1441055c0 unknown :-1 s=NONE pgs=0 cs=0 l=0 rev1=0 crypto rx=0 tx=0 comp rx=0 tx=0).connect
2024-04-01T18:00:20.021 INFO:teuthology.orchestra.run.smithi146.stdout:/usr/bin/ceph: stderr
2024-04-01T18:00:18.955+0000 7fc14ac00700 1 -- --> [v2:172.21.15.146:3300/0,v1:172.21.15.146:6789/0] -- mon_getmap magic: 0 v1 -- 0x7fc1440715e0 con 0x7fc1440711d0
2024-04-01T18:00:20.021 INFO:teuthology.orchestra.run.smithi146.stdout:/usr/bin/ceph: stderr
2024-04-01T18:00:18.955+0000 7fc143e00700 1 --2- >> [v2:172.21.15.146:3300/0,v1:172.21.15.146:6789/0] conn(0x7fc1440711d0 0x7fc1441055c0 unknown :-1 s=BANNER_CONNECTING pgs=0 cs=0 l=0 rev1=0 crypto rx=0 tx=0 comp rx=0 tx=0)._handle_peer_banner_payload supported=3 required=0
2024-04-01T18:00:20.021 INFO:teuthology.orchestra.run.smithi146.stdout:/usr/bin/ceph: stderr
2024-04-01T18:00:18.955+0000 7fc143e00700 1 --2- >> [v2:172.21.15.146:3300/0,v1:172.21.15.146:6789/0] conn(0x7fc1440711d0 0x7fc1441055c0 unknown :-1 s=HELLO_CONNECTING pgs=0 cs=0 l=0 rev1=1 crypto rx=0 tx=0 comp rx=0 tx=0).handle_hello peer v2:172.21.15.146:3300/0 says I am v2:172.21.15.146:54866/0 (socket says 172.21.15.146:54866)
2024-04-01T18:00:20.021 INFO:teuthology.orchestra.run.smithi146.stdout:/usr/bin/ceph: stderr
2024-04-01T18:00:18.955+0000 7fc143e00700 1 -- 172.21.15.146:0/2315546531 learned_addr learned my addr 172.21.15.146:0/2315546531 (peer_addr_for_me v2:172.21.15.146:0/0)
2024-04-01T18:00:20.021 INFO:teuthology.orchestra.run.smithi146.stdout:/usr/bin/ceph: stderr
2024-04-01T18:00:18.956+0000 7fc143e00700 1 -- 172.21.15.146:0/2315546531 --> [v2:172.21.15.146:3300/0,v1:172.21.15.146:6789/0] -- mon_subscribe({config=0+,monmap=0+}) v3 -- 0x7fc144105b00 con 0x7fc1440711d0
2024-04-01T18:00:20.021 INFO:teuthology.orchestra.run.smithi146.stdout:/usr/bin/ceph: stderr
2024-04-01T18:00:18.956+0000 7fc143e00700 1 --2- 172.21.15.146:0/2315546531 >> [v2:172.21.15.146:3300/0,v1:172.21.15.146:6789/0] conn(0x7fc1440711d0 0x7fc1441055c0 secure :-1 s=READY pgs=69 cs=0 l=1 rev1=1 crypto rx=0x7fc1340098e0 tx=0x7fc134009250 comp rx=0 tx=0).ready entity=mon.0 client_cookie=a4a1ee32f3b5a9ce server_cookie=0 in_seq=0 out_seq=0
2024-04-01T18:00:20.022 INFO:teuthology.orchestra.run.smithi146.stdout:/usr/bin/ceph: stderr
2024-04-01T18:00:18.956+0000 7fc142a00700 1 -- 172.21.15.146:0/2315546531 <== mon.0 v2:172.21.15.146:3300/0 1 ==== mon_map magic: 0 v1 ==== 229+0+0 (secure 0 0 0) 0x7fc13400b860 con 0x7fc1440711d0
2024-04-01T18:00:20.022 INFO:teuthology.orchestra.run.smithi146.stdout:/usr/bin/ceph: stderr
2024-04-01T18:00:18.956+0000 7fc142a00700 1 -- 172.21.15.146:0/2315546531 <== mon.0 v2:172.21.15.146:3300/0 2 ==== config(27 keys) v1 ==== 1109+0+0 (secure 0 0 0) 0x7fc13400be90 con 0x7fc1440711d0
2024-04-01T18:00:20.022 INFO:teuthology.orchestra.run.smithi146.stdout:/usr/bin/ceph: stderr
2024-04-01T18:00:18.956+0000 7fc142a00700 1 -- 172.21.15.146:0/2315546531 <== mon.0 v2:172.21.15.146:3300/0 3 ==== mon_map magic: 0 v1 ==== 229+0+0 (secure 0 0 0) 0x7fc1340103c0 con 0x7fc1440711d0
2024-04-01T18:00:20.022 INFO:teuthology.orchestra.run.smithi146.stdout:/usr/bin/ceph: stderr
2024-04-01T18:00:18.957+0000 7fc14ac00700 1 -- 172.21.15.146:0/2315546531 >> [v2:172.21.15.146:3300/0,v1:172.21.15.146:6789/0] conn(0x7fc1440711d0 msgr2=0x7fc1441055c0 secure :-1 s=STATE_CONNECTION_ESTABLISHED l=1).mark_down
2024-04-01T18:00:20.022 INFO:teuthology.orchestra.run.smithi146.stdout:/usr/bin/ceph: stderr
2024-04-01T18:00:18.957+0000 7fc14ac00700 1 --2- 172.21.15.146:0/2315546531 >> [v2:172.21.15.146:3300/0,v1:172.21.15.146:6789/0] conn(0x7fc1440711d0 0x7fc1441055c0 secure :-1 s=READY pgs=69 cs=0 l=1 rev1=1 crypto rx=0x7fc1340098e0 tx=0x7fc134009250 comp rx=0 tx=0).stop
2024-04-01T18:00:20.022 INFO:teuthology.orchestra.run.smithi146.stdout:/usr/bin/ceph: stderr
2024-04-01T18:00:18.957+0000 7fc14ac00700 1 -- 172.21.15.146:0/2315546531 shutdown_connections
2024-04-01T18:00:20.022 INFO:teuthology.orchestra.run.smithi146.stdout:/usr/bin/ceph: stderr
2024-04-01T18:00:18.957+0000 7fc14ac00700 1 --2- 172.21.15.146:0/2315546531 >> [v2:172.21.15.146:3300/0,v1:172.21.15.146:6789/0] conn(0x7fc1440711d0 0x7fc1441055c0 unknown :-1 s=CLOSED pgs=69 cs=0 l=1 rev1=1 crypto rx=0 tx=0 comp rx=0 tx=0).stop
2024-04-01T18:00:20.022 INFO:teuthology.orchestra.run.smithi146.stdout:/usr/bin/ceph: stderr
2024-04-01T18:00:18.957+0000 7fc14ac00700 1 -- 172.21.15.146:0/2315546531 >> 172.21.15.146:0/2315546531 conn(0x7fc1440fcfb0 msgr2=0x7fc1440ff3c0 unknown :-1 s=STATE_NONE l=0).mark_down
2024-04-01T18:00:20.022 INFO:teuthology.orchestra.run.smithi146.stdout:/usr/bin/ceph: stderr
2024-04-01T18:00:18.957+0000 7fc14ac00700 1 -- 172.21.15.146:0/2315546531 shutdown_connections
2024-04-01T18:00:20.022 INFO:teuthology.orchestra.run.smithi146.stdout:/usr/bin/ceph: stderr
2024-04-01T18:00:18.957+0000 7fc14ac00700 1 -- 172.21.15.146:0/2315546531 wait complete.
2024-04-01T18:00:20.022 INFO:teuthology.orchestra.run.smithi146.stdout:/usr/bin/ceph: stderr
2024-04-01T18:00:18.958+0000 7fc14ac00700 1 Processor -- start
2024-04-01T18:00:20.022 INFO:teuthology.orchestra.run.smithi146.stdout:/usr/bin/ceph: stderr
2024-04-01T18:00:18.958+0000 7fc14ac00700 1 -- start start
2024-04-01T18:00:20.023 INFO:teuthology.orchestra.run.smithi146.stdout:/usr/bin/ceph: stderr
2024-04-01T18:00:18.959+0000 7fc14ac00700 1 --2- >> [v2:172.21.15.146:3300/0,v1:172.21.15.146:6789/0] conn(0x7fc1440711d0 0x7fc144102f10 unknown :-1 s=NONE pgs=0 cs=0 l=1 rev1=0 crypto rx=0 tx=0 comp rx=0 tx=0).connect
2024-04-01T18:00:20.023 INFO:teuthology.orchestra.run.smithi146.stdout:/usr/bin/ceph: stderr
2024-04-01T18:00:18.959+0000 7fc14ac00700 1 -- --> [v2:172.21.15.146:3300/0,v1:172.21.15.146:6789/0] -- mon_getmap magic: 0 v1 -- 0x7fc144103450 con 0x7fc1440711d0
2024-04-01T18:00:20.023 INFO:teuthology.orchestra.run.smithi146.stdout:/usr/bin/ceph: stderr
2024-04-01T18:00:18.959+0000 7fc143e00700 1 --2- >> [v2:172.21.15.146:3300/0,v1:172.21.15.146:6789/0] conn(0x7fc1440711d0 0x7fc144102f10 unknown :-1 s=BANNER_CONNECTING pgs=0 cs=0 l=1 rev1=0 crypto rx=0 tx=0 comp rx=0 tx=0)._handle_peer_banner_payload supported=3 required=0
2024-04-01T18:00:20.023 INFO:teuthology.orchestra.run.smithi146.stdout:/usr/bin/ceph: stderr
2024-04-01T18:00:18.959+0000 7fc143e00700 1 --2- >> [v2:172.21.15.146:3300/0,v1:172.21.15.146:6789/0] conn(0x7fc1440711d0 0x7fc144102f10 unknown :-1 s=HELLO_CONNECTING pgs=0 cs=0 l=1 rev1=1 crypto rx=0 tx=0 comp rx=0 tx=0).handle_hello peer v2:172.21.15.146:3300/0 says I am v2:172.21.15.146:54870/0 (socket says 172.21.15.146:54870)
2024-04-01T18:00:20.023 INFO:teuthology.orchestra.run.smithi146.stdout:/usr/bin/ceph: stderr
2024-04-01T18:00:18.959+0000 7fc143e00700 1 -- 172.21.15.146:0/697093046 learned_addr learned my addr 172.21.15.146:0/697093046 (peer_addr_for_me v2:172.21.15.146:0/0)
2024-04-01T18:00:20.023 INFO:teuthology.orchestra.run.smithi146.stdout:/usr/bin/ceph: stderr
2024-04-01T18:00:18.959+0000 7fc143e00700 1 -- 172.21.15.146:0/697093046 --> [v2:172.21.15.146:3300/0,v1:172.21.15.146:6789/0] -- mon_subscribe({config=0+,monmap=0+}) v3 -- 0x7fc1340094f0 con 0x7fc1440711d0
2024-04-01T18:00:20.023 INFO:teuthology.orchestra.run.smithi146.stdout:/usr/bin/ceph: stderr
2024-04-01T18:00:18.959+0000 7fc143e00700 1 --2- 172.21.15.146:0/697093046 >> [v2:172.21.15.146:3300/0,v1:172.21.15.146:6789/0] conn(0x7fc1440711d0 0x7fc144102f10 secure :-1 s=READY pgs=70 cs=0 l=1 rev1=1 crypto rx=0x7fc1340105b0 tx=0x7fc134009250 comp rx=0 tx=0).ready entity=mon.0 client_cookie=0 server_cookie=0 in_seq=0 out_seq=0
2024-04-01T18:00:20.023 INFO:teuthology.orchestra.run.smithi146.stdout:/usr/bin/ceph: stderr
2024-04-01T18:00:18.960+0000 7fc13be00700 1 -- 172.21.15.146:0/697093046 <== mon.0 v2:172.21.15.146:3300/0 1 ==== mon_map magic: 0 v1 ==== 229+0+0 (secure 0 0 0) 0x7fc134010840 con 0x7fc1440711d0
2024-04-01T18:00:20.023 INFO:teuthology.orchestra.run.smithi146.stdout:/usr/bin/ceph: stderr
2024-04-01T18:00:18.960+0000 7fc13be00700 1 -- 172.21.15.146:0/697093046 <== mon.0 v2:172.21.15.146:3300/0 2 ==== config(27 keys) v1 ==== 1109+0+0 (secure 0 0 0) 0x7fc134010e70 con 0x7fc1440711d0
2024-04-01T18:00:20.023 INFO:teuthology.orchestra.run.smithi146.stdout:/usr/bin/ceph: stderr
2024-04-01T18:00:18.960+0000 7fc14ac00700 1 -- 172.21.15.146:0/697093046 --> [v2:172.21.15.146:3300/0,v1:172.21.15.146:6789/0] -- mon_subscribe({mgrmap=0+}) v3 -- 0x7fc1441014c0 con 0x7fc1440711d0
2024-04-01T18:00:20.023 INFO:teuthology.orchestra.run.smithi146.stdout:/usr/bin/ceph: stderr
2024-04-01T18:00:18.960+0000 7fc13be00700 1 -- 172.21.15.146:0/697093046 <== mon.0 v2:172.21.15.146:3300/0 3 ==== mon_map magic: 0 v1 ==== 229+0+0 (secure 0 0 0) 0x7fc13401ae30 con 0x7fc1440711d0
2024-04-01T18:00:20.023 INFO:teuthology.orchestra.run.smithi146.stdout:/usr/bin/ceph: stderr
2024-04-01T18:00:18.960+0000 7fc14ac00700 1 -- 172.21.15.146:0/697093046 --> [v2:172.21.15.146:3300/0,v1:172.21.15.146:6789/0] -- mon_subscribe({osdmap=0}) v3 -- 0x7fc1441019b0 con 0x7fc1440711d0
2024-04-01T18:00:20.024 INFO:teuthology.orchestra.run.smithi146.stdout:/usr/bin/ceph: stderr
2024-04-01T18:00:18.961+0000 7fc14ac00700 1 -- 172.21.15.146:0/697093046 --> [v2:172.21.15.146:3300/0,v1:172.21.15.146:6789/0] -- mon_command({"prefix": "get_command_descriptions"} v 0) v1 -- 0x7fc14404bed0 con 0x7fc1440711d0
2024-04-01T18:00:20.024 INFO:teuthology.orchestra.run.smithi146.stdout:/usr/bin/ceph: stderr
2024-04-01T18:00:18.961+0000 7fc13be00700 1 -- 172.21.15.146:0/697093046 <== mon.0 v2:172.21.15.146:3300/0 4 ==== mgrmap(e 9) v1 ==== 43381+0+0 (secure 0 0 0) 0x7fc13401a430 con 0x7fc1440711d0
2024-04-01T18:00:20.024 INFO:teuthology.orchestra.run.smithi146.stdout:/usr/bin/ceph: stderr
2024-04-01T18:00:18.961+0000 7fc13be00700 1 --2- 172.21.15.146:0/697093046 >> [v2:172.21.15.146:6800/3771827799,v1:172.21.15.146:6801/3771827799] conn(0x7fc128036830 0x7fc128038ce0 unknown :-1 s=NONE pgs=0 cs=0 l=1 rev1=0 crypto rx=0 tx=0 comp rx=0 tx=0).connect
2024-04-01T18:00:20.024 INFO:teuthology.orchestra.run.smithi146.stdout:/usr/bin/ceph: stderr
2024-04-01T18:00:18.962+0000 7fc13be00700 1 -- 172.21.15.146:0/697093046 <== mon.0 v2:172.21.15.146:3300/0 5 ==== osd_map(2..2 src has 1..2) v4 ==== 936+0+0 (secure 0 0 0) 0x7fc13404a290 con 0x7fc1440711d0
2024-04-01T18:00:20.024 INFO:teuthology.orchestra.run.smithi146.stdout:/usr/bin/ceph: stderr
2024-04-01T18:00:18.962+0000 7fc143400700 1 -- 172.21.15.146:0/697093046 >> [v2:172.21.15.146:6800/3771827799,v1:172.21.15.146:6801/3771827799] conn(0x7fc128036830 msgr2=0x7fc128038ce0 unknown :-1 s=STATE_CONNECTING_RE l=1).process reconnect failed to v2:172.21.15.146:6800/3771827799
2024-04-01T18:00:20.024 INFO:teuthology.orchestra.run.smithi146.stdout:/usr/bin/ceph: stderr
2024-04-01T18:00:18.962+0000 7fc143400700 1 --2- 172.21.15.146:0/697093046 >> [v2:172.21.15.146:6800/3771827799,v1:172.21.15.146:6801/3771827799] conn(0x7fc128036830 0x7fc128038ce0 unknown :-1 s=START_CONNECT pgs=0 cs=0 l=1 rev1=0 crypto rx=0 tx=0 comp rx=0 tx=0)._fault waiting 0.200000
2024-04-01T18:00:20.024 INFO:teuthology.orchestra.run.smithi146.stdout:/usr/bin/ceph: stderr
2024-04-01T18:00:18.967+0000 7fc13be00700 1 -- 172.21.15.146:0/697093046 <== mon.0 v2:172.21.15.146:3300/0 6 ==== mon_command_ack([{"prefix": "get_command_descriptions"}]=0 v0) v1 ==== 72+0+176504 (secure 0 0 0) 0x7fc13402b8c0 con 0x7fc1440711d0
2024-04-01T18:00:20.024 INFO:teuthology.orchestra.run.smithi146.stdout:/usr/bin/ceph: stderr
2024-04-01T18:00:19.163+0000 7fc143400700 1 -- 172.21.15.146:0/697093046 >> [v2:172.21.15.146:6800/3771827799,v1:172.21.15.146:6801/3771827799] conn(0x7fc128036830 msgr2=0x7fc128038ce0 unknown :-1 s=STATE_CONNECTING_RE l=1).process reconnect failed to v2:172.21.15.146:6800/3771827799
2024-04-01T18:00:20.024 INFO:teuthology.orchestra.run.smithi146.stdout:/usr/bin/ceph: stderr
2024-04-01T18:00:19.163+0000 7fc143400700 1 --2- 172.21.15.146:0/697093046 >> [v2:172.21.15.146:6800/3771827799,v1:172.21.15.146:6801/3771827799] conn(0x7fc128036830 0x7fc128038ce0 unknown :-1 s=START_CONNECT pgs=0 cs=0 l=1 rev1=0 crypto rx=0 tx=0 comp rx=0 tx=0)._fault waiting 0.400000
2024-04-01T18:00:20.024 INFO:teuthology.orchestra.run.smithi146.stdout:/usr/bin/ceph: stderr
2024-04-01T18:00:19.227+0000 7fc14ac00700 1 -- 172.21.15.146:0/697093046 --> [v2:172.21.15.146:3300/0,v1:172.21.15.146:6789/0] -- mon_command({"prefix": "mgr stat"} v 0) v1 -- 0x7fc144101f20 con 0x7fc1440711d0
2024-04-01T18:00:20.024 INFO:teuthology.orchestra.run.smithi146.stdout:/usr/bin/ceph: stderr
2024-04-01T18:00:19.228+0000 7fc13be00700 1 -- 172.21.15.146:0/697093046 <== mon.0 v2:172.21.15.146:3300/0 7 ==== mon_command_ack([{"prefix": "mgr stat"}]=0 v9) v1 ==== 56+0+103 (secure 0 0 0) 0x7fc13402b2f0 con 0x7fc1440711d0
2024-04-01T18:00:20.024 INFO:teuthology.orchestra.run.smithi146.stdout:/usr/bin/ceph: stderr
2024-04-01T18:00:19.231+0000 7fc14ac00700 1 -- 172.21.15.146:0/697093046 >> [v2:172.21.15.146:6800/3771827799,v1:172.21.15.146:6801/3771827799] conn(0x7fc128036830 msgr2=0x7fc128038ce0 unknown :-1 s=STATE_CONNECTING l=1).mark_down
2024-04-01T18:00:20.024 INFO:teuthology.orchestra.run.smithi146.stdout:/usr/bin/ceph: stderr
2024-04-01T18:00:19.231+0000 7fc14ac00700 1 --2- 172.21.15.146:0/697093046 >> [v2:172.21.15.146:6800/3771827799,v1:172.21.15.146:6801/3771827799] conn(0x7fc128036830 0x7fc128038ce0 unknown :-1 s=START_CONNECT pgs=0 cs=0 l=1 rev1=0 crypto rx=0 tx=0 comp rx=0 tx=0).stop
2024-04-01T18:00:20.025 INFO:teuthology.orchestra.run.smithi146.stdout:/usr/bin/ceph: stderr
2024-04-01T18:00:19.231+0000 7fc14ac00700 1 -- 172.21.15.146:0/697093046 >> [v2:172.21.15.146:3300/0,v1:172.21.15.146:6789/0] conn(0x7fc1440711d0 msgr2=0x7fc144102f10 secure :-1 s=STATE_CONNECTION_ESTABLISHED l=1).mark_down
2024-04-01T18:00:20.025 INFO:teuthology.orchestra.run.smithi146.stdout:/usr/bin/ceph: stderr
2024-04-01T18:00:19.231+0000 7fc14ac00700 1 --2- 172.21.15.146:0/697093046 >> [v2:172.21.15.146:3300/0,v1:172.21.15.146:6789/0] conn(0x7fc1440711d0 0x7fc144102f10 secure :-1 s=READY pgs=70 cs=0 l=1 rev1=1 crypto rx=0x7fc1340105b0 tx=0x7fc134009250 comp rx=0 tx=0).stop
2024-04-01T18:00:20.025 INFO:teuthology.orchestra.run.smithi146.stdout:/usr/bin/ceph: stderr
2024-04-01T18:00:19.231+0000 7fc14ac00700 1 -- 172.21.15.146:0/697093046 shutdown_connections
2024-04-01T18:00:20.025 INFO:teuthology.orchestra.run.smithi146.stdout:/usr/bin/ceph: stderr
2024-04-01T18:00:19.231+0000 7fc14ac00700 1 --2- 172.21.15.146:0/697093046 >> [v2:172.21.15.146:6800/3771827799,v1:172.21.15.146:6801/3771827799] conn(0x7fc128036830 0x7fc128038ce0 unknown :-1 s=CLOSED pgs=0 cs=0 l=1 rev1=0 crypto rx=0 tx=0 comp rx=0 tx=0).stop
2024-04-01T18:00:20.025 INFO:teuthology.orchestra.run.smithi146.stdout:/usr/bin/ceph: stderr
2024-04-01T18:00:19.231+0000 7fc14ac00700 1 --2- 172.21.15.146:0/697093046 >> [v2:172.21.15.146:3300/0,v1:172.21.15.146:6789/0] conn(0x7fc1440711d0 0x7fc144102f10 unknown :-1 s=CLOSED pgs=70 cs=0 l=1 rev1=1 crypto rx=0 tx=0 comp rx=0 tx=0).stop
2024-04-01T18:00:20.025 INFO:teuthology.orchestra.run.smithi146.stdout:/usr/bin/ceph: stderr
2024-04-01T18:00:19.231+0000 7fc14ac00700 1 -- 172.21.15.146:0/697093046 >> 172.21.15.146:0/697093046 conn(0x7fc1440fcfb0 msgr2=0x7fc1440fdc10 unknown :-1 s=STATE_NONE l=0).mark_down
2024-04-01T18:00:20.025 INFO:teuthology.orchestra.run.smithi146.stdout:/usr/bin/ceph: stderr
2024-04-01T18:00:19.232+0000 7fc14ac00700 1 -- 172.21.15.146:0/697093046 shutdown_connections
2024-04-01T18:00:20.025 INFO:teuthology.orchestra.run.smithi146.stdout:/usr/bin/ceph: stderr
2024-04-01T18:00:19.232+0000 7fc14ac00700 1 -- 172.21.15.146:0/697093046 wait complete.
2024-04-01T18:00:20.025 INFO:teuthology.orchestra.run.smithi146.stdout:Waiting for the mgr to restart...
2024-04-01T18:00:20.025 INFO:teuthology.orchestra.run.smithi146.stdout:Waiting for mgr epoch 9...
2024-04-01T18:00:26.171 INFO:journalctl@ceph.mon.smithi146.smithi146.stdout:Apr 01 18:00:25 smithi146 ceph-mon[29328]: Active manager daemon smithi146.jrqesu restarted
2024-04-01T18:00:26.171 INFO:journalctl@ceph.mon.smithi146.smithi146.stdout:Apr 01 18:00:25 smithi146 ceph-mon[29328]: Activating manager daemon smithi146.jrqesu
2024-04-01T18:00:26.171 INFO:journalctl@ceph.mon.smithi146.smithi146.stdout:Apr 01 18:00:25 smithi146 ceph-mon[29328]: osdmap e3: 0 total, 0 up, 0 in
2024-04-01T18:00:26.171 INFO:journalctl@ceph.mon.smithi146.smithi146.stdout:Apr 01 18:00:25 smithi146 ceph-mon[29328]: mgrmap e10: smithi146.jrqesu(active, starting, since 0.00969995s)
2024-04-01T18:00:26.171 INFO:journalctl@ceph.mon.smithi146.smithi146.stdout:Apr 01 18:00:25 smithi146 ceph-mon[29328]: from='mgr.14162 172.21.15.146:0/3459565443' entity='mgr.smithi146.jrqesu' cmd=[{"prefix": "mon metadata", "id": "smithi146"}]: dispatch
2024-04-01T18:00:26.171 INFO:journalctl@ceph.mon.smithi146.smithi146.stdout:Apr 01 18:00:25 smithi146 ceph-mon[29328]: from='mgr.14162 172.21.15.146:0/3459565443' entity='mgr.smithi146.jrqesu' cmd=[{"prefix": "mgr metadata", "who": "smithi146.jrqesu", "id": "smithi146.jrqesu"}]: dispatch
2024-04-01T18:00:26.172 INFO:journalctl@ceph.mon.smithi146.smithi146.stdout:Apr 01 18:00:25 smithi146 ceph-mon[29328]: from='mgr.14162 172.21.15.146:0/3459565443' entity='mgr.smithi146.jrqesu' cmd=[{"prefix": "mds metadata"}]: dispatch
2024-04-01T18:00:26.172 INFO:journalctl@ceph.mon.smithi146.smithi146.stdout:Apr 01 18:00:25 smithi146 ceph-mon[29328]: from='mgr.14162 172.21.15.146:0/3459565443' entity='mgr.smithi146.jrqesu' cmd=[{"prefix": "osd metadata"}]: dispatch
2024-04-01T18:00:26.172 INFO:journalctl@ceph.mon.smithi146.smithi146.stdout:Apr 01 18:00:25 smithi146 ceph-mon[29328]: from='mgr.14162 172.21.15.146:0/3459565443' entity='mgr.smithi146.jrqesu' cmd=[{"prefix": "mon metadata"}]: dispatch
2024-04-01T18:00:26.172 INFO:journalctl@ceph.mon.smithi146.smithi146.stdout:Apr 01 18:00:25 smithi146 ceph-mon[29328]: Manager daemon smithi146.jrqesu is now available
2024-04-01T18:00:26.172 INFO:journalctl@ceph.mon.smithi146.smithi146.stdout:Apr 01 18:00:25 smithi146 ceph-mon[29328]: from='mgr.14162 172.21.15.146:0/3459565443' entity='mgr.smithi146.jrqesu' cmd=[{"prefix": "config dump", "format": "json"}]: dispatch
2024-04-01T18:00:27.171 INFO:journalctl@ceph.mon.smithi146.smithi146.stdout:Apr 01 18:00:26 smithi146 ceph-mon[29328]: from='mgr.14162 172.21.15.146:0/3459565443' entity='mgr.smithi146.jrqesu' cmd=[{"prefix": "config dump", "format": "json"}]: dispatch
2024-04-01T18:00:27.171 INFO:journalctl@ceph.mon.smithi146.smithi146.stdout:Apr 01 18:00:26 smithi146 ceph-mon[29328]: from='mgr.14162 172.21.15.146:0/3459565443' entity='mgr.smithi146.jrqesu' cmd=[{"prefix":"config rm","who":"mgr","name":"mgr/rbd_support/smithi146.jrqesu/mirror_snapshot_schedule"}]: dispatch
2024-04-01T18:00:27.171 INFO:journalctl@ceph.mon.smithi146.smithi146.stdout:Apr 01 18:00:26 smithi146 ceph-mon[29328]: from='mgr.14162 172.21.15.146:0/3459565443' entity='mgr.smithi146.jrqesu' cmd=[{"prefix":"config rm","who":"mgr","name":"mgr/rbd_support/smithi146.jrqesu/trash_purge_schedule"}]: dispatch
2024-04-01T18:00:27.171 INFO:journalctl@ceph.mon.smithi146.smithi146.stdout:Apr 01 18:00:26 smithi146 ceph-mon[29328]: from='mgr.14162 172.21.15.146:0/3459565443' entity='mgr.smithi146.jrqesu'
2024-04-01T18:00:27.171 INFO:journalctl@ceph.mon.smithi146.smithi146.stdout:Apr 01 18:00:26 smithi146 ceph-mon[29328]: mgrmap e11: smithi146.jrqesu(active, since 1.01571s)
2024-04-01T18:00:28.288 INFO:journalctl@ceph.mon.smithi146.smithi146.stdout:Apr 01 18:00:27 smithi146 ceph-mon[29328]: [01/Apr/2024:18:00:26] ENGINE Bus STARTING
2024-04-01T18:00:28.288 INFO:journalctl@ceph.mon.smithi146.smithi146.stdout:Apr 01 18:00:27 smithi146 ceph-mon[29328]: [01/Apr/2024:18:00:26] ENGINE Serving on https://172.21.15.146:7150
2024-04-01T18:00:28.288 INFO:journalctl@ceph.mon.smithi146.smithi146.stdout:Apr 01 18:00:27 smithi146 ceph-mon[29328]: [01/Apr/2024:18:00:26] ENGINE Bus STARTED
2024-04-01T18:00:28.288 INFO:journalctl@ceph.mon.smithi146.smithi146.stdout:Apr 01 18:00:27 smithi146 ceph-mon[29328]: from='client.14166 -' entity='client.admin' cmd=[{"prefix": "get_command_descriptions"}]: dispatch
2024-04-01T18:00:28.288 INFO:journalctl@ceph.mon.smithi146.smithi146.stdout:Apr 01 18:00:27 smithi146 ceph-mon[29328]: from='client.14166 -' entity='client.admin' cmd=[{"prefix": "mgr_status"}]: dispatch
2024-04-01T18:00:28.298 INFO:teuthology.orchestra.run.smithi146.stdout:/usr/bin/ceph: stdout {
2024-04-01T18:00:28.299 INFO:teuthology.orchestra.run.smithi146.stdout:/usr/bin/ceph: stdout "mgrmap_epoch": 11,
2024-04-01T18:00:28.299 INFO:teuthology.orchestra.run.smithi146.stdout:/usr/bin/ceph: stdout "initialized": true
2024-04-01T18:00:28.299 INFO:teuthology.orchestra.run.smithi146.stdout:/usr/bin/ceph: stdout }
2024-04-01T18:00:28.300 INFO:teuthology.orchestra.run.smithi146.stdout:/usr/bin/ceph: stderr
2024-04-01T18:00:20.685+0000 7fa3f4200700 1 Processor -- start
2024-04-01T18:00:28.300 INFO:teuthology.orchestra.run.smithi146.stdout:/usr/bin/ceph: stderr
2024-04-01T18:00:20.685+0000 7fa3f4200700 1 -- start start
2024-04-01T18:00:28.300 INFO:teuthology.orchestra.run.smithi146.stdout:/usr/bin/ceph: stderr
2024-04-01T18:00:20.686+0000 7fa3f4200700 1 --2- >> [v2:172.21.15.146:3300/0,v1:172.21.15.146:6789/0] conn(0x7fa3ec0711d0 0x7fa3ec1055c0 unknown :-1 s=NONE pgs=0 cs=0 l=0 rev1=0 crypto rx=0 tx=0 comp rx=0 tx=0).connect
2024-04-01T18:00:28.300 INFO:teuthology.orchestra.run.smithi146.stdout:/usr/bin/ceph: stderr
2024-04-01T18:00:20.686+0000 7fa3f4200700 1 -- --> [v2:172.21.15.146:3300/0,v1:172.21.15.146:6789/0] -- mon_getmap magic: 0 v1 -- 0x7fa3ec0715e0 con 0x7fa3ec0711d0
2024-04-01T18:00:28.300 INFO:teuthology.orchestra.run.smithi146.stdout:/usr/bin/ceph: stderr
2024-04-01T18:00:20.686+0000 7fa3f1800700 1 --2- >> [v2:172.21.15.146:3300/0,v1:172.21.15.146:6789/0] conn(0x7fa3ec0711d0 0x7fa3ec1055c0 unknown :-1 s=BANNER_CONNECTING pgs=0 cs=0 l=0 rev1=0 crypto rx=0 tx=0 comp rx=0 tx=0)._handle_peer_banner_payload supported=3 required=0
2024-04-01T18:00:28.302 INFO:teuthology.orchestra.run.smithi146.stdout:/usr/bin/ceph: stderr
2024-04-01T18:00:20.686+0000 7fa3f1800700 1 --2- >> [v2:172.21.15.146:3300/0,v1:172.21.15.146:6789/0] conn(0x7fa3ec0711d0 0x7fa3ec1055c0 unknown :-1 s=HELLO_CONNECTING pgs=0 cs=0 l=0 rev1=1 crypto rx=0 tx=0 comp rx=0 tx=0).handle_hello peer v2:172.21.15.146:3300/0 says I am v2:172.21.15.146:54876/0 (socket says 172.21.15.146:54876)
2024-04-01T18:00:28.302 INFO:teuthology.orchestra.run.smithi146.stdout:/usr/bin/ceph: stderr
2024-04-01T18:00:20.686+0000 7fa3f1800700 1 -- 172.21.15.146:0/4257044578 learned_addr learned my addr 172.21.15.146:0/4257044578 (peer_addr_for_me v2:172.21.15.146:0/0)
2024-04-01T18:00:28.302 INFO:teuthology.orchestra.run.smithi146.stdout:/usr/bin/ceph: stderr
2024-04-01T18:00:20.687+0000 7fa3f1800700 1 -- 172.21.15.146:0/4257044578 --> [v2:172.21.15.146:3300/0,v1:172.21.15.146:6789/0] -- mon_subscribe({config=0+,monmap=0+}) v3 -- 0x7fa3ec105b00 con 0x7fa3ec0711d0
2024-04-01T18:00:28.302 INFO:teuthology.orchestra.run.smithi146.stdout:/usr/bin/ceph: stderr
2024-04-01T18:00:20.687+0000 7fa3f1800700 1 --2- 172.21.15.146:0/4257044578 >> [v2:172.21.15.146:3300/0,v1:172.21.15.146:6789/0] conn(0x7fa3ec0711d0 0x7fa3ec1055c0 secure :-1 s=READY pgs=71 cs=0 l=1 rev1=1 crypto rx=0x7fa3e00098e0 tx=0x7fa3e0009250 comp rx=0 tx=0).ready entity=mon.0 client_cookie=91c5bcffd2e20312 server_cookie=0 in_seq=0 out_seq=0
2024-04-01T18:00:28.302 INFO:teuthology.orchestra.run.smithi146.stdout:/usr/bin/ceph: stderr
2024-04-01T18:00:20.687+0000 7fa3ebe00700 1 -- 172.21.15.146:0/4257044578 <== mon.0 v2:172.21.15.146:3300/0 1 ==== mon_map magic: 0 v1 ==== 229+0+0 (secure 0 0 0) 0x7fa3e000b860 con 0x7fa3ec0711d0
2024-04-01T18:00:28.302 INFO:teuthology.orchestra.run.smithi146.stdout:/usr/bin/ceph: stderr
2024-04-01T18:00:20.687+0000 7fa3ebe00700 1 -- 172.21.15.146:0/4257044578 <== mon.0 v2:172.21.15.146:3300/0 2 ==== config(27 keys) v1 ==== 1109+0+0 (secure 0 0 0) 0x7fa3e000be90 con 0x7fa3ec0711d0
2024-04-01T18:00:28.302 INFO:teuthology.orchestra.run.smithi146.stdout:/usr/bin/ceph: stderr
2024-04-01T18:00:20.687+0000 7fa3ebe00700 1 -- 172.21.15.146:0/4257044578 <== mon.0 v2:172.21.15.146:3300/0 3 ==== mon_map magic: 0 v1 ==== 229+0+0 (secure 0 0 0) 0x7fa3e00103c0 con 0x7fa3ec0711d0
2024-04-01T18:00:28.302 INFO:teuthology.orchestra.run.smithi146.stdout:/usr/bin/ceph: stderr
2024-04-01T18:00:20.688+0000 7fa3f4200700 1 -- 172.21.15.146:0/4257044578 >> [v2:172.21.15.146:3300/0,v1:172.21.15.146:6789/0] conn(0x7fa3ec0711d0 msgr2=0x7fa3ec1055c0 secure :-1 s=STATE_CONNECTION_ESTABLISHED l=1).mark_down
2024-04-01T18:00:28.302 INFO:teuthology.orchestra.run.smithi146.stdout:/usr/bin/ceph: stderr
2024-04-01T18:00:20.688+0000 7fa3f4200700 1 --2- 172.21.15.146:0/4257044578 >> [v2:172.21.15.146:3300/0,v1:172.21.15.146:6789/0] conn(0x7fa3ec0711d0 0x7fa3ec1055c0 secure :-1 s=READY pgs=71 cs=0 l=1 rev1=1 crypto rx=0x7fa3e00098e0 tx=0x7fa3e0009250 comp rx=0 tx=0).stop
2024-04-01T18:00:28.303 INFO:teuthology.orchestra.run.smithi146.stdout:/usr/bin/ceph: stderr
2024-04-01T18:00:20.689+0000 7fa3f4200700 1 -- 172.21.15.146:0/4257044578 shutdown_connections
2024-04-01T18:00:28.303 INFO:teuthology.orchestra.run.smithi146.stdout:/usr/bin/ceph: stderr
2024-04-01T18:00:20.689+0000 7fa3f4200700 1 --2- 172.21.15.146:0/4257044578 >> [v2:172.21.15.146:3300/0,v1:172.21.15.146:6789/0] conn(0x7fa3ec0711d0 0x7fa3ec1055c0 unknown :-1 s=CLOSED pgs=71 cs=0 l=1 rev1=1 crypto rx=0 tx=0 comp rx=0 tx=0).stop
2024-04-01T18:00:28.303 INFO:teuthology.orchestra.run.smithi146.stdout:/usr/bin/ceph: stderr
2024-04-01T18:00:20.689+0000 7fa3f4200700 1 -- 172.21.15.146:0/4257044578 >> 172.21.15.146:0/4257044578 conn(0x7fa3ec0fcfb0 msgr2=0x7fa3ec0ff3c0 unknown :-1 s=STATE_NONE l=0).mark_down
2024-04-01T18:00:28.303 INFO:teuthology.orchestra.run.smithi146.stdout:/usr/bin/ceph: stderr
2024-04-01T18:00:20.689+0000 7fa3f4200700 1 -- 172.21.15.146:0/4257044578 shutdown_connections
2024-04-01T18:00:28.303 INFO:teuthology.orchestra.run.smithi146.stdout:/usr/bin/ceph: stderr
2024-04-01T18:00:20.689+0000 7fa3f4200700 1 -- 172.21.15.146:0/4257044578 wait complete.
2024-04-01T18:00:28.306 INFO:teuthology.orchestra.run.smithi146.stdout:/usr/bin/ceph: stderr
2024-04-01T18:00:20.690+0000 7fa3f4200700 1 Processor -- start
2024-04-01T18:00:28.306 INFO:teuthology.orchestra.run.smithi146.stdout:/usr/bin/ceph: stderr
2024-04-01T18:00:20.690+0000 7fa3f4200700 1 -- start start
2024-04-01T18:00:28.306 INFO:teuthology.orchestra.run.smithi146.stdout:/usr/bin/ceph: stderr
2024-04-01T18:00:20.691+0000 7fa3f4200700 1 --2- >> [v2:172.21.15.146:3300/0,v1:172.21.15.146:6789/0] conn(0x7fa3ec0711d0 0x7fa3ec111760 unknown :-1 s=NONE pgs=0 cs=0 l=1 rev1=0 crypto rx=0 tx=0 comp rx=0 tx=0).connect
2024-04-01T18:00:28.306 INFO:teuthology.orchestra.run.smithi146.stdout:/usr/bin/ceph: stderr
2024-04-01T18:00:20.691+0000 7fa3f4200700 1 -- --> [v2:172.21.15.146:3300/0,v1:172.21.15.146:6789/0] -- mon_getmap magic: 0 v1 -- 0x7fa3ec111ca0 con 0x7fa3ec0711d0
2024-04-01T18:00:28.306 INFO:teuthology.orchestra.run.smithi146.stdout:/usr/bin/ceph: stderr
2024-04-01T18:00:20.691+0000 7fa3f1800700 1 --2- >> [v2:172.21.15.146:3300/0,v1:172.21.15.146:6789/0] conn(0x7fa3ec0711d0 0x7fa3ec111760 unknown :-1 s=BANNER_CONNECTING pgs=0 cs=0 l=1 rev1=0 crypto rx=0 tx=0 comp rx=0 tx=0)._handle_peer_banner_payload supported=3 required=0
2024-04-01T18:00:28.306 INFO:teuthology.orchestra.run.smithi146.stdout:/usr/bin/ceph: stderr
2024-04-01T18:00:20.691+0000 7fa3f1800700 1 --2- >> [v2:172.21.15.146:3300/0,v1:172.21.15.146:6789/0] conn(0x7fa3ec0711d0 0x7fa3ec111760 unknown :-1 s=HELLO_CONNECTING pgs=0 cs=0 l=1 rev1=1 crypto rx=0 tx=0 comp rx=0 tx=0).handle_hello peer v2:172.21.15.146:3300/0 says I am v2:172.21.15.146:54878/0 (socket says 172.21.15.146:54878)
2024-04-01T18:00:28.306 INFO:teuthology.orchestra.run.smithi146.stdout:/usr/bin/ceph: stderr
2024-04-01T18:00:20.691+0000 7fa3f1800700 1 -- 172.21.15.146:0/794580068 learned_addr learned my addr 172.21.15.146:0/794580068 (peer_addr_for_me v2:172.21.15.146:0/0)
2024-04-01T18:00:28.307 INFO:teuthology.orchestra.run.smithi146.stdout:/usr/bin/ceph: stderr
2024-04-01T18:00:20.692+0000 7fa3f1800700 1 -- 172.21.15.146:0/794580068 --> [v2:172.21.15.146:3300/0,v1:172.21.15.146:6789/0] -- mon_subscribe({config=0+,monmap=0+}) v3 -- 0x7fa3e00094f0 con 0x7fa3ec0711d0
2024-04-01T18:00:28.307 INFO:teuthology.orchestra.run.smithi146.stdout:/usr/bin/ceph: stderr
2024-04-01T18:00:20.692+0000 7fa3f1800700 1 --2- 172.21.15.146:0/794580068 >> [v2:172.21.15.146:3300/0,v1:172.21.15.146:6789/0] conn(0x7fa3ec0711d0 0x7fa3ec111760 secure :-1 s=READY pgs=72 cs=0 l=1 rev1=1 crypto rx=0x7fa3e00105b0 tx=0x7fa3e0009250 comp rx=0 tx=0).ready entity=mon.0 client_cookie=0 server_cookie=0 in_seq=0 out_seq=0
2024-04-01T18:00:28.307 INFO:teuthology.orchestra.run.smithi146.stdout:/usr/bin/ceph: stderr
2024-04-01T18:00:20.692+0000 7fa3e9600700 1 -- 172.21.15.146:0/794580068 <== mon.0 v2:172.21.15.146:3300/0 1 ==== mon_map magic: 0 v1 ==== 229+0+0 (secure 0 0 0) 0x7fa3e0010840 con 0x7fa3ec0711d0
2024-04-01T18:00:28.307 INFO:teuthology.orchestra.run.smithi146.stdout:/usr/bin/ceph: stderr
2024-04-01T18:00:20.692+0000 7fa3f4200700 1 -- 172.21.15.146:0/794580068 --> [v2:172.21.15.146:3300/0,v1:172.21.15.146:6789/0] -- mon_subscribe({mgrmap=0+}) v3 -- 0x7fa3ec111ea0 con 0x7fa3ec0711d0
2024-04-01T18:00:28.307 INFO:teuthology.orchestra.run.smithi146.stdout:/usr/bin/ceph: stderr
2024-04-01T18:00:20.692+0000 7fa3f4200700 1 -- 172.21.15.146:0/794580068 --> [v2:172.21.15.146:3300/0,v1:172.21.15.146:6789/0] -- mon_subscribe({osdmap=0}) v3 -- 0x7fa3ec112a10 con 0x7fa3ec0711d0
2024-04-01T18:00:28.307 INFO:teuthology.orchestra.run.smithi146.stdout:/usr/bin/ceph: stderr
2024-04-01T18:00:20.692+0000 7fa3e9600700 1 -- 172.21.15.146:0/794580068 <== mon.0 v2:172.21.15.146:3300/0 2 ==== config(27 keys) v1 ==== 1109+0+0 (secure 0 0 0) 0x7fa3e0010e70 con 0x7fa3ec0711d0
2024-04-01T18:00:28.307 INFO:teuthology.orchestra.run.smithi146.stdout:/usr/bin/ceph: stderr
2024-04-01T18:00:20.692+0000 7fa3e9600700 1 -- 172.21.15.146:0/794580068 <== mon.0 v2:172.21.15.146:3300/0 3 ==== mon_map magic: 0 v1 ==== 229+0+0 (secure 0 0 0) 0x7fa3e001ac80 con 0x7fa3ec0711d0
2024-04-01T18:00:28.307 INFO:teuthology.orchestra.run.smithi146.stdout:/usr/bin/ceph: stderr
2024-04-01T18:00:20.694+0000 7fa3e9600700 1 -- 172.21.15.146:0/794580068 <== mon.0 v2:172.21.15.146:3300/0 4 ==== mgrmap(e 9) v1 ==== 43381+0+0 (secure 0 0 0) 0x7fa3e002d3f0 con 0x7fa3ec0711d0
2024-04-01T18:00:28.307 INFO:teuthology.orchestra.run.smithi146.stdout:/usr/bin/ceph: stderr
2024-04-01T18:00:20.694+0000 7fa3e9600700 1 --2- 172.21.15.146:0/794580068 >> [v2:172.21.15.146:6800/3771827799,v1:172.21.15.146:6801/3771827799] conn(0x7fa3d40367e0 0x7fa3d4038c90 unknown :-1 s=NONE pgs=0 cs=0 l=1 rev1=0 crypto rx=0 tx=0 comp rx=0 tx=0).connect
2024-04-01T18:00:28.307 INFO:teuthology.orchestra.run.smithi146.stdout:/usr/bin/ceph: stderr
2024-04-01T18:00:20.694+0000 7fa3e9600700 1 -- 172.21.15.146:0/794580068 --> [v2:172.21.15.146:6800/3771827799,v1:172.21.15.146:6801/3771827799] -- command(tid 0: {"prefix": "get_command_descriptions"}) v1 -- 0x7fa3d40393a0 con 0x7fa3d40367e0
2024-04-01T18:00:28.307 INFO:teuthology.orchestra.run.smithi146.stdout:/usr/bin/ceph: stderr
2024-04-01T18:00:20.694+0000 7fa3e9600700 1 -- 172.21.15.146:0/794580068 <== mon.0 v2:172.21.15.146:3300/0 5 ==== osd_map(2..2 src has 1..2) v4 ==== 936+0+0 (secure 0 0 0) 0x7fa3e004a360 con 0x7fa3ec0711d0
2024-04-01T18:00:28.307 INFO:teuthology.orchestra.run.smithi146.stdout:/usr/bin/ceph: stderr
2024-04-01T18:00:20.694+0000 7fa3f0e00700 1 -- 172.21.15.146:0/794580068 >> [v2:172.21.15.146:6800/3771827799,v1:172.21.15.146:6801/3771827799] conn(0x7fa3d40367e0 msgr2=0x7fa3d4038c90 unknown :-1 s=STATE_CONNECTING_RE l=1).process reconnect failed to v2:172.21.15.146:6800/3771827799
2024-04-01T18:00:28.307 INFO:teuthology.orchestra.run.smithi146.stdout:/usr/bin/ceph: stderr
2024-04-01T18:00:20.694+0000 7fa3f0e00700 1 --2- 172.21.15.146:0/794580068 >> [v2:172.21.15.146:6800/3771827799,v1:172.21.15.146:6801/3771827799] conn(0x7fa3d40367e0 0x7fa3d4038c90 unknown :-1 s=START_CONNECT pgs=0 cs=0 l=1 rev1=0 crypto rx=0 tx=0 comp rx=0 tx=0)._fault waiting 0.200000
2024-04-01T18:00:28.307 INFO:teuthology.orchestra.run.smithi146.stdout:/usr/bin/ceph: stderr
2024-04-01T18:00:20.895+0000 7fa3f0e00700 1 -- 172.21.15.146:0/794580068 >> [v2:172.21.15.146:6800/3771827799,v1:172.21.15.146:6801/3771827799] conn(0x7fa3d40367e0 msgr2=0x7fa3d4038c90 unknown :-1 s=STATE_CONNECTING_RE l=1).process reconnect failed to v2:172.21.15.146:6800/3771827799
2024-04-01T18:00:28.307 INFO:teuthology.orchestra.run.smithi146.stdout:/usr/bin/ceph: stderr
2024-04-01T18:00:20.895+0000 7fa3f0e00700 1 --2- 172.21.15.146:0/794580068 >> [v2:172.21.15.146:6800/3771827799,v1:172.21.15.146:6801/3771827799] conn(0x7fa3d40367e0 0x7fa3d4038c90 unknown :-1 s=START_CONNECT pgs=0 cs=0 l=1 rev1=0 crypto rx=0 tx=0 comp rx=0 tx=0)._fault waiting 0.400000
2024-04-01T18:00:28.307 INFO:teuthology.orchestra.run.smithi146.stdout:/usr/bin/ceph: stderr
2024-04-01T18:00:21.296+0000 7fa3f0e00700 1 -- 172.21.15.146:0/794580068 >> [v2:172.21.15.146:6800/3771827799,v1:172.21.15.146:6801/3771827799] conn(0x7fa3d40367e0 msgr2=0x7fa3d4038c90 unknown :-1 s=STATE_CONNECTING_RE l=1).process reconnect failed to v2:172.21.15.146:6800/3771827799
2024-04-01T18:00:28.308 INFO:teuthology.orchestra.run.smithi146.stdout:/usr/bin/ceph: stderr
2024-04-01T18:00:21.296+0000 7fa3f0e00700 1 --2- 172.21.15.146:0/794580068 >> [v2:172.21.15.146:6800/3771827799,v1:172.21.15.146:6801/3771827799] conn(0x7fa3d40367e0 0x7fa3d4038c90 unknown :-1 s=START_CONNECT pgs=0 cs=0 l=1 rev1=0 crypto rx=0 tx=0 comp rx=0 tx=0)._fault waiting 0.800000
2024-04-01T18:00:28.308 INFO:teuthology.orchestra.run.smithi146.stdout:/usr/bin/ceph: stderr
2024-04-01T18:00:22.096+0000 7fa3f0e00700 1 -- 172.21.15.146:0/794580068 >> [v2:172.21.15.146:6800/3771827799,v1:172.21.15.146:6801/3771827799] conn(0x7fa3d40367e0 msgr2=0x7fa3d4038c90 unknown :-1 s=STATE_CONNECTING_RE l=1).process reconnect failed to v2:172.21.15.146:6800/3771827799
2024-04-01T18:00:28.308 INFO:teuthology.orchestra.run.smithi146.stdout:/usr/bin/ceph: stderr
2024-04-01T18:00:22.096+0000 7fa3f0e00700 1 --2- 172.21.15.146:0/794580068 >> [v2:172.21.15.146:6800/3771827799,v1:172.21.15.146:6801/3771827799] conn(0x7fa3d40367e0 0x7fa3d4038c90 unknown :-1 s=START_CONNECT pgs=0 cs=0 l=1 rev1=0 crypto rx=0 tx=0 comp rx=0 tx=0)._fault waiting 1.600000
2024-04-01T18:00:28.308 INFO:teuthology.orchestra.run.smithi146.stdout:/usr/bin/ceph: stderr
2024-04-01T18:00:23.698+0000 7fa3f0e00700 1 -- 172.21.15.146:0/794580068 >> [v2:172.21.15.146:6800/3771827799,v1:172.21.15.146:6801/3771827799] conn(0x7fa3d40367e0 msgr2=0x7fa3d4038c90 unknown :-1 s=STATE_CONNECTING_RE l=1).process reconnect failed to v2:172.21.15.146:6800/3771827799
2024-04-01T18:00:28.308 INFO:teuthology.orchestra.run.smithi146.stdout:/usr/bin/ceph: stderr
2024-04-01T18:00:23.698+0000 7fa3f0e00700 1 --2- 172.21.15.146:0/794580068 >> [v2:172.21.15.146:6800/3771827799,v1:172.21.15.146:6801/3771827799] conn(0x7fa3d40367e0 0x7fa3d4038c90 unknown :-1 s=START_CONNECT pgs=0 cs=0 l=1 rev1=0 crypto rx=0 tx=0 comp rx=0 tx=0)._fault waiting 3.200000
2024-04-01T18:00:28.308 INFO:teuthology.orchestra.run.smithi146.stdout:/usr/bin/ceph: stderr
2024-04-01T18:00:25.901+0000 7fa3e9600700 1 -- 172.21.15.146:0/794580068 <== mon.0 v2:172.21.15.146:3300/0 6 ==== mgrmap(e 10) v1 ==== 43148+0+0 (secure 0 0 0) 0x7fa3e00193c0 con 0x7fa3ec0711d0
2024-04-01T18:00:28.308 INFO:teuthology.orchestra.run.smithi146.stdout:/usr/bin/ceph: stderr
2024-04-01T18:00:25.901+0000 7fa3e9600700 1 -- 172.21.15.146:0/794580068 >> [v2:172.21.15.146:6800/3771827799,v1:172.21.15.146:6801/3771827799] conn(0x7fa3d40367e0 msgr2=0x7fa3d4038c90 unknown :-1 s=STATE_CONNECTING l=1).mark_down
2024-04-01T18:00:28.308 INFO:teuthology.orchestra.run.smithi146.stdout:/usr/bin/ceph: stderr
2024-04-01T18:00:25.901+0000 7fa3e9600700 1 --2- 172.21.15.146:0/794580068 >> [v2:172.21.15.146:6800/3771827799,v1:172.21.15.146:6801/3771827799] conn(0x7fa3d40367e0 0x7fa3d4038c90 unknown :-1 s=START_CONNECT pgs=0 cs=0 l=1 rev1=0 crypto rx=0 tx=0 comp rx=0 tx=0).stop
2024-04-01T18:00:28.308 INFO:teuthology.orchestra.run.smithi146.stdout:/usr/bin/ceph: stderr
2024-04-01T18:00:26.903+0000 7fa3e9600700 1 -- 172.21.15.146:0/794580068 <== mon.0 v2:172.21.15.146:3300/0 7 ==== mgrmap(e 11) v1 ==== 43275+0+0 (secure 0 0 0) 0x7fa3e002db10 con 0x7fa3ec0711d0
2024-04-01T18:00:28.308 INFO:teuthology.orchestra.run.smithi146.stdout:/usr/bin/ceph: stderr
2024-04-01T18:00:26.904+0000 7fa3e9600700 1 --2- 172.21.15.146:0/794580068 >> [v2:172.21.15.146:6800/1849662609,v1:172.21.15.146:6801/1849662609] conn(0x7fa3d403a070 0x7fa3d403c450 unknown :-1 s=NONE pgs=0 cs=0 l=1 rev1=0 crypto rx=0 tx=0 comp rx=0 tx=0).connect
2024-04-01T18:00:28.310 INFO:teuthology.orchestra.run.smithi146.stdout:/usr/bin/ceph: stderr
2024-04-01T18:00:26.904+0000 7fa3e9600700 1 -- 172.21.15.146:0/794580068 --> [v2:172.21.15.146:6800/1849662609,v1:172.21.15.146:6801/1849662609] -- command(tid 0: {"prefix": "get_command_descriptions"}) v1 -- 0x7fa3d40393a0 con 0x7fa3d403a070
2024-04-01T18:00:28.310 INFO:teuthology.orchestra.run.smithi146.stdout:/usr/bin/ceph: stderr
2024-04-01T18:00:26.905+0000 7fa3f0e00700 1 --2- 172.21.15.146:0/794580068 >> [v2:172.21.15.146:6800/1849662609,v1:172.21.15.146:6801/1849662609] conn(0x7fa3d403a070 0x7fa3d403c450 unknown :-1 s=BANNER_CONNECTING pgs=0 cs=0 l=1 rev1=0 crypto rx=0 tx=0 comp rx=0 tx=0)._handle_peer_banner_payload supported=3 required=0
2024-04-01T18:00:28.310 INFO:teuthology.orchestra.run.smithi146.stdout:/usr/bin/ceph: stderr
2024-04-01T18:00:26.909+0000 7fa3f0e00700 1 --2- 172.21.15.146:0/794580068 >> [v2:172.21.15.146:6800/1849662609,v1:172.21.15.146:6801/1849662609] conn(0x7fa3d403a070 0x7fa3d403c450 secure :-1 s=READY pgs=1 cs=0 l=1 rev1=1 crypto rx=0x7fa3d80039d0 tx=0x7fa3d80092f0 comp rx=0 tx=0).ready entity=mgr.14162 client_cookie=0 server_cookie=0 in_seq=0 out_seq=0
2024-04-01T18:00:28.310 INFO:teuthology.orchestra.run.smithi146.stdout:/usr/bin/ceph: stderr
2024-04-01T18:00:26.911+0000 7fa3e9600700 1 -- 172.21.15.146:0/794580068 <== mgr.14162 v2:172.21.15.146:6800/1849662609 1 ==== command_reply(tid 0: 0 ) v1 ==== 8+0+6549 (secure 0 0 0) 0x7fa3d40393a0 con 0x7fa3d403a070
2024-04-01T18:00:28.310 INFO:teuthology.orchestra.run.smithi146.stdout:/usr/bin/ceph: stderr
2024-04-01T18:00:26.918+0000 7fa3f4200700 1 -- 172.21.15.146:0/794580068 --> [v2:172.21.15.146:6800/1849662609,v1:172.21.15.146:6801/1849662609] -- command(tid 1: {"prefix": "mgr_status"}) v1 -- 0x7fa3cc0025f0 con 0x7fa3d403a070
2024-04-01T18:00:28.310 INFO:teuthology.orchestra.run.smithi146.stdout:/usr/bin/ceph: stderr
2024-04-01T18:00:26.919+0000 7fa3e9600700 1 -- 172.21.15.146:0/794580068 <== mgr.14162 v2:172.21.15.146:6800/1849662609 2 ==== command_reply(tid 1: 0 ) v1 ==== 8+0+52 (secure 0 0 0) 0x7fa3cc0025f0 con 0x7fa3d403a070
2024-04-01T18:00:28.310 INFO:teuthology.orchestra.run.smithi146.stdout:/usr/bin/ceph: stderr
2024-04-01T18:00:26.919+0000 7fa3f4200700 1 -- 172.21.15.146:0/794580068 >> [v2:172.21.15.146:6800/1849662609,v1:172.21.15.146:6801/1849662609] conn(0x7fa3d403a070 msgr2=0x7fa3d403c450 secure :-1 s=STATE_CONNECTION_ESTABLISHED l=1).mark_down
2024-04-01T18:00:28.310 INFO:teuthology.orchestra.run.smithi146.stdout:/usr/bin/ceph: stderr
2024-04-01T18:00:26.919+0000 7fa3f4200700 1 --2- 172.21.15.146:0/794580068 >> [v2:172.21.15.146:6800/1849662609,v1:172.21.15.146:6801/1849662609] conn(0x7fa3d403a070 0x7fa3d403c450 secure :-1 s=READY pgs=1 cs=0 l=1 rev1=1 crypto rx=0x7fa3d80039d0 tx=0x7fa3d80092f0 comp rx=0 tx=0).stop
2024-04-01T18:00:28.310 INFO:teuthology.orchestra.run.smithi146.stdout:/usr/bin/ceph: stderr
2024-04-01T18:00:26.919+0000 7fa3f4200700 1 -- 172.21.15.146:0/794580068 >> [v2:172.21.15.146:3300/0,v1:172.21.15.146:6789/0] conn(0x7fa3ec0711d0 msgr2=0x7fa3ec111760 secure :-1 s=STATE_CONNECTION_ESTABLISHED l=1).mark_down
2024-04-01T18:00:28.311 INFO:teuthology.orchestra.run.smithi146.stdout:/usr/bin/ceph: stderr
2024-04-01T18:00:26.919+0000 7fa3f4200700 1 --2- 172.21.15.146:0/794580068 >> [v2:172.21.15.146:3300/0,v1:172.21.15.146:6789/0] conn(0x7fa3ec0711d0 0x7fa3ec111760 secure :-1 s=READY pgs=72 cs=0 l=1 rev1=1 crypto rx=0x7fa3e00105b0 tx=0x7fa3e0009250 comp rx=0 tx=0).stop
2024-04-01T18:00:28.311 INFO:teuthology.orchestra.run.smithi146.stdout:/usr/bin/ceph: stderr
2024-04-01T18:00:26.920+0000 7fa3f4200700 1 -- 172.21.15.146:0/794580068 shutdown_connections
2024-04-01T18:00:28.311 INFO:teuthology.orchestra.run.smithi146.stdout:/usr/bin/ceph: stderr
2024-04-01T18:00:26.920+0000 7fa3f4200700 1 --2- 172.21.15.146:0/794580068 >> [v2:172.21.15.146:6800/1849662609,v1:172.21.15.146:6801/1849662609] conn(0x7fa3d403a070 0x7fa3d403c450 unknown :-1 s=CLOSED pgs=1 cs=0 l=1 rev1=1 crypto rx=0 tx=0 comp rx=0 tx=0).stop
2024-04-01T18:00:28.311 INFO:teuthology.orchestra.run.smithi146.stdout:/usr/bin/ceph: stderr
2024-04-01T18:00:26.920+0000 7fa3f4200700 1 --2- 172.21.15.146:0/794580068 >> [v2:172.21.15.146:3300/0,v1:172.21.15.146:6789/0] conn(0x7fa3ec0711d0 0x7fa3ec111760 unknown :-1 s=CLOSED pgs=72 cs=0 l=1 rev1=1 crypto rx=0 tx=0 comp rx=0 tx=0).stop
2024-04-01T18:00:28.311 INFO:teuthology.orchestra.run.smithi146.stdout:/usr/bin/ceph: stderr
2024-04-01T18:00:26.920+0000 7fa3f4200700 1 --2- 172.21.15.146:0/794580068 >> [v2:172.21.15.146:6800/3771827799,v1:172.21.15.146:6801/3771827799] conn(0x7fa3d40367e0 0x7fa3d4038c90 unknown :-1 s=CLOSED pgs=0 cs=0 l=1 rev1=0 crypto rx=0 tx=0 comp rx=0 tx=0).stop
2024-04-01T18:00:28.311 INFO:teuthology.orchestra.run.smithi146.stdout:/usr/bin/ceph: stderr
2024-04-01T18:00:26.920+0000 7fa3f4200700 1 -- 172.21.15.146:0/794580068 >> 172.21.15.146:0/794580068 conn(0x7fa3ec0fcfb0 msgr2=0x7fa3ec0fdc10 unknown :-1 s=STATE_NONE l=0).mark_down
2024-04-01T18:00:28.311 INFO:teuthology.orchestra.run.smithi146.stdout:/usr/bin/ceph: stderr
2024-04-01T18:00:26.920+0000 7fa3f4200700 1 -- 172.21.15.146:0/794580068 shutdown_connections
2024-04-01T18:00:28.311 INFO:teuthology.orchestra.run.smithi146.stdout:/usr/bin/ceph: stderr
2024-04-01T18:00:26.920+0000 7fa3f4200700 1 -- 172.21.15.146:0/794580068 wait complete.
2024-04-01T18:00:28.311 INFO:teuthology.orchestra.run.smithi146.stdout:mgr epoch 9 is available
2024-04-01T18:00:28.311 INFO:teuthology.orchestra.run.smithi146.stdout:Generating a dashboard self-signed certificate...
2024-04-01T18:00:29.222 INFO:journalctl@ceph.mon.smithi146.smithi146.stdout:Apr 01 18:00:28 smithi146 ceph-mon[29328]: mgrmap e12: smithi146.jrqesu(active, since 2s)
2024-04-01T18:00:29.222 INFO:journalctl@ceph.mon.smithi146.smithi146.stdout:Apr 01 18:00:28 smithi146 ceph-mon[29328]: from='mgr.14162 172.21.15.146:0/3459565443' entity='mgr.smithi146.jrqesu'
2024-04-01T18:00:30.261 INFO:teuthology.orchestra.run.smithi146.stdout:/usr/bin/ceph: stdout Self-signed certificate created
2024-04-01T18:00:30.261 INFO:teuthology.orchestra.run.smithi146.stdout:/usr/bin/ceph: stderr
2024-04-01T18:00:28.990+0000 7f7976a00700 1 Processor -- start
2024-04-01T18:00:30.261 INFO:teuthology.orchestra.run.smithi146.stdout:/usr/bin/ceph: stderr
2024-04-01T18:00:28.990+0000 7f7976a00700 1 -- start start
2024-04-01T18:00:30.261 INFO:teuthology.orchestra.run.smithi146.stdout:/usr/bin/ceph: stderr
2024-04-01T18:00:28.990+0000 7f7976a00700 1 --2- >> [v2:172.21.15.146:3300/0,v1:172.21.15.146:6789/0] conn(0x7f7970101830 0x7f7970101c40 unknown :-1 s=NONE pgs=0 cs=0 l=0 rev1=0 crypto rx=0 tx=0 comp rx=0 tx=0).connect
2024-04-01T18:00:30.261 INFO:teuthology.orchestra.run.smithi146.stdout:/usr/bin/ceph: stderr
2024-04-01T18:00:28.990+0000 7f7976a00700 1 -- --> [v2:172.21.15.146:3300/0,v1:172.21.15.146:6789/0] -- mon_getmap magic: 0 v1 -- 0x7f7970102180 con 0x7f7970101830
2024-04-01T18:00:30.262 INFO:teuthology.orchestra.run.smithi146.stdout:/usr/bin/ceph: stderr
2024-04-01T18:00:28.991+0000 7f796fe00700 1 --2- >> [v2:172.21.15.146:3300/0,v1:172.21.15.146:6789/0] conn(0x7f7970101830 0x7f7970101c40 unknown :-1 s=BANNER_CONNECTING pgs=0 cs=0 l=0 rev1=0 crypto rx=0 tx=0 comp rx=0 tx=0)._handle_peer_banner_payload supported=3 required=0
2024-04-01T18:00:30.262 INFO:teuthology.orchestra.run.smithi146.stdout:/usr/bin/ceph: stderr
2024-04-01T18:00:28.991+0000 7f796fe00700 1 --2- >> [v2:172.21.15.146:3300/0,v1:172.21.15.146:6789/0] conn(0x7f7970101830 0x7f7970101c40 unknown :-1 s=HELLO_CONNECTING pgs=0 cs=0 l=0 rev1=1 crypto rx=0 tx=0 comp rx=0 tx=0).handle_hello peer v2:172.21.15.146:3300/0 says I am v2:172.21.15.146:48118/0 (socket says 172.21.15.146:48118)
2024-04-01T18:00:30.262 INFO:teuthology.orchestra.run.smithi146.stdout:/usr/bin/ceph: stderr
2024-04-01T18:00:28.991+0000 7f796fe00700 1 -- 172.21.15.146:0/232928538 learned_addr learned my addr 172.21.15.146:0/232928538 (peer_addr_for_me v2:172.21.15.146:0/0)
2024-04-01T18:00:30.262 INFO:teuthology.orchestra.run.smithi146.stdout:/usr/bin/ceph: stderr
2024-04-01T18:00:28.991+0000 7f796fe00700 1 -- 172.21.15.146:0/232928538 --> [v2:172.21.15.146:3300/0,v1:172.21.15.146:6789/0] -- mon_subscribe({config=0+,monmap=0+}) v3 -- 0x7f79701022c0 con 0x7f7970101830
2024-04-01T18:00:30.262 INFO:teuthology.orchestra.run.smithi146.stdout:/usr/bin/ceph: stderr
2024-04-01T18:00:28.991+0000 7f796fe00700 1 --2- 172.21.15.146:0/232928538 >> [v2:172.21.15.146:3300/0,v1:172.21.15.146:6789/0] conn(0x7f7970101830 0x7f7970101c40 secure :-1 s=READY pgs=80 cs=0 l=1 rev1=1 crypto rx=0x7f79600098e0 tx=0x7f7960009250 comp rx=0 tx=0).ready entity=mon.0 client_cookie=8a951b4bdc1421aa server_cookie=0 in_seq=0 out_seq=0
2024-04-01T18:00:30.262 INFO:teuthology.orchestra.run.smithi146.stdout:/usr/bin/ceph: stderr
2024-04-01T18:00:28.992+0000 7f796ea00700 1 -- 172.21.15.146:0/232928538 <== mon.0 v2:172.21.15.146:3300/0 1 ==== mon_map magic: 0 v1 ==== 229+0+0 (secure 0 0 0) 0x7f796000b860 con 0x7f7970101830
2024-04-01T18:00:30.262 INFO:teuthology.orchestra.run.smithi146.stdout:/usr/bin/ceph: stderr
2024-04-01T18:00:28.992+0000 7f796ea00700 1 -- 172.21.15.146:0/232928538 <== mon.0 v2:172.21.15.146:3300/0 2 ==== config(27 keys) v1 ==== 1109+0+0 (secure 0 0 0) 0x7f796000be90 con 0x7f7970101830
2024-04-01T18:00:30.262 INFO:teuthology.orchestra.run.smithi146.stdout:/usr/bin/ceph: stderr
2024-04-01T18:00:28.992+0000 7f796ea00700 1 -- 172.21.15.146:0/232928538 <== mon.0 v2:172.21.15.146:3300/0 3 ==== mon_map magic: 0 v1 ==== 229+0+0 (secure 0 0 0) 0x7f79600103c0 con 0x7f7970101830
2024-04-01T18:00:30.262 INFO:teuthology.orchestra.run.smithi146.stdout:/usr/bin/ceph: stderr
2024-04-01T18:00:28.992+0000 7f7976a00700 1 -- 172.21.15.146:0/232928538 >> [v2:172.21.15.146:3300/0,v1:172.21.15.146:6789/0] conn(0x7f7970101830 msgr2=0x7f7970101c40 secure :-1 s=STATE_CONNECTION_ESTABLISHED l=1).mark_down
2024-04-01T18:00:30.262 INFO:teuthology.orchestra.run.smithi146.stdout:/usr/bin/ceph: stderr
2024-04-01T18:00:28.992+0000 7f7976a00700 1 --2- 172.21.15.146:0/232928538 >> [v2:172.21.15.146:3300/0,v1:172.21.15.146:6789/0] conn(0x7f7970101830 0x7f7970101c40 secure :-1 s=READY pgs=80 cs=0 l=1 rev1=1 crypto rx=0x7f79600098e0 tx=0x7f7960009250 comp rx=0 tx=0).stop
2024-04-01T18:00:30.262 INFO:teuthology.orchestra.run.smithi146.stdout:/usr/bin/ceph: stderr
2024-04-01T18:00:28.993+0000 7f7976a00700 1 -- 172.21.15.146:0/232928538 shutdown_connections
2024-04-01T18:00:30.262 INFO:teuthology.orchestra.run.smithi146.stdout:/usr/bin/ceph: stderr
2024-04-01T18:00:28.993+0000 7f7976a00700 1 --2- 172.21.15.146:0/232928538 >> [v2:172.21.15.146:3300/0,v1:172.21.15.146:6789/0] conn(0x7f7970101830 0x7f7970101c40 unknown :-1 s=CLOSED pgs=80 cs=0 l=1 rev1=1 crypto rx=0 tx=0 comp rx=0 tx=0).stop
2024-04-01T18:00:30.262 INFO:teuthology.orchestra.run.smithi146.stdout:/usr/bin/ceph: stderr
2024-04-01T18:00:28.993+0000 7f7976a00700 1 -- 172.21.15.146:0/232928538 >> 172.21.15.146:0/232928538 conn(0x7f79700fcfb0 msgr2=0x7f79700ff3c0 unknown :-1 s=STATE_NONE l=0).mark_down
2024-04-01T18:00:30.262 INFO:teuthology.orchestra.run.smithi146.stdout:/usr/bin/ceph: stderr
