2024-04-01T17:59:34.322+0000 7f4711c00700 1 -- 172.21.15.146:0/651510404 --> [v2:172.21.15.146:3300/0,v1:172.21.15.146:6789/0] -- mon_subscribe({osdmap=0}) v3 -- 0x7f470c114b80 con 0x7f470c1028f0
2024-04-01T17:59:35.505 INFO:teuthology.orchestra.run.smithi146.stdout:/usr/bin/ceph: stderr
2024-04-01T17:59:34.323+0000 7f4703400700 1 -- 172.21.15.146:0/651510404 <== mon.0 v2:172.21.15.146:3300/0 4 ==== mgrmap(e 4) v1 ==== 43357+0+0 (secure 0 0 0) 0x7f46fc019070 con 0x7f470c1028f0
2024-04-01T17:59:35.505 INFO:teuthology.orchestra.run.smithi146.stdout:/usr/bin/ceph: stderr
2024-04-01T17:59:34.323+0000 7f4711c00700 1 -- 172.21.15.146:0/651510404 --> [v2:172.21.15.146:3300/0,v1:172.21.15.146:6789/0] -- mon_command({"prefix": "get_command_descriptions"} v 0) v1 -- 0x7f470c05f5f0 con 0x7f470c1028f0
2024-04-01T17:59:35.506 INFO:teuthology.orchestra.run.smithi146.stdout:/usr/bin/ceph: stderr
2024-04-01T17:59:34.324+0000 7f4703400700 1 --2- 172.21.15.146:0/651510404 >> [v2:172.21.15.146:6800/297873444,v1:172.21.15.146:6801/297873444] conn(0x7f46f0036790 0x7f46f0038c40 unknown :-1 s=NONE pgs=0 cs=0 l=1 rev1=0 crypto rx=0 tx=0 comp rx=0 tx=0).connect
2024-04-01T17:59:35.506 INFO:teuthology.orchestra.run.smithi146.stdout:/usr/bin/ceph: stderr
2024-04-01T17:59:34.324+0000 7f4703400700 1 -- 172.21.15.146:0/651510404 <== mon.0 v2:172.21.15.146:3300/0 5 ==== osd_map(1..1 src has 1..1) v4 ==== 721+0+0 (secure 0 0 0) 0x7f46fc049ce0 con 0x7f470c1028f0
2024-04-01T17:59:35.506 INFO:teuthology.orchestra.run.smithi146.stdout:/usr/bin/ceph: stderr
2024-04-01T17:59:34.324+0000 7f4702000700 1 --2- 172.21.15.146:0/651510404 >> [v2:172.21.15.146:6800/297873444,v1:172.21.15.146:6801/297873444] conn(0x7f46f0036790 0x7f46f0038c40 unknown :-1 s=BANNER_CONNECTING pgs=0 cs=0 l=1 rev1=0 crypto rx=0 tx=0 comp rx=0 tx=0)._handle_peer_banner_payload supported=3 required=0
2024-04-01T17:59:35.506 INFO:teuthology.orchestra.run.smithi146.stdout:/usr/bin/ceph: stderr
2024-04-01T17:59:34.325+0000 7f4702000700 1 --2- 172.21.15.146:0/651510404 >> [v2:172.21.15.146:6800/297873444,v1:172.21.15.146:6801/297873444] conn(0x7f46f0036790 0x7f46f0038c40 secure :-1 s=READY pgs=8 cs=0 l=1 rev1=1 crypto rx=0x7f46f4009990 tx=0x7f46f4006e40 comp rx=0 tx=0).ready entity=mgr.14100 client_cookie=0 server_cookie=0 in_seq=0 out_seq=0
2024-04-01T17:59:35.506 INFO:teuthology.orchestra.run.smithi146.stdout:/usr/bin/ceph: stderr
2024-04-01T17:59:34.329+0000 7f4703400700 1 -- 172.21.15.146:0/651510404 <== mon.0 v2:172.21.15.146:3300/0 6 ==== mon_command_ack([{"prefix": "get_command_descriptions"}]=0 v0) v1 ==== 72+0+176504 (secure 0 0 0) 0x7f46fc019b10 con 0x7f470c1028f0
2024-04-01T17:59:35.506 INFO:teuthology.orchestra.run.smithi146.stdout:/usr/bin/ceph: stderr
2024-04-01T17:59:34.593+0000 7f4711c00700 1 -- 172.21.15.146:0/651510404 --> [v2:172.21.15.146:3300/0,v1:172.21.15.146:6789/0] -- mon_command({"prefix": "mgr module enable", "module": "cephadm"} v 0) v1 -- 0x7f470c114f20 con 0x7f470c1028f0
2024-04-01T17:59:35.506 INFO:teuthology.orchestra.run.smithi146.stdout:/usr/bin/ceph: stderr
2024-04-01T17:59:34.649+0000 7f4703400700 1 -- 172.21.15.146:0/651510404 <== mon.0 v2:172.21.15.146:3300/0 7 ==== mgrmap(e 5) v1 ==== 43368+0+0 (secure 0 0 0) 0x7f46fc019320 con 0x7f470c1028f0
2024-04-01T17:59:35.506 INFO:teuthology.orchestra.run.smithi146.stdout:/usr/bin/ceph: stderr
2024-04-01T17:59:34.652+0000 7f4703400700 1 -- 172.21.15.146:0/651510404 <== mon.0 v2:172.21.15.146:3300/0 8 ==== mon_command_ack([{"prefix": "mgr module enable", "module": "cephadm"}]=0 v5) v1 ==== 86+0+0 (secure 0 0 0) 0x7f46fc010d90 con 0x7f470c1028f0
2024-04-01T17:59:35.506 INFO:teuthology.orchestra.run.smithi146.stdout:/usr/bin/ceph: stderr
2024-04-01T17:59:34.655+0000 7f4711c00700 1 -- 172.21.15.146:0/651510404 >> [v2:172.21.15.146:6800/297873444,v1:172.21.15.146:6801/297873444] conn(0x7f46f0036790 msgr2=0x7f46f0038c40 secure :-1 s=STATE_CONNECTION_ESTABLISHED l=1).mark_down
2024-04-01T17:59:35.506 INFO:teuthology.orchestra.run.smithi146.stdout:/usr/bin/ceph: stderr
2024-04-01T17:59:34.655+0000 7f4711c00700 1 --2- 172.21.15.146:0/651510404 >> [v2:172.21.15.146:6800/297873444,v1:172.21.15.146:6801/297873444] conn(0x7f46f0036790 0x7f46f0038c40 secure :-1 s=READY pgs=8 cs=0 l=1 rev1=1 crypto rx=0x7f46f4009990 tx=0x7f46f4006e40 comp rx=0 tx=0).stop
2024-04-01T17:59:35.506 INFO:teuthology.orchestra.run.smithi146.stdout:/usr/bin/ceph: stderr
2024-04-01T17:59:34.655+0000 7f4711c00700 1 -- 172.21.15.146:0/651510404 >> [v2:172.21.15.146:3300/0,v1:172.21.15.146:6789/0] conn(0x7f470c1028f0 msgr2=0x7f470c1138d0 secure :-1 s=STATE_CONNECTION_ESTABLISHED l=1).mark_down
2024-04-01T17:59:35.506 INFO:teuthology.orchestra.run.smithi146.stdout:/usr/bin/ceph: stderr
2024-04-01T17:59:34.655+0000 7f4711c00700 1 --2- 172.21.15.146:0/651510404 >> [v2:172.21.15.146:3300/0,v1:172.21.15.146:6789/0] conn(0x7f470c1028f0 0x7f470c1138d0 secure :-1 s=READY pgs=23 cs=0 l=1 rev1=1 crypto rx=0x7f46fc009fd0 tx=0x7f46fc009840 comp rx=0 tx=0).stop
2024-04-01T17:59:35.506 INFO:teuthology.orchestra.run.smithi146.stdout:/usr/bin/ceph: stderr
2024-04-01T17:59:34.655+0000 7f4711c00700 1 -- 172.21.15.146:0/651510404 shutdown_connections
2024-04-01T17:59:35.506 INFO:teuthology.orchestra.run.smithi146.stdout:/usr/bin/ceph: stderr
2024-04-01T17:59:34.655+0000 7f4711c00700 1 --2- 172.21.15.146:0/651510404 >> [v2:172.21.15.146:6800/297873444,v1:172.21.15.146:6801/297873444] conn(0x7f46f0036790 0x7f46f0038c40 unknown :-1 s=CLOSED pgs=8 cs=0 l=1 rev1=1 crypto rx=0 tx=0 comp rx=0 tx=0).stop
2024-04-01T17:59:35.507 INFO:teuthology.orchestra.run.smithi146.stdout:/usr/bin/ceph: stderr
2024-04-01T17:59:34.655+0000 7f4711c00700 1 --2- 172.21.15.146:0/651510404 >> [v2:172.21.15.146:3300/0,v1:172.21.15.146:6789/0] conn(0x7f470c1028f0 0x7f470c1138d0 unknown :-1 s=CLOSED pgs=23 cs=0 l=1 rev1=1 crypto rx=0 tx=0 comp rx=0 tx=0).stop
2024-04-01T17:59:35.507 INFO:teuthology.orchestra.run.smithi146.stdout:/usr/bin/ceph: stderr
2024-04-01T17:59:34.655+0000 7f4711c00700 1 -- 172.21.15.146:0/651510404 >> 172.21.15.146:0/651510404 conn(0x7f470c0fe070 msgr2=0x7f470c0feb80 unknown :-1 s=STATE_NONE l=0).mark_down
2024-04-01T17:59:35.507 INFO:teuthology.orchestra.run.smithi146.stdout:/usr/bin/ceph: stderr
2024-04-01T17:59:34.655+0000 7f4711c00700 1 -- 172.21.15.146:0/651510404 shutdown_connections
2024-04-01T17:59:35.507 INFO:teuthology.orchestra.run.smithi146.stdout:/usr/bin/ceph: stderr
2024-04-01T17:59:34.655+0000 7f4711c00700 1 -- 172.21.15.146:0/651510404 wait complete.
2024-04-01T17:59:35.921 INFO:journalctl@ceph.mon.smithi146.smithi146.stdout:Apr 01 17:59:35 smithi146 ceph-mon[29328]: from='client.? 172.21.15.146:0/651510404' entity='client.admin' cmd='[{"prefix": "mgr module enable", "module": "cephadm"}]': finished
2024-04-01T17:59:35.921 INFO:journalctl@ceph.mon.smithi146.smithi146.stdout:Apr 01 17:59:35 smithi146 ceph-mon[29328]: mgrmap e5: smithi146.jrqesu(active, since 7s)
2024-04-01T17:59:36.921 INFO:journalctl@ceph.mon.smithi146.smithi146.stdout:Apr 01 17:59:36 smithi146 ceph-mon[29328]: from='client.? 172.21.15.146:0/3823484488' entity='client.admin' cmd=[{"prefix": "mgr stat"}]: dispatch
2024-04-01T17:59:37.222 INFO:teuthology.orchestra.run.smithi146.stdout:/usr/bin/ceph: stdout {
2024-04-01T17:59:37.223 INFO:teuthology.orchestra.run.smithi146.stdout:/usr/bin/ceph: stdout "epoch": 5,
2024-04-01T17:59:37.223 INFO:teuthology.orchestra.run.smithi146.stdout:/usr/bin/ceph: stdout "available": true,
2024-04-01T17:59:37.223 INFO:teuthology.orchestra.run.smithi146.stdout:/usr/bin/ceph: stdout "active_name": "smithi146.jrqesu",
2024-04-01T17:59:37.223 INFO:teuthology.orchestra.run.smithi146.stdout:/usr/bin/ceph: stdout "num_standby": 0
2024-04-01T17:59:37.223 INFO:teuthology.orchestra.run.smithi146.stdout:/usr/bin/ceph: stdout }
2024-04-01T17:59:37.223 INFO:teuthology.orchestra.run.smithi146.stdout:/usr/bin/ceph: stderr
2024-04-01T17:59:36.123+0000 7fae7ae00700 1 Processor -- start
2024-04-01T17:59:37.223 INFO:teuthology.orchestra.run.smithi146.stdout:/usr/bin/ceph: stderr
2024-04-01T17:59:36.124+0000 7fae7ae00700 1 -- start start
2024-04-01T17:59:37.223 INFO:teuthology.orchestra.run.smithi146.stdout:/usr/bin/ceph: stderr
2024-04-01T17:59:36.124+0000 7fae7ae00700 1 --2- >> [v2:172.21.15.146:3300/0,v1:172.21.15.146:6789/0] conn(0x7fae74077b10 0x7fae74076160 unknown :-1 s=NONE pgs=0 cs=0 l=0 rev1=0 crypto rx=0 tx=0 comp rx=0 tx=0).connect
2024-04-01T17:59:37.223 INFO:teuthology.orchestra.run.smithi146.stdout:/usr/bin/ceph: stderr
2024-04-01T17:59:36.124+0000 7fae7ae00700 1 -- --> [v2:172.21.15.146:3300/0,v1:172.21.15.146:6789/0] -- mon_getmap magic: 0 v1 -- 0x7fae74077f20 con 0x7fae74077b10
2024-04-01T17:59:37.223 INFO:teuthology.orchestra.run.smithi146.stdout:/usr/bin/ceph: stderr
2024-04-01T17:59:36.124+0000 7fae73e00700 1 --2- >> [v2:172.21.15.146:3300/0,v1:172.21.15.146:6789/0] conn(0x7fae74077b10 0x7fae74076160 unknown :-1 s=BANNER_CONNECTING pgs=0 cs=0 l=0 rev1=0 crypto rx=0 tx=0 comp rx=0 tx=0)._handle_peer_banner_payload supported=3 required=0
2024-04-01T17:59:37.223 INFO:teuthology.orchestra.run.smithi146.stdout:/usr/bin/ceph: stderr
2024-04-01T17:59:36.124+0000 7fae73e00700 1 --2- >> [v2:172.21.15.146:3300/0,v1:172.21.15.146:6789/0] conn(0x7fae74077b10 0x7fae74076160 unknown :-1 s=HELLO_CONNECTING pgs=0 cs=0 l=0 rev1=1 crypto rx=0 tx=0 comp rx=0 tx=0).handle_hello peer v2:172.21.15.146:3300/0 says I am v2:172.21.15.146:58952/0 (socket says 172.21.15.146:58952)
2024-04-01T17:59:37.223 INFO:teuthology.orchestra.run.smithi146.stdout:/usr/bin/ceph: stderr
2024-04-01T17:59:36.124+0000 7fae73e00700 1 -- 172.21.15.146:0/1338006145 learned_addr learned my addr 172.21.15.146:0/1338006145 (peer_addr_for_me v2:172.21.15.146:0/0)
2024-04-01T17:59:37.223 INFO:teuthology.orchestra.run.smithi146.stdout:/usr/bin/ceph: stderr
2024-04-01T17:59:36.125+0000 7fae73e00700 1 -- 172.21.15.146:0/1338006145 --> [v2:172.21.15.146:3300/0,v1:172.21.15.146:6789/0] -- mon_subscribe({config=0+,monmap=0+}) v3 -- 0x7fae740766a0 con 0x7fae74077b10
2024-04-01T17:59:37.223 INFO:teuthology.orchestra.run.smithi146.stdout:/usr/bin/ceph: stderr
2024-04-01T17:59:36.125+0000 7fae73e00700 1 --2- 172.21.15.146:0/1338006145 >> [v2:172.21.15.146:3300/0,v1:172.21.15.146:6789/0] conn(0x7fae74077b10 0x7fae74076160 secure :-1 s=READY pgs=26 cs=0 l=1 rev1=1 crypto rx=0x7fae640098e0 tx=0x7fae64009250 comp rx=0 tx=0).ready entity=mon.0 client_cookie=5dd1b44fede475f5 server_cookie=0 in_seq=0 out_seq=0
2024-04-01T17:59:37.223 INFO:teuthology.orchestra.run.smithi146.stdout:/usr/bin/ceph: stderr
2024-04-01T17:59:36.125+0000 7fae72a00700 1 -- 172.21.15.146:0/1338006145 <== mon.0 v2:172.21.15.146:3300/0 1 ==== mon_map magic: 0 v1 ==== 229+0+0 (secure 0 0 0) 0x7fae6400b860 con 0x7fae74077b10
2024-04-01T17:59:37.224 INFO:teuthology.orchestra.run.smithi146.stdout:/usr/bin/ceph: stderr
2024-04-01T17:59:36.125+0000 7fae72a00700 1 -- 172.21.15.146:0/1338006145 <== mon.0 v2:172.21.15.146:3300/0 2 ==== config(27 keys) v1 ==== 1044+0+0 (secure 0 0 0) 0x7fae6400be50 con 0x7fae74077b10
2024-04-01T17:59:37.224 INFO:teuthology.orchestra.run.smithi146.stdout:/usr/bin/ceph: stderr
2024-04-01T17:59:36.125+0000 7fae72a00700 1 -- 172.21.15.146:0/1338006145 <== mon.0 v2:172.21.15.146:3300/0 3 ==== mon_map magic: 0 v1 ==== 229+0+0 (secure 0 0 0) 0x7fae64010380 con 0x7fae74077b10
2024-04-01T17:59:37.224 INFO:teuthology.orchestra.run.smithi146.stdout:/usr/bin/ceph: stderr
2024-04-01T17:59:36.126+0000 7fae7ae00700 1 -- 172.21.15.146:0/1338006145 >> [v2:172.21.15.146:3300/0,v1:172.21.15.146:6789/0] conn(0x7fae74077b10 msgr2=0x7fae74076160 secure :-1 s=STATE_CONNECTION_ESTABLISHED l=1).mark_down
2024-04-01T17:59:37.224 INFO:teuthology.orchestra.run.smithi146.stdout:/usr/bin/ceph: stderr
2024-04-01T17:59:36.126+0000 7fae7ae00700 1 --2- 172.21.15.146:0/1338006145 >> [v2:172.21.15.146:3300/0,v1:172.21.15.146:6789/0] conn(0x7fae74077b10 0x7fae74076160 secure :-1 s=READY pgs=26 cs=0 l=1 rev1=1 crypto rx=0x7fae640098e0 tx=0x7fae64009250 comp rx=0 tx=0).stop
2024-04-01T17:59:37.224 INFO:teuthology.orchestra.run.smithi146.stdout:/usr/bin/ceph: stderr
2024-04-01T17:59:36.126+0000 7fae7ae00700 1 -- 172.21.15.146:0/1338006145 shutdown_connections
2024-04-01T17:59:37.224 INFO:teuthology.orchestra.run.smithi146.stdout:/usr/bin/ceph: stderr
2024-04-01T17:59:36.126+0000 7fae7ae00700 1 --2- 172.21.15.146:0/1338006145 >> [v2:172.21.15.146:3300/0,v1:172.21.15.146:6789/0] conn(0x7fae74077b10 0x7fae74076160 unknown :-1 s=CLOSED pgs=26 cs=0 l=1 rev1=1 crypto rx=0 tx=0 comp rx=0 tx=0).stop
2024-04-01T17:59:37.224 INFO:teuthology.orchestra.run.smithi146.stdout:/usr/bin/ceph: stderr
2024-04-01T17:59:36.126+0000 7fae7ae00700 1 -- 172.21.15.146:0/1338006145 >> 172.21.15.146:0/1338006145 conn(0x7fae740fe090 msgr2=0x7fae74100500 unknown :-1 s=STATE_NONE l=0).mark_down
2024-04-01T17:59:37.224 INFO:teuthology.orchestra.run.smithi146.stdout:/usr/bin/ceph: stderr
2024-04-01T17:59:36.126+0000 7fae7ae00700 1 -- 172.21.15.146:0/1338006145 shutdown_connections
2024-04-01T17:59:37.224 INFO:teuthology.orchestra.run.smithi146.stdout:/usr/bin/ceph: stderr
2024-04-01T17:59:36.126+0000 7fae7ae00700 1 -- 172.21.15.146:0/1338006145 wait complete.
2024-04-01T17:59:37.224 INFO:teuthology.orchestra.run.smithi146.stdout:/usr/bin/ceph: stderr
2024-04-01T17:59:36.127+0000 7fae7ae00700 1 Processor -- start
2024-04-01T17:59:37.224 INFO:teuthology.orchestra.run.smithi146.stdout:/usr/bin/ceph: stderr
2024-04-01T17:59:36.127+0000 7fae7ae00700 1 -- start start
2024-04-01T17:59:37.224 INFO:teuthology.orchestra.run.smithi146.stdout:/usr/bin/ceph: stderr
2024-04-01T17:59:36.128+0000 7fae7ae00700 1 --2- >> [v2:172.21.15.146:3300/0,v1:172.21.15.146:6789/0] conn(0x7fae74077b10 0x7fae741139b0 unknown :-1 s=NONE pgs=0 cs=0 l=1 rev1=0 crypto rx=0 tx=0 comp rx=0 tx=0).connect
2024-04-01T17:59:37.224 INFO:teuthology.orchestra.run.smithi146.stdout:/usr/bin/ceph: stderr
2024-04-01T17:59:36.128+0000 7fae7ae00700 1 -- --> [v2:172.21.15.146:3300/0,v1:172.21.15.146:6789/0] -- mon_getmap magic: 0 v1 -- 0x7fae74113ef0 con 0x7fae74077b10
2024-04-01T17:59:37.224 INFO:teuthology.orchestra.run.smithi146.stdout:/usr/bin/ceph: stderr
2024-04-01T17:59:36.128+0000 7fae73e00700 1 --2- >> [v2:172.21.15.146:3300/0,v1:172.21.15.146:6789/0] conn(0x7fae74077b10 0x7fae741139b0 unknown :-1 s=BANNER_CONNECTING pgs=0 cs=0 l=1 rev1=0 crypto rx=0 tx=0 comp rx=0 tx=0)._handle_peer_banner_payload supported=3 required=0
2024-04-01T17:59:37.224 INFO:teuthology.orchestra.run.smithi146.stdout:/usr/bin/ceph: stderr
2024-04-01T17:59:36.128+0000 7fae73e00700 1 --2- >> [v2:172.21.15.146:3300/0,v1:172.21.15.146:6789/0] conn(0x7fae74077b10 0x7fae741139b0 unknown :-1 s=HELLO_CONNECTING pgs=0 cs=0 l=1 rev1=1 crypto rx=0 tx=0 comp rx=0 tx=0).handle_hello peer v2:172.21.15.146:3300/0 says I am v2:172.21.15.146:58960/0 (socket says 172.21.15.146:58960)
2024-04-01T17:59:37.224 INFO:teuthology.orchestra.run.smithi146.stdout:/usr/bin/ceph: stderr
2024-04-01T17:59:36.128+0000 7fae73e00700 1 -- 172.21.15.146:0/3823484488 learned_addr learned my addr 172.21.15.146:0/3823484488 (peer_addr_for_me v2:172.21.15.146:0/0)
2024-04-01T17:59:37.225 INFO:teuthology.orchestra.run.smithi146.stdout:/usr/bin/ceph: stderr
2024-04-01T17:59:36.128+0000 7fae73e00700 1 -- 172.21.15.146:0/3823484488 --> [v2:172.21.15.146:3300/0,v1:172.21.15.146:6789/0] -- mon_subscribe({config=0+,monmap=0+}) v3 -- 0x7fae640094f0 con 0x7fae74077b10
2024-04-01T17:59:37.225 INFO:teuthology.orchestra.run.smithi146.stdout:/usr/bin/ceph: stderr
2024-04-01T17:59:36.128+0000 7fae73e00700 1 --2- 172.21.15.146:0/3823484488 >> [v2:172.21.15.146:3300/0,v1:172.21.15.146:6789/0] conn(0x7fae74077b10 0x7fae741139b0 secure :-1 s=READY pgs=27 cs=0 l=1 rev1=1 crypto rx=0x7fae64011bd0 tx=0x7fae64009250 comp rx=0 tx=0).ready entity=mon.0 client_cookie=0 server_cookie=0 in_seq=0 out_seq=0
2024-04-01T17:59:37.225 INFO:teuthology.orchestra.run.smithi146.stdout:/usr/bin/ceph: stderr
2024-04-01T17:59:36.129+0000 7fae6be00700 1 -- 172.21.15.146:0/3823484488 <== mon.0 v2:172.21.15.146:3300/0 1 ==== mon_map magic: 0 v1 ==== 229+0+0 (secure 0 0 0) 0x7fae640107c0 con 0x7fae74077b10
2024-04-01T17:59:37.225 INFO:teuthology.orchestra.run.smithi146.stdout:/usr/bin/ceph: stderr
2024-04-01T17:59:36.129+0000 7fae6be00700 1 -- 172.21.15.146:0/3823484488 <== mon.0 v2:172.21.15.146:3300/0 2 ==== config(27 keys) v1 ==== 1044+0+0 (secure 0 0 0) 0x7fae64010db0 con 0x7fae74077b10
2024-04-01T17:59:37.225 INFO:teuthology.orchestra.run.smithi146.stdout:/usr/bin/ceph: stderr
2024-04-01T17:59:36.129+0000 7fae6be00700 1 -- 172.21.15.146:0/3823484488 <== mon.0 v2:172.21.15.146:3300/0 3 ==== mon_map magic: 0 v1 ==== 229+0+0 (secure 0 0 0) 0x7fae6401ad00 con 0x7fae74077b10
2024-04-01T17:59:37.225 INFO:teuthology.orchestra.run.smithi146.stdout:/usr/bin/ceph: stderr
2024-04-01T17:59:36.129+0000 7fae7ae00700 1 -- 172.21.15.146:0/3823484488 --> [v2:172.21.15.146:3300/0,v1:172.21.15.146:6789/0] -- mon_subscribe({mgrmap=0+}) v3 -- 0x7fae741140f0 con 0x7fae74077b10
2024-04-01T17:59:37.225 INFO:teuthology.orchestra.run.smithi146.stdout:/usr/bin/ceph: stderr
2024-04-01T17:59:36.129+0000 7fae7ae00700 1 -- 172.21.15.146:0/3823484488 --> [v2:172.21.15.146:3300/0,v1:172.21.15.146:6789/0] -- mon_subscribe({osdmap=0}) v3 -- 0x7fae74114c60 con 0x7fae74077b10
2024-04-01T17:59:37.225 INFO:teuthology.orchestra.run.smithi146.stdout:/usr/bin/ceph: stderr
2024-04-01T17:59:36.130+0000 7fae6be00700 1 -- 172.21.15.146:0/3823484488 <== mon.0 v2:172.21.15.146:3300/0 4 ==== mgrmap(e 5) v1 ==== 43368+0+0 (secure 0 0 0) 0x7fae64010920 con 0x7fae74077b10
2024-04-01T17:59:37.225 INFO:teuthology.orchestra.run.smithi146.stdout:/usr/bin/ceph: stderr
2024-04-01T17:59:36.130+0000 7fae6be00700 1 --2- 172.21.15.146:0/3823484488 >> [v2:172.21.15.146:6800/297873444,v1:172.21.15.146:6801/297873444] conn(0x7fae58036790 0x7fae58038c40 unknown :-1 s=NONE pgs=0 cs=0 l=1 rev1=0 crypto rx=0 tx=0 comp rx=0 tx=0).connect
2024-04-01T17:59:37.225 INFO:teuthology.orchestra.run.smithi146.stdout:/usr/bin/ceph: stderr
2024-04-01T17:59:36.130+0000 7fae7ae00700 1 -- 172.21.15.146:0/3823484488 --> [v2:172.21.15.146:3300/0,v1:172.21.15.146:6789/0] -- mon_command({"prefix": "get_command_descriptions"} v 0) v1 -- 0x7fae7405f5f0 con 0x7fae74077b10
2024-04-01T17:59:37.225 INFO:teuthology.orchestra.run.smithi146.stdout:/usr/bin/ceph: stderr
2024-04-01T17:59:36.130+0000 7fae6be00700 1 -- 172.21.15.146:0/3823484488 <== mon.0 v2:172.21.15.146:3300/0 5 ==== osd_map(1..1 src has 1..1) v4 ==== 721+0+0 (secure 0 0 0) 0x7fae6404a130 con 0x7fae74077b10
2024-04-01T17:59:37.225 INFO:teuthology.orchestra.run.smithi146.stdout:/usr/bin/ceph: stderr
2024-04-01T17:59:36.131+0000 7fae73400700 1 -- 172.21.15.146:0/3823484488 >> [v2:172.21.15.146:6800/297873444,v1:172.21.15.146:6801/297873444] conn(0x7fae58036790 msgr2=0x7fae58038c40 unknown :-1 s=STATE_CONNECTING_RE l=1).process reconnect failed to v2:172.21.15.146:6800/297873444
2024-04-01T17:59:37.225 INFO:teuthology.orchestra.run.smithi146.stdout:/usr/bin/ceph: stderr
2024-04-01T17:59:36.131+0000 7fae73400700 1 --2- 172.21.15.146:0/3823484488 >> [v2:172.21.15.146:6800/297873444,v1:172.21.15.146:6801/297873444] conn(0x7fae58036790 0x7fae58038c40 unknown :-1 s=START_CONNECT pgs=0 cs=0 l=1 rev1=0 crypto rx=0 tx=0 comp rx=0 tx=0)._fault waiting 0.200000
2024-04-01T17:59:37.225 INFO:teuthology.orchestra.run.smithi146.stdout:/usr/bin/ceph: stderr
2024-04-01T17:59:36.136+0000 7fae6be00700 1 -- 172.21.15.146:0/3823484488 <== mon.0 v2:172.21.15.146:3300/0 6 ==== mon_command_ack([{"prefix": "get_command_descriptions"}]=0 v0) v1 ==== 72+0+176504 (secure 0 0 0) 0x7fae64020070 con 0x7fae74077b10
2024-04-01T17:59:37.226 INFO:teuthology.orchestra.run.smithi146.stdout:/usr/bin/ceph: stderr
2024-04-01T17:59:36.332+0000 7fae73400700 1 -- 172.21.15.146:0/3823484488 >> [v2:172.21.15.146:6800/297873444,v1:172.21.15.146:6801/297873444] conn(0x7fae58036790 msgr2=0x7fae58038c40 unknown :-1 s=STATE_CONNECTING_RE l=1).process reconnect failed to v2:172.21.15.146:6800/297873444
2024-04-01T17:59:37.226 INFO:teuthology.orchestra.run.smithi146.stdout:/usr/bin/ceph: stderr
2024-04-01T17:59:36.332+0000 7fae73400700 1 --2- 172.21.15.146:0/3823484488 >> [v2:172.21.15.146:6800/297873444,v1:172.21.15.146:6801/297873444] conn(0x7fae58036790 0x7fae58038c40 unknown :-1 s=START_CONNECT pgs=0 cs=0 l=1 rev1=0 crypto rx=0 tx=0 comp rx=0 tx=0)._fault waiting 0.400000
2024-04-01T17:59:37.226 INFO:teuthology.orchestra.run.smithi146.stdout:/usr/bin/ceph: stderr
2024-04-01T17:59:36.404+0000 7fae7ae00700 1 -- 172.21.15.146:0/3823484488 --> [v2:172.21.15.146:3300/0,v1:172.21.15.146:6789/0] -- mon_command({"prefix": "mgr stat"} v 0) v1 -- 0x7fae74114fa0 con 0x7fae74077b10
2024-04-01T17:59:37.226 INFO:teuthology.orchestra.run.smithi146.stdout:/usr/bin/ceph: stderr
2024-04-01T17:59:36.405+0000 7fae6be00700 1 -- 172.21.15.146:0/3823484488 <== mon.0 v2:172.21.15.146:3300/0 7 ==== mon_command_ack([{"prefix": "mgr stat"}]=0 v5) v1 ==== 56+0+103 (secure 0 0 0) 0x7fae6402d350 con 0x7fae74077b10
2024-04-01T17:59:37.226 INFO:teuthology.orchestra.run.smithi146.stdout:/usr/bin/ceph: stderr
2024-04-01T17:59:36.409+0000 7fae7ae00700 1 -- 172.21.15.146:0/3823484488 >> [v2:172.21.15.146:6800/297873444,v1:172.21.15.146:6801/297873444] conn(0x7fae58036790 msgr2=0x7fae58038c40 unknown :-1 s=STATE_CONNECTING l=1).mark_down
2024-04-01T17:59:37.226 INFO:teuthology.orchestra.run.smithi146.stdout:/usr/bin/ceph: stderr
2024-04-01T17:59:36.409+0000 7fae7ae00700 1 --2- 172.21.15.146:0/3823484488 >> [v2:172.21.15.146:6800/297873444,v1:172.21.15.146:6801/297873444] conn(0x7fae58036790 0x7fae58038c40 unknown :-1 s=START_CONNECT pgs=0 cs=0 l=1 rev1=0 crypto rx=0 tx=0 comp rx=0 tx=0).stop
2024-04-01T17:59:37.226 INFO:teuthology.orchestra.run.smithi146.stdout:/usr/bin/ceph: stderr
2024-04-01T17:59:36.409+0000 7fae7ae00700 1 -- 172.21.15.146:0/3823484488 >> [v2:172.21.15.146:3300/0,v1:172.21.15.146:6789/0] conn(0x7fae74077b10 msgr2=0x7fae741139b0 secure :-1 s=STATE_CONNECTION_ESTABLISHED l=1).mark_down
2024-04-01T17:59:37.226 INFO:teuthology.orchestra.run.smithi146.stdout:/usr/bin/ceph: stderr
2024-04-01T17:59:36.409+0000 7fae7ae00700 1 --2- 172.21.15.146:0/3823484488 >> [v2:172.21.15.146:3300/0,v1:172.21.15.146:6789/0] conn(0x7fae74077b10 0x7fae741139b0 secure :-1 s=READY pgs=27 cs=0 l=1 rev1=1 crypto rx=0x7fae64011bd0 tx=0x7fae64009250 comp rx=0 tx=0).stop
2024-04-01T17:59:37.226 INFO:teuthology.orchestra.run.smithi146.stdout:/usr/bin/ceph: stderr
2024-04-01T17:59:36.409+0000 7fae7ae00700 1 -- 172.21.15.146:0/3823484488 shutdown_connections
2024-04-01T17:59:37.226 INFO:teuthology.orchestra.run.smithi146.stdout:/usr/bin/ceph: stderr
2024-04-01T17:59:36.409+0000 7fae7ae00700 1 --2- 172.21.15.146:0/3823484488 >> [v2:172.21.15.146:6800/297873444,v1:172.21.15.146:6801/297873444] conn(0x7fae58036790 0x7fae58038c40 unknown :-1 s=CLOSED pgs=0 cs=0 l=1 rev1=0 crypto rx=0 tx=0 comp rx=0 tx=0).stop
2024-04-01T17:59:37.226 INFO:teuthology.orchestra.run.smithi146.stdout:/usr/bin/ceph: stderr
2024-04-01T17:59:36.409+0000 7fae7ae00700 1 --2- 172.21.15.146:0/3823484488 >> [v2:172.21.15.146:3300/0,v1:172.21.15.146:6789/0] conn(0x7fae74077b10 0x7fae741139b0 unknown :-1 s=CLOSED pgs=27 cs=0 l=1 rev1=1 crypto rx=0 tx=0 comp rx=0 tx=0).stop
2024-04-01T17:59:37.226 INFO:teuthology.orchestra.run.smithi146.stdout:/usr/bin/ceph: stderr
2024-04-01T17:59:36.409+0000 7fae7ae00700 1 -- 172.21.15.146:0/3823484488 >> 172.21.15.146:0/3823484488 conn(0x7fae740fe090 msgr2=0x7fae740fed30 unknown :-1 s=STATE_NONE l=0).mark_down
2024-04-01T17:59:37.226 INFO:teuthology.orchestra.run.smithi146.stdout:/usr/bin/ceph: stderr
2024-04-01T17:59:36.409+0000 7fae7ae00700 1 -- 172.21.15.146:0/3823484488 shutdown_connections
2024-04-01T17:59:37.226 INFO:teuthology.orchestra.run.smithi146.stdout:/usr/bin/ceph: stderr
2024-04-01T17:59:36.409+0000 7fae7ae00700 1 -- 172.21.15.146:0/3823484488 wait complete.
2024-04-01T17:59:37.227 INFO:teuthology.orchestra.run.smithi146.stdout:Waiting for the mgr to restart...
2024-04-01T17:59:37.227 INFO:teuthology.orchestra.run.smithi146.stdout:Waiting for mgr epoch 5...
2024-04-01T17:59:43.421 INFO:journalctl@ceph.mon.smithi146.smithi146.stdout:Apr 01 17:59:43 smithi146 ceph-mon[29328]: Active manager daemon smithi146.jrqesu restarted
2024-04-01T17:59:43.422 INFO:journalctl@ceph.mon.smithi146.smithi146.stdout:Apr 01 17:59:43 smithi146 ceph-mon[29328]: Activating manager daemon smithi146.jrqesu
2024-04-01T17:59:43.422 INFO:journalctl@ceph.mon.smithi146.smithi146.stdout:Apr 01 17:59:43 smithi146 ceph-mon[29328]: osdmap e2: 0 total, 0 up, 0 in
2024-04-01T17:59:43.422 INFO:journalctl@ceph.mon.smithi146.smithi146.stdout:Apr 01 17:59:43 smithi146 ceph-mon[29328]: mgrmap e6: smithi146.jrqesu(active, starting, since 0.0089088s)
2024-04-01T17:59:43.422 INFO:journalctl@ceph.mon.smithi146.smithi146.stdout:Apr 01 17:59:43 smithi146 ceph-mon[29328]: from='mgr.14120 172.21.15.146:0/3011276362' entity='mgr.smithi146.jrqesu' cmd=[{"prefix": "mon metadata", "id": "smithi146"}]: dispatch
2024-04-01T17:59:43.422 INFO:journalctl@ceph.mon.smithi146.smithi146.stdout:Apr 01 17:59:43 smithi146 ceph-mon[29328]: from='mgr.14120 172.21.15.146:0/3011276362' entity='mgr.smithi146.jrqesu' cmd=[{"prefix": "mgr metadata", "who": "smithi146.jrqesu", "id": "smithi146.jrqesu"}]: dispatch
2024-04-01T17:59:43.422 INFO:journalctl@ceph.mon.smithi146.smithi146.stdout:Apr 01 17:59:43 smithi146 ceph-mon[29328]: from='mgr.14120 172.21.15.146:0/3011276362' entity='mgr.smithi146.jrqesu' cmd=[{"prefix": "mds metadata"}]: dispatch
2024-04-01T17:59:43.422 INFO:journalctl@ceph.mon.smithi146.smithi146.stdout:Apr 01 17:59:43 smithi146 ceph-mon[29328]: from='mgr.14120 172.21.15.146:0/3011276362' entity='mgr.smithi146.jrqesu' cmd=[{"prefix": "osd metadata"}]: dispatch
2024-04-01T17:59:43.422 INFO:journalctl@ceph.mon.smithi146.smithi146.stdout:Apr 01 17:59:43 smithi146 ceph-mon[29328]: from='mgr.14120 172.21.15.146:0/3011276362' entity='mgr.smithi146.jrqesu' cmd=[{"prefix": "mon metadata"}]: dispatch
2024-04-01T17:59:43.422 INFO:journalctl@ceph.mon.smithi146.smithi146.stdout:Apr 01 17:59:43 smithi146 ceph-mon[29328]: Manager daemon smithi146.jrqesu is now available
2024-04-01T17:59:43.422 INFO:journalctl@ceph.mon.smithi146.smithi146.stdout:Apr 01 17:59:43 smithi146 ceph-mon[29328]: from='mgr.14120 172.21.15.146:0/3011276362' entity='mgr.smithi146.jrqesu'
2024-04-01T17:59:43.422 INFO:journalctl@ceph.mon.smithi146.smithi146.stdout:Apr 01 17:59:43 smithi146 ceph-mon[29328]: from='mgr.14120 172.21.15.146:0/3011276362' entity='mgr.smithi146.jrqesu'
2024-04-01T17:59:44.421 INFO:journalctl@ceph.mon.smithi146.smithi146.stdout:Apr 01 17:59:44 smithi146 ceph-mon[29328]: Found migration_current of "None". Setting to last migration.
2024-04-01T17:59:44.421 INFO:journalctl@ceph.mon.smithi146.smithi146.stdout:Apr 01 17:59:44 smithi146 ceph-mon[29328]: from='mgr.14120 172.21.15.146:0/3011276362' entity='mgr.smithi146.jrqesu' cmd=[{"prefix": "config dump", "format": "json"}]: dispatch
2024-04-01T17:59:44.422 INFO:journalctl@ceph.mon.smithi146.smithi146.stdout:Apr 01 17:59:44 smithi146 ceph-mon[29328]: from='mgr.14120 172.21.15.146:0/3011276362' entity='mgr.smithi146.jrqesu' cmd=[{"prefix": "config dump", "format": "json"}]: dispatch
2024-04-01T17:59:44.422 INFO:journalctl@ceph.mon.smithi146.smithi146.stdout:Apr 01 17:59:44 smithi146 ceph-mon[29328]: from='mgr.14120 172.21.15.146:0/3011276362' entity='mgr.smithi146.jrqesu' cmd=[{"prefix": "config dump", "format": "json"}]: dispatch
2024-04-01T17:59:44.422 INFO:journalctl@ceph.mon.smithi146.smithi146.stdout:Apr 01 17:59:44 smithi146 ceph-mon[29328]: from='mgr.14120 172.21.15.146:0/3011276362' entity='mgr.smithi146.jrqesu' cmd=[{"prefix":"config rm","who":"mgr","name":"mgr/rbd_support/smithi146.jrqesu/mirror_snapshot_schedule"}]: dispatch
2024-04-01T17:59:44.422 INFO:journalctl@ceph.mon.smithi146.smithi146.stdout:Apr 01 17:59:44 smithi146 ceph-mon[29328]: from='mgr.14120 172.21.15.146:0/3011276362' entity='mgr.smithi146.jrqesu' cmd=[{"prefix":"config rm","who":"mgr","name":"mgr/rbd_support/smithi146.jrqesu/trash_purge_schedule"}]: dispatch
2024-04-01T17:59:44.422 INFO:journalctl@ceph.mon.smithi146.smithi146.stdout:Apr 01 17:59:44 smithi146 ceph-mon[29328]: mgrmap e7: smithi146.jrqesu(active, since 1.01438s)
2024-04-01T17:59:44.845 INFO:teuthology.orchestra.run.smithi146.stdout:/usr/bin/ceph: stdout {
2024-04-01T17:59:44.845 INFO:teuthology.orchestra.run.smithi146.stdout:/usr/bin/ceph: stdout "mgrmap_epoch": 7,
2024-04-01T17:59:44.845 INFO:teuthology.orchestra.run.smithi146.stdout:/usr/bin/ceph: stdout "initialized": true
2024-04-01T17:59:44.846 INFO:teuthology.orchestra.run.smithi146.stdout:/usr/bin/ceph: stdout }
2024-04-01T17:59:44.846 INFO:teuthology.orchestra.run.smithi146.stdout:/usr/bin/ceph: stderr
2024-04-01T17:59:37.916+0000 7f1302a00700 1 Processor -- start
2024-04-01T17:59:44.846 INFO:teuthology.orchestra.run.smithi146.stdout:/usr/bin/ceph: stderr
2024-04-01T17:59:37.916+0000 7f1302a00700 1 -- start start
2024-04-01T17:59:44.846 INFO:teuthology.orchestra.run.smithi146.stdout:/usr/bin/ceph: stderr
2024-04-01T17:59:37.917+0000 7f1302a00700 1 --2- >> [v2:172.21.15.146:3300/0,v1:172.21.15.146:6789/0] conn(0x7f12fc078c90 0x7f12fc077290 unknown :-1 s=NONE pgs=0 cs=0 l=0 rev1=0 crypto rx=0 tx=0 comp rx=0 tx=0).connect
2024-04-01T17:59:44.847 INFO:teuthology.orchestra.run.smithi146.stdout:/usr/bin/ceph: stderr
2024-04-01T17:59:37.917+0000 7f1302a00700 1 -- --> [v2:172.21.15.146:3300/0,v1:172.21.15.146:6789/0] -- mon_getmap magic: 0 v1 -- 0x7f12fc0790a0 con 0x7f12fc078c90
2024-04-01T17:59:44.847 INFO:teuthology.orchestra.run.smithi146.stdout:/usr/bin/ceph: stderr
2024-04-01T17:59:37.917+0000 7f12fbe00700 1 --2- >> [v2:172.21.15.146:3300/0,v1:172.21.15.146:6789/0] conn(0x7f12fc078c90 0x7f12fc077290 unknown :-1 s=BANNER_CONNECTING pgs=0 cs=0 l=0 rev1=0 crypto rx=0 tx=0 comp rx=0 tx=0)._handle_peer_banner_payload supported=3 required=0
2024-04-01T17:59:44.847 INFO:teuthology.orchestra.run.smithi146.stdout:/usr/bin/ceph: stderr
2024-04-01T17:59:37.917+0000 7f12fbe00700 1 --2- >> [v2:172.21.15.146:3300/0,v1:172.21.15.146:6789/0] conn(0x7f12fc078c90 0x7f12fc077290 unknown :-1 s=HELLO_CONNECTING pgs=0 cs=0 l=0 rev1=1 crypto rx=0 tx=0 comp rx=0 tx=0).handle_hello peer v2:172.21.15.146:3300/0 says I am v2:172.21.15.146:58972/0 (socket says 172.21.15.146:58972)
2024-04-01T17:59:44.847 INFO:teuthology.orchestra.run.smithi146.stdout:/usr/bin/ceph: stderr
2024-04-01T17:59:37.917+0000 7f12fbe00700 1 -- 172.21.15.146:0/3999293970 learned_addr learned my addr 172.21.15.146:0/3999293970 (peer_addr_for_me v2:172.21.15.146:0/0)
2024-04-01T17:59:44.849 INFO:teuthology.orchestra.run.smithi146.stdout:/usr/bin/ceph: stderr
2024-04-01T17:59:37.918+0000 7f12fbe00700 1 -- 172.21.15.146:0/3999293970 --> [v2:172.21.15.146:3300/0,v1:172.21.15.146:6789/0] -- mon_subscribe({config=0+,monmap=0+}) v3 -- 0x7f12fc0777d0 con 0x7f12fc078c90
2024-04-01T17:59:44.849 INFO:teuthology.orchestra.run.smithi146.stdout:/usr/bin/ceph: stderr
2024-04-01T17:59:37.918+0000 7f12fbe00700 1 --2- 172.21.15.146:0/3999293970 >> [v2:172.21.15.146:3300/0,v1:172.21.15.146:6789/0] conn(0x7f12fc078c90 0x7f12fc077290 secure :-1 s=READY pgs=28 cs=0 l=1 rev1=1 crypto rx=0x7f12ec0098e0 tx=0x7f12ec009250 comp rx=0 tx=0).ready entity=mon.0 client_cookie=3972a10f438e3b35 server_cookie=0 in_seq=0 out_seq=0
2024-04-01T17:59:44.849 INFO:teuthology.orchestra.run.smithi146.stdout:/usr/bin/ceph: stderr
2024-04-01T17:59:37.918+0000 7f12faa00700 1 -- 172.21.15.146:0/3999293970 <== mon.0 v2:172.21.15.146:3300/0 1 ==== mon_map magic: 0 v1 ==== 229+0+0 (secure 0 0 0) 0x7f12ec00b860 con 0x7f12fc078c90
2024-04-01T17:59:44.849 INFO:teuthology.orchestra.run.smithi146.stdout:/usr/bin/ceph: stderr
2024-04-01T17:59:37.918+0000 7f12faa00700 1 -- 172.21.15.146:0/3999293970 <== mon.0 v2:172.21.15.146:3300/0 2 ==== config(27 keys) v1 ==== 1044+0+0 (secure 0 0 0) 0x7f12ec00be50 con 0x7f12fc078c90
2024-04-01T17:59:44.849 INFO:teuthology.orchestra.run.smithi146.stdout:/usr/bin/ceph: stderr
2024-04-01T17:59:37.918+0000 7f12faa00700 1 -- 172.21.15.146:0/3999293970 <== mon.0 v2:172.21.15.146:3300/0 3 ==== mon_map magic: 0 v1 ==== 229+0+0 (secure 0 0 0) 0x7f12ec010380 con 0x7f12fc078c90
2024-04-01T17:59:44.849 INFO:teuthology.orchestra.run.smithi146.stdout:/usr/bin/ceph: stderr
2024-04-01T17:59:37.919+0000 7f1302a00700 1 -- 172.21.15.146:0/3999293970 >> [v2:172.21.15.146:3300/0,v1:172.21.15.146:6789/0] conn(0x7f12fc078c90 msgr2=0x7f12fc077290 secure :-1 s=STATE_CONNECTION_ESTABLISHED l=1).mark_down
2024-04-01T17:59:44.849 INFO:teuthology.orchestra.run.smithi146.stdout:/usr/bin/ceph: stderr
2024-04-01T17:59:37.919+0000 7f1302a00700 1 --2- 172.21.15.146:0/3999293970 >> [v2:172.21.15.146:3300/0,v1:172.21.15.146:6789/0] conn(0x7f12fc078c90 0x7f12fc077290 secure :-1 s=READY pgs=28 cs=0 l=1 rev1=1 crypto rx=0x7f12ec0098e0 tx=0x7f12ec009250 comp rx=0 tx=0).stop
2024-04-01T17:59:44.850 INFO:teuthology.orchestra.run.smithi146.stdout:/usr/bin/ceph: stderr
2024-04-01T17:59:37.919+0000 7f1302a00700 1 -- 172.21.15.146:0/3999293970 shutdown_connections
2024-04-01T17:59:44.850 INFO:teuthology.orchestra.run.smithi146.stdout:/usr/bin/ceph: stderr
2024-04-01T17:59:37.919+0000 7f1302a00700 1 --2- 172.21.15.146:0/3999293970 >> [v2:172.21.15.146:3300/0,v1:172.21.15.146:6789/0] conn(0x7f12fc078c90 0x7f12fc077290 unknown :-1 s=CLOSED pgs=28 cs=0 l=1 rev1=1 crypto rx=0 tx=0 comp rx=0 tx=0).stop
2024-04-01T17:59:44.850 INFO:teuthology.orchestra.run.smithi146.stdout:/usr/bin/ceph: stderr
2024-04-01T17:59:37.919+0000 7f1302a00700 1 -- 172.21.15.146:0/3999293970 >> 172.21.15.146:0/3999293970 conn(0x7f12fc0fe070 msgr2=0x7f12fc100480 unknown :-1 s=STATE_NONE l=0).mark_down
2024-04-01T17:59:44.850 INFO:teuthology.orchestra.run.smithi146.stdout:/usr/bin/ceph: stderr
2024-04-01T17:59:37.919+0000 7f1302a00700 1 -- 172.21.15.146:0/3999293970 shutdown_connections
2024-04-01T17:59:44.850 INFO:teuthology.orchestra.run.smithi146.stdout:/usr/bin/ceph: stderr
2024-04-01T17:59:37.919+0000 7f1302a00700 1 -- 172.21.15.146:0/3999293970 wait complete.
2024-04-01T17:59:44.850 INFO:teuthology.orchestra.run.smithi146.stdout:/usr/bin/ceph: stderr
2024-04-01T17:59:37.920+0000 7f1302a00700 1 Processor -- start
2024-04-01T17:59:44.850 INFO:teuthology.orchestra.run.smithi146.stdout:/usr/bin/ceph: stderr
2024-04-01T17:59:37.920+0000 7f1302a00700 1 -- start start
2024-04-01T17:59:44.850 INFO:teuthology.orchestra.run.smithi146.stdout:/usr/bin/ceph: stderr
2024-04-01T17:59:37.920+0000 7f1302a00700 1 --2- >> [v2:172.21.15.146:3300/0,v1:172.21.15.146:6789/0] conn(0x7f12fc078c90 0x7f12fc113960 unknown :-1 s=NONE pgs=0 cs=0 l=1 rev1=0 crypto rx=0 tx=0 comp rx=0 tx=0).connect
2024-04-01T17:59:44.850 INFO:teuthology.orchestra.run.smithi146.stdout:/usr/bin/ceph: stderr
2024-04-01T17:59:37.920+0000 7f1302a00700 1 -- --> [v2:172.21.15.146:3300/0,v1:172.21.15.146:6789/0] -- mon_getmap magic: 0 v1 -- 0x7f12fc113ea0 con 0x7f12fc078c90
2024-04-01T17:59:44.854 INFO:teuthology.orchestra.run.smithi146.stdout:/usr/bin/ceph: stderr
2024-04-01T17:59:37.921+0000 7f12fbe00700 1 --2- >> [v2:172.21.15.146:3300/0,v1:172.21.15.146:6789/0] conn(0x7f12fc078c90 0x7f12fc113960 unknown :-1 s=BANNER_CONNECTING pgs=0 cs=0 l=1 rev1=0 crypto rx=0 tx=0 comp rx=0 tx=0)._handle_peer_banner_payload supported=3 required=0
2024-04-01T17:59:44.854 INFO:teuthology.orchestra.run.smithi146.stdout:/usr/bin/ceph: stderr
2024-04-01T17:59:37.921+0000 7f12fbe00700 1 --2- >> [v2:172.21.15.146:3300/0,v1:172.21.15.146:6789/0] conn(0x7f12fc078c90 0x7f12fc113960 unknown :-1 s=HELLO_CONNECTING pgs=0 cs=0 l=1 rev1=1 crypto rx=0 tx=0 comp rx=0 tx=0).handle_hello peer v2:172.21.15.146:3300/0 says I am v2:172.21.15.146:58980/0 (socket says 172.21.15.146:58980)
2024-04-01T17:59:44.854 INFO:teuthology.orchestra.run.smithi146.stdout:/usr/bin/ceph: stderr
2024-04-01T17:59:37.921+0000 7f12fbe00700 1 -- 172.21.15.146:0/1427686631 learned_addr learned my addr 172.21.15.146:0/1427686631 (peer_addr_for_me v2:172.21.15.146:0/0)
2024-04-01T17:59:44.855 INFO:teuthology.orchestra.run.smithi146.stdout:/usr/bin/ceph: stderr
2024-04-01T17:59:37.921+0000 7f12fbe00700 1 -- 172.21.15.146:0/1427686631 --> [v2:172.21.15.146:3300/0,v1:172.21.15.146:6789/0] -- mon_subscribe({config=0+,monmap=0+}) v3 -- 0x7f12ec0094f0 con 0x7f12fc078c90
2024-04-01T17:59:44.855 INFO:teuthology.orchestra.run.smithi146.stdout:/usr/bin/ceph: stderr
2024-04-01T17:59:37.921+0000 7f12fbe00700 1 --2- 172.21.15.146:0/1427686631 >> [v2:172.21.15.146:3300/0,v1:172.21.15.146:6789/0] conn(0x7f12fc078c90 0x7f12fc113960 secure :-1 s=READY pgs=29 cs=0 l=1 rev1=1 crypto rx=0x7f12ec006d40 tx=0x7f12ec009250 comp rx=0 tx=0).ready entity=mon.0 client_cookie=0 server_cookie=0 in_seq=0 out_seq=0
2024-04-01T17:59:44.855 INFO:teuthology.orchestra.run.smithi146.stdout:/usr/bin/ceph: stderr
2024-04-01T17:59:37.921+0000 7f12f3e00700 1 -- 172.21.15.146:0/1427686631 <== mon.0 v2:172.21.15.146:3300/0 1 ==== mon_map magic: 0 v1 ==== 229+0+0 (secure 0 0 0) 0x7f12ec0107c0 con 0x7f12fc078c90
2024-04-01T17:59:44.855 INFO:teuthology.orchestra.run.smithi146.stdout:/usr/bin/ceph: stderr
2024-04-01T17:59:37.922+0000 7f12f3e00700 1 -- 172.21.15.146:0/1427686631 <== mon.0 v2:172.21.15.146:3300/0 2 ==== config(27 keys) v1 ==== 1044+0+0 (secure 0 0 0) 0x7f12ec010db0 con 0x7f12fc078c90
2024-04-01T17:59:44.855 INFO:teuthology.orchestra.run.smithi146.stdout:/usr/bin/ceph: stderr
2024-04-01T17:59:37.922+0000 7f1302a00700 1 -- 172.21.15.146:0/1427686631 --> [v2:172.21.15.146:3300/0,v1:172.21.15.146:6789/0] -- mon_subscribe({mgrmap=0+}) v3 -- 0x7f12fc1140a0 con 0x7f12fc078c90
2024-04-01T17:59:44.855 INFO:teuthology.orchestra.run.smithi146.stdout:/usr/bin/ceph: stderr
2024-04-01T17:59:37.922+0000 7f12f3e00700 1 -- 172.21.15.146:0/1427686631 <== mon.0 v2:172.21.15.146:3300/0 3 ==== mon_map magic: 0 v1 ==== 229+0+0 (secure 0 0 0) 0x7f12ec01ad90 con 0x7f12fc078c90
2024-04-01T17:59:44.855 INFO:teuthology.orchestra.run.smithi146.stdout:/usr/bin/ceph: stderr
2024-04-01T17:59:37.922+0000 7f1302a00700 1 -- 172.21.15.146:0/1427686631 --> [v2:172.21.15.146:3300/0,v1:172.21.15.146:6789/0] -- mon_subscribe({osdmap=0}) v3 -- 0x7f12fc114c10 con 0x7f12fc078c90
2024-04-01T17:59:44.855 INFO:teuthology.orchestra.run.smithi146.stdout:/usr/bin/ceph: stderr
2024-04-01T17:59:37.923+0000 7f12f3e00700 1 -- 172.21.15.146:0/1427686631 <== mon.0 v2:172.21.15.146:3300/0 4 ==== mgrmap(e 5) v1 ==== 43368+0+0 (secure 0 0 0) 0x7f12ec010920 con 0x7f12fc078c90
2024-04-01T17:59:44.855 INFO:teuthology.orchestra.run.smithi146.stdout:/usr/bin/ceph: stderr
2024-04-01T17:59:37.923+0000 7f12f3e00700 1 --2- 172.21.15.146:0/1427686631 >> [v2:172.21.15.146:6800/297873444,v1:172.21.15.146:6801/297873444] conn(0x7f12e00367e0 0x7f12e0038c90 unknown :-1 s=NONE pgs=0 cs=0 l=1 rev1=0 crypto rx=0 tx=0 comp rx=0 tx=0).connect
2024-04-01T17:59:44.855 INFO:teuthology.orchestra.run.smithi146.stdout:/usr/bin/ceph: stderr
2024-04-01T17:59:37.923+0000 7f12f3e00700 1 -- 172.21.15.146:0/1427686631 --> [v2:172.21.15.146:6800/297873444,v1:172.21.15.146:6801/297873444] -- command(tid 0: {"prefix": "get_command_descriptions"}) v1 -- 0x7f12e00393a0 con 0x7f12e00367e0
2024-04-01T17:59:44.855 INFO:teuthology.orchestra.run.smithi146.stdout:/usr/bin/ceph: stderr
2024-04-01T17:59:37.923+0000 7f12f3e00700 1 -- 172.21.15.146:0/1427686631 <== mon.0 v2:172.21.15.146:3300/0 5 ==== osd_map(1..1 src has 1..1) v4 ==== 721+0+0 (secure 0 0 0) 0x7f12ec01e070 con 0x7f12fc078c90
2024-04-01T17:59:44.855 INFO:teuthology.orchestra.run.smithi146.stdout:/usr/bin/ceph: stderr
2024-04-01T17:59:37.923+0000 7f12fb400700 1 -- 172.21.15.146:0/1427686631 >> [v2:172.21.15.146:6800/297873444,v1:172.21.15.146:6801/297873444] conn(0x7f12e00367e0 msgr2=0x7f12e0038c90 unknown :-1 s=STATE_CONNECTING_RE l=1).process reconnect failed to v2:172.21.15.146:6800/297873444
2024-04-01T17:59:44.855 INFO:teuthology.orchestra.run.smithi146.stdout:/usr/bin/ceph: stderr
2024-04-01T17:59:37.923+0000 7f12fb400700 1 --2- 172.21.15.146:0/1427686631 >> [v2:172.21.15.146:6800/297873444,v1:172.21.15.146:6801/297873444] conn(0x7f12e00367e0 0x7f12e0038c90 unknown :-1 s=START_CONNECT pgs=0 cs=0 l=1 rev1=0 crypto rx=0 tx=0 comp rx=0 tx=0)._fault waiting 0.200000
2024-04-01T17:59:44.855 INFO:teuthology.orchestra.run.smithi146.stdout:/usr/bin/ceph: stderr
2024-04-01T17:59:38.124+0000 7f12fb400700 1 -- 172.21.15.146:0/1427686631 >> [v2:172.21.15.146:6800/297873444,v1:172.21.15.146:6801/297873444] conn(0x7f12e00367e0 msgr2=0x7f12e0038c90 unknown :-1 s=STATE_CONNECTING_RE l=1).process reconnect failed to v2:172.21.15.146:6800/297873444
2024-04-01T17:59:44.855 INFO:teuthology.orchestra.run.smithi146.stdout:/usr/bin/ceph: stderr
2024-04-01T17:59:38.124+0000 7f12fb400700 1 --2- 172.21.15.146:0/1427686631 >> [v2:172.21.15.146:6800/297873444,v1:172.21.15.146:6801/297873444] conn(0x7f12e00367e0 0x7f12e0038c90 unknown :-1 s=START_CONNECT pgs=0 cs=0 l=1 rev1=0 crypto rx=0 tx=0 comp rx=0 tx=0)._fault waiting 0.400000
2024-04-01T17:59:44.856 INFO:teuthology.orchestra.run.smithi146.stdout:/usr/bin/ceph: stderr
2024-04-01T17:59:38.525+0000 7f12fb400700 1 -- 172.21.15.146:0/1427686631 >> [v2:172.21.15.146:6800/297873444,v1:172.21.15.146:6801/297873444] conn(0x7f12e00367e0 msgr2=0x7f12e0038c90 unknown :-1 s=STATE_CONNECTING_RE l=1).process reconnect failed to v2:172.21.15.146:6800/297873444
2024-04-01T17:59:44.856 INFO:teuthology.orchestra.run.smithi146.stdout:/usr/bin/ceph: stderr
2024-04-01T17:59:38.525+0000 7f12fb400700 1 --2- 172.21.15.146:0/1427686631 >> [v2:172.21.15.146:6800/297873444,v1:172.21.15.146:6801/297873444] conn(0x7f12e00367e0 0x7f12e0038c90 unknown :-1 s=START_CONNECT pgs=0 cs=0 l=1 rev1=0 crypto rx=0 tx=0 comp rx=0 tx=0)._fault waiting 0.800000
2024-04-01T17:59:44.856 INFO:teuthology.orchestra.run.smithi146.stdout:/usr/bin/ceph: stderr
2024-04-01T17:59:39.326+0000 7f12fb400700 1 -- 172.21.15.146:0/1427686631 >> [v2:172.21.15.146:6800/297873444,v1:172.21.15.146:6801/297873444] conn(0x7f12e00367e0 msgr2=0x7f12e0038c90 unknown :-1 s=STATE_CONNECTING_RE l=1).process reconnect failed to v2:172.21.15.146:6800/297873444
2024-04-01T17:59:44.856 INFO:teuthology.orchestra.run.smithi146.stdout:/usr/bin/ceph: stderr
2024-04-01T17:59:39.326+0000 7f12fb400700 1 --2- 172.21.15.146:0/1427686631 >> [v2:172.21.15.146:6800/297873444,v1:172.21.15.146:6801/297873444] conn(0x7f12e00367e0 0x7f12e0038c90 unknown :-1 s=START_CONNECT pgs=0 cs=0 l=1 rev1=0 crypto rx=0 tx=0 comp rx=0 tx=0)._fault waiting 1.600000
2024-04-01T17:59:44.856 INFO:teuthology.orchestra.run.smithi146.stdout:/usr/bin/ceph: stderr
2024-04-01T17:59:40.927+0000 7f12fb400700 1 -- 172.21.15.146:0/1427686631 >> [v2:172.21.15.146:6800/297873444,v1:172.21.15.146:6801/297873444] conn(0x7f12e00367e0 msgr2=0x7f12e0038c90 unknown :-1 s=STATE_CONNECTING_RE l=1).process reconnect failed to v2:172.21.15.146:6800/297873444
2024-04-01T17:59:44.856 INFO:teuthology.orchestra.run.smithi146.stdout:/usr/bin/ceph: stderr
2024-04-01T17:59:40.927+0000 7f12fb400700 1 --2- 172.21.15.146:0/1427686631 >> [v2:172.21.15.146:6800/297873444,v1:172.21.15.146:6801/297873444] conn(0x7f12e00367e0 0x7f12e0038c90 unknown :-1 s=START_CONNECT pgs=0 cs=0 l=1 rev1=0 crypto rx=0 tx=0 comp rx=0 tx=0)._fault waiting 3.200000
2024-04-01T17:59:44.856 INFO:teuthology.orchestra.run.smithi146.stdout:/usr/bin/ceph: stderr
2024-04-01T17:59:43.023+0000 7f12f3e00700 1 -- 172.21.15.146:0/1427686631 <== mon.0 v2:172.21.15.146:3300/0 6 ==== mgrmap(e 6) v1 ==== 43135+0+0 (secure 0 0 0) 0x7f12ec02b440 con 0x7f12fc078c90
2024-04-01T17:59:44.856 INFO:teuthology.orchestra.run.smithi146.stdout:/usr/bin/ceph: stderr
2024-04-01T17:59:43.023+0000 7f12f3e00700 1 -- 172.21.15.146:0/1427686631 >> [v2:172.21.15.146:6800/297873444,v1:172.21.15.146:6801/297873444] conn(0x7f12e00367e0 msgr2=0x7f12e0038c90 unknown :-1 s=STATE_CONNECTING l=1).mark_down
2024-04-01T17:59:44.856 INFO:teuthology.orchestra.run.smithi146.stdout:/usr/bin/ceph: stderr
2024-04-01T17:59:43.023+0000 7f12f3e00700 1 --2- 172.21.15.146:0/1427686631 >> [v2:172.21.15.146:6800/297873444,v1:172.21.15.146:6801/297873444] conn(0x7f12e00367e0 0x7f12e0038c90 unknown :-1 s=START_CONNECT pgs=0 cs=0 l=1 rev1=0 crypto rx=0 tx=0 comp rx=0 tx=0).stop
2024-04-01T17:59:44.856 INFO:teuthology.orchestra.run.smithi146.stdout:/usr/bin/ceph: stderr
2024-04-01T17:59:44.025+0000 7f12f3e00700 1 -- 172.21.15.146:0/1427686631 <== mon.0 v2:172.21.15.146:3300/0 7 ==== mgrmap(e 7) v1 ==== 43262+0+0 (secure 0 0 0) 0x7f12ec02b770 con 0x7f12fc078c90
2024-04-01T17:59:44.856 INFO:teuthology.orchestra.run.smithi146.stdout:/usr/bin/ceph: stderr
2024-04-01T17:59:44.025+0000 7f12f3e00700 1 --2- 172.21.15.146:0/1427686631 >> [v2:172.21.15.146:6800/3771827799,v1:172.21.15.146:6801/3771827799] conn(0x7f12e0039fc0 0x7f12e003c3a0 unknown :-1 s=NONE pgs=0 cs=0 l=1 rev1=0 crypto rx=0 tx=0 comp rx=0 tx=0).connect
2024-04-01T17:59:44.856 INFO:teuthology.orchestra.run.smithi146.stdout:/usr/bin/ceph: stderr
2024-04-01T17:59:44.025+0000 7f12f3e00700 1 -- 172.21.15.146:0/1427686631 --> [v2:172.21.15.146:6800/3771827799,v1:172.21.15.146:6801/3771827799] -- command(tid 0: {"prefix": "get_command_descriptions"}) v1 -- 0x7f12e00393a0 con 0x7f12e0039fc0
2024-04-01T17:59:44.856 INFO:teuthology.orchestra.run.smithi146.stdout:/usr/bin/ceph: stderr
2024-04-01T17:59:44.026+0000 7f12fb400700 1 --2- 172.21.15.146:0/1427686631 >> [v2:172.21.15.146:6800/3771827799,v1:172.21.15.146:6801/3771827799] conn(0x7f12e0039fc0 0x7f12e003c3a0 unknown :-1 s=BANNER_CONNECTING pgs=0 cs=0 l=1 rev1=0 crypto rx=0 tx=0 comp rx=0 tx=0)._handle_peer_banner_payload supported=3 required=0
2024-04-01T17:59:44.856 INFO:teuthology.orchestra.run.smithi146.stdout:/usr/bin/ceph: stderr
2024-04-01T17:59:44.030+0000 7f12fb400700 1 --2- 172.21.15.146:0/1427686631 >> [v2:172.21.15.146:6800/3771827799,v1:172.21.15.146:6801/3771827799] conn(0x7f12e0039fc0 0x7f12e003c3a0 secure :-1 s=READY pgs=2 cs=0 l=1 rev1=1 crypto rx=0x7f12e80039d0 tx=0x7f12e8009350 comp rx=0 tx=0).ready entity=mgr.14120 client_cookie=0 server_cookie=0 in_seq=0 out_seq=0
2024-04-01T17:59:44.856 INFO:teuthology.orchestra.run.smithi146.stdout:/usr/bin/ceph: stderr
2024-04-01T17:59:44.032+0000 7f12f3e00700 1 -- 172.21.15.146:0/1427686631 <== mgr.14120 v2:172.21.15.146:6800/3771827799 1 ==== command_reply(tid 0: 0 ) v1 ==== 8+0+6549 (secure 0 0 0) 0x7f12e00393a0 con 0x7f12e0039fc0
2024-04-01T17:59:44.856 INFO:teuthology.orchestra.run.smithi146.stdout:/usr/bin/ceph: stderr
2024-04-01T17:59:44.039+0000 7f1302a00700 1 -- 172.21.15.146:0/1427686631 --> [v2:172.21.15.146:6800/3771827799,v1:172.21.15.146:6801/3771827799] -- command(tid 1: {"prefix": "mgr_status"}) v1 -- 0x7f12fc114530 con 0x7f12e0039fc0
2024-04-01T17:59:44.857 INFO:teuthology.orchestra.run.smithi146.stdout:/usr/bin/ceph: stderr
2024-04-01T17:59:44.039+0000 7f12f3e00700 1 -- 172.21.15.146:0/1427686631 <== mgr.14120 v2:172.21.15.146:6800/3771827799 2 ==== command_reply(tid 1: 0 ) v1 ==== 8+0+51 (secure 0 0 0) 0x7f12fc114530 con 0x7f12e0039fc0
2024-04-01T17:59:44.857 INFO:teuthology.orchestra.run.smithi146.stdout:/usr/bin/ceph: stderr
2024-04-01T17:59:44.040+0000 7f1302a00700 1 -- 172.21.15.146:0/1427686631 >> [v2:172.21.15.146:6800/3771827799,v1:172.21.15.146:6801/3771827799] conn(0x7f12e0039fc0 msgr2=0x7f12e003c3a0 secure :-1 s=STATE_CONNECTION_ESTABLISHED l=1).mark_down
2024-04-01T17:59:44.857 INFO:teuthology.orchestra.run.smithi146.stdout:/usr/bin/ceph: stderr
2024-04-01T17:59:44.040+0000 7f1302a00700 1 --2- 172.21.15.146:0/1427686631 >> [v2:172.21.15.146:6800/3771827799,v1:172.21.15.146:6801/3771827799] conn(0x7f12e0039fc0 0x7f12e003c3a0 secure :-1 s=READY pgs=2 cs=0 l=1 rev1=1 crypto rx=0x7f12e80039d0 tx=0x7f12e8009350 comp rx=0 tx=0).stop
2024-04-01T17:59:44.857 INFO:teuthology.orchestra.run.smithi146.stdout:/usr/bin/ceph: stderr
2024-04-01T17:59:44.040+0000 7f1302a00700 1 -- 172.21.15.146:0/1427686631 >> [v2:172.21.15.146:3300/0,v1:172.21.15.146:6789/0] conn(0x7f12fc078c90 msgr2=0x7f12fc113960 secure :-1 s=STATE_CONNECTION_ESTABLISHED l=1).mark_down
2024-04-01T17:59:44.857 INFO:teuthology.orchestra.run.smithi146.stdout:/usr/bin/ceph: stderr
2024-04-01T17:59:44.040+0000 7f1302a00700 1 --2- 172.21.15.146:0/1427686631 >> [v2:172.21.15.146:3300/0,v1:172.21.15.146:6789/0] conn(0x7f12fc078c90 0x7f12fc113960 secure :-1 s=READY pgs=29 cs=0 l=1 rev1=1 crypto rx=0x7f12ec006d40 tx=0x7f12ec009250 comp rx=0 tx=0).stop
2024-04-01T17:59:44.857 INFO:teuthology.orchestra.run.smithi146.stdout:/usr/bin/ceph: stderr
2024-04-01T17:59:44.040+0000 7f1302a00700 1 -- 172.21.15.146:0/1427686631 shutdown_connections
2024-04-01T17:59:44.857 INFO:teuthology.orchestra.run.smithi146.stdout:/usr/bin/ceph: stderr
2024-04-01T17:59:44.040+0000 7f1302a00700 1 --2- 172.21.15.146:0/1427686631 >> [v2:172.21.15.146:6800/3771827799,v1:172.21.15.146:6801/3771827799] conn(0x7f12e0039fc0 0x7f12e003c3a0 unknown :-1 s=CLOSED pgs=2 cs=0 l=1 rev1=1 crypto rx=0 tx=0 comp rx=0 tx=0).stop
2024-04-01T17:59:44.858 INFO:teuthology.orchestra.run.smithi146.stdout:/usr/bin/ceph: stderr
2024-04-01T17:59:44.040+0000 7f1302a00700 1 --2- 172.21.15.146:0/1427686631 >> [v2:172.21.15.146:3300/0,v1:172.21.15.146:6789/0] conn(0x7f12fc078c90 0x7f12fc113960 unknown :-1 s=CLOSED pgs=29 cs=0 l=1 rev1=1 crypto rx=0 tx=0 comp rx=0 tx=0).stop
2024-04-01T17:59:44.858 INFO:teuthology.orchestra.run.smithi146.stdout:/usr/bin/ceph: stderr
2024-04-01T17:59:44.040+0000 7f1302a00700 1 --2- 172.21.15.146:0/1427686631 >> [v2:172.21.15.146:6800/297873444,v1:172.21.15.146:6801/297873444] conn(0x7f12e00367e0 0x7f12e0038c90 unknown :-1 s=CLOSED pgs=0 cs=0 l=1 rev1=0 crypto rx=0 tx=0 comp rx=0 tx=0).stop
2024-04-01T17:59:44.858 INFO:teuthology.orchestra.run.smithi146.stdout:/usr/bin/ceph: stderr
