2024-04-02T07:34:23.437+0000 7f65b2800700 1 -- 172.21.15.52:0/1553839501 --> [v2:172.21.15.52:3300/0,v1:172.21.15.52:6789/0] -- mon_command([{prefix=config set, name=mgr/cephadm/container_init}] v 0) v1 -- 0x7f65ac19f7e0 con 0x7f65ac07be20
2024-04-02T07:34:23.811 INFO:teuthology.orchestra.run.smithi052.stdout:/usr/bin/ceph: stderr
2024-04-02T07:34:23.441+0000 7f65a3e00700 1 -- 172.21.15.52:0/1553839501 <== mon.0 v2:172.21.15.52:3300/0 7 ==== mon_command_ack([{prefix=config set, name=mgr/cephadm/container_init}]=0 v7)=0 v7) v1 ==== 142+0+0 (secure 0 0 0) 0x7f659c02d350 con 0x7f65ac07be20
2024-04-02T07:34:23.811 INFO:teuthology.orchestra.run.smithi052.stdout:/usr/bin/ceph: stderr
2024-04-02T07:34:23.443+0000 7f65b2800700 1 -- 172.21.15.52:0/1553839501 >> [v2:172.21.15.52:6800/3794182949,v1:172.21.15.52:6801/3794182949] conn(0x7f6590038700 msgr2=0x7f659003abc0 secure :-1 s=STATE_CONNECTION_ESTABLISHED l=1).mark_down
2024-04-02T07:34:23.811 INFO:teuthology.orchestra.run.smithi052.stdout:/usr/bin/ceph: stderr
2024-04-02T07:34:23.443+0000 7f65b2800700 1 --2- 172.21.15.52:0/1553839501 >> [v2:172.21.15.52:6800/3794182949,v1:172.21.15.52:6801/3794182949] conn(0x7f6590038700 0x7f659003abc0 secure :-1 s=READY pgs=14 cs=0 l=1 rev1=1 crypto rx=0x7f6598006fd0 tx=0x7f6598006e40 comp rx=0 tx=0).stop
2024-04-02T07:34:23.811 INFO:teuthology.orchestra.run.smithi052.stdout:/usr/bin/ceph: stderr
2024-04-02T07:34:23.443+0000 7f65b2800700 1 -- 172.21.15.52:0/1553839501 >> [v2:172.21.15.52:3300/0,v1:172.21.15.52:6789/0] conn(0x7f65ac07be20 msgr2=0x7f65ac19c370 secure :-1 s=STATE_CONNECTION_ESTABLISHED l=1).mark_down
2024-04-02T07:34:23.811 INFO:teuthology.orchestra.run.smithi052.stdout:/usr/bin/ceph: stderr
2024-04-02T07:34:23.443+0000 7f65b2800700 1 --2- 172.21.15.52:0/1553839501 >> [v2:172.21.15.52:3300/0,v1:172.21.15.52:6789/0] conn(0x7f65ac07be20 0x7f65ac19c370 secure :-1 s=READY pgs=52 cs=0 l=1 rev1=1 crypto rx=0x7f659c011980 tx=0x7f659c011a60 comp rx=0 tx=0).stop
2024-04-02T07:34:23.811 INFO:teuthology.orchestra.run.smithi052.stdout:/usr/bin/ceph: stderr
2024-04-02T07:34:23.443+0000 7f65b2800700 1 -- 172.21.15.52:0/1553839501 shutdown_connections
2024-04-02T07:34:23.811 INFO:teuthology.orchestra.run.smithi052.stdout:/usr/bin/ceph: stderr
2024-04-02T07:34:23.443+0000 7f65b2800700 1 --2- 172.21.15.52:0/1553839501 >> [v2:172.21.15.52:6800/3794182949,v1:172.21.15.52:6801/3794182949] conn(0x7f6590038700 0x7f659003abc0 unknown :-1 s=CLOSED pgs=14 cs=0 l=1 rev1=1 crypto rx=0 tx=0 comp rx=0 tx=0).stop
2024-04-02T07:34:23.811 INFO:teuthology.orchestra.run.smithi052.stdout:/usr/bin/ceph: stderr
2024-04-02T07:34:23.444+0000 7f65b2800700 1 --2- 172.21.15.52:0/1553839501 >> [v2:172.21.15.52:3300/0,v1:172.21.15.52:6789/0] conn(0x7f65ac07be20 0x7f65ac19c370 unknown :-1 s=CLOSED pgs=52 cs=0 l=1 rev1=1 crypto rx=0 tx=0 comp rx=0 tx=0).stop
2024-04-02T07:34:23.811 INFO:teuthology.orchestra.run.smithi052.stdout:/usr/bin/ceph: stderr
2024-04-02T07:34:23.444+0000 7f65b2800700 1 -- 172.21.15.52:0/1553839501 >> 172.21.15.52:0/1553839501 conn(0x7f65ac101960 msgr2=0x7f65ac102540 unknown :-1 s=STATE_NONE l=0).mark_down
2024-04-02T07:34:23.811 INFO:teuthology.orchestra.run.smithi052.stdout:/usr/bin/ceph: stderr
2024-04-02T07:34:23.444+0000 7f65b2800700 1 -- 172.21.15.52:0/1553839501 shutdown_connections
2024-04-02T07:34:23.811 INFO:teuthology.orchestra.run.smithi052.stdout:/usr/bin/ceph: stderr
2024-04-02T07:34:23.444+0000 7f65b2800700 1 -- 172.21.15.52:0/1553839501 wait complete.
2024-04-02T07:34:24.704 INFO:journalctl@ceph.mon.a.smithi052.stdout:Apr 02 07:34:24 smithi052 ceph-mon[38283]: from='client.? 172.21.15.52:0/1553839501' entity='client.admin'
2024-04-02T07:34:24.844 INFO:teuthology.orchestra.run.smithi052.stdout:/usr/bin/ceph: stderr
2024-04-02T07:34:24.264+0000 7fad29000700 1 Processor -- start
2024-04-02T07:34:24.844 INFO:teuthology.orchestra.run.smithi052.stdout:/usr/bin/ceph: stderr
2024-04-02T07:34:24.264+0000 7fad29000700 1 -- start start
2024-04-02T07:34:24.844 INFO:teuthology.orchestra.run.smithi052.stdout:/usr/bin/ceph: stderr
2024-04-02T07:34:24.264+0000 7fad29000700 1 --2- >> [v2:172.21.15.52:3300/0,v1:172.21.15.52:6789/0] conn(0x7fad2407be20 0x7fad2407a280 unknown :-1 s=NONE pgs=0 cs=0 l=0 rev1=0 crypto rx=0 tx=0 comp rx=0 tx=0).connect
2024-04-02T07:34:24.845 INFO:teuthology.orchestra.run.smithi052.stdout:/usr/bin/ceph: stderr
2024-04-02T07:34:24.264+0000 7fad29000700 1 -- --> [v2:172.21.15.52:3300/0,v1:172.21.15.52:6789/0] -- mon_getmap magic: 0 v1 -- 0x7fad2407a850 con 0x7fad2407be20
2024-04-02T07:34:24.845 INFO:teuthology.orchestra.run.smithi052.stdout:/usr/bin/ceph: stderr
2024-04-02T07:34:24.265+0000 7fad21e00700 1 --2- >> [v2:172.21.15.52:3300/0,v1:172.21.15.52:6789/0] conn(0x7fad2407be20 0x7fad2407a280 unknown :-1 s=BANNER_CONNECTING pgs=0 cs=0 l=0 rev1=0 crypto rx=0 tx=0 comp rx=0 tx=0)._handle_peer_banner_payload supported=3 required=0
2024-04-02T07:34:24.845 INFO:teuthology.orchestra.run.smithi052.stdout:/usr/bin/ceph: stderr
2024-04-02T07:34:24.265+0000 7fad21e00700 1 --2- >> [v2:172.21.15.52:3300/0,v1:172.21.15.52:6789/0] conn(0x7fad2407be20 0x7fad2407a280 unknown :-1 s=HELLO_CONNECTING pgs=0 cs=0 l=0 rev1=1 crypto rx=0 tx=0 comp rx=0 tx=0).handle_hello peer v2:172.21.15.52:3300/0 says I am v2:172.21.15.52:50264/0 (socket says 172.21.15.52:50264)
2024-04-02T07:34:24.845 INFO:teuthology.orchestra.run.smithi052.stdout:/usr/bin/ceph: stderr
2024-04-02T07:34:24.265+0000 7fad21e00700 1 -- 172.21.15.52:0/3316260441 learned_addr learned my addr 172.21.15.52:0/3316260441 (peer_addr_for_me v2:172.21.15.52:0/0)
2024-04-02T07:34:24.845 INFO:teuthology.orchestra.run.smithi052.stdout:/usr/bin/ceph: stderr
2024-04-02T07:34:24.265+0000 7fad21e00700 1 -- 172.21.15.52:0/3316260441 --> [v2:172.21.15.52:3300/0,v1:172.21.15.52:6789/0] -- mon_subscribe({config=0+,monmap=0+}) v3 -- 0x7fad2407a990 con 0x7fad2407be20
2024-04-02T07:34:24.845 INFO:teuthology.orchestra.run.smithi052.stdout:/usr/bin/ceph: stderr
2024-04-02T07:34:24.266+0000 7fad21e00700 1 --2- 172.21.15.52:0/3316260441 >> [v2:172.21.15.52:3300/0,v1:172.21.15.52:6789/0] conn(0x7fad2407be20 0x7fad2407a280 secure :-1 s=READY pgs=53 cs=0 l=1 rev1=1 crypto rx=0x7fad140098a0 tx=0x7fad14009bb0 comp rx=0 tx=0).ready entity=mon.0 client_cookie=52f602c95e8b4671 server_cookie=0 in_seq=0 out_seq=0
2024-04-02T07:34:24.845 INFO:teuthology.orchestra.run.smithi052.stdout:/usr/bin/ceph: stderr
2024-04-02T07:34:24.266+0000 7fad20a00700 1 -- 172.21.15.52:0/3316260441 <== mon.0 v2:172.21.15.52:3300/0 1 ==== mon_map magic: 0 v1 ==== 205+0+0 (secure 0 0 0) 0x7fad14004160 con 0x7fad2407be20
2024-04-02T07:34:24.845 INFO:teuthology.orchestra.run.smithi052.stdout:/usr/bin/ceph: stderr
2024-04-02T07:34:24.266+0000 7fad20a00700 1 -- 172.21.15.52:0/3316260441 <== mon.0 v2:172.21.15.52:3300/0 2 ==== config(26 keys) v1 ==== 1105+0+0 (secure 0 0 0) 0x7fad140042c0 con 0x7fad2407be20
2024-04-02T07:34:24.845 INFO:teuthology.orchestra.run.smithi052.stdout:/usr/bin/ceph: stderr
2024-04-02T07:34:24.266+0000 7fad20a00700 1 -- 172.21.15.52:0/3316260441 <== mon.0 v2:172.21.15.52:3300/0 3 ==== mon_map magic: 0 v1 ==== 205+0+0 (secure 0 0 0) 0x7fad140119b0 con 0x7fad2407be20
2024-04-02T07:34:24.845 INFO:teuthology.orchestra.run.smithi052.stdout:/usr/bin/ceph: stderr
2024-04-02T07:34:24.266+0000 7fad29000700 1 -- 172.21.15.52:0/3316260441 >> [v2:172.21.15.52:3300/0,v1:172.21.15.52:6789/0] conn(0x7fad2407be20 msgr2=0x7fad2407a280 secure :-1 s=STATE_CONNECTION_ESTABLISHED l=1).mark_down
2024-04-02T07:34:24.845 INFO:teuthology.orchestra.run.smithi052.stdout:/usr/bin/ceph: stderr
2024-04-02T07:34:24.266+0000 7fad29000700 1 --2- 172.21.15.52:0/3316260441 >> [v2:172.21.15.52:3300/0,v1:172.21.15.52:6789/0] conn(0x7fad2407be20 0x7fad2407a280 secure :-1 s=READY pgs=53 cs=0 l=1 rev1=1 crypto rx=0x7fad140098a0 tx=0x7fad14009bb0 comp rx=0 tx=0).stop
2024-04-02T07:34:24.845 INFO:teuthology.orchestra.run.smithi052.stdout:/usr/bin/ceph: stderr
2024-04-02T07:34:24.267+0000 7fad29000700 1 -- 172.21.15.52:0/3316260441 shutdown_connections
2024-04-02T07:34:24.845 INFO:teuthology.orchestra.run.smithi052.stdout:/usr/bin/ceph: stderr
2024-04-02T07:34:24.267+0000 7fad29000700 1 --2- 172.21.15.52:0/3316260441 >> [v2:172.21.15.52:3300/0,v1:172.21.15.52:6789/0] conn(0x7fad2407be20 0x7fad2407a280 unknown :-1 s=CLOSED pgs=53 cs=0 l=1 rev1=1 crypto rx=0 tx=0 comp rx=0 tx=0).stop
2024-04-02T07:34:24.845 INFO:teuthology.orchestra.run.smithi052.stdout:/usr/bin/ceph: stderr
2024-04-02T07:34:24.267+0000 7fad29000700 1 -- 172.21.15.52:0/3316260441 >> 172.21.15.52:0/3316260441 conn(0x7fad241019f0 msgr2=0x7fad24103e10 unknown :-1 s=STATE_NONE l=0).mark_down
2024-04-02T07:34:24.846 INFO:teuthology.orchestra.run.smithi052.stdout:/usr/bin/ceph: stderr
2024-04-02T07:34:24.267+0000 7fad29000700 1 -- 172.21.15.52:0/3316260441 shutdown_connections
2024-04-02T07:34:24.846 INFO:teuthology.orchestra.run.smithi052.stdout:/usr/bin/ceph: stderr
2024-04-02T07:34:24.267+0000 7fad29000700 1 -- 172.21.15.52:0/3316260441 wait complete.
2024-04-02T07:34:24.846 INFO:teuthology.orchestra.run.smithi052.stdout:/usr/bin/ceph: stderr
2024-04-02T07:34:24.268+0000 7fad29000700 1 Processor -- start
2024-04-02T07:34:24.846 INFO:teuthology.orchestra.run.smithi052.stdout:/usr/bin/ceph: stderr
2024-04-02T07:34:24.268+0000 7fad29000700 1 -- start start
2024-04-02T07:34:24.846 INFO:teuthology.orchestra.run.smithi052.stdout:/usr/bin/ceph: stderr
2024-04-02T07:34:24.268+0000 7fad29000700 1 --2- >> [v2:172.21.15.52:3300/0,v1:172.21.15.52:6789/0] conn(0x7fad2407be20 0x7fad2419c390 unknown :-1 s=NONE pgs=0 cs=0 l=1 rev1=0 crypto rx=0 tx=0 comp rx=0 tx=0).connect
2024-04-02T07:34:24.846 INFO:teuthology.orchestra.run.smithi052.stdout:/usr/bin/ceph: stderr
2024-04-02T07:34:24.268+0000 7fad29000700 1 -- --> [v2:172.21.15.52:3300/0,v1:172.21.15.52:6789/0] -- mon_getmap magic: 0 v1 -- 0x7fad2419c8d0 con 0x7fad2407be20
2024-04-02T07:34:24.846 INFO:teuthology.orchestra.run.smithi052.stdout:/usr/bin/ceph: stderr
2024-04-02T07:34:24.268+0000 7fad21e00700 1 --2- >> [v2:172.21.15.52:3300/0,v1:172.21.15.52:6789/0] conn(0x7fad2407be20 0x7fad2419c390 unknown :-1 s=BANNER_CONNECTING pgs=0 cs=0 l=1 rev1=0 crypto rx=0 tx=0 comp rx=0 tx=0)._handle_peer_banner_payload supported=3 required=0
2024-04-02T07:34:24.846 INFO:teuthology.orchestra.run.smithi052.stdout:/usr/bin/ceph: stderr
2024-04-02T07:34:24.268+0000 7fad21e00700 1 --2- >> [v2:172.21.15.52:3300/0,v1:172.21.15.52:6789/0] conn(0x7fad2407be20 0x7fad2419c390 unknown :-1 s=HELLO_CONNECTING pgs=0 cs=0 l=1 rev1=1 crypto rx=0 tx=0 comp rx=0 tx=0).handle_hello peer v2:172.21.15.52:3300/0 says I am v2:172.21.15.52:50276/0 (socket says 172.21.15.52:50276)
2024-04-02T07:34:24.846 INFO:teuthology.orchestra.run.smithi052.stdout:/usr/bin/ceph: stderr
2024-04-02T07:34:24.268+0000 7fad21e00700 1 -- 172.21.15.52:0/914771060 learned_addr learned my addr 172.21.15.52:0/914771060 (peer_addr_for_me v2:172.21.15.52:0/0)
2024-04-02T07:34:24.846 INFO:teuthology.orchestra.run.smithi052.stdout:/usr/bin/ceph: stderr
2024-04-02T07:34:24.269+0000 7fad21e00700 1 -- 172.21.15.52:0/914771060 --> [v2:172.21.15.52:3300/0,v1:172.21.15.52:6789/0] -- mon_subscribe({config=0+,monmap=0+}) v3 -- 0x7fad14009550 con 0x7fad2407be20
2024-04-02T07:34:24.846 INFO:teuthology.orchestra.run.smithi052.stdout:/usr/bin/ceph: stderr
2024-04-02T07:34:24.269+0000 7fad21e00700 1 --2- 172.21.15.52:0/914771060 >> [v2:172.21.15.52:3300/0,v1:172.21.15.52:6789/0] conn(0x7fad2407be20 0x7fad2419c390 secure :-1 s=READY pgs=54 cs=0 l=1 rev1=1 crypto rx=0x7fad14011980 tx=0x7fad14011a60 comp rx=0 tx=0).ready entity=mon.0 client_cookie=0 server_cookie=0 in_seq=0 out_seq=0
2024-04-02T07:34:24.847 INFO:teuthology.orchestra.run.smithi052.stdout:/usr/bin/ceph: stderr
2024-04-02T07:34:24.269+0000 7fad1aa00700 1 -- 172.21.15.52:0/914771060 <== mon.0 v2:172.21.15.52:3300/0 1 ==== mon_map magic: 0 v1 ==== 205+0+0 (secure 0 0 0) 0x7fad14003af0 con 0x7fad2407be20
2024-04-02T07:34:24.847 INFO:teuthology.orchestra.run.smithi052.stdout:/usr/bin/ceph: stderr
2024-04-02T07:34:24.269+0000 7fad1aa00700 1 -- 172.21.15.52:0/914771060 <== mon.0 v2:172.21.15.52:3300/0 2 ==== config(26 keys) v1 ==== 1105+0+0 (secure 0 0 0) 0x7fad14003c50 con 0x7fad2407be20
2024-04-02T07:34:24.847 INFO:teuthology.orchestra.run.smithi052.stdout:/usr/bin/ceph: stderr
2024-04-02T07:34:24.269+0000 7fad29000700 1 -- 172.21.15.52:0/914771060 --> [v2:172.21.15.52:3300/0,v1:172.21.15.52:6789/0] -- mon_subscribe({mgrmap=0+}) v3 -- 0x7fad2419cad0 con 0x7fad2407be20
2024-04-02T07:34:24.847 INFO:teuthology.orchestra.run.smithi052.stdout:/usr/bin/ceph: stderr
2024-04-02T07:34:24.269+0000 7fad1aa00700 1 -- 172.21.15.52:0/914771060 <== mon.0 v2:172.21.15.52:3300/0 3 ==== mon_map magic: 0 v1 ==== 205+0+0 (secure 0 0 0) 0x7fad14019760 con 0x7fad2407be20
2024-04-02T07:34:24.847 INFO:teuthology.orchestra.run.smithi052.stdout:/usr/bin/ceph: stderr
2024-04-02T07:34:24.270+0000 7fad29000700 1 -- 172.21.15.52:0/914771060 --> [v2:172.21.15.52:3300/0,v1:172.21.15.52:6789/0] -- mon_subscribe({osdmap=0}) v3 -- 0x7fad2419cf70 con 0x7fad2407be20
2024-04-02T07:34:24.847 INFO:teuthology.orchestra.run.smithi052.stdout:/usr/bin/ceph: stderr
2024-04-02T07:34:24.271+0000 7fad29000700 1 -- 172.21.15.52:0/914771060 --> [v2:172.21.15.52:3300/0,v1:172.21.15.52:6789/0] -- mon_command({"prefix": "get_command_descriptions"} v 0) v1 -- 0x7fad2410c7d0 con 0x7fad2407be20
2024-04-02T07:34:24.847 INFO:teuthology.orchestra.run.smithi052.stdout:/usr/bin/ceph: stderr
2024-04-02T07:34:24.271+0000 7fad1aa00700 1 -- 172.21.15.52:0/914771060 <== mon.0 v2:172.21.15.52:3300/0 4 ==== mgrmap(e 8) v1 ==== 45533+0+0 (secure 0 0 0) 0x7fad1401a430 con 0x7fad2407be20
2024-04-02T07:34:24.847 INFO:teuthology.orchestra.run.smithi052.stdout:/usr/bin/ceph: stderr
2024-04-02T07:34:24.271+0000 7fad1aa00700 1 --2- 172.21.15.52:0/914771060 >> [v2:172.21.15.52:6800/3794182949,v1:172.21.15.52:6801/3794182949] conn(0x7fad08038700 0x7fad0803abc0 unknown :-1 s=NONE pgs=0 cs=0 l=1 rev1=0 crypto rx=0 tx=0 comp rx=0 tx=0).connect
2024-04-02T07:34:24.847 INFO:teuthology.orchestra.run.smithi052.stdout:/usr/bin/ceph: stderr
2024-04-02T07:34:24.271+0000 7fad1aa00700 1 -- 172.21.15.52:0/914771060 <== mon.0 v2:172.21.15.52:3300/0 5 ==== osd_map(2..2 src has 1..2) v4 ==== 940+0+0 (secure 0 0 0) 0x7fad1404c920 con 0x7fad2407be20
2024-04-02T07:34:24.847 INFO:teuthology.orchestra.run.smithi052.stdout:/usr/bin/ceph: stderr
2024-04-02T07:34:24.271+0000 7fad21400700 1 --2- 172.21.15.52:0/914771060 >> [v2:172.21.15.52:6800/3794182949,v1:172.21.15.52:6801/3794182949] conn(0x7fad08038700 0x7fad0803abc0 unknown :-1 s=BANNER_CONNECTING pgs=0 cs=0 l=1 rev1=0 crypto rx=0 tx=0 comp rx=0 tx=0)._handle_peer_banner_payload supported=3 required=0
2024-04-02T07:34:24.847 INFO:teuthology.orchestra.run.smithi052.stdout:/usr/bin/ceph: stderr
2024-04-02T07:34:24.272+0000 7fad21400700 1 --2- 172.21.15.52:0/914771060 >> [v2:172.21.15.52:6800/3794182949,v1:172.21.15.52:6801/3794182949] conn(0x7fad08038700 0x7fad0803abc0 secure :-1 s=READY pgs=15 cs=0 l=1 rev1=1 crypto rx=0x7fad10006fd0 tx=0x7fad10006e40 comp rx=0 tx=0).ready entity=mgr.14120 client_cookie=0 server_cookie=0 in_seq=0 out_seq=0
2024-04-02T07:34:24.847 INFO:teuthology.orchestra.run.smithi052.stdout:/usr/bin/ceph: stderr
2024-04-02T07:34:24.280+0000 7fad1aa00700 1 -- 172.21.15.52:0/914771060 <== mon.0 v2:172.21.15.52:3300/0 6 ==== mon_command_ack([{"prefix": "get_command_descriptions"}]=0 v0) v1 ==== 72+0+182738 (secure 0 0 0) 0x7fad1402d950 con 0x7fad2407be20
2024-04-02T07:34:24.848 INFO:teuthology.orchestra.run.smithi052.stdout:/usr/bin/ceph: stderr
2024-04-02T07:34:24.496+0000 7fad29000700 1 -- 172.21.15.52:0/914771060 --> [v2:172.21.15.52:3300/0,v1:172.21.15.52:6789/0] -- mon_command([{prefix=config set, name=mgr/dashboard/ssl_server_port}] v 0) v1 -- 0x7fad2410ca10 con 0x7fad2407be20
2024-04-02T07:34:24.848 INFO:teuthology.orchestra.run.smithi052.stdout:/usr/bin/ceph: stderr
2024-04-02T07:34:24.500+0000 7fad1aa00700 1 -- 172.21.15.52:0/914771060 <== mon.0 v2:172.21.15.52:3300/0 7 ==== mon_command_ack([{prefix=config set, name=mgr/dashboard/ssl_server_port}]=0 v8)=0 v8) v1 ==== 130+0+0 (secure 0 0 0) 0x7fad1402d350 con 0x7fad2407be20
2024-04-02T07:34:24.848 INFO:teuthology.orchestra.run.smithi052.stdout:/usr/bin/ceph: stderr
2024-04-02T07:34:24.503+0000 7fad29000700 1 -- 172.21.15.52:0/914771060 >> [v2:172.21.15.52:6800/3794182949,v1:172.21.15.52:6801/3794182949] conn(0x7fad08038700 msgr2=0x7fad0803abc0 secure :-1 s=STATE_CONNECTION_ESTABLISHED l=1).mark_down
2024-04-02T07:34:24.848 INFO:teuthology.orchestra.run.smithi052.stdout:/usr/bin/ceph: stderr
2024-04-02T07:34:24.503+0000 7fad29000700 1 --2- 172.21.15.52:0/914771060 >> [v2:172.21.15.52:6800/3794182949,v1:172.21.15.52:6801/3794182949] conn(0x7fad08038700 0x7fad0803abc0 secure :-1 s=READY pgs=15 cs=0 l=1 rev1=1 crypto rx=0x7fad10006fd0 tx=0x7fad10006e40 comp rx=0 tx=0).stop
2024-04-02T07:34:24.848 INFO:teuthology.orchestra.run.smithi052.stdout:/usr/bin/ceph: stderr
2024-04-02T07:34:24.503+0000 7fad29000700 1 -- 172.21.15.52:0/914771060 >> [v2:172.21.15.52:3300/0,v1:172.21.15.52:6789/0] conn(0x7fad2407be20 msgr2=0x7fad2419c390 secure :-1 s=STATE_CONNECTION_ESTABLISHED l=1).mark_down
2024-04-02T07:34:24.848 INFO:teuthology.orchestra.run.smithi052.stdout:/usr/bin/ceph: stderr
2024-04-02T07:34:24.503+0000 7fad29000700 1 --2- 172.21.15.52:0/914771060 >> [v2:172.21.15.52:3300/0,v1:172.21.15.52:6789/0] conn(0x7fad2407be20 0x7fad2419c390 secure :-1 s=READY pgs=54 cs=0 l=1 rev1=1 crypto rx=0x7fad14011980 tx=0x7fad14011a60 comp rx=0 tx=0).stop
2024-04-02T07:34:24.848 INFO:teuthology.orchestra.run.smithi052.stdout:/usr/bin/ceph: stderr
2024-04-02T07:34:24.503+0000 7fad29000700 1 -- 172.21.15.52:0/914771060 shutdown_connections
2024-04-02T07:34:24.848 INFO:teuthology.orchestra.run.smithi052.stdout:/usr/bin/ceph: stderr
2024-04-02T07:34:24.503+0000 7fad29000700 1 --2- 172.21.15.52:0/914771060 >> [v2:172.21.15.52:6800/3794182949,v1:172.21.15.52:6801/3794182949] conn(0x7fad08038700 0x7fad0803abc0 unknown :-1 s=CLOSED pgs=15 cs=0 l=1 rev1=1 crypto rx=0 tx=0 comp rx=0 tx=0).stop
2024-04-02T07:34:24.848 INFO:teuthology.orchestra.run.smithi052.stdout:/usr/bin/ceph: stderr
2024-04-02T07:34:24.503+0000 7fad29000700 1 --2- 172.21.15.52:0/914771060 >> [v2:172.21.15.52:3300/0,v1:172.21.15.52:6789/0] conn(0x7fad2407be20 0x7fad2419c390 unknown :-1 s=CLOSED pgs=54 cs=0 l=1 rev1=1 crypto rx=0 tx=0 comp rx=0 tx=0).stop
2024-04-02T07:34:24.848 INFO:teuthology.orchestra.run.smithi052.stdout:/usr/bin/ceph: stderr
2024-04-02T07:34:24.503+0000 7fad29000700 1 -- 172.21.15.52:0/914771060 >> 172.21.15.52:0/914771060 conn(0x7fad241019f0 msgr2=0x7fad241025d0 unknown :-1 s=STATE_NONE l=0).mark_down
2024-04-02T07:34:24.848 INFO:teuthology.orchestra.run.smithi052.stdout:/usr/bin/ceph: stderr
2024-04-02T07:34:24.503+0000 7fad29000700 1 -- 172.21.15.52:0/914771060 shutdown_connections
2024-04-02T07:34:24.848 INFO:teuthology.orchestra.run.smithi052.stdout:/usr/bin/ceph: stderr
2024-04-02T07:34:24.504+0000 7fad29000700 1 -- 172.21.15.52:0/914771060 wait complete.
2024-04-02T07:34:24.848 INFO:teuthology.orchestra.run.smithi052.stdout:Enabling the dashboard module...
2024-04-02T07:34:25.676 INFO:journalctl@ceph.mon.a.smithi052.stdout:Apr 02 07:34:25 smithi052 ceph-mon[38283]: from='client.? 172.21.15.52:0/914771060' entity='client.admin'
2024-04-02T07:34:25.677 INFO:journalctl@ceph.mon.a.smithi052.stdout:Apr 02 07:34:25 smithi052 ceph-mon[38283]: from='mgr.14120 172.21.15.52:0/3274935043' entity='mgr.x'
2024-04-02T07:34:26.801 INFO:journalctl@ceph.mon.a.smithi052.stdout:Apr 02 07:34:26 smithi052 ceph-mon[38283]: from='client.? 172.21.15.52:0/1312242706' entity='client.admin' cmd=[{"prefix": "mgr module enable", "module": "dashboard"}]: dispatch
2024-04-02T07:34:26.801 INFO:journalctl@ceph.mgr.x.smithi052.stdout:Apr 02 07:34:26 smithi052 ceph-336399d0-f0c3-11ee-b647-cb9ed24678a4-mgr-x[38533]: ignoring --setuser ceph since I am not root
2024-04-02T07:34:26.802 INFO:journalctl@ceph.mgr.x.smithi052.stdout:Apr 02 07:34:26 smithi052 ceph-336399d0-f0c3-11ee-b647-cb9ed24678a4-mgr-x[38533]: ignoring --setgroup ceph since I am not root
2024-04-02T07:34:26.854 INFO:teuthology.orchestra.run.smithi052.stdout:/usr/bin/ceph: stderr
2024-04-02T07:34:25.269+0000 7f0cf1800700 1 Processor -- start
2024-04-02T07:34:26.859 INFO:teuthology.orchestra.run.smithi052.stdout:/usr/bin/ceph: stderr
2024-04-02T07:34:25.270+0000 7f0cf1800700 1 -- start start
2024-04-02T07:34:26.859 INFO:teuthology.orchestra.run.smithi052.stdout:/usr/bin/ceph: stderr
2024-04-02T07:34:25.270+0000 7f0cf1800700 1 --2- >> [v2:172.21.15.52:3300/0,v1:172.21.15.52:6789/0] conn(0x7f0cec07be60 0x7f0cec07a2c0 unknown :-1 s=NONE pgs=0 cs=0 l=0 rev1=0 crypto rx=0 tx=0 comp rx=0 tx=0).connect
2024-04-02T07:34:26.859 INFO:teuthology.orchestra.run.smithi052.stdout:/usr/bin/ceph: stderr
2024-04-02T07:34:25.270+0000 7f0cf1800700 1 -- --> [v2:172.21.15.52:3300/0,v1:172.21.15.52:6789/0] -- mon_getmap magic: 0 v1 -- 0x7f0cec07a890 con 0x7f0cec07be60
2024-04-02T07:34:26.859 INFO:teuthology.orchestra.run.smithi052.stdout:/usr/bin/ceph: stderr
2024-04-02T07:34:25.271+0000 7f0cebe00700 1 --2- >> [v2:172.21.15.52:3300/0,v1:172.21.15.52:6789/0] conn(0x7f0cec07be60 0x7f0cec07a2c0 unknown :-1 s=BANNER_CONNECTING pgs=0 cs=0 l=0 rev1=0 crypto rx=0 tx=0 comp rx=0 tx=0)._handle_peer_banner_payload supported=3 required=0
2024-04-02T07:34:26.859 INFO:teuthology.orchestra.run.smithi052.stdout:/usr/bin/ceph: stderr
2024-04-02T07:34:25.271+0000 7f0cebe00700 1 --2- >> [v2:172.21.15.52:3300/0,v1:172.21.15.52:6789/0] conn(0x7f0cec07be60 0x7f0cec07a2c0 unknown :-1 s=HELLO_CONNECTING pgs=0 cs=0 l=0 rev1=1 crypto rx=0 tx=0 comp rx=0 tx=0).handle_hello peer v2:172.21.15.52:3300/0 says I am v2:172.21.15.52:50284/0 (socket says 172.21.15.52:50284)
2024-04-02T07:34:26.859 INFO:teuthology.orchestra.run.smithi052.stdout:/usr/bin/ceph: stderr
2024-04-02T07:34:25.271+0000 7f0cebe00700 1 -- 172.21.15.52:0/1726985321 learned_addr learned my addr 172.21.15.52:0/1726985321 (peer_addr_for_me v2:172.21.15.52:0/0)
2024-04-02T07:34:26.859 INFO:teuthology.orchestra.run.smithi052.stdout:/usr/bin/ceph: stderr
2024-04-02T07:34:25.271+0000 7f0cebe00700 1 -- 172.21.15.52:0/1726985321 --> [v2:172.21.15.52:3300/0,v1:172.21.15.52:6789/0] -- mon_subscribe({config=0+,monmap=0+}) v3 -- 0x7f0cec07a9d0 con 0x7f0cec07be60
2024-04-02T07:34:26.860 INFO:teuthology.orchestra.run.smithi052.stdout:/usr/bin/ceph: stderr
2024-04-02T07:34:25.271+0000 7f0cebe00700 1 --2- 172.21.15.52:0/1726985321 >> [v2:172.21.15.52:3300/0,v1:172.21.15.52:6789/0] conn(0x7f0cec07be60 0x7f0cec07a2c0 secure :-1 s=READY pgs=55 cs=0 l=1 rev1=1 crypto rx=0x7f0cdc0098a0 tx=0x7f0cdc009bb0 comp rx=0 tx=0).ready entity=mon.0 client_cookie=adf987fc7aba4422 server_cookie=0 in_seq=0 out_seq=0
2024-04-02T07:34:26.860 INFO:teuthology.orchestra.run.smithi052.stdout:/usr/bin/ceph: stderr
2024-04-02T07:34:25.272+0000 7f0ceaa00700 1 -- 172.21.15.52:0/1726985321 <== mon.0 v2:172.21.15.52:3300/0 1 ==== mon_map magic: 0 v1 ==== 205+0+0 (secure 0 0 0) 0x7f0cdc004160 con 0x7f0cec07be60
2024-04-02T07:34:26.860 INFO:teuthology.orchestra.run.smithi052.stdout:/usr/bin/ceph: stderr
2024-04-02T07:34:25.272+0000 7f0ceaa00700 1 -- 172.21.15.52:0/1726985321 <== mon.0 v2:172.21.15.52:3300/0 2 ==== config(26 keys) v1 ==== 1105+0+0 (secure 0 0 0) 0x7f0cdc0042c0 con 0x7f0cec07be60
2024-04-02T07:34:26.860 INFO:teuthology.orchestra.run.smithi052.stdout:/usr/bin/ceph: stderr
2024-04-02T07:34:25.272+0000 7f0ceaa00700 1 -- 172.21.15.52:0/1726985321 <== mon.0 v2:172.21.15.52:3300/0 3 ==== mon_map magic: 0 v1 ==== 205+0+0 (secure 0 0 0) 0x7f0cdc0119b0 con 0x7f0cec07be60
2024-04-02T07:34:26.860 INFO:teuthology.orchestra.run.smithi052.stdout:/usr/bin/ceph: stderr
2024-04-02T07:34:25.272+0000 7f0cf1800700 1 -- 172.21.15.52:0/1726985321 >> [v2:172.21.15.52:3300/0,v1:172.21.15.52:6789/0] conn(0x7f0cec07be60 msgr2=0x7f0cec07a2c0 secure :-1 s=STATE_CONNECTION_ESTABLISHED l=1).mark_down
2024-04-02T07:34:26.860 INFO:teuthology.orchestra.run.smithi052.stdout:/usr/bin/ceph: stderr
2024-04-02T07:34:25.272+0000 7f0cf1800700 1 --2- 172.21.15.52:0/1726985321 >> [v2:172.21.15.52:3300/0,v1:172.21.15.52:6789/0] conn(0x7f0cec07be60 0x7f0cec07a2c0 secure :-1 s=READY pgs=55 cs=0 l=1 rev1=1 crypto rx=0x7f0cdc0098a0 tx=0x7f0cdc009bb0 comp rx=0 tx=0).stop
2024-04-02T07:34:26.860 INFO:teuthology.orchestra.run.smithi052.stdout:/usr/bin/ceph: stderr
2024-04-02T07:34:25.272+0000 7f0cf1800700 1 -- 172.21.15.52:0/1726985321 shutdown_connections
2024-04-02T07:34:26.860 INFO:teuthology.orchestra.run.smithi052.stdout:/usr/bin/ceph: stderr
2024-04-02T07:34:25.272+0000 7f0cf1800700 1 --2- 172.21.15.52:0/1726985321 >> [v2:172.21.15.52:3300/0,v1:172.21.15.52:6789/0] conn(0x7f0cec07be60 0x7f0cec07a2c0 unknown :-1 s=CLOSED pgs=55 cs=0 l=1 rev1=1 crypto rx=0 tx=0 comp rx=0 tx=0).stop
2024-04-02T07:34:26.860 INFO:teuthology.orchestra.run.smithi052.stdout:/usr/bin/ceph: stderr
2024-04-02T07:34:25.272+0000 7f0cf1800700 1 -- 172.21.15.52:0/1726985321 >> 172.21.15.52:0/1726985321 conn(0x7f0cec101800 msgr2=0x7f0cec103c20 unknown :-1 s=STATE_NONE l=0).mark_down
2024-04-02T07:34:26.860 INFO:teuthology.orchestra.run.smithi052.stdout:/usr/bin/ceph: stderr
2024-04-02T07:34:25.273+0000 7f0cf1800700 1 -- 172.21.15.52:0/1726985321 shutdown_connections
2024-04-02T07:34:26.860 INFO:teuthology.orchestra.run.smithi052.stdout:/usr/bin/ceph: stderr
2024-04-02T07:34:25.273+0000 7f0cf1800700 1 -- 172.21.15.52:0/1726985321 wait complete.
2024-04-02T07:34:26.860 INFO:teuthology.orchestra.run.smithi052.stdout:/usr/bin/ceph: stderr
2024-04-02T07:34:25.274+0000 7f0cf1800700 1 Processor -- start
2024-04-02T07:34:26.860 INFO:teuthology.orchestra.run.smithi052.stdout:/usr/bin/ceph: stderr
2024-04-02T07:34:25.274+0000 7f0cf1800700 1 -- start start
2024-04-02T07:34:26.860 INFO:teuthology.orchestra.run.smithi052.stdout:/usr/bin/ceph: stderr
2024-04-02T07:34:25.274+0000 7f0cf1800700 1 --2- >> [v2:172.21.15.52:3300/0,v1:172.21.15.52:6789/0] conn(0x7f0cec07be60 0x7f0cec19c1a0 unknown :-1 s=NONE pgs=0 cs=0 l=1 rev1=0 crypto rx=0 tx=0 comp rx=0 tx=0).connect
2024-04-02T07:34:26.861 INFO:teuthology.orchestra.run.smithi052.stdout:/usr/bin/ceph: stderr
2024-04-02T07:34:25.274+0000 7f0cf1800700 1 -- --> [v2:172.21.15.52:3300/0,v1:172.21.15.52:6789/0] -- mon_getmap magic: 0 v1 -- 0x7f0cec19c6e0 con 0x7f0cec07be60
2024-04-02T07:34:26.861 INFO:teuthology.orchestra.run.smithi052.stdout:/usr/bin/ceph: stderr
2024-04-02T07:34:25.275+0000 7f0cebe00700 1 --2- >> [v2:172.21.15.52:3300/0,v1:172.21.15.52:6789/0] conn(0x7f0cec07be60 0x7f0cec19c1a0 unknown :-1 s=BANNER_CONNECTING pgs=0 cs=0 l=1 rev1=0 crypto rx=0 tx=0 comp rx=0 tx=0)._handle_peer_banner_payload supported=3 required=0
2024-04-02T07:34:26.861 INFO:teuthology.orchestra.run.smithi052.stdout:/usr/bin/ceph: stderr
2024-04-02T07:34:25.275+0000 7f0cebe00700 1 --2- >> [v2:172.21.15.52:3300/0,v1:172.21.15.52:6789/0] conn(0x7f0cec07be60 0x7f0cec19c1a0 unknown :-1 s=HELLO_CONNECTING pgs=0 cs=0 l=1 rev1=1 crypto rx=0 tx=0 comp rx=0 tx=0).handle_hello peer v2:172.21.15.52:3300/0 says I am v2:172.21.15.52:50294/0 (socket says 172.21.15.52:50294)
2024-04-02T07:34:26.861 INFO:teuthology.orchestra.run.smithi052.stdout:/usr/bin/ceph: stderr
2024-04-02T07:34:25.275+0000 7f0cebe00700 1 -- 172.21.15.52:0/1312242706 learned_addr learned my addr 172.21.15.52:0/1312242706 (peer_addr_for_me v2:172.21.15.52:0/0)
2024-04-02T07:34:26.861 INFO:teuthology.orchestra.run.smithi052.stdout:/usr/bin/ceph: stderr
2024-04-02T07:34:25.275+0000 7f0cebe00700 1 -- 172.21.15.52:0/1312242706 --> [v2:172.21.15.52:3300/0,v1:172.21.15.52:6789/0] -- mon_subscribe({config=0+,monmap=0+}) v3 -- 0x7f0cdc009550 con 0x7f0cec07be60
2024-04-02T07:34:26.861 INFO:teuthology.orchestra.run.smithi052.stdout:/usr/bin/ceph: stderr
2024-04-02T07:34:25.275+0000 7f0cebe00700 1 --2- 172.21.15.52:0/1312242706 >> [v2:172.21.15.52:3300/0,v1:172.21.15.52:6789/0] conn(0x7f0cec07be60 0x7f0cec19c1a0 secure :-1 s=READY pgs=56 cs=0 l=1 rev1=1 crypto rx=0x7f0cdc003e60 tx=0x7f0cdc011a30 comp rx=0 tx=0).ready entity=mon.0 client_cookie=0 server_cookie=0 in_seq=0 out_seq=0
2024-04-02T07:34:26.861 INFO:teuthology.orchestra.run.smithi052.stdout:/usr/bin/ceph: stderr
2024-04-02T07:34:25.275+0000 7f0ce8c00700 1 -- 172.21.15.52:0/1312242706 <== mon.0 v2:172.21.15.52:3300/0 1 ==== mon_map magic: 0 v1 ==== 205+0+0 (secure 0 0 0) 0x7f0cdc003a60 con 0x7f0cec07be60
2024-04-02T07:34:26.861 INFO:teuthology.orchestra.run.smithi052.stdout:/usr/bin/ceph: stderr
2024-04-02T07:34:25.276+0000 7f0ce8c00700 1 -- 172.21.15.52:0/1312242706 <== mon.0 v2:172.21.15.52:3300/0 2 ==== config(26 keys) v1 ==== 1105+0+0 (secure 0 0 0) 0x7f0cdc003bc0 con 0x7f0cec07be60
2024-04-02T07:34:26.861 INFO:teuthology.orchestra.run.smithi052.stdout:/usr/bin/ceph: stderr
2024-04-02T07:34:25.276+0000 7f0ce8c00700 1 -- 172.21.15.52:0/1312242706 <== mon.0 v2:172.21.15.52:3300/0 3 ==== mon_map magic: 0 v1 ==== 205+0+0 (secure 0 0 0) 0x7f0cdc0196c0 con 0x7f0cec07be60
2024-04-02T07:34:26.861 INFO:teuthology.orchestra.run.smithi052.stdout:/usr/bin/ceph: stderr
2024-04-02T07:34:25.276+0000 7f0cf1800700 1 -- 172.21.15.52:0/1312242706 --> [v2:172.21.15.52:3300/0,v1:172.21.15.52:6789/0] -- mon_subscribe({mgrmap=0+}) v3 -- 0x7f0cec19c8e0 con 0x7f0cec07be60
2024-04-02T07:34:26.861 INFO:teuthology.orchestra.run.smithi052.stdout:/usr/bin/ceph: stderr
2024-04-02T07:34:25.276+0000 7f0cf1800700 1 -- 172.21.15.52:0/1312242706 --> [v2:172.21.15.52:3300/0,v1:172.21.15.52:6789/0] -- mon_subscribe({osdmap=0}) v3 -- 0x7f0cec19cd80 con 0x7f0cec07be60
2024-04-02T07:34:26.861 INFO:teuthology.orchestra.run.smithi052.stdout:/usr/bin/ceph: stderr
2024-04-02T07:34:25.277+0000 7f0cf1800700 1 -- 172.21.15.52:0/1312242706 --> [v2:172.21.15.52:3300/0,v1:172.21.15.52:6789/0] -- mon_command({"prefix": "get_command_descriptions"} v 0) v1 -- 0x7f0cec10c660 con 0x7f0cec07be60
2024-04-02T07:34:26.861 INFO:teuthology.orchestra.run.smithi052.stdout:/usr/bin/ceph: stderr
2024-04-02T07:34:25.277+0000 7f0ce8c00700 1 -- 172.21.15.52:0/1312242706 <== mon.0 v2:172.21.15.52:3300/0 4 ==== mgrmap(e 8) v1 ==== 45533+0+0 (secure 0 0 0) 0x7f0cdc01a430 con 0x7f0cec07be60
2024-04-02T07:34:26.861 INFO:teuthology.orchestra.run.smithi052.stdout:/usr/bin/ceph: stderr
2024-04-02T07:34:25.277+0000 7f0ce8c00700 1 --2- 172.21.15.52:0/1312242706 >> [v2:172.21.15.52:6800/3794182949,v1:172.21.15.52:6801/3794182949] conn(0x7f0cd0038780 0x7f0cd003ac40 unknown :-1 s=NONE pgs=0 cs=0 l=1 rev1=0 crypto rx=0 tx=0 comp rx=0 tx=0).connect
2024-04-02T07:34:26.861 INFO:teuthology.orchestra.run.smithi052.stdout:/usr/bin/ceph: stderr
2024-04-02T07:34:25.277+0000 7f0ce8c00700 1 -- 172.21.15.52:0/1312242706 <== mon.0 v2:172.21.15.52:3300/0 5 ==== osd_map(2..2 src has 1..2) v4 ==== 940+0+0 (secure 0 0 0) 0x7f0cdc04c970 con 0x7f0cec07be60
2024-04-02T07:34:26.862 INFO:teuthology.orchestra.run.smithi052.stdout:/usr/bin/ceph: stderr
2024-04-02T07:34:25.278+0000 7f0ceb400700 1 --2- 172.21.15.52:0/1312242706 >> [v2:172.21.15.52:6800/3794182949,v1:172.21.15.52:6801/3794182949] conn(0x7f0cd0038780 0x7f0cd003ac40 unknown :-1 s=BANNER_CONNECTING pgs=0 cs=0 l=1 rev1=0 crypto rx=0 tx=0 comp rx=0 tx=0)._handle_peer_banner_payload supported=3 required=0
2024-04-02T07:34:26.862 INFO:teuthology.orchestra.run.smithi052.stdout:/usr/bin/ceph: stderr
2024-04-02T07:34:25.278+0000 7f0ceb400700 1 --2- 172.21.15.52:0/1312242706 >> [v2:172.21.15.52:6800/3794182949,v1:172.21.15.52:6801/3794182949] conn(0x7f0cd0038780 0x7f0cd003ac40 secure :-1 s=READY pgs=16 cs=0 l=1 rev1=1 crypto rx=0x7f0cd8006fd0 tx=0x7f0cd8006e40 comp rx=0 tx=0).ready entity=mgr.14120 client_cookie=0 server_cookie=0 in_seq=0 out_seq=0
2024-04-02T07:34:26.862 INFO:teuthology.orchestra.run.smithi052.stdout:/usr/bin/ceph: stderr
2024-04-02T07:34:25.282+0000 7f0ce8c00700 1 -- 172.21.15.52:0/1312242706 <== mon.0 v2:172.21.15.52:3300/0 6 ==== mon_command_ack([{"prefix": "get_command_descriptions"}]=0 v0) v1 ==== 72+0+182738 (secure 0 0 0) 0x7f0cdc010380 con 0x7f0cec07be60
2024-04-02T07:34:26.862 INFO:teuthology.orchestra.run.smithi052.stdout:/usr/bin/ceph: stderr
2024-04-02T07:34:25.566+0000 7f0cf1800700 1 -- 172.21.15.52:0/1312242706 --> [v2:172.21.15.52:3300/0,v1:172.21.15.52:6789/0] -- mon_command({"prefix": "mgr module enable", "module": "dashboard"} v 0) v1 -- 0x7f0cec10c8a0 con 0x7f0cec07be60
2024-04-02T07:34:26.862 INFO:teuthology.orchestra.run.smithi052.stdout:/usr/bin/ceph: stderr
2024-04-02T07:34:26.504+0000 7f0ce8c00700 1 -- 172.21.15.52:0/1312242706 <== mon.0 v2:172.21.15.52:3300/0 7 ==== mgrmap(e 9) v1 ==== 45546+0+0 (secure 0 0 0) 0x7f0cdc019930 con 0x7f0cec07be60
2024-04-02T07:34:26.862 INFO:teuthology.orchestra.run.smithi052.stdout:/usr/bin/ceph: stderr
2024-04-02T07:34:26.506+0000 7f0ce8c00700 1 -- 172.21.15.52:0/1312242706 <== mon.0 v2:172.21.15.52:3300/0 8 ==== mon_command_ack([{"prefix": "mgr module enable", "module": "dashboard"}]=0 v9) v1 ==== 88+0+0 (secure 0 0 0) 0x7f0cdc04e0e0 con 0x7f0cec07be60
2024-04-02T07:34:26.862 INFO:teuthology.orchestra.run.smithi052.stdout:/usr/bin/ceph: stderr
2024-04-02T07:34:26.509+0000 7f0cf1800700 1 -- 172.21.15.52:0/1312242706 >> [v2:172.21.15.52:6800/3794182949,v1:172.21.15.52:6801/3794182949] conn(0x7f0cd0038780 msgr2=0x7f0cd003ac40 secure :-1 s=STATE_CONNECTION_ESTABLISHED l=1).mark_down
2024-04-02T07:34:26.862 INFO:teuthology.orchestra.run.smithi052.stdout:/usr/bin/ceph: stderr
2024-04-02T07:34:26.509+0000 7f0cf1800700 1 --2- 172.21.15.52:0/1312242706 >> [v2:172.21.15.52:6800/3794182949,v1:172.21.15.52:6801/3794182949] conn(0x7f0cd0038780 0x7f0cd003ac40 secure :-1 s=READY pgs=16 cs=0 l=1 rev1=1 crypto rx=0x7f0cd8006fd0 tx=0x7f0cd8006e40 comp rx=0 tx=0).stop
2024-04-02T07:34:26.862 INFO:teuthology.orchestra.run.smithi052.stdout:/usr/bin/ceph: stderr
2024-04-02T07:34:26.509+0000 7f0cf1800700 1 -- 172.21.15.52:0/1312242706 >> [v2:172.21.15.52:3300/0,v1:172.21.15.52:6789/0] conn(0x7f0cec07be60 msgr2=0x7f0cec19c1a0 secure :-1 s=STATE_CONNECTION_ESTABLISHED l=1).mark_down
2024-04-02T07:34:26.862 INFO:teuthology.orchestra.run.smithi052.stdout:/usr/bin/ceph: stderr
2024-04-02T07:34:26.509+0000 7f0cf1800700 1 --2- 172.21.15.52:0/1312242706 >> [v2:172.21.15.52:3300/0,v1:172.21.15.52:6789/0] conn(0x7f0cec07be60 0x7f0cec19c1a0 secure :-1 s=READY pgs=56 cs=0 l=1 rev1=1 crypto rx=0x7f0cdc003e60 tx=0x7f0cdc011a30 comp rx=0 tx=0).stop
2024-04-02T07:34:26.862 INFO:teuthology.orchestra.run.smithi052.stdout:/usr/bin/ceph: stderr
2024-04-02T07:34:26.509+0000 7f0cf1800700 1 -- 172.21.15.52:0/1312242706 shutdown_connections
2024-04-02T07:34:26.862 INFO:teuthology.orchestra.run.smithi052.stdout:/usr/bin/ceph: stderr
2024-04-02T07:34:26.509+0000 7f0cf1800700 1 --2- 172.21.15.52:0/1312242706 >> [v2:172.21.15.52:6800/3794182949,v1:172.21.15.52:6801/3794182949] conn(0x7f0cd0038780 0x7f0cd003ac40 unknown :-1 s=CLOSED pgs=16 cs=0 l=1 rev1=1 crypto rx=0 tx=0 comp rx=0 tx=0).stop
2024-04-02T07:34:26.862 INFO:teuthology.orchestra.run.smithi052.stdout:/usr/bin/ceph: stderr
2024-04-02T07:34:26.509+0000 7f0cf1800700 1 --2- 172.21.15.52:0/1312242706 >> [v2:172.21.15.52:3300/0,v1:172.21.15.52:6789/0] conn(0x7f0cec07be60 0x7f0cec19c1a0 unknown :-1 s=CLOSED pgs=56 cs=0 l=1 rev1=1 crypto rx=0 tx=0 comp rx=0 tx=0).stop
2024-04-02T07:34:26.863 INFO:teuthology.orchestra.run.smithi052.stdout:/usr/bin/ceph: stderr
2024-04-02T07:34:26.509+0000 7f0cf1800700 1 -- 172.21.15.52:0/1312242706 >> 172.21.15.52:0/1312242706 conn(0x7f0cec101800 msgr2=0x7f0cec102390 unknown :-1 s=STATE_NONE l=0).mark_down
2024-04-02T07:34:26.863 INFO:teuthology.orchestra.run.smithi052.stdout:/usr/bin/ceph: stderr
2024-04-02T07:34:26.510+0000 7f0cf1800700 1 -- 172.21.15.52:0/1312242706 shutdown_connections
2024-04-02T07:34:26.863 INFO:teuthology.orchestra.run.smithi052.stdout:/usr/bin/ceph: stderr
2024-04-02T07:34:26.510+0000 7f0cf1800700 1 -- 172.21.15.52:0/1312242706 wait complete.
2024-04-02T07:34:27.505 INFO:journalctl@ceph.mgr.x.smithi052.stdout:Apr 02 07:34:27 smithi052 ceph-336399d0-f0c3-11ee-b647-cb9ed24678a4-mgr-x[38533]:
2024-04-02T07:34:27.178+0000 7f2093ec0200 -1 mgr[py] Module prometheus has missing NOTIFY_TYPES member
2024-04-02T07:34:27.505 INFO:journalctl@ceph.mgr.x.smithi052.stdout:Apr 02 07:34:27 smithi052 ceph-336399d0-f0c3-11ee-b647-cb9ed24678a4-mgr-x[38533]:
2024-04-02T07:34:27.304+0000 7f2093ec0200 -1 mgr[py] Module alerts has missing NOTIFY_TYPES member
2024-04-02T07:34:27.505 INFO:journalctl@ceph.mgr.x.smithi052.stdout:Apr 02 07:34:27 smithi052 ceph-336399d0-f0c3-11ee-b647-cb9ed24678a4-mgr-x[38533]:
2024-04-02T07:34:27.427+0000 7f2093ec0200 -1 mgr[py] Module osd_perf_query has missing NOTIFY_TYPES member
2024-04-02T07:34:27.797 INFO:journalctl@ceph.mon.a.smithi052.stdout:Apr 02 07:34:27 smithi052 ceph-mon[38283]: from='client.? 172.21.15.52:0/1312242706' entity='client.admin' cmd='[{"prefix": "mgr module enable", "module": "dashboard"}]': finished
2024-04-02T07:34:27.797 INFO:journalctl@ceph.mon.a.smithi052.stdout:Apr 02 07:34:27 smithi052 ceph-mon[38283]: mgrmap e9: x(active, since 16s)
2024-04-02T07:34:27.798 INFO:journalctl@ceph.mgr.x.smithi052.stdout:Apr 02 07:34:27 smithi052 ceph-336399d0-f0c3-11ee-b647-cb9ed24678a4-mgr-x[38533]:
2024-04-02T07:34:27.541+0000 7f2093ec0200 -1 mgr[py] Module progress has missing NOTIFY_TYPES member
2024-04-02T07:34:27.976 INFO:teuthology.orchestra.run.smithi052.stdout:/usr/bin/ceph: stdout {
2024-04-02T07:34:27.976 INFO:teuthology.orchestra.run.smithi052.stdout:/usr/bin/ceph: stdout "epoch": 9,
2024-04-02T07:34:27.976 INFO:teuthology.orchestra.run.smithi052.stdout:/usr/bin/ceph: stdout "available": true,
2024-04-02T07:34:27.977 INFO:teuthology.orchestra.run.smithi052.stdout:/usr/bin/ceph: stdout "active_name": "x",
2024-04-02T07:34:27.977 INFO:teuthology.orchestra.run.smithi052.stdout:/usr/bin/ceph: stdout "num_standby": 0
2024-04-02T07:34:27.977 INFO:teuthology.orchestra.run.smithi052.stdout:/usr/bin/ceph: stdout }
2024-04-02T07:34:27.977 INFO:teuthology.orchestra.run.smithi052.stdout:/usr/bin/ceph: stderr
2024-04-02T07:34:27.315+0000 7f32f7600700 1 Processor -- start
2024-04-02T07:34:27.977 INFO:teuthology.orchestra.run.smithi052.stdout:/usr/bin/ceph: stderr
2024-04-02T07:34:27.316+0000 7f32f7600700 1 -- start start
2024-04-02T07:34:27.977 INFO:teuthology.orchestra.run.smithi052.stdout:/usr/bin/ceph: stderr
2024-04-02T07:34:27.316+0000 7f32f7600700 1 --2- >> [v2:172.21.15.52:3300/0,v1:172.21.15.52:6789/0] conn(0x7f32f0106e90 0x7f32f0109280 unknown :-1 s=NONE pgs=0 cs=0 l=0 rev1=0 crypto rx=0 tx=0 comp rx=0 tx=0).connect
2024-04-02T07:34:27.977 INFO:teuthology.orchestra.run.smithi052.stdout:/usr/bin/ceph: stderr
2024-04-02T07:34:27.316+0000 7f32f7600700 1 -- --> [v2:172.21.15.52:3300/0,v1:172.21.15.52:6789/0] -- mon_getmap magic: 0 v1 -- 0x7f32f0079e70 con 0x7f32f0106e90
2024-04-02T07:34:27.977 INFO:teuthology.orchestra.run.smithi052.stdout:/usr/bin/ceph: stderr
2024-04-02T07:34:27.316+0000 7f32f4c00700 1 --2- >> [v2:172.21.15.52:3300/0,v1:172.21.15.52:6789/0] conn(0x7f32f0106e90 0x7f32f0109280 unknown :-1 s=BANNER_CONNECTING pgs=0 cs=0 l=0 rev1=0 crypto rx=0 tx=0 comp rx=0 tx=0)._handle_peer_banner_payload supported=3 required=0
2024-04-02T07:34:27.977 INFO:teuthology.orchestra.run.smithi052.stdout:/usr/bin/ceph: stderr
2024-04-02T07:34:27.316+0000 7f32f4c00700 1 --2- >> [v2:172.21.15.52:3300/0,v1:172.21.15.52:6789/0] conn(0x7f32f0106e90 0x7f32f0109280 unknown :-1 s=HELLO_CONNECTING pgs=0 cs=0 l=0 rev1=1 crypto rx=0 tx=0 comp rx=0 tx=0).handle_hello peer v2:172.21.15.52:3300/0 says I am v2:172.21.15.52:50316/0 (socket says 172.21.15.52:50316)
2024-04-02T07:34:27.977 INFO:teuthology.orchestra.run.smithi052.stdout:/usr/bin/ceph: stderr
2024-04-02T07:34:27.316+0000 7f32f4c00700 1 -- 172.21.15.52:0/3110731995 learned_addr learned my addr 172.21.15.52:0/3110731995 (peer_addr_for_me v2:172.21.15.52:0/0)
2024-04-02T07:34:27.977 INFO:teuthology.orchestra.run.smithi052.stdout:/usr/bin/ceph: stderr
2024-04-02T07:34:27.317+0000 7f32f4c00700 1 -- 172.21.15.52:0/3110731995 --> [v2:172.21.15.52:3300/0,v1:172.21.15.52:6789/0] -- mon_subscribe({config=0+,monmap=0+}) v3 -- 0x7f32f01097c0 con 0x7f32f0106e90
2024-04-02T07:34:27.977 INFO:teuthology.orchestra.run.smithi052.stdout:/usr/bin/ceph: stderr
2024-04-02T07:34:27.317+0000 7f32f4c00700 1 --2- 172.21.15.52:0/3110731995 >> [v2:172.21.15.52:3300/0,v1:172.21.15.52:6789/0] conn(0x7f32f0106e90 0x7f32f0109280 secure :-1 s=READY pgs=59 cs=0 l=1 rev1=1 crypto rx=0x7f32e40098a0 tx=0x7f32e4009bb0 comp rx=0 tx=0).ready entity=mon.0 client_cookie=b90d605e563101d3 server_cookie=0 in_seq=0 out_seq=0
2024-04-02T07:34:27.977 INFO:teuthology.orchestra.run.smithi052.stdout:/usr/bin/ceph: stderr
2024-04-02T07:34:27.317+0000 7f32ef400700 1 -- 172.21.15.52:0/3110731995 <== mon.0 v2:172.21.15.52:3300/0 1 ==== mon_map magic: 0 v1 ==== 205+0+0 (secure 0 0 0) 0x7f32e4004160 con 0x7f32f0106e90
2024-04-02T07:34:27.977 INFO:teuthology.orchestra.run.smithi052.stdout:/usr/bin/ceph: stderr
2024-04-02T07:34:27.317+0000 7f32ef400700 1 -- 172.21.15.52:0/3110731995 <== mon.0 v2:172.21.15.52:3300/0 2 ==== config(26 keys) v1 ==== 1105+0+0 (secure 0 0 0) 0x7f32e40042c0 con 0x7f32f0106e90
2024-04-02T07:34:27.978 INFO:teuthology.orchestra.run.smithi052.stdout:/usr/bin/ceph: stderr
2024-04-02T07:34:27.317+0000 7f32ef400700 1 -- 172.21.15.52:0/3110731995 <== mon.0 v2:172.21.15.52:3300/0 3 ==== mon_map magic: 0 v1 ==== 205+0+0 (secure 0 0 0) 0x7f32e40119b0 con 0x7f32f0106e90
2024-04-02T07:34:27.978 INFO:teuthology.orchestra.run.smithi052.stdout:/usr/bin/ceph: stderr
2024-04-02T07:34:27.318+0000 7f32f7600700 1 -- 172.21.15.52:0/3110731995 >> [v2:172.21.15.52:3300/0,v1:172.21.15.52:6789/0] conn(0x7f32f0106e90 msgr2=0x7f32f0109280 secure :-1 s=STATE_CONNECTION_ESTABLISHED l=1).mark_down
2024-04-02T07:34:27.978 INFO:teuthology.orchestra.run.smithi052.stdout:/usr/bin/ceph: stderr
2024-04-02T07:34:27.318+0000 7f32f7600700 1 --2- 172.21.15.52:0/3110731995 >> [v2:172.21.15.52:3300/0,v1:172.21.15.52:6789/0] conn(0x7f32f0106e90 0x7f32f0109280 secure :-1 s=READY pgs=59 cs=0 l=1 rev1=1 crypto rx=0x7f32e40098a0 tx=0x7f32e4009bb0 comp rx=0 tx=0).stop
2024-04-02T07:34:27.978 INFO:teuthology.orchestra.run.smithi052.stdout:/usr/bin/ceph: stderr
2024-04-02T07:34:27.318+0000 7f32f7600700 1 -- 172.21.15.52:0/3110731995 shutdown_connections
2024-04-02T07:34:27.978 INFO:teuthology.orchestra.run.smithi052.stdout:/usr/bin/ceph: stderr
2024-04-02T07:34:27.318+0000 7f32f7600700 1 --2- 172.21.15.52:0/3110731995 >> [v2:172.21.15.52:3300/0,v1:172.21.15.52:6789/0] conn(0x7f32f0106e90 0x7f32f0109280 unknown :-1 s=CLOSED pgs=59 cs=0 l=1 rev1=1 crypto rx=0 tx=0 comp rx=0 tx=0).stop
2024-04-02T07:34:27.978 INFO:teuthology.orchestra.run.smithi052.stdout:/usr/bin/ceph: stderr
2024-04-02T07:34:27.318+0000 7f32f7600700 1 -- 172.21.15.52:0/3110731995 >> 172.21.15.52:0/3110731995 conn(0x7f32f01008c0 msgr2=0x7f32f0102d00 unknown :-1 s=STATE_NONE l=0).mark_down
2024-04-02T07:34:27.978 INFO:teuthology.orchestra.run.smithi052.stdout:/usr/bin/ceph: stderr
2024-04-02T07:34:27.318+0000 7f32f7600700 1 -- 172.21.15.52:0/3110731995 shutdown_connections
2024-04-02T07:34:27.978 INFO:teuthology.orchestra.run.smithi052.stdout:/usr/bin/ceph: stderr
2024-04-02T07:34:27.318+0000 7f32f7600700 1 -- 172.21.15.52:0/3110731995 wait complete.
2024-04-02T07:34:27.978 INFO:teuthology.orchestra.run.smithi052.stdout:/usr/bin/ceph: stderr
2024-04-02T07:34:27.320+0000 7f32f7600700 1 Processor -- start
2024-04-02T07:34:27.978 INFO:teuthology.orchestra.run.smithi052.stdout:/usr/bin/ceph: stderr
2024-04-02T07:34:27.320+0000 7f32f7600700 1 -- start start
2024-04-02T07:34:27.978 INFO:teuthology.orchestra.run.smithi052.stdout:/usr/bin/ceph: stderr
2024-04-02T07:34:27.320+0000 7f32f7600700 1 --2- >> [v2:172.21.15.52:3300/0,v1:172.21.15.52:6789/0] conn(0x7f32f0106e90 0x7f32f019c3a0 unknown :-1 s=NONE pgs=0 cs=0 l=1 rev1=0 crypto rx=0 tx=0 comp rx=0 tx=0).connect
2024-04-02T07:34:27.978 INFO:teuthology.orchestra.run.smithi052.stdout:/usr/bin/ceph: stderr
2024-04-02T07:34:27.320+0000 7f32f7600700 1 -- --> [v2:172.21.15.52:3300/0,v1:172.21.15.52:6789/0] -- mon_getmap magic: 0 v1 -- 0x7f32f019c8e0 con 0x7f32f0106e90
2024-04-02T07:34:27.978 INFO:teuthology.orchestra.run.smithi052.stdout:/usr/bin/ceph: stderr
2024-04-02T07:34:27.321+0000 7f32f4c00700 1 --2- >> [v2:172.21.15.52:3300/0,v1:172.21.15.52:6789/0] conn(0x7f32f0106e90 0x7f32f019c3a0 unknown :-1 s=BANNER_CONNECTING pgs=0 cs=0 l=1 rev1=0 crypto rx=0 tx=0 comp rx=0 tx=0)._handle_peer_banner_payload supported=3 required=0
2024-04-02T07:34:27.979 INFO:teuthology.orchestra.run.smithi052.stdout:/usr/bin/ceph: stderr
2024-04-02T07:34:27.321+0000 7f32f4c00700 1 --2- >> [v2:172.21.15.52:3300/0,v1:172.21.15.52:6789/0] conn(0x7f32f0106e90 0x7f32f019c3a0 unknown :-1 s=HELLO_CONNECTING pgs=0 cs=0 l=1 rev1=1 crypto rx=0 tx=0 comp rx=0 tx=0).handle_hello peer v2:172.21.15.52:3300/0 says I am v2:172.21.15.52:50330/0 (socket says 172.21.15.52:50330)
2024-04-02T07:34:27.979 INFO:teuthology.orchestra.run.smithi052.stdout:/usr/bin/ceph: stderr
2024-04-02T07:34:27.321+0000 7f32f4c00700 1 -- 172.21.15.52:0/691387092 learned_addr learned my addr 172.21.15.52:0/691387092 (peer_addr_for_me v2:172.21.15.52:0/0)
2024-04-02T07:34:27.979 INFO:teuthology.orchestra.run.smithi052.stdout:/usr/bin/ceph: stderr
2024-04-02T07:34:27.321+0000 7f32f4c00700 1 -- 172.21.15.52:0/691387092 --> [v2:172.21.15.52:3300/0,v1:172.21.15.52:6789/0] -- mon_subscribe({config=0+,monmap=0+}) v3 -- 0x7f32e4009550 con 0x7f32f0106e90
2024-04-02T07:34:27.979 INFO:teuthology.orchestra.run.smithi052.stdout:/usr/bin/ceph: stderr
2024-04-02T07:34:27.321+0000 7f32f4c00700 1 --2- 172.21.15.52:0/691387092 >> [v2:172.21.15.52:3300/0,v1:172.21.15.52:6789/0] conn(0x7f32f0106e90 0x7f32f019c3a0 secure :-1 s=READY pgs=60 cs=0 l=1 rev1=1 crypto rx=0x7f32e4011980 tx=0x7f32e4011a60 comp rx=0 tx=0).ready entity=mon.0 client_cookie=0 server_cookie=0 in_seq=0 out_seq=0
2024-04-02T07:34:27.979 INFO:teuthology.orchestra.run.smithi052.stdout:/usr/bin/ceph: stderr
2024-04-02T07:34:27.322+0000 7f32ed600700 1 -- 172.21.15.52:0/691387092 <== mon.0 v2:172.21.15.52:3300/0 1 ==== mon_map magic: 0 v1 ==== 205+0+0 (secure 0 0 0) 0x7f32e4003af0 con 0x7f32f0106e90
2024-04-02T07:34:27.979 INFO:teuthology.orchestra.run.smithi052.stdout:/usr/bin/ceph: stderr
2024-04-02T07:34:27.322+0000 7f32ed600700 1 -- 172.21.15.52:0/691387092 <== mon.0 v2:172.21.15.52:3300/0 2 ==== config(26 keys) v1 ==== 1105+0+0 (secure 0 0 0) 0x7f32e4003c50 con 0x7f32f0106e90
2024-04-02T07:34:27.979 INFO:teuthology.orchestra.run.smithi052.stdout:/usr/bin/ceph: stderr
2024-04-02T07:34:27.322+0000 7f32f7600700 1 -- 172.21.15.52:0/691387092 --> [v2:172.21.15.52:3300/0,v1:172.21.15.52:6789/0] -- mon_subscribe({mgrmap=0+}) v3 -- 0x7f32f019cae0 con 0x7f32f0106e90
2024-04-02T07:34:27.979 INFO:teuthology.orchestra.run.smithi052.stdout:/usr/bin/ceph: stderr
2024-04-02T07:34:27.322+0000 7f32ed600700 1 -- 172.21.15.52:0/691387092 <== mon.0 v2:172.21.15.52:3300/0 3 ==== mon_map magic: 0 v1 ==== 205+0+0 (secure 0 0 0) 0x7f32e4019760 con 0x7f32f0106e90
2024-04-02T07:34:27.979 INFO:teuthology.orchestra.run.smithi052.stdout:/usr/bin/ceph: stderr
2024-04-02T07:34:27.323+0000 7f32f7600700 1 -- 172.21.15.52:0/691387092 --> [v2:172.21.15.52:3300/0,v1:172.21.15.52:6789/0] -- mon_subscribe({osdmap=0}) v3 -- 0x7f32f019cf80 con 0x7f32f0106e90
2024-04-02T07:34:27.979 INFO:teuthology.orchestra.run.smithi052.stdout:/usr/bin/ceph: stderr
2024-04-02T07:34:27.324+0000 7f32f7600700 1 -- 172.21.15.52:0/691387092 --> [v2:172.21.15.52:3300/0,v1:172.21.15.52:6789/0] -- mon_command({"prefix": "get_command_descriptions"} v 0) v1 -- 0x7f32f010a600 con 0x7f32f0106e90
2024-04-02T07:34:27.979 INFO:teuthology.orchestra.run.smithi052.stdout:/usr/bin/ceph: stderr
2024-04-02T07:34:27.325+0000 7f32ed600700 1 -- 172.21.15.52:0/691387092 <== mon.0 v2:172.21.15.52:3300/0 4 ==== mgrmap(e 9) v1 ==== 45546+0+0 (secure 0 0 0) 0x7f32e401ab10 con 0x7f32f0106e90
2024-04-02T07:34:27.979 INFO:teuthology.orchestra.run.smithi052.stdout:/usr/bin/ceph: stderr
2024-04-02T07:34:27.325+0000 7f32ed600700 1 --2- 172.21.15.52:0/691387092 >> [v2:172.21.15.52:6800/3794182949,v1:172.21.15.52:6801/3794182949] conn(0x7f32d80387a0 0x7f32d803ac60 unknown :-1 s=NONE pgs=0 cs=0 l=1 rev1=0 crypto rx=0 tx=0 comp rx=0 tx=0).connect
2024-04-02T07:34:27.979 INFO:teuthology.orchestra.run.smithi052.stdout:/usr/bin/ceph: stderr
2024-04-02T07:34:27.326+0000 7f32ed600700 1 -- 172.21.15.52:0/691387092 <== mon.0 v2:172.21.15.52:3300/0 5 ==== osd_map(2..2 src has 1..2) v4 ==== 940+0+0 (secure 0 0 0) 0x7f32e404cb60 con 0x7f32f0106e90
2024-04-02T07:34:27.979 INFO:teuthology.orchestra.run.smithi052.stdout:/usr/bin/ceph: stderr
2024-04-02T07:34:27.326+0000 7f32efe00700 1 -- 172.21.15.52:0/691387092 >> [v2:172.21.15.52:6800/3794182949,v1:172.21.15.52:6801/3794182949] conn(0x7f32d80387a0 msgr2=0x7f32d803ac60 unknown :-1 s=STATE_CONNECTING_RE l=1).process reconnect failed to v2:172.21.15.52:6800/3794182949
2024-04-02T07:34:27.980 INFO:teuthology.orchestra.run.smithi052.stdout:/usr/bin/ceph: stderr
2024-04-02T07:34:27.326+0000 7f32efe00700 1 --2- 172.21.15.52:0/691387092 >> [v2:172.21.15.52:6800/3794182949,v1:172.21.15.52:6801/3794182949] conn(0x7f32d80387a0 0x7f32d803ac60 unknown :-1 s=START_CONNECT pgs=0 cs=0 l=1 rev1=0 crypto rx=0 tx=0 comp rx=0 tx=0)._fault waiting 0.200000
2024-04-02T07:34:27.980 INFO:teuthology.orchestra.run.smithi052.stdout:/usr/bin/ceph: stderr
2024-04-02T07:34:27.334+0000 7f32ed600700 1 -- 172.21.15.52:0/691387092 <== mon.0 v2:172.21.15.52:3300/0 6 ==== mon_command_ack([{"prefix": "get_command_descriptions"}]=0 v0) v1 ==== 72+0+182738 (secure 0 0 0) 0x7f32e401a430 con 0x7f32f0106e90
2024-04-02T07:34:27.980 INFO:teuthology.orchestra.run.smithi052.stdout:/usr/bin/ceph: stderr
