2024-04-02T07:37:24.045+0000 7f96cbe00700 1 --2- 172.21.15.50:0/3590519030 >> [v2:172.21.15.50:6800/2054267433,v1:172.21.15.50:6801/2054267433] conn(0x7f96ac02feb0 0x7f96ac032370 secure :-1 s=READY pgs=8 cs=0 l=1 rev1=1 rx=0x7f96b80096a0 tx=0x7f96b8006b40).ready entity=mgr.14140 client_cookie=0 server_cookie=0 in_seq=0 out_seq=0
2024-04-02T07:37:24.050 INFO:teuthology.orchestra.run.smithi050.stderr:/usr/bin/ceph:
2024-04-02T07:37:24.049+0000 7f96c8c00700 1 -- 172.21.15.50:0/3590519030 <== mon.0 v2:172.21.15.50:3300/0 6 ==== mon_command_ack([{"prefix": "get_command_descriptions"}]=0 v0) v1 ==== 72+0+152212 (secure 0 0 0) 0x7f96c0016020 con 0x7f96cc0fc780
2024-04-02T07:37:24.220 INFO:journalctl@ceph.mon.smithi050.smithi050.stdout:Apr 02 07:37:23 smithi050 ceph-a32ea0e8-f0c3-11ee-b647-cb9ed24678a4-mon.smithi050[35079]: audit
2024-04-02T07:37:22.898801+0000 mgr.smithi050.atgbtd (mgr.14140) 5 : audit [DBG] from='client.14150 -' entity='client.admin' cmd=[{"prefix": "orch apply", "service_type": "node-exporter", "target": ["mon-mgr", ""]}]: dispatch
2024-04-02T07:37:24.220 INFO:journalctl@ceph.mon.smithi050.smithi050.stdout:Apr 02 07:37:23 smithi050 ceph-a32ea0e8-f0c3-11ee-b647-cb9ed24678a4-mon.smithi050[35079]: cephadm
2024-04-02T07:37:22.899458+0000 mgr.smithi050.atgbtd (mgr.14140) 6 : cephadm [INF] Saving service node-exporter spec with placement *
2024-04-02T07:37:24.220 INFO:journalctl@ceph.mon.smithi050.smithi050.stdout:Apr 02 07:37:23 smithi050 ceph-a32ea0e8-f0c3-11ee-b647-cb9ed24678a4-mon.smithi050[35079]: audit
2024-04-02T07:37:22.901919+0000 mon.smithi050 (mon.0) 83 : audit [INF] from='mgr.14140 172.21.15.50:0/3283856639' entity='mgr.smithi050.atgbtd'
2024-04-02T07:37:24.248 INFO:teuthology.orchestra.run.smithi050.stderr:/usr/bin/ceph:
2024-04-02T07:37:24.245+0000 7f96d2600700 1 -- 172.21.15.50:0/3590519030 --> [v2:172.21.15.50:6800/2054267433,v1:172.21.15.50:6801/2054267433] -- mgr_command(tid 0: {"prefix": "orch apply", "service_type": "alertmanager", "target": ["mon-mgr", ""]}) v1 -- 0x7f96cc1048e0 con 0x7f96ac02feb0
2024-04-02T07:37:24.251 INFO:teuthology.orchestra.run.smithi050.stderr:/usr/bin/ceph:
2024-04-02T07:37:24.249+0000 7f96c8c00700 1 -- 172.21.15.50:0/3590519030 <== mgr.14140 v2:172.21.15.50:6800/2054267433 1 ==== mgr_command_reply(tid 0: 0 ) v1 ==== 8+0+33 (secure 0 0 0) 0x7f96cc1048e0 con 0x7f96ac02feb0
2024-04-02T07:37:24.252 INFO:teuthology.orchestra.run.smithi050.stderr:/usr/bin/ceph: Scheduled alertmanager update...
2024-04-02T07:37:24.254 INFO:teuthology.orchestra.run.smithi050.stderr:/usr/bin/ceph:
2024-04-02T07:37:24.251+0000 7f96d2600700 1 -- 172.21.15.50:0/3590519030 >> [v2:172.21.15.50:6800/2054267433,v1:172.21.15.50:6801/2054267433] conn(0x7f96ac02feb0 msgr2=0x7f96ac032370 secure :-1 s=STATE_CONNECTION_ESTABLISHED l=1).mark_down
2024-04-02T07:37:24.254 INFO:teuthology.orchestra.run.smithi050.stderr:/usr/bin/ceph:
2024-04-02T07:37:24.251+0000 7f96d2600700 1 --2- 172.21.15.50:0/3590519030 >> [v2:172.21.15.50:6800/2054267433,v1:172.21.15.50:6801/2054267433] conn(0x7f96ac02feb0 0x7f96ac032370 secure :-1 s=READY pgs=8 cs=0 l=1 rev1=1 rx=0x7f96b80096a0 tx=0x7f96b8006b40).stop
2024-04-02T07:37:24.255 INFO:teuthology.orchestra.run.smithi050.stderr:/usr/bin/ceph:
2024-04-02T07:37:24.251+0000 7f96d2600700 1 -- 172.21.15.50:0/3590519030 >> [v2:172.21.15.50:3300/0,v1:172.21.15.50:6789/0] conn(0x7f96cc0fc780 msgr2=0x7f96cc10a9c0 secure :-1 s=STATE_CONNECTION_ESTABLISHED l=1).mark_down
2024-04-02T07:37:24.255 INFO:teuthology.orchestra.run.smithi050.stderr:/usr/bin/ceph:
2024-04-02T07:37:24.251+0000 7f96d2600700 1 --2- 172.21.15.50:0/3590519030 >> [v2:172.21.15.50:3300/0,v1:172.21.15.50:6789/0] conn(0x7f96cc0fc780 0x7f96cc10a9c0 secure :-1 s=READY pgs=59 cs=0 l=1 rev1=1 rx=0x7f96c0011de0 tx=0x7f96c0006ee0).stop
2024-04-02T07:37:24.255 INFO:teuthology.orchestra.run.smithi050.stderr:/usr/bin/ceph:
2024-04-02T07:37:24.251+0000 7f96d2600700 1 -- 172.21.15.50:0/3590519030 shutdown_connections
2024-04-02T07:37:24.255 INFO:teuthology.orchestra.run.smithi050.stderr:/usr/bin/ceph:
2024-04-02T07:37:24.251+0000 7f96d2600700 1 --2- 172.21.15.50:0/3590519030 >> [v2:172.21.15.50:6800/2054267433,v1:172.21.15.50:6801/2054267433] conn(0x7f96ac02feb0 0x7f96ac032370 unknown :-1 s=CLOSED pgs=8 cs=0 l=1 rev1=1 rx=0 tx=0).stop
2024-04-02T07:37:24.255 INFO:teuthology.orchestra.run.smithi050.stderr:/usr/bin/ceph:
2024-04-02T07:37:24.251+0000 7f96d2600700 1 --2- 172.21.15.50:0/3590519030 >> [v2:172.21.15.50:3300/0,v1:172.21.15.50:6789/0] conn(0x7f96cc0fc780 0x7f96cc10a9c0 unknown :-1 s=CLOSED pgs=59 cs=0 l=1 rev1=1 rx=0 tx=0).stop
2024-04-02T07:37:24.255 INFO:teuthology.orchestra.run.smithi050.stderr:/usr/bin/ceph:
2024-04-02T07:37:24.251+0000 7f96d2600700 1 -- 172.21.15.50:0/3590519030 >> 172.21.15.50:0/3590519030 conn(0x7f96cc0f6250 msgr2=0x7f96cc0f7c60 unknown :-1 s=STATE_NONE l=0).mark_down
2024-04-02T07:37:24.255 INFO:teuthology.orchestra.run.smithi050.stderr:/usr/bin/ceph:
2024-04-02T07:37:24.252+0000 7f96d2600700 1 -- 172.21.15.50:0/3590519030 shutdown_connections
2024-04-02T07:37:24.255 INFO:teuthology.orchestra.run.smithi050.stderr:/usr/bin/ceph:
2024-04-02T07:37:24.252+0000 7f96d2600700 1 -- 172.21.15.50:0/3590519030 wait complete.
2024-04-02T07:37:24.945 INFO:teuthology.orchestra.run.smithi050.stderr:Running command: /bin/podman run --rm --ipc=host --no-hosts --net=host --entrypoint /usr/bin/ceph --init -e CONTAINER_IMAGE=quay.io/ceph/ceph:v16.2.4 -e NODE_NAME=smithi050 -e CEPH_USE_RANDOM_NONCE=1 -v /var/log/ceph/a32ea0e8-f0c3-11ee-b647-cb9ed24678a4:/var/log/ceph:z -v /tmp/ceph-tmp1zcpgmql:/etc/ceph/ceph.client.admin.keyring:z -v /tmp/ceph-tmp7x2ybbgx:/etc/ceph/ceph.conf:z quay.io/ceph/ceph:v16.2.4 config set mgr mgr/cephadm/container_init True --force
2024-04-02T07:37:25.470 INFO:journalctl@ceph.mon.smithi050.smithi050.stdout:Apr 02 07:37:25 smithi050 ceph-a32ea0e8-f0c3-11ee-b647-cb9ed24678a4-mon.smithi050[35079]: audit
2024-04-02T07:37:24.247137+0000 mgr.smithi050.atgbtd (mgr.14140) 7 : audit [DBG] from='client.14152 -' entity='client.admin' cmd=[{"prefix": "orch apply", "service_type": "alertmanager", "target": ["mon-mgr", ""]}]: dispatch
2024-04-02T07:37:25.470 INFO:journalctl@ceph.mon.smithi050.smithi050.stdout:Apr 02 07:37:25 smithi050 ceph-a32ea0e8-f0c3-11ee-b647-cb9ed24678a4-mon.smithi050[35079]: cephadm
2024-04-02T07:37:24.247679+0000 mgr.smithi050.atgbtd (mgr.14140) 8 : cephadm [INF] Saving service alertmanager spec with placement count:1
2024-04-02T07:37:25.470 INFO:journalctl@ceph.mon.smithi050.smithi050.stdout:Apr 02 07:37:25 smithi050 ceph-a32ea0e8-f0c3-11ee-b647-cb9ed24678a4-mon.smithi050[35079]: audit
2024-04-02T07:37:24.250102+0000 mon.smithi050 (mon.0) 84 : audit [INF] from='mgr.14140 172.21.15.50:0/3283856639' entity='mgr.smithi050.atgbtd'
2024-04-02T07:37:25.544 INFO:teuthology.orchestra.run.smithi050.stderr:/usr/bin/ceph:
2024-04-02T07:37:25.538+0000 7f6bde000700 1 Processor -- start
2024-04-02T07:37:25.544 INFO:teuthology.orchestra.run.smithi050.stderr:/usr/bin/ceph:
2024-04-02T07:37:25.539+0000 7f6bde000700 1 -- start start
2024-04-02T07:37:25.544 INFO:teuthology.orchestra.run.smithi050.stderr:/usr/bin/ceph:
2024-04-02T07:37:25.539+0000 7f6bde000700 1 --2- >> [v2:172.21.15.50:3300/0,v1:172.21.15.50:6789/0] conn(0x7f6bd80fd270 0x7f6bd80fd690 unknown :-1 s=NONE pgs=0 cs=0 l=0 rev1=0 rx=0 tx=0).connect
2024-04-02T07:37:25.544 INFO:teuthology.orchestra.run.smithi050.stderr:/usr/bin/ceph:
2024-04-02T07:37:25.539+0000 7f6bde000700 1 -- --> [v2:172.21.15.50:3300/0,v1:172.21.15.50:6789/0] -- mon_getmap magic: 0 v1 -- 0x7f6bd80fdb80 con 0x7f6bd80fd270
2024-04-02T07:37:25.544 INFO:teuthology.orchestra.run.smithi050.stderr:/usr/bin/ceph:
2024-04-02T07:37:25.539+0000 7f6bdcc00700 1 --2- >> [v2:172.21.15.50:3300/0,v1:172.21.15.50:6789/0] conn(0x7f6bd80fd270 0x7f6bd80fd690 unknown :-1 s=BANNER_CONNECTING pgs=0 cs=0 l=0 rev1=0 rx=0 tx=0)._handle_peer_banner_payload supported=1 required=0
2024-04-02T07:37:25.544 INFO:teuthology.orchestra.run.smithi050.stderr:/usr/bin/ceph:
2024-04-02T07:37:25.539+0000 7f6bdcc00700 1 --2- >> [v2:172.21.15.50:3300/0,v1:172.21.15.50:6789/0] conn(0x7f6bd80fd270 0x7f6bd80fd690 unknown :-1 s=HELLO_CONNECTING pgs=0 cs=0 l=0 rev1=1 rx=0 tx=0).handle_hello peer v2:172.21.15.50:3300/0 says I am v2:172.21.15.50:49094/0 (socket says 172.21.15.50:49094)
2024-04-02T07:37:25.544 INFO:teuthology.orchestra.run.smithi050.stderr:/usr/bin/ceph:
2024-04-02T07:37:25.539+0000 7f6bdcc00700 1 -- 172.21.15.50:0/1923086463 learned_addr learned my addr 172.21.15.50:0/1923086463 (peer_addr_for_me v2:172.21.15.50:0/0)
2024-04-02T07:37:25.544 INFO:teuthology.orchestra.run.smithi050.stderr:/usr/bin/ceph:
2024-04-02T07:37:25.540+0000 7f6bdcc00700 1 -- 172.21.15.50:0/1923086463 --> [v2:172.21.15.50:3300/0,v1:172.21.15.50:6789/0] -- mon_subscribe({config=0+,monmap=0+}) v3 -- 0x7f6bd80fdcc0 con 0x7f6bd80fd270
2024-04-02T07:37:25.544 INFO:teuthology.orchestra.run.smithi050.stderr:/usr/bin/ceph:
2024-04-02T07:37:25.540+0000 7f6bdcc00700 1 --2- 172.21.15.50:0/1923086463 >> [v2:172.21.15.50:3300/0,v1:172.21.15.50:6789/0] conn(0x7f6bd80fd270 0x7f6bd80fd690 secure :-1 s=READY pgs=60 cs=0 l=1 rev1=1 rx=0x7f6bcc00b5f0 tx=0x7f6bcc006ee0).ready entity=mon.0 client_cookie=40d1f4d0acf8bedb server_cookie=0 in_seq=0 out_seq=0
2024-04-02T07:37:25.544 INFO:teuthology.orchestra.run.smithi050.stderr:/usr/bin/ceph:
2024-04-02T07:37:25.540+0000 7f6bd7400700 1 -- 172.21.15.50:0/1923086463 <== mon.0 v2:172.21.15.50:3300/0 1 ==== mon_map magic: 0 v1 ==== 229+0+0 (secure 0 0 0) 0x7f6bcc00d600 con 0x7f6bd80fd270
2024-04-02T07:37:25.544 INFO:teuthology.orchestra.run.smithi050.stderr:/usr/bin/ceph:
2024-04-02T07:37:25.540+0000 7f6bd7400700 1 -- 172.21.15.50:0/1923086463 <== mon.0 v2:172.21.15.50:3300/0 2 ==== config(25 keys) v1 ==== 1045+0+0 (secure 0 0 0) 0x7f6bcc00dbf0 con 0x7f6bd80fd270
2024-04-02T07:37:25.545 INFO:teuthology.orchestra.run.smithi050.stderr:/usr/bin/ceph:
2024-04-02T07:37:25.540+0000 7f6bd7400700 1 -- 172.21.15.50:0/1923086463 <== mon.0 v2:172.21.15.50:3300/0 3 ==== mon_map magic: 0 v1 ==== 229+0+0 (secure 0 0 0) 0x7f6bcc011bf0 con 0x7f6bd80fd270
2024-04-02T07:37:25.545 INFO:teuthology.orchestra.run.smithi050.stderr:/usr/bin/ceph:
2024-04-02T07:37:25.541+0000 7f6bde000700 1 -- 172.21.15.50:0/1923086463 >> [v2:172.21.15.50:3300/0,v1:172.21.15.50:6789/0] conn(0x7f6bd80fd270 msgr2=0x7f6bd80fd690 secure :-1 s=STATE_CONNECTION_ESTABLISHED l=1).mark_down
2024-04-02T07:37:25.545 INFO:teuthology.orchestra.run.smithi050.stderr:/usr/bin/ceph:
2024-04-02T07:37:25.541+0000 7f6bde000700 1 --2- 172.21.15.50:0/1923086463 >> [v2:172.21.15.50:3300/0,v1:172.21.15.50:6789/0] conn(0x7f6bd80fd270 0x7f6bd80fd690 secure :-1 s=READY pgs=60 cs=0 l=1 rev1=1 rx=0x7f6bcc00b5f0 tx=0x7f6bcc006ee0).stop
2024-04-02T07:37:25.545 INFO:teuthology.orchestra.run.smithi050.stderr:/usr/bin/ceph:
2024-04-02T07:37:25.541+0000 7f6bde000700 1 -- 172.21.15.50:0/1923086463 shutdown_connections
2024-04-02T07:37:25.545 INFO:teuthology.orchestra.run.smithi050.stderr:/usr/bin/ceph:
2024-04-02T07:37:25.541+0000 7f6bde000700 1 --2- 172.21.15.50:0/1923086463 >> [v2:172.21.15.50:3300/0,v1:172.21.15.50:6789/0] conn(0x7f6bd80fd270 0x7f6bd80fd690 unknown :-1 s=CLOSED pgs=60 cs=0 l=1 rev1=1 rx=0 tx=0).stop
2024-04-02T07:37:25.545 INFO:teuthology.orchestra.run.smithi050.stderr:/usr/bin/ceph:
2024-04-02T07:37:25.541+0000 7f6bde000700 1 -- 172.21.15.50:0/1923086463 >> 172.21.15.50:0/1923086463 conn(0x7f6bd80f73e0 msgr2=0x7f6bd80f9800 unknown :-1 s=STATE_NONE l=0).mark_down
2024-04-02T07:37:25.545 INFO:teuthology.orchestra.run.smithi050.stderr:/usr/bin/ceph:
2024-04-02T07:37:25.541+0000 7f6bde000700 1 -- 172.21.15.50:0/1923086463 shutdown_connections
2024-04-02T07:37:25.545 INFO:teuthology.orchestra.run.smithi050.stderr:/usr/bin/ceph:
2024-04-02T07:37:25.541+0000 7f6bde000700 1 -- 172.21.15.50:0/1923086463 wait complete.
2024-04-02T07:37:25.545 INFO:teuthology.orchestra.run.smithi050.stderr:/usr/bin/ceph:
2024-04-02T07:37:25.542+0000 7f6bde000700 1 Processor -- start
2024-04-02T07:37:25.545 INFO:teuthology.orchestra.run.smithi050.stderr:/usr/bin/ceph:
2024-04-02T07:37:25.542+0000 7f6bde000700 1 -- start start
2024-04-02T07:37:25.547 INFO:teuthology.orchestra.run.smithi050.stderr:/usr/bin/ceph:
2024-04-02T07:37:25.542+0000 7f6bde000700 1 --2- >> [v2:172.21.15.50:3300/0,v1:172.21.15.50:6789/0] conn(0x7f6bd80fd270 0x7f6bd810a9e0 unknown :-1 s=NONE pgs=0 cs=0 l=1 rev1=0 rx=0 tx=0).connect
2024-04-02T07:37:25.547 INFO:teuthology.orchestra.run.smithi050.stderr:/usr/bin/ceph:
2024-04-02T07:37:25.542+0000 7f6bde000700 1 -- --> [v2:172.21.15.50:3300/0,v1:172.21.15.50:6789/0] -- mon_getmap magic: 0 v1 -- 0x7f6bd810aed0 con 0x7f6bd80fd270
2024-04-02T07:37:25.547 INFO:teuthology.orchestra.run.smithi050.stderr:/usr/bin/ceph:
2024-04-02T07:37:25.542+0000 7f6bdcc00700 1 --2- >> [v2:172.21.15.50:3300/0,v1:172.21.15.50:6789/0] conn(0x7f6bd80fd270 0x7f6bd810a9e0 unknown :-1 s=BANNER_CONNECTING pgs=0 cs=0 l=1 rev1=0 rx=0 tx=0)._handle_peer_banner_payload supported=1 required=0
2024-04-02T07:37:25.547 INFO:teuthology.orchestra.run.smithi050.stderr:/usr/bin/ceph:
2024-04-02T07:37:25.543+0000 7f6bdcc00700 1 --2- >> [v2:172.21.15.50:3300/0,v1:172.21.15.50:6789/0] conn(0x7f6bd80fd270 0x7f6bd810a9e0 unknown :-1 s=HELLO_CONNECTING pgs=0 cs=0 l=1 rev1=1 rx=0 tx=0).handle_hello peer v2:172.21.15.50:3300/0 says I am v2:172.21.15.50:49108/0 (socket says 172.21.15.50:49108)
2024-04-02T07:37:25.547 INFO:teuthology.orchestra.run.smithi050.stderr:/usr/bin/ceph:
2024-04-02T07:37:25.543+0000 7f6bdcc00700 1 -- 172.21.15.50:0/3567298180 learned_addr learned my addr 172.21.15.50:0/3567298180 (peer_addr_for_me v2:172.21.15.50:0/0)
2024-04-02T07:37:25.547 INFO:teuthology.orchestra.run.smithi050.stderr:/usr/bin/ceph:
2024-04-02T07:37:25.543+0000 7f6bdcc00700 1 -- 172.21.15.50:0/3567298180 --> [v2:172.21.15.50:3300/0,v1:172.21.15.50:6789/0] -- mon_subscribe({config=0+,monmap=0+}) v3 -- 0x7f6bcc00b200 con 0x7f6bd80fd270
2024-04-02T07:37:25.547 INFO:teuthology.orchestra.run.smithi050.stderr:/usr/bin/ceph:
2024-04-02T07:37:25.543+0000 7f6bdcc00700 1 --2- 172.21.15.50:0/3567298180 >> [v2:172.21.15.50:3300/0,v1:172.21.15.50:6789/0] conn(0x7f6bd80fd270 0x7f6bd810a9e0 secure :-1 s=READY pgs=61 cs=0 l=1 rev1=1 rx=0x7f6bcc011e30 tx=0x7f6bcc006ee0).ready entity=mon.0 client_cookie=0 server_cookie=0 in_seq=0 out_seq=0
2024-04-02T07:37:25.547 INFO:teuthology.orchestra.run.smithi050.stderr:/usr/bin/ceph:
2024-04-02T07:37:25.543+0000 7f6bd4c00700 1 -- 172.21.15.50:0/3567298180 <== mon.0 v2:172.21.15.50:3300/0 1 ==== mon_map magic: 0 v1 ==== 229+0+0 (secure 0 0 0) 0x7f6bcc01b410 con 0x7f6bd80fd270
2024-04-02T07:37:25.547 INFO:teuthology.orchestra.run.smithi050.stderr:/usr/bin/ceph:
2024-04-02T07:37:25.543+0000 7f6bd4c00700 1 -- 172.21.15.50:0/3567298180 <== mon.0 v2:172.21.15.50:3300/0 2 ==== config(25 keys) v1 ==== 1045+0+0 (secure 0 0 0) 0x7f6bcc01ba00 con 0x7f6bd80fd270
2024-04-02T07:37:25.547 INFO:teuthology.orchestra.run.smithi050.stderr:/usr/bin/ceph:
2024-04-02T07:37:25.543+0000 7f6bde000700 1 -- 172.21.15.50:0/3567298180 --> [v2:172.21.15.50:3300/0,v1:172.21.15.50:6789/0] -- mon_subscribe({mgrmap=0+}) v3 -- 0x7f6bd810b0d0 con 0x7f6bd80fd270
2024-04-02T07:37:25.547 INFO:teuthology.orchestra.run.smithi050.stderr:/usr/bin/ceph:
2024-04-02T07:37:25.543+0000 7f6bd4c00700 1 -- 172.21.15.50:0/3567298180 <== mon.0 v2:172.21.15.50:3300/0 3 ==== mon_map magic: 0 v1 ==== 229+0+0 (secure 0 0 0) 0x7f6bcc01a7b0 con 0x7f6bd80fd270
2024-04-02T07:37:25.547 INFO:teuthology.orchestra.run.smithi050.stderr:/usr/bin/ceph:
2024-04-02T07:37:25.544+0000 7f6bde000700 1 -- 172.21.15.50:0/3567298180 --> [v2:172.21.15.50:3300/0,v1:172.21.15.50:6789/0] -- mon_subscribe({osdmap=0}) v3 -- 0x7f6bd810b4e0 con 0x7f6bd80fd270
2024-04-02T07:37:25.548 INFO:teuthology.orchestra.run.smithi050.stderr:/usr/bin/ceph:
2024-04-02T07:37:25.545+0000 7f6bd4c00700 1 -- 172.21.15.50:0/3567298180 <== mon.0 v2:172.21.15.50:3300/0 4 ==== mgrmap(e 12) v1 ==== 36195+0+0 (secure 0 0 0) 0x7f6bcc02b070 con 0x7f6bd80fd270
2024-04-02T07:37:25.548 INFO:teuthology.orchestra.run.smithi050.stderr:/usr/bin/ceph:
2024-04-02T07:37:25.545+0000 7f6bde000700 1 -- 172.21.15.50:0/3567298180 --> [v2:172.21.15.50:3300/0,v1:172.21.15.50:6789/0] -- mon_command({"prefix": "get_command_descriptions"} v 0) v1 -- 0x7f6bd8045ad0 con 0x7f6bd80fd270
2024-04-02T07:37:25.548 INFO:teuthology.orchestra.run.smithi050.stderr:/usr/bin/ceph:
2024-04-02T07:37:25.545+0000 7f6bd4c00700 1 --2- 172.21.15.50:0/3567298180 >> [v2:172.21.15.50:6800/2054267433,v1:172.21.15.50:6801/2054267433] conn(0x7f6bb802feb0 0x7f6bb8032370 unknown :-1 s=NONE pgs=0 cs=0 l=1 rev1=0 rx=0 tx=0).connect
2024-04-02T07:37:25.548 INFO:teuthology.orchestra.run.smithi050.stderr:/usr/bin/ceph:
2024-04-02T07:37:25.545+0000 7f6bd4c00700 1 -- 172.21.15.50:0/3567298180 <== mon.0 v2:172.21.15.50:3300/0 5 ==== osd_map(3..3 src has 1..3) v4 ==== 1065+0+0 (secure 0 0 0) 0x7f6bcc041790 con 0x7f6bd80fd270
2024-04-02T07:37:25.548 INFO:teuthology.orchestra.run.smithi050.stderr:/usr/bin/ceph:
2024-04-02T07:37:25.545+0000 7f6bd7e00700 1 --2- 172.21.15.50:0/3567298180 >> [v2:172.21.15.50:6800/2054267433,v1:172.21.15.50:6801/2054267433] conn(0x7f6bb802feb0 0x7f6bb8032370 unknown :-1 s=BANNER_CONNECTING pgs=0 cs=0 l=1 rev1=0 rx=0 tx=0)._handle_peer_banner_payload supported=1 required=0
2024-04-02T07:37:25.548 INFO:teuthology.orchestra.run.smithi050.stderr:/usr/bin/ceph:
2024-04-02T07:37:25.546+0000 7f6bd7e00700 1 --2- 172.21.15.50:0/3567298180 >> [v2:172.21.15.50:6800/2054267433,v1:172.21.15.50:6801/2054267433] conn(0x7f6bb802feb0 0x7f6bb8032370 secure :-1 s=READY pgs=9 cs=0 l=1 rev1=1 rx=0x7f6bc40096a0 tx=0x7f6bc4006b40).ready entity=mgr.14140 client_cookie=0 server_cookie=0 in_seq=0 out_seq=0
2024-04-02T07:37:25.552 INFO:teuthology.orchestra.run.smithi050.stderr:/usr/bin/ceph:
2024-04-02T07:37:25.550+0000 7f6bd4c00700 1 -- 172.21.15.50:0/3567298180 <== mon.0 v2:172.21.15.50:3300/0 6 ==== mon_command_ack([{"prefix": "get_command_descriptions"}]=0 v0) v1 ==== 72+0+152212 (secure 0 0 0) 0x7f6bcc022ac0 con 0x7f6bd80fd270
2024-04-02T07:37:25.719 INFO:teuthology.orchestra.run.smithi050.stderr:/usr/bin/ceph:
2024-04-02T07:37:25.717+0000 7f6bde000700 1 -- 172.21.15.50:0/3567298180 --> [v2:172.21.15.50:3300/0,v1:172.21.15.50:6789/0] -- mon_command([{prefix=config set, name=mgr/cephadm/container_init}] v 0) v1 -- 0x7f6bd8104890 con 0x7f6bd80fd270
2024-04-02T07:37:25.722 INFO:teuthology.orchestra.run.smithi050.stderr:/usr/bin/ceph:
2024-04-02T07:37:25.720+0000 7f6bd4c00700 1 -- 172.21.15.50:0/3567298180 <== mon.0 v2:172.21.15.50:3300/0 7 ==== mon_command_ack([{prefix=config set, name=mgr/cephadm/container_init}]=0 v9)=0 v9) v1 ==== 142+0+0 (secure 0 0 0) 0x7f6bcc01f070 con 0x7f6bd80fd270
2024-04-02T07:37:25.725 INFO:teuthology.orchestra.run.smithi050.stderr:/usr/bin/ceph:
2024-04-02T07:37:25.722+0000 7f6bde000700 1 -- 172.21.15.50:0/3567298180 >> [v2:172.21.15.50:6800/2054267433,v1:172.21.15.50:6801/2054267433] conn(0x7f6bb802feb0 msgr2=0x7f6bb8032370 secure :-1 s=STATE_CONNECTION_ESTABLISHED l=1).mark_down
2024-04-02T07:37:25.725 INFO:teuthology.orchestra.run.smithi050.stderr:/usr/bin/ceph:
2024-04-02T07:37:25.722+0000 7f6bde000700 1 --2- 172.21.15.50:0/3567298180 >> [v2:172.21.15.50:6800/2054267433,v1:172.21.15.50:6801/2054267433] conn(0x7f6bb802feb0 0x7f6bb8032370 secure :-1 s=READY pgs=9 cs=0 l=1 rev1=1 rx=0x7f6bc40096a0 tx=0x7f6bc4006b40).stop
2024-04-02T07:37:25.725 INFO:teuthology.orchestra.run.smithi050.stderr:/usr/bin/ceph:
2024-04-02T07:37:25.722+0000 7f6bde000700 1 -- 172.21.15.50:0/3567298180 >> [v2:172.21.15.50:3300/0,v1:172.21.15.50:6789/0] conn(0x7f6bd80fd270 msgr2=0x7f6bd810a9e0 secure :-1 s=STATE_CONNECTION_ESTABLISHED l=1).mark_down
2024-04-02T07:37:25.725 INFO:teuthology.orchestra.run.smithi050.stderr:/usr/bin/ceph:
2024-04-02T07:37:25.722+0000 7f6bde000700 1 --2- 172.21.15.50:0/3567298180 >> [v2:172.21.15.50:3300/0,v1:172.21.15.50:6789/0] conn(0x7f6bd80fd270 0x7f6bd810a9e0 secure :-1 s=READY pgs=61 cs=0 l=1 rev1=1 rx=0x7f6bcc011e30 tx=0x7f6bcc006ee0).stop
2024-04-02T07:37:25.725 INFO:teuthology.orchestra.run.smithi050.stderr:/usr/bin/ceph:
2024-04-02T07:37:25.722+0000 7f6bde000700 1 -- 172.21.15.50:0/3567298180 shutdown_connections
2024-04-02T07:37:25.725 INFO:teuthology.orchestra.run.smithi050.stderr:/usr/bin/ceph:
2024-04-02T07:37:25.722+0000 7f6bde000700 1 --2- 172.21.15.50:0/3567298180 >> [v2:172.21.15.50:6800/2054267433,v1:172.21.15.50:6801/2054267433] conn(0x7f6bb802feb0 0x7f6bb8032370 unknown :-1 s=CLOSED pgs=9 cs=0 l=1 rev1=1 rx=0 tx=0).stop
2024-04-02T07:37:25.725 INFO:teuthology.orchestra.run.smithi050.stderr:/usr/bin/ceph:
2024-04-02T07:37:25.722+0000 7f6bde000700 1 --2- 172.21.15.50:0/3567298180 >> [v2:172.21.15.50:3300/0,v1:172.21.15.50:6789/0] conn(0x7f6bd80fd270 0x7f6bd810a9e0 unknown :-1 s=CLOSED pgs=61 cs=0 l=1 rev1=1 rx=0 tx=0).stop
2024-04-02T07:37:25.725 INFO:teuthology.orchestra.run.smithi050.stderr:/usr/bin/ceph:
2024-04-02T07:37:25.722+0000 7f6bde000700 1 -- 172.21.15.50:0/3567298180 >> 172.21.15.50:0/3567298180 conn(0x7f6bd80f73e0 msgr2=0x7f6bd80f8e00 unknown :-1 s=STATE_NONE l=0).mark_down
2024-04-02T07:37:25.725 INFO:teuthology.orchestra.run.smithi050.stderr:/usr/bin/ceph:
2024-04-02T07:37:25.723+0000 7f6bde000700 1 -- 172.21.15.50:0/3567298180 shutdown_connections
2024-04-02T07:37:25.725 INFO:teuthology.orchestra.run.smithi050.stderr:/usr/bin/ceph:
2024-04-02T07:37:25.723+0000 7f6bde000700 1 -- 172.21.15.50:0/3567298180 wait complete.
2024-04-02T07:37:26.337 INFO:teuthology.orchestra.run.smithi050.stderr:Running command: /bin/podman run --rm --ipc=host --no-hosts --net=host --entrypoint /usr/bin/ceph --init -e CONTAINER_IMAGE=quay.io/ceph/ceph:v16.2.4 -e NODE_NAME=smithi050 -e CEPH_USE_RANDOM_NONCE=1 -v /var/log/ceph/a32ea0e8-f0c3-11ee-b647-cb9ed24678a4:/var/log/ceph:z -v /tmp/ceph-tmp1zcpgmql:/etc/ceph/ceph.client.admin.keyring:z -v /tmp/ceph-tmp7x2ybbgx:/etc/ceph/ceph.conf:z quay.io/ceph/ceph:v16.2.4 config set mgr mgr/dashboard/ssl_server_port 8443
2024-04-02T07:37:26.922 INFO:teuthology.orchestra.run.smithi050.stderr:/usr/bin/ceph:
2024-04-02T07:37:26.918+0000 7f1687e00700 1 Processor -- start
2024-04-02T07:37:26.922 INFO:teuthology.orchestra.run.smithi050.stderr:/usr/bin/ceph:
2024-04-02T07:37:26.918+0000 7f1687e00700 1 -- start start
2024-04-02T07:37:26.922 INFO:teuthology.orchestra.run.smithi050.stderr:/usr/bin/ceph:
2024-04-02T07:37:26.919+0000 7f1687e00700 1 --2- >> [v2:172.21.15.50:3300/0,v1:172.21.15.50:6789/0] conn(0x7f16880fd270 0x7f16880fd690 unknown :-1 s=NONE pgs=0 cs=0 l=0 rev1=0 rx=0 tx=0).connect
2024-04-02T07:37:26.923 INFO:teuthology.orchestra.run.smithi050.stderr:/usr/bin/ceph:
2024-04-02T07:37:26.919+0000 7f1687e00700 1 -- --> [v2:172.21.15.50:3300/0,v1:172.21.15.50:6789/0] -- mon_getmap magic: 0 v1 -- 0x7f16880fdb80 con 0x7f16880fd270
2024-04-02T07:37:26.923 INFO:teuthology.orchestra.run.smithi050.stderr:/usr/bin/ceph:
2024-04-02T07:37:26.919+0000 7f1686a00700 1 --2- >> [v2:172.21.15.50:3300/0,v1:172.21.15.50:6789/0] conn(0x7f16880fd270 0x7f16880fd690 unknown :-1 s=BANNER_CONNECTING pgs=0 cs=0 l=0 rev1=0 rx=0 tx=0)._handle_peer_banner_payload supported=1 required=0
2024-04-02T07:37:26.923 INFO:teuthology.orchestra.run.smithi050.stderr:/usr/bin/ceph:
2024-04-02T07:37:26.919+0000 7f1686a00700 1 --2- >> [v2:172.21.15.50:3300/0,v1:172.21.15.50:6789/0] conn(0x7f16880fd270 0x7f16880fd690 unknown :-1 s=HELLO_CONNECTING pgs=0 cs=0 l=0 rev1=1 rx=0 tx=0).handle_hello peer v2:172.21.15.50:3300/0 says I am v2:172.21.15.50:49122/0 (socket says 172.21.15.50:49122)
2024-04-02T07:37:26.923 INFO:teuthology.orchestra.run.smithi050.stderr:/usr/bin/ceph:
2024-04-02T07:37:26.919+0000 7f1686a00700 1 -- 172.21.15.50:0/3081056276 learned_addr learned my addr 172.21.15.50:0/3081056276 (peer_addr_for_me v2:172.21.15.50:0/0)
2024-04-02T07:37:26.923 INFO:teuthology.orchestra.run.smithi050.stderr:/usr/bin/ceph:
2024-04-02T07:37:26.920+0000 7f1686a00700 1 -- 172.21.15.50:0/3081056276 --> [v2:172.21.15.50:3300/0,v1:172.21.15.50:6789/0] -- mon_subscribe({config=0+,monmap=0+}) v3 -- 0x7f16880fdcc0 con 0x7f16880fd270
2024-04-02T07:37:26.923 INFO:teuthology.orchestra.run.smithi050.stderr:/usr/bin/ceph:
2024-04-02T07:37:26.920+0000 7f1686a00700 1 --2- 172.21.15.50:0/3081056276 >> [v2:172.21.15.50:3300/0,v1:172.21.15.50:6789/0] conn(0x7f16880fd270 0x7f16880fd690 secure :-1 s=READY pgs=62 cs=0 l=1 rev1=1 rx=0x7f167800b5f0 tx=0x7f1678006ee0).ready entity=mon.0 client_cookie=350908dff427ea73 server_cookie=0 in_seq=0 out_seq=0
2024-04-02T07:37:26.923 INFO:teuthology.orchestra.run.smithi050.stderr:/usr/bin/ceph:
2024-04-02T07:37:26.920+0000 7f1685600700 1 -- 172.21.15.50:0/3081056276 <== mon.0 v2:172.21.15.50:3300/0 1 ==== mon_map magic: 0 v1 ==== 229+0+0 (secure 0 0 0) 0x7f167800d600 con 0x7f16880fd270
2024-04-02T07:37:26.923 INFO:teuthology.orchestra.run.smithi050.stderr:/usr/bin/ceph:
2024-04-02T07:37:26.920+0000 7f1685600700 1 -- 172.21.15.50:0/3081056276 <== mon.0 v2:172.21.15.50:3300/0 2 ==== config(25 keys) v1 ==== 1045+0+0 (secure 0 0 0) 0x7f167800dbf0 con 0x7f16880fd270
2024-04-02T07:37:26.923 INFO:teuthology.orchestra.run.smithi050.stderr:/usr/bin/ceph:
2024-04-02T07:37:26.920+0000 7f1685600700 1 -- 172.21.15.50:0/3081056276 <== mon.0 v2:172.21.15.50:3300/0 3 ==== mon_map magic: 0 v1 ==== 229+0+0 (secure 0 0 0) 0x7f1678011bf0 con 0x7f16880fd270
2024-04-02T07:37:26.925 INFO:teuthology.orchestra.run.smithi050.stderr:/usr/bin/ceph:
2024-04-02T07:37:26.920+0000 7f1687e00700 1 -- 172.21.15.50:0/3081056276 >> [v2:172.21.15.50:3300/0,v1:172.21.15.50:6789/0] conn(0x7f16880fd270 msgr2=0x7f16880fd690 secure :-1 s=STATE_CONNECTION_ESTABLISHED l=1).mark_down
2024-04-02T07:37:26.925 INFO:teuthology.orchestra.run.smithi050.stderr:/usr/bin/ceph:
2024-04-02T07:37:26.920+0000 7f1687e00700 1 --2- 172.21.15.50:0/3081056276 >> [v2:172.21.15.50:3300/0,v1:172.21.15.50:6789/0] conn(0x7f16880fd270 0x7f16880fd690 secure :-1 s=READY pgs=62 cs=0 l=1 rev1=1 rx=0x7f167800b5f0 tx=0x7f1678006ee0).stop
2024-04-02T07:37:26.925 INFO:teuthology.orchestra.run.smithi050.stderr:/usr/bin/ceph:
2024-04-02T07:37:26.921+0000 7f1687e00700 1 -- 172.21.15.50:0/3081056276 shutdown_connections
2024-04-02T07:37:26.925 INFO:teuthology.orchestra.run.smithi050.stderr:/usr/bin/ceph:
2024-04-02T07:37:26.921+0000 7f1687e00700 1 --2- 172.21.15.50:0/3081056276 >> [v2:172.21.15.50:3300/0,v1:172.21.15.50:6789/0] conn(0x7f16880fd270 0x7f16880fd690 unknown :-1 s=CLOSED pgs=62 cs=0 l=1 rev1=1 rx=0 tx=0).stop
2024-04-02T07:37:26.926 INFO:teuthology.orchestra.run.smithi050.stderr:/usr/bin/ceph:
2024-04-02T07:37:26.921+0000 7f1687e00700 1 -- 172.21.15.50:0/3081056276 >> 172.21.15.50:0/3081056276 conn(0x7f16880f73e0 msgr2=0x7f16880f9800 unknown :-1 s=STATE_NONE l=0).mark_down
2024-04-02T07:37:26.926 INFO:teuthology.orchestra.run.smithi050.stderr:/usr/bin/ceph:
2024-04-02T07:37:26.921+0000 7f1687e00700 1 -- 172.21.15.50:0/3081056276 shutdown_connections
2024-04-02T07:37:26.926 INFO:teuthology.orchestra.run.smithi050.stderr:/usr/bin/ceph:
2024-04-02T07:37:26.921+0000 7f1687e00700 1 -- 172.21.15.50:0/3081056276 wait complete.
2024-04-02T07:37:26.926 INFO:teuthology.orchestra.run.smithi050.stderr:/usr/bin/ceph:
2024-04-02T07:37:26.922+0000 7f1687e00700 1 Processor -- start
2024-04-02T07:37:26.926 INFO:teuthology.orchestra.run.smithi050.stderr:/usr/bin/ceph:
2024-04-02T07:37:26.922+0000 7f1687e00700 1 -- start start
2024-04-02T07:37:26.926 INFO:teuthology.orchestra.run.smithi050.stderr:/usr/bin/ceph:
2024-04-02T07:37:26.922+0000 7f1687e00700 1 --2- >> [v2:172.21.15.50:3300/0,v1:172.21.15.50:6789/0] conn(0x7f16880fd270 0x7f1688100680 unknown :-1 s=NONE pgs=0 cs=0 l=1 rev1=0 rx=0 tx=0).connect
2024-04-02T07:37:26.926 INFO:teuthology.orchestra.run.smithi050.stderr:/usr/bin/ceph:
2024-04-02T07:37:26.922+0000 7f1687e00700 1 -- --> [v2:172.21.15.50:3300/0,v1:172.21.15.50:6789/0] -- mon_getmap magic: 0 v1 -- 0x7f1688100b70 con 0x7f16880fd270
2024-04-02T07:37:26.926 INFO:teuthology.orchestra.run.smithi050.stderr:/usr/bin/ceph:
2024-04-02T07:37:26.922+0000 7f1686a00700 1 --2- >> [v2:172.21.15.50:3300/0,v1:172.21.15.50:6789/0] conn(0x7f16880fd270 0x7f1688100680 unknown :-1 s=BANNER_CONNECTING pgs=0 cs=0 l=1 rev1=0 rx=0 tx=0)._handle_peer_banner_payload supported=1 required=0
2024-04-02T07:37:26.926 INFO:teuthology.orchestra.run.smithi050.stderr:/usr/bin/ceph:
2024-04-02T07:37:26.923+0000 7f1686a00700 1 --2- >> [v2:172.21.15.50:3300/0,v1:172.21.15.50:6789/0] conn(0x7f16880fd270 0x7f1688100680 unknown :-1 s=HELLO_CONNECTING pgs=0 cs=0 l=1 rev1=1 rx=0 tx=0).handle_hello peer v2:172.21.15.50:3300/0 says I am v2:172.21.15.50:49128/0 (socket says 172.21.15.50:49128)
2024-04-02T07:37:26.926 INFO:teuthology.orchestra.run.smithi050.stderr:/usr/bin/ceph:
2024-04-02T07:37:26.923+0000 7f1686a00700 1 -- 172.21.15.50:0/3996882081 learned_addr learned my addr 172.21.15.50:0/3996882081 (peer_addr_for_me v2:172.21.15.50:0/0)
2024-04-02T07:37:26.926 INFO:teuthology.orchestra.run.smithi050.stderr:/usr/bin/ceph:
2024-04-02T07:37:26.923+0000 7f1686a00700 1 -- 172.21.15.50:0/3996882081 --> [v2:172.21.15.50:3300/0,v1:172.21.15.50:6789/0] -- mon_subscribe({config=0+,monmap=0+}) v3 -- 0x7f167800b200 con 0x7f16880fd270
2024-04-02T07:37:26.926 INFO:teuthology.orchestra.run.smithi050.stderr:/usr/bin/ceph:
2024-04-02T07:37:26.923+0000 7f1686a00700 1 --2- 172.21.15.50:0/3996882081 >> [v2:172.21.15.50:3300/0,v1:172.21.15.50:6789/0] conn(0x7f16880fd270 0x7f1688100680 secure :-1 s=READY pgs=63 cs=0 l=1 rev1=1 rx=0x7f1678011de0 tx=0x7f1678006ee0).ready entity=mon.0 client_cookie=0 server_cookie=0 in_seq=0 out_seq=0
2024-04-02T07:37:26.927 INFO:teuthology.orchestra.run.smithi050.stderr:/usr/bin/ceph:
2024-04-02T07:37:26.923+0000 7f167ea00700 1 -- 172.21.15.50:0/3996882081 <== mon.0 v2:172.21.15.50:3300/0 1 ==== mon_map magic: 0 v1 ==== 229+0+0 (secure 0 0 0) 0x7f167801b410 con 0x7f16880fd270
2024-04-02T07:37:26.928 INFO:teuthology.orchestra.run.smithi050.stderr:/usr/bin/ceph:
2024-04-02T07:37:26.923+0000 7f167ea00700 1 -- 172.21.15.50:0/3996882081 <== mon.0 v2:172.21.15.50:3300/0 2 ==== config(25 keys) v1 ==== 1045+0+0 (secure 0 0 0) 0x7f167801ba00 con 0x7f16880fd270
2024-04-02T07:37:26.928 INFO:teuthology.orchestra.run.smithi050.stderr:/usr/bin/ceph:
2024-04-02T07:37:26.923+0000 7f167ea00700 1 -- 172.21.15.50:0/3996882081 <== mon.0 v2:172.21.15.50:3300/0 3 ==== mon_map magic: 0 v1 ==== 229+0+0 (secure 0 0 0) 0x7f167801a840 con 0x7f16880fd270
2024-04-02T07:37:26.928 INFO:teuthology.orchestra.run.smithi050.stderr:/usr/bin/ceph:
2024-04-02T07:37:26.923+0000 7f1687e00700 1 -- 172.21.15.50:0/3996882081 --> [v2:172.21.15.50:3300/0,v1:172.21.15.50:6789/0] -- mon_subscribe({mgrmap=0+}) v3 -- 0x7f1688100d70 con 0x7f16880fd270
2024-04-02T07:37:26.928 INFO:teuthology.orchestra.run.smithi050.stderr:/usr/bin/ceph:
2024-04-02T07:37:26.924+0000 7f1687e00700 1 -- 172.21.15.50:0/3996882081 --> [v2:172.21.15.50:3300/0,v1:172.21.15.50:6789/0] -- mon_subscribe({osdmap=0}) v3 -- 0x7f1688101180 con 0x7f16880fd270
2024-04-02T07:37:26.928 INFO:teuthology.orchestra.run.smithi050.stderr:/usr/bin/ceph:
2024-04-02T07:37:26.925+0000 7f1673e00700 1 -- 172.21.15.50:0/3996882081 --> [v2:172.21.15.50:3300/0,v1:172.21.15.50:6789/0] -- mon_command({"prefix": "get_command_descriptions"} v 0) v1 -- 0x7f1688045ad0 con 0x7f16880fd270
2024-04-02T07:37:26.928 INFO:teuthology.orchestra.run.smithi050.stderr:/usr/bin/ceph:
2024-04-02T07:37:26.925+0000 7f167ea00700 1 -- 172.21.15.50:0/3996882081 <== mon.0 v2:172.21.15.50:3300/0 4 ==== mgrmap(e 12) v1 ==== 36195+0+0 (secure 0 0 0) 0x7f167802b070 con 0x7f16880fd270
2024-04-02T07:37:26.928 INFO:teuthology.orchestra.run.smithi050.stderr:/usr/bin/ceph:
2024-04-02T07:37:26.925+0000 7f167ea00700 1 --2- 172.21.15.50:0/3996882081 >> [v2:172.21.15.50:6800/2054267433,v1:172.21.15.50:6801/2054267433] conn(0x7f166802feb0 0x7f1668032370 unknown :-1 s=NONE pgs=0 cs=0 l=1 rev1=0 rx=0 tx=0).connect
2024-04-02T07:37:26.928 INFO:teuthology.orchestra.run.smithi050.stderr:/usr/bin/ceph:
2024-04-02T07:37:26.925+0000 7f167ea00700 1 -- 172.21.15.50:0/3996882081 <== mon.0 v2:172.21.15.50:3300/0 5 ==== osd_map(3..3 src has 1..3) v4 ==== 1065+0+0 (secure 0 0 0) 0x7f1678041510 con 0x7f16880fd270
2024-04-02T07:37:26.928 INFO:teuthology.orchestra.run.smithi050.stderr:/usr/bin/ceph:
2024-04-02T07:37:26.926+0000 7f1686000700 1 --2- 172.21.15.50:0/3996882081 >> [v2:172.21.15.50:6800/2054267433,v1:172.21.15.50:6801/2054267433] conn(0x7f166802feb0 0x7f1668032370 unknown :-1 s=BANNER_CONNECTING pgs=0 cs=0 l=1 rev1=0 rx=0 tx=0)._handle_peer_banner_payload supported=1 required=0
2024-04-02T07:37:26.929 INFO:teuthology.orchestra.run.smithi050.stderr:/usr/bin/ceph:
2024-04-02T07:37:26.926+0000 7f1686000700 1 --2- 172.21.15.50:0/3996882081 >> [v2:172.21.15.50:6800/2054267433,v1:172.21.15.50:6801/2054267433] conn(0x7f166802feb0 0x7f1668032370 secure :-1 s=READY pgs=10 cs=0 l=1 rev1=1 rx=0x7f16740096a0 tx=0x7f1674006b40).ready entity=mgr.14140 client_cookie=0 server_cookie=0 in_seq=0 out_seq=0
2024-04-02T07:37:26.932 INFO:teuthology.orchestra.run.smithi050.stderr:/usr/bin/ceph:
2024-04-02T07:37:26.930+0000 7f167ea00700 1 -- 172.21.15.50:0/3996882081 <== mon.0 v2:172.21.15.50:3300/0 6 ==== mon_command_ack([{"prefix": "get_command_descriptions"}]=0 v0) v1 ==== 72+0+152212 (secure 0 0 0) 0x7f16780198d0 con 0x7f16880fd270
2024-04-02T07:37:26.970 INFO:journalctl@ceph.mon.smithi050.smithi050.stdout:Apr 02 07:37:26 smithi050 ceph-a32ea0e8-f0c3-11ee-b647-cb9ed24678a4-mon.smithi050[35079]: audit
2024-04-02T07:37:25.720815+0000 mon.smithi050 (mon.0) 85 : audit [INF] from='client.? 172.21.15.50:0/3567298180' entity='client.admin'
2024-04-02T07:37:27.099 INFO:teuthology.orchestra.run.smithi050.stderr:/usr/bin/ceph:
2024-04-02T07:37:27.097+0000 7f1673e00700 1 -- 172.21.15.50:0/3996882081 --> [v2:172.21.15.50:3300/0,v1:172.21.15.50:6789/0] -- mon_command([{prefix=config set, name=mgr/dashboard/ssl_server_port}] v 0) v1 -- 0x7f1688102280 con 0x7f16880fd270
2024-04-02T07:37:27.102 INFO:teuthology.orchestra.run.smithi050.stderr:/usr/bin/ceph:
2024-04-02T07:37:27.100+0000 7f167ea00700 1 -- 172.21.15.50:0/3996882081 <== mon.0 v2:172.21.15.50:3300/0 7 ==== mon_command_ack([{prefix=config set, name=mgr/dashboard/ssl_server_port}]=0 v10)=0 v10) v1 ==== 130+0+0 (secure 0 0 0) 0x7f167801f070 con 0x7f16880fd270
2024-04-02T07:37:27.105 INFO:teuthology.orchestra.run.smithi050.stderr:/usr/bin/ceph:
2024-04-02T07:37:27.102+0000 7f1673e00700 1 -- 172.21.15.50:0/3996882081 >> [v2:172.21.15.50:6800/2054267433,v1:172.21.15.50:6801/2054267433] conn(0x7f166802feb0 msgr2=0x7f1668032370 secure :-1 s=STATE_CONNECTION_ESTABLISHED l=1).mark_down
2024-04-02T07:37:27.105 INFO:teuthology.orchestra.run.smithi050.stderr:/usr/bin/ceph:
2024-04-02T07:37:27.102+0000 7f1673e00700 1 --2- 172.21.15.50:0/3996882081 >> [v2:172.21.15.50:6800/2054267433,v1:172.21.15.50:6801/2054267433] conn(0x7f166802feb0 0x7f1668032370 secure :-1 s=READY pgs=10 cs=0 l=1 rev1=1 rx=0x7f16740096a0 tx=0x7f1674006b40).stop
2024-04-02T07:37:27.105 INFO:teuthology.orchestra.run.smithi050.stderr:/usr/bin/ceph:
2024-04-02T07:37:27.102+0000 7f1673e00700 1 -- 172.21.15.50:0/3996882081 >> [v2:172.21.15.50:3300/0,v1:172.21.15.50:6789/0] conn(0x7f16880fd270 msgr2=0x7f1688100680 secure :-1 s=STATE_CONNECTION_ESTABLISHED l=1).mark_down
2024-04-02T07:37:27.105 INFO:teuthology.orchestra.run.smithi050.stderr:/usr/bin/ceph:
2024-04-02T07:37:27.102+0000 7f1673e00700 1 --2- 172.21.15.50:0/3996882081 >> [v2:172.21.15.50:3300/0,v1:172.21.15.50:6789/0] conn(0x7f16880fd270 0x7f1688100680 secure :-1 s=READY pgs=63 cs=0 l=1 rev1=1 rx=0x7f1678011de0 tx=0x7f1678006ee0).stop
2024-04-02T07:37:27.105 INFO:teuthology.orchestra.run.smithi050.stderr:/usr/bin/ceph:
2024-04-02T07:37:27.102+0000 7f1673e00700 1 -- 172.21.15.50:0/3996882081 shutdown_connections
2024-04-02T07:37:27.105 INFO:teuthology.orchestra.run.smithi050.stderr:/usr/bin/ceph:
2024-04-02T07:37:27.102+0000 7f1673e00700 1 --2- 172.21.15.50:0/3996882081 >> [v2:172.21.15.50:6800/2054267433,v1:172.21.15.50:6801/2054267433] conn(0x7f166802feb0 0x7f1668032370 unknown :-1 s=CLOSED pgs=10 cs=0 l=1 rev1=1 rx=0 tx=0).stop
2024-04-02T07:37:27.105 INFO:teuthology.orchestra.run.smithi050.stderr:/usr/bin/ceph:
2024-04-02T07:37:27.102+0000 7f1673e00700 1 --2- 172.21.15.50:0/3996882081 >> [v2:172.21.15.50:3300/0,v1:172.21.15.50:6789/0] conn(0x7f16880fd270 0x7f1688100680 unknown :-1 s=CLOSED pgs=63 cs=0 l=1 rev1=1 rx=0 tx=0).stop
2024-04-02T07:37:27.105 INFO:teuthology.orchestra.run.smithi050.stderr:/usr/bin/ceph:
2024-04-02T07:37:27.102+0000 7f1673e00700 1 -- 172.21.15.50:0/3996882081 >> 172.21.15.50:0/3996882081 conn(0x7f16880f73e0 msgr2=0x7f16880f8de0 unknown :-1 s=STATE_NONE l=0).mark_down
2024-04-02T07:37:27.105 INFO:teuthology.orchestra.run.smithi050.stderr:/usr/bin/ceph:
2024-04-02T07:37:27.102+0000 7f1673e00700 1 -- 172.21.15.50:0/3996882081 shutdown_connections
2024-04-02T07:37:27.106 INFO:teuthology.orchestra.run.smithi050.stderr:/usr/bin/ceph:
2024-04-02T07:37:27.102+0000 7f1673e00700 1 -- 172.21.15.50:0/3996882081 wait complete.
2024-04-02T07:37:27.732 INFO:teuthology.orchestra.run.smithi050.stderr:Enabling the dashboard module...
2024-04-02T07:37:27.733 INFO:teuthology.orchestra.run.smithi050.stderr:Running command: /bin/podman run --rm --ipc=host --no-hosts --net=host --entrypoint /usr/bin/ceph --init -e CONTAINER_IMAGE=quay.io/ceph/ceph:v16.2.4 -e NODE_NAME=smithi050 -e CEPH_USE_RANDOM_NONCE=1 -v /var/log/ceph/a32ea0e8-f0c3-11ee-b647-cb9ed24678a4:/var/log/ceph:z -v /tmp/ceph-tmp1zcpgmql:/etc/ceph/ceph.client.admin.keyring:z -v /tmp/ceph-tmp7x2ybbgx:/etc/ceph/ceph.conf:z quay.io/ceph/ceph:v16.2.4 mgr module enable dashboard
2024-04-02T07:37:28.269 INFO:teuthology.orchestra.run.smithi050.stderr:/usr/bin/ceph:
2024-04-02T07:37:28.266+0000 7f26b8c00700 1 Processor -- start
2024-04-02T07:37:28.269 INFO:teuthology.orchestra.run.smithi050.stderr:/usr/bin/ceph:
2024-04-02T07:37:28.266+0000 7f26b8c00700 1 -- start start
2024-04-02T07:37:28.269 INFO:teuthology.orchestra.run.smithi050.stderr:/usr/bin/ceph:
2024-04-02T07:37:28.266+0000 7f26b8c00700 1 --2- >> [v2:172.21.15.50:3300/0,v1:172.21.15.50:6789/0] conn(0x7f26b40fd270 0x7f26b40fd690 unknown :-1 s=NONE pgs=0 cs=0 l=0 rev1=0 rx=0 tx=0).connect
2024-04-02T07:37:28.269 INFO:teuthology.orchestra.run.smithi050.stderr:/usr/bin/ceph:
2024-04-02T07:37:28.266+0000 7f26b8c00700 1 -- --> [v2:172.21.15.50:3300/0,v1:172.21.15.50:6789/0] -- mon_getmap magic: 0 v1 -- 0x7f26b40fdb80 con 0x7f26b40fd270
2024-04-02T07:37:28.269 INFO:teuthology.orchestra.run.smithi050.stderr:/usr/bin/ceph:
2024-04-02T07:37:28.267+0000 7f26b3400700 1 --2- >> [v2:172.21.15.50:3300/0,v1:172.21.15.50:6789/0] conn(0x7f26b40fd270 0x7f26b40fd690 unknown :-1 s=BANNER_CONNECTING pgs=0 cs=0 l=0 rev1=0 rx=0 tx=0)._handle_peer_banner_payload supported=1 required=0
2024-04-02T07:37:28.269 INFO:teuthology.orchestra.run.smithi050.stderr:/usr/bin/ceph:
2024-04-02T07:37:28.267+0000 7f26b3400700 1 --2- >> [v2:172.21.15.50:3300/0,v1:172.21.15.50:6789/0] conn(0x7f26b40fd270 0x7f26b40fd690 unknown :-1 s=HELLO_CONNECTING pgs=0 cs=0 l=0 rev1=1 rx=0 tx=0).handle_hello peer v2:172.21.15.50:3300/0 says I am v2:172.21.15.50:49140/0 (socket says 172.21.15.50:49140)
2024-04-02T07:37:28.271 INFO:teuthology.orchestra.run.smithi050.stderr:/usr/bin/ceph:
2024-04-02T07:37:28.267+0000 7f26b3400700 1 -- 172.21.15.50:0/3055201445 learned_addr learned my addr 172.21.15.50:0/3055201445 (peer_addr_for_me v2:172.21.15.50:0/0)
2024-04-02T07:37:28.271 INFO:teuthology.orchestra.run.smithi050.stderr:/usr/bin/ceph:
2024-04-02T07:37:28.267+0000 7f26b3400700 1 -- 172.21.15.50:0/3055201445 --> [v2:172.21.15.50:3300/0,v1:172.21.15.50:6789/0] -- mon_subscribe({config=0+,monmap=0+}) v3 -- 0x7f26b40fdcc0 con 0x7f26b40fd270
2024-04-02T07:37:28.271 INFO:teuthology.orchestra.run.smithi050.stderr:/usr/bin/ceph:
2024-04-02T07:37:28.267+0000 7f26b3400700 1 --2- 172.21.15.50:0/3055201445 >> [v2:172.21.15.50:3300/0,v1:172.21.15.50:6789/0] conn(0x7f26b40fd270 0x7f26b40fd690 secure :-1 s=READY pgs=64 cs=0 l=1 rev1=1 rx=0x7f26a400b5f0 tx=0x7f26a4006ee0).ready entity=mon.0 client_cookie=71e6c337829b919f server_cookie=0 in_seq=0 out_seq=0
2024-04-02T07:37:28.271 INFO:teuthology.orchestra.run.smithi050.stderr:/usr/bin/ceph:
2024-04-02T07:37:28.267+0000 7f26b2000700 1 -- 172.21.15.50:0/3055201445 <== mon.0 v2:172.21.15.50:3300/0 1 ==== mon_map magic: 0 v1 ==== 229+0+0 (secure 0 0 0) 0x7f26a400d600 con 0x7f26b40fd270
2024-04-02T07:37:28.271 INFO:teuthology.orchestra.run.smithi050.stderr:/usr/bin/ceph:
2024-04-02T07:37:28.267+0000 7f26b2000700 1 -- 172.21.15.50:0/3055201445 <== mon.0 v2:172.21.15.50:3300/0 2 ==== config(25 keys) v1 ==== 1045+0+0 (secure 0 0 0) 0x7f26a400dbf0 con 0x7f26b40fd270
2024-04-02T07:37:28.272 INFO:teuthology.orchestra.run.smithi050.stderr:/usr/bin/ceph:
2024-04-02T07:37:28.267+0000 7f26b2000700 1 -- 172.21.15.50:0/3055201445 <== mon.0 v2:172.21.15.50:3300/0 3 ==== mon_map magic: 0 v1 ==== 229+0+0 (secure 0 0 0) 0x7f26a4011bf0 con 0x7f26b40fd270
2024-04-02T07:37:28.272 INFO:teuthology.orchestra.run.smithi050.stderr:/usr/bin/ceph:
2024-04-02T07:37:28.268+0000 7f26b8c00700 1 -- 172.21.15.50:0/3055201445 >> [v2:172.21.15.50:3300/0,v1:172.21.15.50:6789/0] conn(0x7f26b40fd270 msgr2=0x7f26b40fd690 secure :-1 s=STATE_CONNECTION_ESTABLISHED l=1).mark_down
2024-04-02T07:37:28.272 INFO:teuthology.orchestra.run.smithi050.stderr:/usr/bin/ceph:
2024-04-02T07:37:28.268+0000 7f26b8c00700 1 --2- 172.21.15.50:0/3055201445 >> [v2:172.21.15.50:3300/0,v1:172.21.15.50:6789/0] conn(0x7f26b40fd270 0x7f26b40fd690 secure :-1 s=READY pgs=64 cs=0 l=1 rev1=1 rx=0x7f26a400b5f0 tx=0x7f26a4006ee0).stop
2024-04-02T07:37:28.272 INFO:teuthology.orchestra.run.smithi050.stderr:/usr/bin/ceph:
2024-04-02T07:37:28.269+0000 7f26b8c00700 1 -- 172.21.15.50:0/3055201445 shutdown_connections
2024-04-02T07:37:28.272 INFO:teuthology.orchestra.run.smithi050.stderr:/usr/bin/ceph:
2024-04-02T07:37:28.269+0000 7f26b8c00700 1 --2- 172.21.15.50:0/3055201445 >> [v2:172.21.15.50:3300/0,v1:172.21.15.50:6789/0] conn(0x7f26b40fd270 0x7f26b40fd690 unknown :-1 s=CLOSED pgs=64 cs=0 l=1 rev1=1 rx=0 tx=0).stop
2024-04-02T07:37:28.272 INFO:teuthology.orchestra.run.smithi050.stderr:/usr/bin/ceph:
2024-04-02T07:37:28.269+0000 7f26b8c00700 1 -- 172.21.15.50:0/3055201445 >> 172.21.15.50:0/3055201445 conn(0x7f26b40f73e0 msgr2=0x7f26b40f9800 unknown :-1 s=STATE_NONE l=0).mark_down
2024-04-02T07:37:28.272 INFO:teuthology.orchestra.run.smithi050.stderr:/usr/bin/ceph:
2024-04-02T07:37:28.269+0000 7f26b8c00700 1 -- 172.21.15.50:0/3055201445 shutdown_connections
2024-04-02T07:37:28.272 INFO:teuthology.orchestra.run.smithi050.stderr:/usr/bin/ceph:
2024-04-02T07:37:28.269+0000 7f26b8c00700 1 -- 172.21.15.50:0/3055201445 wait complete.
2024-04-02T07:37:28.273 INFO:teuthology.orchestra.run.smithi050.stderr:/usr/bin/ceph:
2024-04-02T07:37:28.270+0000 7f26b8c00700 1 Processor -- start
2024-04-02T07:37:28.273 INFO:teuthology.orchestra.run.smithi050.stderr:/usr/bin/ceph:
2024-04-02T07:37:28.270+0000 7f26b8c00700 1 -- start start
2024-04-02T07:37:28.273 INFO:teuthology.orchestra.run.smithi050.stderr:/usr/bin/ceph:
2024-04-02T07:37:28.271+0000 7f26b8c00700 1 --2- >> [v2:172.21.15.50:3300/0,v1:172.21.15.50:6789/0] conn(0x7f26b40fd270 0x7f26b410cbd0 unknown :-1 s=NONE pgs=0 cs=0 l=1 rev1=0 rx=0 tx=0).connect
2024-04-02T07:37:28.274 INFO:teuthology.orchestra.run.smithi050.stderr:/usr/bin/ceph:
2024-04-02T07:37:28.271+0000 7f26b8c00700 1 -- --> [v2:172.21.15.50:3300/0,v1:172.21.15.50:6789/0] -- mon_getmap magic: 0 v1 -- 0x7f26b410d0c0 con 0x7f26b40fd270
2024-04-02T07:37:28.274 INFO:teuthology.orchestra.run.smithi050.stderr:/usr/bin/ceph:
2024-04-02T07:37:28.271+0000 7f26b3400700 1 --2- >> [v2:172.21.15.50:3300/0,v1:172.21.15.50:6789/0] conn(0x7f26b40fd270 0x7f26b410cbd0 unknown :-1 s=BANNER_CONNECTING pgs=0 cs=0 l=1 rev1=0 rx=0 tx=0)._handle_peer_banner_payload supported=1 required=0
2024-04-02T07:37:28.274 INFO:teuthology.orchestra.run.smithi050.stderr:/usr/bin/ceph:
2024-04-02T07:37:28.271+0000 7f26b3400700 1 --2- >> [v2:172.21.15.50:3300/0,v1:172.21.15.50:6789/0] conn(0x7f26b40fd270 0x7f26b410cbd0 unknown :-1 s=HELLO_CONNECTING pgs=0 cs=0 l=1 rev1=1 rx=0 tx=0).handle_hello peer v2:172.21.15.50:3300/0 says I am v2:172.21.15.50:49156/0 (socket says 172.21.15.50:49156)
2024-04-02T07:37:28.274 INFO:teuthology.orchestra.run.smithi050.stderr:/usr/bin/ceph:
2024-04-02T07:37:28.271+0000 7f26b3400700 1 -- 172.21.15.50:0/1950554128 learned_addr learned my addr 172.21.15.50:0/1950554128 (peer_addr_for_me v2:172.21.15.50:0/0)
2024-04-02T07:37:28.274 INFO:teuthology.orchestra.run.smithi050.stderr:/usr/bin/ceph:
2024-04-02T07:37:28.271+0000 7f26b3400700 1 -- 172.21.15.50:0/1950554128 --> [v2:172.21.15.50:3300/0,v1:172.21.15.50:6789/0] -- mon_subscribe({config=0+,monmap=0+}) v3 -- 0x7f26a400b200 con 0x7f26b40fd270
2024-04-02T07:37:28.274 INFO:teuthology.orchestra.run.smithi050.stderr:/usr/bin/ceph:
2024-04-02T07:37:28.271+0000 7f26b3400700 1 --2- 172.21.15.50:0/1950554128 >> [v2:172.21.15.50:3300/0,v1:172.21.15.50:6789/0] conn(0x7f26b40fd270 0x7f26b410cbd0 secure :-1 s=READY pgs=65 cs=0 l=1 rev1=1 rx=0x7f26a4011de0 tx=0x7f26a4006ee0).ready entity=mon.0 client_cookie=0 server_cookie=0 in_seq=0 out_seq=0
2024-04-02T07:37:28.275 INFO:teuthology.orchestra.run.smithi050.stderr:/usr/bin/ceph:
2024-04-02T07:37:28.272+0000 7f26ab400700 1 -- 172.21.15.50:0/1950554128 <== mon.0 v2:172.21.15.50:3300/0 1 ==== mon_map magic: 0 v1 ==== 229+0+0 (secure 0 0 0) 0x7f26a401b410 con 0x7f26b40fd270
2024-04-02T07:37:28.275 INFO:teuthology.orchestra.run.smithi050.stderr:/usr/bin/ceph:
2024-04-02T07:37:28.272+0000 7f26ab400700 1 -- 172.21.15.50:0/1950554128 <== mon.0 v2:172.21.15.50:3300/0 2 ==== config(25 keys) v1 ==== 1045+0+0 (secure 0 0 0) 0x7f26a401ba00 con 0x7f26b40fd270
2024-04-02T07:37:28.276 INFO:teuthology.orchestra.run.smithi050.stderr:/usr/bin/ceph:
2024-04-02T07:37:28.272+0000 7f26ab400700 1 -- 172.21.15.50:0/1950554128 <== mon.0 v2:172.21.15.50:3300/0 3 ==== mon_map magic: 0 v1 ==== 229+0+0 (secure 0 0 0) 0x7f26a401a840 con 0x7f26b40fd270
2024-04-02T07:37:28.276 INFO:teuthology.orchestra.run.smithi050.stderr:/usr/bin/ceph:
2024-04-02T07:37:28.272+0000 7f26b8c00700 1 -- 172.21.15.50:0/1950554128 --> [v2:172.21.15.50:3300/0,v1:172.21.15.50:6789/0] -- mon_subscribe({mgrmap=0+}) v3 -- 0x7f26b410d2c0 con 0x7f26b40fd270
2024-04-02T07:37:28.276 INFO:teuthology.orchestra.run.smithi050.stderr:/usr/bin/ceph:
2024-04-02T07:37:28.272+0000 7f26b8c00700 1 -- 172.21.15.50:0/1950554128 --> [v2:172.21.15.50:3300/0,v1:172.21.15.50:6789/0] -- mon_subscribe({osdmap=0}) v3 -- 0x7f26b410d6d0 con 0x7f26b40fd270
2024-04-02T07:37:28.276 INFO:teuthology.orchestra.run.smithi050.stderr:/usr/bin/ceph:
2024-04-02T07:37:28.273+0000 7f26ab400700 1 -- 172.21.15.50:0/1950554128 <== mon.0 v2:172.21.15.50:3300/0 4 ==== mgrmap(e 12) v1 ==== 36195+0+0 (secure 0 0 0) 0x7f26a402b070 con 0x7f26b40fd270
2024-04-02T07:37:28.276 INFO:teuthology.orchestra.run.smithi050.stderr:/usr/bin/ceph:
2024-04-02T07:37:28.273+0000 7f26ab400700 1 --2- 172.21.15.50:0/1950554128 >> [v2:172.21.15.50:6800/2054267433,v1:172.21.15.50:6801/2054267433] conn(0x7f269402feb0 0x7f2694032370 unknown :-1 s=NONE pgs=0 cs=0 l=1 rev1=0 rx=0 tx=0).connect
2024-04-02T07:37:28.276 INFO:teuthology.orchestra.run.smithi050.stderr:/usr/bin/ceph:
2024-04-02T07:37:28.273+0000 7f26ab400700 1 -- 172.21.15.50:0/1950554128 <== mon.0 v2:172.21.15.50:3300/0 5 ==== osd_map(3..3 src has 1..3) v4 ==== 1065+0+0 (secure 0 0 0) 0x7f26a4041810 con 0x7f26b40fd270
2024-04-02T07:37:28.276 INFO:teuthology.orchestra.run.smithi050.stderr:/usr/bin/ceph:
2024-04-02T07:37:28.273+0000 7f26b8c00700 1 -- 172.21.15.50:0/1950554128 --> [v2:172.21.15.50:3300/0,v1:172.21.15.50:6789/0] -- mon_command({"prefix": "get_command_descriptions"} v 0) v1 -- 0x7f26b4059100 con 0x7f26b40fd270
2024-04-02T07:37:28.276 INFO:teuthology.orchestra.run.smithi050.stderr:/usr/bin/ceph:
2024-04-02T07:37:28.273+0000 7f26b2a00700 1 --2- 172.21.15.50:0/1950554128 >> [v2:172.21.15.50:6800/2054267433,v1:172.21.15.50:6801/2054267433] conn(0x7f269402feb0 0x7f2694032370 unknown :-1 s=BANNER_CONNECTING pgs=0 cs=0 l=1 rev1=0 rx=0 tx=0)._handle_peer_banner_payload supported=1 required=0
2024-04-02T07:37:28.276 INFO:teuthology.orchestra.run.smithi050.stderr:/usr/bin/ceph:
2024-04-02T07:37:28.274+0000 7f26b2a00700 1 --2- 172.21.15.50:0/1950554128 >> [v2:172.21.15.50:6800/2054267433,v1:172.21.15.50:6801/2054267433] conn(0x7f269402feb0 0x7f2694032370 secure :-1 s=READY pgs=11 cs=0 l=1 rev1=1 rx=0x7f26a00096a0 tx=0x7f26a0006b40).ready entity=mgr.14140 client_cookie=0 server_cookie=0 in_seq=0 out_seq=0
2024-04-02T07:37:28.280 INFO:teuthology.orchestra.run.smithi050.stderr:/usr/bin/ceph:
2024-04-02T07:37:28.278+0000 7f26ab400700 1 -- 172.21.15.50:0/1950554128 <== mon.0 v2:172.21.15.50:3300/0 6 ==== mon_command_ack([{"prefix": "get_command_descriptions"}]=0 v0) v1 ==== 72+0+152212 (secure 0 0 0) 0x7f26a4016020 con 0x7f26b40fd270
2024-04-02T07:37:28.470 INFO:journalctl@ceph.mon.smithi050.smithi050.stdout:Apr 02 07:37:28 smithi050 ceph-a32ea0e8-f0c3-11ee-b647-cb9ed24678a4-mon.smithi050[35079]: audit
2024-04-02T07:37:27.100997+0000 mon.smithi050 (mon.0) 86 : audit [INF] from='client.? 172.21.15.50:0/3996882081' entity='client.admin'
2024-04-02T07:37:28.487 INFO:teuthology.orchestra.run.smithi050.stderr:/usr/bin/ceph:
2024-04-02T07:37:28.485+0000 7f26b8c00700 1 -- 172.21.15.50:0/1950554128 --> [v2:172.21.15.50:3300/0,v1:172.21.15.50:6789/0] -- mon_command({"prefix": "mgr module enable", "module": "dashboard"} v 0) v1 -- 0x7f26b4106c90 con 0x7f26b40fd270
2024-04-02T07:37:29.389 INFO:teuthology.orchestra.run.smithi050.stderr:/usr/bin/ceph:
2024-04-02T07:37:29.387+0000 7f26ab400700 1 -- 172.21.15.50:0/1950554128 <== mon.0 v2:172.21.15.50:3300/0 7 ==== mgrmap(e 13) v1 ==== 36208+0+0 (secure 0 0 0) 0x7f26a400f070 con 0x7f26b40fd270
