2024-04-02T07:37:29.390 INFO:teuthology.orchestra.run.smithi050.stderr:/usr/bin/ceph:
2024-04-02T07:37:29.388+0000 7f26ab400700 1 -- 172.21.15.50:0/1950554128 <== mon.0 v2:172.21.15.50:3300/0 8 ==== mon_command_ack([{"prefix": "mgr module enable", "module": "dashboard"}]=0 v13) v1 ==== 88+0+0 (secure 0 0 0) 0x7f26a402ebb0 con 0x7f26b40fd270
2024-04-02T07:37:29.394 INFO:teuthology.orchestra.run.smithi050.stderr:/usr/bin/ceph:
2024-04-02T07:37:29.391+0000 7f26b8c00700 1 -- 172.21.15.50:0/1950554128 >> [v2:172.21.15.50:6800/2054267433,v1:172.21.15.50:6801/2054267433] conn(0x7f269402feb0 msgr2=0x7f2694032370 secure :-1 s=STATE_CONNECTION_ESTABLISHED l=1).mark_down
2024-04-02T07:37:29.394 INFO:teuthology.orchestra.run.smithi050.stderr:/usr/bin/ceph:
2024-04-02T07:37:29.391+0000 7f26b8c00700 1 --2- 172.21.15.50:0/1950554128 >> [v2:172.21.15.50:6800/2054267433,v1:172.21.15.50:6801/2054267433] conn(0x7f269402feb0 0x7f2694032370 secure :-1 s=READY pgs=11 cs=0 l=1 rev1=1 rx=0x7f26a00096a0 tx=0x7f26a0006b40).stop
2024-04-02T07:37:29.394 INFO:teuthology.orchestra.run.smithi050.stderr:/usr/bin/ceph:
2024-04-02T07:37:29.391+0000 7f26b8c00700 1 -- 172.21.15.50:0/1950554128 >> [v2:172.21.15.50:3300/0,v1:172.21.15.50:6789/0] conn(0x7f26b40fd270 msgr2=0x7f26b410cbd0 secure :-1 s=STATE_CONNECTION_ESTABLISHED l=1).mark_down
2024-04-02T07:37:29.394 INFO:teuthology.orchestra.run.smithi050.stderr:/usr/bin/ceph:
2024-04-02T07:37:29.391+0000 7f26b8c00700 1 --2- 172.21.15.50:0/1950554128 >> [v2:172.21.15.50:3300/0,v1:172.21.15.50:6789/0] conn(0x7f26b40fd270 0x7f26b410cbd0 secure :-1 s=READY pgs=65 cs=0 l=1 rev1=1 rx=0x7f26a4011de0 tx=0x7f26a4006ee0).stop
2024-04-02T07:37:29.395 INFO:teuthology.orchestra.run.smithi050.stderr:/usr/bin/ceph:
2024-04-02T07:37:29.391+0000 7f26b8c00700 1 -- 172.21.15.50:0/1950554128 shutdown_connections
2024-04-02T07:37:29.395 INFO:teuthology.orchestra.run.smithi050.stderr:/usr/bin/ceph:
2024-04-02T07:37:29.391+0000 7f26b8c00700 1 --2- 172.21.15.50:0/1950554128 >> [v2:172.21.15.50:6800/2054267433,v1:172.21.15.50:6801/2054267433] conn(0x7f269402feb0 0x7f2694032370 unknown :-1 s=CLOSED pgs=11 cs=0 l=1 rev1=1 rx=0 tx=0).stop
2024-04-02T07:37:29.395 INFO:teuthology.orchestra.run.smithi050.stderr:/usr/bin/ceph:
2024-04-02T07:37:29.391+0000 7f26b8c00700 1 --2- 172.21.15.50:0/1950554128 >> [v2:172.21.15.50:3300/0,v1:172.21.15.50:6789/0] conn(0x7f26b40fd270 0x7f26b410cbd0 unknown :-1 s=CLOSED pgs=65 cs=0 l=1 rev1=1 rx=0 tx=0).stop
2024-04-02T07:37:29.395 INFO:teuthology.orchestra.run.smithi050.stderr:/usr/bin/ceph:
2024-04-02T07:37:29.391+0000 7f26b8c00700 1 -- 172.21.15.50:0/1950554128 >> 172.21.15.50:0/1950554128 conn(0x7f26b40f73e0 msgr2=0x7f26b40f8de0 unknown :-1 s=STATE_NONE l=0).mark_down
2024-04-02T07:37:29.395 INFO:teuthology.orchestra.run.smithi050.stderr:/usr/bin/ceph:
2024-04-02T07:37:29.392+0000 7f26b8c00700 1 -- 172.21.15.50:0/1950554128 shutdown_connections
2024-04-02T07:37:29.395 INFO:teuthology.orchestra.run.smithi050.stderr:/usr/bin/ceph:
2024-04-02T07:37:29.392+0000 7f26b8c00700 1 -- 172.21.15.50:0/1950554128 wait complete.
2024-04-02T07:37:29.720 INFO:journalctl@ceph.mon.smithi050.smithi050.stdout:Apr 02 07:37:29 smithi050 ceph-a32ea0e8-f0c3-11ee-b647-cb9ed24678a4-mon.smithi050[35079]: audit
2024-04-02T07:37:28.486369+0000 mon.smithi050 (mon.0) 87 : audit [INF] from='client.? 172.21.15.50:0/1950554128' entity='client.admin' cmd=[{"prefix": "mgr module enable", "module": "dashboard"}]: dispatch
2024-04-02T07:37:30.135 INFO:teuthology.orchestra.run.smithi050.stderr:Running command: /bin/podman run --rm --ipc=host --no-hosts --net=host --entrypoint /usr/bin/ceph --init -e CONTAINER_IMAGE=quay.io/ceph/ceph:v16.2.4 -e NODE_NAME=smithi050 -e CEPH_USE_RANDOM_NONCE=1 -v /var/log/ceph/a32ea0e8-f0c3-11ee-b647-cb9ed24678a4:/var/log/ceph:z -v /tmp/ceph-tmp1zcpgmql:/etc/ceph/ceph.client.admin.keyring:z -v /tmp/ceph-tmp7x2ybbgx:/etc/ceph/ceph.conf:z quay.io/ceph/ceph:v16.2.4 mgr stat
2024-04-02T07:37:30.425 INFO:journalctl@ceph.mon.smithi050.smithi050.stdout:Apr 02 07:37:30 smithi050 ceph-a32ea0e8-f0c3-11ee-b647-cb9ed24678a4-mon.smithi050[35079]: audit
2024-04-02T07:37:29.389066+0000 mon.smithi050 (mon.0) 88 : audit [INF] from='client.? 172.21.15.50:0/1950554128' entity='client.admin' cmd='[{"prefix": "mgr module enable", "module": "dashboard"}]': finished
2024-04-02T07:37:30.425 INFO:journalctl@ceph.mon.smithi050.smithi050.stdout:Apr 02 07:37:30 smithi050 ceph-a32ea0e8-f0c3-11ee-b647-cb9ed24678a4-mon.smithi050[35079]: cluster
2024-04-02T07:37:29.389170+0000 mon.smithi050 (mon.0) 89 : cluster [DBG] mgrmap e13: smithi050.atgbtd(active, since 11s)
2024-04-02T07:37:30.710 INFO:teuthology.orchestra.run.smithi050.stderr:/usr/bin/ceph:
2024-04-02T07:37:30.707+0000 7f9c81200700 1 Processor -- start
2024-04-02T07:37:30.711 INFO:teuthology.orchestra.run.smithi050.stderr:/usr/bin/ceph:
2024-04-02T07:37:30.707+0000 7f9c81200700 1 -- start start
2024-04-02T07:37:30.711 INFO:teuthology.orchestra.run.smithi050.stderr:/usr/bin/ceph:
2024-04-02T07:37:30.708+0000 7f9c81200700 1 --2- >> [v2:172.21.15.50:3300/0,v1:172.21.15.50:6789/0] conn(0x7f9c7c0fc780 0x7f9c7c0feb70 unknown :-1 s=NONE pgs=0 cs=0 l=0 rev1=0 rx=0 tx=0).connect
2024-04-02T07:37:30.711 INFO:teuthology.orchestra.run.smithi050.stderr:/usr/bin/ceph:
2024-04-02T07:37:30.708+0000 7f9c81200700 1 -- --> [v2:172.21.15.50:3300/0,v1:172.21.15.50:6789/0] -- mon_getmap magic: 0 v1 -- 0x7f9c7c070680 con 0x7f9c7c0fc780
2024-04-02T07:37:30.711 INFO:teuthology.orchestra.run.smithi050.stderr:/usr/bin/ceph:
2024-04-02T07:37:30.708+0000 7f9c7b400700 1 --2- >> [v2:172.21.15.50:3300/0,v1:172.21.15.50:6789/0] conn(0x7f9c7c0fc780 0x7f9c7c0feb70 unknown :-1 s=BANNER_CONNECTING pgs=0 cs=0 l=0 rev1=0 rx=0 tx=0)._handle_peer_banner_payload supported=1 required=0
2024-04-02T07:37:30.711 INFO:teuthology.orchestra.run.smithi050.stderr:/usr/bin/ceph:
2024-04-02T07:37:30.708+0000 7f9c7b400700 1 --2- >> [v2:172.21.15.50:3300/0,v1:172.21.15.50:6789/0] conn(0x7f9c7c0fc780 0x7f9c7c0feb70 unknown :-1 s=HELLO_CONNECTING pgs=0 cs=0 l=0 rev1=1 rx=0 tx=0).handle_hello peer v2:172.21.15.50:3300/0 says I am v2:172.21.15.50:49194/0 (socket says 172.21.15.50:49194)
2024-04-02T07:37:30.711 INFO:teuthology.orchestra.run.smithi050.stderr:/usr/bin/ceph:
2024-04-02T07:37:30.708+0000 7f9c7b400700 1 -- 172.21.15.50:0/1855892970 learned_addr learned my addr 172.21.15.50:0/1855892970 (peer_addr_for_me v2:172.21.15.50:0/0)
2024-04-02T07:37:30.712 INFO:teuthology.orchestra.run.smithi050.stderr:/usr/bin/ceph:
2024-04-02T07:37:30.709+0000 7f9c7b400700 1 -- 172.21.15.50:0/1855892970 --> [v2:172.21.15.50:3300/0,v1:172.21.15.50:6789/0] -- mon_subscribe({config=0+,monmap=0+}) v3 -- 0x7f9c7c0ff060 con 0x7f9c7c0fc780
2024-04-02T07:37:30.713 INFO:teuthology.orchestra.run.smithi050.stderr:/usr/bin/ceph:
2024-04-02T07:37:30.709+0000 7f9c7b400700 1 --2- 172.21.15.50:0/1855892970 >> [v2:172.21.15.50:3300/0,v1:172.21.15.50:6789/0] conn(0x7f9c7c0fc780 0x7f9c7c0feb70 secure :-1 s=READY pgs=68 cs=0 l=1 rev1=1 rx=0x7f9c6c00b5f0 tx=0x7f9c6c006ee0).ready entity=mon.0 client_cookie=b9db57f1776acc24 server_cookie=0 in_seq=0 out_seq=0
2024-04-02T07:37:30.713 INFO:teuthology.orchestra.run.smithi050.stderr:/usr/bin/ceph:
2024-04-02T07:37:30.709+0000 7f9c7a000700 1 -- 172.21.15.50:0/1855892970 <== mon.0 v2:172.21.15.50:3300/0 1 ==== mon_map magic: 0 v1 ==== 229+0+0 (secure 0 0 0) 0x7f9c6c00d600 con 0x7f9c7c0fc780
2024-04-02T07:37:30.713 INFO:teuthology.orchestra.run.smithi050.stderr:/usr/bin/ceph:
2024-04-02T07:37:30.709+0000 7f9c7a000700 1 -- 172.21.15.50:0/1855892970 <== mon.0 v2:172.21.15.50:3300/0 2 ==== config(25 keys) v1 ==== 1045+0+0 (secure 0 0 0) 0x7f9c6c00dbf0 con 0x7f9c7c0fc780
2024-04-02T07:37:30.713 INFO:teuthology.orchestra.run.smithi050.stderr:/usr/bin/ceph:
2024-04-02T07:37:30.709+0000 7f9c7a000700 1 -- 172.21.15.50:0/1855892970 <== mon.0 v2:172.21.15.50:3300/0 3 ==== mon_map magic: 0 v1 ==== 229+0+0 (secure 0 0 0) 0x7f9c6c011bf0 con 0x7f9c7c0fc780
2024-04-02T07:37:30.713 INFO:teuthology.orchestra.run.smithi050.stderr:/usr/bin/ceph:
2024-04-02T07:37:30.710+0000 7f9c81200700 1 -- 172.21.15.50:0/1855892970 >> [v2:172.21.15.50:3300/0,v1:172.21.15.50:6789/0] conn(0x7f9c7c0fc780 msgr2=0x7f9c7c0feb70 secure :-1 s=STATE_CONNECTION_ESTABLISHED l=1).mark_down
2024-04-02T07:37:30.713 INFO:teuthology.orchestra.run.smithi050.stderr:/usr/bin/ceph:
2024-04-02T07:37:30.710+0000 7f9c81200700 1 --2- 172.21.15.50:0/1855892970 >> [v2:172.21.15.50:3300/0,v1:172.21.15.50:6789/0] conn(0x7f9c7c0fc780 0x7f9c7c0feb70 secure :-1 s=READY pgs=68 cs=0 l=1 rev1=1 rx=0x7f9c6c00b5f0 tx=0x7f9c6c006ee0).stop
2024-04-02T07:37:30.713 INFO:teuthology.orchestra.run.smithi050.stderr:/usr/bin/ceph:
2024-04-02T07:37:30.710+0000 7f9c81200700 1 -- 172.21.15.50:0/1855892970 shutdown_connections
2024-04-02T07:37:30.713 INFO:teuthology.orchestra.run.smithi050.stderr:/usr/bin/ceph:
2024-04-02T07:37:30.710+0000 7f9c81200700 1 --2- 172.21.15.50:0/1855892970 >> [v2:172.21.15.50:3300/0,v1:172.21.15.50:6789/0] conn(0x7f9c7c0fc780 0x7f9c7c0feb70 unknown :-1 s=CLOSED pgs=68 cs=0 l=1 rev1=1 rx=0 tx=0).stop
2024-04-02T07:37:30.713 INFO:teuthology.orchestra.run.smithi050.stderr:/usr/bin/ceph:
2024-04-02T07:37:30.710+0000 7f9c81200700 1 -- 172.21.15.50:0/1855892970 >> 172.21.15.50:0/1855892970 conn(0x7f9c7c0f6250 msgr2=0x7f9c7c0f8670 unknown :-1 s=STATE_NONE l=0).mark_down
2024-04-02T07:37:30.713 INFO:teuthology.orchestra.run.smithi050.stderr:/usr/bin/ceph:
2024-04-02T07:37:30.710+0000 7f9c81200700 1 -- 172.21.15.50:0/1855892970 shutdown_connections
2024-04-02T07:37:30.713 INFO:teuthology.orchestra.run.smithi050.stderr:/usr/bin/ceph:
2024-04-02T07:37:30.710+0000 7f9c81200700 1 -- 172.21.15.50:0/1855892970 wait complete.
2024-04-02T07:37:30.714 INFO:teuthology.orchestra.run.smithi050.stderr:/usr/bin/ceph:
2024-04-02T07:37:30.711+0000 7f9c81200700 1 Processor -- start
2024-04-02T07:37:30.715 INFO:teuthology.orchestra.run.smithi050.stderr:/usr/bin/ceph:
2024-04-02T07:37:30.711+0000 7f9c81200700 1 -- start start
2024-04-02T07:37:30.715 INFO:teuthology.orchestra.run.smithi050.stderr:/usr/bin/ceph:
2024-04-02T07:37:30.712+0000 7f9c81200700 1 --2- >> [v2:172.21.15.50:3300/0,v1:172.21.15.50:6789/0] conn(0x7f9c7c0fc780 0x7f9c7c10a9c0 unknown :-1 s=NONE pgs=0 cs=0 l=1 rev1=0 rx=0 tx=0).connect
2024-04-02T07:37:30.715 INFO:teuthology.orchestra.run.smithi050.stderr:/usr/bin/ceph:
2024-04-02T07:37:30.712+0000 7f9c81200700 1 -- --> [v2:172.21.15.50:3300/0,v1:172.21.15.50:6789/0] -- mon_getmap magic: 0 v1 -- 0x7f9c7c10aeb0 con 0x7f9c7c0fc780
2024-04-02T07:37:30.715 INFO:teuthology.orchestra.run.smithi050.stderr:/usr/bin/ceph:
2024-04-02T07:37:30.712+0000 7f9c7b400700 1 --2- >> [v2:172.21.15.50:3300/0,v1:172.21.15.50:6789/0] conn(0x7f9c7c0fc780 0x7f9c7c10a9c0 unknown :-1 s=BANNER_CONNECTING pgs=0 cs=0 l=1 rev1=0 rx=0 tx=0)._handle_peer_banner_payload supported=1 required=0
2024-04-02T07:37:30.715 INFO:teuthology.orchestra.run.smithi050.stderr:/usr/bin/ceph:
2024-04-02T07:37:30.712+0000 7f9c7b400700 1 --2- >> [v2:172.21.15.50:3300/0,v1:172.21.15.50:6789/0] conn(0x7f9c7c0fc780 0x7f9c7c10a9c0 unknown :-1 s=HELLO_CONNECTING pgs=0 cs=0 l=1 rev1=1 rx=0 tx=0).handle_hello peer v2:172.21.15.50:3300/0 says I am v2:172.21.15.50:49196/0 (socket says 172.21.15.50:49196)
2024-04-02T07:37:30.715 INFO:teuthology.orchestra.run.smithi050.stderr:/usr/bin/ceph:
2024-04-02T07:37:30.712+0000 7f9c7b400700 1 -- 172.21.15.50:0/2672948401 learned_addr learned my addr 172.21.15.50:0/2672948401 (peer_addr_for_me v2:172.21.15.50:0/0)
2024-04-02T07:37:30.715 INFO:teuthology.orchestra.run.smithi050.stderr:/usr/bin/ceph:
2024-04-02T07:37:30.713+0000 7f9c7b400700 1 -- 172.21.15.50:0/2672948401 --> [v2:172.21.15.50:3300/0,v1:172.21.15.50:6789/0] -- mon_subscribe({config=0+,monmap=0+}) v3 -- 0x7f9c6c00b200 con 0x7f9c7c0fc780
2024-04-02T07:37:30.715 INFO:teuthology.orchestra.run.smithi050.stderr:/usr/bin/ceph:
2024-04-02T07:37:30.713+0000 7f9c7b400700 1 --2- 172.21.15.50:0/2672948401 >> [v2:172.21.15.50:3300/0,v1:172.21.15.50:6789/0] conn(0x7f9c7c0fc780 0x7f9c7c10a9c0 secure :-1 s=READY pgs=69 cs=0 l=1 rev1=1 rx=0x7f9c6c011de0 tx=0x7f9c6c006ee0).ready entity=mon.0 client_cookie=0 server_cookie=0 in_seq=0 out_seq=0
2024-04-02T07:37:30.716 INFO:teuthology.orchestra.run.smithi050.stderr:/usr/bin/ceph:
2024-04-02T07:37:30.713+0000 7f9c73400700 1 -- 172.21.15.50:0/2672948401 <== mon.0 v2:172.21.15.50:3300/0 1 ==== mon_map magic: 0 v1 ==== 229+0+0 (secure 0 0 0) 0x7f9c6c01b410 con 0x7f9c7c0fc780
2024-04-02T07:37:30.716 INFO:teuthology.orchestra.run.smithi050.stderr:/usr/bin/ceph:
2024-04-02T07:37:30.713+0000 7f9c73400700 1 -- 172.21.15.50:0/2672948401 <== mon.0 v2:172.21.15.50:3300/0 2 ==== config(25 keys) v1 ==== 1045+0+0 (secure 0 0 0) 0x7f9c6c01ba00 con 0x7f9c7c0fc780
2024-04-02T07:37:30.716 INFO:teuthology.orchestra.run.smithi050.stderr:/usr/bin/ceph:
2024-04-02T07:37:30.713+0000 7f9c73400700 1 -- 172.21.15.50:0/2672948401 <== mon.0 v2:172.21.15.50:3300/0 3 ==== mon_map magic: 0 v1 ==== 229+0+0 (secure 0 0 0) 0x7f9c6c01a840 con 0x7f9c7c0fc780
2024-04-02T07:37:30.716 INFO:teuthology.orchestra.run.smithi050.stderr:/usr/bin/ceph:
2024-04-02T07:37:30.713+0000 7f9c81200700 1 -- 172.21.15.50:0/2672948401 --> [v2:172.21.15.50:3300/0,v1:172.21.15.50:6789/0] -- mon_subscribe({mgrmap=0+}) v3 -- 0x7f9c7c10b0b0 con 0x7f9c7c0fc780
2024-04-02T07:37:30.716 INFO:teuthology.orchestra.run.smithi050.stderr:/usr/bin/ceph:
2024-04-02T07:37:30.713+0000 7f9c81200700 1 -- 172.21.15.50:0/2672948401 --> [v2:172.21.15.50:3300/0,v1:172.21.15.50:6789/0] -- mon_subscribe({osdmap=0}) v3 -- 0x7f9c7c10b4c0 con 0x7f9c7c0fc780
2024-04-02T07:37:30.717 INFO:teuthology.orchestra.run.smithi050.stderr:/usr/bin/ceph:
2024-04-02T07:37:30.714+0000 7f9c73400700 1 -- 172.21.15.50:0/2672948401 <== mon.0 v2:172.21.15.50:3300/0 4 ==== mgrmap(e 13) v1 ==== 36208+0+0 (secure 0 0 0) 0x7f9c6c02b070 con 0x7f9c7c0fc780
2024-04-02T07:37:30.717 INFO:teuthology.orchestra.run.smithi050.stderr:/usr/bin/ceph:
2024-04-02T07:37:30.714+0000 7f9c81200700 1 -- 172.21.15.50:0/2672948401 --> [v2:172.21.15.50:3300/0,v1:172.21.15.50:6789/0] -- mon_command({"prefix": "get_command_descriptions"} v 0) v1 -- 0x7f9c7c059100 con 0x7f9c7c0fc780
2024-04-02T07:37:30.717 INFO:teuthology.orchestra.run.smithi050.stderr:/usr/bin/ceph:
2024-04-02T07:37:30.715+0000 7f9c73400700 1 --2- 172.21.15.50:0/2672948401 >> [v2:172.21.15.50:6800/2054267433,v1:172.21.15.50:6801/2054267433] conn(0x7f9c5c02ff00 0x7f9c5c0323c0 unknown :-1 s=NONE pgs=0 cs=0 l=1 rev1=0 rx=0 tx=0).connect
2024-04-02T07:37:30.717 INFO:teuthology.orchestra.run.smithi050.stderr:/usr/bin/ceph:
2024-04-02T07:37:30.715+0000 7f9c73400700 1 -- 172.21.15.50:0/2672948401 <== mon.0 v2:172.21.15.50:3300/0 5 ==== osd_map(3..3 src has 1..3) v4 ==== 1065+0+0 (secure 0 0 0) 0x7f9c6c041790 con 0x7f9c7c0fc780
2024-04-02T07:37:30.717 INFO:teuthology.orchestra.run.smithi050.stderr:/usr/bin/ceph:
2024-04-02T07:37:30.715+0000 7f9c7aa00700 1 -- 172.21.15.50:0/2672948401 >> [v2:172.21.15.50:6800/2054267433,v1:172.21.15.50:6801/2054267433] conn(0x7f9c5c02ff00 msgr2=0x7f9c5c0323c0 unknown :-1 s=STATE_CONNECTING_RE l=1).process reconnect failed to v2:172.21.15.50:6800/2054267433
2024-04-02T07:37:30.717 INFO:teuthology.orchestra.run.smithi050.stderr:/usr/bin/ceph:
2024-04-02T07:37:30.715+0000 7f9c7aa00700 1 --2- 172.21.15.50:0/2672948401 >> [v2:172.21.15.50:6800/2054267433,v1:172.21.15.50:6801/2054267433] conn(0x7f9c5c02ff00 0x7f9c5c0323c0 unknown :-1 s=START_CONNECT pgs=0 cs=0 l=1 rev1=0 rx=0 tx=0)._fault waiting 0.200000
2024-04-02T07:37:30.722 INFO:teuthology.orchestra.run.smithi050.stderr:/usr/bin/ceph:
2024-04-02T07:37:30.720+0000 7f9c73400700 1 -- 172.21.15.50:0/2672948401 <== mon.0 v2:172.21.15.50:3300/0 6 ==== mon_command_ack([{"prefix": "get_command_descriptions"}]=0 v0) v1 ==== 72+0+152212 (secure 0 0 0) 0x7f9c6c02b4e0 con 0x7f9c7c0fc780
2024-04-02T07:37:30.918 INFO:teuthology.orchestra.run.smithi050.stderr:/usr/bin/ceph:
2024-04-02T07:37:30.916+0000 7f9c7aa00700 1 -- 172.21.15.50:0/2672948401 >> [v2:172.21.15.50:6800/2054267433,v1:172.21.15.50:6801/2054267433] conn(0x7f9c5c02ff00 msgr2=0x7f9c5c0323c0 unknown :-1 s=STATE_CONNECTING_RE l=1).process reconnect failed to v2:172.21.15.50:6800/2054267433
2024-04-02T07:37:30.918 INFO:teuthology.orchestra.run.smithi050.stderr:/usr/bin/ceph:
2024-04-02T07:37:30.916+0000 7f9c7aa00700 1 --2- 172.21.15.50:0/2672948401 >> [v2:172.21.15.50:6800/2054267433,v1:172.21.15.50:6801/2054267433] conn(0x7f9c5c02ff00 0x7f9c5c0323c0 unknown :-1 s=START_CONNECT pgs=0 cs=0 l=1 rev1=0 rx=0 tx=0)._fault waiting 0.400000
2024-04-02T07:37:30.927 INFO:teuthology.orchestra.run.smithi050.stderr:/usr/bin/ceph:
2024-04-02T07:37:30.926+0000 7f9c81200700 1 -- 172.21.15.50:0/2672948401 --> [v2:172.21.15.50:3300/0,v1:172.21.15.50:6789/0] -- mon_command({"prefix": "mgr stat"} v 0) v1 -- 0x7f9c7c104980 con 0x7f9c7c0fc780
2024-04-02T07:37:30.928 INFO:teuthology.orchestra.run.smithi050.stderr:/usr/bin/ceph:
2024-04-02T07:37:30.926+0000 7f9c73400700 1 -- 172.21.15.50:0/2672948401 <== mon.0 v2:172.21.15.50:3300/0 7 ==== mon_command_ack([{"prefix": "mgr stat"}]=0 v13) v1 ==== 56+0+104 (secure 0 0 0) 0x7f9c6c016070 con 0x7f9c7c0fc780
2024-04-02T07:37:30.929 INFO:teuthology.orchestra.run.smithi050.stderr:/usr/bin/ceph: {
2024-04-02T07:37:30.929 INFO:teuthology.orchestra.run.smithi050.stderr:/usr/bin/ceph: "epoch": 13,
2024-04-02T07:37:30.929 INFO:teuthology.orchestra.run.smithi050.stderr:/usr/bin/ceph: "available": true,
2024-04-02T07:37:30.929 INFO:teuthology.orchestra.run.smithi050.stderr:/usr/bin/ceph: "active_name": "smithi050.atgbtd",
2024-04-02T07:37:30.929 INFO:teuthology.orchestra.run.smithi050.stderr:/usr/bin/ceph: "num_standby": 0
2024-04-02T07:37:30.929 INFO:teuthology.orchestra.run.smithi050.stderr:/usr/bin/ceph: }
2024-04-02T07:37:30.931 INFO:teuthology.orchestra.run.smithi050.stderr:/usr/bin/ceph:
2024-04-02T07:37:30.928+0000 7f9c81200700 1 -- 172.21.15.50:0/2672948401 >> [v2:172.21.15.50:6800/2054267433,v1:172.21.15.50:6801/2054267433] conn(0x7f9c5c02ff00 msgr2=0x7f9c5c0323c0 unknown :-1 s=STATE_CONNECTING l=1).mark_down
2024-04-02T07:37:30.931 INFO:teuthology.orchestra.run.smithi050.stderr:/usr/bin/ceph:
2024-04-02T07:37:30.928+0000 7f9c81200700 1 --2- 172.21.15.50:0/2672948401 >> [v2:172.21.15.50:6800/2054267433,v1:172.21.15.50:6801/2054267433] conn(0x7f9c5c02ff00 0x7f9c5c0323c0 unknown :-1 s=START_CONNECT pgs=0 cs=0 l=1 rev1=0 rx=0 tx=0).stop
2024-04-02T07:37:30.931 INFO:teuthology.orchestra.run.smithi050.stderr:/usr/bin/ceph:
2024-04-02T07:37:30.928+0000 7f9c81200700 1 -- 172.21.15.50:0/2672948401 >> [v2:172.21.15.50:3300/0,v1:172.21.15.50:6789/0] conn(0x7f9c7c0fc780 msgr2=0x7f9c7c10a9c0 secure :-1 s=STATE_CONNECTION_ESTABLISHED l=1).mark_down
2024-04-02T07:37:30.931 INFO:teuthology.orchestra.run.smithi050.stderr:/usr/bin/ceph:
2024-04-02T07:37:30.928+0000 7f9c81200700 1 --2- 172.21.15.50:0/2672948401 >> [v2:172.21.15.50:3300/0,v1:172.21.15.50:6789/0] conn(0x7f9c7c0fc780 0x7f9c7c10a9c0 secure :-1 s=READY pgs=69 cs=0 l=1 rev1=1 rx=0x7f9c6c011de0 tx=0x7f9c6c006ee0).stop
2024-04-02T07:37:30.931 INFO:teuthology.orchestra.run.smithi050.stderr:/usr/bin/ceph:
2024-04-02T07:37:30.928+0000 7f9c81200700 1 -- 172.21.15.50:0/2672948401 shutdown_connections
2024-04-02T07:37:30.931 INFO:teuthology.orchestra.run.smithi050.stderr:/usr/bin/ceph:
2024-04-02T07:37:30.928+0000 7f9c81200700 1 --2- 172.21.15.50:0/2672948401 >> [v2:172.21.15.50:6800/2054267433,v1:172.21.15.50:6801/2054267433] conn(0x7f9c5c02ff00 0x7f9c5c0323c0 unknown :-1 s=CLOSED pgs=0 cs=0 l=1 rev1=0 rx=0 tx=0).stop
2024-04-02T07:37:30.931 INFO:teuthology.orchestra.run.smithi050.stderr:/usr/bin/ceph:
2024-04-02T07:37:30.928+0000 7f9c81200700 1 --2- 172.21.15.50:0/2672948401 >> [v2:172.21.15.50:3300/0,v1:172.21.15.50:6789/0] conn(0x7f9c7c0fc780 0x7f9c7c10a9c0 unknown :-1 s=CLOSED pgs=69 cs=0 l=1 rev1=1 rx=0 tx=0).stop
2024-04-02T07:37:30.932 INFO:teuthology.orchestra.run.smithi050.stderr:/usr/bin/ceph:
2024-04-02T07:37:30.928+0000 7f9c81200700 1 -- 172.21.15.50:0/2672948401 >> 172.21.15.50:0/2672948401 conn(0x7f9c7c0f6250 msgr2=0x7f9c7c0f7c60 unknown :-1 s=STATE_NONE l=0).mark_down
2024-04-02T07:37:30.932 INFO:teuthology.orchestra.run.smithi050.stderr:/usr/bin/ceph:
2024-04-02T07:37:30.928+0000 7f9c81200700 1 -- 172.21.15.50:0/2672948401 shutdown_connections
2024-04-02T07:37:30.932 INFO:teuthology.orchestra.run.smithi050.stderr:/usr/bin/ceph:
2024-04-02T07:37:30.929+0000 7f9c81200700 1 -- 172.21.15.50:0/2672948401 wait complete.
2024-04-02T07:37:31.682 INFO:teuthology.orchestra.run.smithi050.stderr:Waiting for the mgr to restart...
2024-04-02T07:37:31.682 INFO:teuthology.orchestra.run.smithi050.stderr:Waiting for mgr epoch 13...
2024-04-02T07:37:31.682 INFO:teuthology.orchestra.run.smithi050.stderr:Running command: /bin/podman run --rm --ipc=host --no-hosts --net=host --entrypoint /usr/bin/ceph --init -e CONTAINER_IMAGE=quay.io/ceph/ceph:v16.2.4 -e NODE_NAME=smithi050 -e CEPH_USE_RANDOM_NONCE=1 -v /var/log/ceph/a32ea0e8-f0c3-11ee-b647-cb9ed24678a4:/var/log/ceph:z -v /tmp/ceph-tmp1zcpgmql:/etc/ceph/ceph.client.admin.keyring:z -v /tmp/ceph-tmp7x2ybbgx:/etc/ceph/ceph.conf:z quay.io/ceph/ceph:v16.2.4 tell mgr mgr_status
2024-04-02T07:37:31.686 INFO:journalctl@ceph.mon.smithi050.smithi050.stdout:Apr 02 07:37:31 smithi050 ceph-a32ea0e8-f0c3-11ee-b647-cb9ed24678a4-mon.smithi050[35079]: audit
2024-04-02T07:37:30.927163+0000 mon.smithi050 (mon.0) 90 : audit [DBG] from='client.? 172.21.15.50:0/2672948401' entity='client.admin' cmd=[{"prefix": "mgr stat"}]: dispatch
2024-04-02T07:37:32.283 INFO:teuthology.orchestra.run.smithi050.stderr:/usr/bin/ceph:
2024-04-02T07:37:32.280+0000 7f6a3ea00700 1 Processor -- start
2024-04-02T07:37:32.284 INFO:teuthology.orchestra.run.smithi050.stderr:/usr/bin/ceph:
2024-04-02T07:37:32.281+0000 7f6a3ea00700 1 -- start start
2024-04-02T07:37:32.284 INFO:teuthology.orchestra.run.smithi050.stderr:/usr/bin/ceph:
2024-04-02T07:37:32.281+0000 7f6a3ea00700 1 --2- >> [v2:172.21.15.50:3300/0,v1:172.21.15.50:6789/0] conn(0x7f6a380fd270 0x7f6a380fd690 unknown :-1 s=NONE pgs=0 cs=0 l=0 rev1=0 rx=0 tx=0).connect
2024-04-02T07:37:32.284 INFO:teuthology.orchestra.run.smithi050.stderr:/usr/bin/ceph:
2024-04-02T07:37:32.281+0000 7f6a3ea00700 1 -- --> [v2:172.21.15.50:3300/0,v1:172.21.15.50:6789/0] -- mon_getmap magic: 0 v1 -- 0x7f6a380fdb80 con 0x7f6a380fd270
2024-04-02T07:37:32.284 INFO:teuthology.orchestra.run.smithi050.stderr:/usr/bin/ceph:
2024-04-02T07:37:32.281+0000 7f6a3d600700 1 --2- >> [v2:172.21.15.50:3300/0,v1:172.21.15.50:6789/0] conn(0x7f6a380fd270 0x7f6a380fd690 unknown :-1 s=BANNER_CONNECTING pgs=0 cs=0 l=0 rev1=0 rx=0 tx=0)._handle_peer_banner_payload supported=1 required=0
2024-04-02T07:37:32.284 INFO:teuthology.orchestra.run.smithi050.stderr:/usr/bin/ceph:
2024-04-02T07:37:32.281+0000 7f6a3d600700 1 --2- >> [v2:172.21.15.50:3300/0,v1:172.21.15.50:6789/0] conn(0x7f6a380fd270 0x7f6a380fd690 unknown :-1 s=HELLO_CONNECTING pgs=0 cs=0 l=0 rev1=1 rx=0 tx=0).handle_hello peer v2:172.21.15.50:3300/0 says I am v2:172.21.15.50:49210/0 (socket says 172.21.15.50:49210)
2024-04-02T07:37:32.284 INFO:teuthology.orchestra.run.smithi050.stderr:/usr/bin/ceph:
2024-04-02T07:37:32.281+0000 7f6a3d600700 1 -- 172.21.15.50:0/575212614 learned_addr learned my addr 172.21.15.50:0/575212614 (peer_addr_for_me v2:172.21.15.50:0/0)
2024-04-02T07:37:32.285 INFO:teuthology.orchestra.run.smithi050.stderr:/usr/bin/ceph:
2024-04-02T07:37:32.282+0000 7f6a3d600700 1 -- 172.21.15.50:0/575212614 --> [v2:172.21.15.50:3300/0,v1:172.21.15.50:6789/0] -- mon_subscribe({config=0+,monmap=0+}) v3 -- 0x7f6a380fdcc0 con 0x7f6a380fd270
2024-04-02T07:37:32.285 INFO:teuthology.orchestra.run.smithi050.stderr:/usr/bin/ceph:
2024-04-02T07:37:32.282+0000 7f6a3d600700 1 --2- 172.21.15.50:0/575212614 >> [v2:172.21.15.50:3300/0,v1:172.21.15.50:6789/0] conn(0x7f6a380fd270 0x7f6a380fd690 secure :-1 s=READY pgs=70 cs=0 l=1 rev1=1 rx=0x7f6a2c00b5f0 tx=0x7f6a2c006ee0).ready entity=mon.0 client_cookie=633f445e10478b38 server_cookie=0 in_seq=0 out_seq=0
2024-04-02T07:37:32.285 INFO:teuthology.orchestra.run.smithi050.stderr:/usr/bin/ceph:
2024-04-02T07:37:32.282+0000 7f6a37e00700 1 -- 172.21.15.50:0/575212614 <== mon.0 v2:172.21.15.50:3300/0 1 ==== mon_map magic: 0 v1 ==== 229+0+0 (secure 0 0 0) 0x7f6a2c00d600 con 0x7f6a380fd270
2024-04-02T07:37:32.285 INFO:teuthology.orchestra.run.smithi050.stderr:/usr/bin/ceph:
2024-04-02T07:37:32.282+0000 7f6a37e00700 1 -- 172.21.15.50:0/575212614 <== mon.0 v2:172.21.15.50:3300/0 2 ==== config(25 keys) v1 ==== 1045+0+0 (secure 0 0 0) 0x7f6a2c00dbf0 con 0x7f6a380fd270
2024-04-02T07:37:32.285 INFO:teuthology.orchestra.run.smithi050.stderr:/usr/bin/ceph:
2024-04-02T07:37:32.282+0000 7f6a37e00700 1 -- 172.21.15.50:0/575212614 <== mon.0 v2:172.21.15.50:3300/0 3 ==== mon_map magic: 0 v1 ==== 229+0+0 (secure 0 0 0) 0x7f6a2c011bf0 con 0x7f6a380fd270
2024-04-02T07:37:32.285 INFO:teuthology.orchestra.run.smithi050.stderr:/usr/bin/ceph:
2024-04-02T07:37:32.283+0000 7f6a3ea00700 1 -- 172.21.15.50:0/575212614 >> [v2:172.21.15.50:3300/0,v1:172.21.15.50:6789/0] conn(0x7f6a380fd270 msgr2=0x7f6a380fd690 secure :-1 s=STATE_CONNECTION_ESTABLISHED l=1).mark_down
2024-04-02T07:37:32.286 INFO:teuthology.orchestra.run.smithi050.stderr:/usr/bin/ceph:
2024-04-02T07:37:32.283+0000 7f6a3ea00700 1 --2- 172.21.15.50:0/575212614 >> [v2:172.21.15.50:3300/0,v1:172.21.15.50:6789/0] conn(0x7f6a380fd270 0x7f6a380fd690 secure :-1 s=READY pgs=70 cs=0 l=1 rev1=1 rx=0x7f6a2c00b5f0 tx=0x7f6a2c006ee0).stop
2024-04-02T07:37:32.286 INFO:teuthology.orchestra.run.smithi050.stderr:/usr/bin/ceph:
2024-04-02T07:37:32.283+0000 7f6a3ea00700 1 -- 172.21.15.50:0/575212614 shutdown_connections
2024-04-02T07:37:32.286 INFO:teuthology.orchestra.run.smithi050.stderr:/usr/bin/ceph:
2024-04-02T07:37:32.283+0000 7f6a3ea00700 1 --2- 172.21.15.50:0/575212614 >> [v2:172.21.15.50:3300/0,v1:172.21.15.50:6789/0] conn(0x7f6a380fd270 0x7f6a380fd690 unknown :-1 s=CLOSED pgs=70 cs=0 l=1 rev1=1 rx=0 tx=0).stop
2024-04-02T07:37:32.286 INFO:teuthology.orchestra.run.smithi050.stderr:/usr/bin/ceph:
2024-04-02T07:37:32.283+0000 7f6a3ea00700 1 -- 172.21.15.50:0/575212614 >> 172.21.15.50:0/575212614 conn(0x7f6a380f73e0 msgr2=0x7f6a380f9800 unknown :-1 s=STATE_NONE l=0).mark_down
2024-04-02T07:37:32.287 INFO:teuthology.orchestra.run.smithi050.stderr:/usr/bin/ceph:
2024-04-02T07:37:32.283+0000 7f6a3ea00700 1 -- 172.21.15.50:0/575212614 shutdown_connections
2024-04-02T07:37:32.287 INFO:teuthology.orchestra.run.smithi050.stderr:/usr/bin/ceph:
2024-04-02T07:37:32.283+0000 7f6a3ea00700 1 -- 172.21.15.50:0/575212614 wait complete.
2024-04-02T07:37:32.287 INFO:teuthology.orchestra.run.smithi050.stderr:/usr/bin/ceph:
2024-04-02T07:37:32.284+0000 7f6a3ea00700 1 Processor -- start
2024-04-02T07:37:32.287 INFO:teuthology.orchestra.run.smithi050.stderr:/usr/bin/ceph:
2024-04-02T07:37:32.285+0000 7f6a3ea00700 1 -- start start
2024-04-02T07:37:32.288 INFO:teuthology.orchestra.run.smithi050.stderr:/usr/bin/ceph:
2024-04-02T07:37:32.285+0000 7f6a3ea00700 1 --2- >> [v2:172.21.15.50:3300/0,v1:172.21.15.50:6789/0] conn(0x7f6a380fd270 0x7f6a3810a9c0 unknown :-1 s=NONE pgs=0 cs=0 l=1 rev1=0 rx=0 tx=0).connect
2024-04-02T07:37:32.288 INFO:teuthology.orchestra.run.smithi050.stderr:/usr/bin/ceph:
2024-04-02T07:37:32.285+0000 7f6a3ea00700 1 -- --> [v2:172.21.15.50:3300/0,v1:172.21.15.50:6789/0] -- mon_getmap magic: 0 v1 -- 0x7f6a3810aeb0 con 0x7f6a380fd270
2024-04-02T07:37:32.288 INFO:teuthology.orchestra.run.smithi050.stderr:/usr/bin/ceph:
2024-04-02T07:37:32.285+0000 7f6a3d600700 1 --2- >> [v2:172.21.15.50:3300/0,v1:172.21.15.50:6789/0] conn(0x7f6a380fd270 0x7f6a3810a9c0 unknown :-1 s=BANNER_CONNECTING pgs=0 cs=0 l=1 rev1=0 rx=0 tx=0)._handle_peer_banner_payload supported=1 required=0
2024-04-02T07:37:32.288 INFO:teuthology.orchestra.run.smithi050.stderr:/usr/bin/ceph:
2024-04-02T07:37:32.285+0000 7f6a3d600700 1 --2- >> [v2:172.21.15.50:3300/0,v1:172.21.15.50:6789/0] conn(0x7f6a380fd270 0x7f6a3810a9c0 unknown :-1 s=HELLO_CONNECTING pgs=0 cs=0 l=1 rev1=1 rx=0 tx=0).handle_hello peer v2:172.21.15.50:3300/0 says I am v2:172.21.15.50:49226/0 (socket says 172.21.15.50:49226)
2024-04-02T07:37:32.288 INFO:teuthology.orchestra.run.smithi050.stderr:/usr/bin/ceph:
2024-04-02T07:37:32.285+0000 7f6a3d600700 1 -- 172.21.15.50:0/473431533 learned_addr learned my addr 172.21.15.50:0/473431533 (peer_addr_for_me v2:172.21.15.50:0/0)
2024-04-02T07:37:32.288 INFO:teuthology.orchestra.run.smithi050.stderr:/usr/bin/ceph:
2024-04-02T07:37:32.286+0000 7f6a3d600700 1 -- 172.21.15.50:0/473431533 --> [v2:172.21.15.50:3300/0,v1:172.21.15.50:6789/0] -- mon_subscribe({config=0+,monmap=0+}) v3 -- 0x7f6a2c00b200 con 0x7f6a380fd270
2024-04-02T07:37:32.288 INFO:teuthology.orchestra.run.smithi050.stderr:/usr/bin/ceph:
2024-04-02T07:37:32.286+0000 7f6a3d600700 1 --2- 172.21.15.50:0/473431533 >> [v2:172.21.15.50:3300/0,v1:172.21.15.50:6789/0] conn(0x7f6a380fd270 0x7f6a3810a9c0 secure :-1 s=READY pgs=71 cs=0 l=1 rev1=1 rx=0x7f6a2c011e30 tx=0x7f6a2c006ee0).ready entity=mon.0 client_cookie=0 server_cookie=0 in_seq=0 out_seq=0
2024-04-02T07:37:32.289 INFO:teuthology.orchestra.run.smithi050.stderr:/usr/bin/ceph:
2024-04-02T07:37:32.286+0000 7f6a35600700 1 -- 172.21.15.50:0/473431533 <== mon.0 v2:172.21.15.50:3300/0 1 ==== mon_map magic: 0 v1 ==== 229+0+0 (secure 0 0 0) 0x7f6a2c01b410 con 0x7f6a380fd270
2024-04-02T07:37:32.289 INFO:teuthology.orchestra.run.smithi050.stderr:/usr/bin/ceph:
2024-04-02T07:37:32.286+0000 7f6a35600700 1 -- 172.21.15.50:0/473431533 <== mon.0 v2:172.21.15.50:3300/0 2 ==== config(25 keys) v1 ==== 1045+0+0 (secure 0 0 0) 0x7f6a2c01ba00 con 0x7f6a380fd270
2024-04-02T07:37:32.289 INFO:teuthology.orchestra.run.smithi050.stderr:/usr/bin/ceph:
2024-04-02T07:37:32.286+0000 7f6a3ea00700 1 -- 172.21.15.50:0/473431533 --> [v2:172.21.15.50:3300/0,v1:172.21.15.50:6789/0] -- mon_subscribe({mgrmap=0+}) v3 -- 0x7f6a3810b0b0 con 0x7f6a380fd270
2024-04-02T07:37:32.289 INFO:teuthology.orchestra.run.smithi050.stderr:/usr/bin/ceph:
2024-04-02T07:37:32.286+0000 7f6a35600700 1 -- 172.21.15.50:0/473431533 <== mon.0 v2:172.21.15.50:3300/0 3 ==== mon_map magic: 0 v1 ==== 229+0+0 (secure 0 0 0) 0x7f6a2c01a7b0 con 0x7f6a380fd270
2024-04-02T07:37:32.289 INFO:teuthology.orchestra.run.smithi050.stderr:/usr/bin/ceph:
2024-04-02T07:37:32.286+0000 7f6a3ea00700 1 -- 172.21.15.50:0/473431533 --> [v2:172.21.15.50:3300/0,v1:172.21.15.50:6789/0] -- mon_subscribe({osdmap=0}) v3 -- 0x7f6a3810b4c0 con 0x7f6a380fd270
2024-04-02T07:37:32.290 INFO:teuthology.orchestra.run.smithi050.stderr:/usr/bin/ceph:
2024-04-02T07:37:32.287+0000 7f6a35600700 1 -- 172.21.15.50:0/473431533 <== mon.0 v2:172.21.15.50:3300/0 4 ==== mgrmap(e 13) v1 ==== 36208+0+0 (secure 0 0 0) 0x7f6a2c02b070 con 0x7f6a380fd270
2024-04-02T07:37:32.290 INFO:teuthology.orchestra.run.smithi050.stderr:/usr/bin/ceph:
2024-04-02T07:37:32.288+0000 7f6a35600700 1 --2- 172.21.15.50:0/473431533 >> [v2:172.21.15.50:6800/2054267433,v1:172.21.15.50:6801/2054267433] conn(0x7f6a1802ff00 0x7f6a180323c0 unknown :-1 s=NONE pgs=0 cs=0 l=1 rev1=0 rx=0 tx=0).connect
2024-04-02T07:37:32.290 INFO:teuthology.orchestra.run.smithi050.stderr:/usr/bin/ceph:
2024-04-02T07:37:32.288+0000 7f6a35600700 1 -- 172.21.15.50:0/473431533 --> [v2:172.21.15.50:6800/2054267433,v1:172.21.15.50:6801/2054267433] -- command(tid 0: {"prefix": "get_command_descriptions"}) v1 -- 0x7f6a18032a80 con 0x7f6a1802ff00
2024-04-02T07:37:32.290 INFO:teuthology.orchestra.run.smithi050.stderr:/usr/bin/ceph:
2024-04-02T07:37:32.288+0000 7f6a35600700 1 -- 172.21.15.50:0/473431533 <== mon.0 v2:172.21.15.50:3300/0 5 ==== osd_map(3..3 src has 1..3) v4 ==== 1065+0+0 (secure 0 0 0) 0x7f6a2c0416c0 con 0x7f6a380fd270
2024-04-02T07:37:32.290 INFO:teuthology.orchestra.run.smithi050.stderr:/usr/bin/ceph:
2024-04-02T07:37:32.288+0000 7f6a3cc00700 1 -- 172.21.15.50:0/473431533 >> [v2:172.21.15.50:6800/2054267433,v1:172.21.15.50:6801/2054267433] conn(0x7f6a1802ff00 msgr2=0x7f6a180323c0 unknown :-1 s=STATE_CONNECTING_RE l=1).process reconnect failed to v2:172.21.15.50:6800/2054267433
2024-04-02T07:37:32.290 INFO:teuthology.orchestra.run.smithi050.stderr:/usr/bin/ceph:
2024-04-02T07:37:32.288+0000 7f6a3cc00700 1 --2- 172.21.15.50:0/473431533 >> [v2:172.21.15.50:6800/2054267433,v1:172.21.15.50:6801/2054267433] conn(0x7f6a1802ff00 0x7f6a180323c0 unknown :-1 s=START_CONNECT pgs=0 cs=0 l=1 rev1=0 rx=0 tx=0)._fault waiting 0.200000
2024-04-02T07:37:32.491 INFO:teuthology.orchestra.run.smithi050.stderr:/usr/bin/ceph:
2024-04-02T07:37:32.489+0000 7f6a3cc00700 1 -- 172.21.15.50:0/473431533 >> [v2:172.21.15.50:6800/2054267433,v1:172.21.15.50:6801/2054267433] conn(0x7f6a1802ff00 msgr2=0x7f6a180323c0 unknown :-1 s=STATE_CONNECTING_RE l=1).process reconnect failed to v2:172.21.15.50:6800/2054267433
2024-04-02T07:37:32.491 INFO:teuthology.orchestra.run.smithi050.stderr:/usr/bin/ceph:
2024-04-02T07:37:32.489+0000 7f6a3cc00700 1 --2- 172.21.15.50:0/473431533 >> [v2:172.21.15.50:6800/2054267433,v1:172.21.15.50:6801/2054267433] conn(0x7f6a1802ff00 0x7f6a180323c0 unknown :-1 s=START_CONNECT pgs=0 cs=0 l=1 rev1=0 rx=0 tx=0)._fault waiting 0.400000
2024-04-02T07:37:32.892 INFO:teuthology.orchestra.run.smithi050.stderr:/usr/bin/ceph:
2024-04-02T07:37:32.890+0000 7f6a3cc00700 1 -- 172.21.15.50:0/473431533 >> [v2:172.21.15.50:6800/2054267433,v1:172.21.15.50:6801/2054267433] conn(0x7f6a1802ff00 msgr2=0x7f6a180323c0 unknown :-1 s=STATE_CONNECTING_RE l=1).process reconnect failed to v2:172.21.15.50:6800/2054267433
2024-04-02T07:37:32.892 INFO:teuthology.orchestra.run.smithi050.stderr:/usr/bin/ceph:
2024-04-02T07:37:32.890+0000 7f6a3cc00700 1 --2- 172.21.15.50:0/473431533 >> [v2:172.21.15.50:6800/2054267433,v1:172.21.15.50:6801/2054267433] conn(0x7f6a1802ff00 0x7f6a180323c0 unknown :-1 s=START_CONNECT pgs=0 cs=0 l=1 rev1=0 rx=0 tx=0)._fault waiting 0.800000
2024-04-02T07:37:33.694 INFO:teuthology.orchestra.run.smithi050.stderr:/usr/bin/ceph:
2024-04-02T07:37:33.691+0000 7f6a3cc00700 1 -- 172.21.15.50:0/473431533 >> [v2:172.21.15.50:6800/2054267433,v1:172.21.15.50:6801/2054267433] conn(0x7f6a1802ff00 msgr2=0x7f6a180323c0 unknown :-1 s=STATE_CONNECTING_RE l=1).process reconnect failed to v2:172.21.15.50:6800/2054267433
2024-04-02T07:37:33.694 INFO:teuthology.orchestra.run.smithi050.stderr:/usr/bin/ceph:
2024-04-02T07:37:33.691+0000 7f6a3cc00700 1 --2- 172.21.15.50:0/473431533 >> [v2:172.21.15.50:6800/2054267433,v1:172.21.15.50:6801/2054267433] conn(0x7f6a1802ff00 0x7f6a180323c0 unknown :-1 s=START_CONNECT pgs=0 cs=0 l=1 rev1=0 rx=0 tx=0)._fault waiting 1.600000
2024-04-02T07:37:35.295 INFO:teuthology.orchestra.run.smithi050.stderr:/usr/bin/ceph:
2024-04-02T07:37:35.292+0000 7f6a3cc00700 1 -- 172.21.15.50:0/473431533 >> [v2:172.21.15.50:6800/2054267433,v1:172.21.15.50:6801/2054267433] conn(0x7f6a1802ff00 msgr2=0x7f6a180323c0 unknown :-1 s=STATE_CONNECTING_RE l=1).process reconnect failed to v2:172.21.15.50:6800/2054267433
2024-04-02T07:37:35.295 INFO:teuthology.orchestra.run.smithi050.stderr:/usr/bin/ceph:
2024-04-02T07:37:35.293+0000 7f6a3cc00700 1 --2- 172.21.15.50:0/473431533 >> [v2:172.21.15.50:6800/2054267433,v1:172.21.15.50:6801/2054267433] conn(0x7f6a1802ff00 0x7f6a180323c0 unknown :-1 s=START_CONNECT pgs=0 cs=0 l=1 rev1=0 rx=0 tx=0)._fault waiting 3.200000
2024-04-02T07:37:36.065 INFO:teuthology.orchestra.run.smithi050.stderr:/usr/bin/ceph:
2024-04-02T07:37:36.063+0000 7f6a35600700 1 -- 172.21.15.50:0/473431533 <== mon.0 v2:172.21.15.50:3300/0 6 ==== mgrmap(e 14) v1 ==== 35997+0+0 (secure 0 0 0) 0x7f6a2c00f070 con 0x7f6a380fd270
2024-04-02T07:37:36.066 INFO:teuthology.orchestra.run.smithi050.stderr:/usr/bin/ceph:
2024-04-02T07:37:36.063+0000 7f6a35600700 1 -- 172.21.15.50:0/473431533 >> [v2:172.21.15.50:6800/2054267433,v1:172.21.15.50:6801/2054267433] conn(0x7f6a1802ff00 msgr2=0x7f6a180323c0 unknown :-1 s=STATE_CONNECTING l=1).mark_down
2024-04-02T07:37:36.066 INFO:teuthology.orchestra.run.smithi050.stderr:/usr/bin/ceph:
2024-04-02T07:37:36.063+0000 7f6a35600700 1 --2- 172.21.15.50:0/473431533 >> [v2:172.21.15.50:6800/2054267433,v1:172.21.15.50:6801/2054267433] conn(0x7f6a1802ff00 0x7f6a180323c0 unknown :-1 s=START_CONNECT pgs=0 cs=0 l=1 rev1=0 rx=0 tx=0).stop
2024-04-02T07:37:36.349 INFO:journalctl@ceph.mon.smithi050.smithi050.stdout:Apr 02 07:37:36 smithi050 ceph-a32ea0e8-f0c3-11ee-b647-cb9ed24678a4-mon.smithi050[35079]: cluster
2024-04-02T07:37:36.012050+0000 mon.smithi050 (mon.0) 91 : cluster [INF] Active manager daemon smithi050.atgbtd restarted
2024-04-02T07:37:36.349 INFO:journalctl@ceph.mon.smithi050.smithi050.stdout:Apr 02 07:37:36 smithi050 ceph-a32ea0e8-f0c3-11ee-b647-cb9ed24678a4-mon.smithi050[35079]: cluster
2024-04-02T07:37:36.012546+0000 mon.smithi050 (mon.0) 92 : cluster [INF] Activating manager daemon smithi050.atgbtd
2024-04-02T07:37:36.349 INFO:journalctl@ceph.mon.smithi050.smithi050.stdout:Apr 02 07:37:36 smithi050 ceph-a32ea0e8-f0c3-11ee-b647-cb9ed24678a4-mon.smithi050[35079]: cluster
2024-04-02T07:37:36.014767+0000 mon.smithi050 (mon.0) 93 : cluster [DBG] osdmap e4: 0 total, 0 up, 0 in
2024-04-02T07:37:37.074 INFO:teuthology.orchestra.run.smithi050.stderr:/usr/bin/ceph:
2024-04-02T07:37:37.070+0000 7f6a35600700 1 -- 172.21.15.50:0/473431533 <== mon.0 v2:172.21.15.50:3300/0 7 ==== mgrmap(e 15) v1 ==== 36067+0+0 (secure 0 0 0) 0x7f6a2c00f300 con 0x7f6a380fd270
2024-04-02T07:37:37.074 INFO:teuthology.orchestra.run.smithi050.stderr:/usr/bin/ceph:
2024-04-02T07:37:37.070+0000 7f6a35600700 1 --2- 172.21.15.50:0/473431533 >> [v2:172.21.15.50:6800/1027978921,v1:172.21.15.50:6801/1027978921] conn(0x7f6a18033b20 0x7f6a18035f10 unknown :-1 s=NONE pgs=0 cs=0 l=1 rev1=0 rx=0 tx=0).connect
2024-04-02T07:37:37.074 INFO:teuthology.orchestra.run.smithi050.stderr:/usr/bin/ceph:
2024-04-02T07:37:37.070+0000 7f6a35600700 1 -- 172.21.15.50:0/473431533 --> [v2:172.21.15.50:6800/1027978921,v1:172.21.15.50:6801/1027978921] -- command(tid 0: {"prefix": "get_command_descriptions"}) v1 -- 0x7f6a18032a80 con 0x7f6a18033b20
2024-04-02T07:37:37.074 INFO:teuthology.orchestra.run.smithi050.stderr:/usr/bin/ceph:
2024-04-02T07:37:37.071+0000 7f6a3cc00700 1 --2- 172.21.15.50:0/473431533 >> [v2:172.21.15.50:6800/1027978921,v1:172.21.15.50:6801/1027978921] conn(0x7f6a18033b20 0x7f6a18035f10 unknown :-1 s=BANNER_CONNECTING pgs=0 cs=0 l=1 rev1=0 rx=0 tx=0)._handle_peer_banner_payload supported=1 required=0
2024-04-02T07:37:37.074 INFO:teuthology.orchestra.run.smithi050.stderr:/usr/bin/ceph:
2024-04-02T07:37:37.072+0000 7f6a3cc00700 1 --2- 172.21.15.50:0/473431533 >> [v2:172.21.15.50:6800/1027978921,v1:172.21.15.50:6801/1027978921] conn(0x7f6a18033b20 0x7f6a18035f10 secure :-1 s=READY pgs=1 cs=0 l=1 rev1=1 rx=0x7f6a24006fd0 tx=0x7f6a24006d70).ready entity=mgr.14160 client_cookie=0 server_cookie=0 in_seq=0 out_seq=0
2024-04-02T07:37:37.075 INFO:teuthology.orchestra.run.smithi050.stderr:/usr/bin/ceph:
2024-04-02T07:37:37.073+0000 7f6a35600700 1 -- 172.21.15.50:0/473431533 <== mgr.14160 v2:172.21.15.50:6800/1027978921 1 ==== command_reply(tid 0: 0 ) v1 ==== 8+0+6438 (secure 0 0 0) 0x7f6a18032a80 con 0x7f6a18033b20
2024-04-02T07:37:37.081 INFO:teuthology.orchestra.run.smithi050.stderr:/usr/bin/ceph:
2024-04-02T07:37:37.079+0000 7f6a3ea00700 1 -- 172.21.15.50:0/473431533 --> [v2:172.21.15.50:6800/1027978921,v1:172.21.15.50:6801/1027978921] -- command(tid 1: {"prefix": "mgr_status"}) v1 -- 0x7f6a38046940 con 0x7f6a18033b20
2024-04-02T07:37:37.081 INFO:teuthology.orchestra.run.smithi050.stderr:/usr/bin/ceph:
2024-04-02T07:37:37.079+0000 7f6a35600700 1 -- 172.21.15.50:0/473431533 <== mgr.14160 v2:172.21.15.50:6800/1027978921 2 ==== command_reply(tid 1: 0 ) v1 ==== 8+0+52 (secure 0 0 0) 0x7f6a38046940 con 0x7f6a18033b20
2024-04-02T07:37:37.082 INFO:teuthology.orchestra.run.smithi050.stderr:/usr/bin/ceph: {
2024-04-02T07:37:37.082 INFO:teuthology.orchestra.run.smithi050.stderr:/usr/bin/ceph: "mgrmap_epoch": 15,
2024-04-02T07:37:37.082 INFO:teuthology.orchestra.run.smithi050.stderr:/usr/bin/ceph: "initialized": true
2024-04-02T07:37:37.082 INFO:teuthology.orchestra.run.smithi050.stderr:/usr/bin/ceph: }
2024-04-02T07:37:37.082 INFO:teuthology.orchestra.run.smithi050.stderr:/usr/bin/ceph:
2024-04-02T07:37:37.080+0000 7f6a3ea00700 1 -- 172.21.15.50:0/473431533 >> [v2:172.21.15.50:6800/1027978921,v1:172.21.15.50:6801/1027978921] conn(0x7f6a18033b20 msgr2=0x7f6a18035f10 secure :-1 s=STATE_CONNECTION_ESTABLISHED l=1).mark_down
2024-04-02T07:37:37.083 INFO:teuthology.orchestra.run.smithi050.stderr:/usr/bin/ceph:
2024-04-02T07:37:37.080+0000 7f6a3ea00700 1 --2- 172.21.15.50:0/473431533 >> [v2:172.21.15.50:6800/1027978921,v1:172.21.15.50:6801/1027978921] conn(0x7f6a18033b20 0x7f6a18035f10 secure :-1 s=READY pgs=1 cs=0 l=1 rev1=1 rx=0x7f6a24006fd0 tx=0x7f6a24006d70).stop
2024-04-02T07:37:37.083 INFO:teuthology.orchestra.run.smithi050.stderr:/usr/bin/ceph:
2024-04-02T07:37:37.080+0000 7f6a3ea00700 1 -- 172.21.15.50:0/473431533 >> [v2:172.21.15.50:3300/0,v1:172.21.15.50:6789/0] conn(0x7f6a380fd270 msgr2=0x7f6a3810a9c0 secure :-1 s=STATE_CONNECTION_ESTABLISHED l=1).mark_down
2024-04-02T07:37:37.084 INFO:teuthology.orchestra.run.smithi050.stderr:/usr/bin/ceph:
2024-04-02T07:37:37.080+0000 7f6a3ea00700 1 --2- 172.21.15.50:0/473431533 >> [v2:172.21.15.50:3300/0,v1:172.21.15.50:6789/0] conn(0x7f6a380fd270 0x7f6a3810a9c0 secure :-1 s=READY pgs=71 cs=0 l=1 rev1=1 rx=0x7f6a2c011e30 tx=0x7f6a2c006ee0).stop
2024-04-02T07:37:37.084 INFO:teuthology.orchestra.run.smithi050.stderr:/usr/bin/ceph:
2024-04-02T07:37:37.080+0000 7f6a3ea00700 1 -- 172.21.15.50:0/473431533 shutdown_connections
2024-04-02T07:37:37.084 INFO:teuthology.orchestra.run.smithi050.stderr:/usr/bin/ceph:
2024-04-02T07:37:37.080+0000 7f6a3ea00700 1 --2- 172.21.15.50:0/473431533 >> [v2:172.21.15.50:6800/1027978921,v1:172.21.15.50:6801/1027978921] conn(0x7f6a18033b20 0x7f6a18035f10 unknown :-1 s=CLOSED pgs=1 cs=0 l=1 rev1=1 rx=0 tx=0).stop
2024-04-02T07:37:37.084 INFO:teuthology.orchestra.run.smithi050.stderr:/usr/bin/ceph:
2024-04-02T07:37:37.080+0000 7f6a3ea00700 1 --2- 172.21.15.50:0/473431533 >> [v2:172.21.15.50:3300/0,v1:172.21.15.50:6789/0] conn(0x7f6a380fd270 0x7f6a3810a9c0 unknown :-1 s=CLOSED pgs=71 cs=0 l=1 rev1=1 rx=0 tx=0).stop
2024-04-02T07:37:37.084 INFO:teuthology.orchestra.run.smithi050.stderr:/usr/bin/ceph:
2024-04-02T07:37:37.080+0000 7f6a3ea00700 1 --2- 172.21.15.50:0/473431533 >> [v2:172.21.15.50:6800/2054267433,v1:172.21.15.50:6801/2054267433] conn(0x7f6a1802ff00 0x7f6a180323c0 unknown :-1 s=CLOSED pgs=0 cs=0 l=1 rev1=0 rx=0 tx=0).stop
2024-04-02T07:37:37.084 INFO:teuthology.orchestra.run.smithi050.stderr:/usr/bin/ceph:
2024-04-02T07:37:37.080+0000 7f6a3ea00700 1 -- 172.21.15.50:0/473431533 >> 172.21.15.50:0/473431533 conn(0x7f6a380f73e0 msgr2=0x7f6a380f8de0 unknown :-1 s=STATE_NONE l=0).mark_down
2024-04-02T07:37:37.084 INFO:teuthology.orchestra.run.smithi050.stderr:/usr/bin/ceph:
2024-04-02T07:37:37.080+0000 7f6a3ea00700 1 -- 172.21.15.50:0/473431533 shutdown_connections
2024-04-02T07:37:37.084 INFO:teuthology.orchestra.run.smithi050.stderr:/usr/bin/ceph:
2024-04-02T07:37:37.080+0000 7f6a3ea00700 1 -- 172.21.15.50:0/473431533 wait complete.
2024-04-02T07:37:37.333 INFO:journalctl@ceph.mon.smithi050.smithi050.stdout:Apr 02 07:37:37 smithi050 ceph-a32ea0e8-f0c3-11ee-b647-cb9ed24678a4-mon.smithi050[35079]: cluster
2024-04-02T07:37:36.065314+0000 mon.smithi050 (mon.0) 94 : cluster [DBG] mgrmap e14: smithi050.atgbtd(active, starting, since 0.0528508s)
2024-04-02T07:37:37.334 INFO:journalctl@ceph.mon.smithi050.smithi050.stdout:Apr 02 07:37:37 smithi050 ceph-a32ea0e8-f0c3-11ee-b647-cb9ed24678a4-mon.smithi050[35079]: audit
2024-04-02T07:37:36.068366+0000 mon.smithi050 (mon.0) 95 : audit [DBG] from='mgr.14160 172.21.15.50:0/4252867615' entity='mgr.smithi050.atgbtd' cmd=[{"prefix": "mon metadata", "id": "smithi050"}]: dispatch
2024-04-02T07:37:37.334 INFO:journalctl@ceph.mon.smithi050.smithi050.stdout:Apr 02 07:37:37 smithi050 ceph-a32ea0e8-f0c3-11ee-b647-cb9ed24678a4-mon.smithi050[35079]: audit
2024-04-02T07:37:36.069237+0000 mon.smithi050 (mon.0) 96 : audit [DBG] from='mgr.14160 172.21.15.50:0/4252867615' entity='mgr.smithi050.atgbtd' cmd=[{"prefix": "mgr metadata", "who": "smithi050.atgbtd", "id": "smithi050.atgbtd"}]: dispatch
2024-04-02T07:37:37.334 INFO:journalctl@ceph.mon.smithi050.smithi050.stdout:Apr 02 07:37:37 smithi050 ceph-a32ea0e8-f0c3-11ee-b647-cb9ed24678a4-mon.smithi050[35079]: audit
2024-04-02T07:37:36.070310+0000 mon.smithi050 (mon.0) 97 : audit [DBG] from='mgr.14160 172.21.15.50:0/4252867615' entity='mgr.smithi050.atgbtd' cmd=[{"prefix": "mds metadata"}]: dispatch
2024-04-02T07:37:37.334 INFO:journalctl@ceph.mon.smithi050.smithi050.stdout:Apr 02 07:37:37 smithi050 ceph-a32ea0e8-f0c3-11ee-b647-cb9ed24678a4-mon.smithi050[35079]: audit
2024-04-02T07:37:36.070505+0000 mon.smithi050 (mon.0) 98 : audit [DBG] from='mgr.14160 172.21.15.50:0/4252867615' entity='mgr.smithi050.atgbtd' cmd=[{"prefix": "osd metadata"}]: dispatch
2024-04-02T07:37:37.334 INFO:journalctl@ceph.mon.smithi050.smithi050.stdout:Apr 02 07:37:37 smithi050 ceph-a32ea0e8-f0c3-11ee-b647-cb9ed24678a4-mon.smithi050[35079]: audit
2024-04-02T07:37:36.070673+0000 mon.smithi050 (mon.0) 99 : audit [DBG] from='mgr.14160 172.21.15.50:0/4252867615' entity='mgr.smithi050.atgbtd' cmd=[{"prefix": "mon metadata"}]: dispatch
2024-04-02T07:37:37.334 INFO:journalctl@ceph.mon.smithi050.smithi050.stdout:Apr 02 07:37:37 smithi050 ceph-a32ea0e8-f0c3-11ee-b647-cb9ed24678a4-mon.smithi050[35079]: cluster
2024-04-02T07:37:36.073459+0000 mon.smithi050 (mon.0) 100 : cluster [INF] Manager daemon smithi050.atgbtd is now available
2024-04-02T07:37:37.334 INFO:journalctl@ceph.mon.smithi050.smithi050.stdout:Apr 02 07:37:37 smithi050 ceph-a32ea0e8-f0c3-11ee-b647-cb9ed24678a4-mon.smithi050[35079]: audit
2024-04-02T07:37:36.199475+0000 mon.smithi050 (mon.0) 101 : audit [DBG] from='mgr.14160 172.21.15.50:0/4252867615' entity='mgr.smithi050.atgbtd' cmd=[{"prefix": "config dump", "format": "json"}]: dispatch
2024-04-02T07:37:37.334 INFO:journalctl@ceph.mon.smithi050.smithi050.stdout:Apr 02 07:37:37 smithi050 ceph-a32ea0e8-f0c3-11ee-b647-cb9ed24678a4-mon.smithi050[35079]: audit
2024-04-02T07:37:36.201040+0000 mon.smithi050 (mon.0) 102 : audit [DBG] from='mgr.14160 172.21.15.50:0/4252867615' entity='mgr.smithi050.atgbtd' cmd=[{"prefix": "config dump", "format": "json"}]: dispatch
2024-04-02T07:37:37.334 INFO:journalctl@ceph.mon.smithi050.smithi050.stdout:Apr 02 07:37:37 smithi050 ceph-a32ea0e8-f0c3-11ee-b647-cb9ed24678a4-mon.smithi050[35079]: audit
2024-04-02T07:37:36.221602+0000 mon.smithi050 (mon.0) 103 : audit [INF] from='mgr.14160 172.21.15.50:0/4252867615' entity='mgr.smithi050.atgbtd' cmd=[{"prefix":"config rm","who":"mgr","name":"mgr/rbd_support/smithi050.atgbtd/mirror_snapshot_schedule"}]: dispatch
2024-04-02T07:37:37.334 INFO:journalctl@ceph.mon.smithi050.smithi050.stdout:Apr 02 07:37:37 smithi050 ceph-a32ea0e8-f0c3-11ee-b647-cb9ed24678a4-mon.smithi050[35079]: audit
2024-04-02T07:37:36.225572+0000 mon.smithi050 (mon.0) 104 : audit [INF] from='mgr.14160 172.21.15.50:0/4252867615' entity='mgr.smithi050.atgbtd' cmd=[{"prefix":"config rm","who":"mgr","name":"mgr/rbd_support/smithi050.atgbtd/trash_purge_schedule"}]: dispatch
2024-04-02T07:37:37.964 INFO:teuthology.orchestra.run.smithi050.stderr:mgr epoch 13 is available
2024-04-02T07:37:37.964 INFO:teuthology.orchestra.run.smithi050.stderr:Generating a dashboard self-signed certificate...
2024-04-02T07:37:37.965 INFO:teuthology.orchestra.run.smithi050.stderr:Running command: /bin/podman run --rm --ipc=host --no-hosts --net=host --entrypoint /usr/bin/ceph --init -e CONTAINER_IMAGE=quay.io/ceph/ceph:v16.2.4 -e NODE_NAME=smithi050 -e CEPH_USE_RANDOM_NONCE=1 -v /var/log/ceph/a32ea0e8-f0c3-11ee-b647-cb9ed24678a4:/var/log/ceph:z -v /tmp/ceph-tmp1zcpgmql:/etc/ceph/ceph.client.admin.keyring:z -v /tmp/ceph-tmp7x2ybbgx:/etc/ceph/ceph.conf:z quay.io/ceph/ceph:v16.2.4 dashboard create-self-signed-cert
2024-04-02T07:37:38.470 INFO:journalctl@ceph.mon.smithi050.smithi050.stdout:Apr 02 07:37:38 smithi050 ceph-a32ea0e8-f0c3-11ee-b647-cb9ed24678a4-mon.smithi050[35079]: cluster
2024-04-02T07:37:37.073045+0000 mon.smithi050 (mon.0) 105 : cluster [DBG] mgrmap e15: smithi050.atgbtd(active, since 1.06059s)
2024-04-02T07:37:38.470 INFO:journalctl@ceph.mon.smithi050.smithi050.stdout:Apr 02 07:37:38 smithi050 ceph-a32ea0e8-f0c3-11ee-b647-cb9ed24678a4-mon.smithi050[35079]: audit
2024-04-02T07:37:37.073590+0000 mgr.smithi050.atgbtd (mgr.14160) 1 : audit [DBG] from='client.14164 -' entity='client.admin' cmd=[{"prefix": "get_command_descriptions"}]: dispatch
2024-04-02T07:37:38.470 INFO:journalctl@ceph.mon.smithi050.smithi050.stdout:Apr 02 07:37:38 smithi050 ceph-a32ea0e8-f0c3-11ee-b647-cb9ed24678a4-mon.smithi050[35079]: audit
2024-04-02T07:37:37.080466+0000 mgr.smithi050.atgbtd (mgr.14160) 2 : audit [DBG] from='client.14164 -' entity='client.admin' cmd=[{"prefix": "mgr_status"}]: dispatch
2024-04-02T07:37:38.993 INFO:teuthology.orchestra.run.smithi050.stderr:/usr/bin/ceph:
2024-04-02T07:37:38.990+0000 7f8df3e00700 1 Processor -- start
2024-04-02T07:37:38.993 INFO:teuthology.orchestra.run.smithi050.stderr:/usr/bin/ceph:
2024-04-02T07:37:38.990+0000 7f8df3e00700 1 -- start start
2024-04-02T07:37:38.994 INFO:teuthology.orchestra.run.smithi050.stderr:/usr/bin/ceph:
2024-04-02T07:37:38.991+0000 7f8df3e00700 1 --2- >> [v2:172.21.15.50:3300/0,v1:172.21.15.50:6789/0] conn(0x7f8df40fa570 0x7f8df40fc9a0 unknown :-1 s=NONE pgs=0 cs=0 l=0 rev1=0 rx=0 tx=0).connect
2024-04-02T07:37:38.994 INFO:teuthology.orchestra.run.smithi050.stderr:/usr/bin/ceph:
2024-04-02T07:37:38.991+0000 7f8df3e00700 1 -- --> [v2:172.21.15.50:3300/0,v1:172.21.15.50:6789/0] -- mon_getmap magic: 0 v1 -- 0x7f8df4070680 con 0x7f8df40fa570
2024-04-02T07:37:38.994 INFO:teuthology.orchestra.run.smithi050.stderr:/usr/bin/ceph:
