2024-04-03T08:29:16.065 INFO:journalctl@ceph.mon.smithi157.smithi157.stdout:Apr 03 08:29:15 smithi157 ceph-mon[35083]: [03/Apr/2024:08:29:15] ENGINE Serving on https://172.21.15.157:7150
2024-04-03T08:29:16.065 INFO:journalctl@ceph.mon.smithi157.smithi157.stdout:Apr 03 08:29:15 smithi157 ceph-mon[35083]: [03/Apr/2024:08:29:15] ENGINE Bus STARTED
2024-04-03T08:29:16.065 INFO:journalctl@ceph.mon.smithi157.smithi157.stdout:Apr 03 08:29:15 smithi157 ceph-mon[35083]: from='mgr.14160 172.21.15.157:0/2619670015' entity='mgr.smithi157.qfvynr'
2024-04-03T08:29:16.065 INFO:journalctl@ceph.mon.smithi157.smithi157.stdout:Apr 03 08:29:15 smithi157 ceph-mon[35083]: mgrmap e11: smithi157.qfvynr(active, since 1.00722s)
2024-04-03T08:29:16.722 INFO:teuthology.orchestra.run.smithi157.stdout:/usr/bin/ceph: stdout {
2024-04-03T08:29:16.722 INFO:teuthology.orchestra.run.smithi157.stdout:/usr/bin/ceph: stdout "mgrmap_epoch": 11,
2024-04-03T08:29:16.722 INFO:teuthology.orchestra.run.smithi157.stdout:/usr/bin/ceph: stdout "initialized": true
2024-04-03T08:29:16.722 INFO:teuthology.orchestra.run.smithi157.stdout:/usr/bin/ceph: stdout }
2024-04-03T08:29:16.722 INFO:teuthology.orchestra.run.smithi157.stdout:/usr/bin/ceph: stderr
2024-04-03T08:29:09.007+0000 7f0c3a600700 1 Processor -- start
2024-04-03T08:29:16.722 INFO:teuthology.orchestra.run.smithi157.stdout:/usr/bin/ceph: stderr
2024-04-03T08:29:09.007+0000 7f0c3a600700 1 -- start start
2024-04-03T08:29:16.722 INFO:teuthology.orchestra.run.smithi157.stdout:/usr/bin/ceph: stderr
2024-04-03T08:29:09.007+0000 7f0c3a600700 1 --2- >> [v2:172.21.15.157:3300/0,v1:172.21.15.157:6789/0] conn(0x7f0c34102970 0x7f0c34102d80 unknown :-1 s=NONE pgs=0 cs=0 l=0 rev1=0 crypto rx=0 tx=0 comp rx=0 tx=0).connect
2024-04-03T08:29:16.722 INFO:teuthology.orchestra.run.smithi157.stdout:/usr/bin/ceph: stderr
2024-04-03T08:29:09.007+0000 7f0c3a600700 1 -- --> [v2:172.21.15.157:3300/0,v1:172.21.15.157:6789/0] -- mon_getmap magic: 0 v1 -- 0x7f0c341032c0 con 0x7f0c34102970
2024-04-03T08:29:16.722 INFO:teuthology.orchestra.run.smithi157.stdout:/usr/bin/ceph: stderr
2024-04-03T08:29:09.007+0000 7f0c33400700 1 --2- >> [v2:172.21.15.157:3300/0,v1:172.21.15.157:6789/0] conn(0x7f0c34102970 0x7f0c34102d80 unknown :-1 s=BANNER_CONNECTING pgs=0 cs=0 l=0 rev1=0 crypto rx=0 tx=0 comp rx=0 tx=0)._handle_peer_banner_payload supported=3 required=0
2024-04-03T08:29:16.722 INFO:teuthology.orchestra.run.smithi157.stdout:/usr/bin/ceph: stderr
2024-04-03T08:29:09.007+0000 7f0c33400700 1 --2- >> [v2:172.21.15.157:3300/0,v1:172.21.15.157:6789/0] conn(0x7f0c34102970 0x7f0c34102d80 unknown :-1 s=HELLO_CONNECTING pgs=0 cs=0 l=0 rev1=1 crypto rx=0 tx=0 comp rx=0 tx=0).handle_hello peer v2:172.21.15.157:3300/0 says I am v2:172.21.15.157:58328/0 (socket says 172.21.15.157:58328)
2024-04-03T08:29:16.723 INFO:teuthology.orchestra.run.smithi157.stdout:/usr/bin/ceph: stderr
2024-04-03T08:29:09.007+0000 7f0c33400700 1 -- 172.21.15.157:0/825650971 learned_addr learned my addr 172.21.15.157:0/825650971 (peer_addr_for_me v2:172.21.15.157:0/0)
2024-04-03T08:29:16.723 INFO:teuthology.orchestra.run.smithi157.stdout:/usr/bin/ceph: stderr
2024-04-03T08:29:09.008+0000 7f0c33400700 1 -- 172.21.15.157:0/825650971 --> [v2:172.21.15.157:3300/0,v1:172.21.15.157:6789/0] -- mon_subscribe({config=0+,monmap=0+}) v3 -- 0x7f0c34103400 con 0x7f0c34102970
2024-04-03T08:29:16.723 INFO:teuthology.orchestra.run.smithi157.stdout:/usr/bin/ceph: stderr
2024-04-03T08:29:09.008+0000 7f0c33400700 1 --2- 172.21.15.157:0/825650971 >> [v2:172.21.15.157:3300/0,v1:172.21.15.157:6789/0] conn(0x7f0c34102970 0x7f0c34102d80 secure :-1 s=READY pgs=69 cs=0 l=1 rev1=1 crypto rx=0x7f0c240098e0 tx=0x7f0c24009250 comp rx=0 tx=0).ready entity=mon.0 client_cookie=9f115236581615f6 server_cookie=0 in_seq=0 out_seq=0
2024-04-03T08:29:16.723 INFO:teuthology.orchestra.run.smithi157.stdout:/usr/bin/ceph: stderr
2024-04-03T08:29:09.008+0000 7f0c32000700 1 -- 172.21.15.157:0/825650971 <== mon.0 v2:172.21.15.157:3300/0 1 ==== mon_map magic: 0 v1 ==== 229+0+0 (secure 0 0 0) 0x7f0c2400b860 con 0x7f0c34102970
2024-04-03T08:29:16.723 INFO:teuthology.orchestra.run.smithi157.stdout:/usr/bin/ceph: stderr
2024-04-03T08:29:09.008+0000 7f0c32000700 1 -- 172.21.15.157:0/825650971 <== mon.0 v2:172.21.15.157:3300/0 2 ==== config(27 keys) v1 ==== 1109+0+0 (secure 0 0 0) 0x7f0c2400be90 con 0x7f0c34102970
2024-04-03T08:29:16.723 INFO:teuthology.orchestra.run.smithi157.stdout:/usr/bin/ceph: stderr
2024-04-03T08:29:09.008+0000 7f0c32000700 1 -- 172.21.15.157:0/825650971 <== mon.0 v2:172.21.15.157:3300/0 3 ==== mon_map magic: 0 v1 ==== 229+0+0 (secure 0 0 0) 0x7f0c240103c0 con 0x7f0c34102970
2024-04-03T08:29:16.723 INFO:teuthology.orchestra.run.smithi157.stdout:/usr/bin/ceph: stderr
2024-04-03T08:29:09.009+0000 7f0c3a600700 1 -- 172.21.15.157:0/825650971 >> [v2:172.21.15.157:3300/0,v1:172.21.15.157:6789/0] conn(0x7f0c34102970 msgr2=0x7f0c34102d80 secure :-1 s=STATE_CONNECTION_ESTABLISHED l=1).mark_down
2024-04-03T08:29:16.723 INFO:teuthology.orchestra.run.smithi157.stdout:/usr/bin/ceph: stderr
2024-04-03T08:29:09.009+0000 7f0c3a600700 1 --2- 172.21.15.157:0/825650971 >> [v2:172.21.15.157:3300/0,v1:172.21.15.157:6789/0] conn(0x7f0c34102970 0x7f0c34102d80 secure :-1 s=READY pgs=69 cs=0 l=1 rev1=1 crypto rx=0x7f0c240098e0 tx=0x7f0c24009250 comp rx=0 tx=0).stop
2024-04-03T08:29:16.723 INFO:teuthology.orchestra.run.smithi157.stdout:/usr/bin/ceph: stderr
2024-04-03T08:29:09.009+0000 7f0c3a600700 1 -- 172.21.15.157:0/825650971 shutdown_connections
2024-04-03T08:29:16.723 INFO:teuthology.orchestra.run.smithi157.stdout:/usr/bin/ceph: stderr
2024-04-03T08:29:09.009+0000 7f0c3a600700 1 --2- 172.21.15.157:0/825650971 >> [v2:172.21.15.157:3300/0,v1:172.21.15.157:6789/0] conn(0x7f0c34102970 0x7f0c34102d80 unknown :-1 s=CLOSED pgs=69 cs=0 l=1 rev1=1 crypto rx=0 tx=0 comp rx=0 tx=0).stop
2024-04-03T08:29:16.723 INFO:teuthology.orchestra.run.smithi157.stdout:/usr/bin/ceph: stderr
2024-04-03T08:29:09.009+0000 7f0c3a600700 1 -- 172.21.15.157:0/825650971 >> 172.21.15.157:0/825650971 conn(0x7f0c340fe090 msgr2=0x7f0c34100500 unknown :-1 s=STATE_NONE l=0).mark_down
2024-04-03T08:29:16.723 INFO:teuthology.orchestra.run.smithi157.stdout:/usr/bin/ceph: stderr
2024-04-03T08:29:09.009+0000 7f0c3a600700 1 -- 172.21.15.157:0/825650971 shutdown_connections
2024-04-03T08:29:16.724 INFO:teuthology.orchestra.run.smithi157.stdout:/usr/bin/ceph: stderr
2024-04-03T08:29:09.009+0000 7f0c3a600700 1 -- 172.21.15.157:0/825650971 wait complete.
2024-04-03T08:29:16.724 INFO:teuthology.orchestra.run.smithi157.stdout:/usr/bin/ceph: stderr
2024-04-03T08:29:09.010+0000 7f0c3a600700 1 Processor -- start
2024-04-03T08:29:16.724 INFO:teuthology.orchestra.run.smithi157.stdout:/usr/bin/ceph: stderr
2024-04-03T08:29:09.010+0000 7f0c3a600700 1 -- start start
2024-04-03T08:29:16.724 INFO:teuthology.orchestra.run.smithi157.stdout:/usr/bin/ceph: stderr
2024-04-03T08:29:09.010+0000 7f0c3a600700 1 --2- >> [v2:172.21.15.157:3300/0,v1:172.21.15.157:6789/0] conn(0x7f0c34102970 0x7f0c34111760 unknown :-1 s=NONE pgs=0 cs=0 l=1 rev1=0 crypto rx=0 tx=0 comp rx=0 tx=0).connect
2024-04-03T08:29:16.724 INFO:teuthology.orchestra.run.smithi157.stdout:/usr/bin/ceph: stderr
2024-04-03T08:29:09.010+0000 7f0c3a600700 1 -- --> [v2:172.21.15.157:3300/0,v1:172.21.15.157:6789/0] -- mon_getmap magic: 0 v1 -- 0x7f0c34111ca0 con 0x7f0c34102970
2024-04-03T08:29:16.724 INFO:teuthology.orchestra.run.smithi157.stdout:/usr/bin/ceph: stderr
2024-04-03T08:29:09.011+0000 7f0c33400700 1 --2- >> [v2:172.21.15.157:3300/0,v1:172.21.15.157:6789/0] conn(0x7f0c34102970 0x7f0c34111760 unknown :-1 s=BANNER_CONNECTING pgs=0 cs=0 l=1 rev1=0 crypto rx=0 tx=0 comp rx=0 tx=0)._handle_peer_banner_payload supported=3 required=0
2024-04-03T08:29:16.724 INFO:teuthology.orchestra.run.smithi157.stdout:/usr/bin/ceph: stderr
2024-04-03T08:29:09.011+0000 7f0c33400700 1 --2- >> [v2:172.21.15.157:3300/0,v1:172.21.15.157:6789/0] conn(0x7f0c34102970 0x7f0c34111760 unknown :-1 s=HELLO_CONNECTING pgs=0 cs=0 l=1 rev1=1 crypto rx=0 tx=0 comp rx=0 tx=0).handle_hello peer v2:172.21.15.157:3300/0 says I am v2:172.21.15.157:58344/0 (socket says 172.21.15.157:58344)
2024-04-03T08:29:16.724 INFO:teuthology.orchestra.run.smithi157.stdout:/usr/bin/ceph: stderr
2024-04-03T08:29:09.011+0000 7f0c33400700 1 -- 172.21.15.157:0/825970592 learned_addr learned my addr 172.21.15.157:0/825970592 (peer_addr_for_me v2:172.21.15.157:0/0)
2024-04-03T08:29:16.724 INFO:teuthology.orchestra.run.smithi157.stdout:/usr/bin/ceph: stderr
2024-04-03T08:29:09.011+0000 7f0c33400700 1 -- 172.21.15.157:0/825970592 --> [v2:172.21.15.157:3300/0,v1:172.21.15.157:6789/0] -- mon_subscribe({config=0+,monmap=0+}) v3 -- 0x7f0c240094f0 con 0x7f0c34102970
2024-04-03T08:29:16.724 INFO:teuthology.orchestra.run.smithi157.stdout:/usr/bin/ceph: stderr
2024-04-03T08:29:09.011+0000 7f0c33400700 1 --2- 172.21.15.157:0/825970592 >> [v2:172.21.15.157:3300/0,v1:172.21.15.157:6789/0] conn(0x7f0c34102970 0x7f0c34111760 secure :-1 s=READY pgs=70 cs=0 l=1 rev1=1 crypto rx=0x7f0c24006b00 tx=0x7f0c24009250 comp rx=0 tx=0).ready entity=mon.0 client_cookie=0 server_cookie=0 in_seq=0 out_seq=0
2024-04-03T08:29:16.724 INFO:teuthology.orchestra.run.smithi157.stdout:/usr/bin/ceph: stderr
2024-04-03T08:29:09.011+0000 7f0c2b400700 1 -- 172.21.15.157:0/825970592 <== mon.0 v2:172.21.15.157:3300/0 1 ==== mon_map magic: 0 v1 ==== 229+0+0 (secure 0 0 0) 0x7f0c24010840 con 0x7f0c34102970
2024-04-03T08:29:16.724 INFO:teuthology.orchestra.run.smithi157.stdout:/usr/bin/ceph: stderr
2024-04-03T08:29:09.011+0000 7f0c2b400700 1 -- 172.21.15.157:0/825970592 <== mon.0 v2:172.21.15.157:3300/0 2 ==== config(27 keys) v1 ==== 1109+0+0 (secure 0 0 0) 0x7f0c24010e70 con 0x7f0c34102970
2024-04-03T08:29:16.724 INFO:teuthology.orchestra.run.smithi157.stdout:/usr/bin/ceph: stderr
2024-04-03T08:29:09.011+0000 7f0c3a600700 1 -- 172.21.15.157:0/825970592 --> [v2:172.21.15.157:3300/0,v1:172.21.15.157:6789/0] -- mon_subscribe({mgrmap=0+}) v3 -- 0x7f0c34111ea0 con 0x7f0c34102970
2024-04-03T08:29:16.725 INFO:teuthology.orchestra.run.smithi157.stdout:/usr/bin/ceph: stderr
2024-04-03T08:29:09.012+0000 7f0c2b400700 1 -- 172.21.15.157:0/825970592 <== mon.0 v2:172.21.15.157:3300/0 3 ==== mon_map magic: 0 v1 ==== 229+0+0 (secure 0 0 0) 0x7f0c2401ae70 con 0x7f0c34102970
2024-04-03T08:29:16.725 INFO:teuthology.orchestra.run.smithi157.stdout:/usr/bin/ceph: stderr
2024-04-03T08:29:09.012+0000 7f0c3a600700 1 -- 172.21.15.157:0/825970592 --> [v2:172.21.15.157:3300/0,v1:172.21.15.157:6789/0] -- mon_subscribe({osdmap=0}) v3 -- 0x7f0c34112a10 con 0x7f0c34102970
2024-04-03T08:29:16.725 INFO:teuthology.orchestra.run.smithi157.stdout:/usr/bin/ceph: stderr
2024-04-03T08:29:09.013+0000 7f0c2b400700 1 -- 172.21.15.157:0/825970592 <== mon.0 v2:172.21.15.157:3300/0 4 ==== mgrmap(e 9) v1 ==== 43381+0+0 (secure 0 0 0) 0x7f0c240109a0 con 0x7f0c34102970
2024-04-03T08:29:16.725 INFO:teuthology.orchestra.run.smithi157.stdout:/usr/bin/ceph: stderr
2024-04-03T08:29:09.013+0000 7f0c2b400700 1 --2- 172.21.15.157:0/825970592 >> [v2:172.21.15.157:6800/1166303024,v1:172.21.15.157:6801/1166303024] conn(0x7f0c18036830 0x7f0c18038ce0 unknown :-1 s=NONE pgs=0 cs=0 l=1 rev1=0 crypto rx=0 tx=0 comp rx=0 tx=0).connect
2024-04-03T08:29:16.725 INFO:teuthology.orchestra.run.smithi157.stdout:/usr/bin/ceph: stderr
2024-04-03T08:29:09.013+0000 7f0c2b400700 1 -- 172.21.15.157:0/825970592 --> [v2:172.21.15.157:6800/1166303024,v1:172.21.15.157:6801/1166303024] -- command(tid 0: {"prefix": "get_command_descriptions"}) v1 -- 0x7f0c180393f0 con 0x7f0c18036830
2024-04-03T08:29:16.725 INFO:teuthology.orchestra.run.smithi157.stdout:/usr/bin/ceph: stderr
2024-04-03T08:29:09.013+0000 7f0c2b400700 1 -- 172.21.15.157:0/825970592 <== mon.0 v2:172.21.15.157:3300/0 5 ==== osd_map(2..2 src has 1..2) v4 ==== 936+0+0 (secure 0 0 0) 0x7f0c2404ab40 con 0x7f0c34102970
2024-04-03T08:29:16.725 INFO:teuthology.orchestra.run.smithi157.stdout:/usr/bin/ceph: stderr
2024-04-03T08:29:09.013+0000 7f0c32a00700 1 -- 172.21.15.157:0/825970592 >> [v2:172.21.15.157:6800/1166303024,v1:172.21.15.157:6801/1166303024] conn(0x7f0c18036830 msgr2=0x7f0c18038ce0 unknown :-1 s=STATE_CONNECTING_RE l=1).process reconnect failed to v2:172.21.15.157:6800/1166303024
2024-04-03T08:29:16.725 INFO:teuthology.orchestra.run.smithi157.stdout:/usr/bin/ceph: stderr
2024-04-03T08:29:09.014+0000 7f0c32a00700 1 --2- 172.21.15.157:0/825970592 >> [v2:172.21.15.157:6800/1166303024,v1:172.21.15.157:6801/1166303024] conn(0x7f0c18036830 0x7f0c18038ce0 unknown :-1 s=START_CONNECT pgs=0 cs=0 l=1 rev1=0 crypto rx=0 tx=0 comp rx=0 tx=0)._fault waiting 0.200000
2024-04-03T08:29:16.725 INFO:teuthology.orchestra.run.smithi157.stdout:/usr/bin/ceph: stderr
2024-04-03T08:29:09.215+0000 7f0c32a00700 1 -- 172.21.15.157:0/825970592 >> [v2:172.21.15.157:6800/1166303024,v1:172.21.15.157:6801/1166303024] conn(0x7f0c18036830 msgr2=0x7f0c18038ce0 unknown :-1 s=STATE_CONNECTING_RE l=1).process reconnect failed to v2:172.21.15.157:6800/1166303024
2024-04-03T08:29:16.725 INFO:teuthology.orchestra.run.smithi157.stdout:/usr/bin/ceph: stderr
2024-04-03T08:29:09.215+0000 7f0c32a00700 1 --2- 172.21.15.157:0/825970592 >> [v2:172.21.15.157:6800/1166303024,v1:172.21.15.157:6801/1166303024] conn(0x7f0c18036830 0x7f0c18038ce0 unknown :-1 s=START_CONNECT pgs=0 cs=0 l=1 rev1=0 crypto rx=0 tx=0 comp rx=0 tx=0)._fault waiting 0.400000
2024-04-03T08:29:16.725 INFO:teuthology.orchestra.run.smithi157.stdout:/usr/bin/ceph: stderr
2024-04-03T08:29:09.616+0000 7f0c32a00700 1 -- 172.21.15.157:0/825970592 >> [v2:172.21.15.157:6800/1166303024,v1:172.21.15.157:6801/1166303024] conn(0x7f0c18036830 msgr2=0x7f0c18038ce0 unknown :-1 s=STATE_CONNECTING_RE l=1).process reconnect failed to v2:172.21.15.157:6800/1166303024
2024-04-03T08:29:16.725 INFO:teuthology.orchestra.run.smithi157.stdout:/usr/bin/ceph: stderr
2024-04-03T08:29:09.616+0000 7f0c32a00700 1 --2- 172.21.15.157:0/825970592 >> [v2:172.21.15.157:6800/1166303024,v1:172.21.15.157:6801/1166303024] conn(0x7f0c18036830 0x7f0c18038ce0 unknown :-1 s=START_CONNECT pgs=0 cs=0 l=1 rev1=0 crypto rx=0 tx=0 comp rx=0 tx=0)._fault waiting 0.800000
2024-04-03T08:29:16.725 INFO:teuthology.orchestra.run.smithi157.stdout:/usr/bin/ceph: stderr
2024-04-03T08:29:10.417+0000 7f0c32a00700 1 -- 172.21.15.157:0/825970592 >> [v2:172.21.15.157:6800/1166303024,v1:172.21.15.157:6801/1166303024] conn(0x7f0c18036830 msgr2=0x7f0c18038ce0 unknown :-1 s=STATE_CONNECTING_RE l=1).process reconnect failed to v2:172.21.15.157:6800/1166303024
2024-04-03T08:29:16.726 INFO:teuthology.orchestra.run.smithi157.stdout:/usr/bin/ceph: stderr
2024-04-03T08:29:10.417+0000 7f0c32a00700 1 --2- 172.21.15.157:0/825970592 >> [v2:172.21.15.157:6800/1166303024,v1:172.21.15.157:6801/1166303024] conn(0x7f0c18036830 0x7f0c18038ce0 unknown :-1 s=START_CONNECT pgs=0 cs=0 l=1 rev1=0 crypto rx=0 tx=0 comp rx=0 tx=0)._fault waiting 1.600000
2024-04-03T08:29:16.726 INFO:teuthology.orchestra.run.smithi157.stdout:/usr/bin/ceph: stderr
2024-04-03T08:29:12.019+0000 7f0c32a00700 1 -- 172.21.15.157:0/825970592 >> [v2:172.21.15.157:6800/1166303024,v1:172.21.15.157:6801/1166303024] conn(0x7f0c18036830 msgr2=0x7f0c18038ce0 unknown :-1 s=STATE_CONNECTING_RE l=1).process reconnect failed to v2:172.21.15.157:6800/1166303024
2024-04-03T08:29:16.726 INFO:teuthology.orchestra.run.smithi157.stdout:/usr/bin/ceph: stderr
2024-04-03T08:29:12.019+0000 7f0c32a00700 1 --2- 172.21.15.157:0/825970592 >> [v2:172.21.15.157:6800/1166303024,v1:172.21.15.157:6801/1166303024] conn(0x7f0c18036830 0x7f0c18038ce0 unknown :-1 s=START_CONNECT pgs=0 cs=0 l=1 rev1=0 crypto rx=0 tx=0 comp rx=0 tx=0)._fault waiting 3.200000
2024-04-03T08:29:16.726 INFO:teuthology.orchestra.run.smithi157.stdout:/usr/bin/ceph: stderr
2024-04-03T08:29:14.605+0000 7f0c2b400700 1 -- 172.21.15.157:0/825970592 <== mon.0 v2:172.21.15.157:3300/0 6 ==== mgrmap(e 10) v1 ==== 43148+0+0 (secure 0 0 0) 0x7f0c2402e960 con 0x7f0c34102970
2024-04-03T08:29:16.726 INFO:teuthology.orchestra.run.smithi157.stdout:/usr/bin/ceph: stderr
2024-04-03T08:29:14.606+0000 7f0c2b400700 1 -- 172.21.15.157:0/825970592 >> [v2:172.21.15.157:6800/1166303024,v1:172.21.15.157:6801/1166303024] conn(0x7f0c18036830 msgr2=0x7f0c18038ce0 unknown :-1 s=STATE_CONNECTING l=1).mark_down
2024-04-03T08:29:16.726 INFO:teuthology.orchestra.run.smithi157.stdout:/usr/bin/ceph: stderr
2024-04-03T08:29:14.606+0000 7f0c2b400700 1 --2- 172.21.15.157:0/825970592 >> [v2:172.21.15.157:6800/1166303024,v1:172.21.15.157:6801/1166303024] conn(0x7f0c18036830 0x7f0c18038ce0 unknown :-1 s=START_CONNECT pgs=0 cs=0 l=1 rev1=0 crypto rx=0 tx=0 comp rx=0 tx=0).stop
2024-04-03T08:29:16.726 INFO:teuthology.orchestra.run.smithi157.stdout:/usr/bin/ceph: stderr
2024-04-03T08:29:15.608+0000 7f0c2b400700 1 -- 172.21.15.157:0/825970592 <== mon.0 v2:172.21.15.157:3300/0 7 ==== mgrmap(e 11) v1 ==== 43275+0+0 (secure 0 0 0) 0x7f0c2402ad50 con 0x7f0c34102970
2024-04-03T08:29:16.726 INFO:teuthology.orchestra.run.smithi157.stdout:/usr/bin/ceph: stderr
2024-04-03T08:29:15.608+0000 7f0c2b400700 1 --2- 172.21.15.157:0/825970592 >> [v2:172.21.15.157:6800/494465315,v1:172.21.15.157:6801/494465315] conn(0x7f0c1803a070 0x7f0c1803c450 unknown :-1 s=NONE pgs=0 cs=0 l=1 rev1=0 crypto rx=0 tx=0 comp rx=0 tx=0).connect
2024-04-03T08:29:16.726 INFO:teuthology.orchestra.run.smithi157.stdout:/usr/bin/ceph: stderr
2024-04-03T08:29:15.608+0000 7f0c2b400700 1 -- 172.21.15.157:0/825970592 --> [v2:172.21.15.157:6800/494465315,v1:172.21.15.157:6801/494465315] -- command(tid 0: {"prefix": "get_command_descriptions"}) v1 -- 0x7f0c180393f0 con 0x7f0c1803a070
2024-04-03T08:29:16.726 INFO:teuthology.orchestra.run.smithi157.stdout:/usr/bin/ceph: stderr
2024-04-03T08:29:15.609+0000 7f0c32a00700 1 --2- 172.21.15.157:0/825970592 >> [v2:172.21.15.157:6800/494465315,v1:172.21.15.157:6801/494465315] conn(0x7f0c1803a070 0x7f0c1803c450 unknown :-1 s=BANNER_CONNECTING pgs=0 cs=0 l=1 rev1=0 crypto rx=0 tx=0 comp rx=0 tx=0)._handle_peer_banner_payload supported=3 required=0
2024-04-03T08:29:16.726 INFO:teuthology.orchestra.run.smithi157.stdout:/usr/bin/ceph: stderr
2024-04-03T08:29:15.610+0000 7f0c32a00700 1 --2- 172.21.15.157:0/825970592 >> [v2:172.21.15.157:6800/494465315,v1:172.21.15.157:6801/494465315] conn(0x7f0c1803a070 0x7f0c1803c450 secure :-1 s=READY pgs=1 cs=0 l=1 rev1=1 crypto rx=0x7f0c200039d0 tx=0x7f0c20009350 comp rx=0 tx=0).ready entity=mgr.14160 client_cookie=0 server_cookie=0 in_seq=0 out_seq=0
2024-04-03T08:29:16.726 INFO:teuthology.orchestra.run.smithi157.stdout:/usr/bin/ceph: stderr
2024-04-03T08:29:15.611+0000 7f0c2b400700 1 -- 172.21.15.157:0/825970592 <== mgr.14160 v2:172.21.15.157:6800/494465315 1 ==== command_reply(tid 0: 0 ) v1 ==== 8+0+6549 (secure 0 0 0) 0x7f0c180393f0 con 0x7f0c1803a070
2024-04-03T08:29:16.726 INFO:teuthology.orchestra.run.smithi157.stdout:/usr/bin/ceph: stderr
2024-04-03T08:29:15.617+0000 7f0c3a600700 1 -- 172.21.15.157:0/825970592 --> [v2:172.21.15.157:6800/494465315,v1:172.21.15.157:6801/494465315] -- command(tid 1: {"prefix": "mgr_status"}) v1 -- 0x7f0c34112330 con 0x7f0c1803a070
2024-04-03T08:29:16.727 INFO:teuthology.orchestra.run.smithi157.stdout:/usr/bin/ceph: stderr
2024-04-03T08:29:15.617+0000 7f0c2b400700 1 -- 172.21.15.157:0/825970592 <== mgr.14160 v2:172.21.15.157:6800/494465315 2 ==== command_reply(tid 1: 0 ) v1 ==== 8+0+52 (secure 0 0 0) 0x7f0c34112330 con 0x7f0c1803a070
2024-04-03T08:29:16.727 INFO:teuthology.orchestra.run.smithi157.stdout:/usr/bin/ceph: stderr
2024-04-03T08:29:15.617+0000 7f0c3a600700 1 -- 172.21.15.157:0/825970592 >> [v2:172.21.15.157:6800/494465315,v1:172.21.15.157:6801/494465315] conn(0x7f0c1803a070 msgr2=0x7f0c1803c450 secure :-1 s=STATE_CONNECTION_ESTABLISHED l=1).mark_down
2024-04-03T08:29:16.727 INFO:teuthology.orchestra.run.smithi157.stdout:/usr/bin/ceph: stderr
2024-04-03T08:29:15.617+0000 7f0c3a600700 1 --2- 172.21.15.157:0/825970592 >> [v2:172.21.15.157:6800/494465315,v1:172.21.15.157:6801/494465315] conn(0x7f0c1803a070 0x7f0c1803c450 secure :-1 s=READY pgs=1 cs=0 l=1 rev1=1 crypto rx=0x7f0c200039d0 tx=0x7f0c20009350 comp rx=0 tx=0).stop
2024-04-03T08:29:16.727 INFO:teuthology.orchestra.run.smithi157.stdout:/usr/bin/ceph: stderr
2024-04-03T08:29:15.617+0000 7f0c3a600700 1 -- 172.21.15.157:0/825970592 >> [v2:172.21.15.157:3300/0,v1:172.21.15.157:6789/0] conn(0x7f0c34102970 msgr2=0x7f0c34111760 secure :-1 s=STATE_CONNECTION_ESTABLISHED l=1).mark_down
2024-04-03T08:29:16.727 INFO:teuthology.orchestra.run.smithi157.stdout:/usr/bin/ceph: stderr
2024-04-03T08:29:15.617+0000 7f0c3a600700 1 --2- 172.21.15.157:0/825970592 >> [v2:172.21.15.157:3300/0,v1:172.21.15.157:6789/0] conn(0x7f0c34102970 0x7f0c34111760 secure :-1 s=READY pgs=70 cs=0 l=1 rev1=1 crypto rx=0x7f0c24006b00 tx=0x7f0c24009250 comp rx=0 tx=0).stop
2024-04-03T08:29:16.727 INFO:teuthology.orchestra.run.smithi157.stdout:/usr/bin/ceph: stderr
2024-04-03T08:29:15.617+0000 7f0c3a600700 1 -- 172.21.15.157:0/825970592 shutdown_connections
2024-04-03T08:29:16.727 INFO:teuthology.orchestra.run.smithi157.stdout:/usr/bin/ceph: stderr
2024-04-03T08:29:15.617+0000 7f0c3a600700 1 --2- 172.21.15.157:0/825970592 >> [v2:172.21.15.157:6800/494465315,v1:172.21.15.157:6801/494465315] conn(0x7f0c1803a070 0x7f0c1803c450 unknown :-1 s=CLOSED pgs=1 cs=0 l=1 rev1=1 crypto rx=0 tx=0 comp rx=0 tx=0).stop
2024-04-03T08:29:16.727 INFO:teuthology.orchestra.run.smithi157.stdout:/usr/bin/ceph: stderr
2024-04-03T08:29:15.617+0000 7f0c3a600700 1 --2- 172.21.15.157:0/825970592 >> [v2:172.21.15.157:3300/0,v1:172.21.15.157:6789/0] conn(0x7f0c34102970 0x7f0c34111760 unknown :-1 s=CLOSED pgs=70 cs=0 l=1 rev1=1 crypto rx=0 tx=0 comp rx=0 tx=0).stop
2024-04-03T08:29:16.727 INFO:teuthology.orchestra.run.smithi157.stdout:/usr/bin/ceph: stderr
2024-04-03T08:29:15.617+0000 7f0c3a600700 1 --2- 172.21.15.157:0/825970592 >> [v2:172.21.15.157:6800/1166303024,v1:172.21.15.157:6801/1166303024] conn(0x7f0c18036830 0x7f0c18038ce0 unknown :-1 s=CLOSED pgs=0 cs=0 l=1 rev1=0 crypto rx=0 tx=0 comp rx=0 tx=0).stop
2024-04-03T08:29:16.727 INFO:teuthology.orchestra.run.smithi157.stdout:/usr/bin/ceph: stderr
2024-04-03T08:29:15.617+0000 7f0c3a600700 1 -- 172.21.15.157:0/825970592 >> 172.21.15.157:0/825970592 conn(0x7f0c340fe090 msgr2=0x7f0c340fecc0 unknown :-1 s=STATE_NONE l=0).mark_down
2024-04-03T08:29:16.727 INFO:teuthology.orchestra.run.smithi157.stdout:/usr/bin/ceph: stderr
2024-04-03T08:29:15.618+0000 7f0c3a600700 1 -- 172.21.15.157:0/825970592 shutdown_connections
2024-04-03T08:29:16.727 INFO:teuthology.orchestra.run.smithi157.stdout:/usr/bin/ceph: stderr
2024-04-03T08:29:15.618+0000 7f0c3a600700 1 -- 172.21.15.157:0/825970592 wait complete.
2024-04-03T08:29:16.727 INFO:teuthology.orchestra.run.smithi157.stdout:mgr epoch 9 is available
2024-04-03T08:29:16.727 INFO:teuthology.orchestra.run.smithi157.stdout:Generating a dashboard self-signed certificate...
2024-04-03T08:29:17.674 INFO:journalctl@ceph.mon.smithi157.smithi157.stdout:Apr 03 08:29:17 smithi157 ceph-mon[35083]: from='client.14164 -' entity='client.admin' cmd=[{"prefix": "get_command_descriptions"}]: dispatch
2024-04-03T08:29:17.674 INFO:journalctl@ceph.mon.smithi157.smithi157.stdout:Apr 03 08:29:17 smithi157 ceph-mon[35083]: from='client.14164 -' entity='client.admin' cmd=[{"prefix": "mgr_status"}]: dispatch
2024-04-03T08:29:17.674 INFO:journalctl@ceph.mon.smithi157.smithi157.stdout:Apr 03 08:29:17 smithi157 ceph-mon[35083]: from='mgr.14160 172.21.15.157:0/2619670015' entity='mgr.smithi157.qfvynr'
2024-04-03T08:29:18.201 INFO:teuthology.orchestra.run.smithi157.stdout:/usr/bin/ceph: stdout Self-signed certificate created
2024-04-03T08:29:18.201 INFO:teuthology.orchestra.run.smithi157.stdout:/usr/bin/ceph: stderr
2024-04-03T08:29:17.353+0000 7f104ae00700 1 Processor -- start
2024-04-03T08:29:18.202 INFO:teuthology.orchestra.run.smithi157.stdout:/usr/bin/ceph: stderr
2024-04-03T08:29:17.353+0000 7f104ae00700 1 -- start start
2024-04-03T08:29:18.202 INFO:teuthology.orchestra.run.smithi157.stdout:/usr/bin/ceph: stderr
2024-04-03T08:29:17.353+0000 7f104ae00700 1 --2- >> [v2:172.21.15.157:3300/0,v1:172.21.15.157:6789/0] conn(0x7f1044101830 0x7f1044101c40 unknown :-1 s=NONE pgs=0 cs=0 l=0 rev1=0 crypto rx=0 tx=0 comp rx=0 tx=0).connect
2024-04-03T08:29:18.202 INFO:teuthology.orchestra.run.smithi157.stdout:/usr/bin/ceph: stderr
2024-04-03T08:29:17.353+0000 7f104ae00700 1 -- --> [v2:172.21.15.157:3300/0,v1:172.21.15.157:6789/0] -- mon_getmap magic: 0 v1 -- 0x7f1044102180 con 0x7f1044101830
2024-04-03T08:29:18.202 INFO:teuthology.orchestra.run.smithi157.stdout:/usr/bin/ceph: stderr
2024-04-03T08:29:17.354+0000 7f1043e00700 1 --2- >> [v2:172.21.15.157:3300/0,v1:172.21.15.157:6789/0] conn(0x7f1044101830 0x7f1044101c40 unknown :-1 s=BANNER_CONNECTING pgs=0 cs=0 l=0 rev1=0 crypto rx=0 tx=0 comp rx=0 tx=0)._handle_peer_banner_payload supported=3 required=0
2024-04-03T08:29:18.202 INFO:teuthology.orchestra.run.smithi157.stdout:/usr/bin/ceph: stderr
2024-04-03T08:29:17.354+0000 7f1043e00700 1 --2- >> [v2:172.21.15.157:3300/0,v1:172.21.15.157:6789/0] conn(0x7f1044101830 0x7f1044101c40 unknown :-1 s=HELLO_CONNECTING pgs=0 cs=0 l=0 rev1=1 crypto rx=0 tx=0 comp rx=0 tx=0).handle_hello peer v2:172.21.15.157:3300/0 says I am v2:172.21.15.157:50468/0 (socket says 172.21.15.157:50468)
2024-04-03T08:29:18.202 INFO:teuthology.orchestra.run.smithi157.stdout:/usr/bin/ceph: stderr
2024-04-03T08:29:17.354+0000 7f1043e00700 1 -- 172.21.15.157:0/9647789 learned_addr learned my addr 172.21.15.157:0/9647789 (peer_addr_for_me v2:172.21.15.157:0/0)
2024-04-03T08:29:18.202 INFO:teuthology.orchestra.run.smithi157.stdout:/usr/bin/ceph: stderr
2024-04-03T08:29:17.354+0000 7f1043e00700 1 -- 172.21.15.157:0/9647789 --> [v2:172.21.15.157:3300/0,v1:172.21.15.157:6789/0] -- mon_subscribe({config=0+,monmap=0+}) v3 -- 0x7f10441022c0 con 0x7f1044101830
2024-04-03T08:29:18.202 INFO:teuthology.orchestra.run.smithi157.stdout:/usr/bin/ceph: stderr
2024-04-03T08:29:17.354+0000 7f1043e00700 1 --2- 172.21.15.157:0/9647789 >> [v2:172.21.15.157:3300/0,v1:172.21.15.157:6789/0] conn(0x7f1044101830 0x7f1044101c40 secure :-1 s=READY pgs=78 cs=0 l=1 rev1=1 crypto rx=0x7f10340098e0 tx=0x7f1034009250 comp rx=0 tx=0).ready entity=mon.0 client_cookie=b408dbd4930fcd3 server_cookie=0 in_seq=0 out_seq=0
2024-04-03T08:29:18.202 INFO:teuthology.orchestra.run.smithi157.stdout:/usr/bin/ceph: stderr
2024-04-03T08:29:17.354+0000 7f1042a00700 1 -- 172.21.15.157:0/9647789 <== mon.0 v2:172.21.15.157:3300/0 1 ==== mon_map magic: 0 v1 ==== 229+0+0 (secure 0 0 0) 0x7f103400b860 con 0x7f1044101830
2024-04-03T08:29:18.202 INFO:teuthology.orchestra.run.smithi157.stdout:/usr/bin/ceph: stderr
2024-04-03T08:29:17.354+0000 7f1042a00700 1 -- 172.21.15.157:0/9647789 <== mon.0 v2:172.21.15.157:3300/0 2 ==== config(27 keys) v1 ==== 1109+0+0 (secure 0 0 0) 0x7f103400be90 con 0x7f1044101830
2024-04-03T08:29:18.202 INFO:teuthology.orchestra.run.smithi157.stdout:/usr/bin/ceph: stderr
2024-04-03T08:29:17.354+0000 7f1042a00700 1 -- 172.21.15.157:0/9647789 <== mon.0 v2:172.21.15.157:3300/0 3 ==== mon_map magic: 0 v1 ==== 229+0+0 (secure 0 0 0) 0x7f10340103c0 con 0x7f1044101830
2024-04-03T08:29:18.202 INFO:teuthology.orchestra.run.smithi157.stdout:/usr/bin/ceph: stderr
2024-04-03T08:29:17.355+0000 7f104ae00700 1 -- 172.21.15.157:0/9647789 >> [v2:172.21.15.157:3300/0,v1:172.21.15.157:6789/0] conn(0x7f1044101830 msgr2=0x7f1044101c40 secure :-1 s=STATE_CONNECTION_ESTABLISHED l=1).mark_down
2024-04-03T08:29:18.203 INFO:teuthology.orchestra.run.smithi157.stdout:/usr/bin/ceph: stderr
2024-04-03T08:29:17.355+0000 7f104ae00700 1 --2- 172.21.15.157:0/9647789 >> [v2:172.21.15.157:3300/0,v1:172.21.15.157:6789/0] conn(0x7f1044101830 0x7f1044101c40 secure :-1 s=READY pgs=78 cs=0 l=1 rev1=1 crypto rx=0x7f10340098e0 tx=0x7f1034009250 comp rx=0 tx=0).stop
2024-04-03T08:29:18.203 INFO:teuthology.orchestra.run.smithi157.stdout:/usr/bin/ceph: stderr
2024-04-03T08:29:17.355+0000 7f104ae00700 1 -- 172.21.15.157:0/9647789 shutdown_connections
2024-04-03T08:29:18.203 INFO:teuthology.orchestra.run.smithi157.stdout:/usr/bin/ceph: stderr
2024-04-03T08:29:17.355+0000 7f104ae00700 1 --2- 172.21.15.157:0/9647789 >> [v2:172.21.15.157:3300/0,v1:172.21.15.157:6789/0] conn(0x7f1044101830 0x7f1044101c40 unknown :-1 s=CLOSED pgs=78 cs=0 l=1 rev1=1 crypto rx=0 tx=0 comp rx=0 tx=0).stop
2024-04-03T08:29:18.203 INFO:teuthology.orchestra.run.smithi157.stdout:/usr/bin/ceph: stderr
2024-04-03T08:29:17.355+0000 7f104ae00700 1 -- 172.21.15.157:0/9647789 >> 172.21.15.157:0/9647789 conn(0x7f10440fcfb0 msgr2=0x7f10440ff3c0 unknown :-1 s=STATE_NONE l=0).mark_down
2024-04-03T08:29:18.203 INFO:teuthology.orchestra.run.smithi157.stdout:/usr/bin/ceph: stderr
2024-04-03T08:29:17.355+0000 7f104ae00700 1 -- 172.21.15.157:0/9647789 shutdown_connections
2024-04-03T08:29:18.203 INFO:teuthology.orchestra.run.smithi157.stdout:/usr/bin/ceph: stderr
2024-04-03T08:29:17.355+0000 7f104ae00700 1 -- 172.21.15.157:0/9647789 wait complete.
2024-04-03T08:29:18.203 INFO:teuthology.orchestra.run.smithi157.stdout:/usr/bin/ceph: stderr
2024-04-03T08:29:17.356+0000 7f104ae00700 1 Processor -- start
2024-04-03T08:29:18.203 INFO:teuthology.orchestra.run.smithi157.stdout:/usr/bin/ceph: stderr
2024-04-03T08:29:17.356+0000 7f104ae00700 1 -- start start
2024-04-03T08:29:18.203 INFO:teuthology.orchestra.run.smithi157.stdout:/usr/bin/ceph: stderr
2024-04-03T08:29:17.357+0000 7f104ae00700 1 --2- >> [v2:172.21.15.157:3300/0,v1:172.21.15.157:6789/0] conn(0x7f1044101830 0x7f1044113940 unknown :-1 s=NONE pgs=0 cs=0 l=1 rev1=0 crypto rx=0 tx=0 comp rx=0 tx=0).connect
2024-04-03T08:29:18.203 INFO:teuthology.orchestra.run.smithi157.stdout:/usr/bin/ceph: stderr
2024-04-03T08:29:17.357+0000 7f104ae00700 1 -- --> [v2:172.21.15.157:3300/0,v1:172.21.15.157:6789/0] -- mon_getmap magic: 0 v1 -- 0x7f1044113e80 con 0x7f1044101830
2024-04-03T08:29:18.203 INFO:teuthology.orchestra.run.smithi157.stdout:/usr/bin/ceph: stderr
2024-04-03T08:29:17.357+0000 7f1043e00700 1 --2- >> [v2:172.21.15.157:3300/0,v1:172.21.15.157:6789/0] conn(0x7f1044101830 0x7f1044113940 unknown :-1 s=BANNER_CONNECTING pgs=0 cs=0 l=1 rev1=0 crypto rx=0 tx=0 comp rx=0 tx=0)._handle_peer_banner_payload supported=3 required=0
2024-04-03T08:29:18.203 INFO:teuthology.orchestra.run.smithi157.stdout:/usr/bin/ceph: stderr
2024-04-03T08:29:17.357+0000 7f1043e00700 1 --2- >> [v2:172.21.15.157:3300/0,v1:172.21.15.157:6789/0] conn(0x7f1044101830 0x7f1044113940 unknown :-1 s=HELLO_CONNECTING pgs=0 cs=0 l=1 rev1=1 crypto rx=0 tx=0 comp rx=0 tx=0).handle_hello peer v2:172.21.15.157:3300/0 says I am v2:172.21.15.157:50472/0 (socket says 172.21.15.157:50472)
2024-04-03T08:29:18.203 INFO:teuthology.orchestra.run.smithi157.stdout:/usr/bin/ceph: stderr
2024-04-03T08:29:17.357+0000 7f1043e00700 1 -- 172.21.15.157:0/2538718161 learned_addr learned my addr 172.21.15.157:0/2538718161 (peer_addr_for_me v2:172.21.15.157:0/0)
2024-04-03T08:29:18.204 INFO:teuthology.orchestra.run.smithi157.stdout:/usr/bin/ceph: stderr
2024-04-03T08:29:17.357+0000 7f1043e00700 1 -- 172.21.15.157:0/2538718161 --> [v2:172.21.15.157:3300/0,v1:172.21.15.157:6789/0] -- mon_subscribe({config=0+,monmap=0+}) v3 -- 0x7f10340094f0 con 0x7f1044101830
2024-04-03T08:29:18.204 INFO:teuthology.orchestra.run.smithi157.stdout:/usr/bin/ceph: stderr
2024-04-03T08:29:17.357+0000 7f1043e00700 1 --2- 172.21.15.157:0/2538718161 >> [v2:172.21.15.157:3300/0,v1:172.21.15.157:6789/0] conn(0x7f1044101830 0x7f1044113940 secure :-1 s=READY pgs=79 cs=0 l=1 rev1=1 crypto rx=0x7f1034011c10 tx=0x7f1034009250 comp rx=0 tx=0).ready entity=mon.0 client_cookie=0 server_cookie=0 in_seq=0 out_seq=0
2024-04-03T08:29:18.204 INFO:teuthology.orchestra.run.smithi157.stdout:/usr/bin/ceph: stderr
2024-04-03T08:29:17.358+0000 7f103be00700 1 -- 172.21.15.157:0/2538718161 <== mon.0 v2:172.21.15.157:3300/0 1 ==== mon_map magic: 0 v1 ==== 229+0+0 (secure 0 0 0) 0x7f1034010890 con 0x7f1044101830
2024-04-03T08:29:18.204 INFO:teuthology.orchestra.run.smithi157.stdout:/usr/bin/ceph: stderr
2024-04-03T08:29:17.358+0000 7f103be00700 1 -- 172.21.15.157:0/2538718161 <== mon.0 v2:172.21.15.157:3300/0 2 ==== config(27 keys) v1 ==== 1109+0+0 (secure 0 0 0) 0x7f1034010ec0 con 0x7f1044101830
2024-04-03T08:29:18.204 INFO:teuthology.orchestra.run.smithi157.stdout:/usr/bin/ceph: stderr
2024-04-03T08:29:17.358+0000 7f104ae00700 1 -- 172.21.15.157:0/2538718161 --> [v2:172.21.15.157:3300/0,v1:172.21.15.157:6789/0] -- mon_subscribe({mgrmap=0+}) v3 -- 0x7f1044114080 con 0x7f1044101830
2024-04-03T08:29:18.204 INFO:teuthology.orchestra.run.smithi157.stdout:/usr/bin/ceph: stderr
2024-04-03T08:29:17.358+0000 7f103be00700 1 -- 172.21.15.157:0/2538718161 <== mon.0 v2:172.21.15.157:3300/0 3 ==== mon_map magic: 0 v1 ==== 229+0+0 (secure 0 0 0) 0x7f10340243f0 con 0x7f1044101830
2024-04-03T08:29:18.204 INFO:teuthology.orchestra.run.smithi157.stdout:/usr/bin/ceph: stderr
2024-04-03T08:29:17.358+0000 7f104ae00700 1 -- 172.21.15.157:0/2538718161 --> [v2:172.21.15.157:3300/0,v1:172.21.15.157:6789/0] -- mon_subscribe({osdmap=0}) v3 -- 0x7f1044114bf0 con 0x7f1044101830
2024-04-03T08:29:18.204 INFO:teuthology.orchestra.run.smithi157.stdout:/usr/bin/ceph: stderr
2024-04-03T08:29:17.359+0000 7f104ae00700 1 -- 172.21.15.157:0/2538718161 --> [v2:172.21.15.157:3300/0,v1:172.21.15.157:6789/0] -- mon_command({"prefix": "get_command_descriptions"} v 0) v1 -- 0x7f104405f5f0 con 0x7f1044101830
2024-04-03T08:29:18.204 INFO:teuthology.orchestra.run.smithi157.stdout:/usr/bin/ceph: stderr
2024-04-03T08:29:17.359+0000 7f103be00700 1 -- 172.21.15.157:0/2538718161 <== mon.0 v2:172.21.15.157:3300/0 4 ==== mgrmap(e 12) v1 ==== 43381+0+0 (secure 0 0 0) 0x7f103401a430 con 0x7f1044101830
2024-04-03T08:29:18.204 INFO:teuthology.orchestra.run.smithi157.stdout:/usr/bin/ceph: stderr
2024-04-03T08:29:17.360+0000 7f103be00700 1 --2- 172.21.15.157:0/2538718161 >> [v2:172.21.15.157:6800/494465315,v1:172.21.15.157:6801/494465315] conn(0x7f1028036830 0x7f1028038ce0 unknown :-1 s=NONE pgs=0 cs=0 l=1 rev1=0 crypto rx=0 tx=0 comp rx=0 tx=0).connect
2024-04-03T08:29:18.204 INFO:teuthology.orchestra.run.smithi157.stdout:/usr/bin/ceph: stderr
2024-04-03T08:29:17.360+0000 7f103be00700 1 -- 172.21.15.157:0/2538718161 <== mon.0 v2:172.21.15.157:3300/0 5 ==== osd_map(3..3 src has 1..3) v4 ==== 1151+0+0 (secure 0 0 0) 0x7f103404a310 con 0x7f1044101830
2024-04-03T08:29:18.204 INFO:teuthology.orchestra.run.smithi157.stdout:/usr/bin/ceph: stderr
2024-04-03T08:29:17.360+0000 7f1043400700 1 --2- 172.21.15.157:0/2538718161 >> [v2:172.21.15.157:6800/494465315,v1:172.21.15.157:6801/494465315] conn(0x7f1028036830 0x7f1028038ce0 unknown :-1 s=BANNER_CONNECTING pgs=0 cs=0 l=1 rev1=0 crypto rx=0 tx=0 comp rx=0 tx=0)._handle_peer_banner_payload supported=3 required=0
2024-04-03T08:29:18.204 INFO:teuthology.orchestra.run.smithi157.stdout:/usr/bin/ceph: stderr
2024-04-03T08:29:17.360+0000 7f1043400700 1 --2- 172.21.15.157:0/2538718161 >> [v2:172.21.15.157:6800/494465315,v1:172.21.15.157:6801/494465315] conn(0x7f1028036830 0x7f1028038ce0 secure :-1 s=READY pgs=7 cs=0 l=1 rev1=1 crypto rx=0x7f1030009990 tx=0x7f1030006e40 comp rx=0 tx=0).ready entity=mgr.14160 client_cookie=0 server_cookie=0 in_seq=0 out_seq=0
2024-04-03T08:29:18.205 INFO:teuthology.orchestra.run.smithi157.stdout:/usr/bin/ceph: stderr
2024-04-03T08:29:17.365+0000 7f103be00700 1 -- 172.21.15.157:0/2538718161 <== mon.0 v2:172.21.15.157:3300/0 6 ==== mon_command_ack([{"prefix": "get_command_descriptions"}]=0 v0) v1 ==== 72+0+176504 (secure 0 0 0) 0x7f103402b8e0 con 0x7f1044101830
2024-04-03T08:29:18.205 INFO:teuthology.orchestra.run.smithi157.stdout:/usr/bin/ceph: stderr
2024-04-03T08:29:17.575+0000 7f104ae00700 1 -- 172.21.15.157:0/2538718161 --> [v2:172.21.15.157:6800/494465315,v1:172.21.15.157:6801/494465315] -- mgr_command(tid 0: {"prefix": "dashboard create-self-signed-cert", "target": ["mon-mgr", ""]}) v1 -- 0x7f10441157d0 con 0x7f1028036830
2024-04-03T08:29:18.205 INFO:teuthology.orchestra.run.smithi157.stdout:/usr/bin/ceph: stderr
2024-04-03T08:29:17.649+0000 7f103be00700 1 -- 172.21.15.157:0/2538718161 <== mgr.14160 v2:172.21.15.157:6800/494465315 1 ==== mgr_command_reply(tid 0: 0 ) v1 ==== 8+0+32 (secure 0 0 0) 0x7f10441157d0 con 0x7f1028036830
2024-04-03T08:29:18.205 INFO:teuthology.orchestra.run.smithi157.stdout:/usr/bin/ceph: stderr
2024-04-03T08:29:17.652+0000 7f104ae00700 1 -- 172.21.15.157:0/2538718161 >> [v2:172.21.15.157:6800/494465315,v1:172.21.15.157:6801/494465315] conn(0x7f1028036830 msgr2=0x7f1028038ce0 secure :-1 s=STATE_CONNECTION_ESTABLISHED l=1).mark_down
2024-04-03T08:29:18.205 INFO:teuthology.orchestra.run.smithi157.stdout:/usr/bin/ceph: stderr
2024-04-03T08:29:17.652+0000 7f104ae00700 1 --2- 172.21.15.157:0/2538718161 >> [v2:172.21.15.157:6800/494465315,v1:172.21.15.157:6801/494465315] conn(0x7f1028036830 0x7f1028038ce0 secure :-1 s=READY pgs=7 cs=0 l=1 rev1=1 crypto rx=0x7f1030009990 tx=0x7f1030006e40 comp rx=0 tx=0).stop
2024-04-03T08:29:18.205 INFO:teuthology.orchestra.run.smithi157.stdout:/usr/bin/ceph: stderr
2024-04-03T08:29:17.652+0000 7f104ae00700 1 -- 172.21.15.157:0/2538718161 >> [v2:172.21.15.157:3300/0,v1:172.21.15.157:6789/0] conn(0x7f1044101830 msgr2=0x7f1044113940 secure :-1 s=STATE_CONNECTION_ESTABLISHED l=1).mark_down
2024-04-03T08:29:18.205 INFO:teuthology.orchestra.run.smithi157.stdout:/usr/bin/ceph: stderr
2024-04-03T08:29:17.652+0000 7f104ae00700 1 --2- 172.21.15.157:0/2538718161 >> [v2:172.21.15.157:3300/0,v1:172.21.15.157:6789/0] conn(0x7f1044101830 0x7f1044113940 secure :-1 s=READY pgs=79 cs=0 l=1 rev1=1 crypto rx=0x7f1034011c10 tx=0x7f1034009250 comp rx=0 tx=0).stop
2024-04-03T08:29:18.205 INFO:teuthology.orchestra.run.smithi157.stdout:/usr/bin/ceph: stderr
2024-04-03T08:29:17.652+0000 7f104ae00700 1 -- 172.21.15.157:0/2538718161 shutdown_connections
2024-04-03T08:29:18.205 INFO:teuthology.orchestra.run.smithi157.stdout:/usr/bin/ceph: stderr
2024-04-03T08:29:17.652+0000 7f104ae00700 1 --2- 172.21.15.157:0/2538718161 >> [v2:172.21.15.157:6800/494465315,v1:172.21.15.157:6801/494465315] conn(0x7f1028036830 0x7f1028038ce0 unknown :-1 s=CLOSED pgs=7 cs=0 l=1 rev1=1 crypto rx=0 tx=0 comp rx=0 tx=0).stop
2024-04-03T08:29:18.205 INFO:teuthology.orchestra.run.smithi157.stdout:/usr/bin/ceph: stderr
2024-04-03T08:29:17.652+0000 7f104ae00700 1 --2- 172.21.15.157:0/2538718161 >> [v2:172.21.15.157:3300/0,v1:172.21.15.157:6789/0] conn(0x7f1044101830 0x7f1044113940 unknown :-1 s=CLOSED pgs=79 cs=0 l=1 rev1=1 crypto rx=0 tx=0 comp rx=0 tx=0).stop
2024-04-03T08:29:18.205 INFO:teuthology.orchestra.run.smithi157.stdout:/usr/bin/ceph: stderr
2024-04-03T08:29:17.652+0000 7f104ae00700 1 -- 172.21.15.157:0/2538718161 >> 172.21.15.157:0/2538718161 conn(0x7f10440fcfb0 msgr2=0x7f10440fdf20 unknown :-1 s=STATE_NONE l=0).mark_down
2024-04-03T08:29:18.205 INFO:teuthology.orchestra.run.smithi157.stdout:/usr/bin/ceph: stderr
2024-04-03T08:29:17.652+0000 7f104ae00700 1 -- 172.21.15.157:0/2538718161 shutdown_connections
2024-04-03T08:29:18.205 INFO:teuthology.orchestra.run.smithi157.stdout:/usr/bin/ceph: stderr
2024-04-03T08:29:17.652+0000 7f104ae00700 1 -- 172.21.15.157:0/2538718161 wait complete.
2024-04-03T08:29:18.205 INFO:teuthology.orchestra.run.smithi157.stdout:Creating initial admin user...
2024-04-03T08:29:18.458 INFO:journalctl@ceph.mon.smithi157.smithi157.stdout:Apr 03 08:29:18 smithi157 ceph-mon[35083]: mgrmap e12: smithi157.qfvynr(active, since 2s)
2024-04-03T08:29:18.458 INFO:journalctl@ceph.mon.smithi157.smithi157.stdout:Apr 03 08:29:18 smithi157 ceph-mon[35083]: from='mgr.14160 172.21.15.157:0/2619670015' entity='mgr.smithi157.qfvynr'
2024-04-03T08:29:18.459 INFO:journalctl@ceph.mon.smithi157.smithi157.stdout:Apr 03 08:29:18 smithi157 ceph-mon[35083]: from='mgr.14160 172.21.15.157:0/2619670015' entity='mgr.smithi157.qfvynr'
2024-04-03T08:29:18.459 INFO:journalctl@ceph.mon.smithi157.smithi157.stdout:Apr 03 08:29:18 smithi157 ceph-mon[35083]: from='mgr.14160 172.21.15.157:0/2619670015' entity='mgr.smithi157.qfvynr'
2024-04-03T08:29:19.695 INFO:journalctl@ceph.mon.smithi157.smithi157.stdout:Apr 03 08:29:19 smithi157 ceph-mon[35083]: from='client.14172 -' entity='client.admin' cmd=[{"prefix": "dashboard create-self-signed-cert", "target": ["mon-mgr", ""]}]: dispatch
2024-04-03T08:29:20.289 INFO:teuthology.orchestra.run.smithi157.stdout:/usr/bin/ceph: stdout {"username": "admin", "password": "$2b$12$DKmWsh4kgdArv37rwj.UBuDqQZZMW0k4jtKZIciaB3qJK1XodwxQi", "roles": ["administrator"], "name": null, "email": null, "lastUpdate": 1712132959, "enabled": true, "pwdExpirationDate": null, "pwdUpdateRequired": true}
2024-04-03T08:29:20.289 INFO:teuthology.orchestra.run.smithi157.stdout:/usr/bin/ceph: stderr
2024-04-03T08:29:18.941+0000 7ffadc000700 1 Processor -- start
2024-04-03T08:29:20.289 INFO:teuthology.orchestra.run.smithi157.stdout:/usr/bin/ceph: stderr
2024-04-03T08:29:18.942+0000 7ffadc000700 1 -- start start
2024-04-03T08:29:20.290 INFO:teuthology.orchestra.run.smithi157.stdout:/usr/bin/ceph: stderr
2024-04-03T08:29:18.942+0000 7ffadc000700 1 --2- >> [v2:172.21.15.157:3300/0,v1:172.21.15.157:6789/0] conn(0x7ffad4077ad0 0x7ffad4076120 unknown :-1 s=NONE pgs=0 cs=0 l=0 rev1=0 crypto rx=0 tx=0 comp rx=0 tx=0).connect
2024-04-03T08:29:20.290 INFO:teuthology.orchestra.run.smithi157.stdout:/usr/bin/ceph: stderr
2024-04-03T08:29:18.942+0000 7ffadc000700 1 -- --> [v2:172.21.15.157:3300/0,v1:172.21.15.157:6789/0] -- mon_getmap magic: 0 v1 -- 0x7ffad4077ee0 con 0x7ffad4077ad0
2024-04-03T08:29:20.290 INFO:teuthology.orchestra.run.smithi157.stdout:/usr/bin/ceph: stderr
2024-04-03T08:29:18.942+0000 7ffad9600700 1 --2- >> [v2:172.21.15.157:3300/0,v1:172.21.15.157:6789/0] conn(0x7ffad4077ad0 0x7ffad4076120 unknown :-1 s=BANNER_CONNECTING pgs=0 cs=0 l=0 rev1=0 crypto rx=0 tx=0 comp rx=0 tx=0)._handle_peer_banner_payload supported=3 required=0
2024-04-03T08:29:20.290 INFO:teuthology.orchestra.run.smithi157.stdout:/usr/bin/ceph: stderr
2024-04-03T08:29:18.943+0000 7ffad9600700 1 --2- >> [v2:172.21.15.157:3300/0,v1:172.21.15.157:6789/0] conn(0x7ffad4077ad0 0x7ffad4076120 unknown :-1 s=HELLO_CONNECTING pgs=0 cs=0 l=0 rev1=1 crypto rx=0 tx=0 comp rx=0 tx=0).handle_hello peer v2:172.21.15.157:3300/0 says I am v2:172.21.15.157:50478/0 (socket says 172.21.15.157:50478)
2024-04-03T08:29:20.290 INFO:teuthology.orchestra.run.smithi157.stdout:/usr/bin/ceph: stderr
2024-04-03T08:29:18.943+0000 7ffad9600700 1 -- 172.21.15.157:0/3040270394 learned_addr learned my addr 172.21.15.157:0/3040270394 (peer_addr_for_me v2:172.21.15.157:0/0)
2024-04-03T08:29:20.290 INFO:teuthology.orchestra.run.smithi157.stdout:/usr/bin/ceph: stderr
2024-04-03T08:29:18.943+0000 7ffad9600700 1 -- 172.21.15.157:0/3040270394 --> [v2:172.21.15.157:3300/0,v1:172.21.15.157:6789/0] -- mon_subscribe({config=0+,monmap=0+}) v3 -- 0x7ffad4078020 con 0x7ffad4077ad0
2024-04-03T08:29:20.290 INFO:teuthology.orchestra.run.smithi157.stdout:/usr/bin/ceph: stderr
2024-04-03T08:29:18.943+0000 7ffad9600700 1 --2- 172.21.15.157:0/3040270394 >> [v2:172.21.15.157:3300/0,v1:172.21.15.157:6789/0] conn(0x7ffad4077ad0 0x7ffad4076120 secure :-1 s=READY pgs=80 cs=0 l=1 rev1=1 crypto rx=0x7ffac80098e0 tx=0x7ffac8009250 comp rx=0 tx=0).ready entity=mon.0 client_cookie=f8dd7084c09a66db server_cookie=0 in_seq=0 out_seq=0
2024-04-03T08:29:20.290 INFO:teuthology.orchestra.run.smithi157.stdout:/usr/bin/ceph: stderr
2024-04-03T08:29:18.943+0000 7ffad3e00700 1 -- 172.21.15.157:0/3040270394 <== mon.0 v2:172.21.15.157:3300/0 1 ==== mon_map magic: 0 v1 ==== 229+0+0 (secure 0 0 0) 0x7ffac800b860 con 0x7ffad4077ad0
2024-04-03T08:29:20.290 INFO:teuthology.orchestra.run.smithi157.stdout:/usr/bin/ceph: stderr
2024-04-03T08:29:18.943+0000 7ffad3e00700 1 -- 172.21.15.157:0/3040270394 <== mon.0 v2:172.21.15.157:3300/0 2 ==== config(27 keys) v1 ==== 1109+0+0 (secure 0 0 0) 0x7ffac800be90 con 0x7ffad4077ad0
2024-04-03T08:29:20.290 INFO:teuthology.orchestra.run.smithi157.stdout:/usr/bin/ceph: stderr
2024-04-03T08:29:18.943+0000 7ffad3e00700 1 -- 172.21.15.157:0/3040270394 <== mon.0 v2:172.21.15.157:3300/0 3 ==== mon_map magic: 0 v1 ==== 229+0+0 (secure 0 0 0) 0x7ffac80103c0 con 0x7ffad4077ad0
2024-04-03T08:29:20.290 INFO:teuthology.orchestra.run.smithi157.stdout:/usr/bin/ceph: stderr
2024-04-03T08:29:18.944+0000 7ffadc000700 1 -- 172.21.15.157:0/3040270394 >> [v2:172.21.15.157:3300/0,v1:172.21.15.157:6789/0] conn(0x7ffad4077ad0 msgr2=0x7ffad4076120 secure :-1 s=STATE_CONNECTION_ESTABLISHED l=1).mark_down
2024-04-03T08:29:20.291 INFO:teuthology.orchestra.run.smithi157.stdout:/usr/bin/ceph: stderr
2024-04-03T08:29:18.944+0000 7ffadc000700 1 --2- 172.21.15.157:0/3040270394 >> [v2:172.21.15.157:3300/0,v1:172.21.15.157:6789/0] conn(0x7ffad4077ad0 0x7ffad4076120 secure :-1 s=READY pgs=80 cs=0 l=1 rev1=1 crypto rx=0x7ffac80098e0 tx=0x7ffac8009250 comp rx=0 tx=0).stop
2024-04-03T08:29:20.291 INFO:teuthology.orchestra.run.smithi157.stdout:/usr/bin/ceph: stderr
2024-04-03T08:29:18.944+0000 7ffadc000700 1 -- 172.21.15.157:0/3040270394 shutdown_connections
2024-04-03T08:29:20.291 INFO:teuthology.orchestra.run.smithi157.stdout:/usr/bin/ceph: stderr
2024-04-03T08:29:18.944+0000 7ffadc000700 1 --2- 172.21.15.157:0/3040270394 >> [v2:172.21.15.157:3300/0,v1:172.21.15.157:6789/0] conn(0x7ffad4077ad0 0x7ffad4076120 unknown :-1 s=CLOSED pgs=80 cs=0 l=1 rev1=1 crypto rx=0 tx=0 comp rx=0 tx=0).stop
2024-04-03T08:29:20.291 INFO:teuthology.orchestra.run.smithi157.stdout:/usr/bin/ceph: stderr
2024-04-03T08:29:18.944+0000 7ffadc000700 1 -- 172.21.15.157:0/3040270394 >> 172.21.15.157:0/3040270394 conn(0x7ffad40fe090 msgr2=0x7ffad4100500 unknown :-1 s=STATE_NONE l=0).mark_down
2024-04-03T08:29:20.291 INFO:teuthology.orchestra.run.smithi157.stdout:/usr/bin/ceph: stderr
2024-04-03T08:29:18.944+0000 7ffadc000700 1 -- 172.21.15.157:0/3040270394 shutdown_connections
2024-04-03T08:29:20.291 INFO:teuthology.orchestra.run.smithi157.stdout:/usr/bin/ceph: stderr
2024-04-03T08:29:18.944+0000 7ffadc000700 1 -- 172.21.15.157:0/3040270394 wait complete.
2024-04-03T08:29:20.291 INFO:teuthology.orchestra.run.smithi157.stdout:/usr/bin/ceph: stderr
2024-04-03T08:29:18.945+0000 7ffadc000700 1 Processor -- start
2024-04-03T08:29:20.291 INFO:teuthology.orchestra.run.smithi157.stdout:/usr/bin/ceph: stderr
2024-04-03T08:29:18.945+0000 7ffadc000700 1 -- start start
2024-04-03T08:29:20.291 INFO:teuthology.orchestra.run.smithi157.stdout:/usr/bin/ceph: stderr
2024-04-03T08:29:18.945+0000 7ffadc000700 1 --2- >> [v2:172.21.15.157:3300/0,v1:172.21.15.157:6789/0] conn(0x7ffad4077ad0 0x7ffad4113970 unknown :-1 s=NONE pgs=0 cs=0 l=1 rev1=0 crypto rx=0 tx=0 comp rx=0 tx=0).connect
2024-04-03T08:29:20.291 INFO:teuthology.orchestra.run.smithi157.stdout:/usr/bin/ceph: stderr
2024-04-03T08:29:18.945+0000 7ffadc000700 1 -- --> [v2:172.21.15.157:3300/0,v1:172.21.15.157:6789/0] -- mon_getmap magic: 0 v1 -- 0x7ffad4113eb0 con 0x7ffad4077ad0
2024-04-03T08:29:20.291 INFO:teuthology.orchestra.run.smithi157.stdout:/usr/bin/ceph: stderr
2024-04-03T08:29:18.946+0000 7ffad9600700 1 --2- >> [v2:172.21.15.157:3300/0,v1:172.21.15.157:6789/0] conn(0x7ffad4077ad0 0x7ffad4113970 unknown :-1 s=BANNER_CONNECTING pgs=0 cs=0 l=1 rev1=0 crypto rx=0 tx=0 comp rx=0 tx=0)._handle_peer_banner_payload supported=3 required=0
2024-04-03T08:29:20.291 INFO:teuthology.orchestra.run.smithi157.stdout:/usr/bin/ceph: stderr
2024-04-03T08:29:18.946+0000 7ffad9600700 1 --2- >> [v2:172.21.15.157:3300/0,v1:172.21.15.157:6789/0] conn(0x7ffad4077ad0 0x7ffad4113970 unknown :-1 s=HELLO_CONNECTING pgs=0 cs=0 l=1 rev1=1 crypto rx=0 tx=0 comp rx=0 tx=0).handle_hello peer v2:172.21.15.157:3300/0 says I am v2:172.21.15.157:50488/0 (socket says 172.21.15.157:50488)
2024-04-03T08:29:20.291 INFO:teuthology.orchestra.run.smithi157.stdout:/usr/bin/ceph: stderr
2024-04-03T08:29:18.946+0000 7ffad9600700 1 -- 172.21.15.157:0/2281352184 learned_addr learned my addr 172.21.15.157:0/2281352184 (peer_addr_for_me v2:172.21.15.157:0/0)
2024-04-03T08:29:20.291 INFO:teuthology.orchestra.run.smithi157.stdout:/usr/bin/ceph: stderr
2024-04-03T08:29:18.946+0000 7ffad9600700 1 -- 172.21.15.157:0/2281352184 --> [v2:172.21.15.157:3300/0,v1:172.21.15.157:6789/0] -- mon_subscribe({config=0+,monmap=0+}) v3 -- 0x7ffac80094f0 con 0x7ffad4077ad0
2024-04-03T08:29:20.291 INFO:teuthology.orchestra.run.smithi157.stdout:/usr/bin/ceph: stderr
2024-04-03T08:29:18.946+0000 7ffad9600700 1 --2- 172.21.15.157:0/2281352184 >> [v2:172.21.15.157:3300/0,v1:172.21.15.157:6789/0] conn(0x7ffad4077ad0 0x7ffad4113970 secure :-1 s=READY pgs=81 cs=0 l=1 rev1=1 crypto rx=0x7ffac80105b0 tx=0x7ffac8009250 comp rx=0 tx=0).ready entity=mon.0 client_cookie=0 server_cookie=0 in_seq=0 out_seq=0
2024-04-03T08:29:20.292 INFO:teuthology.orchestra.run.smithi157.stdout:/usr/bin/ceph: stderr
2024-04-03T08:29:18.946+0000 7ffad1600700 1 -- 172.21.15.157:0/2281352184 <== mon.0 v2:172.21.15.157:3300/0 1 ==== mon_map magic: 0 v1 ==== 229+0+0 (secure 0 0 0) 0x7ffac8010840 con 0x7ffad4077ad0
2024-04-03T08:29:20.292 INFO:teuthology.orchestra.run.smithi157.stdout:/usr/bin/ceph: stderr
2024-04-03T08:29:18.946+0000 7ffad1600700 1 -- 172.21.15.157:0/2281352184 <== mon.0 v2:172.21.15.157:3300/0 2 ==== config(27 keys) v1 ==== 1109+0+0 (secure 0 0 0) 0x7ffac8010e70 con 0x7ffad4077ad0
2024-04-03T08:29:20.292 INFO:teuthology.orchestra.run.smithi157.stdout:/usr/bin/ceph: stderr
2024-04-03T08:29:18.946+0000 7ffadc000700 1 -- 172.21.15.157:0/2281352184 --> [v2:172.21.15.157:3300/0,v1:172.21.15.157:6789/0] -- mon_subscribe({mgrmap=0+}) v3 -- 0x7ffad41140b0 con 0x7ffad4077ad0
2024-04-03T08:29:20.292 INFO:teuthology.orchestra.run.smithi157.stdout:/usr/bin/ceph: stderr
2024-04-03T08:29:18.946+0000 7ffad1600700 1 -- 172.21.15.157:0/2281352184 <== mon.0 v2:172.21.15.157:3300/0 3 ==== mon_map magic: 0 v1 ==== 229+0+0 (secure 0 0 0) 0x7ffac801ae30 con 0x7ffad4077ad0
2024-04-03T08:29:20.292 INFO:teuthology.orchestra.run.smithi157.stdout:/usr/bin/ceph: stderr
