2024-04-03T08:29:18.947+0000 7ffadc000700 1 -- 172.21.15.157:0/2281352184 --> [v2:172.21.15.157:3300/0,v1:172.21.15.157:6789/0] -- mon_subscribe({osdmap=0}) v3 -- 0x7ffad4114c20 con 0x7ffad4077ad0
2024-04-03T08:29:20.292 INFO:teuthology.orchestra.run.smithi157.stdout:/usr/bin/ceph: stderr
2024-04-03T08:29:18.947+0000 7ffad1600700 1 -- 172.21.15.157:0/2281352184 <== mon.0 v2:172.21.15.157:3300/0 4 ==== mgrmap(e 12) v1 ==== 43381+0+0 (secure 0 0 0) 0x7ffac801a430 con 0x7ffad4077ad0
2024-04-03T08:29:20.292 INFO:teuthology.orchestra.run.smithi157.stdout:/usr/bin/ceph: stderr
2024-04-03T08:29:18.948+0000 7ffadc000700 1 -- 172.21.15.157:0/2281352184 --> [v2:172.21.15.157:3300/0,v1:172.21.15.157:6789/0] -- mon_command({"prefix": "get_command_descriptions"} v 0) v1 -- 0x7ffad405f5f0 con 0x7ffad4077ad0
2024-04-03T08:29:20.292 INFO:teuthology.orchestra.run.smithi157.stdout:/usr/bin/ceph: stderr
2024-04-03T08:29:18.948+0000 7ffad1600700 1 --2- 172.21.15.157:0/2281352184 >> [v2:172.21.15.157:6800/494465315,v1:172.21.15.157:6801/494465315] conn(0x7ffabc0367e0 0x7ffabc038c90 unknown :-1 s=NONE pgs=0 cs=0 l=1 rev1=0 crypto rx=0 tx=0 comp rx=0 tx=0).connect
2024-04-03T08:29:20.292 INFO:teuthology.orchestra.run.smithi157.stdout:/usr/bin/ceph: stderr
2024-04-03T08:29:18.948+0000 7ffad1600700 1 -- 172.21.15.157:0/2281352184 <== mon.0 v2:172.21.15.157:3300/0 5 ==== osd_map(3..3 src has 1..3) v4 ==== 1151+0+0 (secure 0 0 0) 0x7ffac804a3b0 con 0x7ffad4077ad0
2024-04-03T08:29:20.292 INFO:teuthology.orchestra.run.smithi157.stdout:/usr/bin/ceph: stderr
2024-04-03T08:29:18.948+0000 7ffad8c00700 1 --2- 172.21.15.157:0/2281352184 >> [v2:172.21.15.157:6800/494465315,v1:172.21.15.157:6801/494465315] conn(0x7ffabc0367e0 0x7ffabc038c90 unknown :-1 s=BANNER_CONNECTING pgs=0 cs=0 l=1 rev1=0 crypto rx=0 tx=0 comp rx=0 tx=0)._handle_peer_banner_payload supported=3 required=0
2024-04-03T08:29:20.292 INFO:teuthology.orchestra.run.smithi157.stdout:/usr/bin/ceph: stderr
2024-04-03T08:29:18.949+0000 7ffad8c00700 1 --2- 172.21.15.157:0/2281352184 >> [v2:172.21.15.157:6800/494465315,v1:172.21.15.157:6801/494465315] conn(0x7ffabc0367e0 0x7ffabc038c90 secure :-1 s=READY pgs=8 cs=0 l=1 rev1=1 crypto rx=0x7ffac0009990 tx=0x7ffac0006e40 comp rx=0 tx=0).ready entity=mgr.14160 client_cookie=0 server_cookie=0 in_seq=0 out_seq=0
2024-04-03T08:29:20.292 INFO:teuthology.orchestra.run.smithi157.stdout:/usr/bin/ceph: stderr
2024-04-03T08:29:18.953+0000 7ffad1600700 1 -- 172.21.15.157:0/2281352184 <== mon.0 v2:172.21.15.157:3300/0 6 ==== mon_command_ack([{"prefix": "get_command_descriptions"}]=0 v0) v1 ==== 72+0+176504 (secure 0 0 0) 0x7ffac802b4d0 con 0x7ffad4077ad0
2024-04-03T08:29:20.292 INFO:teuthology.orchestra.run.smithi157.stdout:/usr/bin/ceph: stderr
2024-04-03T08:29:19.182+0000 7ffadc000700 1 -- 172.21.15.157:0/2281352184 --> [v2:172.21.15.157:6800/494465315,v1:172.21.15.157:6801/494465315] -- mgr_command(tid 0: {"prefix": "dashboard ac-user-create", "username": "admin", "rolename": "administrator", "force_password": true, "pwd_update_required": true, "target": ["mon-mgr", ""]}) v1 -- 0x7ffad405f410 con 0x7ffabc0367e0
2024-04-03T08:29:20.292 INFO:teuthology.orchestra.run.smithi157.stdout:/usr/bin/ceph: stderr
2024-04-03T08:29:19.405+0000 7ffad1600700 1 -- 172.21.15.157:0/2281352184 <== mgr.14160 v2:172.21.15.157:6800/494465315 1 ==== mgr_command_reply(tid 0: 0 ) v1 ==== 8+0+252 (secure 0 0 0) 0x7ffad405f410 con 0x7ffabc0367e0
2024-04-03T08:29:20.293 INFO:teuthology.orchestra.run.smithi157.stdout:/usr/bin/ceph: stderr
2024-04-03T08:29:19.407+0000 7ffadc000700 1 -- 172.21.15.157:0/2281352184 >> [v2:172.21.15.157:6800/494465315,v1:172.21.15.157:6801/494465315] conn(0x7ffabc0367e0 msgr2=0x7ffabc038c90 secure :-1 s=STATE_CONNECTION_ESTABLISHED l=1).mark_down
2024-04-03T08:29:20.293 INFO:teuthology.orchestra.run.smithi157.stdout:/usr/bin/ceph: stderr
2024-04-03T08:29:19.408+0000 7ffadc000700 1 --2- 172.21.15.157:0/2281352184 >> [v2:172.21.15.157:6800/494465315,v1:172.21.15.157:6801/494465315] conn(0x7ffabc0367e0 0x7ffabc038c90 secure :-1 s=READY pgs=8 cs=0 l=1 rev1=1 crypto rx=0x7ffac0009990 tx=0x7ffac0006e40 comp rx=0 tx=0).stop
2024-04-03T08:29:20.293 INFO:teuthology.orchestra.run.smithi157.stdout:/usr/bin/ceph: stderr
2024-04-03T08:29:19.408+0000 7ffadc000700 1 -- 172.21.15.157:0/2281352184 >> [v2:172.21.15.157:3300/0,v1:172.21.15.157:6789/0] conn(0x7ffad4077ad0 msgr2=0x7ffad4113970 secure :-1 s=STATE_CONNECTION_ESTABLISHED l=1).mark_down
2024-04-03T08:29:20.293 INFO:teuthology.orchestra.run.smithi157.stdout:/usr/bin/ceph: stderr
2024-04-03T08:29:19.408+0000 7ffadc000700 1 --2- 172.21.15.157:0/2281352184 >> [v2:172.21.15.157:3300/0,v1:172.21.15.157:6789/0] conn(0x7ffad4077ad0 0x7ffad4113970 secure :-1 s=READY pgs=81 cs=0 l=1 rev1=1 crypto rx=0x7ffac80105b0 tx=0x7ffac8009250 comp rx=0 tx=0).stop
2024-04-03T08:29:20.293 INFO:teuthology.orchestra.run.smithi157.stdout:/usr/bin/ceph: stderr
2024-04-03T08:29:19.408+0000 7ffadc000700 1 -- 172.21.15.157:0/2281352184 shutdown_connections
2024-04-03T08:29:20.293 INFO:teuthology.orchestra.run.smithi157.stdout:/usr/bin/ceph: stderr
2024-04-03T08:29:19.408+0000 7ffadc000700 1 --2- 172.21.15.157:0/2281352184 >> [v2:172.21.15.157:6800/494465315,v1:172.21.15.157:6801/494465315] conn(0x7ffabc0367e0 0x7ffabc038c90 unknown :-1 s=CLOSED pgs=8 cs=0 l=1 rev1=1 crypto rx=0 tx=0 comp rx=0 tx=0).stop
2024-04-03T08:29:20.293 INFO:teuthology.orchestra.run.smithi157.stdout:/usr/bin/ceph: stderr
2024-04-03T08:29:19.408+0000 7ffadc000700 1 --2- 172.21.15.157:0/2281352184 >> [v2:172.21.15.157:3300/0,v1:172.21.15.157:6789/0] conn(0x7ffad4077ad0 0x7ffad4113970 unknown :-1 s=CLOSED pgs=81 cs=0 l=1 rev1=1 crypto rx=0 tx=0 comp rx=0 tx=0).stop
2024-04-03T08:29:20.293 INFO:teuthology.orchestra.run.smithi157.stdout:/usr/bin/ceph: stderr
2024-04-03T08:29:19.408+0000 7ffadc000700 1 -- 172.21.15.157:0/2281352184 >> 172.21.15.157:0/2281352184 conn(0x7ffad40fe090 msgr2=0x7ffad40fecb0 unknown :-1 s=STATE_NONE l=0).mark_down
2024-04-03T08:29:20.293 INFO:teuthology.orchestra.run.smithi157.stdout:/usr/bin/ceph: stderr
2024-04-03T08:29:19.408+0000 7ffadc000700 1 -- 172.21.15.157:0/2281352184 shutdown_connections
2024-04-03T08:29:20.293 INFO:teuthology.orchestra.run.smithi157.stdout:/usr/bin/ceph: stderr
2024-04-03T08:29:19.408+0000 7ffadc000700 1 -- 172.21.15.157:0/2281352184 wait complete.
2024-04-03T08:29:20.293 INFO:teuthology.orchestra.run.smithi157.stdout:Fetching dashboard port number...
2024-04-03T08:29:20.546 INFO:journalctl@ceph.mon.smithi157.smithi157.stdout:Apr 03 08:29:20 smithi157 ceph-mon[35083]: from='client.14174 -' entity='client.admin' cmd=[{"prefix": "dashboard ac-user-create", "username": "admin", "rolename": "administrator", "force_password": true, "pwd_update_required": true, "target": ["mon-mgr", ""]}]: dispatch
2024-04-03T08:29:20.547 INFO:journalctl@ceph.mon.smithi157.smithi157.stdout:Apr 03 08:29:20 smithi157 ceph-mon[35083]: from='mgr.14160 172.21.15.157:0/2619670015' entity='mgr.smithi157.qfvynr'
2024-04-03T08:29:21.403 INFO:journalctl@ceph.mon.smithi157.smithi157.stdout:Apr 03 08:29:21 smithi157 ceph-mon[35083]: from='client.? 172.21.15.157:0/3036025230' entity='client.admin' cmd=[{"prefix": "config get", "who": "mgr", "key": "mgr/dashboard/ssl_server_port"}]: dispatch
2024-04-03T08:29:21.708 INFO:teuthology.orchestra.run.smithi157.stdout:/usr/bin/ceph: stdout 8443
2024-04-03T08:29:21.713 INFO:teuthology.orchestra.run.smithi157.stdout:/usr/bin/ceph: stderr
2024-04-03T08:29:20.875+0000 7fe8df600700 1 Processor -- start
2024-04-03T08:29:21.713 INFO:teuthology.orchestra.run.smithi157.stdout:/usr/bin/ceph: stderr
2024-04-03T08:29:20.875+0000 7fe8df600700 1 -- start start
2024-04-03T08:29:21.714 INFO:teuthology.orchestra.run.smithi157.stdout:/usr/bin/ceph: stderr
2024-04-03T08:29:20.875+0000 7fe8df600700 1 --2- >> [v2:172.21.15.157:3300/0,v1:172.21.15.157:6789/0] conn(0x7fe8d8077b80 0x7fe8d8076180 unknown :-1 s=NONE pgs=0 cs=0 l=0 rev1=0 crypto rx=0 tx=0 comp rx=0 tx=0).connect
2024-04-03T08:29:21.714 INFO:teuthology.orchestra.run.smithi157.stdout:/usr/bin/ceph: stderr
2024-04-03T08:29:20.875+0000 7fe8df600700 1 -- --> [v2:172.21.15.157:3300/0,v1:172.21.15.157:6789/0] -- mon_getmap magic: 0 v1 -- 0x7fe8d8077f90 con 0x7fe8d8077b80
2024-04-03T08:29:21.714 INFO:teuthology.orchestra.run.smithi157.stdout:/usr/bin/ceph: stderr
2024-04-03T08:29:20.875+0000 7fe8dcc00700 1 --2- >> [v2:172.21.15.157:3300/0,v1:172.21.15.157:6789/0] conn(0x7fe8d8077b80 0x7fe8d8076180 unknown :-1 s=BANNER_CONNECTING pgs=0 cs=0 l=0 rev1=0 crypto rx=0 tx=0 comp rx=0 tx=0)._handle_peer_banner_payload supported=3 required=0
2024-04-03T08:29:21.714 INFO:teuthology.orchestra.run.smithi157.stdout:/usr/bin/ceph: stderr
2024-04-03T08:29:20.875+0000 7fe8dcc00700 1 --2- >> [v2:172.21.15.157:3300/0,v1:172.21.15.157:6789/0] conn(0x7fe8d8077b80 0x7fe8d8076180 unknown :-1 s=HELLO_CONNECTING pgs=0 cs=0 l=0 rev1=1 crypto rx=0 tx=0 comp rx=0 tx=0).handle_hello peer v2:172.21.15.157:3300/0 says I am v2:172.21.15.157:50504/0 (socket says 172.21.15.157:50504)
2024-04-03T08:29:21.714 INFO:teuthology.orchestra.run.smithi157.stdout:/usr/bin/ceph: stderr
2024-04-03T08:29:20.875+0000 7fe8dcc00700 1 -- 172.21.15.157:0/1271375396 learned_addr learned my addr 172.21.15.157:0/1271375396 (peer_addr_for_me v2:172.21.15.157:0/0)
2024-04-03T08:29:21.714 INFO:teuthology.orchestra.run.smithi157.stdout:/usr/bin/ceph: stderr
2024-04-03T08:29:20.876+0000 7fe8dcc00700 1 -- 172.21.15.157:0/1271375396 --> [v2:172.21.15.157:3300/0,v1:172.21.15.157:6789/0] -- mon_subscribe({config=0+,monmap=0+}) v3 -- 0x7fe8d80766c0 con 0x7fe8d8077b80
2024-04-03T08:29:21.714 INFO:teuthology.orchestra.run.smithi157.stdout:/usr/bin/ceph: stderr
2024-04-03T08:29:20.876+0000 7fe8dcc00700 1 --2- 172.21.15.157:0/1271375396 >> [v2:172.21.15.157:3300/0,v1:172.21.15.157:6789/0] conn(0x7fe8d8077b80 0x7fe8d8076180 secure :-1 s=READY pgs=82 cs=0 l=1 rev1=1 crypto rx=0x7fe8cc0098e0 tx=0x7fe8cc009250 comp rx=0 tx=0).ready entity=mon.0 client_cookie=4c1117c5bc1c4436 server_cookie=0 in_seq=0 out_seq=0
2024-04-03T08:29:21.714 INFO:teuthology.orchestra.run.smithi157.stdout:/usr/bin/ceph: stderr
2024-04-03T08:29:20.876+0000 7fe8d7400700 1 -- 172.21.15.157:0/1271375396 <== mon.0 v2:172.21.15.157:3300/0 1 ==== mon_map magic: 0 v1 ==== 229+0+0 (secure 0 0 0) 0x7fe8cc00b860 con 0x7fe8d8077b80
2024-04-03T08:29:21.714 INFO:teuthology.orchestra.run.smithi157.stdout:/usr/bin/ceph: stderr
2024-04-03T08:29:20.876+0000 7fe8d7400700 1 -- 172.21.15.157:0/1271375396 <== mon.0 v2:172.21.15.157:3300/0 2 ==== config(27 keys) v1 ==== 1109+0+0 (secure 0 0 0) 0x7fe8cc00be90 con 0x7fe8d8077b80
2024-04-03T08:29:21.714 INFO:teuthology.orchestra.run.smithi157.stdout:/usr/bin/ceph: stderr
2024-04-03T08:29:20.876+0000 7fe8d7400700 1 -- 172.21.15.157:0/1271375396 <== mon.0 v2:172.21.15.157:3300/0 3 ==== mon_map magic: 0 v1 ==== 229+0+0 (secure 0 0 0) 0x7fe8cc0103c0 con 0x7fe8d8077b80
2024-04-03T08:29:21.715 INFO:teuthology.orchestra.run.smithi157.stdout:/usr/bin/ceph: stderr
2024-04-03T08:29:20.877+0000 7fe8df600700 1 -- 172.21.15.157:0/1271375396 >> [v2:172.21.15.157:3300/0,v1:172.21.15.157:6789/0] conn(0x7fe8d8077b80 msgr2=0x7fe8d8076180 secure :-1 s=STATE_CONNECTION_ESTABLISHED l=1).mark_down
2024-04-03T08:29:21.715 INFO:teuthology.orchestra.run.smithi157.stdout:/usr/bin/ceph: stderr
2024-04-03T08:29:20.877+0000 7fe8df600700 1 --2- 172.21.15.157:0/1271375396 >> [v2:172.21.15.157:3300/0,v1:172.21.15.157:6789/0] conn(0x7fe8d8077b80 0x7fe8d8076180 secure :-1 s=READY pgs=82 cs=0 l=1 rev1=1 crypto rx=0x7fe8cc0098e0 tx=0x7fe8cc009250 comp rx=0 tx=0).stop
2024-04-03T08:29:21.715 INFO:teuthology.orchestra.run.smithi157.stdout:/usr/bin/ceph: stderr
2024-04-03T08:29:20.877+0000 7fe8df600700 1 -- 172.21.15.157:0/1271375396 shutdown_connections
2024-04-03T08:29:21.715 INFO:teuthology.orchestra.run.smithi157.stdout:/usr/bin/ceph: stderr
2024-04-03T08:29:20.877+0000 7fe8df600700 1 --2- 172.21.15.157:0/1271375396 >> [v2:172.21.15.157:3300/0,v1:172.21.15.157:6789/0] conn(0x7fe8d8077b80 0x7fe8d8076180 unknown :-1 s=CLOSED pgs=82 cs=0 l=1 rev1=1 crypto rx=0 tx=0 comp rx=0 tx=0).stop
2024-04-03T08:29:21.715 INFO:teuthology.orchestra.run.smithi157.stdout:/usr/bin/ceph: stderr
2024-04-03T08:29:20.877+0000 7fe8df600700 1 -- 172.21.15.157:0/1271375396 >> 172.21.15.157:0/1271375396 conn(0x7fe8d80fe090 msgr2=0x7fe8d81004c0 unknown :-1 s=STATE_NONE l=0).mark_down
2024-04-03T08:29:21.715 INFO:teuthology.orchestra.run.smithi157.stdout:/usr/bin/ceph: stderr
2024-04-03T08:29:20.877+0000 7fe8df600700 1 -- 172.21.15.157:0/1271375396 shutdown_connections
2024-04-03T08:29:21.715 INFO:teuthology.orchestra.run.smithi157.stdout:/usr/bin/ceph: stderr
2024-04-03T08:29:20.877+0000 7fe8df600700 1 -- 172.21.15.157:0/1271375396 wait complete.
2024-04-03T08:29:21.715 INFO:teuthology.orchestra.run.smithi157.stdout:/usr/bin/ceph: stderr
2024-04-03T08:29:20.878+0000 7fe8df600700 1 Processor -- start
2024-04-03T08:29:21.715 INFO:teuthology.orchestra.run.smithi157.stdout:/usr/bin/ceph: stderr
2024-04-03T08:29:20.878+0000 7fe8df600700 1 -- start start
2024-04-03T08:29:21.715 INFO:teuthology.orchestra.run.smithi157.stdout:/usr/bin/ceph: stderr
2024-04-03T08:29:20.878+0000 7fe8df600700 1 --2- >> [v2:172.21.15.157:3300/0,v1:172.21.15.157:6789/0] conn(0x7fe8d8077b80 0x7fe8d81139e0 unknown :-1 s=NONE pgs=0 cs=0 l=1 rev1=0 crypto rx=0 tx=0 comp rx=0 tx=0).connect
2024-04-03T08:29:21.715 INFO:teuthology.orchestra.run.smithi157.stdout:/usr/bin/ceph: stderr
2024-04-03T08:29:20.878+0000 7fe8df600700 1 -- --> [v2:172.21.15.157:3300/0,v1:172.21.15.157:6789/0] -- mon_getmap magic: 0 v1 -- 0x7fe8d8113f20 con 0x7fe8d8077b80
2024-04-03T08:29:21.715 INFO:teuthology.orchestra.run.smithi157.stdout:/usr/bin/ceph: stderr
2024-04-03T08:29:20.878+0000 7fe8dcc00700 1 --2- >> [v2:172.21.15.157:3300/0,v1:172.21.15.157:6789/0] conn(0x7fe8d8077b80 0x7fe8d81139e0 unknown :-1 s=BANNER_CONNECTING pgs=0 cs=0 l=1 rev1=0 crypto rx=0 tx=0 comp rx=0 tx=0)._handle_peer_banner_payload supported=3 required=0
2024-04-03T08:29:21.715 INFO:teuthology.orchestra.run.smithi157.stdout:/usr/bin/ceph: stderr
2024-04-03T08:29:20.879+0000 7fe8dcc00700 1 --2- >> [v2:172.21.15.157:3300/0,v1:172.21.15.157:6789/0] conn(0x7fe8d8077b80 0x7fe8d81139e0 unknown :-1 s=HELLO_CONNECTING pgs=0 cs=0 l=1 rev1=1 crypto rx=0 tx=0 comp rx=0 tx=0).handle_hello peer v2:172.21.15.157:3300/0 says I am v2:172.21.15.157:50506/0 (socket says 172.21.15.157:50506)
2024-04-03T08:29:21.716 INFO:teuthology.orchestra.run.smithi157.stdout:/usr/bin/ceph: stderr
2024-04-03T08:29:20.879+0000 7fe8dcc00700 1 -- 172.21.15.157:0/3036025230 learned_addr learned my addr 172.21.15.157:0/3036025230 (peer_addr_for_me v2:172.21.15.157:0/0)
2024-04-03T08:29:21.716 INFO:teuthology.orchestra.run.smithi157.stdout:/usr/bin/ceph: stderr
2024-04-03T08:29:20.879+0000 7fe8dcc00700 1 -- 172.21.15.157:0/3036025230 --> [v2:172.21.15.157:3300/0,v1:172.21.15.157:6789/0] -- mon_subscribe({config=0+,monmap=0+}) v3 -- 0x7fe8cc0094f0 con 0x7fe8d8077b80
2024-04-03T08:29:21.716 INFO:teuthology.orchestra.run.smithi157.stdout:/usr/bin/ceph: stderr
2024-04-03T08:29:20.879+0000 7fe8dcc00700 1 --2- 172.21.15.157:0/3036025230 >> [v2:172.21.15.157:3300/0,v1:172.21.15.157:6789/0] conn(0x7fe8d8077b80 0x7fe8d81139e0 secure :-1 s=READY pgs=83 cs=0 l=1 rev1=1 crypto rx=0x7fe8cc011c10 tx=0x7fe8cc009250 comp rx=0 tx=0).ready entity=mon.0 client_cookie=0 server_cookie=0 in_seq=0 out_seq=0
2024-04-03T08:29:21.716 INFO:teuthology.orchestra.run.smithi157.stdout:/usr/bin/ceph: stderr
2024-04-03T08:29:20.879+0000 7fe8d4c00700 1 -- 172.21.15.157:0/3036025230 <== mon.0 v2:172.21.15.157:3300/0 1 ==== mon_map magic: 0 v1 ==== 229+0+0 (secure 0 0 0) 0x7fe8cc010630 con 0x7fe8d8077b80
2024-04-03T08:29:21.716 INFO:teuthology.orchestra.run.smithi157.stdout:/usr/bin/ceph: stderr
2024-04-03T08:29:20.879+0000 7fe8d4c00700 1 -- 172.21.15.157:0/3036025230 <== mon.0 v2:172.21.15.157:3300/0 2 ==== config(27 keys) v1 ==== 1109+0+0 (secure 0 0 0) 0x7fe8cc010c60 con 0x7fe8d8077b80
2024-04-03T08:29:21.716 INFO:teuthology.orchestra.run.smithi157.stdout:/usr/bin/ceph: stderr
2024-04-03T08:29:20.879+0000 7fe8df600700 1 -- 172.21.15.157:0/3036025230 --> [v2:172.21.15.157:3300/0,v1:172.21.15.157:6789/0] -- mon_subscribe({mgrmap=0+}) v3 -- 0x7fe8d8114120 con 0x7fe8d8077b80
2024-04-03T08:29:21.716 INFO:teuthology.orchestra.run.smithi157.stdout:/usr/bin/ceph: stderr
2024-04-03T08:29:20.879+0000 7fe8d4c00700 1 -- 172.21.15.157:0/3036025230 <== mon.0 v2:172.21.15.157:3300/0 3 ==== mon_map magic: 0 v1 ==== 229+0+0 (secure 0 0 0) 0x7fe8cc01ad10 con 0x7fe8d8077b80
2024-04-03T08:29:21.716 INFO:teuthology.orchestra.run.smithi157.stdout:/usr/bin/ceph: stderr
2024-04-03T08:29:20.879+0000 7fe8df600700 1 -- 172.21.15.157:0/3036025230 --> [v2:172.21.15.157:3300/0,v1:172.21.15.157:6789/0] -- mon_subscribe({osdmap=0}) v3 -- 0x7fe8d8114c90 con 0x7fe8d8077b80
2024-04-03T08:29:21.716 INFO:teuthology.orchestra.run.smithi157.stdout:/usr/bin/ceph: stderr
2024-04-03T08:29:20.880+0000 7fe8d4c00700 1 -- 172.21.15.157:0/3036025230 <== mon.0 v2:172.21.15.157:3300/0 4 ==== mgrmap(e 12) v1 ==== 43381+0+0 (secure 0 0 0) 0x7fe8cc01a5f0 con 0x7fe8d8077b80
2024-04-03T08:29:21.716 INFO:teuthology.orchestra.run.smithi157.stdout:/usr/bin/ceph: stderr
2024-04-03T08:29:20.880+0000 7fe8ca000700 1 -- 172.21.15.157:0/3036025230 --> [v2:172.21.15.157:3300/0,v1:172.21.15.157:6789/0] -- mon_command({"prefix": "get_command_descriptions"} v 0) v1 -- 0x7fe8b40052b0 con 0x7fe8d8077b80
2024-04-03T08:29:21.716 INFO:teuthology.orchestra.run.smithi157.stdout:/usr/bin/ceph: stderr
2024-04-03T08:29:20.881+0000 7fe8d4c00700 1 --2- 172.21.15.157:0/3036025230 >> [v2:172.21.15.157:6800/494465315,v1:172.21.15.157:6801/494465315] conn(0x7fe8c0036830 0x7fe8c0038ce0 unknown :-1 s=NONE pgs=0 cs=0 l=1 rev1=0 crypto rx=0 tx=0 comp rx=0 tx=0).connect
2024-04-03T08:29:21.716 INFO:teuthology.orchestra.run.smithi157.stdout:/usr/bin/ceph: stderr
2024-04-03T08:29:20.881+0000 7fe8d4c00700 1 -- 172.21.15.157:0/3036025230 <== mon.0 v2:172.21.15.157:3300/0 5 ==== osd_map(3..3 src has 1..3) v4 ==== 1151+0+0 (secure 0 0 0) 0x7fe8cc04a000 con 0x7fe8d8077b80
2024-04-03T08:29:21.716 INFO:teuthology.orchestra.run.smithi157.stdout:/usr/bin/ceph: stderr
2024-04-03T08:29:20.881+0000 7fe8d7e00700 1 --2- 172.21.15.157:0/3036025230 >> [v2:172.21.15.157:6800/494465315,v1:172.21.15.157:6801/494465315] conn(0x7fe8c0036830 0x7fe8c0038ce0 unknown :-1 s=BANNER_CONNECTING pgs=0 cs=0 l=1 rev1=0 crypto rx=0 tx=0 comp rx=0 tx=0)._handle_peer_banner_payload supported=3 required=0
2024-04-03T08:29:21.717 INFO:teuthology.orchestra.run.smithi157.stdout:/usr/bin/ceph: stderr
2024-04-03T08:29:20.882+0000 7fe8d7e00700 1 --2- 172.21.15.157:0/3036025230 >> [v2:172.21.15.157:6800/494465315,v1:172.21.15.157:6801/494465315] conn(0x7fe8c0036830 0x7fe8c0038ce0 secure :-1 s=READY pgs=9 cs=0 l=1 rev1=1 crypto rx=0x7fe8c4009990 tx=0x7fe8c4006e40 comp rx=0 tx=0).ready entity=mgr.14160 client_cookie=0 server_cookie=0 in_seq=0 out_seq=0
2024-04-03T08:29:21.717 INFO:teuthology.orchestra.run.smithi157.stdout:/usr/bin/ceph: stderr
2024-04-03T08:29:20.886+0000 7fe8d4c00700 1 -- 172.21.15.157:0/3036025230 <== mon.0 v2:172.21.15.157:3300/0 6 ==== mon_command_ack([{"prefix": "get_command_descriptions"}]=0 v0) v1 ==== 72+0+176504 (secure 0 0 0) 0x7fe8cc07c190 con 0x7fe8d8077b80
2024-04-03T08:29:21.717 INFO:teuthology.orchestra.run.smithi157.stdout:/usr/bin/ceph: stderr
2024-04-03T08:29:21.078+0000 7fe8ca000700 1 -- 172.21.15.157:0/3036025230 --> [v2:172.21.15.157:3300/0,v1:172.21.15.157:6789/0] -- mon_command({"prefix": "config get", "who": "mgr", "key": "mgr/dashboard/ssl_server_port"} v 0) v1 -- 0x7fe8b4005ae0 con 0x7fe8d8077b80
2024-04-03T08:29:21.717 INFO:teuthology.orchestra.run.smithi157.stdout:/usr/bin/ceph: stderr
2024-04-03T08:29:21.079+0000 7fe8d4c00700 1 -- 172.21.15.157:0/3036025230 <== mon.0 v2:172.21.15.157:3300/0 7 ==== mon_command_ack([{"prefix": "config get", "who": "mgr", "key": "mgr/dashboard/ssl_server_port"}]=0 v8) v1 ==== 112+0+5 (secure 0 0 0) 0x7fe8cc020020 con 0x7fe8d8077b80
2024-04-03T08:29:21.717 INFO:teuthology.orchestra.run.smithi157.stdout:/usr/bin/ceph: stderr
2024-04-03T08:29:21.081+0000 7fe8ca000700 1 -- 172.21.15.157:0/3036025230 >> [v2:172.21.15.157:6800/494465315,v1:172.21.15.157:6801/494465315] conn(0x7fe8c0036830 msgr2=0x7fe8c0038ce0 secure :-1 s=STATE_CONNECTION_ESTABLISHED l=1).mark_down
2024-04-03T08:29:21.717 INFO:teuthology.orchestra.run.smithi157.stdout:/usr/bin/ceph: stderr
2024-04-03T08:29:21.081+0000 7fe8ca000700 1 --2- 172.21.15.157:0/3036025230 >> [v2:172.21.15.157:6800/494465315,v1:172.21.15.157:6801/494465315] conn(0x7fe8c0036830 0x7fe8c0038ce0 secure :-1 s=READY pgs=9 cs=0 l=1 rev1=1 crypto rx=0x7fe8c4009990 tx=0x7fe8c4006e40 comp rx=0 tx=0).stop
2024-04-03T08:29:21.717 INFO:teuthology.orchestra.run.smithi157.stdout:/usr/bin/ceph: stderr
2024-04-03T08:29:21.081+0000 7fe8ca000700 1 -- 172.21.15.157:0/3036025230 >> [v2:172.21.15.157:3300/0,v1:172.21.15.157:6789/0] conn(0x7fe8d8077b80 msgr2=0x7fe8d81139e0 secure :-1 s=STATE_CONNECTION_ESTABLISHED l=1).mark_down
2024-04-03T08:29:21.717 INFO:teuthology.orchestra.run.smithi157.stdout:/usr/bin/ceph: stderr
2024-04-03T08:29:21.081+0000 7fe8ca000700 1 --2- 172.21.15.157:0/3036025230 >> [v2:172.21.15.157:3300/0,v1:172.21.15.157:6789/0] conn(0x7fe8d8077b80 0x7fe8d81139e0 secure :-1 s=READY pgs=83 cs=0 l=1 rev1=1 crypto rx=0x7fe8cc011c10 tx=0x7fe8cc009250 comp rx=0 tx=0).stop
2024-04-03T08:29:21.717 INFO:teuthology.orchestra.run.smithi157.stdout:/usr/bin/ceph: stderr
2024-04-03T08:29:21.081+0000 7fe8ca000700 1 -- 172.21.15.157:0/3036025230 shutdown_connections
2024-04-03T08:29:21.717 INFO:teuthology.orchestra.run.smithi157.stdout:/usr/bin/ceph: stderr
2024-04-03T08:29:21.081+0000 7fe8ca000700 1 --2- 172.21.15.157:0/3036025230 >> [v2:172.21.15.157:6800/494465315,v1:172.21.15.157:6801/494465315] conn(0x7fe8c0036830 0x7fe8c0038ce0 unknown :-1 s=CLOSED pgs=9 cs=0 l=1 rev1=1 crypto rx=0 tx=0 comp rx=0 tx=0).stop
2024-04-03T08:29:21.717 INFO:teuthology.orchestra.run.smithi157.stdout:/usr/bin/ceph: stderr
2024-04-03T08:29:21.081+0000 7fe8ca000700 1 --2- 172.21.15.157:0/3036025230 >> [v2:172.21.15.157:3300/0,v1:172.21.15.157:6789/0] conn(0x7fe8d8077b80 0x7fe8d81139e0 unknown :-1 s=CLOSED pgs=83 cs=0 l=1 rev1=1 crypto rx=0 tx=0 comp rx=0 tx=0).stop
2024-04-03T08:29:21.717 INFO:teuthology.orchestra.run.smithi157.stdout:/usr/bin/ceph: stderr
2024-04-03T08:29:21.081+0000 7fe8ca000700 1 -- 172.21.15.157:0/3036025230 >> 172.21.15.157:0/3036025230 conn(0x7fe8d80fe090 msgr2=0x7fe8d80fed20 unknown :-1 s=STATE_NONE l=0).mark_down
2024-04-03T08:29:21.717 INFO:teuthology.orchestra.run.smithi157.stdout:/usr/bin/ceph: stderr
2024-04-03T08:29:21.081+0000 7fe8ca000700 1 -- 172.21.15.157:0/3036025230 shutdown_connections
2024-04-03T08:29:21.718 INFO:teuthology.orchestra.run.smithi157.stdout:/usr/bin/ceph: stderr
2024-04-03T08:29:21.081+0000 7fe8ca000700 1 -- 172.21.15.157:0/3036025230 wait complete.
2024-04-03T08:29:21.730 INFO:teuthology.orchestra.run.smithi157.stdout:Non-zero exit code 1 from systemctl is-enabled firewalld.service
2024-04-03T08:29:21.730 INFO:teuthology.orchestra.run.smithi157.stdout:systemctl: stdout disabled
2024-04-03T08:29:21.746 INFO:teuthology.orchestra.run.smithi157.stdout:Non-zero exit code 3 from systemctl is-active firewalld.service
2024-04-03T08:29:21.746 INFO:teuthology.orchestra.run.smithi157.stdout:systemctl: stdout inactive
2024-04-03T08:29:21.746 INFO:teuthology.orchestra.run.smithi157.stdout:firewalld.service is not enabled
2024-04-03T08:29:21.747 INFO:teuthology.orchestra.run.smithi157.stdout:Not possible to open ports <[8443]>. firewalld.service is not available
2024-04-03T08:29:21.749 INFO:teuthology.orchestra.run.smithi157.stdout:Ceph Dashboard is now available at:
2024-04-03T08:29:21.750 INFO:teuthology.orchestra.run.smithi157.stdout:
2024-04-03T08:29:21.750 INFO:teuthology.orchestra.run.smithi157.stdout: URL: https://smithi157.front.sepia.ceph.com:8443/
2024-04-03T08:29:21.750 INFO:teuthology.orchestra.run.smithi157.stdout: User: admin
2024-04-03T08:29:21.750 INFO:teuthology.orchestra.run.smithi157.stdout: Password: amjgbnp00y
2024-04-03T08:29:21.750 INFO:teuthology.orchestra.run.smithi157.stdout:
2024-04-03T08:29:21.750 INFO:teuthology.orchestra.run.smithi157.stdout:Saving cluster configuration to /var/lib/ceph/af80a140-f193-11ee-b648-cb9ed24678a4/config directory
2024-04-03T08:29:21.751 INFO:teuthology.orchestra.run.smithi157.stdout:Enabling autotune for osd_memory_target
2024-04-03T08:29:22.814 INFO:journalctl@ceph.mon.smithi157.smithi157.stdout:Apr 03 08:29:22 smithi157 ceph-mon[35083]: mgrmap e13: smithi157.qfvynr(active, since 6s)
2024-04-03T08:29:23.185 INFO:teuthology.orchestra.run.smithi157.stdout:/usr/bin/ceph: stderr
2024-04-03T08:29:22.318+0000 7f3c26200700 1 Processor -- start
2024-04-03T08:29:23.185 INFO:teuthology.orchestra.run.smithi157.stdout:/usr/bin/ceph: stderr
2024-04-03T08:29:22.319+0000 7f3c26200700 1 -- start start
2024-04-03T08:29:23.186 INFO:teuthology.orchestra.run.smithi157.stdout:/usr/bin/ceph: stderr
2024-04-03T08:29:22.319+0000 7f3c26200700 1 --2- >> [v2:172.21.15.157:3300/0,v1:172.21.15.157:6789/0] conn(0x7f3c20102930 0x7f3c20102d40 unknown :-1 s=NONE pgs=0 cs=0 l=0 rev1=0 crypto rx=0 tx=0 comp rx=0 tx=0).connect
2024-04-03T08:29:23.186 INFO:teuthology.orchestra.run.smithi157.stdout:/usr/bin/ceph: stderr
2024-04-03T08:29:22.319+0000 7f3c26200700 1 -- --> [v2:172.21.15.157:3300/0,v1:172.21.15.157:6789/0] -- mon_getmap magic: 0 v1 -- 0x7f3c20103280 con 0x7f3c20102930
2024-04-03T08:29:23.186 INFO:teuthology.orchestra.run.smithi157.stdout:/usr/bin/ceph: stderr
2024-04-03T08:29:22.319+0000 7f3c1f400700 1 --2- >> [v2:172.21.15.157:3300/0,v1:172.21.15.157:6789/0] conn(0x7f3c20102930 0x7f3c20102d40 unknown :-1 s=BANNER_CONNECTING pgs=0 cs=0 l=0 rev1=0 crypto rx=0 tx=0 comp rx=0 tx=0)._handle_peer_banner_payload supported=3 required=0
2024-04-03T08:29:23.186 INFO:teuthology.orchestra.run.smithi157.stdout:/usr/bin/ceph: stderr
2024-04-03T08:29:22.319+0000 7f3c1f400700 1 --2- >> [v2:172.21.15.157:3300/0,v1:172.21.15.157:6789/0] conn(0x7f3c20102930 0x7f3c20102d40 unknown :-1 s=HELLO_CONNECTING pgs=0 cs=0 l=0 rev1=1 crypto rx=0 tx=0 comp rx=0 tx=0).handle_hello peer v2:172.21.15.157:3300/0 says I am v2:172.21.15.157:53172/0 (socket says 172.21.15.157:53172)
2024-04-03T08:29:23.186 INFO:teuthology.orchestra.run.smithi157.stdout:/usr/bin/ceph: stderr
2024-04-03T08:29:22.319+0000 7f3c1f400700 1 -- 172.21.15.157:0/2540146556 learned_addr learned my addr 172.21.15.157:0/2540146556 (peer_addr_for_me v2:172.21.15.157:0/0)
2024-04-03T08:29:23.186 INFO:teuthology.orchestra.run.smithi157.stdout:/usr/bin/ceph: stderr
2024-04-03T08:29:22.320+0000 7f3c1f400700 1 -- 172.21.15.157:0/2540146556 --> [v2:172.21.15.157:3300/0,v1:172.21.15.157:6789/0] -- mon_subscribe({config=0+,monmap=0+}) v3 -- 0x7f3c201033c0 con 0x7f3c20102930
2024-04-03T08:29:23.186 INFO:teuthology.orchestra.run.smithi157.stdout:/usr/bin/ceph: stderr
2024-04-03T08:29:22.320+0000 7f3c1f400700 1 --2- 172.21.15.157:0/2540146556 >> [v2:172.21.15.157:3300/0,v1:172.21.15.157:6789/0] conn(0x7f3c20102930 0x7f3c20102d40 secure :-1 s=READY pgs=84 cs=0 l=1 rev1=1 crypto rx=0x7f3c100098e0 tx=0x7f3c10009250 comp rx=0 tx=0).ready entity=mon.0 client_cookie=2d589dae744e91c1 server_cookie=0 in_seq=0 out_seq=0
2024-04-03T08:29:23.186 INFO:teuthology.orchestra.run.smithi157.stdout:/usr/bin/ceph: stderr
2024-04-03T08:29:22.320+0000 7f3c1e000700 1 -- 172.21.15.157:0/2540146556 <== mon.0 v2:172.21.15.157:3300/0 1 ==== mon_map magic: 0 v1 ==== 229+0+0 (secure 0 0 0) 0x7f3c1000b860 con 0x7f3c20102930
2024-04-03T08:29:23.186 INFO:teuthology.orchestra.run.smithi157.stdout:/usr/bin/ceph: stderr
2024-04-03T08:29:22.320+0000 7f3c1e000700 1 -- 172.21.15.157:0/2540146556 <== mon.0 v2:172.21.15.157:3300/0 2 ==== config(27 keys) v1 ==== 1109+0+0 (secure 0 0 0) 0x7f3c1000be90 con 0x7f3c20102930
2024-04-03T08:29:23.186 INFO:teuthology.orchestra.run.smithi157.stdout:/usr/bin/ceph: stderr
2024-04-03T08:29:22.320+0000 7f3c1e000700 1 -- 172.21.15.157:0/2540146556 <== mon.0 v2:172.21.15.157:3300/0 3 ==== mon_map magic: 0 v1 ==== 229+0+0 (secure 0 0 0) 0x7f3c100103c0 con 0x7f3c20102930
2024-04-03T08:29:23.186 INFO:teuthology.orchestra.run.smithi157.stdout:/usr/bin/ceph: stderr
2024-04-03T08:29:22.321+0000 7f3c26200700 1 -- 172.21.15.157:0/2540146556 >> [v2:172.21.15.157:3300/0,v1:172.21.15.157:6789/0] conn(0x7f3c20102930 msgr2=0x7f3c20102d40 secure :-1 s=STATE_CONNECTION_ESTABLISHED l=1).mark_down
2024-04-03T08:29:23.186 INFO:teuthology.orchestra.run.smithi157.stdout:/usr/bin/ceph: stderr
2024-04-03T08:29:22.321+0000 7f3c26200700 1 --2- 172.21.15.157:0/2540146556 >> [v2:172.21.15.157:3300/0,v1:172.21.15.157:6789/0] conn(0x7f3c20102930 0x7f3c20102d40 secure :-1 s=READY pgs=84 cs=0 l=1 rev1=1 crypto rx=0x7f3c100098e0 tx=0x7f3c10009250 comp rx=0 tx=0).stop
2024-04-03T08:29:23.187 INFO:teuthology.orchestra.run.smithi157.stdout:/usr/bin/ceph: stderr
2024-04-03T08:29:22.321+0000 7f3c26200700 1 -- 172.21.15.157:0/2540146556 shutdown_connections
2024-04-03T08:29:23.187 INFO:teuthology.orchestra.run.smithi157.stdout:/usr/bin/ceph: stderr
2024-04-03T08:29:22.321+0000 7f3c26200700 1 --2- 172.21.15.157:0/2540146556 >> [v2:172.21.15.157:3300/0,v1:172.21.15.157:6789/0] conn(0x7f3c20102930 0x7f3c20102d40 unknown :-1 s=CLOSED pgs=84 cs=0 l=1 rev1=1 crypto rx=0 tx=0 comp rx=0 tx=0).stop
2024-04-03T08:29:23.187 INFO:teuthology.orchestra.run.smithi157.stdout:/usr/bin/ceph: stderr
2024-04-03T08:29:22.321+0000 7f3c26200700 1 -- 172.21.15.157:0/2540146556 >> 172.21.15.157:0/2540146556 conn(0x7f3c200fe090 msgr2=0x7f3c201004c0 unknown :-1 s=STATE_NONE l=0).mark_down
2024-04-03T08:29:23.187 INFO:teuthology.orchestra.run.smithi157.stdout:/usr/bin/ceph: stderr
2024-04-03T08:29:22.321+0000 7f3c26200700 1 -- 172.21.15.157:0/2540146556 shutdown_connections
2024-04-03T08:29:23.187 INFO:teuthology.orchestra.run.smithi157.stdout:/usr/bin/ceph: stderr
2024-04-03T08:29:22.321+0000 7f3c26200700 1 -- 172.21.15.157:0/2540146556 wait complete.
2024-04-03T08:29:23.187 INFO:teuthology.orchestra.run.smithi157.stdout:/usr/bin/ceph: stderr
2024-04-03T08:29:22.322+0000 7f3c26200700 1 Processor -- start
2024-04-03T08:29:23.187 INFO:teuthology.orchestra.run.smithi157.stdout:/usr/bin/ceph: stderr
2024-04-03T08:29:22.322+0000 7f3c26200700 1 -- start start
2024-04-03T08:29:23.187 INFO:teuthology.orchestra.run.smithi157.stdout:/usr/bin/ceph: stderr
2024-04-03T08:29:22.322+0000 7f3c26200700 1 --2- >> [v2:172.21.15.157:3300/0,v1:172.21.15.157:6789/0] conn(0x7f3c20102930 0x7f3c20113980 unknown :-1 s=NONE pgs=0 cs=0 l=1 rev1=0 crypto rx=0 tx=0 comp rx=0 tx=0).connect
2024-04-03T08:29:23.187 INFO:teuthology.orchestra.run.smithi157.stdout:/usr/bin/ceph: stderr
2024-04-03T08:29:22.322+0000 7f3c26200700 1 -- --> [v2:172.21.15.157:3300/0,v1:172.21.15.157:6789/0] -- mon_getmap magic: 0 v1 -- 0x7f3c20113ec0 con 0x7f3c20102930
2024-04-03T08:29:23.187 INFO:teuthology.orchestra.run.smithi157.stdout:/usr/bin/ceph: stderr
2024-04-03T08:29:22.322+0000 7f3c1f400700 1 --2- >> [v2:172.21.15.157:3300/0,v1:172.21.15.157:6789/0] conn(0x7f3c20102930 0x7f3c20113980 unknown :-1 s=BANNER_CONNECTING pgs=0 cs=0 l=1 rev1=0 crypto rx=0 tx=0 comp rx=0 tx=0)._handle_peer_banner_payload supported=3 required=0
2024-04-03T08:29:23.187 INFO:teuthology.orchestra.run.smithi157.stdout:/usr/bin/ceph: stderr
2024-04-03T08:29:22.323+0000 7f3c1f400700 1 --2- >> [v2:172.21.15.157:3300/0,v1:172.21.15.157:6789/0] conn(0x7f3c20102930 0x7f3c20113980 unknown :-1 s=HELLO_CONNECTING pgs=0 cs=0 l=1 rev1=1 crypto rx=0 tx=0 comp rx=0 tx=0).handle_hello peer v2:172.21.15.157:3300/0 says I am v2:172.21.15.157:53188/0 (socket says 172.21.15.157:53188)
2024-04-03T08:29:23.187 INFO:teuthology.orchestra.run.smithi157.stdout:/usr/bin/ceph: stderr
2024-04-03T08:29:22.323+0000 7f3c1f400700 1 -- 172.21.15.157:0/672013764 learned_addr learned my addr 172.21.15.157:0/672013764 (peer_addr_for_me v2:172.21.15.157:0/0)
2024-04-03T08:29:23.187 INFO:teuthology.orchestra.run.smithi157.stdout:/usr/bin/ceph: stderr
2024-04-03T08:29:22.323+0000 7f3c1f400700 1 -- 172.21.15.157:0/672013764 --> [v2:172.21.15.157:3300/0,v1:172.21.15.157:6789/0] -- mon_subscribe({config=0+,monmap=0+}) v3 -- 0x7f3c100094f0 con 0x7f3c20102930
2024-04-03T08:29:23.187 INFO:teuthology.orchestra.run.smithi157.stdout:/usr/bin/ceph: stderr
2024-04-03T08:29:22.323+0000 7f3c1f400700 1 --2- 172.21.15.157:0/672013764 >> [v2:172.21.15.157:3300/0,v1:172.21.15.157:6789/0] conn(0x7f3c20102930 0x7f3c20113980 secure :-1 s=READY pgs=85 cs=0 l=1 rev1=1 crypto rx=0x7f3c10006b00 tx=0x7f3c10009250 comp rx=0 tx=0).ready entity=mon.0 client_cookie=0 server_cookie=0 in_seq=0 out_seq=0
2024-04-03T08:29:23.188 INFO:teuthology.orchestra.run.smithi157.stdout:/usr/bin/ceph: stderr
2024-04-03T08:29:22.323+0000 7f3c17400700 1 -- 172.21.15.157:0/672013764 <== mon.0 v2:172.21.15.157:3300/0 1 ==== mon_map magic: 0 v1 ==== 229+0+0 (secure 0 0 0) 0x7f3c10010840 con 0x7f3c20102930
2024-04-03T08:29:23.188 INFO:teuthology.orchestra.run.smithi157.stdout:/usr/bin/ceph: stderr
2024-04-03T08:29:22.323+0000 7f3c17400700 1 -- 172.21.15.157:0/672013764 <== mon.0 v2:172.21.15.157:3300/0 2 ==== config(27 keys) v1 ==== 1109+0+0 (secure 0 0 0) 0x7f3c10010e70 con 0x7f3c20102930
2024-04-03T08:29:23.188 INFO:teuthology.orchestra.run.smithi157.stdout:/usr/bin/ceph: stderr
2024-04-03T08:29:22.323+0000 7f3c17400700 1 -- 172.21.15.157:0/672013764 <== mon.0 v2:172.21.15.157:3300/0 3 ==== mon_map magic: 0 v1 ==== 229+0+0 (secure 0 0 0) 0x7f3c1001ae70 con 0x7f3c20102930
2024-04-03T08:29:23.188 INFO:teuthology.orchestra.run.smithi157.stdout:/usr/bin/ceph: stderr
2024-04-03T08:29:22.323+0000 7f3c26200700 1 -- 172.21.15.157:0/672013764 --> [v2:172.21.15.157:3300/0,v1:172.21.15.157:6789/0] -- mon_subscribe({mgrmap=0+}) v3 -- 0x7f3c201140c0 con 0x7f3c20102930
2024-04-03T08:29:23.188 INFO:teuthology.orchestra.run.smithi157.stdout:/usr/bin/ceph: stderr
2024-04-03T08:29:22.324+0000 7f3c26200700 1 -- 172.21.15.157:0/672013764 --> [v2:172.21.15.157:3300/0,v1:172.21.15.157:6789/0] -- mon_subscribe({osdmap=0}) v3 -- 0x7f3c20114c30 con 0x7f3c20102930
2024-04-03T08:29:23.188 INFO:teuthology.orchestra.run.smithi157.stdout:/usr/bin/ceph: stderr
2024-04-03T08:29:22.324+0000 7f3c17400700 1 -- 172.21.15.157:0/672013764 <== mon.0 v2:172.21.15.157:3300/0 4 ==== mgrmap(e 13) v1 ==== 43425+0+0 (secure 0 0 0) 0x7f3c1001a780 con 0x7f3c20102930
2024-04-03T08:29:23.188 INFO:teuthology.orchestra.run.smithi157.stdout:/usr/bin/ceph: stderr
2024-04-03T08:29:22.325+0000 7f3c26200700 1 -- 172.21.15.157:0/672013764 --> [v2:172.21.15.157:3300/0,v1:172.21.15.157:6789/0] -- mon_command({"prefix": "get_command_descriptions"} v 0) v1 -- 0x7f3c2005f5f0 con 0x7f3c20102930
2024-04-03T08:29:23.188 INFO:teuthology.orchestra.run.smithi157.stdout:/usr/bin/ceph: stderr
2024-04-03T08:29:22.325+0000 7f3c17400700 1 --2- 172.21.15.157:0/672013764 >> [v2:172.21.15.157:6800/494465315,v1:172.21.15.157:6801/494465315] conn(0x7f3c04036880 0x7f3c04038d30 unknown :-1 s=NONE pgs=0 cs=0 l=1 rev1=0 crypto rx=0 tx=0 comp rx=0 tx=0).connect
2024-04-03T08:29:23.188 INFO:teuthology.orchestra.run.smithi157.stdout:/usr/bin/ceph: stderr
2024-04-03T08:29:22.325+0000 7f3c17400700 1 -- 172.21.15.157:0/672013764 <== mon.0 v2:172.21.15.157:3300/0 5 ==== osd_map(3..3 src has 1..3) v4 ==== 1151+0+0 (secure 0 0 0) 0x7f3c1004ae30 con 0x7f3c20102930
2024-04-03T08:29:23.188 INFO:teuthology.orchestra.run.smithi157.stdout:/usr/bin/ceph: stderr
2024-04-03T08:29:22.325+0000 7f3c1ea00700 1 --2- 172.21.15.157:0/672013764 >> [v2:172.21.15.157:6800/494465315,v1:172.21.15.157:6801/494465315] conn(0x7f3c04036880 0x7f3c04038d30 unknown :-1 s=BANNER_CONNECTING pgs=0 cs=0 l=1 rev1=0 crypto rx=0 tx=0 comp rx=0 tx=0)._handle_peer_banner_payload supported=3 required=0
2024-04-03T08:29:23.188 INFO:teuthology.orchestra.run.smithi157.stdout:/usr/bin/ceph: stderr
2024-04-03T08:29:22.326+0000 7f3c1ea00700 1 --2- 172.21.15.157:0/672013764 >> [v2:172.21.15.157:6800/494465315,v1:172.21.15.157:6801/494465315] conn(0x7f3c04036880 0x7f3c04038d30 secure :-1 s=READY pgs=10 cs=0 l=1 rev1=1 crypto rx=0x7f3c0c009990 tx=0x7f3c0c006e40 comp rx=0 tx=0).ready entity=mgr.14160 client_cookie=0 server_cookie=0 in_seq=0 out_seq=0
2024-04-03T08:29:23.188 INFO:teuthology.orchestra.run.smithi157.stdout:/usr/bin/ceph: stderr
2024-04-03T08:29:22.330+0000 7f3c17400700 1 -- 172.21.15.157:0/672013764 <== mon.0 v2:172.21.15.157:3300/0 6 ==== mon_command_ack([{"prefix": "get_command_descriptions"}]=0 v0) v1 ==== 72+0+176504 (secure 0 0 0) 0x7f3c1001a430 con 0x7f3c20102930
2024-04-03T08:29:23.188 INFO:teuthology.orchestra.run.smithi157.stdout:/usr/bin/ceph: stderr
2024-04-03T08:29:22.520+0000 7f3c26200700 1 -- 172.21.15.157:0/672013764 --> [v2:172.21.15.157:3300/0,v1:172.21.15.157:6789/0] -- mon_command([{prefix=config set, name=osd_memory_target_autotune}] v 0) v1 -- 0x7f3c2004bed0 con 0x7f3c20102930
2024-04-03T08:29:23.188 INFO:teuthology.orchestra.run.smithi157.stdout:/usr/bin/ceph: stderr
2024-04-03T08:29:22.521+0000 7f3c17400700 1 -- 172.21.15.157:0/672013764 <== mon.0 v2:172.21.15.157:3300/0 7 ==== mon_command_ack([{prefix=config set, name=osd_memory_target_autotune}]=0 v8)=0 v8) v1 ==== 127+0+0 (secure 0 0 0) 0x7f3c1002cb80 con 0x7f3c20102930
2024-04-03T08:29:23.189 INFO:teuthology.orchestra.run.smithi157.stdout:/usr/bin/ceph: stderr
2024-04-03T08:29:22.523+0000 7f3c26200700 1 -- 172.21.15.157:0/672013764 >> [v2:172.21.15.157:6800/494465315,v1:172.21.15.157:6801/494465315] conn(0x7f3c04036880 msgr2=0x7f3c04038d30 secure :-1 s=STATE_CONNECTION_ESTABLISHED l=1).mark_down
2024-04-03T08:29:23.189 INFO:teuthology.orchestra.run.smithi157.stdout:/usr/bin/ceph: stderr
2024-04-03T08:29:22.523+0000 7f3c26200700 1 --2- 172.21.15.157:0/672013764 >> [v2:172.21.15.157:6800/494465315,v1:172.21.15.157:6801/494465315] conn(0x7f3c04036880 0x7f3c04038d30 secure :-1 s=READY pgs=10 cs=0 l=1 rev1=1 crypto rx=0x7f3c0c009990 tx=0x7f3c0c006e40 comp rx=0 tx=0).stop
2024-04-03T08:29:23.189 INFO:teuthology.orchestra.run.smithi157.stdout:/usr/bin/ceph: stderr
2024-04-03T08:29:22.523+0000 7f3c26200700 1 -- 172.21.15.157:0/672013764 >> [v2:172.21.15.157:3300/0,v1:172.21.15.157:6789/0] conn(0x7f3c20102930 msgr2=0x7f3c20113980 secure :-1 s=STATE_CONNECTION_ESTABLISHED l=1).mark_down
2024-04-03T08:29:23.189 INFO:teuthology.orchestra.run.smithi157.stdout:/usr/bin/ceph: stderr
2024-04-03T08:29:22.523+0000 7f3c26200700 1 --2- 172.21.15.157:0/672013764 >> [v2:172.21.15.157:3300/0,v1:172.21.15.157:6789/0] conn(0x7f3c20102930 0x7f3c20113980 secure :-1 s=READY pgs=85 cs=0 l=1 rev1=1 crypto rx=0x7f3c10006b00 tx=0x7f3c10009250 comp rx=0 tx=0).stop
2024-04-03T08:29:23.189 INFO:teuthology.orchestra.run.smithi157.stdout:/usr/bin/ceph: stderr
2024-04-03T08:29:22.524+0000 7f3c26200700 1 -- 172.21.15.157:0/672013764 shutdown_connections
2024-04-03T08:29:23.189 INFO:teuthology.orchestra.run.smithi157.stdout:/usr/bin/ceph: stderr
2024-04-03T08:29:22.524+0000 7f3c26200700 1 --2- 172.21.15.157:0/672013764 >> [v2:172.21.15.157:6800/494465315,v1:172.21.15.157:6801/494465315] conn(0x7f3c04036880 0x7f3c04038d30 unknown :-1 s=CLOSED pgs=10 cs=0 l=1 rev1=1 crypto rx=0 tx=0 comp rx=0 tx=0).stop
2024-04-03T08:29:23.189 INFO:teuthology.orchestra.run.smithi157.stdout:/usr/bin/ceph: stderr
2024-04-03T08:29:22.524+0000 7f3c26200700 1 --2- 172.21.15.157:0/672013764 >> [v2:172.21.15.157:3300/0,v1:172.21.15.157:6789/0] conn(0x7f3c20102930 0x7f3c20113980 unknown :-1 s=CLOSED pgs=85 cs=0 l=1 rev1=1 crypto rx=0 tx=0 comp rx=0 tx=0).stop
2024-04-03T08:29:23.189 INFO:teuthology.orchestra.run.smithi157.stdout:/usr/bin/ceph: stderr
2024-04-03T08:29:22.524+0000 7f3c26200700 1 -- 172.21.15.157:0/672013764 >> 172.21.15.157:0/672013764 conn(0x7f3c200fe090 msgr2=0x7f3c200fec30 unknown :-1 s=STATE_NONE l=0).mark_down
2024-04-03T08:29:23.189 INFO:teuthology.orchestra.run.smithi157.stdout:/usr/bin/ceph: stderr
2024-04-03T08:29:22.524+0000 7f3c26200700 1 -- 172.21.15.157:0/672013764 shutdown_connections
2024-04-03T08:29:23.189 INFO:teuthology.orchestra.run.smithi157.stdout:/usr/bin/ceph: stderr
2024-04-03T08:29:22.524+0000 7f3c26200700 1 -- 172.21.15.157:0/672013764 wait complete.
2024-04-03T08:29:24.577 INFO:teuthology.orchestra.run.smithi157.stdout:/usr/bin/ceph: stderr
2024-04-03T08:29:23.707+0000 7fb2bc400700 1 Processor -- start
2024-04-03T08:29:24.577 INFO:teuthology.orchestra.run.smithi157.stdout:/usr/bin/ceph: stderr
2024-04-03T08:29:23.708+0000 7fb2bc400700 1 -- start start
2024-04-03T08:29:24.577 INFO:teuthology.orchestra.run.smithi157.stdout:/usr/bin/ceph: stderr
2024-04-03T08:29:23.708+0000 7fb2bc400700 1 --2- >> [v2:172.21.15.157:3300/0,v1:172.21.15.157:6789/0] conn(0x7fb2b4077b20 0x7fb2b4076120 unknown :-1 s=NONE pgs=0 cs=0 l=0 rev1=0 crypto rx=0 tx=0 comp rx=0 tx=0).connect
2024-04-03T08:29:24.578 INFO:teuthology.orchestra.run.smithi157.stdout:/usr/bin/ceph: stderr
2024-04-03T08:29:23.708+0000 7fb2bc400700 1 -- --> [v2:172.21.15.157:3300/0,v1:172.21.15.157:6789/0] -- mon_getmap magic: 0 v1 -- 0x7fb2b4077f30 con 0x7fb2b4077b20
2024-04-03T08:29:24.578 INFO:teuthology.orchestra.run.smithi157.stdout:/usr/bin/ceph: stderr
2024-04-03T08:29:23.708+0000 7fb2b9a00700 1 --2- >> [v2:172.21.15.157:3300/0,v1:172.21.15.157:6789/0] conn(0x7fb2b4077b20 0x7fb2b4076120 unknown :-1 s=BANNER_CONNECTING pgs=0 cs=0 l=0 rev1=0 crypto rx=0 tx=0 comp rx=0 tx=0)._handle_peer_banner_payload supported=3 required=0
2024-04-03T08:29:24.578 INFO:teuthology.orchestra.run.smithi157.stdout:/usr/bin/ceph: stderr
2024-04-03T08:29:23.708+0000 7fb2b9a00700 1 --2- >> [v2:172.21.15.157:3300/0,v1:172.21.15.157:6789/0] conn(0x7fb2b4077b20 0x7fb2b4076120 unknown :-1 s=HELLO_CONNECTING pgs=0 cs=0 l=0 rev1=1 crypto rx=0 tx=0 comp rx=0 tx=0).handle_hello peer v2:172.21.15.157:3300/0 says I am v2:172.21.15.157:53202/0 (socket says 172.21.15.157:53202)
2024-04-03T08:29:24.578 INFO:teuthology.orchestra.run.smithi157.stdout:/usr/bin/ceph: stderr
2024-04-03T08:29:23.708+0000 7fb2b9a00700 1 -- 172.21.15.157:0/4186974868 learned_addr learned my addr 172.21.15.157:0/4186974868 (peer_addr_for_me v2:172.21.15.157:0/0)
2024-04-03T08:29:24.578 INFO:teuthology.orchestra.run.smithi157.stdout:/usr/bin/ceph: stderr
2024-04-03T08:29:23.709+0000 7fb2b9a00700 1 -- 172.21.15.157:0/4186974868 --> [v2:172.21.15.157:3300/0,v1:172.21.15.157:6789/0] -- mon_subscribe({config=0+,monmap=0+}) v3 -- 0x7fb2b4076660 con 0x7fb2b4077b20
2024-04-03T08:29:24.578 INFO:teuthology.orchestra.run.smithi157.stdout:/usr/bin/ceph: stderr
2024-04-03T08:29:23.709+0000 7fb2b9a00700 1 --2- 172.21.15.157:0/4186974868 >> [v2:172.21.15.157:3300/0,v1:172.21.15.157:6789/0] conn(0x7fb2b4077b20 0x7fb2b4076120 secure :-1 s=READY pgs=86 cs=0 l=1 rev1=1 crypto rx=0x7fb2a80098e0 tx=0x7fb2a8009250 comp rx=0 tx=0).ready entity=mon.0 client_cookie=d8eefbc37fed4005 server_cookie=0 in_seq=0 out_seq=0
2024-04-03T08:29:24.578 INFO:teuthology.orchestra.run.smithi157.stdout:/usr/bin/ceph: stderr
2024-04-03T08:29:23.709+0000 7fb2b3e00700 1 -- 172.21.15.157:0/4186974868 <== mon.0 v2:172.21.15.157:3300/0 1 ==== mon_map magic: 0 v1 ==== 229+0+0 (secure 0 0 0) 0x7fb2a800b860 con 0x7fb2b4077b20
2024-04-03T08:29:24.578 INFO:teuthology.orchestra.run.smithi157.stdout:/usr/bin/ceph: stderr
2024-04-03T08:29:23.709+0000 7fb2b3e00700 1 -- 172.21.15.157:0/4186974868 <== mon.0 v2:172.21.15.157:3300/0 2 ==== config(27 keys) v1 ==== 1109+0+0 (secure 0 0 0) 0x7fb2a800be90 con 0x7fb2b4077b20
2024-04-03T08:29:24.578 INFO:teuthology.orchestra.run.smithi157.stdout:/usr/bin/ceph: stderr
2024-04-03T08:29:23.709+0000 7fb2b3e00700 1 -- 172.21.15.157:0/4186974868 <== mon.0 v2:172.21.15.157:3300/0 3 ==== mon_map magic: 0 v1 ==== 229+0+0 (secure 0 0 0) 0x7fb2a80103c0 con 0x7fb2b4077b20
2024-04-03T08:29:24.578 INFO:teuthology.orchestra.run.smithi157.stdout:/usr/bin/ceph: stderr
2024-04-03T08:29:23.710+0000 7fb2bc400700 1 -- 172.21.15.157:0/4186974868 >> [v2:172.21.15.157:3300/0,v1:172.21.15.157:6789/0] conn(0x7fb2b4077b20 msgr2=0x7fb2b4076120 secure :-1 s=STATE_CONNECTION_ESTABLISHED l=1).mark_down
2024-04-03T08:29:24.578 INFO:teuthology.orchestra.run.smithi157.stdout:/usr/bin/ceph: stderr
2024-04-03T08:29:23.710+0000 7fb2bc400700 1 --2- 172.21.15.157:0/4186974868 >> [v2:172.21.15.157:3300/0,v1:172.21.15.157:6789/0] conn(0x7fb2b4077b20 0x7fb2b4076120 secure :-1 s=READY pgs=86 cs=0 l=1 rev1=1 crypto rx=0x7fb2a80098e0 tx=0x7fb2a8009250 comp rx=0 tx=0).stop
2024-04-03T08:29:24.578 INFO:teuthology.orchestra.run.smithi157.stdout:/usr/bin/ceph: stderr
2024-04-03T08:29:23.710+0000 7fb2bc400700 1 -- 172.21.15.157:0/4186974868 shutdown_connections
2024-04-03T08:29:24.578 INFO:teuthology.orchestra.run.smithi157.stdout:/usr/bin/ceph: stderr
2024-04-03T08:29:23.710+0000 7fb2bc400700 1 --2- 172.21.15.157:0/4186974868 >> [v2:172.21.15.157:3300/0,v1:172.21.15.157:6789/0] conn(0x7fb2b4077b20 0x7fb2b4076120 unknown :-1 s=CLOSED pgs=86 cs=0 l=1 rev1=1 crypto rx=0 tx=0 comp rx=0 tx=0).stop
2024-04-03T08:29:24.579 INFO:teuthology.orchestra.run.smithi157.stdout:/usr/bin/ceph: stderr
2024-04-03T08:29:23.710+0000 7fb2bc400700 1 -- 172.21.15.157:0/4186974868 >> 172.21.15.157:0/4186974868 conn(0x7fb2b40fe090 msgr2=0x7fb2b41004c0 unknown :-1 s=STATE_NONE l=0).mark_down
2024-04-03T08:29:24.579 INFO:teuthology.orchestra.run.smithi157.stdout:/usr/bin/ceph: stderr
2024-04-03T08:29:23.710+0000 7fb2bc400700 1 -- 172.21.15.157:0/4186974868 shutdown_connections
2024-04-03T08:29:24.579 INFO:teuthology.orchestra.run.smithi157.stdout:/usr/bin/ceph: stderr
2024-04-03T08:29:23.710+0000 7fb2bc400700 1 -- 172.21.15.157:0/4186974868 wait complete.
2024-04-03T08:29:24.579 INFO:teuthology.orchestra.run.smithi157.stdout:/usr/bin/ceph: stderr
2024-04-03T08:29:23.711+0000 7fb2bc400700 1 Processor -- start
2024-04-03T08:29:24.579 INFO:teuthology.orchestra.run.smithi157.stdout:/usr/bin/ceph: stderr
2024-04-03T08:29:23.711+0000 7fb2bc400700 1 -- start start
2024-04-03T08:29:24.579 INFO:teuthology.orchestra.run.smithi157.stdout:/usr/bin/ceph: stderr
2024-04-03T08:29:23.711+0000 7fb2bc400700 1 --2- >> [v2:172.21.15.157:3300/0,v1:172.21.15.157:6789/0] conn(0x7fb2b4077b20 0x7fb2b4113a00 unknown :-1 s=NONE pgs=0 cs=0 l=1 rev1=0 crypto rx=0 tx=0 comp rx=0 tx=0).connect
2024-04-03T08:29:24.579 INFO:teuthology.orchestra.run.smithi157.stdout:/usr/bin/ceph: stderr
2024-04-03T08:29:23.711+0000 7fb2bc400700 1 -- --> [v2:172.21.15.157:3300/0,v1:172.21.15.157:6789/0] -- mon_getmap magic: 0 v1 -- 0x7fb2b4113f40 con 0x7fb2b4077b20
2024-04-03T08:29:24.579 INFO:teuthology.orchestra.run.smithi157.stdout:/usr/bin/ceph: stderr
2024-04-03T08:29:23.711+0000 7fb2b9a00700 1 --2- >> [v2:172.21.15.157:3300/0,v1:172.21.15.157:6789/0] conn(0x7fb2b4077b20 0x7fb2b4113a00 unknown :-1 s=BANNER_CONNECTING pgs=0 cs=0 l=1 rev1=0 crypto rx=0 tx=0 comp rx=0 tx=0)._handle_peer_banner_payload supported=3 required=0
2024-04-03T08:29:24.579 INFO:teuthology.orchestra.run.smithi157.stdout:/usr/bin/ceph: stderr
2024-04-03T08:29:23.711+0000 7fb2b9a00700 1 --2- >> [v2:172.21.15.157:3300/0,v1:172.21.15.157:6789/0] conn(0x7fb2b4077b20 0x7fb2b4113a00 unknown :-1 s=HELLO_CONNECTING pgs=0 cs=0 l=1 rev1=1 crypto rx=0 tx=0 comp rx=0 tx=0).handle_hello peer v2:172.21.15.157:3300/0 says I am v2:172.21.15.157:53214/0 (socket says 172.21.15.157:53214)
2024-04-03T08:29:24.579 INFO:teuthology.orchestra.run.smithi157.stdout:/usr/bin/ceph: stderr
2024-04-03T08:29:23.711+0000 7fb2b9a00700 1 -- 172.21.15.157:0/4060528127 learned_addr learned my addr 172.21.15.157:0/4060528127 (peer_addr_for_me v2:172.21.15.157:0/0)
2024-04-03T08:29:24.579 INFO:teuthology.orchestra.run.smithi157.stdout:/usr/bin/ceph: stderr
2024-04-03T08:29:23.712+0000 7fb2b9a00700 1 -- 172.21.15.157:0/4060528127 --> [v2:172.21.15.157:3300/0,v1:172.21.15.157:6789/0] -- mon_subscribe({config=0+,monmap=0+}) v3 -- 0x7fb2a80094f0 con 0x7fb2b4077b20
2024-04-03T08:29:24.579 INFO:teuthology.orchestra.run.smithi157.stdout:/usr/bin/ceph: stderr
2024-04-03T08:29:23.712+0000 7fb2b9a00700 1 --2- 172.21.15.157:0/4060528127 >> [v2:172.21.15.157:3300/0,v1:172.21.15.157:6789/0] conn(0x7fb2b4077b20 0x7fb2b4113a00 secure :-1 s=READY pgs=87 cs=0 l=1 rev1=1 crypto rx=0x7fb2a8011c10 tx=0x7fb2a8009250 comp rx=0 tx=0).ready entity=mon.0 client_cookie=0 server_cookie=0 in_seq=0 out_seq=0
2024-04-03T08:29:24.579 INFO:teuthology.orchestra.run.smithi157.stdout:/usr/bin/ceph: stderr
2024-04-03T08:29:23.712+0000 7fb2b1600700 1 -- 172.21.15.157:0/4060528127 <== mon.0 v2:172.21.15.157:3300/0 1 ==== mon_map magic: 0 v1 ==== 229+0+0 (secure 0 0 0) 0x7fb2a8010630 con 0x7fb2b4077b20
2024-04-03T08:29:24.579 INFO:teuthology.orchestra.run.smithi157.stdout:/usr/bin/ceph: stderr
2024-04-03T08:29:23.712+0000 7fb2bc400700 1 -- 172.21.15.157:0/4060528127 --> [v2:172.21.15.157:3300/0,v1:172.21.15.157:6789/0] -- mon_subscribe({mgrmap=0+}) v3 -- 0x7fb2b4114140 con 0x7fb2b4077b20
2024-04-03T08:29:24.580 INFO:teuthology.orchestra.run.smithi157.stdout:/usr/bin/ceph: stderr
2024-04-03T08:29:23.712+0000 7fb2bc400700 1 -- 172.21.15.157:0/4060528127 --> [v2:172.21.15.157:3300/0,v1:172.21.15.157:6789/0] -- mon_subscribe({osdmap=0}) v3 -- 0x7fb2b4114cb0 con 0x7fb2b4077b20
2024-04-03T08:29:24.580 INFO:teuthology.orchestra.run.smithi157.stdout:/usr/bin/ceph: stderr
2024-04-03T08:29:23.712+0000 7fb2b1600700 1 -- 172.21.15.157:0/4060528127 <== mon.0 v2:172.21.15.157:3300/0 2 ==== config(27 keys) v1 ==== 1109+0+0 (secure 0 0 0) 0x7fb2a8010c60 con 0x7fb2b4077b20
2024-04-03T08:29:24.580 INFO:teuthology.orchestra.run.smithi157.stdout:/usr/bin/ceph: stderr
2024-04-03T08:29:23.712+0000 7fb2b1600700 1 -- 172.21.15.157:0/4060528127 <== mon.0 v2:172.21.15.157:3300/0 3 ==== mon_map magic: 0 v1 ==== 229+0+0 (secure 0 0 0) 0x7fb2a801ab50 con 0x7fb2b4077b20
2024-04-03T08:29:24.580 INFO:teuthology.orchestra.run.smithi157.stdout:/usr/bin/ceph: stderr
