2024-04-12T19:22:34.432+0000 7f77fdffb700 1 -- 172.21.15.18:0/3365749820 >> [v2:172.21.15.18:6800/331744591,v1:172.21.15.18:6801/331744591] conn(0x7f77f0039560 msgr2=0x7f77f003ba20 unknown :-1 s=STATE_CONNECTING l=1).mark_down
2024-04-12T19:22:35.994 INFO:teuthology.orchestra.run.smithi018.stdout:/usr/bin/ceph: stderr
2024-04-12T19:22:34.432+0000 7f77fdffb700 1 --2- 172.21.15.18:0/3365749820 >> [v2:172.21.15.18:6800/331744591,v1:172.21.15.18:6801/331744591] conn(0x7f77f0039560 0x7f77f003ba20 unknown :-1 s=START_CONNECT pgs=0 cs=0 l=1 rev1=0 crypto rx=0 tx=0 comp rx=0 tx=0).stop
2024-04-12T19:22:35.994 INFO:teuthology.orchestra.run.smithi018.stdout:/usr/bin/ceph: stderr
2024-04-12T19:22:35.432+0000 7f77fdffb700 1 -- 172.21.15.18:0/3365749820 <== mon.0 v2:172.21.15.18:3300/0 7 ==== mgrmap(e 7) ==== 46452+0+0 (secure 0 0 0) 0x7f77f404f880 con 0x7f7800106960
2024-04-12T19:22:35.994 INFO:teuthology.orchestra.run.smithi018.stdout:/usr/bin/ceph: stderr
2024-04-12T19:22:35.433+0000 7f77fdffb700 1 --2- 172.21.15.18:0/3365749820 >> [v2:172.21.15.18:6800/3672942948,v1:172.21.15.18:6801/3672942948] conn(0x7f77f003ce50 0x7f77f003f240 unknown :-1 s=NONE pgs=0 cs=0 l=1 rev1=0 crypto rx=0 tx=0 comp rx=0 tx=0).connect
2024-04-12T19:22:35.994 INFO:teuthology.orchestra.run.smithi018.stdout:/usr/bin/ceph: stderr
2024-04-12T19:22:35.433+0000 7f77fdffb700 1 -- 172.21.15.18:0/3365749820 --> [v2:172.21.15.18:6800/3672942948,v1:172.21.15.18:6801/3672942948] -- command(tid 0: {"prefix": "get_command_descriptions"}) -- 0x7f77f4008ea0 con 0x7f77f003ce50
2024-04-12T19:22:35.994 INFO:teuthology.orchestra.run.smithi018.stdout:/usr/bin/ceph: stderr
2024-04-12T19:22:35.433+0000 7f77fffff700 1 --2- 172.21.15.18:0/3365749820 >> [v2:172.21.15.18:6800/3672942948,v1:172.21.15.18:6801/3672942948] conn(0x7f77f003ce50 0x7f77f003f240 unknown :-1 s=BANNER_CONNECTING pgs=0 cs=0 l=1 rev1=0 crypto rx=0 tx=0 comp rx=0 tx=0)._handle_peer_banner_payload supported=3 required=0
2024-04-12T19:22:35.994 INFO:teuthology.orchestra.run.smithi018.stdout:/usr/bin/ceph: stderr
2024-04-12T19:22:35.434+0000 7f77fffff700 1 --2- 172.21.15.18:0/3365749820 >> [v2:172.21.15.18:6800/3672942948,v1:172.21.15.18:6801/3672942948] conn(0x7f77f003ce50 0x7f77f003f240 secure :-1 s=READY pgs=3 cs=0 l=1 rev1=1 crypto rx=0x7f77ec003a10 tx=0x7f77ec009290 comp rx=0 tx=0).ready entity=mgr.14120 client_cookie=0 server_cookie=0 in_seq=0 out_seq=0
2024-04-12T19:22:35.994 INFO:teuthology.orchestra.run.smithi018.stdout:/usr/bin/ceph: stderr
2024-04-12T19:22:35.435+0000 7f77fdffb700 1 -- 172.21.15.18:0/3365749820 <== mgr.14120 v2:172.21.15.18:6800/3672942948 1 ==== command_reply(tid 0: 0 ) ==== 8+0+7774 (secure 0 0 0) 0x7f77f4008ea0 con 0x7f77f003ce50
2024-04-12T19:22:35.994 INFO:teuthology.orchestra.run.smithi018.stdout:/usr/bin/ceph: stderr
2024-04-12T19:22:35.446+0000 7f7807143700 1 -- 172.21.15.18:0/3365749820 --> [v2:172.21.15.18:6800/3672942948,v1:172.21.15.18:6801/3672942948] -- command(tid 1: {"prefix": "mgr_status"}) -- 0x7f7800064110 con 0x7f77f003ce50
2024-04-12T19:22:35.995 INFO:teuthology.orchestra.run.smithi018.stdout:/usr/bin/ceph: stderr
2024-04-12T19:22:35.447+0000 7f77fdffb700 1 -- 172.21.15.18:0/3365749820 <== mgr.14120 v2:172.21.15.18:6800/3672942948 2 ==== command_reply(tid 1: 0 ) ==== 8+0+51 (secure 0 0 0) 0x7f7800064110 con 0x7f77f003ce50
2024-04-12T19:22:35.995 INFO:teuthology.orchestra.run.smithi018.stdout:/usr/bin/ceph: stderr
2024-04-12T19:22:35.447+0000 7f7807143700 1 -- 172.21.15.18:0/3365749820 >> [v2:172.21.15.18:6800/3672942948,v1:172.21.15.18:6801/3672942948] conn(0x7f77f003ce50 msgr2=0x7f77f003f240 secure :-1 s=STATE_CONNECTION_ESTABLISHED l=1).mark_down
2024-04-12T19:22:35.995 INFO:teuthology.orchestra.run.smithi018.stdout:/usr/bin/ceph: stderr
2024-04-12T19:22:35.447+0000 7f7807143700 1 --2- 172.21.15.18:0/3365749820 >> [v2:172.21.15.18:6800/3672942948,v1:172.21.15.18:6801/3672942948] conn(0x7f77f003ce50 0x7f77f003f240 secure :-1 s=READY pgs=3 cs=0 l=1 rev1=1 crypto rx=0x7f77ec003a10 tx=0x7f77ec009290 comp rx=0 tx=0).stop
2024-04-12T19:22:35.995 INFO:teuthology.orchestra.run.smithi018.stdout:/usr/bin/ceph: stderr
2024-04-12T19:22:35.447+0000 7f7807143700 1 -- 172.21.15.18:0/3365749820 >> [v2:172.21.15.18:3300/0,v1:172.21.15.18:6789/0] conn(0x7f7800106960 msgr2=0x7f780019c640 secure :-1 s=STATE_CONNECTION_ESTABLISHED l=1).mark_down
2024-04-12T19:22:35.995 INFO:teuthology.orchestra.run.smithi018.stdout:/usr/bin/ceph: stderr
2024-04-12T19:22:35.447+0000 7f7807143700 1 --2- 172.21.15.18:0/3365749820 >> [v2:172.21.15.18:3300/0,v1:172.21.15.18:6789/0] conn(0x7f7800106960 0x7f780019c640 secure :-1 s=READY pgs=29 cs=0 l=1 rev1=1 crypto rx=0x7f77f4011670 tx=0x7f77f4011b60 comp rx=0 tx=0).stop
2024-04-12T19:22:35.995 INFO:teuthology.orchestra.run.smithi018.stdout:/usr/bin/ceph: stderr
2024-04-12T19:22:35.447+0000 7f7807143700 1 -- 172.21.15.18:0/3365749820 shutdown_connections
2024-04-12T19:22:35.995 INFO:teuthology.orchestra.run.smithi018.stdout:/usr/bin/ceph: stderr
2024-04-12T19:22:35.447+0000 7f7807143700 1 --2- 172.21.15.18:0/3365749820 >> [v2:172.21.15.18:6800/3672942948,v1:172.21.15.18:6801/3672942948] conn(0x7f77f003ce50 0x7f77f003f240 unknown :-1 s=CLOSED pgs=3 cs=0 l=1 rev1=1 crypto rx=0 tx=0 comp rx=0 tx=0).stop
2024-04-12T19:22:35.995 INFO:teuthology.orchestra.run.smithi018.stdout:/usr/bin/ceph: stderr
2024-04-12T19:22:35.447+0000 7f7807143700 1 --2- 172.21.15.18:0/3365749820 >> [v2:172.21.15.18:3300/0,v1:172.21.15.18:6789/0] conn(0x7f7800106960 0x7f780019c640 unknown :-1 s=CLOSED pgs=29 cs=0 l=1 rev1=1 crypto rx=0 tx=0 comp rx=0 tx=0).stop
2024-04-12T19:22:35.995 INFO:teuthology.orchestra.run.smithi018.stdout:/usr/bin/ceph: stderr
2024-04-12T19:22:35.447+0000 7f7807143700 1 --2- 172.21.15.18:0/3365749820 >> [v2:172.21.15.18:6800/331744591,v1:172.21.15.18:6801/331744591] conn(0x7f77f0039560 0x7f77f003ba20 unknown :-1 s=CLOSED pgs=0 cs=0 l=1 rev1=0 crypto rx=0 tx=0 comp rx=0 tx=0).stop
2024-04-12T19:22:35.995 INFO:teuthology.orchestra.run.smithi018.stdout:/usr/bin/ceph: stderr
2024-04-12T19:22:35.447+0000 7f7807143700 1 -- 172.21.15.18:0/3365749820 >> 172.21.15.18:0/3365749820 conn(0x7f7800102310 msgr2=0x7f7800102e20 unknown :-1 s=STATE_NONE l=0).mark_down
2024-04-12T19:22:35.995 INFO:teuthology.orchestra.run.smithi018.stdout:/usr/bin/ceph: stderr
2024-04-12T19:22:35.447+0000 7f7807143700 1 -- 172.21.15.18:0/3365749820 shutdown_connections
2024-04-12T19:22:35.995 INFO:teuthology.orchestra.run.smithi018.stdout:/usr/bin/ceph: stderr
2024-04-12T19:22:35.447+0000 7f7807143700 1 -- 172.21.15.18:0/3365749820 wait complete.
2024-04-12T19:22:35.995 INFO:teuthology.orchestra.run.smithi018.stdout:mgr epoch 5 is available
2024-04-12T19:22:35.996 INFO:teuthology.orchestra.run.smithi018.stdout:Setting orchestrator backend to cephadm...
2024-04-12T19:22:36.642 INFO:journalctl@ceph.mon.a.smithi018.stdout:Apr 12 19:22:36 smithi018 ceph-mon[32256]: from='mgr.14120 172.21.15.18:0/2648566181' entity='mgr.x'
2024-04-12T19:22:36.643 INFO:journalctl@ceph.mon.a.smithi018.stdout:Apr 12 19:22:36 smithi018 ceph-mon[32256]: from='mgr.14120 172.21.15.18:0/2648566181' entity='mgr.x'
2024-04-12T19:22:36.643 INFO:journalctl@ceph.mon.a.smithi018.stdout:Apr 12 19:22:36 smithi018 ceph-mon[32256]: from='client.14124 -' entity='client.admin' cmd=[{"prefix": "get_command_descriptions"}]: dispatch
2024-04-12T19:22:36.643 INFO:journalctl@ceph.mon.a.smithi018.stdout:Apr 12 19:22:36 smithi018 ceph-mon[32256]: mgrmap e7: x(active, since 1.00534s)
2024-04-12T19:22:36.643 INFO:journalctl@ceph.mon.a.smithi018.stdout:Apr 12 19:22:36 smithi018 ceph-mon[32256]: from='client.14124 -' entity='client.admin' cmd=[{"prefix": "mgr_status"}]: dispatch
2024-04-12T19:22:37.169 INFO:teuthology.orchestra.run.smithi018.stdout:/usr/bin/ceph: stderr
2024-04-12T19:22:36.405+0000 7f1811aa3700 1 Processor -- start
2024-04-12T19:22:37.169 INFO:teuthology.orchestra.run.smithi018.stdout:/usr/bin/ceph: stderr
2024-04-12T19:22:36.405+0000 7f1811aa3700 1 -- start start
2024-04-12T19:22:37.170 INFO:teuthology.orchestra.run.smithi018.stdout:/usr/bin/ceph: stderr
2024-04-12T19:22:36.405+0000 7f1811aa3700 1 --2- >> [v2:172.21.15.18:3300/0,v1:172.21.15.18:6789/0] conn(0x7f180c107640 0x7f180c107a60 unknown :-1 s=NONE pgs=0 cs=0 l=0 rev1=0 crypto rx=0 tx=0 comp rx=0 tx=0).connect
2024-04-12T19:22:37.170 INFO:teuthology.orchestra.run.smithi018.stdout:/usr/bin/ceph: stderr
2024-04-12T19:22:36.405+0000 7f1811aa3700 1 -- --> [v2:172.21.15.18:3300/0,v1:172.21.15.18:6789/0] -- mon_getmap magic: 0 -- 0x7f180c108030 con 0x7f180c107640
2024-04-12T19:22:37.170 INFO:teuthology.orchestra.run.smithi018.stdout:/usr/bin/ceph: stderr
2024-04-12T19:22:36.405+0000 7f180b7fe700 1 --2- >> [v2:172.21.15.18:3300/0,v1:172.21.15.18:6789/0] conn(0x7f180c107640 0x7f180c107a60 unknown :-1 s=BANNER_CONNECTING pgs=0 cs=0 l=0 rev1=0 crypto rx=0 tx=0 comp rx=0 tx=0)._handle_peer_banner_payload supported=3 required=0
2024-04-12T19:22:37.170 INFO:teuthology.orchestra.run.smithi018.stdout:/usr/bin/ceph: stderr
2024-04-12T19:22:36.405+0000 7f180b7fe700 1 --2- >> [v2:172.21.15.18:3300/0,v1:172.21.15.18:6789/0] conn(0x7f180c107640 0x7f180c107a60 unknown :-1 s=HELLO_CONNECTING pgs=0 cs=0 l=0 rev1=1 crypto rx=0 tx=0 comp rx=0 tx=0).handle_hello peer v2:172.21.15.18:3300/0 says I am v2:172.21.15.18:46518/0 (socket says 172.21.15.18:46518)
2024-04-12T19:22:37.170 INFO:teuthology.orchestra.run.smithi018.stdout:/usr/bin/ceph: stderr
2024-04-12T19:22:36.405+0000 7f180b7fe700 1 -- 172.21.15.18:0/2729767020 learned_addr learned my addr 172.21.15.18:0/2729767020 (peer_addr_for_me v2:172.21.15.18:0/0)
2024-04-12T19:22:37.170 INFO:teuthology.orchestra.run.smithi018.stdout:/usr/bin/ceph: stderr
2024-04-12T19:22:36.405+0000 7f180b7fe700 1 -- 172.21.15.18:0/2729767020 --> [v2:172.21.15.18:3300/0,v1:172.21.15.18:6789/0] -- mon_subscribe({config=0+,monmap=0+}) -- 0x7f180c108840 con 0x7f180c107640
2024-04-12T19:22:37.170 INFO:teuthology.orchestra.run.smithi018.stdout:/usr/bin/ceph: stderr
2024-04-12T19:22:36.405+0000 7f180b7fe700 1 --2- 172.21.15.18:0/2729767020 >> [v2:172.21.15.18:3300/0,v1:172.21.15.18:6789/0] conn(0x7f180c107640 0x7f180c107a60 secure :-1 s=READY pgs=37 cs=0 l=1 rev1=1 crypto rx=0x7f17fc00bb40 tx=0x7f17fc00be50 comp rx=0 tx=0).ready entity=mon.0 client_cookie=c5730977711c3e11 server_cookie=0 in_seq=0 out_seq=0
2024-04-12T19:22:37.170 INFO:teuthology.orchestra.run.smithi018.stdout:/usr/bin/ceph: stderr
2024-04-12T19:22:36.406+0000 7f180a7fc700 1 -- 172.21.15.18:0/2729767020 <== mon.0 v2:172.21.15.18:3300/0 1 ==== mon_map magic: 0 ==== 205+0+0 (secure 0 0 0) 0x7f17fc00dbe0 con 0x7f180c107640
2024-04-12T19:22:37.170 INFO:teuthology.orchestra.run.smithi018.stdout:/usr/bin/ceph: stderr
2024-04-12T19:22:36.406+0000 7f180a7fc700 1 -- 172.21.15.18:0/2729767020 <== mon.0 v2:172.21.15.18:3300/0 2 ==== config(27 keys) ==== 1109+0+0 (secure 0 0 0) 0x7f17fc0044f0 con 0x7f180c107640
2024-04-12T19:22:37.170 INFO:teuthology.orchestra.run.smithi018.stdout:/usr/bin/ceph: stderr
2024-04-12T19:22:36.406+0000 7f180a7fc700 1 -- 172.21.15.18:0/2729767020 <== mon.0 v2:172.21.15.18:3300/0 3 ==== mon_map magic: 0 ==== 205+0+0 (secure 0 0 0) 0x7f17fc010470 con 0x7f180c107640
2024-04-12T19:22:37.171 INFO:teuthology.orchestra.run.smithi018.stdout:/usr/bin/ceph: stderr
2024-04-12T19:22:36.406+0000 7f1811aa3700 1 -- 172.21.15.18:0/2729767020 >> [v2:172.21.15.18:3300/0,v1:172.21.15.18:6789/0] conn(0x7f180c107640 msgr2=0x7f180c107a60 secure :-1 s=STATE_CONNECTION_ESTABLISHED l=1).mark_down
2024-04-12T19:22:37.171 INFO:teuthology.orchestra.run.smithi018.stdout:/usr/bin/ceph: stderr
2024-04-12T19:22:36.406+0000 7f1811aa3700 1 --2- 172.21.15.18:0/2729767020 >> [v2:172.21.15.18:3300/0,v1:172.21.15.18:6789/0] conn(0x7f180c107640 0x7f180c107a60 secure :-1 s=READY pgs=37 cs=0 l=1 rev1=1 crypto rx=0x7f17fc00bb40 tx=0x7f17fc00be50 comp rx=0 tx=0).stop
2024-04-12T19:22:37.171 INFO:teuthology.orchestra.run.smithi018.stdout:/usr/bin/ceph: stderr
2024-04-12T19:22:36.406+0000 7f1811aa3700 1 -- 172.21.15.18:0/2729767020 shutdown_connections
2024-04-12T19:22:37.171 INFO:teuthology.orchestra.run.smithi018.stdout:/usr/bin/ceph: stderr
2024-04-12T19:22:36.406+0000 7f1811aa3700 1 --2- 172.21.15.18:0/2729767020 >> [v2:172.21.15.18:3300/0,v1:172.21.15.18:6789/0] conn(0x7f180c107640 0x7f180c107a60 unknown :-1 s=CLOSED pgs=37 cs=0 l=1 rev1=1 crypto rx=0 tx=0 comp rx=0 tx=0).stop
2024-04-12T19:22:37.171 INFO:teuthology.orchestra.run.smithi018.stdout:/usr/bin/ceph: stderr
2024-04-12T19:22:36.406+0000 7f1811aa3700 1 -- 172.21.15.18:0/2729767020 >> 172.21.15.18:0/2729767020 conn(0x7f180c102c20 msgr2=0x7f180c105040 unknown :-1 s=STATE_NONE l=0).mark_down
2024-04-12T19:22:37.171 INFO:teuthology.orchestra.run.smithi018.stdout:/usr/bin/ceph: stderr
2024-04-12T19:22:36.406+0000 7f1811aa3700 1 -- 172.21.15.18:0/2729767020 shutdown_connections
2024-04-12T19:22:37.171 INFO:teuthology.orchestra.run.smithi018.stdout:/usr/bin/ceph: stderr
2024-04-12T19:22:36.406+0000 7f1811aa3700 1 -- 172.21.15.18:0/2729767020 wait complete.
2024-04-12T19:22:37.171 INFO:teuthology.orchestra.run.smithi018.stdout:/usr/bin/ceph: stderr
2024-04-12T19:22:36.407+0000 7f1811aa3700 1 Processor -- start
2024-04-12T19:22:37.171 INFO:teuthology.orchestra.run.smithi018.stdout:/usr/bin/ceph: stderr
2024-04-12T19:22:36.407+0000 7f1811aa3700 1 -- start start
2024-04-12T19:22:37.171 INFO:teuthology.orchestra.run.smithi018.stdout:/usr/bin/ceph: stderr
2024-04-12T19:22:36.407+0000 7f1811aa3700 1 --2- >> [v2:172.21.15.18:3300/0,v1:172.21.15.18:6789/0] conn(0x7f180c107640 0x7f180c19e8f0 unknown :-1 s=NONE pgs=0 cs=0 l=1 rev1=0 crypto rx=0 tx=0 comp rx=0 tx=0).connect
2024-04-12T19:22:37.172 INFO:teuthology.orchestra.run.smithi018.stdout:/usr/bin/ceph: stderr
2024-04-12T19:22:36.407+0000 7f1811aa3700 1 -- --> [v2:172.21.15.18:3300/0,v1:172.21.15.18:6789/0] -- mon_getmap magic: 0 -- 0x7f180c07aff0 con 0x7f180c107640
2024-04-12T19:22:37.172 INFO:teuthology.orchestra.run.smithi018.stdout:/usr/bin/ceph: stderr
2024-04-12T19:22:36.407+0000 7f180b7fe700 1 --2- >> [v2:172.21.15.18:3300/0,v1:172.21.15.18:6789/0] conn(0x7f180c107640 0x7f180c19e8f0 unknown :-1 s=BANNER_CONNECTING pgs=0 cs=0 l=1 rev1=0 crypto rx=0 tx=0 comp rx=0 tx=0)._handle_peer_banner_payload supported=3 required=0
2024-04-12T19:22:37.172 INFO:teuthology.orchestra.run.smithi018.stdout:/usr/bin/ceph: stderr
2024-04-12T19:22:36.407+0000 7f180b7fe700 1 --2- >> [v2:172.21.15.18:3300/0,v1:172.21.15.18:6789/0] conn(0x7f180c107640 0x7f180c19e8f0 unknown :-1 s=HELLO_CONNECTING pgs=0 cs=0 l=1 rev1=1 crypto rx=0 tx=0 comp rx=0 tx=0).handle_hello peer v2:172.21.15.18:3300/0 says I am v2:172.21.15.18:46528/0 (socket says 172.21.15.18:46528)
2024-04-12T19:22:37.172 INFO:teuthology.orchestra.run.smithi018.stdout:/usr/bin/ceph: stderr
2024-04-12T19:22:36.407+0000 7f180b7fe700 1 -- 172.21.15.18:0/2953302107 learned_addr learned my addr 172.21.15.18:0/2953302107 (peer_addr_for_me v2:172.21.15.18:0/0)
2024-04-12T19:22:37.172 INFO:teuthology.orchestra.run.smithi018.stdout:/usr/bin/ceph: stderr
2024-04-12T19:22:36.407+0000 7f180b7fe700 1 -- 172.21.15.18:0/2953302107 --> [v2:172.21.15.18:3300/0,v1:172.21.15.18:6789/0] -- mon_subscribe({config=0+,monmap=0+}) -- 0x7f180c19ee30 con 0x7f180c107640
2024-04-12T19:22:37.172 INFO:teuthology.orchestra.run.smithi018.stdout:/usr/bin/ceph: stderr
2024-04-12T19:22:36.408+0000 7f180b7fe700 1 --2- 172.21.15.18:0/2953302107 >> [v2:172.21.15.18:3300/0,v1:172.21.15.18:6789/0] conn(0x7f180c107640 0x7f180c19e8f0 secure :-1 s=READY pgs=38 cs=0 l=1 rev1=1 crypto rx=0x7f17fc00b340 tx=0x7f17fc00dd90 comp rx=0 tx=0).ready entity=mon.0 client_cookie=0 server_cookie=0 in_seq=0 out_seq=0
2024-04-12T19:22:37.172 INFO:teuthology.orchestra.run.smithi018.stdout:/usr/bin/ceph: stderr
2024-04-12T19:22:36.408+0000 7f1808ff9700 1 -- 172.21.15.18:0/2953302107 <== mon.0 v2:172.21.15.18:3300/0 1 ==== mon_map magic: 0 ==== 205+0+0 (secure 0 0 0) 0x7f17fc010680 con 0x7f180c107640
2024-04-12T19:22:37.172 INFO:teuthology.orchestra.run.smithi018.stdout:/usr/bin/ceph: stderr
2024-04-12T19:22:36.408+0000 7f1808ff9700 1 -- 172.21.15.18:0/2953302107 <== mon.0 v2:172.21.15.18:3300/0 2 ==== config(27 keys) ==== 1109+0+0 (secure 0 0 0) 0x7f17fc01d070 con 0x7f180c107640
2024-04-12T19:22:37.172 INFO:teuthology.orchestra.run.smithi018.stdout:/usr/bin/ceph: stderr
2024-04-12T19:22:36.408+0000 7f1811aa3700 1 -- 172.21.15.18:0/2953302107 --> [v2:172.21.15.18:3300/0,v1:172.21.15.18:6789/0] -- mon_subscribe({mgrmap=0+}) -- 0x7f180c19f0c0 con 0x7f180c107640
2024-04-12T19:22:37.172 INFO:teuthology.orchestra.run.smithi018.stdout:/usr/bin/ceph: stderr
2024-04-12T19:22:36.408+0000 7f1808ff9700 1 -- 172.21.15.18:0/2953302107 <== mon.0 v2:172.21.15.18:3300/0 3 ==== mon_map magic: 0 ==== 205+0+0 (secure 0 0 0) 0x7f17fc021b10 con 0x7f180c107640
2024-04-12T19:22:37.172 INFO:teuthology.orchestra.run.smithi018.stdout:/usr/bin/ceph: stderr
2024-04-12T19:22:36.408+0000 7f1811aa3700 1 -- 172.21.15.18:0/2953302107 --> [v2:172.21.15.18:3300/0,v1:172.21.15.18:6789/0] -- mon_subscribe({osdmap=0}) -- 0x7f180c1a1db0 con 0x7f180c107640
2024-04-12T19:22:37.172 INFO:teuthology.orchestra.run.smithi018.stdout:/usr/bin/ceph: stderr
2024-04-12T19:22:36.409+0000 7f1811aa3700 1 -- 172.21.15.18:0/2953302107 --> [v2:172.21.15.18:3300/0,v1:172.21.15.18:6789/0] -- mon_command({"prefix": "get_command_descriptions"} v 0) -- 0x7f180c064110 con 0x7f180c107640
2024-04-12T19:22:37.173 INFO:teuthology.orchestra.run.smithi018.stdout:/usr/bin/ceph: stderr
2024-04-12T19:22:36.409+0000 7f1808ff9700 1 -- 172.21.15.18:0/2953302107 <== mon.0 v2:172.21.15.18:3300/0 4 ==== mgrmap(e 7) ==== 46452+0+0 (secure 0 0 0) 0x7f17fc01f030 con 0x7f180c107640
2024-04-12T19:22:37.173 INFO:teuthology.orchestra.run.smithi018.stdout:/usr/bin/ceph: stderr
2024-04-12T19:22:36.409+0000 7f1808ff9700 1 --2- 172.21.15.18:0/2953302107 >> [v2:172.21.15.18:6800/3672942948,v1:172.21.15.18:6801/3672942948] conn(0x7f17f40394e0 0x7f17f403b9a0 unknown :-1 s=NONE pgs=0 cs=0 l=1 rev1=0 crypto rx=0 tx=0 comp rx=0 tx=0).connect
2024-04-12T19:22:37.173 INFO:teuthology.orchestra.run.smithi018.stdout:/usr/bin/ceph: stderr
2024-04-12T19:22:36.409+0000 7f1808ff9700 1 -- 172.21.15.18:0/2953302107 <== mon.0 v2:172.21.15.18:3300/0 5 ==== osd_map(2..2 src has 1..2) ==== 940+0+0 (secure 0 0 0) 0x7f17fc04d680 con 0x7f180c107640
2024-04-12T19:22:37.173 INFO:teuthology.orchestra.run.smithi018.stdout:/usr/bin/ceph: stderr
2024-04-12T19:22:36.409+0000 7f180affd700 1 --2- 172.21.15.18:0/2953302107 >> [v2:172.21.15.18:6800/3672942948,v1:172.21.15.18:6801/3672942948] conn(0x7f17f40394e0 0x7f17f403b9a0 unknown :-1 s=BANNER_CONNECTING pgs=0 cs=0 l=1 rev1=0 crypto rx=0 tx=0 comp rx=0 tx=0)._handle_peer_banner_payload supported=3 required=0
2024-04-12T19:22:37.173 INFO:teuthology.orchestra.run.smithi018.stdout:/usr/bin/ceph: stderr
2024-04-12T19:22:36.410+0000 7f180affd700 1 --2- 172.21.15.18:0/2953302107 >> [v2:172.21.15.18:6800/3672942948,v1:172.21.15.18:6801/3672942948] conn(0x7f17f40394e0 0x7f17f403b9a0 secure :-1 s=READY pgs=7 cs=0 l=1 rev1=1 crypto rx=0x7f1800006fd0 tx=0x7f1800006e40 comp rx=0 tx=0).ready entity=mgr.14120 client_cookie=0 server_cookie=0 in_seq=0 out_seq=0
2024-04-12T19:22:37.173 INFO:teuthology.orchestra.run.smithi018.stdout:/usr/bin/ceph: stderr
2024-04-12T19:22:36.414+0000 7f1808ff9700 1 -- 172.21.15.18:0/2953302107 <== mon.0 v2:172.21.15.18:3300/0 6 ==== mon_command_ack([{"prefix": "get_command_descriptions"}]=0 v0) ==== 72+0+188370 (secure 0 0 0) 0x7f17fc015070 con 0x7f180c107640
2024-04-12T19:22:37.173 INFO:teuthology.orchestra.run.smithi018.stdout:/usr/bin/ceph: stderr
2024-04-12T19:22:36.642+0000 7f1811aa3700 1 -- 172.21.15.18:0/2953302107 --> [v2:172.21.15.18:6800/3672942948,v1:172.21.15.18:6801/3672942948] -- mgr_command(tid 0: {"prefix": "orch set backend", "module_name": "cephadm", "target": ["mon-mgr", ""]}) -- 0x7f180c062ef0 con 0x7f17f40394e0
2024-04-12T19:22:37.173 INFO:teuthology.orchestra.run.smithi018.stdout:/usr/bin/ceph: stderr
2024-04-12T19:22:36.647+0000 7f1808ff9700 1 -- 172.21.15.18:0/2953302107 <== mgr.14120 v2:172.21.15.18:6800/3672942948 1 ==== mgr_command_reply(tid 0: 0 ) ==== 8+0+0 (secure 0 0 0) 0x7f180c062ef0 con 0x7f17f40394e0
2024-04-12T19:22:37.173 INFO:teuthology.orchestra.run.smithi018.stdout:/usr/bin/ceph: stderr
2024-04-12T19:22:36.649+0000 7f1811aa3700 1 -- 172.21.15.18:0/2953302107 >> [v2:172.21.15.18:6800/3672942948,v1:172.21.15.18:6801/3672942948] conn(0x7f17f40394e0 msgr2=0x7f17f403b9a0 secure :-1 s=STATE_CONNECTION_ESTABLISHED l=1).mark_down
2024-04-12T19:22:37.173 INFO:teuthology.orchestra.run.smithi018.stdout:/usr/bin/ceph: stderr
2024-04-12T19:22:36.649+0000 7f1811aa3700 1 --2- 172.21.15.18:0/2953302107 >> [v2:172.21.15.18:6800/3672942948,v1:172.21.15.18:6801/3672942948] conn(0x7f17f40394e0 0x7f17f403b9a0 secure :-1 s=READY pgs=7 cs=0 l=1 rev1=1 crypto rx=0x7f1800006fd0 tx=0x7f1800006e40 comp rx=0 tx=0).stop
2024-04-12T19:22:37.173 INFO:teuthology.orchestra.run.smithi018.stdout:/usr/bin/ceph: stderr
2024-04-12T19:22:36.649+0000 7f1811aa3700 1 -- 172.21.15.18:0/2953302107 >> [v2:172.21.15.18:3300/0,v1:172.21.15.18:6789/0] conn(0x7f180c107640 msgr2=0x7f180c19e8f0 secure :-1 s=STATE_CONNECTION_ESTABLISHED l=1).mark_down
2024-04-12T19:22:37.174 INFO:teuthology.orchestra.run.smithi018.stdout:/usr/bin/ceph: stderr
2024-04-12T19:22:36.649+0000 7f1811aa3700 1 --2- 172.21.15.18:0/2953302107 >> [v2:172.21.15.18:3300/0,v1:172.21.15.18:6789/0] conn(0x7f180c107640 0x7f180c19e8f0 secure :-1 s=READY pgs=38 cs=0 l=1 rev1=1 crypto rx=0x7f17fc00b340 tx=0x7f17fc00dd90 comp rx=0 tx=0).stop
2024-04-12T19:22:37.174 INFO:teuthology.orchestra.run.smithi018.stdout:/usr/bin/ceph: stderr
2024-04-12T19:22:36.649+0000 7f1811aa3700 1 -- 172.21.15.18:0/2953302107 shutdown_connections
2024-04-12T19:22:37.174 INFO:teuthology.orchestra.run.smithi018.stdout:/usr/bin/ceph: stderr
2024-04-12T19:22:36.649+0000 7f1811aa3700 1 --2- 172.21.15.18:0/2953302107 >> [v2:172.21.15.18:6800/3672942948,v1:172.21.15.18:6801/3672942948] conn(0x7f17f40394e0 0x7f17f403b9a0 unknown :-1 s=CLOSED pgs=7 cs=0 l=1 rev1=1 crypto rx=0 tx=0 comp rx=0 tx=0).stop
2024-04-12T19:22:37.174 INFO:teuthology.orchestra.run.smithi018.stdout:/usr/bin/ceph: stderr
2024-04-12T19:22:36.649+0000 7f1811aa3700 1 --2- 172.21.15.18:0/2953302107 >> [v2:172.21.15.18:3300/0,v1:172.21.15.18:6789/0] conn(0x7f180c107640 0x7f180c19e8f0 unknown :-1 s=CLOSED pgs=38 cs=0 l=1 rev1=1 crypto rx=0 tx=0 comp rx=0 tx=0).stop
2024-04-12T19:22:37.174 INFO:teuthology.orchestra.run.smithi018.stdout:/usr/bin/ceph: stderr
2024-04-12T19:22:36.649+0000 7f1811aa3700 1 -- 172.21.15.18:0/2953302107 >> 172.21.15.18:0/2953302107 conn(0x7f180c102c20 msgr2=0x7f180c190b00 unknown :-1 s=STATE_NONE l=0).mark_down
2024-04-12T19:22:37.174 INFO:teuthology.orchestra.run.smithi018.stdout:/usr/bin/ceph: stderr
2024-04-12T19:22:36.650+0000 7f1811aa3700 1 -- 172.21.15.18:0/2953302107 shutdown_connections
2024-04-12T19:22:37.174 INFO:teuthology.orchestra.run.smithi018.stdout:/usr/bin/ceph: stderr
2024-04-12T19:22:36.650+0000 7f1811aa3700 1 -- 172.21.15.18:0/2953302107 wait complete.
2024-04-12T19:22:37.463 INFO:journalctl@ceph.mon.a.smithi018.stdout:Apr 12 19:22:37 smithi018 ceph-mon[32256]: [12/Apr/2024:19:22:36] ENGINE Bus STARTING
2024-04-12T19:22:37.463 INFO:journalctl@ceph.mon.a.smithi018.stdout:Apr 12 19:22:37 smithi018 ceph-mon[32256]: [12/Apr/2024:19:22:36] ENGINE Serving on http://172.21.15.18:8765
2024-04-12T19:22:37.463 INFO:journalctl@ceph.mon.a.smithi018.stdout:Apr 12 19:22:37 smithi018 ceph-mon[32256]: [12/Apr/2024:19:22:36] ENGINE Serving on https://172.21.15.18:7150
2024-04-12T19:22:37.463 INFO:journalctl@ceph.mon.a.smithi018.stdout:Apr 12 19:22:37 smithi018 ceph-mon[32256]: [12/Apr/2024:19:22:36] ENGINE Bus STARTED
2024-04-12T19:22:37.463 INFO:journalctl@ceph.mon.a.smithi018.stdout:Apr 12 19:22:37 smithi018 ceph-mon[32256]: from='mgr.14120 172.21.15.18:0/2648566181' entity='mgr.x' cmd=[{"prefix": "config dump", "format": "json"}]: dispatch
2024-04-12T19:22:37.463 INFO:journalctl@ceph.mon.a.smithi018.stdout:Apr 12 19:22:37 smithi018 ceph-mon[32256]: from='mgr.14120 172.21.15.18:0/2648566181' entity='mgr.x'
2024-04-12T19:22:37.463 INFO:journalctl@ceph.mon.a.smithi018.stdout:Apr 12 19:22:37 smithi018 ceph-mon[32256]: from='mgr.14120 172.21.15.18:0/2648566181' entity='mgr.x' cmd=[{"prefix": "config dump", "format": "json"}]: dispatch
2024-04-12T19:22:38.307 INFO:teuthology.orchestra.run.smithi018.stdout:/usr/bin/ceph: stdout value unchanged
2024-04-12T19:22:38.308 INFO:teuthology.orchestra.run.smithi018.stdout:/usr/bin/ceph: stderr
2024-04-12T19:22:37.599+0000 7f9c0bd65700 1 Processor -- start
2024-04-12T19:22:38.308 INFO:teuthology.orchestra.run.smithi018.stdout:/usr/bin/ceph: stderr
2024-04-12T19:22:37.599+0000 7f9c0bd65700 1 -- start start
2024-04-12T19:22:38.308 INFO:teuthology.orchestra.run.smithi018.stdout:/usr/bin/ceph: stderr
2024-04-12T19:22:37.600+0000 7f9c0bd65700 1 --2- >> [v2:172.21.15.18:3300/0,v1:172.21.15.18:6789/0] conn(0x7f9c04107a70 0x7f9c04107e90 unknown :-1 s=NONE pgs=0 cs=0 l=0 rev1=0 crypto rx=0 tx=0 comp rx=0 tx=0).connect
2024-04-12T19:22:38.308 INFO:teuthology.orchestra.run.smithi018.stdout:/usr/bin/ceph: stderr
2024-04-12T19:22:37.600+0000 7f9c0bd65700 1 -- --> [v2:172.21.15.18:3300/0,v1:172.21.15.18:6789/0] -- mon_getmap magic: 0 -- 0x7f9c04108460 con 0x7f9c04107a70
2024-04-12T19:22:38.308 INFO:teuthology.orchestra.run.smithi018.stdout:/usr/bin/ceph: stderr
2024-04-12T19:22:37.600+0000 7f9c09b01700 1 --2- >> [v2:172.21.15.18:3300/0,v1:172.21.15.18:6789/0] conn(0x7f9c04107a70 0x7f9c04107e90 unknown :-1 s=BANNER_CONNECTING pgs=0 cs=0 l=0 rev1=0 crypto rx=0 tx=0 comp rx=0 tx=0)._handle_peer_banner_payload supported=3 required=0
2024-04-12T19:22:38.308 INFO:teuthology.orchestra.run.smithi018.stdout:/usr/bin/ceph: stderr
2024-04-12T19:22:37.600+0000 7f9c09b01700 1 --2- >> [v2:172.21.15.18:3300/0,v1:172.21.15.18:6789/0] conn(0x7f9c04107a70 0x7f9c04107e90 unknown :-1 s=HELLO_CONNECTING pgs=0 cs=0 l=0 rev1=1 crypto rx=0 tx=0 comp rx=0 tx=0).handle_hello peer v2:172.21.15.18:3300/0 says I am v2:172.21.15.18:46530/0 (socket says 172.21.15.18:46530)
2024-04-12T19:22:38.308 INFO:teuthology.orchestra.run.smithi018.stdout:/usr/bin/ceph: stderr
2024-04-12T19:22:37.600+0000 7f9c09b01700 1 -- 172.21.15.18:0/148733794 learned_addr learned my addr 172.21.15.18:0/148733794 (peer_addr_for_me v2:172.21.15.18:0/0)
2024-04-12T19:22:38.308 INFO:teuthology.orchestra.run.smithi018.stdout:/usr/bin/ceph: stderr
2024-04-12T19:22:37.600+0000 7f9c09b01700 1 -- 172.21.15.18:0/148733794 --> [v2:172.21.15.18:3300/0,v1:172.21.15.18:6789/0] -- mon_subscribe({config=0+,monmap=0+}) -- 0x7f9c04108790 con 0x7f9c04107a70
2024-04-12T19:22:38.308 INFO:teuthology.orchestra.run.smithi018.stdout:/usr/bin/ceph: stderr
2024-04-12T19:22:37.600+0000 7f9c09b01700 1 --2- 172.21.15.18:0/148733794 >> [v2:172.21.15.18:3300/0,v1:172.21.15.18:6789/0] conn(0x7f9c04107a70 0x7f9c04107e90 secure :-1 s=READY pgs=39 cs=0 l=1 rev1=1 crypto rx=0x7f9c000098a0 tx=0x7f9c00009bb0 comp rx=0 tx=0).ready entity=mon.0 client_cookie=c9ce3d8a5f1f0907 server_cookie=0 in_seq=0 out_seq=0
2024-04-12T19:22:38.308 INFO:teuthology.orchestra.run.smithi018.stdout:/usr/bin/ceph: stderr
2024-04-12T19:22:37.600+0000 7f9c08aff700 1 -- 172.21.15.18:0/148733794 <== mon.0 v2:172.21.15.18:3300/0 1 ==== mon_map magic: 0 ==== 205+0+0 (secure 0 0 0) 0x7f9c00004160 con 0x7f9c04107a70
2024-04-12T19:22:38.309 INFO:teuthology.orchestra.run.smithi018.stdout:/usr/bin/ceph: stderr
2024-04-12T19:22:37.600+0000 7f9c08aff700 1 -- 172.21.15.18:0/148733794 <== mon.0 v2:172.21.15.18:3300/0 2 ==== config(27 keys) ==== 1109+0+0 (secure 0 0 0) 0x7f9c00004300 con 0x7f9c04107a70
2024-04-12T19:22:38.309 INFO:teuthology.orchestra.run.smithi018.stdout:/usr/bin/ceph: stderr
2024-04-12T19:22:37.600+0000 7f9c08aff700 1 -- 172.21.15.18:0/148733794 <== mon.0 v2:172.21.15.18:3300/0 3 ==== mon_map magic: 0 ==== 205+0+0 (secure 0 0 0) 0x7f9c00011b50 con 0x7f9c04107a70
2024-04-12T19:22:38.309 INFO:teuthology.orchestra.run.smithi018.stdout:/usr/bin/ceph: stderr
2024-04-12T19:22:37.601+0000 7f9c0bd65700 1 -- 172.21.15.18:0/148733794 >> [v2:172.21.15.18:3300/0,v1:172.21.15.18:6789/0] conn(0x7f9c04107a70 msgr2=0x7f9c04107e90 secure :-1 s=STATE_CONNECTION_ESTABLISHED l=1).mark_down
2024-04-12T19:22:38.309 INFO:teuthology.orchestra.run.smithi018.stdout:/usr/bin/ceph: stderr
2024-04-12T19:22:37.601+0000 7f9c0bd65700 1 --2- 172.21.15.18:0/148733794 >> [v2:172.21.15.18:3300/0,v1:172.21.15.18:6789/0] conn(0x7f9c04107a70 0x7f9c04107e90 secure :-1 s=READY pgs=39 cs=0 l=1 rev1=1 crypto rx=0x7f9c000098a0 tx=0x7f9c00009bb0 comp rx=0 tx=0).stop
2024-04-12T19:22:38.309 INFO:teuthology.orchestra.run.smithi018.stdout:/usr/bin/ceph: stderr
2024-04-12T19:22:37.601+0000 7f9c0bd65700 1 -- 172.21.15.18:0/148733794 shutdown_connections
2024-04-12T19:22:38.309 INFO:teuthology.orchestra.run.smithi018.stdout:/usr/bin/ceph: stderr
2024-04-12T19:22:37.601+0000 7f9c0bd65700 1 --2- 172.21.15.18:0/148733794 >> [v2:172.21.15.18:3300/0,v1:172.21.15.18:6789/0] conn(0x7f9c04107a70 0x7f9c04107e90 unknown :-1 s=CLOSED pgs=39 cs=0 l=1 rev1=1 crypto rx=0 tx=0 comp rx=0 tx=0).stop
2024-04-12T19:22:38.309 INFO:teuthology.orchestra.run.smithi018.stdout:/usr/bin/ceph: stderr
2024-04-12T19:22:37.601+0000 7f9c0bd65700 1 -- 172.21.15.18:0/148733794 >> 172.21.15.18:0/148733794 conn(0x7f9c04102310 msgr2=0x7f9c04104730 unknown :-1 s=STATE_NONE l=0).mark_down
2024-04-12T19:22:38.309 INFO:teuthology.orchestra.run.smithi018.stdout:/usr/bin/ceph: stderr
2024-04-12T19:22:37.601+0000 7f9c0bd65700 1 -- 172.21.15.18:0/148733794 shutdown_connections
2024-04-12T19:22:38.309 INFO:teuthology.orchestra.run.smithi018.stdout:/usr/bin/ceph: stderr
2024-04-12T19:22:37.601+0000 7f9c0bd65700 1 -- 172.21.15.18:0/148733794 wait complete.
2024-04-12T19:22:38.309 INFO:teuthology.orchestra.run.smithi018.stdout:/usr/bin/ceph: stderr
2024-04-12T19:22:37.602+0000 7f9c0bd65700 1 Processor -- start
2024-04-12T19:22:38.309 INFO:teuthology.orchestra.run.smithi018.stdout:/usr/bin/ceph: stderr
2024-04-12T19:22:37.602+0000 7f9c0bd65700 1 -- start start
2024-04-12T19:22:38.309 INFO:teuthology.orchestra.run.smithi018.stdout:/usr/bin/ceph: stderr
2024-04-12T19:22:37.602+0000 7f9c0bd65700 1 --2- >> [v2:172.21.15.18:3300/0,v1:172.21.15.18:6789/0] conn(0x7f9c04107a70 0x7f9c0419c640 unknown :-1 s=NONE pgs=0 cs=0 l=1 rev1=0 crypto rx=0 tx=0 comp rx=0 tx=0).connect
2024-04-12T19:22:38.310 INFO:teuthology.orchestra.run.smithi018.stdout:/usr/bin/ceph: stderr
2024-04-12T19:22:37.602+0000 7f9c0bd65700 1 -- --> [v2:172.21.15.18:3300/0,v1:172.21.15.18:6789/0] -- mon_getmap magic: 0 -- 0x7f9c0410bb40 con 0x7f9c04107a70
2024-04-12T19:22:38.310 INFO:teuthology.orchestra.run.smithi018.stdout:/usr/bin/ceph: stderr
2024-04-12T19:22:37.602+0000 7f9c09b01700 1 --2- >> [v2:172.21.15.18:3300/0,v1:172.21.15.18:6789/0] conn(0x7f9c04107a70 0x7f9c0419c640 unknown :-1 s=BANNER_CONNECTING pgs=0 cs=0 l=1 rev1=0 crypto rx=0 tx=0 comp rx=0 tx=0)._handle_peer_banner_payload supported=3 required=0
2024-04-12T19:22:38.310 INFO:teuthology.orchestra.run.smithi018.stdout:/usr/bin/ceph: stderr
2024-04-12T19:22:37.602+0000 7f9c09b01700 1 --2- >> [v2:172.21.15.18:3300/0,v1:172.21.15.18:6789/0] conn(0x7f9c04107a70 0x7f9c0419c640 unknown :-1 s=HELLO_CONNECTING pgs=0 cs=0 l=1 rev1=1 crypto rx=0 tx=0 comp rx=0 tx=0).handle_hello peer v2:172.21.15.18:3300/0 says I am v2:172.21.15.18:46538/0 (socket says 172.21.15.18:46538)
2024-04-12T19:22:38.310 INFO:teuthology.orchestra.run.smithi018.stdout:/usr/bin/ceph: stderr
2024-04-12T19:22:37.602+0000 7f9c09b01700 1 -- 172.21.15.18:0/1724489000 learned_addr learned my addr 172.21.15.18:0/1724489000 (peer_addr_for_me v2:172.21.15.18:0/0)
2024-04-12T19:22:38.310 INFO:teuthology.orchestra.run.smithi018.stdout:/usr/bin/ceph: stderr
2024-04-12T19:22:37.602+0000 7f9c09b01700 1 -- 172.21.15.18:0/1724489000 --> [v2:172.21.15.18:3300/0,v1:172.21.15.18:6789/0] -- mon_subscribe({config=0+,monmap=0+}) -- 0x7f9c0419cb80 con 0x7f9c04107a70
2024-04-12T19:22:38.310 INFO:teuthology.orchestra.run.smithi018.stdout:/usr/bin/ceph: stderr
2024-04-12T19:22:37.602+0000 7f9c09b01700 1 --2- 172.21.15.18:0/1724489000 >> [v2:172.21.15.18:3300/0,v1:172.21.15.18:6789/0] conn(0x7f9c04107a70 0x7f9c0419c640 secure :-1 s=READY pgs=40 cs=0 l=1 rev1=1 crypto rx=0x7f9c00011b60 tx=0x7f9c00011c40 comp rx=0 tx=0).ready entity=mon.0 client_cookie=0 server_cookie=0 in_seq=0 out_seq=0
2024-04-12T19:22:38.310 INFO:teuthology.orchestra.run.smithi018.stdout:/usr/bin/ceph: stderr
2024-04-12T19:22:37.603+0000 7f9bfaffd700 1 -- 172.21.15.18:0/1724489000 <== mon.0 v2:172.21.15.18:3300/0 1 ==== mon_map magic: 0 ==== 205+0+0 (secure 0 0 0) 0x7f9c00003b20 con 0x7f9c04107a70
2024-04-12T19:22:38.310 INFO:teuthology.orchestra.run.smithi018.stdout:/usr/bin/ceph: stderr
2024-04-12T19:22:37.603+0000 7f9bfaffd700 1 -- 172.21.15.18:0/1724489000 <== mon.0 v2:172.21.15.18:3300/0 2 ==== config(27 keys) ==== 1109+0+0 (secure 0 0 0) 0x7f9c00003cc0 con 0x7f9c04107a70
2024-04-12T19:22:38.310 INFO:teuthology.orchestra.run.smithi018.stdout:/usr/bin/ceph: stderr
2024-04-12T19:22:37.603+0000 7f9c0bd65700 1 -- 172.21.15.18:0/1724489000 --> [v2:172.21.15.18:3300/0,v1:172.21.15.18:6789/0] -- mon_subscribe({mgrmap=0+}) -- 0x7f9c0419ce10 con 0x7f9c04107a70
2024-04-12T19:22:38.310 INFO:teuthology.orchestra.run.smithi018.stdout:/usr/bin/ceph: stderr
2024-04-12T19:22:37.603+0000 7f9bfaffd700 1 -- 172.21.15.18:0/1724489000 <== mon.0 v2:172.21.15.18:3300/0 3 ==== mon_map magic: 0 ==== 205+0+0 (secure 0 0 0) 0x7f9c00024840 con 0x7f9c04107a70
2024-04-12T19:22:38.310 INFO:teuthology.orchestra.run.smithi018.stdout:/usr/bin/ceph: stderr
2024-04-12T19:22:37.603+0000 7f9c0bd65700 1 -- 172.21.15.18:0/1724489000 --> [v2:172.21.15.18:3300/0,v1:172.21.15.18:6789/0] -- mon_subscribe({osdmap=0}) -- 0x7f9c0419fb00 con 0x7f9c04107a70
2024-04-12T19:22:38.310 INFO:teuthology.orchestra.run.smithi018.stdout:/usr/bin/ceph: stderr
2024-04-12T19:22:37.603+0000 7f9bfaffd700 1 -- 172.21.15.18:0/1724489000 <== mon.0 v2:172.21.15.18:3300/0 4 ==== mgrmap(e 8) ==== 46558+0+0 (secure 0 0 0) 0x7f9c00022020 con 0x7f9c04107a70
2024-04-12T19:22:38.311 INFO:teuthology.orchestra.run.smithi018.stdout:/usr/bin/ceph: stderr
2024-04-12T19:22:37.604+0000 7f9bfaffd700 1 --2- 172.21.15.18:0/1724489000 >> [v2:172.21.15.18:6800/3672942948,v1:172.21.15.18:6801/3672942948] conn(0x7f9bf0039600 0x7f9bf003bac0 unknown :-1 s=NONE pgs=0 cs=0 l=1 rev1=0 crypto rx=0 tx=0 comp rx=0 tx=0).connect
2024-04-12T19:22:38.311 INFO:teuthology.orchestra.run.smithi018.stdout:/usr/bin/ceph: stderr
2024-04-12T19:22:37.604+0000 7f9bfaffd700 1 -- 172.21.15.18:0/1724489000 <== mon.0 v2:172.21.15.18:3300/0 5 ==== osd_map(2..2 src has 1..2) ==== 940+0+0 (secure 0 0 0) 0x7f9c00011e00 con 0x7f9c04107a70
2024-04-12T19:22:38.311 INFO:teuthology.orchestra.run.smithi018.stdout:/usr/bin/ceph: stderr
2024-04-12T19:22:37.604+0000 7f9c0bd65700 1 -- 172.21.15.18:0/1724489000 --> [v2:172.21.15.18:3300/0,v1:172.21.15.18:6789/0] -- mon_command({"prefix": "get_command_descriptions"} v 0) -- 0x7f9c04064110 con 0x7f9c04107a70
2024-04-12T19:22:38.311 INFO:teuthology.orchestra.run.smithi018.stdout:/usr/bin/ceph: stderr
2024-04-12T19:22:37.604+0000 7f9c09300700 1 --2- 172.21.15.18:0/1724489000 >> [v2:172.21.15.18:6800/3672942948,v1:172.21.15.18:6801/3672942948] conn(0x7f9bf0039600 0x7f9bf003bac0 unknown :-1 s=BANNER_CONNECTING pgs=0 cs=0 l=1 rev1=0 crypto rx=0 tx=0 comp rx=0 tx=0)._handle_peer_banner_payload supported=3 required=0
2024-04-12T19:22:38.311 INFO:teuthology.orchestra.run.smithi018.stdout:/usr/bin/ceph: stderr
2024-04-12T19:22:37.604+0000 7f9c09300700 1 --2- 172.21.15.18:0/1724489000 >> [v2:172.21.15.18:6800/3672942948,v1:172.21.15.18:6801/3672942948] conn(0x7f9bf0039600 0x7f9bf003bac0 secure :-1 s=READY pgs=8 cs=0 l=1 rev1=1 crypto rx=0x7f9bf4006fd0 tx=0x7f9bf4006e40 comp rx=0 tx=0).ready entity=mgr.14120 client_cookie=0 server_cookie=0 in_seq=0 out_seq=0
2024-04-12T19:22:38.311 INFO:teuthology.orchestra.run.smithi018.stdout:/usr/bin/ceph: stderr
2024-04-12T19:22:37.609+0000 7f9bfaffd700 1 -- 172.21.15.18:0/1724489000 <== mon.0 v2:172.21.15.18:3300/0 6 ==== mon_command_ack([{"prefix": "get_command_descriptions"}]=0 v0) ==== 72+0+188370 (secure 0 0 0) 0x7f9c000172b0 con 0x7f9c04107a70
2024-04-12T19:22:38.311 INFO:teuthology.orchestra.run.smithi018.stdout:/usr/bin/ceph: stderr
2024-04-12T19:22:37.820+0000 7f9c0bd65700 1 -- 172.21.15.18:0/1724489000 --> [v2:172.21.15.18:6800/3672942948,v1:172.21.15.18:6801/3672942948] -- mgr_command(tid 0: {"prefix": "cephadm set-user", "user": "root", "target": ["mon-mgr", ""]}) -- 0x7f9c0402e1d0 con 0x7f9bf0039600
2024-04-12T19:22:38.311 INFO:teuthology.orchestra.run.smithi018.stdout:/usr/bin/ceph: stderr
2024-04-12T19:22:37.820+0000 7f9bfaffd700 1 -- 172.21.15.18:0/1724489000 <== mgr.14120 v2:172.21.15.18:6800/3672942948 1 ==== mgr_command_reply(tid 0: 0 ) ==== 8+0+16 (secure 0 0 0) 0x7f9c0402e1d0 con 0x7f9bf0039600
2024-04-12T19:22:38.311 INFO:teuthology.orchestra.run.smithi018.stdout:/usr/bin/ceph: stderr
2024-04-12T19:22:37.822+0000 7f9c0bd65700 1 -- 172.21.15.18:0/1724489000 >> [v2:172.21.15.18:6800/3672942948,v1:172.21.15.18:6801/3672942948] conn(0x7f9bf0039600 msgr2=0x7f9bf003bac0 secure :-1 s=STATE_CONNECTION_ESTABLISHED l=1).mark_down
2024-04-12T19:22:38.311 INFO:teuthology.orchestra.run.smithi018.stdout:/usr/bin/ceph: stderr
2024-04-12T19:22:37.822+0000 7f9c0bd65700 1 --2- 172.21.15.18:0/1724489000 >> [v2:172.21.15.18:6800/3672942948,v1:172.21.15.18:6801/3672942948] conn(0x7f9bf0039600 0x7f9bf003bac0 secure :-1 s=READY pgs=8 cs=0 l=1 rev1=1 crypto rx=0x7f9bf4006fd0 tx=0x7f9bf4006e40 comp rx=0 tx=0).stop
2024-04-12T19:22:38.311 INFO:teuthology.orchestra.run.smithi018.stdout:/usr/bin/ceph: stderr
2024-04-12T19:22:37.822+0000 7f9c0bd65700 1 -- 172.21.15.18:0/1724489000 >> [v2:172.21.15.18:3300/0,v1:172.21.15.18:6789/0] conn(0x7f9c04107a70 msgr2=0x7f9c0419c640 secure :-1 s=STATE_CONNECTION_ESTABLISHED l=1).mark_down
2024-04-12T19:22:38.311 INFO:teuthology.orchestra.run.smithi018.stdout:/usr/bin/ceph: stderr
2024-04-12T19:22:37.823+0000 7f9c0bd65700 1 --2- 172.21.15.18:0/1724489000 >> [v2:172.21.15.18:3300/0,v1:172.21.15.18:6789/0] conn(0x7f9c04107a70 0x7f9c0419c640 secure :-1 s=READY pgs=40 cs=0 l=1 rev1=1 crypto rx=0x7f9c00011b60 tx=0x7f9c00011c40 comp rx=0 tx=0).stop
2024-04-12T19:22:38.311 INFO:teuthology.orchestra.run.smithi018.stdout:/usr/bin/ceph: stderr
2024-04-12T19:22:37.823+0000 7f9c0bd65700 1 -- 172.21.15.18:0/1724489000 shutdown_connections
2024-04-12T19:22:38.312 INFO:teuthology.orchestra.run.smithi018.stdout:/usr/bin/ceph: stderr
2024-04-12T19:22:37.823+0000 7f9c0bd65700 1 --2- 172.21.15.18:0/1724489000 >> [v2:172.21.15.18:6800/3672942948,v1:172.21.15.18:6801/3672942948] conn(0x7f9bf0039600 0x7f9bf003bac0 unknown :-1 s=CLOSED pgs=8 cs=0 l=1 rev1=1 crypto rx=0 tx=0 comp rx=0 tx=0).stop
2024-04-12T19:22:38.312 INFO:teuthology.orchestra.run.smithi018.stdout:/usr/bin/ceph: stderr
2024-04-12T19:22:37.823+0000 7f9c0bd65700 1 --2- 172.21.15.18:0/1724489000 >> [v2:172.21.15.18:3300/0,v1:172.21.15.18:6789/0] conn(0x7f9c04107a70 0x7f9c0419c640 unknown :-1 s=CLOSED pgs=40 cs=0 l=1 rev1=1 crypto rx=0 tx=0 comp rx=0 tx=0).stop
2024-04-12T19:22:38.312 INFO:teuthology.orchestra.run.smithi018.stdout:/usr/bin/ceph: stderr
2024-04-12T19:22:37.823+0000 7f9c0bd65700 1 -- 172.21.15.18:0/1724489000 >> 172.21.15.18:0/1724489000 conn(0x7f9c04102310 msgr2=0x7f9c041031b0 unknown :-1 s=STATE_NONE l=0).mark_down
2024-04-12T19:22:38.312 INFO:teuthology.orchestra.run.smithi018.stdout:/usr/bin/ceph: stderr
2024-04-12T19:22:37.823+0000 7f9c0bd65700 1 -- 172.21.15.18:0/1724489000 shutdown_connections
2024-04-12T19:22:38.312 INFO:teuthology.orchestra.run.smithi018.stdout:/usr/bin/ceph: stderr
2024-04-12T19:22:37.823+0000 7f9c0bd65700 1 -- 172.21.15.18:0/1724489000 wait complete.
2024-04-12T19:22:38.312 INFO:teuthology.orchestra.run.smithi018.stdout:Generating ssh key...
2024-04-12T19:22:38.594 INFO:journalctl@ceph.mon.a.smithi018.stdout:Apr 12 19:22:38 smithi018 ceph-mon[32256]: from='client.14132 -' entity='client.admin' cmd=[{"prefix": "orch set backend", "module_name": "cephadm", "target": ["mon-mgr", ""]}]: dispatch
2024-04-12T19:22:38.594 INFO:journalctl@ceph.mon.a.smithi018.stdout:Apr 12 19:22:38 smithi018 ceph-mon[32256]: mgrmap e8: x(active, since 2s)
2024-04-12T19:22:39.166 INFO:journalctl@ceph.mgr.x.smithi018.stdout:Apr 12 19:22:39 smithi018 ceph-c8996638-f901-11ee-bc8d-c7b262605968-mgr-x[32490]: Generating public/private rsa key pair.
2024-04-12T19:22:39.166 INFO:journalctl@ceph.mgr.x.smithi018.stdout:Apr 12 19:22:39 smithi018 ceph-c8996638-f901-11ee-bc8d-c7b262605968-mgr-x[32490]: Your identification has been saved in /tmp/tmpw_l63hy_/key.
2024-04-12T19:22:39.167 INFO:journalctl@ceph.mgr.x.smithi018.stdout:Apr 12 19:22:39 smithi018 ceph-c8996638-f901-11ee-bc8d-c7b262605968-mgr-x[32490]: Your public key has been saved in /tmp/tmpw_l63hy_/key.pub.
2024-04-12T19:22:39.167 INFO:journalctl@ceph.mgr.x.smithi018.stdout:Apr 12 19:22:39 smithi018 ceph-c8996638-f901-11ee-bc8d-c7b262605968-mgr-x[32490]: The key fingerprint is:
2024-04-12T19:22:39.167 INFO:journalctl@ceph.mgr.x.smithi018.stdout:Apr 12 19:22:39 smithi018 ceph-c8996638-f901-11ee-bc8d-c7b262605968-mgr-x[32490]: SHA256:7Bmj8IL2vohSlQyjkQyCm6A7/XC4NLqpoVc4YBFrEp4 ceph-c8996638-f901-11ee-bc8d-c7b262605968
2024-04-12T19:22:39.167 INFO:journalctl@ceph.mgr.x.smithi018.stdout:Apr 12 19:22:39 smithi018 ceph-c8996638-f901-11ee-bc8d-c7b262605968-mgr-x[32490]: The key's randomart image is:
2024-04-12T19:22:39.167 INFO:journalctl@ceph.mgr.x.smithi018.stdout:Apr 12 19:22:39 smithi018 ceph-c8996638-f901-11ee-bc8d-c7b262605968-mgr-x[32490]: +---[RSA 3072]----+
2024-04-12T19:22:39.167 INFO:journalctl@ceph.mgr.x.smithi018.stdout:Apr 12 19:22:39 smithi018 ceph-c8996638-f901-11ee-bc8d-c7b262605968-mgr-x[32490]: |Bo. |
2024-04-12T19:22:39.167 INFO:journalctl@ceph.mgr.x.smithi018.stdout:Apr 12 19:22:39 smithi018 ceph-c8996638-f901-11ee-bc8d-c7b262605968-mgr-x[32490]: |B+= |
2024-04-12T19:22:39.167 INFO:journalctl@ceph.mgr.x.smithi018.stdout:Apr 12 19:22:39 smithi018 ceph-c8996638-f901-11ee-bc8d-c7b262605968-mgr-x[32490]: |+E.+ . |
2024-04-12T19:22:39.167 INFO:journalctl@ceph.mgr.x.smithi018.stdout:Apr 12 19:22:39 smithi018 ceph-c8996638-f901-11ee-bc8d-c7b262605968-mgr-x[32490]: |O. + . |
2024-04-12T19:22:39.167 INFO:journalctl@ceph.mgr.x.smithi018.stdout:Apr 12 19:22:39 smithi018 ceph-c8996638-f901-11ee-bc8d-c7b262605968-mgr-x[32490]: |.+ +. S |
2024-04-12T19:22:39.167 INFO:journalctl@ceph.mgr.x.smithi018.stdout:Apr 12 19:22:39 smithi018 ceph-c8996638-f901-11ee-bc8d-c7b262605968-mgr-x[32490]: |o X.oo o + |
2024-04-12T19:22:39.167 INFO:journalctl@ceph.mgr.x.smithi018.stdout:Apr 12 19:22:39 smithi018 ceph-c8996638-f901-11ee-bc8d-c7b262605968-mgr-x[32490]: |.=oO. o o |
2024-04-12T19:22:39.167 INFO:journalctl@ceph.mgr.x.smithi018.stdout:Apr 12 19:22:39 smithi018 ceph-c8996638-f901-11ee-bc8d-c7b262605968-mgr-x[32490]: |+=oo.. |
2024-04-12T19:22:39.168 INFO:journalctl@ceph.mgr.x.smithi018.stdout:Apr 12 19:22:39 smithi018 ceph-c8996638-f901-11ee-bc8d-c7b262605968-mgr-x[32490]: |Oo..+. |
2024-04-12T19:22:39.168 INFO:journalctl@ceph.mgr.x.smithi018.stdout:Apr 12 19:22:39 smithi018 ceph-c8996638-f901-11ee-bc8d-c7b262605968-mgr-x[32490]: +----[SHA256]-----+
2024-04-12T19:22:39.463 INFO:journalctl@ceph.mon.a.smithi018.stdout:Apr 12 19:22:39 smithi018 ceph-mon[32256]: from='client.14134 -' entity='client.admin' cmd=[{"prefix": "cephadm set-user", "user": "root", "target": ["mon-mgr", ""]}]: dispatch
2024-04-12T19:22:39.463 INFO:journalctl@ceph.mon.a.smithi018.stdout:Apr 12 19:22:39 smithi018 ceph-mon[32256]: from='mgr.14120 172.21.15.18:0/2648566181' entity='mgr.x'
2024-04-12T19:22:39.463 INFO:journalctl@ceph.mon.a.smithi018.stdout:Apr 12 19:22:39 smithi018 ceph-mon[32256]: from='mgr.14120 172.21.15.18:0/2648566181' entity='mgr.x'
2024-04-12T19:22:39.738 INFO:teuthology.orchestra.run.smithi018.stdout:/usr/bin/ceph: stderr
2024-04-12T19:22:38.694+0000 7ffac3f2f700 1 Processor -- start
2024-04-12T19:22:39.738 INFO:teuthology.orchestra.run.smithi018.stdout:/usr/bin/ceph: stderr
2024-04-12T19:22:38.694+0000 7ffac3f2f700 1 -- start start
2024-04-12T19:22:39.738 INFO:teuthology.orchestra.run.smithi018.stdout:/usr/bin/ceph: stderr
2024-04-12T19:22:38.694+0000 7ffac3f2f700 1 --2- >> [v2:172.21.15.18:3300/0,v1:172.21.15.18:6789/0] conn(0x7ffabc1091d0 0x7ffabc10b5c0 unknown :-1 s=NONE pgs=0 cs=0 l=0 rev1=0 crypto rx=0 tx=0 comp rx=0 tx=0).connect
2024-04-12T19:22:39.738 INFO:teuthology.orchestra.run.smithi018.stdout:/usr/bin/ceph: stderr
2024-04-12T19:22:38.694+0000 7ffac3f2f700 1 -- --> [v2:172.21.15.18:3300/0,v1:172.21.15.18:6789/0] -- mon_getmap magic: 0 -- 0x7ffabc07be00 con 0x7ffabc1091d0
2024-04-12T19:22:39.739 INFO:teuthology.orchestra.run.smithi018.stdout:/usr/bin/ceph: stderr
2024-04-12T19:22:38.694+0000 7ffac1ccb700 1 --2- >> [v2:172.21.15.18:3300/0,v1:172.21.15.18:6789/0] conn(0x7ffabc1091d0 0x7ffabc10b5c0 unknown :-1 s=BANNER_CONNECTING pgs=0 cs=0 l=0 rev1=0 crypto rx=0 tx=0 comp rx=0 tx=0)._handle_peer_banner_payload supported=3 required=0
2024-04-12T19:22:39.739 INFO:teuthology.orchestra.run.smithi018.stdout:/usr/bin/ceph: stderr
2024-04-12T19:22:38.694+0000 7ffac1ccb700 1 --2- >> [v2:172.21.15.18:3300/0,v1:172.21.15.18:6789/0] conn(0x7ffabc1091d0 0x7ffabc10b5c0 unknown :-1 s=HELLO_CONNECTING pgs=0 cs=0 l=0 rev1=1 crypto rx=0 tx=0 comp rx=0 tx=0).handle_hello peer v2:172.21.15.18:3300/0 says I am v2:172.21.15.18:46546/0 (socket says 172.21.15.18:46546)
2024-04-12T19:22:39.739 INFO:teuthology.orchestra.run.smithi018.stdout:/usr/bin/ceph: stderr
2024-04-12T19:22:38.694+0000 7ffac1ccb700 1 -- 172.21.15.18:0/183793709 learned_addr learned my addr 172.21.15.18:0/183793709 (peer_addr_for_me v2:172.21.15.18:0/0)
2024-04-12T19:22:39.739 INFO:teuthology.orchestra.run.smithi018.stdout:/usr/bin/ceph: stderr
2024-04-12T19:22:38.695+0000 7ffac1ccb700 1 -- 172.21.15.18:0/183793709 --> [v2:172.21.15.18:3300/0,v1:172.21.15.18:6789/0] -- mon_subscribe({config=0+,monmap=0+}) -- 0x7ffabc10bb00 con 0x7ffabc1091d0
2024-04-12T19:22:39.739 INFO:teuthology.orchestra.run.smithi018.stdout:/usr/bin/ceph: stderr
2024-04-12T19:22:38.695+0000 7ffac1ccb700 1 --2- 172.21.15.18:0/183793709 >> [v2:172.21.15.18:3300/0,v1:172.21.15.18:6789/0] conn(0x7ffabc1091d0 0x7ffabc10b5c0 secure :-1 s=READY pgs=41 cs=0 l=1 rev1=1 crypto rx=0x7ffab80098a0 tx=0x7ffab8009bb0 comp rx=0 tx=0).ready entity=mon.0 client_cookie=2c89a3d74eb597 server_cookie=0 in_seq=0 out_seq=0
2024-04-12T19:22:39.739 INFO:teuthology.orchestra.run.smithi018.stdout:/usr/bin/ceph: stderr
2024-04-12T19:22:38.695+0000 7ffac0cc9700 1 -- 172.21.15.18:0/183793709 <== mon.0 v2:172.21.15.18:3300/0 1 ==== mon_map magic: 0 ==== 205+0+0 (secure 0 0 0) 0x7ffab8004160 con 0x7ffabc1091d0
2024-04-12T19:22:39.739 INFO:teuthology.orchestra.run.smithi018.stdout:/usr/bin/ceph: stderr
2024-04-12T19:22:38.695+0000 7ffac0cc9700 1 -- 172.21.15.18:0/183793709 <== mon.0 v2:172.21.15.18:3300/0 2 ==== config(27 keys) ==== 1109+0+0 (secure 0 0 0) 0x7ffab8004300 con 0x7ffabc1091d0
2024-04-12T19:22:39.739 INFO:teuthology.orchestra.run.smithi018.stdout:/usr/bin/ceph: stderr
2024-04-12T19:22:38.695+0000 7ffac0cc9700 1 -- 172.21.15.18:0/183793709 <== mon.0 v2:172.21.15.18:3300/0 3 ==== mon_map magic: 0 ==== 205+0+0 (secure 0 0 0) 0x7ffab8011b50 con 0x7ffabc1091d0
2024-04-12T19:22:39.739 INFO:teuthology.orchestra.run.smithi018.stdout:/usr/bin/ceph: stderr
2024-04-12T19:22:38.695+0000 7ffac3f2f700 1 -- 172.21.15.18:0/183793709 >> [v2:172.21.15.18:3300/0,v1:172.21.15.18:6789/0] conn(0x7ffabc1091d0 msgr2=0x7ffabc10b5c0 secure :-1 s=STATE_CONNECTION_ESTABLISHED l=1).mark_down
2024-04-12T19:22:39.739 INFO:teuthology.orchestra.run.smithi018.stdout:/usr/bin/ceph: stderr
2024-04-12T19:22:38.695+0000 7ffac3f2f700 1 --2- 172.21.15.18:0/183793709 >> [v2:172.21.15.18:3300/0,v1:172.21.15.18:6789/0] conn(0x7ffabc1091d0 0x7ffabc10b5c0 secure :-1 s=READY pgs=41 cs=0 l=1 rev1=1 crypto rx=0x7ffab80098a0 tx=0x7ffab8009bb0 comp rx=0 tx=0).stop
2024-04-12T19:22:39.739 INFO:teuthology.orchestra.run.smithi018.stdout:/usr/bin/ceph: stderr
2024-04-12T19:22:38.696+0000 7ffac3f2f700 1 -- 172.21.15.18:0/183793709 shutdown_connections
2024-04-12T19:22:39.739 INFO:teuthology.orchestra.run.smithi018.stdout:/usr/bin/ceph: stderr
2024-04-12T19:22:38.696+0000 7ffac3f2f700 1 --2- 172.21.15.18:0/183793709 >> [v2:172.21.15.18:3300/0,v1:172.21.15.18:6789/0] conn(0x7ffabc1091d0 0x7ffabc10b5c0 unknown :-1 s=CLOSED pgs=41 cs=0 l=1 rev1=1 crypto rx=0 tx=0 comp rx=0 tx=0).stop
2024-04-12T19:22:39.739 INFO:teuthology.orchestra.run.smithi018.stdout:/usr/bin/ceph: stderr
2024-04-12T19:22:38.696+0000 7ffac3f2f700 1 -- 172.21.15.18:0/183793709 >> 172.21.15.18:0/183793709 conn(0x7ffabc102be0 msgr2=0x7ffabc105000 unknown :-1 s=STATE_NONE l=0).mark_down
2024-04-12T19:22:39.740 INFO:teuthology.orchestra.run.smithi018.stdout:/usr/bin/ceph: stderr
2024-04-12T19:22:38.696+0000 7ffac3f2f700 1 -- 172.21.15.18:0/183793709 shutdown_connections
2024-04-12T19:22:39.740 INFO:teuthology.orchestra.run.smithi018.stdout:/usr/bin/ceph: stderr
2024-04-12T19:22:38.696+0000 7ffac3f2f700 1 -- 172.21.15.18:0/183793709 wait complete.
2024-04-12T19:22:39.740 INFO:teuthology.orchestra.run.smithi018.stdout:/usr/bin/ceph: stderr
2024-04-12T19:22:38.696+0000 7ffac3f2f700 1 Processor -- start
2024-04-12T19:22:39.740 INFO:teuthology.orchestra.run.smithi018.stdout:/usr/bin/ceph: stderr
2024-04-12T19:22:38.696+0000 7ffac3f2f700 1 -- start start
2024-04-12T19:22:39.740 INFO:teuthology.orchestra.run.smithi018.stdout:/usr/bin/ceph: stderr
2024-04-12T19:22:38.696+0000 7ffac3f2f700 1 --2- >> [v2:172.21.15.18:3300/0,v1:172.21.15.18:6789/0] conn(0x7ffabc1091d0 0x7ffabc19c690 unknown :-1 s=NONE pgs=0 cs=0 l=1 rev1=0 crypto rx=0 tx=0 comp rx=0 tx=0).connect
