2024-04-12T19:22:22.713 INFO:journalctl@ceph.mon.a.smithi018.stdout:Apr 12 19:22:22 smithi018 ceph-mon[32256]: from='mgr.14100 172.21.15.18:0/1400000045' entity='mgr.x' cmd=[{"prefix":"config rm","who":"mgr","name":"mgr/rbd_support/x/trash_purge_schedule"}]: dispatch
2024-04-12T19:22:22.713 INFO:journalctl@ceph.mon.a.smithi018.stdout:Apr 12 19:22:22 smithi018 ceph-mon[32256]: from='mgr.14100 172.21.15.18:0/1400000045' entity='mgr.x'
2024-04-12T19:22:22.713 INFO:journalctl@ceph.mon.a.smithi018.stdout:Apr 12 19:22:22 smithi018 ceph-mon[32256]: from='mgr.14100 172.21.15.18:0/1400000045' entity='mgr.x'
2024-04-12T19:22:22.713 INFO:journalctl@ceph.mon.a.smithi018.stdout:Apr 12 19:22:22 smithi018 ceph-mon[32256]: from='mgr.14100 172.21.15.18:0/1400000045' entity='mgr.x'
2024-04-12T19:22:23.713 INFO:journalctl@ceph.mon.a.smithi018.stdout:Apr 12 19:22:23 smithi018 ceph-mon[32256]: mgrmap e3: x(active, since 1.016s)
2024-04-12T19:22:24.702 INFO:journalctl@ceph.mon.a.smithi018.stdout:Apr 12 19:22:24 smithi018 ceph-mon[32256]: mgrmap e4: x(active, since 2s)
2024-04-12T19:22:25.276 INFO:teuthology.orchestra.run.smithi018.stdout:/usr/bin/ceph: stdout
2024-04-12T19:22:25.276 INFO:teuthology.orchestra.run.smithi018.stdout:/usr/bin/ceph: stdout {
2024-04-12T19:22:25.276 INFO:teuthology.orchestra.run.smithi018.stdout:/usr/bin/ceph: stdout "fsid": "c8996638-f901-11ee-bc8d-c7b262605968",
2024-04-12T19:22:25.276 INFO:teuthology.orchestra.run.smithi018.stdout:/usr/bin/ceph: stdout "health": {
2024-04-12T19:22:25.276 INFO:teuthology.orchestra.run.smithi018.stdout:/usr/bin/ceph: stdout "status": "HEALTH_OK",
2024-04-12T19:22:25.276 INFO:teuthology.orchestra.run.smithi018.stdout:/usr/bin/ceph: stdout "checks": {},
2024-04-12T19:22:25.276 INFO:teuthology.orchestra.run.smithi018.stdout:/usr/bin/ceph: stdout "mutes": []
2024-04-12T19:22:25.276 INFO:teuthology.orchestra.run.smithi018.stdout:/usr/bin/ceph: stdout },
2024-04-12T19:22:25.276 INFO:teuthology.orchestra.run.smithi018.stdout:/usr/bin/ceph: stdout "election_epoch": 5,
2024-04-12T19:22:25.277 INFO:teuthology.orchestra.run.smithi018.stdout:/usr/bin/ceph: stdout "quorum": [
2024-04-12T19:22:25.277 INFO:teuthology.orchestra.run.smithi018.stdout:/usr/bin/ceph: stdout 0
2024-04-12T19:22:25.277 INFO:teuthology.orchestra.run.smithi018.stdout:/usr/bin/ceph: stdout ],
2024-04-12T19:22:25.277 INFO:teuthology.orchestra.run.smithi018.stdout:/usr/bin/ceph: stdout "quorum_names": [
2024-04-12T19:22:25.277 INFO:teuthology.orchestra.run.smithi018.stdout:/usr/bin/ceph: stdout "a"
2024-04-12T19:22:25.277 INFO:teuthology.orchestra.run.smithi018.stdout:/usr/bin/ceph: stdout ],
2024-04-12T19:22:25.277 INFO:teuthology.orchestra.run.smithi018.stdout:/usr/bin/ceph: stdout "quorum_age": 12,
2024-04-12T19:22:25.277 INFO:teuthology.orchestra.run.smithi018.stdout:/usr/bin/ceph: stdout "monmap": {
2024-04-12T19:22:25.277 INFO:teuthology.orchestra.run.smithi018.stdout:/usr/bin/ceph: stdout "epoch": 1,
2024-04-12T19:22:25.277 INFO:teuthology.orchestra.run.smithi018.stdout:/usr/bin/ceph: stdout "min_mon_release_name": "squid",
2024-04-12T19:22:25.277 INFO:teuthology.orchestra.run.smithi018.stdout:/usr/bin/ceph: stdout "num_mons": 1
2024-04-12T19:22:25.277 INFO:teuthology.orchestra.run.smithi018.stdout:/usr/bin/ceph: stdout },
2024-04-12T19:22:25.277 INFO:teuthology.orchestra.run.smithi018.stdout:/usr/bin/ceph: stdout "osdmap": {
2024-04-12T19:22:25.277 INFO:teuthology.orchestra.run.smithi018.stdout:/usr/bin/ceph: stdout "epoch": 1,
2024-04-12T19:22:25.278 INFO:teuthology.orchestra.run.smithi018.stdout:/usr/bin/ceph: stdout "num_osds": 0,
2024-04-12T19:22:25.278 INFO:teuthology.orchestra.run.smithi018.stdout:/usr/bin/ceph: stdout "num_up_osds": 0,
2024-04-12T19:22:25.278 INFO:teuthology.orchestra.run.smithi018.stdout:/usr/bin/ceph: stdout "osd_up_since": 0,
2024-04-12T19:22:25.290 INFO:teuthology.orchestra.run.smithi018.stdout:/usr/bin/ceph: stdout "num_in_osds": 0,
2024-04-12T19:22:25.290 INFO:teuthology.orchestra.run.smithi018.stdout:/usr/bin/ceph: stdout "osd_in_since": 0,
2024-04-12T19:22:25.290 INFO:teuthology.orchestra.run.smithi018.stdout:/usr/bin/ceph: stdout "num_remapped_pgs": 0
2024-04-12T19:22:25.290 INFO:teuthology.orchestra.run.smithi018.stdout:/usr/bin/ceph: stdout },
2024-04-12T19:22:25.290 INFO:teuthology.orchestra.run.smithi018.stdout:/usr/bin/ceph: stdout "pgmap": {
2024-04-12T19:22:25.290 INFO:teuthology.orchestra.run.smithi018.stdout:/usr/bin/ceph: stdout "pgs_by_state": [],
2024-04-12T19:22:25.290 INFO:teuthology.orchestra.run.smithi018.stdout:/usr/bin/ceph: stdout "num_pgs": 0,
2024-04-12T19:22:25.290 INFO:teuthology.orchestra.run.smithi018.stdout:/usr/bin/ceph: stdout "num_pools": 0,
2024-04-12T19:22:25.290 INFO:teuthology.orchestra.run.smithi018.stdout:/usr/bin/ceph: stdout "num_objects": 0,
2024-04-12T19:22:25.290 INFO:teuthology.orchestra.run.smithi018.stdout:/usr/bin/ceph: stdout "data_bytes": 0,
2024-04-12T19:22:25.290 INFO:teuthology.orchestra.run.smithi018.stdout:/usr/bin/ceph: stdout "bytes_used": 0,
2024-04-12T19:22:25.290 INFO:teuthology.orchestra.run.smithi018.stdout:/usr/bin/ceph: stdout "bytes_avail": 0,
2024-04-12T19:22:25.291 INFO:teuthology.orchestra.run.smithi018.stdout:/usr/bin/ceph: stdout "bytes_total": 0
2024-04-12T19:22:25.291 INFO:teuthology.orchestra.run.smithi018.stdout:/usr/bin/ceph: stdout },
2024-04-12T19:22:25.291 INFO:teuthology.orchestra.run.smithi018.stdout:/usr/bin/ceph: stdout "fsmap": {
2024-04-12T19:22:25.291 INFO:teuthology.orchestra.run.smithi018.stdout:/usr/bin/ceph: stdout "epoch": 1,
2024-04-12T19:22:25.291 INFO:teuthology.orchestra.run.smithi018.stdout:/usr/bin/ceph: stdout "by_rank": [],
2024-04-12T19:22:25.291 INFO:teuthology.orchestra.run.smithi018.stdout:/usr/bin/ceph: stdout "up:standby": 0
2024-04-12T19:22:25.291 INFO:teuthology.orchestra.run.smithi018.stdout:/usr/bin/ceph: stdout },
2024-04-12T19:22:25.291 INFO:teuthology.orchestra.run.smithi018.stdout:/usr/bin/ceph: stdout "mgrmap": {
2024-04-12T19:22:25.291 INFO:teuthology.orchestra.run.smithi018.stdout:/usr/bin/ceph: stdout "available": true,
2024-04-12T19:22:25.291 INFO:teuthology.orchestra.run.smithi018.stdout:/usr/bin/ceph: stdout "num_standbys": 0,
2024-04-12T19:22:25.291 INFO:teuthology.orchestra.run.smithi018.stdout:/usr/bin/ceph: stdout "modules": [
2024-04-12T19:22:25.291 INFO:teuthology.orchestra.run.smithi018.stdout:/usr/bin/ceph: stdout "iostat",
2024-04-12T19:22:25.292 INFO:teuthology.orchestra.run.smithi018.stdout:/usr/bin/ceph: stdout "nfs",
2024-04-12T19:22:25.292 INFO:teuthology.orchestra.run.smithi018.stdout:/usr/bin/ceph: stdout "restful"
2024-04-12T19:22:25.292 INFO:teuthology.orchestra.run.smithi018.stdout:/usr/bin/ceph: stdout ],
2024-04-12T19:22:25.292 INFO:teuthology.orchestra.run.smithi018.stdout:/usr/bin/ceph: stdout "services": {}
2024-04-12T19:22:25.292 INFO:teuthology.orchestra.run.smithi018.stdout:/usr/bin/ceph: stdout },
2024-04-12T19:22:25.292 INFO:teuthology.orchestra.run.smithi018.stdout:/usr/bin/ceph: stdout "servicemap": {
2024-04-12T19:22:25.292 INFO:teuthology.orchestra.run.smithi018.stdout:/usr/bin/ceph: stdout "epoch": 1,
2024-04-12T19:22:25.292 INFO:teuthology.orchestra.run.smithi018.stdout:/usr/bin/ceph: stdout "modified": "2024-04-12T19:22:07.404071+0000",
2024-04-12T19:22:25.292 INFO:teuthology.orchestra.run.smithi018.stdout:/usr/bin/ceph: stdout "services": {}
2024-04-12T19:22:25.292 INFO:teuthology.orchestra.run.smithi018.stdout:/usr/bin/ceph: stdout },
2024-04-12T19:22:25.292 INFO:teuthology.orchestra.run.smithi018.stdout:/usr/bin/ceph: stdout "progress_events": {}
2024-04-12T19:22:25.292 INFO:teuthology.orchestra.run.smithi018.stdout:/usr/bin/ceph: stdout }
2024-04-12T19:22:25.292 INFO:teuthology.orchestra.run.smithi018.stdout:/usr/bin/ceph: stderr
2024-04-12T19:22:24.392+0000 7f570da9c700 1 Processor -- start
2024-04-12T19:22:25.293 INFO:teuthology.orchestra.run.smithi018.stdout:/usr/bin/ceph: stderr
2024-04-12T19:22:24.392+0000 7f570da9c700 1 -- start start
2024-04-12T19:22:25.293 INFO:teuthology.orchestra.run.smithi018.stdout:/usr/bin/ceph: stderr
2024-04-12T19:22:24.392+0000 7f570da9c700 1 --2- >> [v2:172.21.15.18:3300/0,v1:172.21.15.18:6789/0] conn(0x7f57081091c0 0x7f570810b5b0 unknown :-1 s=NONE pgs=0 cs=0 l=0 rev1=0 crypto rx=0 tx=0 comp rx=0 tx=0).connect
2024-04-12T19:22:25.293 INFO:teuthology.orchestra.run.smithi018.stdout:/usr/bin/ceph: stderr
2024-04-12T19:22:24.392+0000 7f570da9c700 1 -- --> [v2:172.21.15.18:3300/0,v1:172.21.15.18:6789/0] -- mon_getmap magic: 0 -- 0x7f570807be10 con 0x7f57081091c0
2024-04-12T19:22:25.293 INFO:teuthology.orchestra.run.smithi018.stdout:/usr/bin/ceph: stderr
2024-04-12T19:22:24.392+0000 7f57077fe700 1 --2- >> [v2:172.21.15.18:3300/0,v1:172.21.15.18:6789/0] conn(0x7f57081091c0 0x7f570810b5b0 unknown :-1 s=BANNER_CONNECTING pgs=0 cs=0 l=0 rev1=0 crypto rx=0 tx=0 comp rx=0 tx=0)._handle_peer_banner_payload supported=3 required=0
2024-04-12T19:22:25.293 INFO:teuthology.orchestra.run.smithi018.stdout:/usr/bin/ceph: stderr
2024-04-12T19:22:24.392+0000 7f57077fe700 1 --2- >> [v2:172.21.15.18:3300/0,v1:172.21.15.18:6789/0] conn(0x7f57081091c0 0x7f570810b5b0 unknown :-1 s=HELLO_CONNECTING pgs=0 cs=0 l=0 rev1=1 crypto rx=0 tx=0 comp rx=0 tx=0).handle_hello peer v2:172.21.15.18:3300/0 says I am v2:172.21.15.18:39204/0 (socket says 172.21.15.18:39204)
2024-04-12T19:22:25.293 INFO:teuthology.orchestra.run.smithi018.stdout:/usr/bin/ceph: stderr
2024-04-12T19:22:24.392+0000 7f57077fe700 1 -- 172.21.15.18:0/3093807855 learned_addr learned my addr 172.21.15.18:0/3093807855 (peer_addr_for_me v2:172.21.15.18:0/0)
2024-04-12T19:22:25.293 INFO:teuthology.orchestra.run.smithi018.stdout:/usr/bin/ceph: stderr
2024-04-12T19:22:24.393+0000 7f57077fe700 1 -- 172.21.15.18:0/3093807855 --> [v2:172.21.15.18:3300/0,v1:172.21.15.18:6789/0] -- mon_subscribe({config=0+,monmap=0+}) -- 0x7f570810baf0 con 0x7f57081091c0
2024-04-12T19:22:25.293 INFO:teuthology.orchestra.run.smithi018.stdout:/usr/bin/ceph: stderr
2024-04-12T19:22:24.393+0000 7f57077fe700 1 --2- 172.21.15.18:0/3093807855 >> [v2:172.21.15.18:3300/0,v1:172.21.15.18:6789/0] conn(0x7f57081091c0 0x7f570810b5b0 secure :-1 s=READY pgs=18 cs=0 l=1 rev1=1 crypto rx=0x7f56f80098a0 tx=0x7f56f8009bb0 comp rx=0 tx=0).ready entity=mon.0 client_cookie=ab7f9f0f614ba616 server_cookie=0 in_seq=0 out_seq=0
2024-04-12T19:22:25.293 INFO:teuthology.orchestra.run.smithi018.stdout:/usr/bin/ceph: stderr
2024-04-12T19:22:24.393+0000 7f57067fc700 1 -- 172.21.15.18:0/3093807855 <== mon.0 v2:172.21.15.18:3300/0 1 ==== mon_map magic: 0 ==== 205+0+0 (secure 0 0 0) 0x7f56f8004160 con 0x7f57081091c0
2024-04-12T19:22:25.293 INFO:teuthology.orchestra.run.smithi018.stdout:/usr/bin/ceph: stderr
2024-04-12T19:22:24.393+0000 7f57067fc700 1 -- 172.21.15.18:0/3093807855 <== mon.0 v2:172.21.15.18:3300/0 2 ==== config(27 keys) ==== 1109+0+0 (secure 0 0 0) 0x7f56f8004300 con 0x7f57081091c0
2024-04-12T19:22:25.293 INFO:teuthology.orchestra.run.smithi018.stdout:/usr/bin/ceph: stderr
2024-04-12T19:22:24.393+0000 7f57067fc700 1 -- 172.21.15.18:0/3093807855 <== mon.0 v2:172.21.15.18:3300/0 3 ==== mon_map magic: 0 ==== 205+0+0 (secure 0 0 0) 0x7f56f8011b50 con 0x7f57081091c0
2024-04-12T19:22:25.293 INFO:teuthology.orchestra.run.smithi018.stdout:/usr/bin/ceph: stderr
2024-04-12T19:22:24.394+0000 7f570da9c700 1 -- 172.21.15.18:0/3093807855 >> [v2:172.21.15.18:3300/0,v1:172.21.15.18:6789/0] conn(0x7f57081091c0 msgr2=0x7f570810b5b0 secure :-1 s=STATE_CONNECTION_ESTABLISHED l=1).mark_down
2024-04-12T19:22:25.293 INFO:teuthology.orchestra.run.smithi018.stdout:/usr/bin/ceph: stderr
2024-04-12T19:22:24.394+0000 7f570da9c700 1 --2- 172.21.15.18:0/3093807855 >> [v2:172.21.15.18:3300/0,v1:172.21.15.18:6789/0] conn(0x7f57081091c0 0x7f570810b5b0 secure :-1 s=READY pgs=18 cs=0 l=1 rev1=1 crypto rx=0x7f56f80098a0 tx=0x7f56f8009bb0 comp rx=0 tx=0).stop
2024-04-12T19:22:25.294 INFO:teuthology.orchestra.run.smithi018.stdout:/usr/bin/ceph: stderr
2024-04-12T19:22:24.394+0000 7f570da9c700 1 -- 172.21.15.18:0/3093807855 shutdown_connections
2024-04-12T19:22:25.294 INFO:teuthology.orchestra.run.smithi018.stdout:/usr/bin/ceph: stderr
2024-04-12T19:22:24.394+0000 7f570da9c700 1 --2- 172.21.15.18:0/3093807855 >> [v2:172.21.15.18:3300/0,v1:172.21.15.18:6789/0] conn(0x7f57081091c0 0x7f570810b5b0 unknown :-1 s=CLOSED pgs=18 cs=0 l=1 rev1=1 crypto rx=0 tx=0 comp rx=0 tx=0).stop
2024-04-12T19:22:25.294 INFO:teuthology.orchestra.run.smithi018.stdout:/usr/bin/ceph: stderr
2024-04-12T19:22:24.394+0000 7f570da9c700 1 -- 172.21.15.18:0/3093807855 >> 172.21.15.18:0/3093807855 conn(0x7f5708102b90 msgr2=0x7f5708104fb0 unknown :-1 s=STATE_NONE l=0).mark_down
2024-04-12T19:22:25.294 INFO:teuthology.orchestra.run.smithi018.stdout:/usr/bin/ceph: stderr
2024-04-12T19:22:24.394+0000 7f570da9c700 1 -- 172.21.15.18:0/3093807855 shutdown_connections
2024-04-12T19:22:25.294 INFO:teuthology.orchestra.run.smithi018.stdout:/usr/bin/ceph: stderr
2024-04-12T19:22:24.394+0000 7f570da9c700 1 -- 172.21.15.18:0/3093807855 wait complete.
2024-04-12T19:22:25.294 INFO:teuthology.orchestra.run.smithi018.stdout:/usr/bin/ceph: stderr
2024-04-12T19:22:24.394+0000 7f570da9c700 1 Processor -- start
2024-04-12T19:22:25.294 INFO:teuthology.orchestra.run.smithi018.stdout:/usr/bin/ceph: stderr
2024-04-12T19:22:24.395+0000 7f570da9c700 1 -- start start
2024-04-12T19:22:25.294 INFO:teuthology.orchestra.run.smithi018.stdout:/usr/bin/ceph: stderr
2024-04-12T19:22:24.395+0000 7f570da9c700 1 --2- >> [v2:172.21.15.18:3300/0,v1:172.21.15.18:6789/0] conn(0x7f57081091c0 0x7f570819c600 unknown :-1 s=NONE pgs=0 cs=0 l=1 rev1=0 crypto rx=0 tx=0 comp rx=0 tx=0).connect
2024-04-12T19:22:25.294 INFO:teuthology.orchestra.run.smithi018.stdout:/usr/bin/ceph: stderr
2024-04-12T19:22:24.395+0000 7f570da9c700 1 -- --> [v2:172.21.15.18:3300/0,v1:172.21.15.18:6789/0] -- mon_getmap magic: 0 -- 0x7f570810ca60 con 0x7f57081091c0
2024-04-12T19:22:25.294 INFO:teuthology.orchestra.run.smithi018.stdout:/usr/bin/ceph: stderr
2024-04-12T19:22:24.395+0000 7f57077fe700 1 --2- >> [v2:172.21.15.18:3300/0,v1:172.21.15.18:6789/0] conn(0x7f57081091c0 0x7f570819c600 unknown :-1 s=BANNER_CONNECTING pgs=0 cs=0 l=1 rev1=0 crypto rx=0 tx=0 comp rx=0 tx=0)._handle_peer_banner_payload supported=3 required=0
2024-04-12T19:22:25.294 INFO:teuthology.orchestra.run.smithi018.stdout:/usr/bin/ceph: stderr
2024-04-12T19:22:24.395+0000 7f57077fe700 1 --2- >> [v2:172.21.15.18:3300/0,v1:172.21.15.18:6789/0] conn(0x7f57081091c0 0x7f570819c600 unknown :-1 s=HELLO_CONNECTING pgs=0 cs=0 l=1 rev1=1 crypto rx=0 tx=0 comp rx=0 tx=0).handle_hello peer v2:172.21.15.18:3300/0 says I am v2:172.21.15.18:39220/0 (socket says 172.21.15.18:39220)
2024-04-12T19:22:25.294 INFO:teuthology.orchestra.run.smithi018.stdout:/usr/bin/ceph: stderr
2024-04-12T19:22:24.395+0000 7f57077fe700 1 -- 172.21.15.18:0/1091619910 learned_addr learned my addr 172.21.15.18:0/1091619910 (peer_addr_for_me v2:172.21.15.18:0/0)
2024-04-12T19:22:25.294 INFO:teuthology.orchestra.run.smithi018.stdout:/usr/bin/ceph: stderr
2024-04-12T19:22:24.395+0000 7f57077fe700 1 -- 172.21.15.18:0/1091619910 --> [v2:172.21.15.18:3300/0,v1:172.21.15.18:6789/0] -- mon_subscribe({config=0+,monmap=0+}) -- 0x7f570819cb40 con 0x7f57081091c0
2024-04-12T19:22:25.295 INFO:teuthology.orchestra.run.smithi018.stdout:/usr/bin/ceph: stderr
2024-04-12T19:22:24.395+0000 7f57077fe700 1 --2- 172.21.15.18:0/1091619910 >> [v2:172.21.15.18:3300/0,v1:172.21.15.18:6789/0] conn(0x7f57081091c0 0x7f570819c600 secure :-1 s=READY pgs=19 cs=0 l=1 rev1=1 crypto rx=0x7f56f8011670 tx=0x7f56f8011b60 comp rx=0 tx=0).ready entity=mon.0 client_cookie=0 server_cookie=0 in_seq=0 out_seq=0
2024-04-12T19:22:25.295 INFO:teuthology.orchestra.run.smithi018.stdout:/usr/bin/ceph: stderr
2024-04-12T19:22:24.396+0000 7f5704ff9700 1 -- 172.21.15.18:0/1091619910 <== mon.0 v2:172.21.15.18:3300/0 1 ==== mon_map magic: 0 ==== 205+0+0 (secure 0 0 0) 0x7f56f80039c0 con 0x7f57081091c0
2024-04-12T19:22:25.295 INFO:teuthology.orchestra.run.smithi018.stdout:/usr/bin/ceph: stderr
2024-04-12T19:22:24.396+0000 7f5704ff9700 1 -- 172.21.15.18:0/1091619910 <== mon.0 v2:172.21.15.18:3300/0 2 ==== config(27 keys) ==== 1109+0+0 (secure 0 0 0) 0x7f56f8011e50 con 0x7f57081091c0
2024-04-12T19:22:25.295 INFO:teuthology.orchestra.run.smithi018.stdout:/usr/bin/ceph: stderr
2024-04-12T19:22:24.396+0000 7f570da9c700 1 -- 172.21.15.18:0/1091619910 --> [v2:172.21.15.18:3300/0,v1:172.21.15.18:6789/0] -- mon_subscribe({mgrmap=0+}) -- 0x7f570819cdd0 con 0x7f57081091c0
2024-04-12T19:22:25.295 INFO:teuthology.orchestra.run.smithi018.stdout:/usr/bin/ceph: stderr
2024-04-12T19:22:24.396+0000 7f5704ff9700 1 -- 172.21.15.18:0/1091619910 <== mon.0 v2:172.21.15.18:3300/0 3 ==== mon_map magic: 0 ==== 205+0+0 (secure 0 0 0) 0x7f56f801a5c0 con 0x7f57081091c0
2024-04-12T19:22:25.295 INFO:teuthology.orchestra.run.smithi018.stdout:/usr/bin/ceph: stderr
2024-04-12T19:22:24.396+0000 7f570da9c700 1 -- 172.21.15.18:0/1091619910 --> [v2:172.21.15.18:3300/0,v1:172.21.15.18:6789/0] -- mon_subscribe({osdmap=0}) -- 0x7f570819fac0 con 0x7f57081091c0
2024-04-12T19:22:25.295 INFO:teuthology.orchestra.run.smithi018.stdout:/usr/bin/ceph: stderr
2024-04-12T19:22:24.397+0000 7f5704ff9700 1 -- 172.21.15.18:0/1091619910 <== mon.0 v2:172.21.15.18:3300/0 4 ==== mgrmap(e 4) ==== 46547+0+0 (secure 0 0 0) 0x7f56f801a870 con 0x7f57081091c0
2024-04-12T19:22:25.295 INFO:teuthology.orchestra.run.smithi018.stdout:/usr/bin/ceph: stderr
2024-04-12T19:22:24.397+0000 7f570da9c700 1 -- 172.21.15.18:0/1091619910 --> [v2:172.21.15.18:3300/0,v1:172.21.15.18:6789/0] -- mon_command({"prefix": "get_command_descriptions"} v 0) -- 0x7f5708064110 con 0x7f57081091c0
2024-04-12T19:22:25.295 INFO:teuthology.orchestra.run.smithi018.stdout:/usr/bin/ceph: stderr
2024-04-12T19:22:24.397+0000 7f5704ff9700 1 --2- 172.21.15.18:0/1091619910 >> [v2:172.21.15.18:6800/331744591,v1:172.21.15.18:6801/331744591] conn(0x7f56f0039560 0x7f56f003ba20 unknown :-1 s=NONE pgs=0 cs=0 l=1 rev1=0 crypto rx=0 tx=0 comp rx=0 tx=0).connect
2024-04-12T19:22:25.295 INFO:teuthology.orchestra.run.smithi018.stdout:/usr/bin/ceph: stderr
2024-04-12T19:22:24.397+0000 7f5704ff9700 1 -- 172.21.15.18:0/1091619910 <== mon.0 v2:172.21.15.18:3300/0 5 ==== osd_map(1..1 src has 1..1) ==== 725+0+0 (secure 0 0 0) 0x7f56f804dae0 con 0x7f57081091c0
2024-04-12T19:22:25.295 INFO:teuthology.orchestra.run.smithi018.stdout:/usr/bin/ceph: stderr
2024-04-12T19:22:24.397+0000 7f5706ffd700 1 --2- 172.21.15.18:0/1091619910 >> [v2:172.21.15.18:6800/331744591,v1:172.21.15.18:6801/331744591] conn(0x7f56f0039560 0x7f56f003ba20 unknown :-1 s=BANNER_CONNECTING pgs=0 cs=0 l=1 rev1=0 crypto rx=0 tx=0 comp rx=0 tx=0)._handle_peer_banner_payload supported=3 required=0
2024-04-12T19:22:25.295 INFO:teuthology.orchestra.run.smithi018.stdout:/usr/bin/ceph: stderr
2024-04-12T19:22:24.397+0000 7f5706ffd700 1 --2- 172.21.15.18:0/1091619910 >> [v2:172.21.15.18:6800/331744591,v1:172.21.15.18:6801/331744591] conn(0x7f56f0039560 0x7f56f003ba20 secure :-1 s=READY pgs=6 cs=0 l=1 rev1=1 crypto rx=0x7f56fc006fd0 tx=0x7f56fc006e40 comp rx=0 tx=0).ready entity=mgr.14100 client_cookie=0 server_cookie=0 in_seq=0 out_seq=0
2024-04-12T19:22:25.295 INFO:teuthology.orchestra.run.smithi018.stdout:/usr/bin/ceph: stderr
2024-04-12T19:22:24.402+0000 7f5704ff9700 1 -- 172.21.15.18:0/1091619910 <== mon.0 v2:172.21.15.18:3300/0 6 ==== mon_command_ack([{"prefix": "get_command_descriptions"}]=0 v0) ==== 72+0+188370 (secure 0 0 0) 0x7f56f8019c70 con 0x7f57081091c0
2024-04-12T19:22:25.295 INFO:teuthology.orchestra.run.smithi018.stdout:/usr/bin/ceph: stderr
2024-04-12T19:22:24.701+0000 7f570da9c700 1 -- 172.21.15.18:0/1091619910 --> [v2:172.21.15.18:3300/0,v1:172.21.15.18:6789/0] -- mon_command({"prefix": "status", "format": "json-pretty"} v 0) -- 0x7f570819fc90 con 0x7f57081091c0
2024-04-12T19:22:25.296 INFO:teuthology.orchestra.run.smithi018.stdout:/usr/bin/ceph: stderr
2024-04-12T19:22:24.702+0000 7f5704ff9700 1 -- 172.21.15.18:0/1091619910 <== mon.0 v2:172.21.15.18:3300/0 7 ==== mon_command_ack([{"prefix": "status", "format": "json-pretty"}]=0 v0) ==== 79+0+1239 (secure 0 0 0) 0x7f570819fc90 con 0x7f57081091c0
2024-04-12T19:22:25.296 INFO:teuthology.orchestra.run.smithi018.stdout:/usr/bin/ceph: stderr
2024-04-12T19:22:24.704+0000 7f570da9c700 1 -- 172.21.15.18:0/1091619910 >> [v2:172.21.15.18:6800/331744591,v1:172.21.15.18:6801/331744591] conn(0x7f56f0039560 msgr2=0x7f56f003ba20 secure :-1 s=STATE_CONNECTION_ESTABLISHED l=1).mark_down
2024-04-12T19:22:25.296 INFO:teuthology.orchestra.run.smithi018.stdout:/usr/bin/ceph: stderr
2024-04-12T19:22:24.704+0000 7f570da9c700 1 --2- 172.21.15.18:0/1091619910 >> [v2:172.21.15.18:6800/331744591,v1:172.21.15.18:6801/331744591] conn(0x7f56f0039560 0x7f56f003ba20 secure :-1 s=READY pgs=6 cs=0 l=1 rev1=1 crypto rx=0x7f56fc006fd0 tx=0x7f56fc006e40 comp rx=0 tx=0).stop
2024-04-12T19:22:25.296 INFO:teuthology.orchestra.run.smithi018.stdout:/usr/bin/ceph: stderr
2024-04-12T19:22:24.704+0000 7f570da9c700 1 -- 172.21.15.18:0/1091619910 >> [v2:172.21.15.18:3300/0,v1:172.21.15.18:6789/0] conn(0x7f57081091c0 msgr2=0x7f570819c600 secure :-1 s=STATE_CONNECTION_ESTABLISHED l=1).mark_down
2024-04-12T19:22:25.296 INFO:teuthology.orchestra.run.smithi018.stdout:/usr/bin/ceph: stderr
2024-04-12T19:22:24.704+0000 7f570da9c700 1 --2- 172.21.15.18:0/1091619910 >> [v2:172.21.15.18:3300/0,v1:172.21.15.18:6789/0] conn(0x7f57081091c0 0x7f570819c600 secure :-1 s=READY pgs=19 cs=0 l=1 rev1=1 crypto rx=0x7f56f8011670 tx=0x7f56f8011b60 comp rx=0 tx=0).stop
2024-04-12T19:22:25.296 INFO:teuthology.orchestra.run.smithi018.stdout:/usr/bin/ceph: stderr
2024-04-12T19:22:24.704+0000 7f570da9c700 1 -- 172.21.15.18:0/1091619910 shutdown_connections
2024-04-12T19:22:25.296 INFO:teuthology.orchestra.run.smithi018.stdout:/usr/bin/ceph: stderr
2024-04-12T19:22:24.704+0000 7f570da9c700 1 --2- 172.21.15.18:0/1091619910 >> [v2:172.21.15.18:6800/331744591,v1:172.21.15.18:6801/331744591] conn(0x7f56f0039560 0x7f56f003ba20 unknown :-1 s=CLOSED pgs=6 cs=0 l=1 rev1=1 crypto rx=0 tx=0 comp rx=0 tx=0).stop
2024-04-12T19:22:25.296 INFO:teuthology.orchestra.run.smithi018.stdout:/usr/bin/ceph: stderr
2024-04-12T19:22:24.704+0000 7f570da9c700 1 --2- 172.21.15.18:0/1091619910 >> [v2:172.21.15.18:3300/0,v1:172.21.15.18:6789/0] conn(0x7f57081091c0 0x7f570819c600 unknown :-1 s=CLOSED pgs=19 cs=0 l=1 rev1=1 crypto rx=0 tx=0 comp rx=0 tx=0).stop
2024-04-12T19:22:25.296 INFO:teuthology.orchestra.run.smithi018.stdout:/usr/bin/ceph: stderr
2024-04-12T19:22:24.704+0000 7f570da9c700 1 -- 172.21.15.18:0/1091619910 >> 172.21.15.18:0/1091619910 conn(0x7f5708102b90 msgr2=0x7f5708103660 unknown :-1 s=STATE_NONE l=0).mark_down
2024-04-12T19:22:25.296 INFO:teuthology.orchestra.run.smithi018.stdout:/usr/bin/ceph: stderr
2024-04-12T19:22:24.704+0000 7f570da9c700 1 -- 172.21.15.18:0/1091619910 shutdown_connections
2024-04-12T19:22:25.296 INFO:teuthology.orchestra.run.smithi018.stdout:/usr/bin/ceph: stderr
2024-04-12T19:22:24.704+0000 7f570da9c700 1 -- 172.21.15.18:0/1091619910 wait complete.
2024-04-12T19:22:25.296 INFO:teuthology.orchestra.run.smithi018.stdout:mgr is available
2024-04-12T19:22:25.648 INFO:journalctl@ceph.mon.a.smithi018.stdout:Apr 12 19:22:25 smithi018 ceph-mon[32256]: from='client.? 172.21.15.18:0/1091619910' entity='client.admin' cmd=[{"prefix": "status", "format": "json-pretty"}]: dispatch
2024-04-12T19:22:26.442 INFO:teuthology.orchestra.run.smithi018.stdout:/usr/bin/ceph: stdout
2024-04-12T19:22:26.443 INFO:teuthology.orchestra.run.smithi018.stdout:/usr/bin/ceph: stdout [global]
2024-04-12T19:22:26.443 INFO:teuthology.orchestra.run.smithi018.stdout:/usr/bin/ceph: stdout fsid = c8996638-f901-11ee-bc8d-c7b262605968
2024-04-12T19:22:26.443 INFO:teuthology.orchestra.run.smithi018.stdout:/usr/bin/ceph: stdout mon_osd_allow_pg_remap = true
2024-04-12T19:22:26.443 INFO:teuthology.orchestra.run.smithi018.stdout:/usr/bin/ceph: stdout mon_osd_allow_primary_affinity = true
2024-04-12T19:22:26.443 INFO:teuthology.orchestra.run.smithi018.stdout:/usr/bin/ceph: stdout mon_warn_on_no_sortbitwise = false
2024-04-12T19:22:26.443 INFO:teuthology.orchestra.run.smithi018.stdout:/usr/bin/ceph: stdout osd_crush_chooseleaf_type = 0
2024-04-12T19:22:26.443 INFO:teuthology.orchestra.run.smithi018.stdout:/usr/bin/ceph: stdout
2024-04-12T19:22:26.444 INFO:teuthology.orchestra.run.smithi018.stdout:/usr/bin/ceph: stdout [mgr]
2024-04-12T19:22:26.444 INFO:teuthology.orchestra.run.smithi018.stdout:/usr/bin/ceph: stdout mgr/telemetry/nag = false
2024-04-12T19:22:26.444 INFO:teuthology.orchestra.run.smithi018.stdout:/usr/bin/ceph: stdout
2024-04-12T19:22:26.444 INFO:teuthology.orchestra.run.smithi018.stdout:/usr/bin/ceph: stdout [osd]
2024-04-12T19:22:26.444 INFO:teuthology.orchestra.run.smithi018.stdout:/usr/bin/ceph: stdout bdev_async_discard = True
2024-04-12T19:22:26.444 INFO:teuthology.orchestra.run.smithi018.stdout:/usr/bin/ceph: stdout mon_osd_backfillfull_ratio = 0.85
2024-04-12T19:22:26.444 INFO:teuthology.orchestra.run.smithi018.stdout:/usr/bin/ceph: stdout mon_osd_full_ratio = 0.9
2024-04-12T19:22:26.444 INFO:teuthology.orchestra.run.smithi018.stdout:/usr/bin/ceph: stdout mon_osd_nearfull_ratio = 0.8
2024-04-12T19:22:26.444 INFO:teuthology.orchestra.run.smithi018.stdout:/usr/bin/ceph: stdout osd_map_max_advance = 10
2024-04-12T19:22:26.445 INFO:teuthology.orchestra.run.smithi018.stdout:/usr/bin/ceph: stdout osd_sloppy_crc = true
2024-04-12T19:22:26.445 INFO:teuthology.orchestra.run.smithi018.stdout:/usr/bin/ceph: stderr
2024-04-12T19:22:25.682+0000 7f84de12a700 1 Processor -- start
2024-04-12T19:22:26.445 INFO:teuthology.orchestra.run.smithi018.stdout:/usr/bin/ceph: stderr
2024-04-12T19:22:25.682+0000 7f84de12a700 1 -- start start
2024-04-12T19:22:26.445 INFO:teuthology.orchestra.run.smithi018.stdout:/usr/bin/ceph: stderr
2024-04-12T19:22:25.682+0000 7f84de12a700 1 --2- >> [v2:172.21.15.18:3300/0,v1:172.21.15.18:6789/0] conn(0x7f84d8106d30 0x7f84d8107150 unknown :-1 s=NONE pgs=0 cs=0 l=0 rev1=0 crypto rx=0 tx=0 comp rx=0 tx=0).connect
2024-04-12T19:22:26.445 INFO:teuthology.orchestra.run.smithi018.stdout:/usr/bin/ceph: stderr
2024-04-12T19:22:25.682+0000 7f84de12a700 1 -- --> [v2:172.21.15.18:3300/0,v1:172.21.15.18:6789/0] -- mon_getmap magic: 0 -- 0x7f84d8107720 con 0x7f84d8106d30
2024-04-12T19:22:26.445 INFO:teuthology.orchestra.run.smithi018.stdout:/usr/bin/ceph: stderr
2024-04-12T19:22:25.682+0000 7f84d77fe700 1 --2- >> [v2:172.21.15.18:3300/0,v1:172.21.15.18:6789/0] conn(0x7f84d8106d30 0x7f84d8107150 unknown :-1 s=BANNER_CONNECTING pgs=0 cs=0 l=0 rev1=0 crypto rx=0 tx=0 comp rx=0 tx=0)._handle_peer_banner_payload supported=3 required=0
2024-04-12T19:22:26.445 INFO:teuthology.orchestra.run.smithi018.stdout:/usr/bin/ceph: stderr
2024-04-12T19:22:25.682+0000 7f84d77fe700 1 --2- >> [v2:172.21.15.18:3300/0,v1:172.21.15.18:6789/0] conn(0x7f84d8106d30 0x7f84d8107150 unknown :-1 s=HELLO_CONNECTING pgs=0 cs=0 l=0 rev1=1 crypto rx=0 tx=0 comp rx=0 tx=0).handle_hello peer v2:172.21.15.18:3300/0 says I am v2:172.21.15.18:39222/0 (socket says 172.21.15.18:39222)
2024-04-12T19:22:26.445 INFO:teuthology.orchestra.run.smithi018.stdout:/usr/bin/ceph: stderr
2024-04-12T19:22:25.682+0000 7f84d77fe700 1 -- 172.21.15.18:0/3387468777 learned_addr learned my addr 172.21.15.18:0/3387468777 (peer_addr_for_me v2:172.21.15.18:0/0)
2024-04-12T19:22:26.446 INFO:teuthology.orchestra.run.smithi018.stdout:/usr/bin/ceph: stderr
2024-04-12T19:22:25.682+0000 7f84d77fe700 1 -- 172.21.15.18:0/3387468777 --> [v2:172.21.15.18:3300/0,v1:172.21.15.18:6789/0] -- mon_subscribe({config=0+,monmap=0+}) -- 0x7f84d8107f30 con 0x7f84d8106d30
2024-04-12T19:22:26.446 INFO:teuthology.orchestra.run.smithi018.stdout:/usr/bin/ceph: stderr
2024-04-12T19:22:25.683+0000 7f84d77fe700 1 --2- 172.21.15.18:0/3387468777 >> [v2:172.21.15.18:3300/0,v1:172.21.15.18:6789/0] conn(0x7f84d8106d30 0x7f84d8107150 secure :-1 s=READY pgs=20 cs=0 l=1 rev1=1 crypto rx=0x7f84c800bb40 tx=0x7f84c800be50 comp rx=0 tx=0).ready entity=mon.0 client_cookie=293c076ea3285f09 server_cookie=0 in_seq=0 out_seq=0
2024-04-12T19:22:26.446 INFO:teuthology.orchestra.run.smithi018.stdout:/usr/bin/ceph: stderr
2024-04-12T19:22:25.683+0000 7f84d67fc700 1 -- 172.21.15.18:0/3387468777 <== mon.0 v2:172.21.15.18:3300/0 1 ==== mon_map magic: 0 ==== 205+0+0 (secure 0 0 0) 0x7f84c800dad0 con 0x7f84d8106d30
2024-04-12T19:22:26.446 INFO:teuthology.orchestra.run.smithi018.stdout:/usr/bin/ceph: stderr
2024-04-12T19:22:25.683+0000 7f84d67fc700 1 -- 172.21.15.18:0/3387468777 <== mon.0 v2:172.21.15.18:3300/0 2 ==== config(27 keys) ==== 1109+0+0 (secure 0 0 0) 0x7f84c80044f0 con 0x7f84d8106d30
2024-04-12T19:22:26.446 INFO:teuthology.orchestra.run.smithi018.stdout:/usr/bin/ceph: stderr
2024-04-12T19:22:25.683+0000 7f84d67fc700 1 -- 172.21.15.18:0/3387468777 <== mon.0 v2:172.21.15.18:3300/0 3 ==== mon_map magic: 0 ==== 205+0+0 (secure 0 0 0) 0x7f84c8017410 con 0x7f84d8106d30
2024-04-12T19:22:26.446 INFO:teuthology.orchestra.run.smithi018.stdout:/usr/bin/ceph: stderr
2024-04-12T19:22:25.683+0000 7f84de12a700 1 -- 172.21.15.18:0/3387468777 >> [v2:172.21.15.18:3300/0,v1:172.21.15.18:6789/0] conn(0x7f84d8106d30 msgr2=0x7f84d8107150 secure :-1 s=STATE_CONNECTION_ESTABLISHED l=1).mark_down
2024-04-12T19:22:26.446 INFO:teuthology.orchestra.run.smithi018.stdout:/usr/bin/ceph: stderr
2024-04-12T19:22:25.683+0000 7f84de12a700 1 --2- 172.21.15.18:0/3387468777 >> [v2:172.21.15.18:3300/0,v1:172.21.15.18:6789/0] conn(0x7f84d8106d30 0x7f84d8107150 secure :-1 s=READY pgs=20 cs=0 l=1 rev1=1 crypto rx=0x7f84c800bb40 tx=0x7f84c800be50 comp rx=0 tx=0).stop
2024-04-12T19:22:26.447 INFO:teuthology.orchestra.run.smithi018.stdout:/usr/bin/ceph: stderr
2024-04-12T19:22:25.683+0000 7f84de12a700 1 -- 172.21.15.18:0/3387468777 shutdown_connections
2024-04-12T19:22:26.447 INFO:teuthology.orchestra.run.smithi018.stdout:/usr/bin/ceph: stderr
2024-04-12T19:22:25.683+0000 7f84de12a700 1 --2- 172.21.15.18:0/3387468777 >> [v2:172.21.15.18:3300/0,v1:172.21.15.18:6789/0] conn(0x7f84d8106d30 0x7f84d8107150 unknown :-1 s=CLOSED pgs=20 cs=0 l=1 rev1=1 crypto rx=0 tx=0 comp rx=0 tx=0).stop
2024-04-12T19:22:26.447 INFO:teuthology.orchestra.run.smithi018.stdout:/usr/bin/ceph: stderr
2024-04-12T19:22:25.683+0000 7f84de12a700 1 -- 172.21.15.18:0/3387468777 >> 172.21.15.18:0/3387468777 conn(0x7f84d8102330 msgr2=0x7f84d8104750 unknown :-1 s=STATE_NONE l=0).mark_down
2024-04-12T19:22:26.447 INFO:teuthology.orchestra.run.smithi018.stdout:/usr/bin/ceph: stderr
2024-04-12T19:22:25.683+0000 7f84de12a700 1 -- 172.21.15.18:0/3387468777 shutdown_connections
2024-04-12T19:22:26.447 INFO:teuthology.orchestra.run.smithi018.stdout:/usr/bin/ceph: stderr
2024-04-12T19:22:25.683+0000 7f84de12a700 1 -- 172.21.15.18:0/3387468777 wait complete.
2024-04-12T19:22:26.447 INFO:teuthology.orchestra.run.smithi018.stdout:/usr/bin/ceph: stderr
2024-04-12T19:22:25.684+0000 7f84de12a700 1 Processor -- start
2024-04-12T19:22:26.447 INFO:teuthology.orchestra.run.smithi018.stdout:/usr/bin/ceph: stderr
2024-04-12T19:22:25.684+0000 7f84de12a700 1 -- start start
2024-04-12T19:22:26.447 INFO:teuthology.orchestra.run.smithi018.stdout:/usr/bin/ceph: stderr
2024-04-12T19:22:25.684+0000 7f84de12a700 1 --2- >> [v2:172.21.15.18:3300/0,v1:172.21.15.18:6789/0] conn(0x7f84d8106d30 0x7f84d819e880 unknown :-1 s=NONE pgs=0 cs=0 l=1 rev1=0 crypto rx=0 tx=0 comp rx=0 tx=0).connect
2024-04-12T19:22:26.448 INFO:teuthology.orchestra.run.smithi018.stdout:/usr/bin/ceph: stderr
2024-04-12T19:22:25.684+0000 7f84de12a700 1 -- --> [v2:172.21.15.18:3300/0,v1:172.21.15.18:6789/0] -- mon_getmap magic: 0 -- 0x7f84d81086b0 con 0x7f84d8106d30
2024-04-12T19:22:26.448 INFO:teuthology.orchestra.run.smithi018.stdout:/usr/bin/ceph: stderr
2024-04-12T19:22:25.684+0000 7f84d77fe700 1 --2- >> [v2:172.21.15.18:3300/0,v1:172.21.15.18:6789/0] conn(0x7f84d8106d30 0x7f84d819e880 unknown :-1 s=BANNER_CONNECTING pgs=0 cs=0 l=1 rev1=0 crypto rx=0 tx=0 comp rx=0 tx=0)._handle_peer_banner_payload supported=3 required=0
2024-04-12T19:22:26.448 INFO:teuthology.orchestra.run.smithi018.stdout:/usr/bin/ceph: stderr
2024-04-12T19:22:25.684+0000 7f84d77fe700 1 --2- >> [v2:172.21.15.18:3300/0,v1:172.21.15.18:6789/0] conn(0x7f84d8106d30 0x7f84d819e880 unknown :-1 s=HELLO_CONNECTING pgs=0 cs=0 l=1 rev1=1 crypto rx=0 tx=0 comp rx=0 tx=0).handle_hello peer v2:172.21.15.18:3300/0 says I am v2:172.21.15.18:39236/0 (socket says 172.21.15.18:39236)
2024-04-12T19:22:26.448 INFO:teuthology.orchestra.run.smithi018.stdout:/usr/bin/ceph: stderr
2024-04-12T19:22:25.684+0000 7f84d77fe700 1 -- 172.21.15.18:0/1168161962 learned_addr learned my addr 172.21.15.18:0/1168161962 (peer_addr_for_me v2:172.21.15.18:0/0)
2024-04-12T19:22:26.448 INFO:teuthology.orchestra.run.smithi018.stdout:/usr/bin/ceph: stderr
2024-04-12T19:22:25.685+0000 7f84d77fe700 1 -- 172.21.15.18:0/1168161962 --> [v2:172.21.15.18:3300/0,v1:172.21.15.18:6789/0] -- mon_subscribe({config=0+,monmap=0+}) -- 0x7f84d819edc0 con 0x7f84d8106d30
2024-04-12T19:22:26.448 INFO:teuthology.orchestra.run.smithi018.stdout:/usr/bin/ceph: stderr
2024-04-12T19:22:25.685+0000 7f84d77fe700 1 --2- 172.21.15.18:0/1168161962 >> [v2:172.21.15.18:3300/0,v1:172.21.15.18:6789/0] conn(0x7f84d8106d30 0x7f84d819e880 secure :-1 s=READY pgs=21 cs=0 l=1 rev1=1 crypto rx=0x7f84c800bb10 tx=0x7f84c80047c0 comp rx=0 tx=0).ready entity=mon.0 client_cookie=0 server_cookie=0 in_seq=0 out_seq=0
2024-04-12T19:22:26.448 INFO:teuthology.orchestra.run.smithi018.stdout:/usr/bin/ceph: stderr
2024-04-12T19:22:25.685+0000 7f84d4ff9700 1 -- 172.21.15.18:0/1168161962 <== mon.0 v2:172.21.15.18:3300/0 1 ==== mon_map magic: 0 ==== 205+0+0 (secure 0 0 0) 0x7f84c8004110 con 0x7f84d8106d30
2024-04-12T19:22:26.448 INFO:teuthology.orchestra.run.smithi018.stdout:/usr/bin/ceph: stderr
2024-04-12T19:22:25.685+0000 7f84d4ff9700 1 -- 172.21.15.18:0/1168161962 <== mon.0 v2:172.21.15.18:3300/0 2 ==== config(27 keys) ==== 1109+0+0 (secure 0 0 0) 0x7f84c8024070 con 0x7f84d8106d30
2024-04-12T19:22:26.448 INFO:teuthology.orchestra.run.smithi018.stdout:/usr/bin/ceph: stderr
2024-04-12T19:22:25.685+0000 7f84de12a700 1 -- 172.21.15.18:0/1168161962 --> [v2:172.21.15.18:3300/0,v1:172.21.15.18:6789/0] -- mon_subscribe({mgrmap=0+}) -- 0x7f84d819f050 con 0x7f84d8106d30
2024-04-12T19:22:26.448 INFO:teuthology.orchestra.run.smithi018.stdout:/usr/bin/ceph: stderr
2024-04-12T19:22:25.685+0000 7f84d4ff9700 1 -- 172.21.15.18:0/1168161962 <== mon.0 v2:172.21.15.18:3300/0 3 ==== mon_map magic: 0 ==== 205+0+0 (secure 0 0 0) 0x7f84c801fa40 con 0x7f84d8106d30
2024-04-12T19:22:26.448 INFO:teuthology.orchestra.run.smithi018.stdout:/usr/bin/ceph: stderr
2024-04-12T19:22:25.685+0000 7f84de12a700 1 -- 172.21.15.18:0/1168161962 --> [v2:172.21.15.18:3300/0,v1:172.21.15.18:6789/0] -- mon_subscribe({osdmap=0}) -- 0x7f84d81a1d40 con 0x7f84d8106d30
2024-04-12T19:22:26.449 INFO:teuthology.orchestra.run.smithi018.stdout:/usr/bin/ceph: stderr
2024-04-12T19:22:25.686+0000 7f84d4ff9700 1 -- 172.21.15.18:0/1168161962 <== mon.0 v2:172.21.15.18:3300/0 4 ==== mgrmap(e 4) ==== 46547+0+0 (secure 0 0 0) 0x7f84c801fc30 con 0x7f84d8106d30
2024-04-12T19:22:26.449 INFO:teuthology.orchestra.run.smithi018.stdout:/usr/bin/ceph: stderr
2024-04-12T19:22:25.686+0000 7f84d4ff9700 1 --2- 172.21.15.18:0/1168161962 >> [v2:172.21.15.18:6800/331744591,v1:172.21.15.18:6801/331744591] conn(0x7f84c4039560 0x7f84c403ba20 unknown :-1 s=NONE pgs=0 cs=0 l=1 rev1=0 crypto rx=0 tx=0 comp rx=0 tx=0).connect
2024-04-12T19:22:26.449 INFO:teuthology.orchestra.run.smithi018.stdout:/usr/bin/ceph: stderr
2024-04-12T19:22:25.686+0000 7f84d4ff9700 1 -- 172.21.15.18:0/1168161962 <== mon.0 v2:172.21.15.18:3300/0 5 ==== osd_map(1..1 src has 1..1) ==== 725+0+0 (secure 0 0 0) 0x7f84c804d870 con 0x7f84d8106d30
2024-04-12T19:22:26.449 INFO:teuthology.orchestra.run.smithi018.stdout:/usr/bin/ceph: stderr
2024-04-12T19:22:25.686+0000 7f84de12a700 1 -- 172.21.15.18:0/1168161962 --> [v2:172.21.15.18:3300/0,v1:172.21.15.18:6789/0] -- mon_command({"prefix": "get_command_descriptions"} v 0) -- 0x7f84d8064110 con 0x7f84d8106d30
2024-04-12T19:22:26.449 INFO:teuthology.orchestra.run.smithi018.stdout:/usr/bin/ceph: stderr
2024-04-12T19:22:25.686+0000 7f84d6ffd700 1 --2- 172.21.15.18:0/1168161962 >> [v2:172.21.15.18:6800/331744591,v1:172.21.15.18:6801/331744591] conn(0x7f84c4039560 0x7f84c403ba20 unknown :-1 s=BANNER_CONNECTING pgs=0 cs=0 l=1 rev1=0 crypto rx=0 tx=0 comp rx=0 tx=0)._handle_peer_banner_payload supported=3 required=0
2024-04-12T19:22:26.450 INFO:teuthology.orchestra.run.smithi018.stdout:/usr/bin/ceph: stderr
2024-04-12T19:22:25.687+0000 7f84d6ffd700 1 --2- 172.21.15.18:0/1168161962 >> [v2:172.21.15.18:6800/331744591,v1:172.21.15.18:6801/331744591] conn(0x7f84c4039560 0x7f84c403ba20 secure :-1 s=READY pgs=7 cs=0 l=1 rev1=1 crypto rx=0x7f84c0006fd0 tx=0x7f84c0006e40 comp rx=0 tx=0).ready entity=mgr.14100 client_cookie=0 server_cookie=0 in_seq=0 out_seq=0
2024-04-12T19:22:26.450 INFO:teuthology.orchestra.run.smithi018.stdout:/usr/bin/ceph: stderr
2024-04-12T19:22:25.691+0000 7f84d4ff9700 1 -- 172.21.15.18:0/1168161962 <== mon.0 v2:172.21.15.18:3300/0 6 ==== mon_command_ack([{"prefix": "get_command_descriptions"}]=0 v0) ==== 72+0+188370 (secure 0 0 0) 0x7f84c8012070 con 0x7f84d8106d30
2024-04-12T19:22:26.450 INFO:teuthology.orchestra.run.smithi018.stdout:/usr/bin/ceph: stderr
2024-04-12T19:22:25.896+0000 7f84de12a700 1 -- 172.21.15.18:0/1168161962 --> [v2:172.21.15.18:3300/0,v1:172.21.15.18:6789/0] -- mon_command({"prefix": "config assimilate-conf"} v 0) -- 0x7f84d802e2a0 con 0x7f84d8106d30
2024-04-12T19:22:26.450 INFO:teuthology.orchestra.run.smithi018.stdout:/usr/bin/ceph: stderr
2024-04-12T19:22:25.897+0000 7f84d4ff9700 1 -- 172.21.15.18:0/1168161962 <== mon.0 v2:172.21.15.18:3300/0 7 ==== mon_command_ack([{"prefix": "config assimilate-conf"}]=0 v3) ==== 70+0+400 (secure 0 0 0) 0x7f84c800b790 con 0x7f84d8106d30
2024-04-12T19:22:26.450 INFO:teuthology.orchestra.run.smithi018.stdout:/usr/bin/ceph: stderr
2024-04-12T19:22:25.899+0000 7f84de12a700 1 -- 172.21.15.18:0/1168161962 >> [v2:172.21.15.18:6800/331744591,v1:172.21.15.18:6801/331744591] conn(0x7f84c4039560 msgr2=0x7f84c403ba20 secure :-1 s=STATE_CONNECTION_ESTABLISHED l=1).mark_down
2024-04-12T19:22:26.450 INFO:teuthology.orchestra.run.smithi018.stdout:/usr/bin/ceph: stderr
2024-04-12T19:22:25.899+0000 7f84de12a700 1 --2- 172.21.15.18:0/1168161962 >> [v2:172.21.15.18:6800/331744591,v1:172.21.15.18:6801/331744591] conn(0x7f84c4039560 0x7f84c403ba20 secure :-1 s=READY pgs=7 cs=0 l=1 rev1=1 crypto rx=0x7f84c0006fd0 tx=0x7f84c0006e40 comp rx=0 tx=0).stop
2024-04-12T19:22:26.450 INFO:teuthology.orchestra.run.smithi018.stdout:/usr/bin/ceph: stderr
2024-04-12T19:22:25.899+0000 7f84de12a700 1 -- 172.21.15.18:0/1168161962 >> [v2:172.21.15.18:3300/0,v1:172.21.15.18:6789/0] conn(0x7f84d8106d30 msgr2=0x7f84d819e880 secure :-1 s=STATE_CONNECTION_ESTABLISHED l=1).mark_down
2024-04-12T19:22:26.450 INFO:teuthology.orchestra.run.smithi018.stdout:/usr/bin/ceph: stderr
2024-04-12T19:22:25.899+0000 7f84de12a700 1 --2- 172.21.15.18:0/1168161962 >> [v2:172.21.15.18:3300/0,v1:172.21.15.18:6789/0] conn(0x7f84d8106d30 0x7f84d819e880 secure :-1 s=READY pgs=21 cs=0 l=1 rev1=1 crypto rx=0x7f84c800bb10 tx=0x7f84c80047c0 comp rx=0 tx=0).stop
2024-04-12T19:22:26.450 INFO:teuthology.orchestra.run.smithi018.stdout:/usr/bin/ceph: stderr
2024-04-12T19:22:25.899+0000 7f84de12a700 1 -- 172.21.15.18:0/1168161962 shutdown_connections
2024-04-12T19:22:26.451 INFO:teuthology.orchestra.run.smithi018.stdout:/usr/bin/ceph: stderr
2024-04-12T19:22:25.899+0000 7f84de12a700 1 --2- 172.21.15.18:0/1168161962 >> [v2:172.21.15.18:6800/331744591,v1:172.21.15.18:6801/331744591] conn(0x7f84c4039560 0x7f84c403ba20 unknown :-1 s=CLOSED pgs=7 cs=0 l=1 rev1=1 crypto rx=0 tx=0 comp rx=0 tx=0).stop
2024-04-12T19:22:26.451 INFO:teuthology.orchestra.run.smithi018.stdout:/usr/bin/ceph: stderr
2024-04-12T19:22:25.899+0000 7f84de12a700 1 --2- 172.21.15.18:0/1168161962 >> [v2:172.21.15.18:3300/0,v1:172.21.15.18:6789/0] conn(0x7f84d8106d30 0x7f84d819e880 unknown :-1 s=CLOSED pgs=21 cs=0 l=1 rev1=1 crypto rx=0 tx=0 comp rx=0 tx=0).stop
2024-04-12T19:22:26.451 INFO:teuthology.orchestra.run.smithi018.stdout:/usr/bin/ceph: stderr
2024-04-12T19:22:25.899+0000 7f84de12a700 1 -- 172.21.15.18:0/1168161962 >> 172.21.15.18:0/1168161962 conn(0x7f84d8102330 msgr2=0x7f84d81910d0 unknown :-1 s=STATE_NONE l=0).mark_down
2024-04-12T19:22:26.451 INFO:teuthology.orchestra.run.smithi018.stdout:/usr/bin/ceph: stderr
2024-04-12T19:22:25.900+0000 7f84de12a700 1 -- 172.21.15.18:0/1168161962 shutdown_connections
2024-04-12T19:22:26.451 INFO:teuthology.orchestra.run.smithi018.stdout:/usr/bin/ceph: stderr
2024-04-12T19:22:25.900+0000 7f84de12a700 1 -- 172.21.15.18:0/1168161962 wait complete.
2024-04-12T19:22:26.451 INFO:teuthology.orchestra.run.smithi018.stdout:Enabling cephadm module...
2024-04-12T19:22:26.463 INFO:journalctl@ceph.mon.a.smithi018.stdout:Apr 12 19:22:26 smithi018 ceph-mon[32256]: from='client.? 172.21.15.18:0/1168161962' entity='client.admin' cmd=[{"prefix": "config assimilate-conf"}]: dispatch
2024-04-12T19:22:27.713 INFO:journalctl@ceph.mon.a.smithi018.stdout:Apr 12 19:22:27 smithi018 ceph-mon[32256]: from='client.? 172.21.15.18:0/1501851869' entity='client.admin' cmd=[{"prefix": "mgr module enable", "module": "cephadm"}]: dispatch
2024-04-12T19:22:27.713 INFO:journalctl@ceph.mgr.x.smithi018.stdout:Apr 12 19:22:27 smithi018 ceph-c8996638-f901-11ee-bc8d-c7b262605968-mgr-x[32490]: ignoring --setuser ceph since I am not root
2024-04-12T19:22:27.713 INFO:journalctl@ceph.mgr.x.smithi018.stdout:Apr 12 19:22:27 smithi018 ceph-c8996638-f901-11ee-bc8d-c7b262605968-mgr-x[32490]: ignoring --setgroup ceph since I am not root
2024-04-12T19:22:27.991 INFO:teuthology.orchestra.run.smithi018.stdout:/usr/bin/ceph: stderr
2024-04-12T19:22:26.872+0000 7f3a8944e700 1 Processor -- start
2024-04-12T19:22:27.991 INFO:teuthology.orchestra.run.smithi018.stdout:/usr/bin/ceph: stderr
2024-04-12T19:22:26.872+0000 7f3a8944e700 1 -- start start
2024-04-12T19:22:27.991 INFO:teuthology.orchestra.run.smithi018.stdout:/usr/bin/ceph: stderr
2024-04-12T19:22:26.872+0000 7f3a8944e700 1 --2- >> [v2:172.21.15.18:3300/0,v1:172.21.15.18:6789/0] conn(0x7f3a84106f30 0x7f3a84107350 unknown :-1 s=NONE pgs=0 cs=0 l=0 rev1=0 crypto rx=0 tx=0 comp rx=0 tx=0).connect
2024-04-12T19:22:27.991 INFO:teuthology.orchestra.run.smithi018.stdout:/usr/bin/ceph: stderr
2024-04-12T19:22:26.872+0000 7f3a8944e700 1 -- --> [v2:172.21.15.18:3300/0,v1:172.21.15.18:6789/0] -- mon_getmap magic: 0 -- 0x7f3a8407be90 con 0x7f3a84106f30
2024-04-12T19:22:27.991 INFO:teuthology.orchestra.run.smithi018.stdout:/usr/bin/ceph: stderr
2024-04-12T19:22:26.872+0000 7f3a82ffd700 1 --2- >> [v2:172.21.15.18:3300/0,v1:172.21.15.18:6789/0] conn(0x7f3a84106f30 0x7f3a84107350 unknown :-1 s=BANNER_CONNECTING pgs=0 cs=0 l=0 rev1=0 crypto rx=0 tx=0 comp rx=0 tx=0)._handle_peer_banner_payload supported=3 required=0
2024-04-12T19:22:27.991 INFO:teuthology.orchestra.run.smithi018.stdout:/usr/bin/ceph: stderr
2024-04-12T19:22:26.873+0000 7f3a82ffd700 1 --2- >> [v2:172.21.15.18:3300/0,v1:172.21.15.18:6789/0] conn(0x7f3a84106f30 0x7f3a84107350 unknown :-1 s=HELLO_CONNECTING pgs=0 cs=0 l=0 rev1=1 crypto rx=0 tx=0 comp rx=0 tx=0).handle_hello peer v2:172.21.15.18:3300/0 says I am v2:172.21.15.18:39246/0 (socket says 172.21.15.18:39246)
2024-04-12T19:22:27.991 INFO:teuthology.orchestra.run.smithi018.stdout:/usr/bin/ceph: stderr
2024-04-12T19:22:26.873+0000 7f3a82ffd700 1 -- 172.21.15.18:0/889969006 learned_addr learned my addr 172.21.15.18:0/889969006 (peer_addr_for_me v2:172.21.15.18:0/0)
2024-04-12T19:22:27.992 INFO:teuthology.orchestra.run.smithi018.stdout:/usr/bin/ceph: stderr
2024-04-12T19:22:26.873+0000 7f3a82ffd700 1 -- 172.21.15.18:0/889969006 --> [v2:172.21.15.18:3300/0,v1:172.21.15.18:6789/0] -- mon_subscribe({config=0+,monmap=0+}) -- 0x7f3a84107890 con 0x7f3a84106f30
2024-04-12T19:22:27.992 INFO:teuthology.orchestra.run.smithi018.stdout:/usr/bin/ceph: stderr
2024-04-12T19:22:26.873+0000 7f3a82ffd700 1 --2- 172.21.15.18:0/889969006 >> [v2:172.21.15.18:3300/0,v1:172.21.15.18:6789/0] conn(0x7f3a84106f30 0x7f3a84107350 secure :-1 s=READY pgs=22 cs=0 l=1 rev1=1 crypto rx=0x7f3a74009e80 tx=0x7f3a7400b330 comp rx=0 tx=0).ready entity=mon.0 client_cookie=335dc717d601241 server_cookie=0 in_seq=0 out_seq=0
2024-04-12T19:22:27.992 INFO:teuthology.orchestra.run.smithi018.stdout:/usr/bin/ceph: stderr
2024-04-12T19:22:26.873+0000 7f3a81ffb700 1 -- 172.21.15.18:0/889969006 <== mon.0 v2:172.21.15.18:3300/0 1 ==== mon_map magic: 0 ==== 205+0+0 (secure 0 0 0) 0x7f3a74017070 con 0x7f3a84106f30
2024-04-12T19:22:27.992 INFO:teuthology.orchestra.run.smithi018.stdout:/usr/bin/ceph: stderr
2024-04-12T19:22:26.873+0000 7f3a81ffb700 1 -- 172.21.15.18:0/889969006 <== mon.0 v2:172.21.15.18:3300/0 2 ==== config(27 keys) ==== 1109+0+0 (secure 0 0 0) 0x7f3a7400b8c0 con 0x7f3a84106f30
2024-04-12T19:22:27.992 INFO:teuthology.orchestra.run.smithi018.stdout:/usr/bin/ceph: stderr
2024-04-12T19:22:26.873+0000 7f3a81ffb700 1 -- 172.21.15.18:0/889969006 <== mon.0 v2:172.21.15.18:3300/0 3 ==== mon_map magic: 0 ==== 205+0+0 (secure 0 0 0) 0x7f3a740045c0 con 0x7f3a84106f30
2024-04-12T19:22:27.992 INFO:teuthology.orchestra.run.smithi018.stdout:/usr/bin/ceph: stderr
2024-04-12T19:22:26.874+0000 7f3a8944e700 1 -- 172.21.15.18:0/889969006 >> [v2:172.21.15.18:3300/0,v1:172.21.15.18:6789/0] conn(0x7f3a84106f30 msgr2=0x7f3a84107350 secure :-1 s=STATE_CONNECTION_ESTABLISHED l=1).mark_down
2024-04-12T19:22:27.992 INFO:teuthology.orchestra.run.smithi018.stdout:/usr/bin/ceph: stderr
2024-04-12T19:22:26.874+0000 7f3a8944e700 1 --2- 172.21.15.18:0/889969006 >> [v2:172.21.15.18:3300/0,v1:172.21.15.18:6789/0] conn(0x7f3a84106f30 0x7f3a84107350 secure :-1 s=READY pgs=22 cs=0 l=1 rev1=1 crypto rx=0x7f3a74009e80 tx=0x7f3a7400b330 comp rx=0 tx=0).stop
2024-04-12T19:22:27.992 INFO:teuthology.orchestra.run.smithi018.stdout:/usr/bin/ceph: stderr
2024-04-12T19:22:26.874+0000 7f3a8944e700 1 -- 172.21.15.18:0/889969006 shutdown_connections
2024-04-12T19:22:27.992 INFO:teuthology.orchestra.run.smithi018.stdout:/usr/bin/ceph: stderr
2024-04-12T19:22:26.874+0000 7f3a8944e700 1 --2- 172.21.15.18:0/889969006 >> [v2:172.21.15.18:3300/0,v1:172.21.15.18:6789/0] conn(0x7f3a84106f30 0x7f3a84107350 unknown :-1 s=CLOSED pgs=22 cs=0 l=1 rev1=1 crypto rx=0 tx=0 comp rx=0 tx=0).stop
2024-04-12T19:22:27.992 INFO:teuthology.orchestra.run.smithi018.stdout:/usr/bin/ceph: stderr
2024-04-12T19:22:26.874+0000 7f3a8944e700 1 -- 172.21.15.18:0/889969006 >> 172.21.15.18:0/889969006 conn(0x7f3a84102b70 msgr2=0x7f3a84104f90 unknown :-1 s=STATE_NONE l=0).mark_down
2024-04-12T19:22:27.992 INFO:teuthology.orchestra.run.smithi018.stdout:/usr/bin/ceph: stderr
2024-04-12T19:22:26.874+0000 7f3a8944e700 1 -- 172.21.15.18:0/889969006 shutdown_connections
2024-04-12T19:22:27.992 INFO:teuthology.orchestra.run.smithi018.stdout:/usr/bin/ceph: stderr
2024-04-12T19:22:26.874+0000 7f3a8944e700 1 -- 172.21.15.18:0/889969006 wait complete.
2024-04-12T19:22:27.992 INFO:teuthology.orchestra.run.smithi018.stdout:/usr/bin/ceph: stderr
2024-04-12T19:22:26.874+0000 7f3a8944e700 1 Processor -- start
2024-04-12T19:22:27.993 INFO:teuthology.orchestra.run.smithi018.stdout:/usr/bin/ceph: stderr
2024-04-12T19:22:26.875+0000 7f3a8944e700 1 -- start start
2024-04-12T19:22:27.993 INFO:teuthology.orchestra.run.smithi018.stdout:/usr/bin/ceph: stderr
2024-04-12T19:22:26.875+0000 7f3a8944e700 1 --2- >> [v2:172.21.15.18:3300/0,v1:172.21.15.18:6789/0] conn(0x7f3a84106f30 0x7f3a8419e820 unknown :-1 s=NONE pgs=0 cs=0 l=1 rev1=0 crypto rx=0 tx=0 comp rx=0 tx=0).connect
2024-04-12T19:22:27.993 INFO:teuthology.orchestra.run.smithi018.stdout:/usr/bin/ceph: stderr
2024-04-12T19:22:26.875+0000 7f3a8944e700 1 -- --> [v2:172.21.15.18:3300/0,v1:172.21.15.18:6789/0] -- mon_getmap magic: 0 -- 0x7f3a84108920 con 0x7f3a84106f30
2024-04-12T19:22:27.993 INFO:teuthology.orchestra.run.smithi018.stdout:/usr/bin/ceph: stderr
2024-04-12T19:22:26.875+0000 7f3a82ffd700 1 --2- >> [v2:172.21.15.18:3300/0,v1:172.21.15.18:6789/0] conn(0x7f3a84106f30 0x7f3a8419e820 unknown :-1 s=BANNER_CONNECTING pgs=0 cs=0 l=1 rev1=0 crypto rx=0 tx=0 comp rx=0 tx=0)._handle_peer_banner_payload supported=3 required=0
2024-04-12T19:22:27.993 INFO:teuthology.orchestra.run.smithi018.stdout:/usr/bin/ceph: stderr
2024-04-12T19:22:26.875+0000 7f3a82ffd700 1 --2- >> [v2:172.21.15.18:3300/0,v1:172.21.15.18:6789/0] conn(0x7f3a84106f30 0x7f3a8419e820 unknown :-1 s=HELLO_CONNECTING pgs=0 cs=0 l=1 rev1=1 crypto rx=0 tx=0 comp rx=0 tx=0).handle_hello peer v2:172.21.15.18:3300/0 says I am v2:172.21.15.18:39250/0 (socket says 172.21.15.18:39250)
2024-04-12T19:22:27.993 INFO:teuthology.orchestra.run.smithi018.stdout:/usr/bin/ceph: stderr
2024-04-12T19:22:26.875+0000 7f3a82ffd700 1 -- 172.21.15.18:0/1501851869 learned_addr learned my addr 172.21.15.18:0/1501851869 (peer_addr_for_me v2:172.21.15.18:0/0)
2024-04-12T19:22:27.993 INFO:teuthology.orchestra.run.smithi018.stdout:/usr/bin/ceph: stderr
2024-04-12T19:22:26.875+0000 7f3a82ffd700 1 -- 172.21.15.18:0/1501851869 --> [v2:172.21.15.18:3300/0,v1:172.21.15.18:6789/0] -- mon_subscribe({config=0+,monmap=0+}) -- 0x7f3a8419ed60 con 0x7f3a84106f30
2024-04-12T19:22:27.993 INFO:teuthology.orchestra.run.smithi018.stdout:/usr/bin/ceph: stderr
2024-04-12T19:22:26.875+0000 7f3a82ffd700 1 --2- 172.21.15.18:0/1501851869 >> [v2:172.21.15.18:3300/0,v1:172.21.15.18:6789/0] conn(0x7f3a84106f30 0x7f3a8419e820 secure :-1 s=READY pgs=23 cs=0 l=1 rev1=1 crypto rx=0x7f3a74009530 tx=0x7f3a7400bd50 comp rx=0 tx=0).ready entity=mon.0 client_cookie=0 server_cookie=0 in_seq=0 out_seq=0
2024-04-12T19:22:27.993 INFO:teuthology.orchestra.run.smithi018.stdout:/usr/bin/ceph: stderr
