2024-04-12T19:22:39.740 INFO:teuthology.orchestra.run.smithi018.stdout:/usr/bin/ceph: stderr
2024-04-12T19:22:38.696+0000 7ffac3f2f700 1 -- --> [v2:172.21.15.18:3300/0,v1:172.21.15.18:6789/0] -- mon_getmap magic: 0 -- 0x7ffabc10ca60 con 0x7ffabc1091d0
2024-04-12T19:22:39.740 INFO:teuthology.orchestra.run.smithi018.stdout:/usr/bin/ceph: stderr
2024-04-12T19:22:38.697+0000 7ffac1ccb700 1 --2- >> [v2:172.21.15.18:3300/0,v1:172.21.15.18:6789/0] conn(0x7ffabc1091d0 0x7ffabc19c690 unknown :-1 s=BANNER_CONNECTING pgs=0 cs=0 l=1 rev1=0 crypto rx=0 tx=0 comp rx=0 tx=0)._handle_peer_banner_payload supported=3 required=0
2024-04-12T19:22:39.740 INFO:teuthology.orchestra.run.smithi018.stdout:/usr/bin/ceph: stderr
2024-04-12T19:22:38.697+0000 7ffac1ccb700 1 --2- >> [v2:172.21.15.18:3300/0,v1:172.21.15.18:6789/0] conn(0x7ffabc1091d0 0x7ffabc19c690 unknown :-1 s=HELLO_CONNECTING pgs=0 cs=0 l=1 rev1=1 crypto rx=0 tx=0 comp rx=0 tx=0).handle_hello peer v2:172.21.15.18:3300/0 says I am v2:172.21.15.18:46552/0 (socket says 172.21.15.18:46552)
2024-04-12T19:22:39.740 INFO:teuthology.orchestra.run.smithi018.stdout:/usr/bin/ceph: stderr
2024-04-12T19:22:38.697+0000 7ffac1ccb700 1 -- 172.21.15.18:0/1993591899 learned_addr learned my addr 172.21.15.18:0/1993591899 (peer_addr_for_me v2:172.21.15.18:0/0)
2024-04-12T19:22:39.740 INFO:teuthology.orchestra.run.smithi018.stdout:/usr/bin/ceph: stderr
2024-04-12T19:22:38.697+0000 7ffac1ccb700 1 -- 172.21.15.18:0/1993591899 --> [v2:172.21.15.18:3300/0,v1:172.21.15.18:6789/0] -- mon_subscribe({config=0+,monmap=0+}) -- 0x7ffabc19cbd0 con 0x7ffabc1091d0
2024-04-12T19:22:39.740 INFO:teuthology.orchestra.run.smithi018.stdout:/usr/bin/ceph: stderr
2024-04-12T19:22:38.697+0000 7ffac1ccb700 1 --2- 172.21.15.18:0/1993591899 >> [v2:172.21.15.18:3300/0,v1:172.21.15.18:6789/0] conn(0x7ffabc1091d0 0x7ffabc19c690 secure :-1 s=READY pgs=42 cs=0 l=1 rev1=1 crypto rx=0x7ffab8009fb0 tx=0x7ffab8011bf0 comp rx=0 tx=0).ready entity=mon.0 client_cookie=0 server_cookie=0 in_seq=0 out_seq=0
2024-04-12T19:22:39.740 INFO:teuthology.orchestra.run.smithi018.stdout:/usr/bin/ceph: stderr
2024-04-12T19:22:38.697+0000 7ffab2ffd700 1 -- 172.21.15.18:0/1993591899 <== mon.0 v2:172.21.15.18:3300/0 1 ==== mon_map magic: 0 ==== 205+0+0 (secure 0 0 0) 0x7ffab80038b0 con 0x7ffabc1091d0
2024-04-12T19:22:39.740 INFO:teuthology.orchestra.run.smithi018.stdout:/usr/bin/ceph: stderr
2024-04-12T19:22:38.697+0000 7ffab2ffd700 1 -- 172.21.15.18:0/1993591899 <== mon.0 v2:172.21.15.18:3300/0 2 ==== config(27 keys) ==== 1109+0+0 (secure 0 0 0) 0x7ffab8011e50 con 0x7ffabc1091d0
2024-04-12T19:22:39.740 INFO:teuthology.orchestra.run.smithi018.stdout:/usr/bin/ceph: stderr
2024-04-12T19:22:38.697+0000 7ffac3f2f700 1 -- 172.21.15.18:0/1993591899 --> [v2:172.21.15.18:3300/0,v1:172.21.15.18:6789/0] -- mon_subscribe({mgrmap=0+}) -- 0x7ffabc19ce60 con 0x7ffabc1091d0
2024-04-12T19:22:39.741 INFO:teuthology.orchestra.run.smithi018.stdout:/usr/bin/ceph: stderr
2024-04-12T19:22:38.697+0000 7ffab2ffd700 1 -- 172.21.15.18:0/1993591899 <== mon.0 v2:172.21.15.18:3300/0 3 ==== mon_map magic: 0 ==== 205+0+0 (secure 0 0 0) 0x7ffab8019420 con 0x7ffabc1091d0
2024-04-12T19:22:39.741 INFO:teuthology.orchestra.run.smithi018.stdout:/usr/bin/ceph: stderr
2024-04-12T19:22:38.697+0000 7ffac3f2f700 1 -- 172.21.15.18:0/1993591899 --> [v2:172.21.15.18:3300/0,v1:172.21.15.18:6789/0] -- mon_subscribe({osdmap=0}) -- 0x7ffabc19fb50 con 0x7ffabc1091d0
2024-04-12T19:22:39.741 INFO:teuthology.orchestra.run.smithi018.stdout:/usr/bin/ceph: stderr
2024-04-12T19:22:38.698+0000 7ffab2ffd700 1 -- 172.21.15.18:0/1993591899 <== mon.0 v2:172.21.15.18:3300/0 4 ==== mgrmap(e 8) ==== 46558+0+0 (secure 0 0 0) 0x7ffab80196f0 con 0x7ffabc1091d0
2024-04-12T19:22:39.741 INFO:teuthology.orchestra.run.smithi018.stdout:/usr/bin/ceph: stderr
2024-04-12T19:22:38.698+0000 7ffab2ffd700 1 --2- 172.21.15.18:0/1993591899 >> [v2:172.21.15.18:6800/3672942948,v1:172.21.15.18:6801/3672942948] conn(0x7ffaa80395b0 0x7ffaa803ba70 unknown :-1 s=NONE pgs=0 cs=0 l=1 rev1=0 crypto rx=0 tx=0 comp rx=0 tx=0).connect
2024-04-12T19:22:39.741 INFO:teuthology.orchestra.run.smithi018.stdout:/usr/bin/ceph: stderr
2024-04-12T19:22:38.698+0000 7ffab2ffd700 1 -- 172.21.15.18:0/1993591899 <== mon.0 v2:172.21.15.18:3300/0 5 ==== osd_map(2..2 src has 1..2) ==== 940+0+0 (secure 0 0 0) 0x7ffab804d970 con 0x7ffabc1091d0
2024-04-12T19:22:39.741 INFO:teuthology.orchestra.run.smithi018.stdout:/usr/bin/ceph: stderr
2024-04-12T19:22:38.698+0000 7ffac3f2f700 1 -- 172.21.15.18:0/1993591899 --> [v2:172.21.15.18:3300/0,v1:172.21.15.18:6789/0] -- mon_command({"prefix": "get_command_descriptions"} v 0) -- 0x7ffabc064110 con 0x7ffabc1091d0
2024-04-12T19:22:39.741 INFO:teuthology.orchestra.run.smithi018.stdout:/usr/bin/ceph: stderr
2024-04-12T19:22:38.698+0000 7ffac14ca700 1 --2- 172.21.15.18:0/1993591899 >> [v2:172.21.15.18:6800/3672942948,v1:172.21.15.18:6801/3672942948] conn(0x7ffaa80395b0 0x7ffaa803ba70 unknown :-1 s=BANNER_CONNECTING pgs=0 cs=0 l=1 rev1=0 crypto rx=0 tx=0 comp rx=0 tx=0)._handle_peer_banner_payload supported=3 required=0
2024-04-12T19:22:39.741 INFO:teuthology.orchestra.run.smithi018.stdout:/usr/bin/ceph: stderr
2024-04-12T19:22:38.699+0000 7ffac14ca700 1 --2- 172.21.15.18:0/1993591899 >> [v2:172.21.15.18:6800/3672942948,v1:172.21.15.18:6801/3672942948] conn(0x7ffaa80395b0 0x7ffaa803ba70 secure :-1 s=READY pgs=9 cs=0 l=1 rev1=1 crypto rx=0x7ffaac006fd0 tx=0x7ffaac006e40 comp rx=0 tx=0).ready entity=mgr.14120 client_cookie=0 server_cookie=0 in_seq=0 out_seq=0
2024-04-12T19:22:39.741 INFO:teuthology.orchestra.run.smithi018.stdout:/usr/bin/ceph: stderr
2024-04-12T19:22:38.703+0000 7ffab2ffd700 1 -- 172.21.15.18:0/1993591899 <== mon.0 v2:172.21.15.18:3300/0 6 ==== mon_command_ack([{"prefix": "get_command_descriptions"}]=0 v0) ==== 72+0+188370 (secure 0 0 0) 0x7ffab800bc70 con 0x7ffabc1091d0
2024-04-12T19:22:39.741 INFO:teuthology.orchestra.run.smithi018.stdout:/usr/bin/ceph: stderr
2024-04-12T19:22:38.912+0000 7ffac3f2f700 1 -- 172.21.15.18:0/1993591899 --> [v2:172.21.15.18:6800/3672942948,v1:172.21.15.18:6801/3672942948] -- mgr_command(tid 0: {"prefix": "cephadm generate-key", "target": ["mon-mgr", ""]}) -- 0x7ffabc103e50 con 0x7ffaa80395b0
2024-04-12T19:22:39.741 INFO:teuthology.orchestra.run.smithi018.stdout:/usr/bin/ceph: stderr
2024-04-12T19:22:39.165+0000 7ffab2ffd700 1 -- 172.21.15.18:0/1993591899 <== mgr.14120 v2:172.21.15.18:6800/3672942948 1 ==== mgr_command_reply(tid 0: 0 ) ==== 8+0+0 (secure 0 0 0) 0x7ffabc103e50 con 0x7ffaa80395b0
2024-04-12T19:22:39.741 INFO:teuthology.orchestra.run.smithi018.stdout:/usr/bin/ceph: stderr
2024-04-12T19:22:39.167+0000 7ffac3f2f700 1 -- 172.21.15.18:0/1993591899 >> [v2:172.21.15.18:6800/3672942948,v1:172.21.15.18:6801/3672942948] conn(0x7ffaa80395b0 msgr2=0x7ffaa803ba70 secure :-1 s=STATE_CONNECTION_ESTABLISHED l=1).mark_down
2024-04-12T19:22:39.741 INFO:teuthology.orchestra.run.smithi018.stdout:/usr/bin/ceph: stderr
2024-04-12T19:22:39.167+0000 7ffac3f2f700 1 --2- 172.21.15.18:0/1993591899 >> [v2:172.21.15.18:6800/3672942948,v1:172.21.15.18:6801/3672942948] conn(0x7ffaa80395b0 0x7ffaa803ba70 secure :-1 s=READY pgs=9 cs=0 l=1 rev1=1 crypto rx=0x7ffaac006fd0 tx=0x7ffaac006e40 comp rx=0 tx=0).stop
2024-04-12T19:22:39.742 INFO:teuthology.orchestra.run.smithi018.stdout:/usr/bin/ceph: stderr
2024-04-12T19:22:39.167+0000 7ffac3f2f700 1 -- 172.21.15.18:0/1993591899 >> [v2:172.21.15.18:3300/0,v1:172.21.15.18:6789/0] conn(0x7ffabc1091d0 msgr2=0x7ffabc19c690 secure :-1 s=STATE_CONNECTION_ESTABLISHED l=1).mark_down
2024-04-12T19:22:39.742 INFO:teuthology.orchestra.run.smithi018.stdout:/usr/bin/ceph: stderr
2024-04-12T19:22:39.167+0000 7ffac3f2f700 1 --2- 172.21.15.18:0/1993591899 >> [v2:172.21.15.18:3300/0,v1:172.21.15.18:6789/0] conn(0x7ffabc1091d0 0x7ffabc19c690 secure :-1 s=READY pgs=42 cs=0 l=1 rev1=1 crypto rx=0x7ffab8009fb0 tx=0x7ffab8011bf0 comp rx=0 tx=0).stop
2024-04-12T19:22:39.742 INFO:teuthology.orchestra.run.smithi018.stdout:/usr/bin/ceph: stderr
2024-04-12T19:22:39.168+0000 7ffac3f2f700 1 -- 172.21.15.18:0/1993591899 shutdown_connections
2024-04-12T19:22:39.742 INFO:teuthology.orchestra.run.smithi018.stdout:/usr/bin/ceph: stderr
2024-04-12T19:22:39.168+0000 7ffac3f2f700 1 --2- 172.21.15.18:0/1993591899 >> [v2:172.21.15.18:6800/3672942948,v1:172.21.15.18:6801/3672942948] conn(0x7ffaa80395b0 0x7ffaa803ba70 unknown :-1 s=CLOSED pgs=9 cs=0 l=1 rev1=1 crypto rx=0 tx=0 comp rx=0 tx=0).stop
2024-04-12T19:22:39.742 INFO:teuthology.orchestra.run.smithi018.stdout:/usr/bin/ceph: stderr
2024-04-12T19:22:39.168+0000 7ffac3f2f700 1 --2- 172.21.15.18:0/1993591899 >> [v2:172.21.15.18:3300/0,v1:172.21.15.18:6789/0] conn(0x7ffabc1091d0 0x7ffabc19c690 unknown :-1 s=CLOSED pgs=42 cs=0 l=1 rev1=1 crypto rx=0 tx=0 comp rx=0 tx=0).stop
2024-04-12T19:22:39.742 INFO:teuthology.orchestra.run.smithi018.stdout:/usr/bin/ceph: stderr
2024-04-12T19:22:39.168+0000 7ffac3f2f700 1 -- 172.21.15.18:0/1993591899 >> 172.21.15.18:0/1993591899 conn(0x7ffabc102be0 msgr2=0x7ffabc103740 unknown :-1 s=STATE_NONE l=0).mark_down
2024-04-12T19:22:39.742 INFO:teuthology.orchestra.run.smithi018.stdout:/usr/bin/ceph: stderr
2024-04-12T19:22:39.168+0000 7ffac3f2f700 1 -- 172.21.15.18:0/1993591899 shutdown_connections
2024-04-12T19:22:39.742 INFO:teuthology.orchestra.run.smithi018.stdout:/usr/bin/ceph: stderr
2024-04-12T19:22:39.168+0000 7ffac3f2f700 1 -- 172.21.15.18:0/1993591899 wait complete.
2024-04-12T19:22:40.695 INFO:journalctl@ceph.mon.a.smithi018.stdout:Apr 12 19:22:40 smithi018 ceph-mon[32256]: from='client.14136 -' entity='client.admin' cmd=[{"prefix": "cephadm generate-key", "target": ["mon-mgr", ""]}]: dispatch
2024-04-12T19:22:40.695 INFO:journalctl@ceph.mon.a.smithi018.stdout:Apr 12 19:22:40 smithi018 ceph-mon[32256]: Generating ssh key...
2024-04-12T19:22:41.054 INFO:teuthology.orchestra.run.smithi018.stdout:/usr/bin/ceph: stdout ssh-rsa AAAAB3NzaC1yc2EAAAADAQABAAABgQDsUXayC4hMp2f0TXlYoSdRzT4fj61SGp3sdFYS4vMbhxAJ/mklizIvET994H8A9ZMk+gcWbqnpaqth0u2nNhLli5AeLUdSn47Hacw139aR6nROoQfXicJW6dFftgCxRsMzNNVGEnDDq95VbZQ7e3DN1Ybw/YHnKHEGaHqsN8wLGc1ESP1E5vMGLRm2W2RLC82YWbyxcw0sfT5nCwDYU/x83PTolZEPzBB81+DspcUJChdjv6fgtglIZb1ZW4qTnbP2EgfJkE1kDuYobH8ewnHcokJ50pyl8+JsQU9CjqyMHqlIgH+vHw7Irk9VEbKAr9wSlQihqSejuSRneVxIpFcCSk9qFHLI3yl4NBwNgm+dG+jNIKmLmkAA7EhdZfakJ4dYqPcIKnxfvMh4qlpPvZatOMRCnSIa153v2lYfC9Et/BPG6p/24iHjXgB20Gv+U865IPLt/HbBUCgL3qXaALkrDltzECpkLhuTZKQzdFF3PQApO9UVjofZSy9lv4B9Ftc= ceph-c8996638-f901-11ee-bc8d-c7b262605968
2024-04-12T19:22:41.054 INFO:teuthology.orchestra.run.smithi018.stdout:/usr/bin/ceph: stderr
2024-04-12T19:22:40.169+0000 7fb01a039700 1 Processor -- start
2024-04-12T19:22:41.054 INFO:teuthology.orchestra.run.smithi018.stdout:/usr/bin/ceph: stderr
2024-04-12T19:22:40.169+0000 7fb01a039700 1 -- start start
2024-04-12T19:22:41.055 INFO:teuthology.orchestra.run.smithi018.stdout:/usr/bin/ceph: stderr
2024-04-12T19:22:40.169+0000 7fb01a039700 1 --2- >> [v2:172.21.15.18:3300/0,v1:172.21.15.18:6789/0] conn(0x7fb014109140 0x7fb01410b530 unknown :-1 s=NONE pgs=0 cs=0 l=0 rev1=0 crypto rx=0 tx=0 comp rx=0 tx=0).connect
2024-04-12T19:22:41.055 INFO:teuthology.orchestra.run.smithi018.stdout:/usr/bin/ceph: stderr
2024-04-12T19:22:40.169+0000 7fb01a039700 1 -- --> [v2:172.21.15.18:3300/0,v1:172.21.15.18:6789/0] -- mon_getmap magic: 0 -- 0x7fb01407be90 con 0x7fb014109140
2024-04-12T19:22:41.055 INFO:teuthology.orchestra.run.smithi018.stdout:/usr/bin/ceph: stderr
2024-04-12T19:22:40.169+0000 7fb0137fe700 1 --2- >> [v2:172.21.15.18:3300/0,v1:172.21.15.18:6789/0] conn(0x7fb014109140 0x7fb01410b530 unknown :-1 s=BANNER_CONNECTING pgs=0 cs=0 l=0 rev1=0 crypto rx=0 tx=0 comp rx=0 tx=0)._handle_peer_banner_payload supported=3 required=0
2024-04-12T19:22:41.055 INFO:teuthology.orchestra.run.smithi018.stdout:/usr/bin/ceph: stderr
2024-04-12T19:22:40.169+0000 7fb0137fe700 1 --2- >> [v2:172.21.15.18:3300/0,v1:172.21.15.18:6789/0] conn(0x7fb014109140 0x7fb01410b530 unknown :-1 s=HELLO_CONNECTING pgs=0 cs=0 l=0 rev1=1 crypto rx=0 tx=0 comp rx=0 tx=0).handle_hello peer v2:172.21.15.18:3300/0 says I am v2:172.21.15.18:46556/0 (socket says 172.21.15.18:46556)
2024-04-12T19:22:41.055 INFO:teuthology.orchestra.run.smithi018.stdout:/usr/bin/ceph: stderr
2024-04-12T19:22:40.169+0000 7fb0137fe700 1 -- 172.21.15.18:0/112668262 learned_addr learned my addr 172.21.15.18:0/112668262 (peer_addr_for_me v2:172.21.15.18:0/0)
2024-04-12T19:22:41.055 INFO:teuthology.orchestra.run.smithi018.stdout:/usr/bin/ceph: stderr
2024-04-12T19:22:40.169+0000 7fb0137fe700 1 -- 172.21.15.18:0/112668262 --> [v2:172.21.15.18:3300/0,v1:172.21.15.18:6789/0] -- mon_subscribe({config=0+,monmap=0+}) -- 0x7fb01410ba70 con 0x7fb014109140
2024-04-12T19:22:41.055 INFO:teuthology.orchestra.run.smithi018.stdout:/usr/bin/ceph: stderr
2024-04-12T19:22:40.170+0000 7fb0137fe700 1 --2- 172.21.15.18:0/112668262 >> [v2:172.21.15.18:3300/0,v1:172.21.15.18:6789/0] conn(0x7fb014109140 0x7fb01410b530 secure :-1 s=READY pgs=43 cs=0 l=1 rev1=1 crypto rx=0x7fb0040098a0 tx=0x7fb004009bb0 comp rx=0 tx=0).ready entity=mon.0 client_cookie=e0af64e1335604a5 server_cookie=0 in_seq=0 out_seq=0
2024-04-12T19:22:41.055 INFO:teuthology.orchestra.run.smithi018.stdout:/usr/bin/ceph: stderr
2024-04-12T19:22:40.170+0000 7fb0127fc700 1 -- 172.21.15.18:0/112668262 <== mon.0 v2:172.21.15.18:3300/0 1 ==== mon_map magic: 0 ==== 205+0+0 (secure 0 0 0) 0x7fb004004160 con 0x7fb014109140
2024-04-12T19:22:41.055 INFO:teuthology.orchestra.run.smithi018.stdout:/usr/bin/ceph: stderr
2024-04-12T19:22:40.170+0000 7fb0127fc700 1 -- 172.21.15.18:0/112668262 <== mon.0 v2:172.21.15.18:3300/0 2 ==== config(27 keys) ==== 1109+0+0 (secure 0 0 0) 0x7fb004004300 con 0x7fb014109140
2024-04-12T19:22:41.055 INFO:teuthology.orchestra.run.smithi018.stdout:/usr/bin/ceph: stderr
2024-04-12T19:22:40.170+0000 7fb0127fc700 1 -- 172.21.15.18:0/112668262 <== mon.0 v2:172.21.15.18:3300/0 3 ==== mon_map magic: 0 ==== 205+0+0 (secure 0 0 0) 0x7fb004011b50 con 0x7fb014109140
2024-04-12T19:22:41.055 INFO:teuthology.orchestra.run.smithi018.stdout:/usr/bin/ceph: stderr
2024-04-12T19:22:40.170+0000 7fb01a039700 1 -- 172.21.15.18:0/112668262 >> [v2:172.21.15.18:3300/0,v1:172.21.15.18:6789/0] conn(0x7fb014109140 msgr2=0x7fb01410b530 secure :-1 s=STATE_CONNECTION_ESTABLISHED l=1).mark_down
2024-04-12T19:22:41.055 INFO:teuthology.orchestra.run.smithi018.stdout:/usr/bin/ceph: stderr
2024-04-12T19:22:40.170+0000 7fb01a039700 1 --2- 172.21.15.18:0/112668262 >> [v2:172.21.15.18:3300/0,v1:172.21.15.18:6789/0] conn(0x7fb014109140 0x7fb01410b530 secure :-1 s=READY pgs=43 cs=0 l=1 rev1=1 crypto rx=0x7fb0040098a0 tx=0x7fb004009bb0 comp rx=0 tx=0).stop
2024-04-12T19:22:41.055 INFO:teuthology.orchestra.run.smithi018.stdout:/usr/bin/ceph: stderr
2024-04-12T19:22:40.170+0000 7fb01a039700 1 -- 172.21.15.18:0/112668262 shutdown_connections
2024-04-12T19:22:41.056 INFO:teuthology.orchestra.run.smithi018.stdout:/usr/bin/ceph: stderr
2024-04-12T19:22:40.170+0000 7fb01a039700 1 --2- 172.21.15.18:0/112668262 >> [v2:172.21.15.18:3300/0,v1:172.21.15.18:6789/0] conn(0x7fb014109140 0x7fb01410b530 unknown :-1 s=CLOSED pgs=43 cs=0 l=1 rev1=1 crypto rx=0 tx=0 comp rx=0 tx=0).stop
2024-04-12T19:22:41.056 INFO:teuthology.orchestra.run.smithi018.stdout:/usr/bin/ceph: stderr
2024-04-12T19:22:40.170+0000 7fb01a039700 1 -- 172.21.15.18:0/112668262 >> 172.21.15.18:0/112668262 conn(0x7fb014102b70 msgr2=0x7fb014104f90 unknown :-1 s=STATE_NONE l=0).mark_down
2024-04-12T19:22:41.056 INFO:teuthology.orchestra.run.smithi018.stdout:/usr/bin/ceph: stderr
2024-04-12T19:22:40.170+0000 7fb01a039700 1 -- 172.21.15.18:0/112668262 shutdown_connections
2024-04-12T19:22:41.056 INFO:teuthology.orchestra.run.smithi018.stdout:/usr/bin/ceph: stderr
2024-04-12T19:22:40.171+0000 7fb01a039700 1 -- 172.21.15.18:0/112668262 wait complete.
2024-04-12T19:22:41.056 INFO:teuthology.orchestra.run.smithi018.stdout:/usr/bin/ceph: stderr
2024-04-12T19:22:40.171+0000 7fb01a039700 1 Processor -- start
2024-04-12T19:22:41.056 INFO:teuthology.orchestra.run.smithi018.stdout:/usr/bin/ceph: stderr
2024-04-12T19:22:40.171+0000 7fb01a039700 1 -- start start
2024-04-12T19:22:41.056 INFO:teuthology.orchestra.run.smithi018.stdout:/usr/bin/ceph: stderr
2024-04-12T19:22:40.171+0000 7fb01a039700 1 --2- >> [v2:172.21.15.18:3300/0,v1:172.21.15.18:6789/0] conn(0x7fb014109140 0x7fb01419c600 unknown :-1 s=NONE pgs=0 cs=0 l=1 rev1=0 crypto rx=0 tx=0 comp rx=0 tx=0).connect
2024-04-12T19:22:41.056 INFO:teuthology.orchestra.run.smithi018.stdout:/usr/bin/ceph: stderr
2024-04-12T19:22:40.172+0000 7fb01a039700 1 -- --> [v2:172.21.15.18:3300/0,v1:172.21.15.18:6789/0] -- mon_getmap magic: 0 -- 0x7fb01410ca90 con 0x7fb014109140
2024-04-12T19:22:41.056 INFO:teuthology.orchestra.run.smithi018.stdout:/usr/bin/ceph: stderr
2024-04-12T19:22:40.172+0000 7fb0137fe700 1 --2- >> [v2:172.21.15.18:3300/0,v1:172.21.15.18:6789/0] conn(0x7fb014109140 0x7fb01419c600 unknown :-1 s=BANNER_CONNECTING pgs=0 cs=0 l=1 rev1=0 crypto rx=0 tx=0 comp rx=0 tx=0)._handle_peer_banner_payload supported=3 required=0
2024-04-12T19:22:41.056 INFO:teuthology.orchestra.run.smithi018.stdout:/usr/bin/ceph: stderr
2024-04-12T19:22:40.172+0000 7fb0137fe700 1 --2- >> [v2:172.21.15.18:3300/0,v1:172.21.15.18:6789/0] conn(0x7fb014109140 0x7fb01419c600 unknown :-1 s=HELLO_CONNECTING pgs=0 cs=0 l=1 rev1=1 crypto rx=0 tx=0 comp rx=0 tx=0).handle_hello peer v2:172.21.15.18:3300/0 says I am v2:172.21.15.18:46572/0 (socket says 172.21.15.18:46572)
2024-04-12T19:22:41.056 INFO:teuthology.orchestra.run.smithi018.stdout:/usr/bin/ceph: stderr
2024-04-12T19:22:40.172+0000 7fb0137fe700 1 -- 172.21.15.18:0/3932450397 learned_addr learned my addr 172.21.15.18:0/3932450397 (peer_addr_for_me v2:172.21.15.18:0/0)
2024-04-12T19:22:41.056 INFO:teuthology.orchestra.run.smithi018.stdout:/usr/bin/ceph: stderr
2024-04-12T19:22:40.172+0000 7fb0137fe700 1 -- 172.21.15.18:0/3932450397 --> [v2:172.21.15.18:3300/0,v1:172.21.15.18:6789/0] -- mon_subscribe({config=0+,monmap=0+}) -- 0x7fb01419cb40 con 0x7fb014109140
2024-04-12T19:22:41.056 INFO:teuthology.orchestra.run.smithi018.stdout:/usr/bin/ceph: stderr
2024-04-12T19:22:40.172+0000 7fb0137fe700 1 --2- 172.21.15.18:0/3932450397 >> [v2:172.21.15.18:3300/0,v1:172.21.15.18:6789/0] conn(0x7fb014109140 0x7fb01419c600 secure :-1 s=READY pgs=44 cs=0 l=1 rev1=1 crypto rx=0x7fb004011b60 tx=0x7fb004011c40 comp rx=0 tx=0).ready entity=mon.0 client_cookie=0 server_cookie=0 in_seq=0 out_seq=0
2024-04-12T19:22:41.057 INFO:teuthology.orchestra.run.smithi018.stdout:/usr/bin/ceph: stderr
2024-04-12T19:22:40.172+0000 7fb010ff9700 1 -- 172.21.15.18:0/3932450397 <== mon.0 v2:172.21.15.18:3300/0 1 ==== mon_map magic: 0 ==== 205+0+0 (secure 0 0 0) 0x7fb004003b20 con 0x7fb014109140
2024-04-12T19:22:41.057 INFO:teuthology.orchestra.run.smithi018.stdout:/usr/bin/ceph: stderr
2024-04-12T19:22:40.172+0000 7fb01a039700 1 -- 172.21.15.18:0/3932450397 --> [v2:172.21.15.18:3300/0,v1:172.21.15.18:6789/0] -- mon_subscribe({mgrmap=0+}) -- 0x7fb01419cdd0 con 0x7fb014109140
2024-04-12T19:22:41.057 INFO:teuthology.orchestra.run.smithi018.stdout:/usr/bin/ceph: stderr
2024-04-12T19:22:40.172+0000 7fb010ff9700 1 -- 172.21.15.18:0/3932450397 <== mon.0 v2:172.21.15.18:3300/0 2 ==== config(27 keys) ==== 1109+0+0 (secure 0 0 0) 0x7fb004003cc0 con 0x7fb014109140
2024-04-12T19:22:41.057 INFO:teuthology.orchestra.run.smithi018.stdout:/usr/bin/ceph: stderr
2024-04-12T19:22:40.172+0000 7fb010ff9700 1 -- 172.21.15.18:0/3932450397 <== mon.0 v2:172.21.15.18:3300/0 3 ==== mon_map magic: 0 ==== 205+0+0 (secure 0 0 0) 0x7fb004024840 con 0x7fb014109140
2024-04-12T19:22:41.057 INFO:teuthology.orchestra.run.smithi018.stdout:/usr/bin/ceph: stderr
2024-04-12T19:22:40.172+0000 7fb01a039700 1 -- 172.21.15.18:0/3932450397 --> [v2:172.21.15.18:3300/0,v1:172.21.15.18:6789/0] -- mon_subscribe({osdmap=0}) -- 0x7fb01419fac0 con 0x7fb014109140
2024-04-12T19:22:41.057 INFO:teuthology.orchestra.run.smithi018.stdout:/usr/bin/ceph: stderr
2024-04-12T19:22:40.173+0000 7fb010ff9700 1 -- 172.21.15.18:0/3932450397 <== mon.0 v2:172.21.15.18:3300/0 4 ==== mgrmap(e 8) ==== 46558+0+0 (secure 0 0 0) 0x7fb004022020 con 0x7fb014109140
2024-04-12T19:22:41.057 INFO:teuthology.orchestra.run.smithi018.stdout:/usr/bin/ceph: stderr
2024-04-12T19:22:40.173+0000 7fb01a039700 1 -- 172.21.15.18:0/3932450397 --> [v2:172.21.15.18:3300/0,v1:172.21.15.18:6789/0] -- mon_command({"prefix": "get_command_descriptions"} v 0) -- 0x7fb014064110 con 0x7fb014109140
2024-04-12T19:22:41.057 INFO:teuthology.orchestra.run.smithi018.stdout:/usr/bin/ceph: stderr
2024-04-12T19:22:40.173+0000 7fb010ff9700 1 --2- 172.21.15.18:0/3932450397 >> [v2:172.21.15.18:6800/3672942948,v1:172.21.15.18:6801/3672942948] conn(0x7faffc0395b0 0x7faffc03ba70 unknown :-1 s=NONE pgs=0 cs=0 l=1 rev1=0 crypto rx=0 tx=0 comp rx=0 tx=0).connect
2024-04-12T19:22:41.057 INFO:teuthology.orchestra.run.smithi018.stdout:/usr/bin/ceph: stderr
2024-04-12T19:22:40.173+0000 7fb010ff9700 1 -- 172.21.15.18:0/3932450397 <== mon.0 v2:172.21.15.18:3300/0 5 ==== osd_map(2..2 src has 1..2) ==== 940+0+0 (secure 0 0 0) 0x7fb004011e00 con 0x7fb014109140
2024-04-12T19:22:41.057 INFO:teuthology.orchestra.run.smithi018.stdout:/usr/bin/ceph: stderr
2024-04-12T19:22:40.174+0000 7fb012ffd700 1 --2- 172.21.15.18:0/3932450397 >> [v2:172.21.15.18:6800/3672942948,v1:172.21.15.18:6801/3672942948] conn(0x7faffc0395b0 0x7faffc03ba70 unknown :-1 s=BANNER_CONNECTING pgs=0 cs=0 l=1 rev1=0 crypto rx=0 tx=0 comp rx=0 tx=0)._handle_peer_banner_payload supported=3 required=0
2024-04-12T19:22:41.057 INFO:teuthology.orchestra.run.smithi018.stdout:/usr/bin/ceph: stderr
2024-04-12T19:22:40.174+0000 7fb012ffd700 1 --2- 172.21.15.18:0/3932450397 >> [v2:172.21.15.18:6800/3672942948,v1:172.21.15.18:6801/3672942948] conn(0x7faffc0395b0 0x7faffc03ba70 secure :-1 s=READY pgs=10 cs=0 l=1 rev1=1 crypto rx=0x7fb008006fd0 tx=0x7fb008006e40 comp rx=0 tx=0).ready entity=mgr.14120 client_cookie=0 server_cookie=0 in_seq=0 out_seq=0
2024-04-12T19:22:41.057 INFO:teuthology.orchestra.run.smithi018.stdout:/usr/bin/ceph: stderr
2024-04-12T19:22:40.179+0000 7fb010ff9700 1 -- 172.21.15.18:0/3932450397 <== mon.0 v2:172.21.15.18:3300/0 6 ==== mon_command_ack([{"prefix": "get_command_descriptions"}]=0 v0) ==== 72+0+188370 (secure 0 0 0) 0x7fb0040172b0 con 0x7fb014109140
2024-04-12T19:22:41.057 INFO:teuthology.orchestra.run.smithi018.stdout:/usr/bin/ceph: stderr
2024-04-12T19:22:40.387+0000 7fb01a039700 1 -- 172.21.15.18:0/3932450397 --> [v2:172.21.15.18:6800/3672942948,v1:172.21.15.18:6801/3672942948] -- mgr_command(tid 0: {"prefix": "cephadm get-pub-key", "target": ["mon-mgr", ""]}) -- 0x7fb014103d50 con 0x7faffc0395b0
2024-04-12T19:22:41.058 INFO:teuthology.orchestra.run.smithi018.stdout:/usr/bin/ceph: stderr
2024-04-12T19:22:40.387+0000 7fb010ff9700 1 -- 172.21.15.18:0/3932450397 <== mgr.14120 v2:172.21.15.18:6800/3672942948 1 ==== mgr_command_reply(tid 0: 0 ) ==== 8+0+595 (secure 0 0 0) 0x7fb014103d50 con 0x7faffc0395b0
2024-04-12T19:22:41.058 INFO:teuthology.orchestra.run.smithi018.stdout:/usr/bin/ceph: stderr
2024-04-12T19:22:40.389+0000 7fb01a039700 1 -- 172.21.15.18:0/3932450397 >> [v2:172.21.15.18:6800/3672942948,v1:172.21.15.18:6801/3672942948] conn(0x7faffc0395b0 msgr2=0x7faffc03ba70 secure :-1 s=STATE_CONNECTION_ESTABLISHED l=1).mark_down
2024-04-12T19:22:41.058 INFO:teuthology.orchestra.run.smithi018.stdout:/usr/bin/ceph: stderr
2024-04-12T19:22:40.389+0000 7fb01a039700 1 --2- 172.21.15.18:0/3932450397 >> [v2:172.21.15.18:6800/3672942948,v1:172.21.15.18:6801/3672942948] conn(0x7faffc0395b0 0x7faffc03ba70 secure :-1 s=READY pgs=10 cs=0 l=1 rev1=1 crypto rx=0x7fb008006fd0 tx=0x7fb008006e40 comp rx=0 tx=0).stop
2024-04-12T19:22:41.058 INFO:teuthology.orchestra.run.smithi018.stdout:/usr/bin/ceph: stderr
2024-04-12T19:22:40.389+0000 7fb01a039700 1 -- 172.21.15.18:0/3932450397 >> [v2:172.21.15.18:3300/0,v1:172.21.15.18:6789/0] conn(0x7fb014109140 msgr2=0x7fb01419c600 secure :-1 s=STATE_CONNECTION_ESTABLISHED l=1).mark_down
2024-04-12T19:22:41.058 INFO:teuthology.orchestra.run.smithi018.stdout:/usr/bin/ceph: stderr
2024-04-12T19:22:40.389+0000 7fb01a039700 1 --2- 172.21.15.18:0/3932450397 >> [v2:172.21.15.18:3300/0,v1:172.21.15.18:6789/0] conn(0x7fb014109140 0x7fb01419c600 secure :-1 s=READY pgs=44 cs=0 l=1 rev1=1 crypto rx=0x7fb004011b60 tx=0x7fb004011c40 comp rx=0 tx=0).stop
2024-04-12T19:22:41.058 INFO:teuthology.orchestra.run.smithi018.stdout:/usr/bin/ceph: stderr
2024-04-12T19:22:40.389+0000 7fb01a039700 1 -- 172.21.15.18:0/3932450397 shutdown_connections
2024-04-12T19:22:41.058 INFO:teuthology.orchestra.run.smithi018.stdout:/usr/bin/ceph: stderr
2024-04-12T19:22:40.389+0000 7fb01a039700 1 --2- 172.21.15.18:0/3932450397 >> [v2:172.21.15.18:6800/3672942948,v1:172.21.15.18:6801/3672942948] conn(0x7faffc0395b0 0x7faffc03ba70 unknown :-1 s=CLOSED pgs=10 cs=0 l=1 rev1=1 crypto rx=0 tx=0 comp rx=0 tx=0).stop
2024-04-12T19:22:41.058 INFO:teuthology.orchestra.run.smithi018.stdout:/usr/bin/ceph: stderr
2024-04-12T19:22:40.389+0000 7fb01a039700 1 --2- 172.21.15.18:0/3932450397 >> [v2:172.21.15.18:3300/0,v1:172.21.15.18:6789/0] conn(0x7fb014109140 0x7fb01419c600 unknown :-1 s=CLOSED pgs=44 cs=0 l=1 rev1=1 crypto rx=0 tx=0 comp rx=0 tx=0).stop
2024-04-12T19:22:41.058 INFO:teuthology.orchestra.run.smithi018.stdout:/usr/bin/ceph: stderr
2024-04-12T19:22:40.389+0000 7fb01a039700 1 -- 172.21.15.18:0/3932450397 >> 172.21.15.18:0/3932450397 conn(0x7fb014102b70 msgr2=0x7fb014103640 unknown :-1 s=STATE_NONE l=0).mark_down
2024-04-12T19:22:41.058 INFO:teuthology.orchestra.run.smithi018.stdout:/usr/bin/ceph: stderr
2024-04-12T19:22:40.389+0000 7fb01a039700 1 -- 172.21.15.18:0/3932450397 shutdown_connections
2024-04-12T19:22:41.058 INFO:teuthology.orchestra.run.smithi018.stdout:/usr/bin/ceph: stderr
2024-04-12T19:22:40.389+0000 7fb01a039700 1 -- 172.21.15.18:0/3932450397 wait complete.
2024-04-12T19:22:41.058 INFO:teuthology.orchestra.run.smithi018.stdout:Wrote public SSH key to /home/ubuntu/cephtest/ceph.pub
2024-04-12T19:22:41.059 INFO:teuthology.orchestra.run.smithi018.stdout:Adding key to root@localhost authorized_keys...
2024-04-12T19:22:41.059 INFO:teuthology.orchestra.run.smithi018.stdout:Adding host smithi018...
2024-04-12T19:22:41.697 INFO:journalctl@ceph.mon.a.smithi018.stdout:Apr 12 19:22:41 smithi018 ceph-mon[32256]: from='client.14138 -' entity='client.admin' cmd=[{"prefix": "cephadm get-pub-key", "target": ["mon-mgr", ""]}]: dispatch
2024-04-12T19:22:42.653 INFO:journalctl@ceph.mon.a.smithi018.stdout:Apr 12 19:22:42 smithi018 ceph-mon[32256]: from='client.14140 -' entity='client.admin' cmd=[{"prefix": "orch host add", "hostname": "smithi018", "addr": "172.21.15.18", "target": ["mon-mgr", ""]}]: dispatch
2024-04-12T19:22:42.653 INFO:journalctl@ceph.mon.a.smithi018.stdout:Apr 12 19:22:42 smithi018 ceph-mon[32256]: Deploying cephadm binary to smithi018
2024-04-12T19:22:46.620 INFO:teuthology.orchestra.run.smithi018.stdout:/usr/bin/ceph: stdout Added host 'smithi018' with addr '172.21.15.18'
2024-04-12T19:22:46.620 INFO:teuthology.orchestra.run.smithi018.stdout:/usr/bin/ceph: stderr
2024-04-12T19:22:41.475+0000 7fd8fa614700 1 Processor -- start
2024-04-12T19:22:46.620 INFO:teuthology.orchestra.run.smithi018.stdout:/usr/bin/ceph: stderr
2024-04-12T19:22:41.475+0000 7fd8fa614700 1 -- start start
2024-04-12T19:22:46.620 INFO:teuthology.orchestra.run.smithi018.stdout:/usr/bin/ceph: stderr
2024-04-12T19:22:41.475+0000 7fd8fa614700 1 --2- >> [v2:172.21.15.18:3300/0,v1:172.21.15.18:6789/0] conn(0x7fd8f4107640 0x7fd8f4107a60 unknown :-1 s=NONE pgs=0 cs=0 l=0 rev1=0 crypto rx=0 tx=0 comp rx=0 tx=0).connect
2024-04-12T19:22:46.620 INFO:teuthology.orchestra.run.smithi018.stdout:/usr/bin/ceph: stderr
2024-04-12T19:22:41.475+0000 7fd8fa614700 1 -- --> [v2:172.21.15.18:3300/0,v1:172.21.15.18:6789/0] -- mon_getmap magic: 0 -- 0x7fd8f4108030 con 0x7fd8f4107640
2024-04-12T19:22:46.620 INFO:teuthology.orchestra.run.smithi018.stdout:/usr/bin/ceph: stderr
2024-04-12T19:22:41.475+0000 7fd8f3fff700 1 --2- >> [v2:172.21.15.18:3300/0,v1:172.21.15.18:6789/0] conn(0x7fd8f4107640 0x7fd8f4107a60 unknown :-1 s=BANNER_CONNECTING pgs=0 cs=0 l=0 rev1=0 crypto rx=0 tx=0 comp rx=0 tx=0)._handle_peer_banner_payload supported=3 required=0
2024-04-12T19:22:46.620 INFO:teuthology.orchestra.run.smithi018.stdout:/usr/bin/ceph: stderr
2024-04-12T19:22:41.475+0000 7fd8f3fff700 1 --2- >> [v2:172.21.15.18:3300/0,v1:172.21.15.18:6789/0] conn(0x7fd8f4107640 0x7fd8f4107a60 unknown :-1 s=HELLO_CONNECTING pgs=0 cs=0 l=0 rev1=1 crypto rx=0 tx=0 comp rx=0 tx=0).handle_hello peer v2:172.21.15.18:3300/0 says I am v2:172.21.15.18:42282/0 (socket says 172.21.15.18:42282)
2024-04-12T19:22:46.620 INFO:teuthology.orchestra.run.smithi018.stdout:/usr/bin/ceph: stderr
2024-04-12T19:22:41.475+0000 7fd8f3fff700 1 -- 172.21.15.18:0/1925662624 learned_addr learned my addr 172.21.15.18:0/1925662624 (peer_addr_for_me v2:172.21.15.18:0/0)
2024-04-12T19:22:46.620 INFO:teuthology.orchestra.run.smithi018.stdout:/usr/bin/ceph: stderr
2024-04-12T19:22:41.476+0000 7fd8f3fff700 1 -- 172.21.15.18:0/1925662624 --> [v2:172.21.15.18:3300/0,v1:172.21.15.18:6789/0] -- mon_subscribe({config=0+,monmap=0+}) -- 0x7fd8f4108840 con 0x7fd8f4107640
2024-04-12T19:22:46.620 INFO:teuthology.orchestra.run.smithi018.stdout:/usr/bin/ceph: stderr
2024-04-12T19:22:41.476+0000 7fd8f3fff700 1 --2- 172.21.15.18:0/1925662624 >> [v2:172.21.15.18:3300/0,v1:172.21.15.18:6789/0] conn(0x7fd8f4107640 0x7fd8f4107a60 secure :-1 s=READY pgs=45 cs=0 l=1 rev1=1 crypto rx=0x7fd8e40098a0 tx=0x7fd8e4009bb0 comp rx=0 tx=0).ready entity=mon.0 client_cookie=f0bfdae4447bfca3 server_cookie=0 in_seq=0 out_seq=0
2024-04-12T19:22:46.620 INFO:teuthology.orchestra.run.smithi018.stdout:/usr/bin/ceph: stderr
2024-04-12T19:22:41.476+0000 7fd8f2ffd700 1 -- 172.21.15.18:0/1925662624 <== mon.0 v2:172.21.15.18:3300/0 1 ==== mon_map magic: 0 ==== 205+0+0 (secure 0 0 0) 0x7fd8e4004160 con 0x7fd8f4107640
2024-04-12T19:22:46.620 INFO:teuthology.orchestra.run.smithi018.stdout:/usr/bin/ceph: stderr
2024-04-12T19:22:41.476+0000 7fd8f2ffd700 1 -- 172.21.15.18:0/1925662624 <== mon.0 v2:172.21.15.18:3300/0 2 ==== config(27 keys) ==== 1109+0+0 (secure 0 0 0) 0x7fd8e4004300 con 0x7fd8f4107640
2024-04-12T19:22:46.621 INFO:teuthology.orchestra.run.smithi018.stdout:/usr/bin/ceph: stderr
2024-04-12T19:22:41.476+0000 7fd8f2ffd700 1 -- 172.21.15.18:0/1925662624 <== mon.0 v2:172.21.15.18:3300/0 3 ==== mon_map magic: 0 ==== 205+0+0 (secure 0 0 0) 0x7fd8e4011b50 con 0x7fd8f4107640
2024-04-12T19:22:46.621 INFO:teuthology.orchestra.run.smithi018.stdout:/usr/bin/ceph: stderr
2024-04-12T19:22:41.477+0000 7fd8fa614700 1 -- 172.21.15.18:0/1925662624 >> [v2:172.21.15.18:3300/0,v1:172.21.15.18:6789/0] conn(0x7fd8f4107640 msgr2=0x7fd8f4107a60 secure :-1 s=STATE_CONNECTION_ESTABLISHED l=1).mark_down
2024-04-12T19:22:46.621 INFO:teuthology.orchestra.run.smithi018.stdout:/usr/bin/ceph: stderr
2024-04-12T19:22:41.477+0000 7fd8fa614700 1 --2- 172.21.15.18:0/1925662624 >> [v2:172.21.15.18:3300/0,v1:172.21.15.18:6789/0] conn(0x7fd8f4107640 0x7fd8f4107a60 secure :-1 s=READY pgs=45 cs=0 l=1 rev1=1 crypto rx=0x7fd8e40098a0 tx=0x7fd8e4009bb0 comp rx=0 tx=0).stop
2024-04-12T19:22:46.621 INFO:teuthology.orchestra.run.smithi018.stdout:/usr/bin/ceph: stderr
2024-04-12T19:22:41.477+0000 7fd8fa614700 1 -- 172.21.15.18:0/1925662624 shutdown_connections
2024-04-12T19:22:46.621 INFO:teuthology.orchestra.run.smithi018.stdout:/usr/bin/ceph: stderr
2024-04-12T19:22:41.477+0000 7fd8fa614700 1 --2- 172.21.15.18:0/1925662624 >> [v2:172.21.15.18:3300/0,v1:172.21.15.18:6789/0] conn(0x7fd8f4107640 0x7fd8f4107a60 unknown :-1 s=CLOSED pgs=45 cs=0 l=1 rev1=1 crypto rx=0 tx=0 comp rx=0 tx=0).stop
2024-04-12T19:22:46.621 INFO:teuthology.orchestra.run.smithi018.stdout:/usr/bin/ceph: stderr
2024-04-12T19:22:41.477+0000 7fd8fa614700 1 -- 172.21.15.18:0/1925662624 >> 172.21.15.18:0/1925662624 conn(0x7fd8f4102c20 msgr2=0x7fd8f4105040 unknown :-1 s=STATE_NONE l=0).mark_down
2024-04-12T19:22:46.621 INFO:teuthology.orchestra.run.smithi018.stdout:/usr/bin/ceph: stderr
2024-04-12T19:22:41.477+0000 7fd8fa614700 1 -- 172.21.15.18:0/1925662624 shutdown_connections
2024-04-12T19:22:46.621 INFO:teuthology.orchestra.run.smithi018.stdout:/usr/bin/ceph: stderr
2024-04-12T19:22:41.477+0000 7fd8fa614700 1 -- 172.21.15.18:0/1925662624 wait complete.
2024-04-12T19:22:46.621 INFO:teuthology.orchestra.run.smithi018.stdout:/usr/bin/ceph: stderr
2024-04-12T19:22:41.477+0000 7fd8fa614700 1 Processor -- start
2024-04-12T19:22:46.621 INFO:teuthology.orchestra.run.smithi018.stdout:/usr/bin/ceph: stderr
2024-04-12T19:22:41.477+0000 7fd8fa614700 1 -- start start
2024-04-12T19:22:46.621 INFO:teuthology.orchestra.run.smithi018.stdout:/usr/bin/ceph: stderr
2024-04-12T19:22:41.478+0000 7fd8fa614700 1 --2- >> [v2:172.21.15.18:3300/0,v1:172.21.15.18:6789/0] conn(0x7fd8f4107640 0x7fd8f419c750 unknown :-1 s=NONE pgs=0 cs=0 l=1 rev1=0 crypto rx=0 tx=0 comp rx=0 tx=0).connect
2024-04-12T19:22:46.621 INFO:teuthology.orchestra.run.smithi018.stdout:/usr/bin/ceph: stderr
2024-04-12T19:22:41.478+0000 7fd8fa614700 1 -- --> [v2:172.21.15.18:3300/0,v1:172.21.15.18:6789/0] -- mon_getmap magic: 0 -- 0x7fd8f410bbf0 con 0x7fd8f4107640
2024-04-12T19:22:46.621 INFO:teuthology.orchestra.run.smithi018.stdout:/usr/bin/ceph: stderr
2024-04-12T19:22:41.478+0000 7fd8f3fff700 1 --2- >> [v2:172.21.15.18:3300/0,v1:172.21.15.18:6789/0] conn(0x7fd8f4107640 0x7fd8f419c750 unknown :-1 s=BANNER_CONNECTING pgs=0 cs=0 l=1 rev1=0 crypto rx=0 tx=0 comp rx=0 tx=0)._handle_peer_banner_payload supported=3 required=0
2024-04-12T19:22:46.621 INFO:teuthology.orchestra.run.smithi018.stdout:/usr/bin/ceph: stderr
2024-04-12T19:22:41.478+0000 7fd8f3fff700 1 --2- >> [v2:172.21.15.18:3300/0,v1:172.21.15.18:6789/0] conn(0x7fd8f4107640 0x7fd8f419c750 unknown :-1 s=HELLO_CONNECTING pgs=0 cs=0 l=1 rev1=1 crypto rx=0 tx=0 comp rx=0 tx=0).handle_hello peer v2:172.21.15.18:3300/0 says I am v2:172.21.15.18:42286/0 (socket says 172.21.15.18:42286)
2024-04-12T19:22:46.622 INFO:teuthology.orchestra.run.smithi018.stdout:/usr/bin/ceph: stderr
2024-04-12T19:22:41.478+0000 7fd8f3fff700 1 -- 172.21.15.18:0/1970546959 learned_addr learned my addr 172.21.15.18:0/1970546959 (peer_addr_for_me v2:172.21.15.18:0/0)
2024-04-12T19:22:46.622 INFO:teuthology.orchestra.run.smithi018.stdout:/usr/bin/ceph: stderr
2024-04-12T19:22:41.478+0000 7fd8f3fff700 1 -- 172.21.15.18:0/1970546959 --> [v2:172.21.15.18:3300/0,v1:172.21.15.18:6789/0] -- mon_subscribe({config=0+,monmap=0+}) -- 0x7fd8f419cc90 con 0x7fd8f4107640
2024-04-12T19:22:46.622 INFO:teuthology.orchestra.run.smithi018.stdout:/usr/bin/ceph: stderr
2024-04-12T19:22:41.478+0000 7fd8f3fff700 1 --2- 172.21.15.18:0/1970546959 >> [v2:172.21.15.18:3300/0,v1:172.21.15.18:6789/0] conn(0x7fd8f4107640 0x7fd8f419c750 secure :-1 s=READY pgs=46 cs=0 l=1 rev1=1 crypto rx=0x7fd8e4000c00 tx=0x7fd8e4011c10 comp rx=0 tx=0).ready entity=mon.0 client_cookie=0 server_cookie=0 in_seq=0 out_seq=0
2024-04-12T19:22:46.622 INFO:teuthology.orchestra.run.smithi018.stdout:/usr/bin/ceph: stderr
2024-04-12T19:22:41.478+0000 7fd8f17fa700 1 -- 172.21.15.18:0/1970546959 <== mon.0 v2:172.21.15.18:3300/0 1 ==== mon_map magic: 0 ==== 205+0+0 (secure 0 0 0) 0x7fd8e4003b20 con 0x7fd8f4107640
2024-04-12T19:22:46.622 INFO:teuthology.orchestra.run.smithi018.stdout:/usr/bin/ceph: stderr
2024-04-12T19:22:41.478+0000 7fd8fa614700 1 -- 172.21.15.18:0/1970546959 --> [v2:172.21.15.18:3300/0,v1:172.21.15.18:6789/0] -- mon_subscribe({mgrmap=0+}) -- 0x7fd8f419cf20 con 0x7fd8f4107640
2024-04-12T19:22:46.622 INFO:teuthology.orchestra.run.smithi018.stdout:/usr/bin/ceph: stderr
2024-04-12T19:22:41.478+0000 7fd8f17fa700 1 -- 172.21.15.18:0/1970546959 <== mon.0 v2:172.21.15.18:3300/0 2 ==== config(27 keys) ==== 1109+0+0 (secure 0 0 0) 0x7fd8e4003cc0 con 0x7fd8f4107640
2024-04-12T19:22:46.622 INFO:teuthology.orchestra.run.smithi018.stdout:/usr/bin/ceph: stderr
2024-04-12T19:22:41.478+0000 7fd8f17fa700 1 -- 172.21.15.18:0/1970546959 <== mon.0 v2:172.21.15.18:3300/0 3 ==== mon_map magic: 0 ==== 205+0+0 (secure 0 0 0) 0x7fd8e4024910 con 0x7fd8f4107640
2024-04-12T19:22:46.622 INFO:teuthology.orchestra.run.smithi018.stdout:/usr/bin/ceph: stderr
2024-04-12T19:22:41.478+0000 7fd8fa614700 1 -- 172.21.15.18:0/1970546959 --> [v2:172.21.15.18:3300/0,v1:172.21.15.18:6789/0] -- mon_subscribe({osdmap=0}) -- 0x7fd8f419fbc0 con 0x7fd8f4107640
2024-04-12T19:22:46.622 INFO:teuthology.orchestra.run.smithi018.stdout:/usr/bin/ceph: stderr
2024-04-12T19:22:41.479+0000 7fd8f17fa700 1 -- 172.21.15.18:0/1970546959 <== mon.0 v2:172.21.15.18:3300/0 4 ==== mgrmap(e 8) ==== 46558+0+0 (secure 0 0 0) 0x7fd8e4022020 con 0x7fd8f4107640
2024-04-12T19:22:46.622 INFO:teuthology.orchestra.run.smithi018.stdout:/usr/bin/ceph: stderr
2024-04-12T19:22:41.479+0000 7fd8fa614700 1 -- 172.21.15.18:0/1970546959 --> [v2:172.21.15.18:3300/0,v1:172.21.15.18:6789/0] -- mon_command({"prefix": "get_command_descriptions"} v 0) -- 0x7fd8f4064110 con 0x7fd8f4107640
2024-04-12T19:22:46.622 INFO:teuthology.orchestra.run.smithi018.stdout:/usr/bin/ceph: stderr
2024-04-12T19:22:41.480+0000 7fd8f17fa700 1 --2- 172.21.15.18:0/1970546959 >> [v2:172.21.15.18:6800/3672942948,v1:172.21.15.18:6801/3672942948] conn(0x7fd8dc0395b0 0x7fd8dc03ba70 unknown :-1 s=NONE pgs=0 cs=0 l=1 rev1=0 crypto rx=0 tx=0 comp rx=0 tx=0).connect
2024-04-12T19:22:46.622 INFO:teuthology.orchestra.run.smithi018.stdout:/usr/bin/ceph: stderr
2024-04-12T19:22:41.480+0000 7fd8f17fa700 1 -- 172.21.15.18:0/1970546959 <== mon.0 v2:172.21.15.18:3300/0 5 ==== osd_map(2..2 src has 1..2) ==== 940+0+0 (secure 0 0 0) 0x7fd8e4011e00 con 0x7fd8f4107640
2024-04-12T19:22:46.623 INFO:teuthology.orchestra.run.smithi018.stdout:/usr/bin/ceph: stderr
2024-04-12T19:22:41.480+0000 7fd8f37fe700 1 --2- 172.21.15.18:0/1970546959 >> [v2:172.21.15.18:6800/3672942948,v1:172.21.15.18:6801/3672942948] conn(0x7fd8dc0395b0 0x7fd8dc03ba70 unknown :-1 s=BANNER_CONNECTING pgs=0 cs=0 l=1 rev1=0 crypto rx=0 tx=0 comp rx=0 tx=0)._handle_peer_banner_payload supported=3 required=0
2024-04-12T19:22:46.623 INFO:teuthology.orchestra.run.smithi018.stdout:/usr/bin/ceph: stderr
2024-04-12T19:22:41.480+0000 7fd8f37fe700 1 --2- 172.21.15.18:0/1970546959 >> [v2:172.21.15.18:6800/3672942948,v1:172.21.15.18:6801/3672942948] conn(0x7fd8dc0395b0 0x7fd8dc03ba70 secure :-1 s=READY pgs=11 cs=0 l=1 rev1=1 crypto rx=0x7fd8e8006fd0 tx=0x7fd8e8006e40 comp rx=0 tx=0).ready entity=mgr.14120 client_cookie=0 server_cookie=0 in_seq=0 out_seq=0
2024-04-12T19:22:46.623 INFO:teuthology.orchestra.run.smithi018.stdout:/usr/bin/ceph: stderr
2024-04-12T19:22:41.485+0000 7fd8f17fa700 1 -- 172.21.15.18:0/1970546959 <== mon.0 v2:172.21.15.18:3300/0 6 ==== mon_command_ack([{"prefix": "get_command_descriptions"}]=0 v0) ==== 72+0+188370 (secure 0 0 0) 0x7fd8e402ad60 con 0x7fd8f4107640
2024-04-12T19:22:46.623 INFO:teuthology.orchestra.run.smithi018.stdout:/usr/bin/ceph: stderr
2024-04-12T19:22:41.696+0000 7fd8fa614700 1 -- 172.21.15.18:0/1970546959 --> [v2:172.21.15.18:6800/3672942948,v1:172.21.15.18:6801/3672942948] -- mgr_command(tid 0: {"prefix": "orch host add", "hostname": "smithi018", "addr": "172.21.15.18", "target": ["mon-mgr", ""]}) -- 0x7fd8f402e280 con 0x7fd8dc0395b0
2024-04-12T19:22:46.623 INFO:teuthology.orchestra.run.smithi018.stdout:/usr/bin/ceph: stderr
2024-04-12T19:22:46.007+0000 7fd8f17fa700 1 -- 172.21.15.18:0/1970546959 <== mgr.14120 v2:172.21.15.18:6800/3672942948 1 ==== mgr_command_reply(tid 0: 0 ) ==== 8+0+48 (secure 0 0 0) 0x7fd8f402e280 con 0x7fd8dc0395b0
2024-04-12T19:22:46.623 INFO:teuthology.orchestra.run.smithi018.stdout:/usr/bin/ceph: stderr
2024-04-12T19:22:46.009+0000 7fd8fa614700 1 -- 172.21.15.18:0/1970546959 >> [v2:172.21.15.18:6800/3672942948,v1:172.21.15.18:6801/3672942948] conn(0x7fd8dc0395b0 msgr2=0x7fd8dc03ba70 secure :-1 s=STATE_CONNECTION_ESTABLISHED l=1).mark_down
2024-04-12T19:22:46.623 INFO:teuthology.orchestra.run.smithi018.stdout:/usr/bin/ceph: stderr
2024-04-12T19:22:46.009+0000 7fd8fa614700 1 --2- 172.21.15.18:0/1970546959 >> [v2:172.21.15.18:6800/3672942948,v1:172.21.15.18:6801/3672942948] conn(0x7fd8dc0395b0 0x7fd8dc03ba70 secure :-1 s=READY pgs=11 cs=0 l=1 rev1=1 crypto rx=0x7fd8e8006fd0 tx=0x7fd8e8006e40 comp rx=0 tx=0).stop
2024-04-12T19:22:46.623 INFO:teuthology.orchestra.run.smithi018.stdout:/usr/bin/ceph: stderr
2024-04-12T19:22:46.009+0000 7fd8fa614700 1 -- 172.21.15.18:0/1970546959 >> [v2:172.21.15.18:3300/0,v1:172.21.15.18:6789/0] conn(0x7fd8f4107640 msgr2=0x7fd8f419c750 secure :-1 s=STATE_CONNECTION_ESTABLISHED l=1).mark_down
2024-04-12T19:22:46.623 INFO:teuthology.orchestra.run.smithi018.stdout:/usr/bin/ceph: stderr
2024-04-12T19:22:46.009+0000 7fd8fa614700 1 --2- 172.21.15.18:0/1970546959 >> [v2:172.21.15.18:3300/0,v1:172.21.15.18:6789/0] conn(0x7fd8f4107640 0x7fd8f419c750 secure :-1 s=READY pgs=46 cs=0 l=1 rev1=1 crypto rx=0x7fd8e4000c00 tx=0x7fd8e4011c10 comp rx=0 tx=0).stop
2024-04-12T19:22:46.623 INFO:teuthology.orchestra.run.smithi018.stdout:/usr/bin/ceph: stderr
2024-04-12T19:22:46.009+0000 7fd8fa614700 1 -- 172.21.15.18:0/1970546959 shutdown_connections
2024-04-12T19:22:46.623 INFO:teuthology.orchestra.run.smithi018.stdout:/usr/bin/ceph: stderr
2024-04-12T19:22:46.010+0000 7fd8fa614700 1 --2- 172.21.15.18:0/1970546959 >> [v2:172.21.15.18:6800/3672942948,v1:172.21.15.18:6801/3672942948] conn(0x7fd8dc0395b0 0x7fd8dc03ba70 unknown :-1 s=CLOSED pgs=11 cs=0 l=1 rev1=1 crypto rx=0 tx=0 comp rx=0 tx=0).stop
2024-04-12T19:22:46.623 INFO:teuthology.orchestra.run.smithi018.stdout:/usr/bin/ceph: stderr
2024-04-12T19:22:46.010+0000 7fd8fa614700 1 --2- 172.21.15.18:0/1970546959 >> [v2:172.21.15.18:3300/0,v1:172.21.15.18:6789/0] conn(0x7fd8f4107640 0x7fd8f419c750 unknown :-1 s=CLOSED pgs=46 cs=0 l=1 rev1=1 crypto rx=0 tx=0 comp rx=0 tx=0).stop
2024-04-12T19:22:46.623 INFO:teuthology.orchestra.run.smithi018.stdout:/usr/bin/ceph: stderr
2024-04-12T19:22:46.010+0000 7fd8fa614700 1 -- 172.21.15.18:0/1970546959 >> 172.21.15.18:0/1970546959 conn(0x7fd8f4102c20 msgr2=0x7fd8f4103ae0 unknown :-1 s=STATE_NONE l=0).mark_down
2024-04-12T19:22:46.624 INFO:teuthology.orchestra.run.smithi018.stdout:/usr/bin/ceph: stderr
2024-04-12T19:22:46.010+0000 7fd8fa614700 1 -- 172.21.15.18:0/1970546959 shutdown_connections
2024-04-12T19:22:46.624 INFO:teuthology.orchestra.run.smithi018.stdout:/usr/bin/ceph: stderr
2024-04-12T19:22:46.010+0000 7fd8fa614700 1 -- 172.21.15.18:0/1970546959 wait complete.
2024-04-12T19:22:46.624 INFO:teuthology.orchestra.run.smithi018.stdout:Deploying unmanaged mon service...
2024-04-12T19:22:47.260 INFO:journalctl@ceph.mon.a.smithi018.stdout:Apr 12 19:22:47 smithi018 ceph-mon[32256]: from='mgr.14120 172.21.15.18:0/2648566181' entity='mgr.x'
2024-04-12T19:22:47.261 INFO:journalctl@ceph.mon.a.smithi018.stdout:Apr 12 19:22:47 smithi018 ceph-mon[32256]: Added host smithi018
2024-04-12T19:22:47.261 INFO:journalctl@ceph.mon.a.smithi018.stdout:Apr 12 19:22:47 smithi018 ceph-mon[32256]: from='mgr.14120 172.21.15.18:0/2648566181' entity='mgr.x' cmd=[{"prefix": "config dump", "format": "json"}]: dispatch
2024-04-12T19:22:48.567 INFO:journalctl@ceph.mon.a.smithi018.stdout:Apr 12 19:22:48 smithi018 ceph-mon[32256]: from='client.14142 -' entity='client.admin' cmd=[{"prefix": "orch apply", "service_type": "mon", "unmanaged": true, "target": ["mon-mgr", ""]}]: dispatch
2024-04-12T19:22:48.567 INFO:journalctl@ceph.mon.a.smithi018.stdout:Apr 12 19:22:48 smithi018 ceph-mon[32256]: Saving service mon spec with placement count:5
2024-04-12T19:22:48.567 INFO:journalctl@ceph.mon.a.smithi018.stdout:Apr 12 19:22:48 smithi018 ceph-mon[32256]: from='mgr.14120 172.21.15.18:0/2648566181' entity='mgr.x'
2024-04-12T19:22:48.567 INFO:journalctl@ceph.mon.a.smithi018.stdout:Apr 12 19:22:48 smithi018 ceph-mon[32256]: from='mgr.14120 172.21.15.18:0/2648566181' entity='mgr.x'
2024-04-12T19:22:48.870 INFO:teuthology.orchestra.run.smithi018.stdout:/usr/bin/ceph: stdout Scheduled mon update...
2024-04-12T19:22:48.870 INFO:teuthology.orchestra.run.smithi018.stdout:/usr/bin/ceph: stderr
2024-04-12T19:22:47.067+0000 7f725821a700 1 Processor -- start
2024-04-12T19:22:48.870 INFO:teuthology.orchestra.run.smithi018.stdout:/usr/bin/ceph: stderr
2024-04-12T19:22:47.067+0000 7f725821a700 1 -- start start
2024-04-12T19:22:48.870 INFO:teuthology.orchestra.run.smithi018.stdout:/usr/bin/ceph: stderr
2024-04-12T19:22:47.067+0000 7f725821a700 1 --2- >> [v2:172.21.15.18:3300/0,v1:172.21.15.18:6789/0] conn(0x7f7250109140 0x7f725010b530 unknown :-1 s=NONE pgs=0 cs=0 l=0 rev1=0 crypto rx=0 tx=0 comp rx=0 tx=0).connect
2024-04-12T19:22:48.870 INFO:teuthology.orchestra.run.smithi018.stdout:/usr/bin/ceph: stderr
2024-04-12T19:22:47.067+0000 7f725821a700 1 -- --> [v2:172.21.15.18:3300/0,v1:172.21.15.18:6789/0] -- mon_getmap magic: 0 -- 0x7f725007be90 con 0x7f7250109140
2024-04-12T19:22:48.870 INFO:teuthology.orchestra.run.smithi018.stdout:/usr/bin/ceph: stderr
2024-04-12T19:22:47.068+0000 7f7255fb6700 1 --2- >> [v2:172.21.15.18:3300/0,v1:172.21.15.18:6789/0] conn(0x7f7250109140 0x7f725010b530 unknown :-1 s=BANNER_CONNECTING pgs=0 cs=0 l=0 rev1=0 crypto rx=0 tx=0 comp rx=0 tx=0)._handle_peer_banner_payload supported=3 required=0
2024-04-12T19:22:48.870 INFO:teuthology.orchestra.run.smithi018.stdout:/usr/bin/ceph: stderr
2024-04-12T19:22:47.068+0000 7f7255fb6700 1 --2- >> [v2:172.21.15.18:3300/0,v1:172.21.15.18:6789/0] conn(0x7f7250109140 0x7f725010b530 unknown :-1 s=HELLO_CONNECTING pgs=0 cs=0 l=0 rev1=1 crypto rx=0 tx=0 comp rx=0 tx=0).handle_hello peer v2:172.21.15.18:3300/0 says I am v2:172.21.15.18:42292/0 (socket says 172.21.15.18:42292)
2024-04-12T19:22:48.871 INFO:teuthology.orchestra.run.smithi018.stdout:/usr/bin/ceph: stderr
2024-04-12T19:22:47.068+0000 7f7255fb6700 1 -- 172.21.15.18:0/1579714872 learned_addr learned my addr 172.21.15.18:0/1579714872 (peer_addr_for_me v2:172.21.15.18:0/0)
2024-04-12T19:22:48.871 INFO:teuthology.orchestra.run.smithi018.stdout:/usr/bin/ceph: stderr
2024-04-12T19:22:47.068+0000 7f7255fb6700 1 -- 172.21.15.18:0/1579714872 --> [v2:172.21.15.18:3300/0,v1:172.21.15.18:6789/0] -- mon_subscribe({config=0+,monmap=0+}) -- 0x7f725010ba70 con 0x7f7250109140
2024-04-12T19:22:48.871 INFO:teuthology.orchestra.run.smithi018.stdout:/usr/bin/ceph: stderr
2024-04-12T19:22:47.068+0000 7f7255fb6700 1 --2- 172.21.15.18:0/1579714872 >> [v2:172.21.15.18:3300/0,v1:172.21.15.18:6789/0] conn(0x7f7250109140 0x7f725010b530 secure :-1 s=READY pgs=47 cs=0 l=1 rev1=1 crypto rx=0x7f7248009e80 tx=0x7f724800b330 comp rx=0 tx=0).ready entity=mon.0 client_cookie=252aee92b67e9745 server_cookie=0 in_seq=0 out_seq=0
2024-04-12T19:22:48.871 INFO:teuthology.orchestra.run.smithi018.stdout:/usr/bin/ceph: stderr
2024-04-12T19:22:47.068+0000 7f7254fb4700 1 -- 172.21.15.18:0/1579714872 <== mon.0 v2:172.21.15.18:3300/0 1 ==== mon_map magic: 0 ==== 205+0+0 (secure 0 0 0) 0x7f7248017070 con 0x7f7250109140
2024-04-12T19:22:48.871 INFO:teuthology.orchestra.run.smithi018.stdout:/usr/bin/ceph: stderr
2024-04-12T19:22:47.068+0000 7f7254fb4700 1 -- 172.21.15.18:0/1579714872 <== mon.0 v2:172.21.15.18:3300/0 2 ==== config(27 keys) ==== 1109+0+0 (secure 0 0 0) 0x7f724800b8c0 con 0x7f7250109140
2024-04-12T19:22:48.871 INFO:teuthology.orchestra.run.smithi018.stdout:/usr/bin/ceph: stderr
2024-04-12T19:22:47.068+0000 7f7254fb4700 1 -- 172.21.15.18:0/1579714872 <== mon.0 v2:172.21.15.18:3300/0 3 ==== mon_map magic: 0 ==== 205+0+0 (secure 0 0 0) 0x7f72480045c0 con 0x7f7250109140
2024-04-12T19:22:48.871 INFO:teuthology.orchestra.run.smithi018.stdout:/usr/bin/ceph: stderr
2024-04-12T19:22:47.069+0000 7f725821a700 1 -- 172.21.15.18:0/1579714872 >> [v2:172.21.15.18:3300/0,v1:172.21.15.18:6789/0] conn(0x7f7250109140 msgr2=0x7f725010b530 secure :-1 s=STATE_CONNECTION_ESTABLISHED l=1).mark_down
2024-04-12T19:22:48.872 INFO:teuthology.orchestra.run.smithi018.stdout:/usr/bin/ceph: stderr
2024-04-12T19:22:47.069+0000 7f725821a700 1 --2- 172.21.15.18:0/1579714872 >> [v2:172.21.15.18:3300/0,v1:172.21.15.18:6789/0] conn(0x7f7250109140 0x7f725010b530 secure :-1 s=READY pgs=47 cs=0 l=1 rev1=1 crypto rx=0x7f7248009e80 tx=0x7f724800b330 comp rx=0 tx=0).stop
2024-04-12T19:22:48.872 INFO:teuthology.orchestra.run.smithi018.stdout:/usr/bin/ceph: stderr
2024-04-12T19:22:47.069+0000 7f725821a700 1 -- 172.21.15.18:0/1579714872 shutdown_connections
2024-04-12T19:22:48.872 INFO:teuthology.orchestra.run.smithi018.stdout:/usr/bin/ceph: stderr
2024-04-12T19:22:47.069+0000 7f725821a700 1 --2- 172.21.15.18:0/1579714872 >> [v2:172.21.15.18:3300/0,v1:172.21.15.18:6789/0] conn(0x7f7250109140 0x7f725010b530 unknown :-1 s=CLOSED pgs=47 cs=0 l=1 rev1=1 crypto rx=0 tx=0 comp rx=0 tx=0).stop
2024-04-12T19:22:48.872 INFO:teuthology.orchestra.run.smithi018.stdout:/usr/bin/ceph: stderr
2024-04-12T19:22:47.069+0000 7f725821a700 1 -- 172.21.15.18:0/1579714872 >> 172.21.15.18:0/1579714872 conn(0x7f7250102b90 msgr2=0x7f7250104fb0 unknown :-1 s=STATE_NONE l=0).mark_down
2024-04-12T19:22:48.872 INFO:teuthology.orchestra.run.smithi018.stdout:/usr/bin/ceph: stderr
2024-04-12T19:22:47.069+0000 7f725821a700 1 -- 172.21.15.18:0/1579714872 shutdown_connections
2024-04-12T19:22:48.872 INFO:teuthology.orchestra.run.smithi018.stdout:/usr/bin/ceph: stderr
2024-04-12T19:22:47.069+0000 7f725821a700 1 -- 172.21.15.18:0/1579714872 wait complete.
2024-04-12T19:22:48.872 INFO:teuthology.orchestra.run.smithi018.stdout:/usr/bin/ceph: stderr
2024-04-12T19:22:47.070+0000 7f725821a700 1 Processor -- start
2024-04-12T19:22:48.872 INFO:teuthology.orchestra.run.smithi018.stdout:/usr/bin/ceph: stderr
2024-04-12T19:22:47.070+0000 7f725821a700 1 -- start start
2024-04-12T19:22:48.872 INFO:teuthology.orchestra.run.smithi018.stdout:/usr/bin/ceph: stderr
2024-04-12T19:22:47.070+0000 7f725821a700 1 --2- >> [v2:172.21.15.18:3300/0,v1:172.21.15.18:6789/0] conn(0x7f7250109140 0x7f725019c5d0 unknown :-1 s=NONE pgs=0 cs=0 l=1 rev1=0 crypto rx=0 tx=0 comp rx=0 tx=0).connect
