2024-04-13T04:02:55.213 INFO:teuthology.orchestra.run.smithi060.stdout:/usr/bin/ceph: stderr
2024-04-13T04:02:54.062+0000 7f8e31e00700 1 -- 172.21.15.60:0/1921967534 shutdown_connections
2024-04-13T04:02:55.213 INFO:teuthology.orchestra.run.smithi060.stdout:/usr/bin/ceph: stderr
2024-04-13T04:02:54.062+0000 7f8e31e00700 1 -- 172.21.15.60:0/1921967534 wait complete.
2024-04-13T04:02:55.214 INFO:teuthology.orchestra.run.smithi060.stdout:/usr/bin/ceph: stderr
2024-04-13T04:02:54.063+0000 7f8e31e00700 1 Processor -- start
2024-04-13T04:02:55.214 INFO:teuthology.orchestra.run.smithi060.stdout:/usr/bin/ceph: stderr
2024-04-13T04:02:54.063+0000 7f8e31e00700 1 -- start start
2024-04-13T04:02:55.214 INFO:teuthology.orchestra.run.smithi060.stdout:/usr/bin/ceph: stderr
2024-04-13T04:02:54.063+0000 7f8e31e00700 1 --2- >> [v2:172.21.15.60:3300/0,v1:172.21.15.60:6789/0] conn(0x7f8e2c107950 0x7f8e2c07cb80 unknown :-1 s=NONE pgs=0 cs=0 l=1 rev1=0 crypto rx=0 tx=0 comp rx=0 tx=0).connect
2024-04-13T04:02:55.214 INFO:teuthology.orchestra.run.smithi060.stdout:/usr/bin/ceph: stderr
2024-04-13T04:02:54.063+0000 7f8e31e00700 1 -- --> [v2:172.21.15.60:3300/0,v1:172.21.15.60:6789/0] -- mon_getmap magic: 0 -- 0x7f8e2c10beb0 con 0x7f8e2c107950
2024-04-13T04:02:55.214 INFO:teuthology.orchestra.run.smithi060.stdout:/usr/bin/ceph: stderr
2024-04-13T04:02:54.064+0000 7f8e2aa00700 1 --2- >> [v2:172.21.15.60:3300/0,v1:172.21.15.60:6789/0] conn(0x7f8e2c107950 0x7f8e2c07cb80 unknown :-1 s=BANNER_CONNECTING pgs=0 cs=0 l=1 rev1=0 crypto rx=0 tx=0 comp rx=0 tx=0)._handle_peer_banner_payload supported=3 required=0
2024-04-13T04:02:55.214 INFO:teuthology.orchestra.run.smithi060.stdout:/usr/bin/ceph: stderr
2024-04-13T04:02:54.064+0000 7f8e2aa00700 1 --2- >> [v2:172.21.15.60:3300/0,v1:172.21.15.60:6789/0] conn(0x7f8e2c107950 0x7f8e2c07cb80 unknown :-1 s=HELLO_CONNECTING pgs=0 cs=0 l=1 rev1=1 crypto rx=0 tx=0 comp rx=0 tx=0).handle_hello peer v2:172.21.15.60:3300/0 says I am v2:172.21.15.60:34134/0 (socket says 172.21.15.60:34134)
2024-04-13T04:02:55.214 INFO:teuthology.orchestra.run.smithi060.stdout:/usr/bin/ceph: stderr
2024-04-13T04:02:54.064+0000 7f8e2aa00700 1 -- 172.21.15.60:0/2717109773 learned_addr learned my addr 172.21.15.60:0/2717109773 (peer_addr_for_me v2:172.21.15.60:0/0)
2024-04-13T04:02:55.214 INFO:teuthology.orchestra.run.smithi060.stdout:/usr/bin/ceph: stderr
2024-04-13T04:02:54.064+0000 7f8e2aa00700 1 -- 172.21.15.60:0/2717109773 --> [v2:172.21.15.60:3300/0,v1:172.21.15.60:6789/0] -- mon_subscribe({config=0+,monmap=0+}) -- 0x7f8e2c07d0c0 con 0x7f8e2c107950
2024-04-13T04:02:55.214 INFO:teuthology.orchestra.run.smithi060.stdout:/usr/bin/ceph: stderr
2024-04-13T04:02:54.064+0000 7f8e2aa00700 1 --2- 172.21.15.60:0/2717109773 >> [v2:172.21.15.60:3300/0,v1:172.21.15.60:6789/0] conn(0x7f8e2c107950 0x7f8e2c07cb80 secure :-1 s=READY pgs=23 cs=0 l=1 rev1=1 crypto rx=0x7f8e1c003f60 tx=0x7f8e1c004670 comp rx=0 tx=0).ready entity=mon.0 client_cookie=0 server_cookie=0 in_seq=0 out_seq=0
2024-04-13T04:02:55.214 INFO:teuthology.orchestra.run.smithi060.stdout:/usr/bin/ceph: stderr
2024-04-13T04:02:54.065+0000 7f8e30a00700 1 -- 172.21.15.60:0/2717109773 <== mon.0 v2:172.21.15.60:3300/0 1 ==== mon_map magic: 0 ==== 205+0+0 (secure 0 0 0) 0x7f8e1c020020 con 0x7f8e2c107950
2024-04-13T04:02:55.214 INFO:teuthology.orchestra.run.smithi060.stdout:/usr/bin/ceph: stderr
2024-04-13T04:02:54.065+0000 7f8e30a00700 1 -- 172.21.15.60:0/2717109773 <== mon.0 v2:172.21.15.60:3300/0 2 ==== config(26 keys) ==== 1071+0+0 (secure 0 0 0) 0x7f8e1c00bcb0 con 0x7f8e2c107950
2024-04-13T04:02:55.215 INFO:teuthology.orchestra.run.smithi060.stdout:/usr/bin/ceph: stderr
2024-04-13T04:02:54.065+0000 7f8e30a00700 1 -- 172.21.15.60:0/2717109773 <== mon.0 v2:172.21.15.60:3300/0 3 ==== mon_map magic: 0 ==== 205+0+0 (secure 0 0 0) 0x7f8e1c017040 con 0x7f8e2c107950
2024-04-13T04:02:55.215 INFO:teuthology.orchestra.run.smithi060.stdout:/usr/bin/ceph: stderr
2024-04-13T04:02:54.065+0000 7f8e31e00700 1 -- 172.21.15.60:0/2717109773 --> [v2:172.21.15.60:3300/0,v1:172.21.15.60:6789/0] -- mon_subscribe({mgrmap=0+}) -- 0x7f8e2c07b2b0 con 0x7f8e2c107950
2024-04-13T04:02:55.215 INFO:teuthology.orchestra.run.smithi060.stdout:/usr/bin/ceph: stderr
2024-04-13T04:02:54.065+0000 7f8e31e00700 1 -- 172.21.15.60:0/2717109773 --> [v2:172.21.15.60:3300/0,v1:172.21.15.60:6789/0] -- mon_subscribe({osdmap=0}) -- 0x7f8e2c07b7f0 con 0x7f8e2c107950
2024-04-13T04:02:55.215 INFO:teuthology.orchestra.run.smithi060.stdout:/usr/bin/ceph: stderr
2024-04-13T04:02:54.066+0000 7f8e31e00700 1 -- 172.21.15.60:0/2717109773 --> [v2:172.21.15.60:3300/0,v1:172.21.15.60:6789/0] -- mon_command({"prefix": "get_command_descriptions"} v 0) -- 0x7f8e2c064110 con 0x7f8e2c107950
2024-04-13T04:02:55.215 INFO:teuthology.orchestra.run.smithi060.stdout:/usr/bin/ceph: stderr
2024-04-13T04:02:54.066+0000 7f8e30a00700 1 -- 172.21.15.60:0/2717109773 <== mon.0 v2:172.21.15.60:3300/0 4 ==== mgrmap(e 4) ==== 46547+0+0 (secure 0 0 0) 0x7f8e1c023020 con 0x7f8e2c107950
2024-04-13T04:02:55.215 INFO:teuthology.orchestra.run.smithi060.stdout:/usr/bin/ceph: stderr
2024-04-13T04:02:54.067+0000 7f8e30a00700 1 --2- 172.21.15.60:0/2717109773 >> [v2:172.21.15.60:6800/178001395,v1:172.21.15.60:6801/178001395] conn(0x7f8e100395b0 0x7f8e1003ba70 unknown :-1 s=NONE pgs=0 cs=0 l=1 rev1=0 crypto rx=0 tx=0 comp rx=0 tx=0).connect
2024-04-13T04:02:55.215 INFO:teuthology.orchestra.run.smithi060.stdout:/usr/bin/ceph: stderr
2024-04-13T04:02:54.067+0000 7f8e30a00700 1 -- 172.21.15.60:0/2717109773 <== mon.0 v2:172.21.15.60:3300/0 5 ==== osd_map(1..1 src has 1..1) ==== 725+0+0 (secure 0 0 0) 0x7f8e1c00f050 con 0x7f8e2c107950
2024-04-13T04:02:55.215 INFO:teuthology.orchestra.run.smithi060.stdout:/usr/bin/ceph: stderr
2024-04-13T04:02:54.067+0000 7f8e2a000700 1 --2- 172.21.15.60:0/2717109773 >> [v2:172.21.15.60:6800/178001395,v1:172.21.15.60:6801/178001395] conn(0x7f8e100395b0 0x7f8e1003ba70 unknown :-1 s=BANNER_CONNECTING pgs=0 cs=0 l=1 rev1=0 crypto rx=0 tx=0 comp rx=0 tx=0)._handle_peer_banner_payload supported=3 required=0
2024-04-13T04:02:55.215 INFO:teuthology.orchestra.run.smithi060.stdout:/usr/bin/ceph: stderr
2024-04-13T04:02:54.068+0000 7f8e2a000700 1 --2- 172.21.15.60:0/2717109773 >> [v2:172.21.15.60:6800/178001395,v1:172.21.15.60:6801/178001395] conn(0x7f8e100395b0 0x7f8e1003ba70 secure :-1 s=READY pgs=8 cs=0 l=1 rev1=1 crypto rx=0x7f8e18006fd0 tx=0x7f8e18006e40 comp rx=0 tx=0).ready entity=mgr.14100 client_cookie=0 server_cookie=0 in_seq=0 out_seq=0
2024-04-13T04:02:55.215 INFO:teuthology.orchestra.run.smithi060.stdout:/usr/bin/ceph: stderr
2024-04-13T04:02:54.072+0000 7f8e30a00700 1 -- 172.21.15.60:0/2717109773 <== mon.0 v2:172.21.15.60:3300/0 6 ==== mon_command_ack([{"prefix": "get_command_descriptions"}]=0 v0) ==== 72+0+188370 (secure 0 0 0) 0x7f8e1c02a020 con 0x7f8e2c107950
2024-04-13T04:02:55.215 INFO:teuthology.orchestra.run.smithi060.stdout:/usr/bin/ceph: stderr
2024-04-13T04:02:54.366+0000 7f8e31e00700 1 -- 172.21.15.60:0/2717109773 --> [v2:172.21.15.60:3300/0,v1:172.21.15.60:6789/0] -- mon_command({"prefix": "mgr module enable", "module": "cephadm"} v 0) -- 0x7f8e2c07bfe0 con 0x7f8e2c107950
2024-04-13T04:02:55.215 INFO:teuthology.orchestra.run.smithi060.stdout:/usr/bin/ceph: stderr
2024-04-13T04:02:54.536+0000 7f8e30a00700 1 -- 172.21.15.60:0/2717109773 <== mon.0 v2:172.21.15.60:3300/0 7 ==== mon_command_ack([{"prefix": "mgr module enable", "module": "cephadm"}]=0 v5) ==== 86+0+0 (secure 0 0 0) 0x7f8e1c04d0c0 con 0x7f8e2c107950
2024-04-13T04:02:55.215 INFO:teuthology.orchestra.run.smithi060.stdout:/usr/bin/ceph: stderr
2024-04-13T04:02:54.540+0000 7f8e30a00700 1 -- 172.21.15.60:0/2717109773 <== mon.0 v2:172.21.15.60:3300/0 8 ==== mgrmap(e 5) ==== 46558+0+0 (secure 0 0 0) 0x7f8e1c011c90 con 0x7f8e2c107950
2024-04-13T04:02:55.216 INFO:teuthology.orchestra.run.smithi060.stdout:/usr/bin/ceph: stderr
2024-04-13T04:02:54.542+0000 7f8e31e00700 1 -- 172.21.15.60:0/2717109773 >> [v2:172.21.15.60:6800/178001395,v1:172.21.15.60:6801/178001395] conn(0x7f8e100395b0 msgr2=0x7f8e1003ba70 secure :-1 s=STATE_CONNECTION_ESTABLISHED l=1).mark_down
2024-04-13T04:02:55.216 INFO:teuthology.orchestra.run.smithi060.stdout:/usr/bin/ceph: stderr
2024-04-13T04:02:54.542+0000 7f8e31e00700 1 --2- 172.21.15.60:0/2717109773 >> [v2:172.21.15.60:6800/178001395,v1:172.21.15.60:6801/178001395] conn(0x7f8e100395b0 0x7f8e1003ba70 secure :-1 s=READY pgs=8 cs=0 l=1 rev1=1 crypto rx=0x7f8e18006fd0 tx=0x7f8e18006e40 comp rx=0 tx=0).stop
2024-04-13T04:02:55.216 INFO:teuthology.orchestra.run.smithi060.stdout:/usr/bin/ceph: stderr
2024-04-13T04:02:54.542+0000 7f8e31e00700 1 -- 172.21.15.60:0/2717109773 >> [v2:172.21.15.60:3300/0,v1:172.21.15.60:6789/0] conn(0x7f8e2c107950 msgr2=0x7f8e2c07cb80 secure :-1 s=STATE_CONNECTION_ESTABLISHED l=1).mark_down
2024-04-13T04:02:55.216 INFO:teuthology.orchestra.run.smithi060.stdout:/usr/bin/ceph: stderr
2024-04-13T04:02:54.542+0000 7f8e31e00700 1 --2- 172.21.15.60:0/2717109773 >> [v2:172.21.15.60:3300/0,v1:172.21.15.60:6789/0] conn(0x7f8e2c107950 0x7f8e2c07cb80 secure :-1 s=READY pgs=23 cs=0 l=1 rev1=1 crypto rx=0x7f8e1c003f60 tx=0x7f8e1c004670 comp rx=0 tx=0).stop
2024-04-13T04:02:55.216 INFO:teuthology.orchestra.run.smithi060.stdout:/usr/bin/ceph: stderr
2024-04-13T04:02:54.542+0000 7f8e31e00700 1 -- 172.21.15.60:0/2717109773 shutdown_connections
2024-04-13T04:02:55.216 INFO:teuthology.orchestra.run.smithi060.stdout:/usr/bin/ceph: stderr
2024-04-13T04:02:54.542+0000 7f8e31e00700 1 --2- 172.21.15.60:0/2717109773 >> [v2:172.21.15.60:6800/178001395,v1:172.21.15.60:6801/178001395] conn(0x7f8e100395b0 0x7f8e1003ba70 unknown :-1 s=CLOSED pgs=8 cs=0 l=1 rev1=1 crypto rx=0 tx=0 comp rx=0 tx=0).stop
2024-04-13T04:02:55.216 INFO:teuthology.orchestra.run.smithi060.stdout:/usr/bin/ceph: stderr
2024-04-13T04:02:54.542+0000 7f8e31e00700 1 --2- 172.21.15.60:0/2717109773 >> [v2:172.21.15.60:3300/0,v1:172.21.15.60:6789/0] conn(0x7f8e2c107950 0x7f8e2c07cb80 unknown :-1 s=CLOSED pgs=23 cs=0 l=1 rev1=1 crypto rx=0 tx=0 comp rx=0 tx=0).stop
2024-04-13T04:02:55.216 INFO:teuthology.orchestra.run.smithi060.stdout:/usr/bin/ceph: stderr
2024-04-13T04:02:54.542+0000 7f8e31e00700 1 -- 172.21.15.60:0/2717109773 >> 172.21.15.60:0/2717109773 conn(0x7f8e2c102ef0 msgr2=0x7f8e2c103a50 unknown :-1 s=STATE_NONE l=0).mark_down
2024-04-13T04:02:55.216 INFO:teuthology.orchestra.run.smithi060.stdout:/usr/bin/ceph: stderr
2024-04-13T04:02:54.542+0000 7f8e31e00700 1 -- 172.21.15.60:0/2717109773 shutdown_connections
2024-04-13T04:02:55.217 INFO:teuthology.orchestra.run.smithi060.stdout:/usr/bin/ceph: stderr
2024-04-13T04:02:54.542+0000 7f8e31e00700 1 -- 172.21.15.60:0/2717109773 wait complete.
2024-04-13T04:02:55.507 INFO:journalctl@ceph.mgr.x.smithi060.stdout:Apr 13 04:02:55 smithi060 ceph-7fb55082-f94a-11ee-bc8d-c7b262605968-mgr-x[30244]:
2024-04-13T04:02:55.377+0000 7f6999cb7200 -1 mgr[py] Module osd_perf_query has missing NOTIFY_TYPES member
2024-04-13T04:02:55.792 INFO:journalctl@ceph.mgr.x.smithi060.stdout:Apr 13 04:02:55 smithi060 ceph-7fb55082-f94a-11ee-bc8d-c7b262605968-mgr-x[30244]:
2024-04-13T04:02:55.505+0000 7f6999cb7200 -1 mgr[py] Module snap_schedule has missing NOTIFY_TYPES member
2024-04-13T04:02:55.792 INFO:journalctl@ceph.mon.a.smithi060.stdout:Apr 13 04:02:55 smithi060 ceph-mon[30005]: from='client.? 172.21.15.60:0/2717109773' entity='client.admin' cmd='[{"prefix": "mgr module enable", "module": "cephadm"}]': finished
2024-04-13T04:02:55.792 INFO:journalctl@ceph.mon.a.smithi060.stdout:Apr 13 04:02:55 smithi060 ceph-mon[30005]: mgrmap e5: x(active, since 5s)
2024-04-13T04:02:56.684 INFO:journalctl@ceph.mon.a.smithi060.stdout:Apr 13 04:02:56 smithi060 ceph-mon[30005]: from='client.? 172.21.15.60:0/3208776876' entity='client.admin' cmd=[{"prefix": "mgr stat"}]: dispatch
2024-04-13T04:02:56.684 INFO:journalctl@ceph.mgr.x.smithi060.stdout:Apr 13 04:02:56 smithi060 ceph-7fb55082-f94a-11ee-bc8d-c7b262605968-mgr-x[30244]:
2024-04-13T04:02:56.371+0000 7f6999cb7200 -1 mgr[py] Module zabbix has missing NOTIFY_TYPES member
2024-04-13T04:02:56.685 INFO:journalctl@ceph.mgr.x.smithi060.stdout:Apr 13 04:02:56 smithi060 ceph-7fb55082-f94a-11ee-bc8d-c7b262605968-mgr-x[30244]:
2024-04-13T04:02:56.498+0000 7f6999cb7200 -1 mgr[py] Module balancer has missing NOTIFY_TYPES member
2024-04-13T04:02:56.685 INFO:journalctl@ceph.mgr.x.smithi060.stdout:Apr 13 04:02:56 smithi060 ceph-7fb55082-f94a-11ee-bc8d-c7b262605968-mgr-x[30244]:
2024-04-13T04:02:56.682+0000 7f6999cb7200 -1 mgr[py] Module influx has missing NOTIFY_TYPES member
2024-04-13T04:02:56.831 INFO:teuthology.orchestra.run.smithi060.stdout:/usr/bin/ceph: stdout {
2024-04-13T04:02:56.831 INFO:teuthology.orchestra.run.smithi060.stdout:/usr/bin/ceph: stdout "epoch": 5,
2024-04-13T04:02:56.831 INFO:teuthology.orchestra.run.smithi060.stdout:/usr/bin/ceph: stdout "available": true,
2024-04-13T04:02:56.831 INFO:teuthology.orchestra.run.smithi060.stdout:/usr/bin/ceph: stdout "active_name": "x",
2024-04-13T04:02:56.831 INFO:teuthology.orchestra.run.smithi060.stdout:/usr/bin/ceph: stdout "num_standby": 0
2024-04-13T04:02:56.831 INFO:teuthology.orchestra.run.smithi060.stdout:/usr/bin/ceph: stdout }
2024-04-13T04:02:56.831 INFO:teuthology.orchestra.run.smithi060.stdout:/usr/bin/ceph: stderr
2024-04-13T04:02:55.798+0000 7f0691400700 1 Processor -- start
2024-04-13T04:02:56.834 INFO:teuthology.orchestra.run.smithi060.stdout:/usr/bin/ceph: stderr
2024-04-13T04:02:55.799+0000 7f0691400700 1 -- start start
2024-04-13T04:02:56.835 INFO:teuthology.orchestra.run.smithi060.stdout:/usr/bin/ceph: stderr
2024-04-13T04:02:55.799+0000 7f0691400700 1 --2- >> [v2:172.21.15.60:3300/0,v1:172.21.15.60:6789/0] conn(0x7f068c107970 0x7f068c107d90 unknown :-1 s=NONE pgs=0 cs=0 l=0 rev1=0 crypto rx=0 tx=0 comp rx=0 tx=0).connect
2024-04-13T04:02:56.835 INFO:teuthology.orchestra.run.smithi060.stdout:/usr/bin/ceph: stderr
2024-04-13T04:02:55.799+0000 7f0691400700 1 -- --> [v2:172.21.15.60:3300/0,v1:172.21.15.60:6789/0] -- mon_getmap magic: 0 -- 0x7f068c108360 con 0x7f068c107970
2024-04-13T04:02:56.835 INFO:teuthology.orchestra.run.smithi060.stdout:/usr/bin/ceph: stderr
2024-04-13T04:02:55.799+0000 7f068a800700 1 --2- >> [v2:172.21.15.60:3300/0,v1:172.21.15.60:6789/0] conn(0x7f068c107970 0x7f068c107d90 unknown :-1 s=BANNER_CONNECTING pgs=0 cs=0 l=0 rev1=0 crypto rx=0 tx=0 comp rx=0 tx=0)._handle_peer_banner_payload supported=3 required=0
2024-04-13T04:02:56.835 INFO:teuthology.orchestra.run.smithi060.stdout:/usr/bin/ceph: stderr
2024-04-13T04:02:55.799+0000 7f068a800700 1 --2- >> [v2:172.21.15.60:3300/0,v1:172.21.15.60:6789/0] conn(0x7f068c107970 0x7f068c107d90 unknown :-1 s=HELLO_CONNECTING pgs=0 cs=0 l=0 rev1=1 crypto rx=0 tx=0 comp rx=0 tx=0).handle_hello peer v2:172.21.15.60:3300/0 says I am v2:172.21.15.60:34156/0 (socket says 172.21.15.60:34156)
2024-04-13T04:02:56.835 INFO:teuthology.orchestra.run.smithi060.stdout:/usr/bin/ceph: stderr
2024-04-13T04:02:55.799+0000 7f068a800700 1 -- 172.21.15.60:0/1518594833 learned_addr learned my addr 172.21.15.60:0/1518594833 (peer_addr_for_me v2:172.21.15.60:0/0)
2024-04-13T04:02:56.835 INFO:teuthology.orchestra.run.smithi060.stdout:/usr/bin/ceph: stderr
2024-04-13T04:02:55.800+0000 7f068a800700 1 -- 172.21.15.60:0/1518594833 --> [v2:172.21.15.60:3300/0,v1:172.21.15.60:6789/0] -- mon_subscribe({config=0+,monmap=0+}) -- 0x7f068c108b20 con 0x7f068c107970
2024-04-13T04:02:56.835 INFO:teuthology.orchestra.run.smithi060.stdout:/usr/bin/ceph: stderr
2024-04-13T04:02:55.800+0000 7f068a800700 1 --2- 172.21.15.60:0/1518594833 >> [v2:172.21.15.60:3300/0,v1:172.21.15.60:6789/0] conn(0x7f068c107970 0x7f068c107d90 secure :-1 s=READY pgs=26 cs=0 l=1 rev1=1 crypto rx=0x7f067c009e80 tx=0x7f067c00b330 comp rx=0 tx=0).ready entity=mon.0 client_cookie=f4c09c634fb7ec74 server_cookie=0 in_seq=0 out_seq=0
2024-04-13T04:02:56.835 INFO:teuthology.orchestra.run.smithi060.stdout:/usr/bin/ceph: stderr
2024-04-13T04:02:55.801+0000 7f0689400700 1 -- 172.21.15.60:0/1518594833 <== mon.0 v2:172.21.15.60:3300/0 1 ==== mon_map magic: 0 ==== 205+0+0 (secure 0 0 0) 0x7f067c017070 con 0x7f068c107970
2024-04-13T04:02:56.835 INFO:teuthology.orchestra.run.smithi060.stdout:/usr/bin/ceph: stderr
2024-04-13T04:02:55.801+0000 7f0689400700 1 -- 172.21.15.60:0/1518594833 <== mon.0 v2:172.21.15.60:3300/0 2 ==== config(26 keys) ==== 1071+0+0 (secure 0 0 0) 0x7f067c00b8c0 con 0x7f068c107970
2024-04-13T04:02:56.835 INFO:teuthology.orchestra.run.smithi060.stdout:/usr/bin/ceph: stderr
2024-04-13T04:02:55.801+0000 7f0689400700 1 -- 172.21.15.60:0/1518594833 <== mon.0 v2:172.21.15.60:3300/0 3 ==== mon_map magic: 0 ==== 205+0+0 (secure 0 0 0) 0x7f067c004520 con 0x7f068c107970
2024-04-13T04:02:56.835 INFO:teuthology.orchestra.run.smithi060.stdout:/usr/bin/ceph: stderr
2024-04-13T04:02:55.801+0000 7f0691400700 1 -- 172.21.15.60:0/1518594833 >> [v2:172.21.15.60:3300/0,v1:172.21.15.60:6789/0] conn(0x7f068c107970 msgr2=0x7f068c107d90 secure :-1 s=STATE_CONNECTION_ESTABLISHED l=1).mark_down
2024-04-13T04:02:56.835 INFO:teuthology.orchestra.run.smithi060.stdout:/usr/bin/ceph: stderr
2024-04-13T04:02:55.801+0000 7f0691400700 1 --2- 172.21.15.60:0/1518594833 >> [v2:172.21.15.60:3300/0,v1:172.21.15.60:6789/0] conn(0x7f068c107970 0x7f068c107d90 secure :-1 s=READY pgs=26 cs=0 l=1 rev1=1 crypto rx=0x7f067c009e80 tx=0x7f067c00b330 comp rx=0 tx=0).stop
2024-04-13T04:02:56.836 INFO:teuthology.orchestra.run.smithi060.stdout:/usr/bin/ceph: stderr
2024-04-13T04:02:55.801+0000 7f0691400700 1 -- 172.21.15.60:0/1518594833 shutdown_connections
2024-04-13T04:02:56.836 INFO:teuthology.orchestra.run.smithi060.stdout:/usr/bin/ceph: stderr
2024-04-13T04:02:55.801+0000 7f0691400700 1 --2- 172.21.15.60:0/1518594833 >> [v2:172.21.15.60:3300/0,v1:172.21.15.60:6789/0] conn(0x7f068c107970 0x7f068c107d90 unknown :-1 s=CLOSED pgs=26 cs=0 l=1 rev1=1 crypto rx=0 tx=0 comp rx=0 tx=0).stop
2024-04-13T04:02:56.836 INFO:teuthology.orchestra.run.smithi060.stdout:/usr/bin/ceph: stderr
2024-04-13T04:02:55.801+0000 7f0691400700 1 -- 172.21.15.60:0/1518594833 >> 172.21.15.60:0/1518594833 conn(0x7f068c102f70 msgr2=0x7f068c105390 unknown :-1 s=STATE_NONE l=0).mark_down
2024-04-13T04:02:56.836 INFO:teuthology.orchestra.run.smithi060.stdout:/usr/bin/ceph: stderr
2024-04-13T04:02:55.802+0000 7f0691400700 1 -- 172.21.15.60:0/1518594833 shutdown_connections
2024-04-13T04:02:56.836 INFO:teuthology.orchestra.run.smithi060.stdout:/usr/bin/ceph: stderr
2024-04-13T04:02:55.802+0000 7f0691400700 1 -- 172.21.15.60:0/1518594833 wait complete.
2024-04-13T04:02:56.836 INFO:teuthology.orchestra.run.smithi060.stdout:/usr/bin/ceph: stderr
2024-04-13T04:02:55.803+0000 7f0691400700 1 Processor -- start
2024-04-13T04:02:56.836 INFO:teuthology.orchestra.run.smithi060.stdout:/usr/bin/ceph: stderr
2024-04-13T04:02:55.803+0000 7f0691400700 1 -- start start
2024-04-13T04:02:56.836 INFO:teuthology.orchestra.run.smithi060.stdout:/usr/bin/ceph: stderr
2024-04-13T04:02:55.803+0000 7f0691400700 1 --2- >> [v2:172.21.15.60:3300/0,v1:172.21.15.60:6789/0] conn(0x7f068c107970 0x7f068c19da70 unknown :-1 s=NONE pgs=0 cs=0 l=1 rev1=0 crypto rx=0 tx=0 comp rx=0 tx=0).connect
2024-04-13T04:02:56.836 INFO:teuthology.orchestra.run.smithi060.stdout:/usr/bin/ceph: stderr
2024-04-13T04:02:55.803+0000 7f0691400700 1 -- --> [v2:172.21.15.60:3300/0,v1:172.21.15.60:6789/0] -- mon_getmap magic: 0 -- 0x7f068c10bed0 con 0x7f068c107970
2024-04-13T04:02:56.836 INFO:teuthology.orchestra.run.smithi060.stdout:/usr/bin/ceph: stderr
2024-04-13T04:02:55.803+0000 7f068a800700 1 --2- >> [v2:172.21.15.60:3300/0,v1:172.21.15.60:6789/0] conn(0x7f068c107970 0x7f068c19da70 unknown :-1 s=BANNER_CONNECTING pgs=0 cs=0 l=1 rev1=0 crypto rx=0 tx=0 comp rx=0 tx=0)._handle_peer_banner_payload supported=3 required=0
2024-04-13T04:02:56.836 INFO:teuthology.orchestra.run.smithi060.stdout:/usr/bin/ceph: stderr
2024-04-13T04:02:55.804+0000 7f068a800700 1 --2- >> [v2:172.21.15.60:3300/0,v1:172.21.15.60:6789/0] conn(0x7f068c107970 0x7f068c19da70 unknown :-1 s=HELLO_CONNECTING pgs=0 cs=0 l=1 rev1=1 crypto rx=0 tx=0 comp rx=0 tx=0).handle_hello peer v2:172.21.15.60:3300/0 says I am v2:172.21.15.60:34158/0 (socket says 172.21.15.60:34158)
2024-04-13T04:02:56.836 INFO:teuthology.orchestra.run.smithi060.stdout:/usr/bin/ceph: stderr
2024-04-13T04:02:55.804+0000 7f068a800700 1 -- 172.21.15.60:0/3208776876 learned_addr learned my addr 172.21.15.60:0/3208776876 (peer_addr_for_me v2:172.21.15.60:0/0)
2024-04-13T04:02:56.836 INFO:teuthology.orchestra.run.smithi060.stdout:/usr/bin/ceph: stderr
2024-04-13T04:02:55.804+0000 7f068a800700 1 -- 172.21.15.60:0/3208776876 --> [v2:172.21.15.60:3300/0,v1:172.21.15.60:6789/0] -- mon_subscribe({config=0+,monmap=0+}) -- 0x7f068c19dfb0 con 0x7f068c107970
2024-04-13T04:02:56.836 INFO:teuthology.orchestra.run.smithi060.stdout:/usr/bin/ceph: stderr
2024-04-13T04:02:55.804+0000 7f068a800700 1 --2- 172.21.15.60:0/3208776876 >> [v2:172.21.15.60:3300/0,v1:172.21.15.60:6789/0] conn(0x7f068c107970 0x7f068c19da70 secure :-1 s=READY pgs=27 cs=0 l=1 rev1=1 crypto rx=0x7f067c003f60 tx=0x7f067c004670 comp rx=0 tx=0).ready entity=mon.0 client_cookie=0 server_cookie=0 in_seq=0 out_seq=0
2024-04-13T04:02:56.839 INFO:teuthology.orchestra.run.smithi060.stdout:/usr/bin/ceph: stderr
2024-04-13T04:02:55.804+0000 7f0683400700 1 -- 172.21.15.60:0/3208776876 <== mon.0 v2:172.21.15.60:3300/0 1 ==== mon_map magic: 0 ==== 205+0+0 (secure 0 0 0) 0x7f067c020020 con 0x7f068c107970
2024-04-13T04:02:56.839 INFO:teuthology.orchestra.run.smithi060.stdout:/usr/bin/ceph: stderr
2024-04-13T04:02:55.805+0000 7f0683400700 1 -- 172.21.15.60:0/3208776876 <== mon.0 v2:172.21.15.60:3300/0 2 ==== config(26 keys) ==== 1071+0+0 (secure 0 0 0) 0x7f067c00bcb0 con 0x7f068c107970
2024-04-13T04:02:56.840 INFO:teuthology.orchestra.run.smithi060.stdout:/usr/bin/ceph: stderr
2024-04-13T04:02:55.805+0000 7f0683400700 1 -- 172.21.15.60:0/3208776876 <== mon.0 v2:172.21.15.60:3300/0 3 ==== mon_map magic: 0 ==== 205+0+0 (secure 0 0 0) 0x7f067c017040 con 0x7f068c107970
2024-04-13T04:02:56.840 INFO:teuthology.orchestra.run.smithi060.stdout:/usr/bin/ceph: stderr
2024-04-13T04:02:55.805+0000 7f0691400700 1 -- 172.21.15.60:0/3208776876 --> [v2:172.21.15.60:3300/0,v1:172.21.15.60:6789/0] -- mon_subscribe({mgrmap=0+}) -- 0x7f068c19e240 con 0x7f068c107970
2024-04-13T04:02:56.840 INFO:teuthology.orchestra.run.smithi060.stdout:/usr/bin/ceph: stderr
2024-04-13T04:02:55.805+0000 7f0691400700 1 -- 172.21.15.60:0/3208776876 --> [v2:172.21.15.60:3300/0,v1:172.21.15.60:6789/0] -- mon_subscribe({osdmap=0}) -- 0x7f068c1a0f30 con 0x7f068c107970
2024-04-13T04:02:56.840 INFO:teuthology.orchestra.run.smithi060.stdout:/usr/bin/ceph: stderr
2024-04-13T04:02:55.806+0000 7f0691400700 1 -- 172.21.15.60:0/3208776876 --> [v2:172.21.15.60:3300/0,v1:172.21.15.60:6789/0] -- mon_command({"prefix": "get_command_descriptions"} v 0) -- 0x7f068c064110 con 0x7f068c107970
2024-04-13T04:02:56.840 INFO:teuthology.orchestra.run.smithi060.stdout:/usr/bin/ceph: stderr
2024-04-13T04:02:55.806+0000 7f0683400700 1 -- 172.21.15.60:0/3208776876 <== mon.0 v2:172.21.15.60:3300/0 4 ==== mgrmap(e 5) ==== 46558+0+0 (secure 0 0 0) 0x7f067c023020 con 0x7f068c107970
2024-04-13T04:02:56.840 INFO:teuthology.orchestra.run.smithi060.stdout:/usr/bin/ceph: stderr
2024-04-13T04:02:55.806+0000 7f0683400700 1 --2- 172.21.15.60:0/3208776876 >> [v2:172.21.15.60:6800/178001395,v1:172.21.15.60:6801/178001395] conn(0x7f0670039600 0x7f067003bac0 unknown :-1 s=NONE pgs=0 cs=0 l=1 rev1=0 crypto rx=0 tx=0 comp rx=0 tx=0).connect
2024-04-13T04:02:56.840 INFO:teuthology.orchestra.run.smithi060.stdout:/usr/bin/ceph: stderr
2024-04-13T04:02:55.807+0000 7f0683400700 1 -- 172.21.15.60:0/3208776876 <== mon.0 v2:172.21.15.60:3300/0 5 ==== osd_map(1..1 src has 1..1) ==== 725+0+0 (secure 0 0 0) 0x7f067c00f050 con 0x7f068c107970
2024-04-13T04:02:56.840 INFO:teuthology.orchestra.run.smithi060.stdout:/usr/bin/ceph: stderr
2024-04-13T04:02:55.807+0000 7f0689e00700 1 -- 172.21.15.60:0/3208776876 >> [v2:172.21.15.60:6800/178001395,v1:172.21.15.60:6801/178001395] conn(0x7f0670039600 msgr2=0x7f067003bac0 unknown :-1 s=STATE_CONNECTING_RE l=1).process reconnect failed to v2:172.21.15.60:6800/178001395
2024-04-13T04:02:56.840 INFO:teuthology.orchestra.run.smithi060.stdout:/usr/bin/ceph: stderr
2024-04-13T04:02:55.807+0000 7f0689e00700 1 --2- 172.21.15.60:0/3208776876 >> [v2:172.21.15.60:6800/178001395,v1:172.21.15.60:6801/178001395] conn(0x7f0670039600 0x7f067003bac0 unknown :-1 s=START_CONNECT pgs=0 cs=0 l=1 rev1=0 crypto rx=0 tx=0 comp rx=0 tx=0)._fault waiting 0.200000
2024-04-13T04:02:56.840 INFO:teuthology.orchestra.run.smithi060.stdout:/usr/bin/ceph: stderr
2024-04-13T04:02:55.812+0000 7f0683400700 1 -- 172.21.15.60:0/3208776876 <== mon.0 v2:172.21.15.60:3300/0 6 ==== mon_command_ack([{"prefix": "get_command_descriptions"}]=0 v0) ==== 72+0+188370 (secure 0 0 0) 0x7f067c02a020 con 0x7f068c107970
2024-04-13T04:02:56.840 INFO:teuthology.orchestra.run.smithi060.stdout:/usr/bin/ceph: stderr
2024-04-13T04:02:56.008+0000 7f0689e00700 1 -- 172.21.15.60:0/3208776876 >> [v2:172.21.15.60:6800/178001395,v1:172.21.15.60:6801/178001395] conn(0x7f0670039600 msgr2=0x7f067003bac0 unknown :-1 s=STATE_CONNECTING_RE l=1).process reconnect failed to v2:172.21.15.60:6800/178001395
2024-04-13T04:02:56.840 INFO:teuthology.orchestra.run.smithi060.stdout:/usr/bin/ceph: stderr
2024-04-13T04:02:56.008+0000 7f0689e00700 1 --2- 172.21.15.60:0/3208776876 >> [v2:172.21.15.60:6800/178001395,v1:172.21.15.60:6801/178001395] conn(0x7f0670039600 0x7f067003bac0 unknown :-1 s=START_CONNECT pgs=0 cs=0 l=1 rev1=0 crypto rx=0 tx=0 comp rx=0 tx=0)._fault waiting 0.400000
2024-04-13T04:02:56.840 INFO:teuthology.orchestra.run.smithi060.stdout:/usr/bin/ceph: stderr
2024-04-13T04:02:56.107+0000 7f0691400700 1 -- 172.21.15.60:0/3208776876 --> [v2:172.21.15.60:3300/0,v1:172.21.15.60:6789/0] -- mon_command({"prefix": "mgr stat"} v 0) -- 0x7f068c1a11a0 con 0x7f068c107970
2024-04-13T04:02:56.840 INFO:teuthology.orchestra.run.smithi060.stdout:/usr/bin/ceph: stderr
2024-04-13T04:02:56.108+0000 7f0683400700 1 -- 172.21.15.60:0/3208776876 <== mon.0 v2:172.21.15.60:3300/0 7 ==== mon_command_ack([{"prefix": "mgr stat"}]=0 v5) ==== 56+0+88 (secure 0 0 0) 0x7f067c04d180 con 0x7f068c107970
2024-04-13T04:02:56.841 INFO:teuthology.orchestra.run.smithi060.stdout:/usr/bin/ceph: stderr
2024-04-13T04:02:56.111+0000 7f0691400700 1 -- 172.21.15.60:0/3208776876 >> [v2:172.21.15.60:6800/178001395,v1:172.21.15.60:6801/178001395] conn(0x7f0670039600 msgr2=0x7f067003bac0 unknown :-1 s=STATE_CONNECTING l=1).mark_down
2024-04-13T04:02:56.841 INFO:teuthology.orchestra.run.smithi060.stdout:/usr/bin/ceph: stderr
2024-04-13T04:02:56.111+0000 7f0691400700 1 --2- 172.21.15.60:0/3208776876 >> [v2:172.21.15.60:6800/178001395,v1:172.21.15.60:6801/178001395] conn(0x7f0670039600 0x7f067003bac0 unknown :-1 s=START_CONNECT pgs=0 cs=0 l=1 rev1=0 crypto rx=0 tx=0 comp rx=0 tx=0).stop
2024-04-13T04:02:56.841 INFO:teuthology.orchestra.run.smithi060.stdout:/usr/bin/ceph: stderr
2024-04-13T04:02:56.111+0000 7f0691400700 1 -- 172.21.15.60:0/3208776876 >> [v2:172.21.15.60:3300/0,v1:172.21.15.60:6789/0] conn(0x7f068c107970 msgr2=0x7f068c19da70 secure :-1 s=STATE_CONNECTION_ESTABLISHED l=1).mark_down
2024-04-13T04:02:56.841 INFO:teuthology.orchestra.run.smithi060.stdout:/usr/bin/ceph: stderr
2024-04-13T04:02:56.111+0000 7f0691400700 1 --2- 172.21.15.60:0/3208776876 >> [v2:172.21.15.60:3300/0,v1:172.21.15.60:6789/0] conn(0x7f068c107970 0x7f068c19da70 secure :-1 s=READY pgs=27 cs=0 l=1 rev1=1 crypto rx=0x7f067c003f60 tx=0x7f067c004670 comp rx=0 tx=0).stop
2024-04-13T04:02:56.841 INFO:teuthology.orchestra.run.smithi060.stdout:/usr/bin/ceph: stderr
2024-04-13T04:02:56.111+0000 7f0691400700 1 -- 172.21.15.60:0/3208776876 shutdown_connections
2024-04-13T04:02:56.841 INFO:teuthology.orchestra.run.smithi060.stdout:/usr/bin/ceph: stderr
2024-04-13T04:02:56.111+0000 7f0691400700 1 --2- 172.21.15.60:0/3208776876 >> [v2:172.21.15.60:6800/178001395,v1:172.21.15.60:6801/178001395] conn(0x7f0670039600 0x7f067003bac0 unknown :-1 s=CLOSED pgs=0 cs=0 l=1 rev1=0 crypto rx=0 tx=0 comp rx=0 tx=0).stop
2024-04-13T04:02:56.841 INFO:teuthology.orchestra.run.smithi060.stdout:/usr/bin/ceph: stderr
2024-04-13T04:02:56.111+0000 7f0691400700 1 --2- 172.21.15.60:0/3208776876 >> [v2:172.21.15.60:3300/0,v1:172.21.15.60:6789/0] conn(0x7f068c107970 0x7f068c19da70 unknown :-1 s=CLOSED pgs=27 cs=0 l=1 rev1=1 crypto rx=0 tx=0 comp rx=0 tx=0).stop
2024-04-13T04:02:56.841 INFO:teuthology.orchestra.run.smithi060.stdout:/usr/bin/ceph: stderr
2024-04-13T04:02:56.111+0000 7f0691400700 1 -- 172.21.15.60:0/3208776876 >> 172.21.15.60:0/3208776876 conn(0x7f068c102f70 msgr2=0x7f068c103990 unknown :-1 s=STATE_NONE l=0).mark_down
2024-04-13T04:02:56.841 INFO:teuthology.orchestra.run.smithi060.stdout:/usr/bin/ceph: stderr
2024-04-13T04:02:56.111+0000 7f0691400700 1 -- 172.21.15.60:0/3208776876 shutdown_connections
2024-04-13T04:02:56.841 INFO:teuthology.orchestra.run.smithi060.stdout:/usr/bin/ceph: stderr
2024-04-13T04:02:56.111+0000 7f0691400700 1 -- 172.21.15.60:0/3208776876 wait complete.
2024-04-13T04:02:56.841 INFO:teuthology.orchestra.run.smithi060.stdout:Waiting for the mgr to restart...
2024-04-13T04:02:56.841 INFO:teuthology.orchestra.run.smithi060.stdout:Waiting for mgr epoch 5...
2024-04-13T04:02:56.942 INFO:journalctl@ceph.mgr.x.smithi060.stdout:Apr 13 04:02:56 smithi060 ceph-7fb55082-f94a-11ee-bc8d-c7b262605968-mgr-x[30244]:
2024-04-13T04:02:56.813+0000 7f6999cb7200 -1 mgr[py] Module alerts has missing NOTIFY_TYPES member
2024-04-13T04:02:57.216 INFO:journalctl@ceph.mgr.x.smithi060.stdout:Apr 13 04:02:56 smithi060 ceph-7fb55082-f94a-11ee-bc8d-c7b262605968-mgr-x[30244]:
2024-04-13T04:02:56.941+0000 7f6999cb7200 -1 mgr[py] Module iostat has missing NOTIFY_TYPES member
2024-04-13T04:02:57.541 INFO:journalctl@ceph.mgr.x.smithi060.stdout:Apr 13 04:02:57 smithi060 ceph-7fb55082-f94a-11ee-bc8d-c7b262605968-mgr-x[30244]:
2024-04-13T04:02:57.294+0000 7f6999cb7200 -1 mgr[py] Module rgw has missing NOTIFY_TYPES member
2024-04-13T04:02:57.542 INFO:journalctl@ceph.mgr.x.smithi060.stdout:Apr 13 04:02:57 smithi060 ceph-7fb55082-f94a-11ee-bc8d-c7b262605968-mgr-x[30244]:
2024-04-13T04:02:57.442+0000 7f6999cb7200 -1 mgr[py] Module rbd_support has missing NOTIFY_TYPES member
2024-04-13T04:02:57.917 INFO:journalctl@ceph.mgr.x.smithi060.stdout:Apr 13 04:02:57 smithi060 ceph-7fb55082-f94a-11ee-bc8d-c7b262605968-mgr-x[30244]:
2024-04-13T04:02:57.562+0000 7f6999cb7200 -1 mgr[py] Module progress has missing NOTIFY_TYPES member
2024-04-13T04:02:57.917 INFO:journalctl@ceph.mgr.x.smithi060.stdout:Apr 13 04:02:57 smithi060 ceph-7fb55082-f94a-11ee-bc8d-c7b262605968-mgr-x[30244]:
2024-04-13T04:02:57.690+0000 7f6999cb7200 -1 mgr[py] Module pg_autoscaler has missing NOTIFY_TYPES member
2024-04-13T04:02:57.917 INFO:journalctl@ceph.mgr.x.smithi060.stdout:Apr 13 04:02:57 smithi060 ceph-7fb55082-f94a-11ee-bc8d-c7b262605968-mgr-x[30244]:
2024-04-13T04:02:57.916+0000 7f6999cb7200 -1 mgr[py] Module devicehealth has missing NOTIFY_TYPES member
2024-04-13T04:02:59.541 INFO:journalctl@ceph.mgr.x.smithi060.stdout:Apr 13 04:02:59 smithi060 ceph-7fb55082-f94a-11ee-bc8d-c7b262605968-mgr-x[30244]:
2024-04-13T04:02:59.252+0000 7f6999cb7200 -1 mgr[py] Module rook has missing NOTIFY_TYPES member
2024-04-13T04:02:59.542 INFO:journalctl@ceph.mgr.x.smithi060.stdout:Apr 13 04:02:59 smithi060 ceph-7fb55082-f94a-11ee-bc8d-c7b262605968-mgr-x[30244]:
2024-04-13T04:02:59.434+0000 7f6999cb7200 -1 mgr[py] Module diskprediction_local has missing NOTIFY_TYPES member
2024-04-13T04:03:00.263 INFO:journalctl@ceph.mgr.x.smithi060.stdout:Apr 13 04:02:59 smithi060 ceph-7fb55082-f94a-11ee-bc8d-c7b262605968-mgr-x[30244]:
2024-04-13T04:02:59.866+0000 7f6999cb7200 -1 mgr[py] Module selftest has missing NOTIFY_TYPES member
2024-04-13T04:03:00.263 INFO:journalctl@ceph.mgr.x.smithi060.stdout:Apr 13 04:02:59 smithi060 ceph-7fb55082-f94a-11ee-bc8d-c7b262605968-mgr-x[30244]:
2024-04-13T04:02:59.991+0000 7f6999cb7200 -1 mgr[py] Module telegraf has missing NOTIFY_TYPES member
2024-04-13T04:03:00.517 INFO:journalctl@ceph.mgr.x.smithi060.stdout:Apr 13 04:03:00 smithi060 ceph-7fb55082-f94a-11ee-bc8d-c7b262605968-mgr-x[30244]:
2024-04-13T04:03:00.262+0000 7f6999cb7200 -1 mgr[py] Module test_orchestrator has missing NOTIFY_TYPES member
2024-04-13T04:03:00.517 INFO:journalctl@ceph.mgr.x.smithi060.stdout:Apr 13 04:03:00 smithi060 ceph-7fb55082-f94a-11ee-bc8d-c7b262605968-mgr-x[30244]:
2024-04-13T04:03:00.516+0000 7f6999cb7200 -1 mgr[py] Module crash has missing NOTIFY_TYPES member
2024-04-13T04:03:01.232 INFO:journalctl@ceph.mgr.x.smithi060.stdout:Apr 13 04:03:00 smithi060 ceph-7fb55082-f94a-11ee-bc8d-c7b262605968-mgr-x[30244]:
2024-04-13T04:03:00.908+0000 7f6999cb7200 -1 mgr[py] Module orchestrator has missing NOTIFY_TYPES member
2024-04-13T04:03:01.232 INFO:journalctl@ceph.mgr.x.smithi060.stdout:Apr 13 04:03:01 smithi060 ceph-7fb55082-f94a-11ee-bc8d-c7b262605968-mgr-x[30244]:
2024-04-13T04:03:01.232+0000 7f6999cb7200 -1 mgr[py] Module osd_support has missing NOTIFY_TYPES member
2024-04-13T04:03:02.041 INFO:journalctl@ceph.mgr.x.smithi060.stdout:Apr 13 04:03:01 smithi060 ceph-7fb55082-f94a-11ee-bc8d-c7b262605968-mgr-x[30244]:
2024-04-13T04:03:01.551+0000 7f6999cb7200 -1 mgr[py] Module volumes has missing NOTIFY_TYPES member
2024-04-13T04:03:03.042 INFO:journalctl@ceph.mgr.x.smithi060.stdout:Apr 13 04:03:02 smithi060 ceph-7fb55082-f94a-11ee-bc8d-c7b262605968-mgr-x[30244]:
2024-04-13T04:03:02.626+0000 7f6999cb7200 -1 mgr[py] Module telemetry has missing NOTIFY_TYPES member
2024-04-13T04:03:03.779 INFO:journalctl@ceph.mgr.x.smithi060.stdout:Apr 13 04:03:03 smithi060 ceph-7fb55082-f94a-11ee-bc8d-c7b262605968-mgr-x[30244]:
2024-04-13T04:03:03.349+0000 7f6999cb7200 -1 mgr[py] Module prometheus has missing NOTIFY_TYPES member
2024-04-13T04:03:03.779 INFO:journalctl@ceph.mgr.x.smithi060.stdout:Apr 13 04:03:03 smithi060 ceph-7fb55082-f94a-11ee-bc8d-c7b262605968-mgr-x[30244]:
2024-04-13T04:03:03.484+0000 7f6999cb7200 -1 mgr[py] Module status has missing NOTIFY_TYPES member
2024-04-13T04:03:04.041 INFO:journalctl@ceph.mgr.x.smithi060.stdout:Apr 13 04:03:03 smithi060 ceph-7fb55082-f94a-11ee-bc8d-c7b262605968-mgr-x[30244]:
2024-04-13T04:03:03.778+0000 7f6999cb7200 -1 mgr[py] Module nfs has missing NOTIFY_TYPES member
2024-04-13T04:03:04.042 INFO:journalctl@ceph.mon.a.smithi060.stdout:Apr 13 04:03:03 smithi060 ceph-mon[30005]: Active manager daemon x restarted
2024-04-13T04:03:04.042 INFO:journalctl@ceph.mon.a.smithi060.stdout:Apr 13 04:03:03 smithi060 ceph-mon[30005]: Activating manager daemon x
2024-04-13T04:03:04.042 INFO:journalctl@ceph.mon.a.smithi060.stdout:Apr 13 04:03:03 smithi060 ceph-mon[30005]: osdmap e2: 0 total, 0 up, 0 in
2024-04-13T04:03:04.042 INFO:journalctl@ceph.mon.a.smithi060.stdout:Apr 13 04:03:03 smithi060 ceph-mon[30005]: mgrmap e6: x(active, starting, since 0.00511743s)
2024-04-13T04:03:04.042 INFO:journalctl@ceph.mon.a.smithi060.stdout:Apr 13 04:03:03 smithi060 ceph-mon[30005]: from='mgr.14120 172.21.15.60:0/3879159108' entity='mgr.x' cmd=[{"prefix": "mon metadata", "id": "a"}]: dispatch
2024-04-13T04:03:04.043 INFO:journalctl@ceph.mon.a.smithi060.stdout:Apr 13 04:03:03 smithi060 ceph-mon[30005]: from='mgr.14120 172.21.15.60:0/3879159108' entity='mgr.x' cmd=[{"prefix": "mgr metadata", "who": "x", "id": "x"}]: dispatch
2024-04-13T04:03:04.043 INFO:journalctl@ceph.mon.a.smithi060.stdout:Apr 13 04:03:03 smithi060 ceph-mon[30005]: from='mgr.14120 172.21.15.60:0/3879159108' entity='mgr.x' cmd=[{"prefix": "mds metadata"}]: dispatch
2024-04-13T04:03:04.043 INFO:journalctl@ceph.mon.a.smithi060.stdout:Apr 13 04:03:03 smithi060 ceph-mon[30005]: from='mgr.14120 172.21.15.60:0/3879159108' entity='mgr.x' cmd=[{"prefix": "osd metadata"}]: dispatch
2024-04-13T04:03:04.043 INFO:journalctl@ceph.mon.a.smithi060.stdout:Apr 13 04:03:03 smithi060 ceph-mon[30005]: from='mgr.14120 172.21.15.60:0/3879159108' entity='mgr.x' cmd=[{"prefix": "mon metadata"}]: dispatch
2024-04-13T04:03:04.043 INFO:journalctl@ceph.mon.a.smithi060.stdout:Apr 13 04:03:03 smithi060 ceph-mon[30005]: Manager daemon x is now available
2024-04-13T04:03:04.043 INFO:journalctl@ceph.mon.a.smithi060.stdout:Apr 13 04:03:03 smithi060 ceph-mon[30005]: from='mgr.14120 172.21.15.60:0/3879159108' entity='mgr.x'
2024-04-13T04:03:04.043 INFO:journalctl@ceph.mon.a.smithi060.stdout:Apr 13 04:03:03 smithi060 ceph-mon[30005]: from='mgr.14120 172.21.15.60:0/3879159108' entity='mgr.x'
2024-04-13T04:03:05.187 INFO:journalctl@ceph.mon.a.smithi060.stdout:Apr 13 04:03:04 smithi060 ceph-mon[30005]: Found migration_current of "None". Setting to last migration.
2024-04-13T04:03:05.188 INFO:journalctl@ceph.mon.a.smithi060.stdout:Apr 13 04:03:04 smithi060 ceph-mon[30005]: from='mgr.14120 172.21.15.60:0/3879159108' entity='mgr.x' cmd=[{"prefix": "config dump", "format": "json"}]: dispatch
2024-04-13T04:03:05.188 INFO:journalctl@ceph.mon.a.smithi060.stdout:Apr 13 04:03:04 smithi060 ceph-mon[30005]: from='mgr.14120 172.21.15.60:0/3879159108' entity='mgr.x' cmd=[{"prefix": "config dump", "format": "json"}]: dispatch
2024-04-13T04:03:05.188 INFO:journalctl@ceph.mon.a.smithi060.stdout:Apr 13 04:03:04 smithi060 ceph-mon[30005]: from='mgr.14120 172.21.15.60:0/3879159108' entity='mgr.x' cmd=[{"prefix":"config rm","who":"mgr","name":"mgr/rbd_support/x/mirror_snapshot_schedule"}]: dispatch
2024-04-13T04:03:05.188 INFO:journalctl@ceph.mon.a.smithi060.stdout:Apr 13 04:03:04 smithi060 ceph-mon[30005]: from='mgr.14120 172.21.15.60:0/3879159108' entity='mgr.x' cmd=[{"prefix":"config rm","who":"mgr","name":"mgr/rbd_support/x/trash_purge_schedule"}]: dispatch
2024-04-13T04:03:05.188 INFO:journalctl@ceph.mon.a.smithi060.stdout:Apr 13 04:03:04 smithi060 ceph-mon[30005]: from='mgr.14120 172.21.15.60:0/3879159108' entity='mgr.x'
2024-04-13T04:03:05.188 INFO:journalctl@ceph.mon.a.smithi060.stdout:Apr 13 04:03:04 smithi060 ceph-mon[30005]: from='mgr.14120 172.21.15.60:0/3879159108' entity='mgr.x'
2024-04-13T04:03:05.188 INFO:journalctl@ceph.mon.a.smithi060.stdout:Apr 13 04:03:04 smithi060 ceph-mon[30005]: mgrmap e7: x(active, since 1.01654s)
2024-04-13T04:03:05.497 INFO:teuthology.orchestra.run.smithi060.stdout:/usr/bin/ceph: stdout {
2024-04-13T04:03:05.497 INFO:teuthology.orchestra.run.smithi060.stdout:/usr/bin/ceph: stdout "mgrmap_epoch": 7,
2024-04-13T04:03:05.498 INFO:teuthology.orchestra.run.smithi060.stdout:/usr/bin/ceph: stdout "initialized": true
2024-04-13T04:03:05.498 INFO:teuthology.orchestra.run.smithi060.stdout:/usr/bin/ceph: stdout }
2024-04-13T04:03:05.498 INFO:teuthology.orchestra.run.smithi060.stdout:/usr/bin/ceph: stderr
2024-04-13T04:02:57.373+0000 7f915f600700 1 Processor -- start
2024-04-13T04:03:05.498 INFO:teuthology.orchestra.run.smithi060.stdout:/usr/bin/ceph: stderr
2024-04-13T04:02:57.374+0000 7f915f600700 1 -- start start
2024-04-13T04:03:05.499 INFO:teuthology.orchestra.run.smithi060.stdout:/usr/bin/ceph: stderr
2024-04-13T04:02:57.374+0000 7f915f600700 1 --2- >> [v2:172.21.15.60:3300/0,v1:172.21.15.60:6789/0] conn(0x7f915807ce40 0x7f915807b2f0 unknown :-1 s=NONE pgs=0 cs=0 l=0 rev1=0 crypto rx=0 tx=0 comp rx=0 tx=0).connect
2024-04-13T04:03:05.499 INFO:teuthology.orchestra.run.smithi060.stdout:/usr/bin/ceph: stderr
2024-04-13T04:02:57.374+0000 7f915f600700 1 -- --> [v2:172.21.15.60:3300/0,v1:172.21.15.60:6789/0] -- mon_getmap magic: 0 -- 0x7f915807b830 con 0x7f915807ce40
2024-04-13T04:03:05.499 INFO:teuthology.orchestra.run.smithi060.stdout:/usr/bin/ceph: stderr
2024-04-13T04:02:57.374+0000 7f915cc00700 1 --2- >> [v2:172.21.15.60:3300/0,v1:172.21.15.60:6789/0] conn(0x7f915807ce40 0x7f915807b2f0 unknown :-1 s=BANNER_CONNECTING pgs=0 cs=0 l=0 rev1=0 crypto rx=0 tx=0 comp rx=0 tx=0)._handle_peer_banner_payload supported=3 required=0
2024-04-13T04:03:05.499 INFO:teuthology.orchestra.run.smithi060.stdout:/usr/bin/ceph: stderr
2024-04-13T04:02:57.375+0000 7f915cc00700 1 --2- >> [v2:172.21.15.60:3300/0,v1:172.21.15.60:6789/0] conn(0x7f915807ce40 0x7f915807b2f0 unknown :-1 s=HELLO_CONNECTING pgs=0 cs=0 l=0 rev1=1 crypto rx=0 tx=0 comp rx=0 tx=0).handle_hello peer v2:172.21.15.60:3300/0 says I am v2:172.21.15.60:34164/0 (socket says 172.21.15.60:34164)
2024-04-13T04:03:05.499 INFO:teuthology.orchestra.run.smithi060.stdout:/usr/bin/ceph: stderr
2024-04-13T04:02:57.375+0000 7f915cc00700 1 -- 172.21.15.60:0/792126078 learned_addr learned my addr 172.21.15.60:0/792126078 (peer_addr_for_me v2:172.21.15.60:0/0)
2024-04-13T04:03:05.500 INFO:teuthology.orchestra.run.smithi060.stdout:/usr/bin/ceph: stderr
2024-04-13T04:02:57.375+0000 7f915cc00700 1 -- 172.21.15.60:0/792126078 --> [v2:172.21.15.60:3300/0,v1:172.21.15.60:6789/0] -- mon_subscribe({config=0+,monmap=0+}) -- 0x7f915807b9b0 con 0x7f915807ce40
2024-04-13T04:03:05.500 INFO:teuthology.orchestra.run.smithi060.stdout:/usr/bin/ceph: stderr
2024-04-13T04:02:57.375+0000 7f915cc00700 1 --2- 172.21.15.60:0/792126078 >> [v2:172.21.15.60:3300/0,v1:172.21.15.60:6789/0] conn(0x7f915807ce40 0x7f915807b2f0 secure :-1 s=READY pgs=28 cs=0 l=1 rev1=1 crypto rx=0x7f914c0098a0 tx=0x7f914c009bb0 comp rx=0 tx=0).ready entity=mon.0 client_cookie=80b0bec6a4b9086d server_cookie=0 in_seq=0 out_seq=0
2024-04-13T04:03:05.500 INFO:teuthology.orchestra.run.smithi060.stdout:/usr/bin/ceph: stderr
2024-04-13T04:02:57.376+0000 7f9157400700 1 -- 172.21.15.60:0/792126078 <== mon.0 v2:172.21.15.60:3300/0 1 ==== mon_map magic: 0 ==== 205+0+0 (secure 0 0 0) 0x7f914c004160 con 0x7f915807ce40
2024-04-13T04:03:05.500 INFO:teuthology.orchestra.run.smithi060.stdout:/usr/bin/ceph: stderr
2024-04-13T04:02:57.376+0000 7f9157400700 1 -- 172.21.15.60:0/792126078 <== mon.0 v2:172.21.15.60:3300/0 2 ==== config(26 keys) ==== 1071+0+0 (secure 0 0 0) 0x7f914c004300 con 0x7f915807ce40
2024-04-13T04:03:05.500 INFO:teuthology.orchestra.run.smithi060.stdout:/usr/bin/ceph: stderr
2024-04-13T04:02:57.376+0000 7f9157400700 1 -- 172.21.15.60:0/792126078 <== mon.0 v2:172.21.15.60:3300/0 3 ==== mon_map magic: 0 ==== 205+0+0 (secure 0 0 0) 0x7f914c011a80 con 0x7f915807ce40
2024-04-13T04:03:05.500 INFO:teuthology.orchestra.run.smithi060.stdout:/usr/bin/ceph: stderr
2024-04-13T04:02:57.376+0000 7f915f600700 1 -- 172.21.15.60:0/792126078 >> [v2:172.21.15.60:3300/0,v1:172.21.15.60:6789/0] conn(0x7f915807ce40 msgr2=0x7f915807b2f0 secure :-1 s=STATE_CONNECTION_ESTABLISHED l=1).mark_down
2024-04-13T04:03:05.501 INFO:teuthology.orchestra.run.smithi060.stdout:/usr/bin/ceph: stderr
2024-04-13T04:02:57.376+0000 7f915f600700 1 --2- 172.21.15.60:0/792126078 >> [v2:172.21.15.60:3300/0,v1:172.21.15.60:6789/0] conn(0x7f915807ce40 0x7f915807b2f0 secure :-1 s=READY pgs=28 cs=0 l=1 rev1=1 crypto rx=0x7f914c0098a0 tx=0x7f914c009bb0 comp rx=0 tx=0).stop
2024-04-13T04:03:05.501 INFO:teuthology.orchestra.run.smithi060.stdout:/usr/bin/ceph: stderr
2024-04-13T04:02:57.377+0000 7f915f600700 1 -- 172.21.15.60:0/792126078 shutdown_connections
2024-04-13T04:03:05.502 INFO:teuthology.orchestra.run.smithi060.stdout:/usr/bin/ceph: stderr
2024-04-13T04:02:57.377+0000 7f915f600700 1 --2- 172.21.15.60:0/792126078 >> [v2:172.21.15.60:3300/0,v1:172.21.15.60:6789/0] conn(0x7f915807ce40 0x7f915807b2f0 unknown :-1 s=CLOSED pgs=28 cs=0 l=1 rev1=1 crypto rx=0 tx=0 comp rx=0 tx=0).stop
2024-04-13T04:03:05.502 INFO:teuthology.orchestra.run.smithi060.stdout:/usr/bin/ceph: stderr
2024-04-13T04:02:57.377+0000 7f915f600700 1 -- 172.21.15.60:0/792126078 >> 172.21.15.60:0/792126078 conn(0x7f9158102ee0 msgr2=0x7f9158105360 unknown :-1 s=STATE_NONE l=0).mark_down
2024-04-13T04:03:05.502 INFO:teuthology.orchestra.run.smithi060.stdout:/usr/bin/ceph: stderr
2024-04-13T04:02:57.377+0000 7f915f600700 1 -- 172.21.15.60:0/792126078 shutdown_connections
2024-04-13T04:03:05.502 INFO:teuthology.orchestra.run.smithi060.stdout:/usr/bin/ceph: stderr
2024-04-13T04:02:57.377+0000 7f915f600700 1 -- 172.21.15.60:0/792126078 wait complete.
2024-04-13T04:03:05.502 INFO:teuthology.orchestra.run.smithi060.stdout:/usr/bin/ceph: stderr
2024-04-13T04:02:57.378+0000 7f915f600700 1 Processor -- start
2024-04-13T04:03:05.503 INFO:teuthology.orchestra.run.smithi060.stdout:/usr/bin/ceph: stderr
2024-04-13T04:02:57.378+0000 7f915f600700 1 -- start start
2024-04-13T04:03:05.503 INFO:teuthology.orchestra.run.smithi060.stdout:/usr/bin/ceph: stderr
2024-04-13T04:02:57.378+0000 7f915f600700 1 --2- >> [v2:172.21.15.60:3300/0,v1:172.21.15.60:6789/0] conn(0x7f915807ce40 0x7f915819db00 unknown :-1 s=NONE pgs=0 cs=0 l=1 rev1=0 crypto rx=0 tx=0 comp rx=0 tx=0).connect
2024-04-13T04:03:05.503 INFO:teuthology.orchestra.run.smithi060.stdout:/usr/bin/ceph: stderr
2024-04-13T04:02:57.378+0000 7f915f600700 1 -- --> [v2:172.21.15.60:3300/0,v1:172.21.15.60:6789/0] -- mon_getmap magic: 0 -- 0x7f915810def0 con 0x7f915807ce40
2024-04-13T04:03:05.503 INFO:teuthology.orchestra.run.smithi060.stdout:/usr/bin/ceph: stderr
2024-04-13T04:02:57.379+0000 7f915cc00700 1 --2- >> [v2:172.21.15.60:3300/0,v1:172.21.15.60:6789/0] conn(0x7f915807ce40 0x7f915819db00 unknown :-1 s=BANNER_CONNECTING pgs=0 cs=0 l=1 rev1=0 crypto rx=0 tx=0 comp rx=0 tx=0)._handle_peer_banner_payload supported=3 required=0
2024-04-13T04:03:05.503 INFO:teuthology.orchestra.run.smithi060.stdout:/usr/bin/ceph: stderr
2024-04-13T04:02:57.379+0000 7f915cc00700 1 --2- >> [v2:172.21.15.60:3300/0,v1:172.21.15.60:6789/0] conn(0x7f915807ce40 0x7f915819db00 unknown :-1 s=HELLO_CONNECTING pgs=0 cs=0 l=1 rev1=1 crypto rx=0 tx=0 comp rx=0 tx=0).handle_hello peer v2:172.21.15.60:3300/0 says I am v2:172.21.15.60:34176/0 (socket says 172.21.15.60:34176)
2024-04-13T04:03:05.503 INFO:teuthology.orchestra.run.smithi060.stdout:/usr/bin/ceph: stderr
2024-04-13T04:02:57.379+0000 7f915cc00700 1 -- 172.21.15.60:0/1258060608 learned_addr learned my addr 172.21.15.60:0/1258060608 (peer_addr_for_me v2:172.21.15.60:0/0)
2024-04-13T04:03:05.503 INFO:teuthology.orchestra.run.smithi060.stdout:/usr/bin/ceph: stderr
2024-04-13T04:02:57.379+0000 7f915cc00700 1 -- 172.21.15.60:0/1258060608 --> [v2:172.21.15.60:3300/0,v1:172.21.15.60:6789/0] -- mon_subscribe({config=0+,monmap=0+}) -- 0x7f915819e040 con 0x7f915807ce40
2024-04-13T04:03:05.503 INFO:teuthology.orchestra.run.smithi060.stdout:/usr/bin/ceph: stderr
2024-04-13T04:02:57.379+0000 7f915cc00700 1 --2- 172.21.15.60:0/1258060608 >> [v2:172.21.15.60:3300/0,v1:172.21.15.60:6789/0] conn(0x7f915807ce40 0x7f915819db00 secure :-1 s=READY pgs=29 cs=0 l=1 rev1=1 crypto rx=0x7f914c011a50 tx=0x7f914c004290 comp rx=0 tx=0).ready entity=mon.0 client_cookie=0 server_cookie=0 in_seq=0 out_seq=0
2024-04-13T04:03:05.505 INFO:teuthology.orchestra.run.smithi060.stdout:/usr/bin/ceph: stderr
2024-04-13T04:02:57.380+0000 7f9155600700 1 -- 172.21.15.60:0/1258060608 <== mon.0 v2:172.21.15.60:3300/0 1 ==== mon_map magic: 0 ==== 205+0+0 (secure 0 0 0) 0x7f914c0039f0 con 0x7f915807ce40
2024-04-13T04:03:05.505 INFO:teuthology.orchestra.run.smithi060.stdout:/usr/bin/ceph: stderr
2024-04-13T04:02:57.380+0000 7f9155600700 1 -- 172.21.15.60:0/1258060608 <== mon.0 v2:172.21.15.60:3300/0 2 ==== config(26 keys) ==== 1071+0+0 (secure 0 0 0) 0x7f914c003b90 con 0x7f915807ce40
2024-04-13T04:03:05.505 INFO:teuthology.orchestra.run.smithi060.stdout:/usr/bin/ceph: stderr
2024-04-13T04:02:57.380+0000 7f915f600700 1 -- 172.21.15.60:0/1258060608 --> [v2:172.21.15.60:3300/0,v1:172.21.15.60:6789/0] -- mon_subscribe({mgrmap=0+}) -- 0x7f915819e2d0 con 0x7f915807ce40
2024-04-13T04:03:05.505 INFO:teuthology.orchestra.run.smithi060.stdout:/usr/bin/ceph: stderr
2024-04-13T04:02:57.380+0000 7f9155600700 1 -- 172.21.15.60:0/1258060608 <== mon.0 v2:172.21.15.60:3300/0 3 ==== mon_map magic: 0 ==== 205+0+0 (secure 0 0 0) 0x7f914c01a600 con 0x7f915807ce40
2024-04-13T04:03:05.505 INFO:teuthology.orchestra.run.smithi060.stdout:/usr/bin/ceph: stderr
2024-04-13T04:02:57.380+0000 7f915f600700 1 -- 172.21.15.60:0/1258060608 --> [v2:172.21.15.60:3300/0,v1:172.21.15.60:6789/0] -- mon_subscribe({osdmap=0}) -- 0x7f91581a0fc0 con 0x7f915807ce40
2024-04-13T04:03:05.505 INFO:teuthology.orchestra.run.smithi060.stdout:/usr/bin/ceph: stderr
2024-04-13T04:02:57.381+0000 7f9155600700 1 -- 172.21.15.60:0/1258060608 <== mon.0 v2:172.21.15.60:3300/0 4 ==== mgrmap(e 5) ==== 46558+0+0 (secure 0 0 0) 0x7f914c024440 con 0x7f915807ce40
2024-04-13T04:03:05.505 INFO:teuthology.orchestra.run.smithi060.stdout:/usr/bin/ceph: stderr
2024-04-13T04:02:57.381+0000 7f9155600700 1 --2- 172.21.15.60:0/1258060608 >> [v2:172.21.15.60:6800/178001395,v1:172.21.15.60:6801/178001395] conn(0x7f9140039600 0x7f914003bac0 unknown :-1 s=NONE pgs=0 cs=0 l=1 rev1=0 crypto rx=0 tx=0 comp rx=0 tx=0).connect
2024-04-13T04:03:05.505 INFO:teuthology.orchestra.run.smithi060.stdout:/usr/bin/ceph: stderr
2024-04-13T04:02:57.381+0000 7f915f600700 1 -- 172.21.15.60:0/1258060608 --> [v2:172.21.15.60:6800/178001395,v1:172.21.15.60:6801/178001395] -- command(tid 0: {"prefix": "get_command_descriptions"}) -- 0x7f9158064110 con 0x7f9140039600
2024-04-13T04:03:05.505 INFO:teuthology.orchestra.run.smithi060.stdout:/usr/bin/ceph: stderr
2024-04-13T04:02:57.381+0000 7f9155600700 1 -- 172.21.15.60:0/1258060608 <== mon.0 v2:172.21.15.60:3300/0 5 ==== osd_map(1..1 src has 1..1) ==== 725+0+0 (secure 0 0 0) 0x7f914c04dac0 con 0x7f915807ce40
2024-04-13T04:03:05.506 INFO:teuthology.orchestra.run.smithi060.stdout:/usr/bin/ceph: stderr
2024-04-13T04:02:57.381+0000 7f9157e00700 1 -- 172.21.15.60:0/1258060608 >> [v2:172.21.15.60:6800/178001395,v1:172.21.15.60:6801/178001395] conn(0x7f9140039600 msgr2=0x7f914003bac0 unknown :-1 s=STATE_CONNECTING_RE l=1).process reconnect failed to v2:172.21.15.60:6800/178001395
2024-04-13T04:03:05.506 INFO:teuthology.orchestra.run.smithi060.stdout:/usr/bin/ceph: stderr
