2024-04-13T04:25:57.241+0000 7f3e192f2700 1 --2- >> [v2:172.21.15.39:3300/0,v1:172.21.15.39:6789/0] conn(0x7f3e141092b0 0x7f3e14108b30 unknown :-1 s=NONE pgs=0 cs=0 l=1 rev1=0 crypto rx=0 tx=0 comp rx=0 tx=0).connect
2024-04-13T04:25:58.269 INFO:teuthology.orchestra.run.smithi039.stdout:/usr/bin/ceph: stderr
2024-04-13T04:25:57.241+0000 7f3e192f2700 1 -- --> [v2:172.21.15.39:3300/0,v1:172.21.15.39:6789/0] -- mon_getmap magic: 0 -- 0x7f3e1410cc70 con 0x7f3e141092b0
2024-04-13T04:25:58.269 INFO:teuthology.orchestra.run.smithi039.stdout:/usr/bin/ceph: stderr
2024-04-13T04:25:57.241+0000 7f3e12ffd700 1 --2- >> [v2:172.21.15.39:3300/0,v1:172.21.15.39:6789/0] conn(0x7f3e141092b0 0x7f3e14108b30 unknown :-1 s=BANNER_CONNECTING pgs=0 cs=0 l=1 rev1=0 crypto rx=0 tx=0 comp rx=0 tx=0)._handle_peer_banner_payload supported=3 required=0
2024-04-13T04:25:58.269 INFO:teuthology.orchestra.run.smithi039.stdout:/usr/bin/ceph: stderr
2024-04-13T04:25:57.241+0000 7f3e12ffd700 1 --2- >> [v2:172.21.15.39:3300/0,v1:172.21.15.39:6789/0] conn(0x7f3e141092b0 0x7f3e14108b30 unknown :-1 s=HELLO_CONNECTING pgs=0 cs=0 l=1 rev1=1 crypto rx=0 tx=0 comp rx=0 tx=0).handle_hello peer v2:172.21.15.39:3300/0 says I am v2:172.21.15.39:58708/0 (socket says 172.21.15.39:58708)
2024-04-13T04:25:58.270 INFO:teuthology.orchestra.run.smithi039.stdout:/usr/bin/ceph: stderr
2024-04-13T04:25:57.241+0000 7f3e12ffd700 1 -- 172.21.15.39:0/2373880054 learned_addr learned my addr 172.21.15.39:0/2373880054 (peer_addr_for_me v2:172.21.15.39:0/0)
2024-04-13T04:25:58.270 INFO:teuthology.orchestra.run.smithi039.stdout:/usr/bin/ceph: stderr
2024-04-13T04:25:57.241+0000 7f3e12ffd700 1 -- 172.21.15.39:0/2373880054 --> [v2:172.21.15.39:3300/0,v1:172.21.15.39:6789/0] -- mon_subscribe({config=0+,monmap=0+}) -- 0x7f3e14109070 con 0x7f3e141092b0
2024-04-13T04:25:58.270 INFO:teuthology.orchestra.run.smithi039.stdout:/usr/bin/ceph: stderr
2024-04-13T04:25:57.242+0000 7f3e12ffd700 1 --2- 172.21.15.39:0/2373880054 >> [v2:172.21.15.39:3300/0,v1:172.21.15.39:6789/0] conn(0x7f3e141092b0 0x7f3e14108b30 secure :-1 s=READY pgs=48 cs=0 l=1 rev1=1 crypto rx=0x7f3e040038d0 tx=0x7f3e040039b0 comp rx=0 tx=0).ready entity=mon.0 client_cookie=0 server_cookie=0 in_seq=0 out_seq=0
2024-04-13T04:25:58.270 INFO:teuthology.orchestra.run.smithi039.stdout:/usr/bin/ceph: stderr
2024-04-13T04:25:57.242+0000 7f3e0bfff700 1 -- 172.21.15.39:0/2373880054 <== mon.0 v2:172.21.15.39:3300/0 1 ==== mon_map magic: 0 ==== 205+0+0 (secure 0 0 0) 0x7f3e04003e10 con 0x7f3e141092b0
2024-04-13T04:25:58.270 INFO:teuthology.orchestra.run.smithi039.stdout:/usr/bin/ceph: stderr
2024-04-13T04:25:57.242+0000 7f3e192f2700 1 -- 172.21.15.39:0/2373880054 --> [v2:172.21.15.39:3300/0,v1:172.21.15.39:6789/0] -- mon_subscribe({mgrmap=0+}) -- 0x7f3e14107260 con 0x7f3e141092b0
2024-04-13T04:25:58.270 INFO:teuthology.orchestra.run.smithi039.stdout:/usr/bin/ceph: stderr
2024-04-13T04:25:57.242+0000 7f3e0bfff700 1 -- 172.21.15.39:0/2373880054 <== mon.0 v2:172.21.15.39:3300/0 2 ==== config(29 keys) ==== 1178+0+0 (secure 0 0 0) 0x7f3e04003fb0 con 0x7f3e141092b0
2024-04-13T04:25:58.270 INFO:teuthology.orchestra.run.smithi039.stdout:/usr/bin/ceph: stderr
2024-04-13T04:25:57.242+0000 7f3e0bfff700 1 -- 172.21.15.39:0/2373880054 <== mon.0 v2:172.21.15.39:3300/0 3 ==== mon_map magic: 0 ==== 205+0+0 (secure 0 0 0) 0x7f3e04024840 con 0x7f3e141092b0
2024-04-13T04:25:58.270 INFO:teuthology.orchestra.run.smithi039.stdout:/usr/bin/ceph: stderr
2024-04-13T04:25:57.242+0000 7f3e192f2700 1 -- 172.21.15.39:0/2373880054 --> [v2:172.21.15.39:3300/0,v1:172.21.15.39:6789/0] -- mon_subscribe({osdmap=0}) -- 0x7f3e141077a0 con 0x7f3e141092b0
2024-04-13T04:25:58.270 INFO:teuthology.orchestra.run.smithi039.stdout:/usr/bin/ceph: stderr
2024-04-13T04:25:57.243+0000 7f3e0bfff700 1 -- 172.21.15.39:0/2373880054 <== mon.0 v2:172.21.15.39:3300/0 4 ==== mgrmap(e 8) ==== 46558+0+0 (secure 0 0 0) 0x7f3e04022020 con 0x7f3e141092b0
2024-04-13T04:25:58.270 INFO:teuthology.orchestra.run.smithi039.stdout:/usr/bin/ceph: stderr
2024-04-13T04:25:57.243+0000 7f3e0bfff700 1 --2- 172.21.15.39:0/2373880054 >> [v2:172.21.15.39:6800/190635388,v1:172.21.15.39:6801/190635388] conn(0x7f3e000395b0 0x7f3e0003ba70 unknown :-1 s=NONE pgs=0 cs=0 l=1 rev1=0 crypto rx=0 tx=0 comp rx=0 tx=0).connect
2024-04-13T04:25:58.270 INFO:teuthology.orchestra.run.smithi039.stdout:/usr/bin/ceph: stderr
2024-04-13T04:25:57.243+0000 7f3e192f2700 1 -- 172.21.15.39:0/2373880054 --> [v2:172.21.15.39:3300/0,v1:172.21.15.39:6789/0] -- mon_command({"prefix": "get_command_descriptions"} v 0) -- 0x7f3e14064110 con 0x7f3e141092b0
2024-04-13T04:25:58.270 INFO:teuthology.orchestra.run.smithi039.stdout:/usr/bin/ceph: stderr
2024-04-13T04:25:57.243+0000 7f3e0bfff700 1 -- 172.21.15.39:0/2373880054 <== mon.0 v2:172.21.15.39:3300/0 5 ==== osd_map(2..2 src has 1..2) ==== 940+0+0 (secure 0 0 0) 0x7f3e0404d6e0 con 0x7f3e141092b0
2024-04-13T04:25:58.270 INFO:teuthology.orchestra.run.smithi039.stdout:/usr/bin/ceph: stderr
2024-04-13T04:25:57.243+0000 7f3e127fc700 1 --2- 172.21.15.39:0/2373880054 >> [v2:172.21.15.39:6800/190635388,v1:172.21.15.39:6801/190635388] conn(0x7f3e000395b0 0x7f3e0003ba70 unknown :-1 s=BANNER_CONNECTING pgs=0 cs=0 l=1 rev1=0 crypto rx=0 tx=0 comp rx=0 tx=0)._handle_peer_banner_payload supported=3 required=0
2024-04-13T04:25:58.271 INFO:teuthology.orchestra.run.smithi039.stdout:/usr/bin/ceph: stderr
2024-04-13T04:25:57.244+0000 7f3e127fc700 1 --2- 172.21.15.39:0/2373880054 >> [v2:172.21.15.39:6800/190635388,v1:172.21.15.39:6801/190635388] conn(0x7f3e000395b0 0x7f3e0003ba70 secure :-1 s=READY pgs=12 cs=0 l=1 rev1=1 crypto rx=0x7f3dfc006fd0 tx=0x7f3dfc006e40 comp rx=0 tx=0).ready entity=mgr.14120 client_cookie=0 server_cookie=0 in_seq=0 out_seq=0
2024-04-13T04:25:58.271 INFO:teuthology.orchestra.run.smithi039.stdout:/usr/bin/ceph: stderr
2024-04-13T04:25:57.248+0000 7f3e0bfff700 1 -- 172.21.15.39:0/2373880054 <== mon.0 v2:172.21.15.39:3300/0 6 ==== mon_command_ack([{"prefix": "get_command_descriptions"}]=0 v0) ==== 72+0+188370 (secure 0 0 0) 0x7f3e0400c150 con 0x7f3e141092b0
2024-04-13T04:25:58.271 INFO:teuthology.orchestra.run.smithi039.stdout:/usr/bin/ceph: stderr
2024-04-13T04:25:57.470+0000 7f3e192f2700 1 -- 172.21.15.39:0/2373880054 --> [v2:172.21.15.39:6800/190635388,v1:172.21.15.39:6801/190635388] -- mgr_command(tid 0: {"prefix": "orch apply", "service_type": "mon", "unmanaged": true, "target": ["mon-mgr", ""]}) -- 0x7f3e14103f60 con 0x7f3e000395b0
2024-04-13T04:25:58.271 INFO:teuthology.orchestra.run.smithi039.stdout:/usr/bin/ceph: stderr
2024-04-13T04:25:57.475+0000 7f3e0bfff700 1 -- 172.21.15.39:0/2373880054 <== mgr.14120 v2:172.21.15.39:6800/190635388 1 ==== mgr_command_reply(tid 0: 0 ) ==== 8+0+24 (secure 0 0 0) 0x7f3e14103f60 con 0x7f3e000395b0
2024-04-13T04:25:58.271 INFO:teuthology.orchestra.run.smithi039.stdout:/usr/bin/ceph: stderr
2024-04-13T04:25:57.477+0000 7f3e192f2700 1 -- 172.21.15.39:0/2373880054 >> [v2:172.21.15.39:6800/190635388,v1:172.21.15.39:6801/190635388] conn(0x7f3e000395b0 msgr2=0x7f3e0003ba70 secure :-1 s=STATE_CONNECTION_ESTABLISHED l=1).mark_down
2024-04-13T04:25:58.271 INFO:teuthology.orchestra.run.smithi039.stdout:/usr/bin/ceph: stderr
2024-04-13T04:25:57.477+0000 7f3e192f2700 1 --2- 172.21.15.39:0/2373880054 >> [v2:172.21.15.39:6800/190635388,v1:172.21.15.39:6801/190635388] conn(0x7f3e000395b0 0x7f3e0003ba70 secure :-1 s=READY pgs=12 cs=0 l=1 rev1=1 crypto rx=0x7f3dfc006fd0 tx=0x7f3dfc006e40 comp rx=0 tx=0).stop
2024-04-13T04:25:58.271 INFO:teuthology.orchestra.run.smithi039.stdout:/usr/bin/ceph: stderr
2024-04-13T04:25:57.477+0000 7f3e192f2700 1 -- 172.21.15.39:0/2373880054 >> [v2:172.21.15.39:3300/0,v1:172.21.15.39:6789/0] conn(0x7f3e141092b0 msgr2=0x7f3e14108b30 secure :-1 s=STATE_CONNECTION_ESTABLISHED l=1).mark_down
2024-04-13T04:25:58.271 INFO:teuthology.orchestra.run.smithi039.stdout:/usr/bin/ceph: stderr
2024-04-13T04:25:57.477+0000 7f3e192f2700 1 --2- 172.21.15.39:0/2373880054 >> [v2:172.21.15.39:3300/0,v1:172.21.15.39:6789/0] conn(0x7f3e141092b0 0x7f3e14108b30 secure :-1 s=READY pgs=48 cs=0 l=1 rev1=1 crypto rx=0x7f3e040038d0 tx=0x7f3e040039b0 comp rx=0 tx=0).stop
2024-04-13T04:25:58.271 INFO:teuthology.orchestra.run.smithi039.stdout:/usr/bin/ceph: stderr
2024-04-13T04:25:57.477+0000 7f3e192f2700 1 -- 172.21.15.39:0/2373880054 shutdown_connections
2024-04-13T04:25:58.271 INFO:teuthology.orchestra.run.smithi039.stdout:/usr/bin/ceph: stderr
2024-04-13T04:25:57.477+0000 7f3e192f2700 1 --2- 172.21.15.39:0/2373880054 >> [v2:172.21.15.39:6800/190635388,v1:172.21.15.39:6801/190635388] conn(0x7f3e000395b0 0x7f3e0003ba70 unknown :-1 s=CLOSED pgs=12 cs=0 l=1 rev1=1 crypto rx=0 tx=0 comp rx=0 tx=0).stop
2024-04-13T04:25:58.271 INFO:teuthology.orchestra.run.smithi039.stdout:/usr/bin/ceph: stderr
2024-04-13T04:25:57.477+0000 7f3e192f2700 1 --2- 172.21.15.39:0/2373880054 >> [v2:172.21.15.39:3300/0,v1:172.21.15.39:6789/0] conn(0x7f3e141092b0 0x7f3e14108b30 unknown :-1 s=CLOSED pgs=48 cs=0 l=1 rev1=1 crypto rx=0 tx=0 comp rx=0 tx=0).stop
2024-04-13T04:25:58.271 INFO:teuthology.orchestra.run.smithi039.stdout:/usr/bin/ceph: stderr
2024-04-13T04:25:57.477+0000 7f3e192f2700 1 -- 172.21.15.39:0/2373880054 >> 172.21.15.39:0/2373880054 conn(0x7f3e14102d40 msgr2=0x7f3e14103850 unknown :-1 s=STATE_NONE l=0).mark_down
2024-04-13T04:25:58.271 INFO:teuthology.orchestra.run.smithi039.stdout:/usr/bin/ceph: stderr
2024-04-13T04:25:57.477+0000 7f3e192f2700 1 -- 172.21.15.39:0/2373880054 shutdown_connections
2024-04-13T04:25:58.271 INFO:teuthology.orchestra.run.smithi039.stdout:/usr/bin/ceph: stderr
2024-04-13T04:25:57.478+0000 7f3e192f2700 1 -- 172.21.15.39:0/2373880054 wait complete.
2024-04-13T04:25:58.272 INFO:teuthology.orchestra.run.smithi039.stdout:Deploying unmanaged mgr service...
2024-04-13T04:25:58.747 INFO:journalctl@ceph.mon.a.smithi039.stdout:Apr 13 04:25:58 smithi039 ceph-mon[32219]: from='client.14142 -' entity='client.admin' cmd=[{"prefix": "orch apply", "service_type": "mon", "unmanaged": true, "target": ["mon-mgr", ""]}]: dispatch
2024-04-13T04:25:58.747 INFO:journalctl@ceph.mon.a.smithi039.stdout:Apr 13 04:25:58 smithi039 ceph-mon[32219]: Saving service mon spec with placement count:5
2024-04-13T04:25:58.747 INFO:journalctl@ceph.mon.a.smithi039.stdout:Apr 13 04:25:58 smithi039 ceph-mon[32219]: from='mgr.14120 172.21.15.39:0/3303392124' entity='mgr.x'
2024-04-13T04:26:00.224 INFO:journalctl@ceph.mon.a.smithi039.stdout:Apr 13 04:25:59 smithi039 ceph-mon[32219]: from='client.14144 -' entity='client.admin' cmd=[{"prefix": "orch apply", "service_type": "mgr", "unmanaged": true, "target": ["mon-mgr", ""]}]: dispatch
2024-04-13T04:26:00.224 INFO:journalctl@ceph.mon.a.smithi039.stdout:Apr 13 04:25:59 smithi039 ceph-mon[32219]: Saving service mgr spec with placement count:2
2024-04-13T04:26:00.224 INFO:journalctl@ceph.mon.a.smithi039.stdout:Apr 13 04:25:59 smithi039 ceph-mon[32219]: from='mgr.14120 172.21.15.39:0/3303392124' entity='mgr.x'
2024-04-13T04:26:00.224 INFO:journalctl@ceph.mon.a.smithi039.stdout:Apr 13 04:25:59 smithi039 ceph-mon[32219]: from='mgr.14120 172.21.15.39:0/3303392124' entity='mgr.x'
2024-04-13T04:26:00.231 INFO:teuthology.orchestra.run.smithi039.stdout:/usr/bin/ceph: stdout Scheduled mgr update...
2024-04-13T04:26:00.231 INFO:teuthology.orchestra.run.smithi039.stdout:/usr/bin/ceph: stderr
2024-04-13T04:25:58.668+0000 7f856ee33700 1 Processor -- start
2024-04-13T04:26:00.231 INFO:teuthology.orchestra.run.smithi039.stdout:/usr/bin/ceph: stderr
2024-04-13T04:25:58.668+0000 7f856ee33700 1 -- start start
2024-04-13T04:26:00.232 INFO:teuthology.orchestra.run.smithi039.stdout:/usr/bin/ceph: stderr
2024-04-13T04:25:58.668+0000 7f856ee33700 1 --2- >> [v2:172.21.15.39:3300/0,v1:172.21.15.39:6789/0] conn(0x7f8568108820 0x7f8568108c40 unknown :-1 s=NONE pgs=0 cs=0 l=0 rev1=0 crypto rx=0 tx=0 comp rx=0 tx=0).connect
2024-04-13T04:26:00.232 INFO:teuthology.orchestra.run.smithi039.stdout:/usr/bin/ceph: stderr
2024-04-13T04:25:58.668+0000 7f856ee33700 1 -- --> [v2:172.21.15.39:3300/0,v1:172.21.15.39:6789/0] -- mon_getmap magic: 0 -- 0x7f8568109210 con 0x7f8568108820
2024-04-13T04:26:00.232 INFO:teuthology.orchestra.run.smithi039.stdout:/usr/bin/ceph: stderr
2024-04-13T04:25:58.669+0000 7f856cbcf700 1 --2- >> [v2:172.21.15.39:3300/0,v1:172.21.15.39:6789/0] conn(0x7f8568108820 0x7f8568108c40 unknown :-1 s=BANNER_CONNECTING pgs=0 cs=0 l=0 rev1=0 crypto rx=0 tx=0 comp rx=0 tx=0)._handle_peer_banner_payload supported=3 required=0
2024-04-13T04:26:00.232 INFO:teuthology.orchestra.run.smithi039.stdout:/usr/bin/ceph: stderr
2024-04-13T04:25:58.669+0000 7f856cbcf700 1 --2- >> [v2:172.21.15.39:3300/0,v1:172.21.15.39:6789/0] conn(0x7f8568108820 0x7f8568108c40 unknown :-1 s=HELLO_CONNECTING pgs=0 cs=0 l=0 rev1=1 crypto rx=0 tx=0 comp rx=0 tx=0).handle_hello peer v2:172.21.15.39:3300/0 says I am v2:172.21.15.39:58722/0 (socket says 172.21.15.39:58722)
2024-04-13T04:26:00.232 INFO:teuthology.orchestra.run.smithi039.stdout:/usr/bin/ceph: stderr
2024-04-13T04:25:58.669+0000 7f856cbcf700 1 -- 172.21.15.39:0/980802335 learned_addr learned my addr 172.21.15.39:0/980802335 (peer_addr_for_me v2:172.21.15.39:0/0)
2024-04-13T04:26:00.232 INFO:teuthology.orchestra.run.smithi039.stdout:/usr/bin/ceph: stderr
2024-04-13T04:25:58.669+0000 7f856cbcf700 1 -- 172.21.15.39:0/980802335 --> [v2:172.21.15.39:3300/0,v1:172.21.15.39:6789/0] -- mon_subscribe({config=0+,monmap=0+}) -- 0x7f85681099d0 con 0x7f8568108820
2024-04-13T04:26:00.232 INFO:teuthology.orchestra.run.smithi039.stdout:/usr/bin/ceph: stderr
2024-04-13T04:25:58.669+0000 7f856cbcf700 1 --2- 172.21.15.39:0/980802335 >> [v2:172.21.15.39:3300/0,v1:172.21.15.39:6789/0] conn(0x7f8568108820 0x7f8568108c40 secure :-1 s=READY pgs=49 cs=0 l=1 rev1=1 crypto rx=0x7f85580098a0 tx=0x7f8558009bb0 comp rx=0 tx=0).ready entity=mon.0 client_cookie=e4866721d5a3b0ba server_cookie=0 in_seq=0 out_seq=0
2024-04-13T04:26:00.232 INFO:teuthology.orchestra.run.smithi039.stdout:/usr/bin/ceph: stderr
2024-04-13T04:25:58.669+0000 7f85677fe700 1 -- 172.21.15.39:0/980802335 <== mon.0 v2:172.21.15.39:3300/0 1 ==== mon_map magic: 0 ==== 205+0+0 (secure 0 0 0) 0x7f8558004160 con 0x7f8568108820
2024-04-13T04:26:00.232 INFO:teuthology.orchestra.run.smithi039.stdout:/usr/bin/ceph: stderr
2024-04-13T04:25:58.669+0000 7f85677fe700 1 -- 172.21.15.39:0/980802335 <== mon.0 v2:172.21.15.39:3300/0 2 ==== config(29 keys) ==== 1178+0+0 (secure 0 0 0) 0x7f8558004300 con 0x7f8568108820
2024-04-13T04:26:00.232 INFO:teuthology.orchestra.run.smithi039.stdout:/usr/bin/ceph: stderr
2024-04-13T04:25:58.669+0000 7f85677fe700 1 -- 172.21.15.39:0/980802335 <== mon.0 v2:172.21.15.39:3300/0 3 ==== mon_map magic: 0 ==== 205+0+0 (secure 0 0 0) 0x7f8558011cc0 con 0x7f8568108820
2024-04-13T04:26:00.232 INFO:teuthology.orchestra.run.smithi039.stdout:/usr/bin/ceph: stderr
2024-04-13T04:25:58.670+0000 7f856ee33700 1 -- 172.21.15.39:0/980802335 >> [v2:172.21.15.39:3300/0,v1:172.21.15.39:6789/0] conn(0x7f8568108820 msgr2=0x7f8568108c40 secure :-1 s=STATE_CONNECTION_ESTABLISHED l=1).mark_down
2024-04-13T04:26:00.232 INFO:teuthology.orchestra.run.smithi039.stdout:/usr/bin/ceph: stderr
2024-04-13T04:25:58.670+0000 7f856ee33700 1 --2- 172.21.15.39:0/980802335 >> [v2:172.21.15.39:3300/0,v1:172.21.15.39:6789/0] conn(0x7f8568108820 0x7f8568108c40 secure :-1 s=READY pgs=49 cs=0 l=1 rev1=1 crypto rx=0x7f85580098a0 tx=0x7f8558009bb0 comp rx=0 tx=0).stop
2024-04-13T04:26:00.232 INFO:teuthology.orchestra.run.smithi039.stdout:/usr/bin/ceph: stderr
2024-04-13T04:25:58.670+0000 7f856ee33700 1 -- 172.21.15.39:0/980802335 shutdown_connections
2024-04-13T04:26:00.232 INFO:teuthology.orchestra.run.smithi039.stdout:/usr/bin/ceph: stderr
2024-04-13T04:25:58.670+0000 7f856ee33700 1 --2- 172.21.15.39:0/980802335 >> [v2:172.21.15.39:3300/0,v1:172.21.15.39:6789/0] conn(0x7f8568108820 0x7f8568108c40 unknown :-1 s=CLOSED pgs=49 cs=0 l=1 rev1=1 crypto rx=0 tx=0 comp rx=0 tx=0).stop
2024-04-13T04:26:00.233 INFO:teuthology.orchestra.run.smithi039.stdout:/usr/bin/ceph: stderr
2024-04-13T04:25:58.670+0000 7f856ee33700 1 -- 172.21.15.39:0/980802335 >> 172.21.15.39:0/980802335 conn(0x7f8568103e80 msgr2=0x7f85681062a0 unknown :-1 s=STATE_NONE l=0).mark_down
2024-04-13T04:26:00.233 INFO:teuthology.orchestra.run.smithi039.stdout:/usr/bin/ceph: stderr
2024-04-13T04:25:58.670+0000 7f856ee33700 1 -- 172.21.15.39:0/980802335 shutdown_connections
2024-04-13T04:26:00.233 INFO:teuthology.orchestra.run.smithi039.stdout:/usr/bin/ceph: stderr
2024-04-13T04:25:58.670+0000 7f856ee33700 1 -- 172.21.15.39:0/980802335 wait complete.
2024-04-13T04:26:00.233 INFO:teuthology.orchestra.run.smithi039.stdout:/usr/bin/ceph: stderr
2024-04-13T04:25:58.670+0000 7f856ee33700 1 Processor -- start
2024-04-13T04:26:00.233 INFO:teuthology.orchestra.run.smithi039.stdout:/usr/bin/ceph: stderr
2024-04-13T04:25:58.671+0000 7f856ee33700 1 -- start start
2024-04-13T04:26:00.233 INFO:teuthology.orchestra.run.smithi039.stdout:/usr/bin/ceph: stderr
2024-04-13T04:25:58.671+0000 7f856ee33700 1 --2- >> [v2:172.21.15.39:3300/0,v1:172.21.15.39:6789/0] conn(0x7f8568108820 0x7f856807db90 unknown :-1 s=NONE pgs=0 cs=0 l=1 rev1=0 crypto rx=0 tx=0 comp rx=0 tx=0).connect
2024-04-13T04:26:00.233 INFO:teuthology.orchestra.run.smithi039.stdout:/usr/bin/ceph: stderr
2024-04-13T04:25:58.671+0000 7f856ee33700 1 -- --> [v2:172.21.15.39:3300/0,v1:172.21.15.39:6789/0] -- mon_getmap magic: 0 -- 0x7f856810cd80 con 0x7f8568108820
2024-04-13T04:26:00.233 INFO:teuthology.orchestra.run.smithi039.stdout:/usr/bin/ceph: stderr
2024-04-13T04:25:58.671+0000 7f856cbcf700 1 --2- >> [v2:172.21.15.39:3300/0,v1:172.21.15.39:6789/0] conn(0x7f8568108820 0x7f856807db90 unknown :-1 s=BANNER_CONNECTING pgs=0 cs=0 l=1 rev1=0 crypto rx=0 tx=0 comp rx=0 tx=0)._handle_peer_banner_payload supported=3 required=0
2024-04-13T04:26:00.233 INFO:teuthology.orchestra.run.smithi039.stdout:/usr/bin/ceph: stderr
2024-04-13T04:25:58.671+0000 7f856cbcf700 1 --2- >> [v2:172.21.15.39:3300/0,v1:172.21.15.39:6789/0] conn(0x7f8568108820 0x7f856807db90 unknown :-1 s=HELLO_CONNECTING pgs=0 cs=0 l=1 rev1=1 crypto rx=0 tx=0 comp rx=0 tx=0).handle_hello peer v2:172.21.15.39:3300/0 says I am v2:172.21.15.39:58738/0 (socket says 172.21.15.39:58738)
2024-04-13T04:26:00.233 INFO:teuthology.orchestra.run.smithi039.stdout:/usr/bin/ceph: stderr
2024-04-13T04:25:58.671+0000 7f856cbcf700 1 -- 172.21.15.39:0/1699223696 learned_addr learned my addr 172.21.15.39:0/1699223696 (peer_addr_for_me v2:172.21.15.39:0/0)
2024-04-13T04:26:00.233 INFO:teuthology.orchestra.run.smithi039.stdout:/usr/bin/ceph: stderr
2024-04-13T04:25:58.671+0000 7f856cbcf700 1 -- 172.21.15.39:0/1699223696 --> [v2:172.21.15.39:3300/0,v1:172.21.15.39:6789/0] -- mon_subscribe({config=0+,monmap=0+}) -- 0x7f856807e0d0 con 0x7f8568108820
2024-04-13T04:26:00.233 INFO:teuthology.orchestra.run.smithi039.stdout:/usr/bin/ceph: stderr
2024-04-13T04:25:58.671+0000 7f856cbcf700 1 --2- 172.21.15.39:0/1699223696 >> [v2:172.21.15.39:3300/0,v1:172.21.15.39:6789/0] conn(0x7f8568108820 0x7f856807db90 secure :-1 s=READY pgs=50 cs=0 l=1 rev1=1 crypto rx=0x7f85580117a0 tx=0x7f8558003980 comp rx=0 tx=0).ready entity=mon.0 client_cookie=0 server_cookie=0 in_seq=0 out_seq=0
2024-04-13T04:26:00.233 INFO:teuthology.orchestra.run.smithi039.stdout:/usr/bin/ceph: stderr
2024-04-13T04:25:58.671+0000 7f8565ffb700 1 -- 172.21.15.39:0/1699223696 <== mon.0 v2:172.21.15.39:3300/0 1 ==== mon_map magic: 0 ==== 205+0+0 (secure 0 0 0) 0x7f8558011dd0 con 0x7f8568108820
2024-04-13T04:26:00.233 INFO:teuthology.orchestra.run.smithi039.stdout:/usr/bin/ceph: stderr
2024-04-13T04:25:58.671+0000 7f8565ffb700 1 -- 172.21.15.39:0/1699223696 <== mon.0 v2:172.21.15.39:3300/0 2 ==== config(29 keys) ==== 1178+0+0 (secure 0 0 0) 0x7f8558024430 con 0x7f8568108820
2024-04-13T04:26:00.234 INFO:teuthology.orchestra.run.smithi039.stdout:/usr/bin/ceph: stderr
2024-04-13T04:25:58.671+0000 7f8565ffb700 1 -- 172.21.15.39:0/1699223696 <== mon.0 v2:172.21.15.39:3300/0 3 ==== mon_map magic: 0 ==== 205+0+0 (secure 0 0 0) 0x7f855801a660 con 0x7f8568108820
2024-04-13T04:26:00.234 INFO:teuthology.orchestra.run.smithi039.stdout:/usr/bin/ceph: stderr
2024-04-13T04:25:58.671+0000 7f856ee33700 1 -- 172.21.15.39:0/1699223696 --> [v2:172.21.15.39:3300/0,v1:172.21.15.39:6789/0] -- mon_subscribe({mgrmap=0+}) -- 0x7f856807c2c0 con 0x7f8568108820
2024-04-13T04:26:00.234 INFO:teuthology.orchestra.run.smithi039.stdout:/usr/bin/ceph: stderr
2024-04-13T04:25:58.672+0000 7f856ee33700 1 -- 172.21.15.39:0/1699223696 --> [v2:172.21.15.39:3300/0,v1:172.21.15.39:6789/0] -- mon_subscribe({osdmap=0}) -- 0x7f856807c800 con 0x7f8568108820
2024-04-13T04:26:00.234 INFO:teuthology.orchestra.run.smithi039.stdout:/usr/bin/ceph: stderr
2024-04-13T04:25:58.672+0000 7f8565ffb700 1 -- 172.21.15.39:0/1699223696 <== mon.0 v2:172.21.15.39:3300/0 4 ==== mgrmap(e 8) ==== 46558+0+0 (secure 0 0 0) 0x7f85580245e0 con 0x7f8568108820
2024-04-13T04:26:00.234 INFO:teuthology.orchestra.run.smithi039.stdout:/usr/bin/ceph: stderr
2024-04-13T04:25:58.673+0000 7f856ee33700 1 -- 172.21.15.39:0/1699223696 --> [v2:172.21.15.39:3300/0,v1:172.21.15.39:6789/0] -- mon_command({"prefix": "get_command_descriptions"} v 0) -- 0x7f8568064110 con 0x7f8568108820
2024-04-13T04:26:00.234 INFO:teuthology.orchestra.run.smithi039.stdout:/usr/bin/ceph: stderr
2024-04-13T04:25:58.673+0000 7f8565ffb700 1 --2- 172.21.15.39:0/1699223696 >> [v2:172.21.15.39:6800/190635388,v1:172.21.15.39:6801/190635388] conn(0x7f85500395b0 0x7f855003ba70 unknown :-1 s=NONE pgs=0 cs=0 l=1 rev1=0 crypto rx=0 tx=0 comp rx=0 tx=0).connect
2024-04-13T04:26:00.234 INFO:teuthology.orchestra.run.smithi039.stdout:/usr/bin/ceph: stderr
2024-04-13T04:25:58.673+0000 7f8565ffb700 1 -- 172.21.15.39:0/1699223696 <== mon.0 v2:172.21.15.39:3300/0 5 ==== osd_map(2..2 src has 1..2) ==== 940+0+0 (secure 0 0 0) 0x7f855804dab0 con 0x7f8568108820
2024-04-13T04:26:00.234 INFO:teuthology.orchestra.run.smithi039.stdout:/usr/bin/ceph: stderr
2024-04-13T04:25:58.673+0000 7f8567fff700 1 --2- 172.21.15.39:0/1699223696 >> [v2:172.21.15.39:6800/190635388,v1:172.21.15.39:6801/190635388] conn(0x7f85500395b0 0x7f855003ba70 unknown :-1 s=BANNER_CONNECTING pgs=0 cs=0 l=1 rev1=0 crypto rx=0 tx=0 comp rx=0 tx=0)._handle_peer_banner_payload supported=3 required=0
2024-04-13T04:26:00.234 INFO:teuthology.orchestra.run.smithi039.stdout:/usr/bin/ceph: stderr
2024-04-13T04:25:58.673+0000 7f8567fff700 1 --2- 172.21.15.39:0/1699223696 >> [v2:172.21.15.39:6800/190635388,v1:172.21.15.39:6801/190635388] conn(0x7f85500395b0 0x7f855003ba70 secure :-1 s=READY pgs=13 cs=0 l=1 rev1=1 crypto rx=0x7f855c006fd0 tx=0x7f855c006e40 comp rx=0 tx=0).ready entity=mgr.14120 client_cookie=0 server_cookie=0 in_seq=0 out_seq=0
2024-04-13T04:26:00.234 INFO:teuthology.orchestra.run.smithi039.stdout:/usr/bin/ceph: stderr
2024-04-13T04:25:58.678+0000 7f8565ffb700 1 -- 172.21.15.39:0/1699223696 <== mon.0 v2:172.21.15.39:3300/0 6 ==== mon_command_ack([{"prefix": "get_command_descriptions"}]=0 v0) ==== 72+0+188370 (secure 0 0 0) 0x7f855800b3e0 con 0x7f8568108820
2024-04-13T04:26:00.234 INFO:teuthology.orchestra.run.smithi039.stdout:/usr/bin/ceph: stderr
2024-04-13T04:25:58.903+0000 7f856ee33700 1 -- 172.21.15.39:0/1699223696 --> [v2:172.21.15.39:6800/190635388,v1:172.21.15.39:6801/190635388] -- mgr_command(tid 0: {"prefix": "orch apply", "service_type": "mgr", "unmanaged": true, "target": ["mon-mgr", ""]}) -- 0x7f856807d060 con 0x7f85500395b0
2024-04-13T04:26:00.234 INFO:teuthology.orchestra.run.smithi039.stdout:/usr/bin/ceph: stderr
2024-04-13T04:25:58.908+0000 7f8565ffb700 1 -- 172.21.15.39:0/1699223696 <== mgr.14120 v2:172.21.15.39:6800/190635388 1 ==== mgr_command_reply(tid 0: 0 ) ==== 8+0+24 (secure 0 0 0) 0x7f856807d060 con 0x7f85500395b0
2024-04-13T04:26:00.234 INFO:teuthology.orchestra.run.smithi039.stdout:/usr/bin/ceph: stderr
2024-04-13T04:25:58.910+0000 7f856ee33700 1 -- 172.21.15.39:0/1699223696 >> [v2:172.21.15.39:6800/190635388,v1:172.21.15.39:6801/190635388] conn(0x7f85500395b0 msgr2=0x7f855003ba70 secure :-1 s=STATE_CONNECTION_ESTABLISHED l=1).mark_down
2024-04-13T04:26:00.234 INFO:teuthology.orchestra.run.smithi039.stdout:/usr/bin/ceph: stderr
2024-04-13T04:25:58.910+0000 7f856ee33700 1 --2- 172.21.15.39:0/1699223696 >> [v2:172.21.15.39:6800/190635388,v1:172.21.15.39:6801/190635388] conn(0x7f85500395b0 0x7f855003ba70 secure :-1 s=READY pgs=13 cs=0 l=1 rev1=1 crypto rx=0x7f855c006fd0 tx=0x7f855c006e40 comp rx=0 tx=0).stop
2024-04-13T04:26:00.234 INFO:teuthology.orchestra.run.smithi039.stdout:/usr/bin/ceph: stderr
2024-04-13T04:25:58.910+0000 7f856ee33700 1 -- 172.21.15.39:0/1699223696 >> [v2:172.21.15.39:3300/0,v1:172.21.15.39:6789/0] conn(0x7f8568108820 msgr2=0x7f856807db90 secure :-1 s=STATE_CONNECTION_ESTABLISHED l=1).mark_down
2024-04-13T04:26:00.235 INFO:teuthology.orchestra.run.smithi039.stdout:/usr/bin/ceph: stderr
2024-04-13T04:25:58.910+0000 7f856ee33700 1 --2- 172.21.15.39:0/1699223696 >> [v2:172.21.15.39:3300/0,v1:172.21.15.39:6789/0] conn(0x7f8568108820 0x7f856807db90 secure :-1 s=READY pgs=50 cs=0 l=1 rev1=1 crypto rx=0x7f85580117a0 tx=0x7f8558003980 comp rx=0 tx=0).stop
2024-04-13T04:26:00.235 INFO:teuthology.orchestra.run.smithi039.stdout:/usr/bin/ceph: stderr
2024-04-13T04:25:58.910+0000 7f856ee33700 1 -- 172.21.15.39:0/1699223696 shutdown_connections
2024-04-13T04:26:00.235 INFO:teuthology.orchestra.run.smithi039.stdout:/usr/bin/ceph: stderr
2024-04-13T04:25:58.910+0000 7f856ee33700 1 --2- 172.21.15.39:0/1699223696 >> [v2:172.21.15.39:6800/190635388,v1:172.21.15.39:6801/190635388] conn(0x7f85500395b0 0x7f855003ba70 unknown :-1 s=CLOSED pgs=13 cs=0 l=1 rev1=1 crypto rx=0 tx=0 comp rx=0 tx=0).stop
2024-04-13T04:26:00.235 INFO:teuthology.orchestra.run.smithi039.stdout:/usr/bin/ceph: stderr
2024-04-13T04:25:58.910+0000 7f856ee33700 1 --2- 172.21.15.39:0/1699223696 >> [v2:172.21.15.39:3300/0,v1:172.21.15.39:6789/0] conn(0x7f8568108820 0x7f856807db90 unknown :-1 s=CLOSED pgs=50 cs=0 l=1 rev1=1 crypto rx=0 tx=0 comp rx=0 tx=0).stop
2024-04-13T04:26:00.235 INFO:teuthology.orchestra.run.smithi039.stdout:/usr/bin/ceph: stderr
2024-04-13T04:25:58.910+0000 7f856ee33700 1 -- 172.21.15.39:0/1699223696 >> 172.21.15.39:0/1699223696 conn(0x7f8568103e80 msgr2=0x7f8568104a30 unknown :-1 s=STATE_NONE l=0).mark_down
2024-04-13T04:26:00.235 INFO:teuthology.orchestra.run.smithi039.stdout:/usr/bin/ceph: stderr
2024-04-13T04:25:58.910+0000 7f856ee33700 1 -- 172.21.15.39:0/1699223696 shutdown_connections
2024-04-13T04:26:00.235 INFO:teuthology.orchestra.run.smithi039.stdout:/usr/bin/ceph: stderr
2024-04-13T04:25:58.910+0000 7f856ee33700 1 -- 172.21.15.39:0/1699223696 wait complete.
2024-04-13T04:26:01.438 INFO:teuthology.orchestra.run.smithi039.stdout:/usr/bin/ceph: stderr
2024-04-13T04:26:00.670+0000 7fefc9225700 1 Processor -- start
2024-04-13T04:26:01.438 INFO:teuthology.orchestra.run.smithi039.stdout:/usr/bin/ceph: stderr
2024-04-13T04:26:00.671+0000 7fefc9225700 1 -- start start
2024-04-13T04:26:01.438 INFO:teuthology.orchestra.run.smithi039.stdout:/usr/bin/ceph: stderr
2024-04-13T04:26:00.671+0000 7fefc9225700 1 --2- >> [v2:172.21.15.39:3300/0,v1:172.21.15.39:6789/0] conn(0x7fefc41076e0 0x7fefc4107b00 unknown :-1 s=NONE pgs=0 cs=0 l=0 rev1=0 crypto rx=0 tx=0 comp rx=0 tx=0).connect
2024-04-13T04:26:01.438 INFO:teuthology.orchestra.run.smithi039.stdout:/usr/bin/ceph: stderr
2024-04-13T04:26:00.671+0000 7fefc9225700 1 -- --> [v2:172.21.15.39:3300/0,v1:172.21.15.39:6789/0] -- mon_getmap magic: 0 -- 0x7fefc41080d0 con 0x7fefc41076e0
2024-04-13T04:26:01.439 INFO:teuthology.orchestra.run.smithi039.stdout:/usr/bin/ceph: stderr
2024-04-13T04:26:00.671+0000 7fefc2d9d700 1 --2- >> [v2:172.21.15.39:3300/0,v1:172.21.15.39:6789/0] conn(0x7fefc41076e0 0x7fefc4107b00 unknown :-1 s=BANNER_CONNECTING pgs=0 cs=0 l=0 rev1=0 crypto rx=0 tx=0 comp rx=0 tx=0)._handle_peer_banner_payload supported=3 required=0
2024-04-13T04:26:01.439 INFO:teuthology.orchestra.run.smithi039.stdout:/usr/bin/ceph: stderr
2024-04-13T04:26:00.671+0000 7fefc2d9d700 1 --2- >> [v2:172.21.15.39:3300/0,v1:172.21.15.39:6789/0] conn(0x7fefc41076e0 0x7fefc4107b00 unknown :-1 s=HELLO_CONNECTING pgs=0 cs=0 l=0 rev1=1 crypto rx=0 tx=0 comp rx=0 tx=0).handle_hello peer v2:172.21.15.39:3300/0 says I am v2:172.21.15.39:35972/0 (socket says 172.21.15.39:35972)
2024-04-13T04:26:01.439 INFO:teuthology.orchestra.run.smithi039.stdout:/usr/bin/ceph: stderr
2024-04-13T04:26:00.671+0000 7fefc2d9d700 1 -- 172.21.15.39:0/1787832620 learned_addr learned my addr 172.21.15.39:0/1787832620 (peer_addr_for_me v2:172.21.15.39:0/0)
2024-04-13T04:26:01.439 INFO:teuthology.orchestra.run.smithi039.stdout:/usr/bin/ceph: stderr
2024-04-13T04:26:00.671+0000 7fefc2d9d700 1 -- 172.21.15.39:0/1787832620 --> [v2:172.21.15.39:3300/0,v1:172.21.15.39:6789/0] -- mon_subscribe({config=0+,monmap=0+}) -- 0x7fefc41088e0 con 0x7fefc41076e0
2024-04-13T04:26:01.439 INFO:teuthology.orchestra.run.smithi039.stdout:/usr/bin/ceph: stderr
2024-04-13T04:26:00.671+0000 7fefc2d9d700 1 --2- 172.21.15.39:0/1787832620 >> [v2:172.21.15.39:3300/0,v1:172.21.15.39:6789/0] conn(0x7fefc41076e0 0x7fefc4107b00 secure :-1 s=READY pgs=51 cs=0 l=1 rev1=1 crypto rx=0x7fefb40098a0 tx=0x7fefb4009bb0 comp rx=0 tx=0).ready entity=mon.0 client_cookie=d4ad935b4c97d598 server_cookie=0 in_seq=0 out_seq=0
2024-04-13T04:26:01.439 INFO:teuthology.orchestra.run.smithi039.stdout:/usr/bin/ceph: stderr
2024-04-13T04:26:00.672+0000 7fefc1d9b700 1 -- 172.21.15.39:0/1787832620 <== mon.0 v2:172.21.15.39:3300/0 1 ==== mon_map magic: 0 ==== 205+0+0 (secure 0 0 0) 0x7fefb4004160 con 0x7fefc41076e0
2024-04-13T04:26:01.439 INFO:teuthology.orchestra.run.smithi039.stdout:/usr/bin/ceph: stderr
2024-04-13T04:26:00.672+0000 7fefc1d9b700 1 -- 172.21.15.39:0/1787832620 <== mon.0 v2:172.21.15.39:3300/0 2 ==== config(29 keys) ==== 1209+0+0 (secure 0 0 0) 0x7fefb4004300 con 0x7fefc41076e0
2024-04-13T04:26:01.439 INFO:teuthology.orchestra.run.smithi039.stdout:/usr/bin/ceph: stderr
2024-04-13T04:26:00.672+0000 7fefc1d9b700 1 -- 172.21.15.39:0/1787832620 <== mon.0 v2:172.21.15.39:3300/0 3 ==== mon_map magic: 0 ==== 205+0+0 (secure 0 0 0) 0x7fefb4011c70 con 0x7fefc41076e0
2024-04-13T04:26:01.439 INFO:teuthology.orchestra.run.smithi039.stdout:/usr/bin/ceph: stderr
2024-04-13T04:26:00.672+0000 7fefc9225700 1 -- 172.21.15.39:0/1787832620 >> [v2:172.21.15.39:3300/0,v1:172.21.15.39:6789/0] conn(0x7fefc41076e0 msgr2=0x7fefc4107b00 secure :-1 s=STATE_CONNECTION_ESTABLISHED l=1).mark_down
2024-04-13T04:26:01.439 INFO:teuthology.orchestra.run.smithi039.stdout:/usr/bin/ceph: stderr
2024-04-13T04:26:00.672+0000 7fefc9225700 1 --2- 172.21.15.39:0/1787832620 >> [v2:172.21.15.39:3300/0,v1:172.21.15.39:6789/0] conn(0x7fefc41076e0 0x7fefc4107b00 secure :-1 s=READY pgs=51 cs=0 l=1 rev1=1 crypto rx=0x7fefb40098a0 tx=0x7fefb4009bb0 comp rx=0 tx=0).stop
2024-04-13T04:26:01.439 INFO:teuthology.orchestra.run.smithi039.stdout:/usr/bin/ceph: stderr
2024-04-13T04:26:00.672+0000 7fefc9225700 1 -- 172.21.15.39:0/1787832620 shutdown_connections
2024-04-13T04:26:01.439 INFO:teuthology.orchestra.run.smithi039.stdout:/usr/bin/ceph: stderr
2024-04-13T04:26:00.672+0000 7fefc9225700 1 --2- 172.21.15.39:0/1787832620 >> [v2:172.21.15.39:3300/0,v1:172.21.15.39:6789/0] conn(0x7fefc41076e0 0x7fefc4107b00 unknown :-1 s=CLOSED pgs=51 cs=0 l=1 rev1=1 crypto rx=0 tx=0 comp rx=0 tx=0).stop
2024-04-13T04:26:01.439 INFO:teuthology.orchestra.run.smithi039.stdout:/usr/bin/ceph: stderr
2024-04-13T04:26:00.672+0000 7fefc9225700 1 -- 172.21.15.39:0/1787832620 >> 172.21.15.39:0/1787832620 conn(0x7fefc4102d40 msgr2=0x7fefc4105160 unknown :-1 s=STATE_NONE l=0).mark_down
2024-04-13T04:26:01.440 INFO:teuthology.orchestra.run.smithi039.stdout:/usr/bin/ceph: stderr
2024-04-13T04:26:00.672+0000 7fefc9225700 1 -- 172.21.15.39:0/1787832620 shutdown_connections
2024-04-13T04:26:01.440 INFO:teuthology.orchestra.run.smithi039.stdout:/usr/bin/ceph: stderr
2024-04-13T04:26:00.672+0000 7fefc9225700 1 -- 172.21.15.39:0/1787832620 wait complete.
2024-04-13T04:26:01.440 INFO:teuthology.orchestra.run.smithi039.stdout:/usr/bin/ceph: stderr
2024-04-13T04:26:00.673+0000 7fefc9225700 1 Processor -- start
2024-04-13T04:26:01.440 INFO:teuthology.orchestra.run.smithi039.stdout:/usr/bin/ceph: stderr
2024-04-13T04:26:00.673+0000 7fefc9225700 1 -- start start
2024-04-13T04:26:01.440 INFO:teuthology.orchestra.run.smithi039.stdout:/usr/bin/ceph: stderr
2024-04-13T04:26:00.674+0000 7fefc9225700 1 --2- >> [v2:172.21.15.39:3300/0,v1:172.21.15.39:6789/0] conn(0x7fefc41076e0 0x7fefc4192950 unknown :-1 s=NONE pgs=0 cs=0 l=1 rev1=0 crypto rx=0 tx=0 comp rx=0 tx=0).connect
2024-04-13T04:26:01.440 INFO:teuthology.orchestra.run.smithi039.stdout:/usr/bin/ceph: stderr
2024-04-13T04:26:00.674+0000 7fefc9225700 1 -- --> [v2:172.21.15.39:3300/0,v1:172.21.15.39:6789/0] -- mon_getmap magic: 0 -- 0x7fefc410bc90 con 0x7fefc41076e0
2024-04-13T04:26:01.440 INFO:teuthology.orchestra.run.smithi039.stdout:/usr/bin/ceph: stderr
2024-04-13T04:26:00.674+0000 7fefc2d9d700 1 --2- >> [v2:172.21.15.39:3300/0,v1:172.21.15.39:6789/0] conn(0x7fefc41076e0 0x7fefc4192950 unknown :-1 s=BANNER_CONNECTING pgs=0 cs=0 l=1 rev1=0 crypto rx=0 tx=0 comp rx=0 tx=0)._handle_peer_banner_payload supported=3 required=0
2024-04-13T04:26:01.440 INFO:teuthology.orchestra.run.smithi039.stdout:/usr/bin/ceph: stderr
2024-04-13T04:26:00.674+0000 7fefc2d9d700 1 --2- >> [v2:172.21.15.39:3300/0,v1:172.21.15.39:6789/0] conn(0x7fefc41076e0 0x7fefc4192950 unknown :-1 s=HELLO_CONNECTING pgs=0 cs=0 l=1 rev1=1 crypto rx=0 tx=0 comp rx=0 tx=0).handle_hello peer v2:172.21.15.39:3300/0 says I am v2:172.21.15.39:35986/0 (socket says 172.21.15.39:35986)
2024-04-13T04:26:01.440 INFO:teuthology.orchestra.run.smithi039.stdout:/usr/bin/ceph: stderr
2024-04-13T04:26:00.674+0000 7fefc2d9d700 1 -- 172.21.15.39:0/2861003289 learned_addr learned my addr 172.21.15.39:0/2861003289 (peer_addr_for_me v2:172.21.15.39:0/0)
2024-04-13T04:26:01.440 INFO:teuthology.orchestra.run.smithi039.stdout:/usr/bin/ceph: stderr
2024-04-13T04:26:00.674+0000 7fefc2d9d700 1 -- 172.21.15.39:0/2861003289 --> [v2:172.21.15.39:3300/0,v1:172.21.15.39:6789/0] -- mon_subscribe({config=0+,monmap=0+}) -- 0x7fefc4192e90 con 0x7fefc41076e0
2024-04-13T04:26:01.440 INFO:teuthology.orchestra.run.smithi039.stdout:/usr/bin/ceph: stderr
2024-04-13T04:26:00.674+0000 7fefc2d9d700 1 --2- 172.21.15.39:0/2861003289 >> [v2:172.21.15.39:3300/0,v1:172.21.15.39:6789/0] conn(0x7fefc41076e0 0x7fefc4192950 secure :-1 s=READY pgs=52 cs=0 l=1 rev1=1 crypto rx=0x7fefb4011930 tx=0x7fefb4011a10 comp rx=0 tx=0).ready entity=mon.0 client_cookie=0 server_cookie=0 in_seq=0 out_seq=0
2024-04-13T04:26:01.440 INFO:teuthology.orchestra.run.smithi039.stdout:/usr/bin/ceph: stderr
2024-04-13T04:26:00.674+0000 7fefabfff700 1 -- 172.21.15.39:0/2861003289 <== mon.0 v2:172.21.15.39:3300/0 1 ==== mon_map magic: 0 ==== 205+0+0 (secure 0 0 0) 0x7fefb40039e0 con 0x7fefc41076e0
2024-04-13T04:26:01.440 INFO:teuthology.orchestra.run.smithi039.stdout:/usr/bin/ceph: stderr
2024-04-13T04:26:00.674+0000 7fefc9225700 1 -- 172.21.15.39:0/2861003289 --> [v2:172.21.15.39:3300/0,v1:172.21.15.39:6789/0] -- mon_subscribe({mgrmap=0+}) -- 0x7fefc4191080 con 0x7fefc41076e0
2024-04-13T04:26:01.440 INFO:teuthology.orchestra.run.smithi039.stdout:/usr/bin/ceph: stderr
2024-04-13T04:26:00.674+0000 7fefabfff700 1 -- 172.21.15.39:0/2861003289 <== mon.0 v2:172.21.15.39:3300/0 2 ==== config(29 keys) ==== 1209+0+0 (secure 0 0 0) 0x7fefb4003b80 con 0x7fefc41076e0
2024-04-13T04:26:01.441 INFO:teuthology.orchestra.run.smithi039.stdout:/usr/bin/ceph: stderr
2024-04-13T04:26:00.674+0000 7fefabfff700 1 -- 172.21.15.39:0/2861003289 <== mon.0 v2:172.21.15.39:3300/0 3 ==== mon_map magic: 0 ==== 205+0+0 (secure 0 0 0) 0x7fefb4024560 con 0x7fefc41076e0
2024-04-13T04:26:01.441 INFO:teuthology.orchestra.run.smithi039.stdout:/usr/bin/ceph: stderr
2024-04-13T04:26:00.675+0000 7fefc9225700 1 -- 172.21.15.39:0/2861003289 --> [v2:172.21.15.39:3300/0,v1:172.21.15.39:6789/0] -- mon_subscribe({osdmap=0}) -- 0x7fefc41915c0 con 0x7fefc41076e0
2024-04-13T04:26:01.441 INFO:teuthology.orchestra.run.smithi039.stdout:/usr/bin/ceph: stderr
2024-04-13T04:26:00.676+0000 7fefabfff700 1 -- 172.21.15.39:0/2861003289 <== mon.0 v2:172.21.15.39:3300/0 4 ==== mgrmap(e 8) ==== 46558+0+0 (secure 0 0 0) 0x7fefb4022020 con 0x7fefc41076e0
2024-04-13T04:26:01.441 INFO:teuthology.orchestra.run.smithi039.stdout:/usr/bin/ceph: stderr
2024-04-13T04:26:00.676+0000 7fefabfff700 1 --2- 172.21.15.39:0/2861003289 >> [v2:172.21.15.39:6800/190635388,v1:172.21.15.39:6801/190635388] conn(0x7fefac039600 0x7fefac03bac0 unknown :-1 s=NONE pgs=0 cs=0 l=1 rev1=0 crypto rx=0 tx=0 comp rx=0 tx=0).connect
2024-04-13T04:26:01.441 INFO:teuthology.orchestra.run.smithi039.stdout:/usr/bin/ceph: stderr
2024-04-13T04:26:00.676+0000 7fefc9225700 1 -- 172.21.15.39:0/2861003289 --> [v2:172.21.15.39:3300/0,v1:172.21.15.39:6789/0] -- mon_command({"prefix": "get_command_descriptions"} v 0) -- 0x7fefc410be10 con 0x7fefc41076e0
2024-04-13T04:26:01.441 INFO:teuthology.orchestra.run.smithi039.stdout:/usr/bin/ceph: stderr
2024-04-13T04:26:00.676+0000 7fefabfff700 1 -- 172.21.15.39:0/2861003289 <== mon.0 v2:172.21.15.39:3300/0 5 ==== osd_map(2..2 src has 1..2) ==== 940+0+0 (secure 0 0 0) 0x7fefb404d5f0 con 0x7fefc41076e0
2024-04-13T04:26:01.441 INFO:teuthology.orchestra.run.smithi039.stdout:/usr/bin/ceph: stderr
2024-04-13T04:26:00.676+0000 7fefc259c700 1 --2- 172.21.15.39:0/2861003289 >> [v2:172.21.15.39:6800/190635388,v1:172.21.15.39:6801/190635388] conn(0x7fefac039600 0x7fefac03bac0 unknown :-1 s=BANNER_CONNECTING pgs=0 cs=0 l=1 rev1=0 crypto rx=0 tx=0 comp rx=0 tx=0)._handle_peer_banner_payload supported=3 required=0
2024-04-13T04:26:01.441 INFO:teuthology.orchestra.run.smithi039.stdout:/usr/bin/ceph: stderr
2024-04-13T04:26:00.676+0000 7fefc259c700 1 --2- 172.21.15.39:0/2861003289 >> [v2:172.21.15.39:6800/190635388,v1:172.21.15.39:6801/190635388] conn(0x7fefac039600 0x7fefac03bac0 secure :-1 s=READY pgs=14 cs=0 l=1 rev1=1 crypto rx=0x7fefb8006fd0 tx=0x7fefb8006e40 comp rx=0 tx=0).ready entity=mgr.14120 client_cookie=0 server_cookie=0 in_seq=0 out_seq=0
2024-04-13T04:26:01.441 INFO:teuthology.orchestra.run.smithi039.stdout:/usr/bin/ceph: stderr
2024-04-13T04:26:00.681+0000 7fefabfff700 1 -- 172.21.15.39:0/2861003289 <== mon.0 v2:172.21.15.39:3300/0 6 ==== mon_command_ack([{"prefix": "get_command_descriptions"}]=0 v0) ==== 72+0+188370 (secure 0 0 0) 0x7fefb40151c0 con 0x7fefc41076e0
2024-04-13T04:26:01.441 INFO:teuthology.orchestra.run.smithi039.stdout:/usr/bin/ceph: stderr
2024-04-13T04:26:00.888+0000 7fefc9225700 1 -- 172.21.15.39:0/2861003289 --> [v2:172.21.15.39:3300/0,v1:172.21.15.39:6789/0] -- mon_command([{prefix=config set, name=mgr/cephadm/container_init}] v 0) -- 0x7fefc4064110 con 0x7fefc41076e0
2024-04-13T04:26:01.441 INFO:teuthology.orchestra.run.smithi039.stdout:/usr/bin/ceph: stderr
2024-04-13T04:26:00.891+0000 7fefabfff700 1 -- 172.21.15.39:0/2861003289 <== mon.0 v2:172.21.15.39:3300/0 7 ==== mon_command_ack([{prefix=config set, name=mgr/cephadm/container_init}]=0 v7)=0 v7) ==== 142+0+0 (secure 0 0 0) 0x7fefb402cdf0 con 0x7fefc41076e0
2024-04-13T04:26:01.441 INFO:teuthology.orchestra.run.smithi039.stdout:/usr/bin/ceph: stderr
2024-04-13T04:26:00.894+0000 7fefc9225700 1 -- 172.21.15.39:0/2861003289 >> [v2:172.21.15.39:6800/190635388,v1:172.21.15.39:6801/190635388] conn(0x7fefac039600 msgr2=0x7fefac03bac0 secure :-1 s=STATE_CONNECTION_ESTABLISHED l=1).mark_down
2024-04-13T04:26:01.441 INFO:teuthology.orchestra.run.smithi039.stdout:/usr/bin/ceph: stderr
2024-04-13T04:26:00.894+0000 7fefc9225700 1 --2- 172.21.15.39:0/2861003289 >> [v2:172.21.15.39:6800/190635388,v1:172.21.15.39:6801/190635388] conn(0x7fefac039600 0x7fefac03bac0 secure :-1 s=READY pgs=14 cs=0 l=1 rev1=1 crypto rx=0x7fefb8006fd0 tx=0x7fefb8006e40 comp rx=0 tx=0).stop
2024-04-13T04:26:01.442 INFO:teuthology.orchestra.run.smithi039.stdout:/usr/bin/ceph: stderr
2024-04-13T04:26:00.894+0000 7fefc9225700 1 -- 172.21.15.39:0/2861003289 >> [v2:172.21.15.39:3300/0,v1:172.21.15.39:6789/0] conn(0x7fefc41076e0 msgr2=0x7fefc4192950 secure :-1 s=STATE_CONNECTION_ESTABLISHED l=1).mark_down
2024-04-13T04:26:01.442 INFO:teuthology.orchestra.run.smithi039.stdout:/usr/bin/ceph: stderr
2024-04-13T04:26:00.894+0000 7fefc9225700 1 --2- 172.21.15.39:0/2861003289 >> [v2:172.21.15.39:3300/0,v1:172.21.15.39:6789/0] conn(0x7fefc41076e0 0x7fefc4192950 secure :-1 s=READY pgs=52 cs=0 l=1 rev1=1 crypto rx=0x7fefb4011930 tx=0x7fefb4011a10 comp rx=0 tx=0).stop
2024-04-13T04:26:01.442 INFO:teuthology.orchestra.run.smithi039.stdout:/usr/bin/ceph: stderr
2024-04-13T04:26:00.894+0000 7fefc9225700 1 -- 172.21.15.39:0/2861003289 shutdown_connections
2024-04-13T04:26:01.442 INFO:teuthology.orchestra.run.smithi039.stdout:/usr/bin/ceph: stderr
2024-04-13T04:26:00.894+0000 7fefc9225700 1 --2- 172.21.15.39:0/2861003289 >> [v2:172.21.15.39:6800/190635388,v1:172.21.15.39:6801/190635388] conn(0x7fefac039600 0x7fefac03bac0 unknown :-1 s=CLOSED pgs=14 cs=0 l=1 rev1=1 crypto rx=0 tx=0 comp rx=0 tx=0).stop
2024-04-13T04:26:01.442 INFO:teuthology.orchestra.run.smithi039.stdout:/usr/bin/ceph: stderr
2024-04-13T04:26:00.894+0000 7fefc9225700 1 --2- 172.21.15.39:0/2861003289 >> [v2:172.21.15.39:3300/0,v1:172.21.15.39:6789/0] conn(0x7fefc41076e0 0x7fefc4192950 unknown :-1 s=CLOSED pgs=52 cs=0 l=1 rev1=1 crypto rx=0 tx=0 comp rx=0 tx=0).stop
2024-04-13T04:26:01.442 INFO:teuthology.orchestra.run.smithi039.stdout:/usr/bin/ceph: stderr
2024-04-13T04:26:00.894+0000 7fefc9225700 1 -- 172.21.15.39:0/2861003289 >> 172.21.15.39:0/2861003289 conn(0x7fefc4102d40 msgr2=0x7fefc4103be0 unknown :-1 s=STATE_NONE l=0).mark_down
2024-04-13T04:26:01.442 INFO:teuthology.orchestra.run.smithi039.stdout:/usr/bin/ceph: stderr
2024-04-13T04:26:00.894+0000 7fefc9225700 1 -- 172.21.15.39:0/2861003289 shutdown_connections
2024-04-13T04:26:01.442 INFO:teuthology.orchestra.run.smithi039.stdout:/usr/bin/ceph: stderr
2024-04-13T04:26:00.894+0000 7fefc9225700 1 -- 172.21.15.39:0/2861003289 wait complete.
2024-04-13T04:26:01.661 INFO:journalctl@ceph.mon.a.smithi039.stdout:Apr 13 04:26:01 smithi039 ceph-mon[32219]: from='mgr.14120 172.21.15.39:0/3303392124' entity='mgr.x'
2024-04-13T04:26:01.661 INFO:journalctl@ceph.mon.a.smithi039.stdout:Apr 13 04:26:01 smithi039 ceph-mon[32219]: from='client.? 172.21.15.39:0/2861003289' entity='client.admin'
2024-04-13T04:26:03.140 INFO:teuthology.orchestra.run.smithi039.stdout:/usr/bin/ceph: stderr
2024-04-13T04:26:01.876+0000 7f73a4053700 1 Processor -- start
2024-04-13T04:26:03.140 INFO:teuthology.orchestra.run.smithi039.stdout:/usr/bin/ceph: stderr
2024-04-13T04:26:01.877+0000 7f73a4053700 1 -- start start
2024-04-13T04:26:03.140 INFO:teuthology.orchestra.run.smithi039.stdout:/usr/bin/ceph: stderr
2024-04-13T04:26:01.877+0000 7f73a4053700 1 --2- >> [v2:172.21.15.39:3300/0,v1:172.21.15.39:6789/0] conn(0x7f739c1092a0 0x7f739c10b690 unknown :-1 s=NONE pgs=0 cs=0 l=0 rev1=0 crypto rx=0 tx=0 comp rx=0 tx=0).connect
2024-04-13T04:26:03.141 INFO:teuthology.orchestra.run.smithi039.stdout:/usr/bin/ceph: stderr
2024-04-13T04:26:01.877+0000 7f73a4053700 1 -- --> [v2:172.21.15.39:3300/0,v1:172.21.15.39:6789/0] -- mon_getmap magic: 0 -- 0x7f739c07be70 con 0x7f739c1092a0
2024-04-13T04:26:03.141 INFO:teuthology.orchestra.run.smithi039.stdout:/usr/bin/ceph: stderr
2024-04-13T04:26:01.877+0000 7f73a1def700 1 --2- >> [v2:172.21.15.39:3300/0,v1:172.21.15.39:6789/0] conn(0x7f739c1092a0 0x7f739c10b690 unknown :-1 s=BANNER_CONNECTING pgs=0 cs=0 l=0 rev1=0 crypto rx=0 tx=0 comp rx=0 tx=0)._handle_peer_banner_payload supported=3 required=0
2024-04-13T04:26:03.141 INFO:teuthology.orchestra.run.smithi039.stdout:/usr/bin/ceph: stderr
2024-04-13T04:26:01.877+0000 7f73a1def700 1 --2- >> [v2:172.21.15.39:3300/0,v1:172.21.15.39:6789/0] conn(0x7f739c1092a0 0x7f739c10b690 unknown :-1 s=HELLO_CONNECTING pgs=0 cs=0 l=0 rev1=1 crypto rx=0 tx=0 comp rx=0 tx=0).handle_hello peer v2:172.21.15.39:3300/0 says I am v2:172.21.15.39:35996/0 (socket says 172.21.15.39:35996)
2024-04-13T04:26:03.141 INFO:teuthology.orchestra.run.smithi039.stdout:/usr/bin/ceph: stderr
2024-04-13T04:26:01.877+0000 7f73a1def700 1 -- 172.21.15.39:0/471023981 learned_addr learned my addr 172.21.15.39:0/471023981 (peer_addr_for_me v2:172.21.15.39:0/0)
2024-04-13T04:26:03.141 INFO:teuthology.orchestra.run.smithi039.stdout:/usr/bin/ceph: stderr
2024-04-13T04:26:01.877+0000 7f73a1def700 1 -- 172.21.15.39:0/471023981 --> [v2:172.21.15.39:3300/0,v1:172.21.15.39:6789/0] -- mon_subscribe({config=0+,monmap=0+}) -- 0x7f739c10bbd0 con 0x7f739c1092a0
2024-04-13T04:26:03.141 INFO:teuthology.orchestra.run.smithi039.stdout:/usr/bin/ceph: stderr
2024-04-13T04:26:01.877+0000 7f73a1def700 1 --2- 172.21.15.39:0/471023981 >> [v2:172.21.15.39:3300/0,v1:172.21.15.39:6789/0] conn(0x7f739c1092a0 0x7f739c10b690 secure :-1 s=READY pgs=53 cs=0 l=1 rev1=1 crypto rx=0x7f73900098a0 tx=0x7f7390009bb0 comp rx=0 tx=0).ready entity=mon.0 client_cookie=b4aefb54c533ec19 server_cookie=0 in_seq=0 out_seq=0
2024-04-13T04:26:03.141 INFO:teuthology.orchestra.run.smithi039.stdout:/usr/bin/ceph: stderr
2024-04-13T04:26:01.878+0000 7f73a0ded700 1 -- 172.21.15.39:0/471023981 <== mon.0 v2:172.21.15.39:3300/0 1 ==== mon_map magic: 0 ==== 205+0+0 (secure 0 0 0) 0x7f7390004160 con 0x7f739c1092a0
2024-04-13T04:26:03.141 INFO:teuthology.orchestra.run.smithi039.stdout:/usr/bin/ceph: stderr
2024-04-13T04:26:01.878+0000 7f73a0ded700 1 -- 172.21.15.39:0/471023981 <== mon.0 v2:172.21.15.39:3300/0 2 ==== config(29 keys) ==== 1209+0+0 (secure 0 0 0) 0x7f7390004300 con 0x7f739c1092a0
2024-04-13T04:26:03.141 INFO:teuthology.orchestra.run.smithi039.stdout:/usr/bin/ceph: stderr
2024-04-13T04:26:01.878+0000 7f73a0ded700 1 -- 172.21.15.39:0/471023981 <== mon.0 v2:172.21.15.39:3300/0 3 ==== mon_map magic: 0 ==== 205+0+0 (secure 0 0 0) 0x7f7390011c70 con 0x7f739c1092a0
2024-04-13T04:26:03.141 INFO:teuthology.orchestra.run.smithi039.stdout:/usr/bin/ceph: stderr
2024-04-13T04:26:01.878+0000 7f73a4053700 1 -- 172.21.15.39:0/471023981 >> [v2:172.21.15.39:3300/0,v1:172.21.15.39:6789/0] conn(0x7f739c1092a0 msgr2=0x7f739c10b690 secure :-1 s=STATE_CONNECTION_ESTABLISHED l=1).mark_down
2024-04-13T04:26:03.141 INFO:teuthology.orchestra.run.smithi039.stdout:/usr/bin/ceph: stderr
2024-04-13T04:26:01.878+0000 7f73a4053700 1 --2- 172.21.15.39:0/471023981 >> [v2:172.21.15.39:3300/0,v1:172.21.15.39:6789/0] conn(0x7f739c1092a0 0x7f739c10b690 secure :-1 s=READY pgs=53 cs=0 l=1 rev1=1 crypto rx=0x7f73900098a0 tx=0x7f7390009bb0 comp rx=0 tx=0).stop
2024-04-13T04:26:03.141 INFO:teuthology.orchestra.run.smithi039.stdout:/usr/bin/ceph: stderr
2024-04-13T04:26:01.878+0000 7f73a4053700 1 -- 172.21.15.39:0/471023981 shutdown_connections
2024-04-13T04:26:03.141 INFO:teuthology.orchestra.run.smithi039.stdout:/usr/bin/ceph: stderr
2024-04-13T04:26:01.878+0000 7f73a4053700 1 --2- 172.21.15.39:0/471023981 >> [v2:172.21.15.39:3300/0,v1:172.21.15.39:6789/0] conn(0x7f739c1092a0 0x7f739c10b690 unknown :-1 s=CLOSED pgs=53 cs=0 l=1 rev1=1 crypto rx=0 tx=0 comp rx=0 tx=0).stop
2024-04-13T04:26:03.142 INFO:teuthology.orchestra.run.smithi039.stdout:/usr/bin/ceph: stderr
2024-04-13T04:26:01.878+0000 7f73a4053700 1 -- 172.21.15.39:0/471023981 >> 172.21.15.39:0/471023981 conn(0x7f739c102cf0 msgr2=0x7f739c105110 unknown :-1 s=STATE_NONE l=0).mark_down
2024-04-13T04:26:03.142 INFO:teuthology.orchestra.run.smithi039.stdout:/usr/bin/ceph: stderr
2024-04-13T04:26:01.879+0000 7f73a4053700 1 -- 172.21.15.39:0/471023981 shutdown_connections
2024-04-13T04:26:03.142 INFO:teuthology.orchestra.run.smithi039.stdout:/usr/bin/ceph: stderr
2024-04-13T04:26:01.879+0000 7f73a4053700 1 -- 172.21.15.39:0/471023981 wait complete.
2024-04-13T04:26:03.142 INFO:teuthology.orchestra.run.smithi039.stdout:/usr/bin/ceph: stderr
2024-04-13T04:26:01.879+0000 7f73a4053700 1 Processor -- start
2024-04-13T04:26:03.142 INFO:teuthology.orchestra.run.smithi039.stdout:/usr/bin/ceph: stderr
2024-04-13T04:26:01.879+0000 7f73a4053700 1 -- start start
2024-04-13T04:26:03.142 INFO:teuthology.orchestra.run.smithi039.stdout:/usr/bin/ceph: stderr
2024-04-13T04:26:01.879+0000 7f73a4053700 1 --2- >> [v2:172.21.15.39:3300/0,v1:172.21.15.39:6789/0] conn(0x7f739c1092a0 0x7f739c108b20 unknown :-1 s=NONE pgs=0 cs=0 l=1 rev1=0 crypto rx=0 tx=0 comp rx=0 tx=0).connect
2024-04-13T04:26:03.142 INFO:teuthology.orchestra.run.smithi039.stdout:/usr/bin/ceph: stderr
2024-04-13T04:26:01.879+0000 7f73a4053700 1 -- --> [v2:172.21.15.39:3300/0,v1:172.21.15.39:6789/0] -- mon_getmap magic: 0 -- 0x7f739c10cca0 con 0x7f739c1092a0
2024-04-13T04:26:03.142 INFO:teuthology.orchestra.run.smithi039.stdout:/usr/bin/ceph: stderr
2024-04-13T04:26:01.879+0000 7f73a1def700 1 --2- >> [v2:172.21.15.39:3300/0,v1:172.21.15.39:6789/0] conn(0x7f739c1092a0 0x7f739c108b20 unknown :-1 s=BANNER_CONNECTING pgs=0 cs=0 l=1 rev1=0 crypto rx=0 tx=0 comp rx=0 tx=0)._handle_peer_banner_payload supported=3 required=0
2024-04-13T04:26:03.142 INFO:teuthology.orchestra.run.smithi039.stdout:/usr/bin/ceph: stderr
2024-04-13T04:26:01.879+0000 7f73a1def700 1 --2- >> [v2:172.21.15.39:3300/0,v1:172.21.15.39:6789/0] conn(0x7f739c1092a0 0x7f739c108b20 unknown :-1 s=HELLO_CONNECTING pgs=0 cs=0 l=1 rev1=1 crypto rx=0 tx=0 comp rx=0 tx=0).handle_hello peer v2:172.21.15.39:3300/0 says I am v2:172.21.15.39:35998/0 (socket says 172.21.15.39:35998)
2024-04-13T04:26:03.142 INFO:teuthology.orchestra.run.smithi039.stdout:/usr/bin/ceph: stderr
2024-04-13T04:26:01.879+0000 7f73a1def700 1 -- 172.21.15.39:0/3036287542 learned_addr learned my addr 172.21.15.39:0/3036287542 (peer_addr_for_me v2:172.21.15.39:0/0)
2024-04-13T04:26:03.142 INFO:teuthology.orchestra.run.smithi039.stdout:/usr/bin/ceph: stderr
