2024-04-13T04:26:01.880+0000 7f73a1def700 1 -- 172.21.15.39:0/3036287542 --> [v2:172.21.15.39:3300/0,v1:172.21.15.39:6789/0] -- mon_subscribe({config=0+,monmap=0+}) -- 0x7f739c109060 con 0x7f739c1092a0
2024-04-13T04:26:03.142 INFO:teuthology.orchestra.run.smithi039.stdout:/usr/bin/ceph: stderr
2024-04-13T04:26:01.880+0000 7f73a1def700 1 --2- 172.21.15.39:0/3036287542 >> [v2:172.21.15.39:3300/0,v1:172.21.15.39:6789/0] conn(0x7f739c1092a0 0x7f739c108b20 secure :-1 s=READY pgs=54 cs=0 l=1 rev1=1 crypto rx=0x7f7390011930 tx=0x7f7390011cf0 comp rx=0 tx=0).ready entity=mon.0 client_cookie=0 server_cookie=0 in_seq=0 out_seq=0
2024-04-13T04:26:03.142 INFO:teuthology.orchestra.run.smithi039.stdout:/usr/bin/ceph: stderr
2024-04-13T04:26:01.880+0000 7f738effd700 1 -- 172.21.15.39:0/3036287542 <== mon.0 v2:172.21.15.39:3300/0 1 ==== mon_map magic: 0 ==== 205+0+0 (secure 0 0 0) 0x7f73900039e0 con 0x7f739c1092a0
2024-04-13T04:26:03.143 INFO:teuthology.orchestra.run.smithi039.stdout:/usr/bin/ceph: stderr
2024-04-13T04:26:01.880+0000 7f738effd700 1 -- 172.21.15.39:0/3036287542 <== mon.0 v2:172.21.15.39:3300/0 2 ==== config(29 keys) ==== 1209+0+0 (secure 0 0 0) 0x7f7390003b80 con 0x7f739c1092a0
2024-04-13T04:26:03.143 INFO:teuthology.orchestra.run.smithi039.stdout:/usr/bin/ceph: stderr
2024-04-13T04:26:01.880+0000 7f738effd700 1 -- 172.21.15.39:0/3036287542 <== mon.0 v2:172.21.15.39:3300/0 3 ==== mon_map magic: 0 ==== 205+0+0 (secure 0 0 0) 0x7f7390024760 con 0x7f739c1092a0
2024-04-13T04:26:03.143 INFO:teuthology.orchestra.run.smithi039.stdout:/usr/bin/ceph: stderr
2024-04-13T04:26:01.880+0000 7f73a4053700 1 -- 172.21.15.39:0/3036287542 --> [v2:172.21.15.39:3300/0,v1:172.21.15.39:6789/0] -- mon_subscribe({mgrmap=0+}) -- 0x7f739c107250 con 0x7f739c1092a0
2024-04-13T04:26:03.143 INFO:teuthology.orchestra.run.smithi039.stdout:/usr/bin/ceph: stderr
2024-04-13T04:26:01.880+0000 7f73a4053700 1 -- 172.21.15.39:0/3036287542 --> [v2:172.21.15.39:3300/0,v1:172.21.15.39:6789/0] -- mon_subscribe({osdmap=0}) -- 0x7f739c107790 con 0x7f739c1092a0
2024-04-13T04:26:03.143 INFO:teuthology.orchestra.run.smithi039.stdout:/usr/bin/ceph: stderr
2024-04-13T04:26:01.881+0000 7f738effd700 1 -- 172.21.15.39:0/3036287542 <== mon.0 v2:172.21.15.39:3300/0 4 ==== mgrmap(e 8) ==== 46558+0+0 (secure 0 0 0) 0x7f7390022020 con 0x7f739c1092a0
2024-04-13T04:26:03.143 INFO:teuthology.orchestra.run.smithi039.stdout:/usr/bin/ceph: stderr
2024-04-13T04:26:01.881+0000 7f738effd700 1 --2- 172.21.15.39:0/3036287542 >> [v2:172.21.15.39:6800/190635388,v1:172.21.15.39:6801/190635388] conn(0x7f73880395b0 0x7f738803ba70 unknown :-1 s=NONE pgs=0 cs=0 l=1 rev1=0 crypto rx=0 tx=0 comp rx=0 tx=0).connect
2024-04-13T04:26:03.143 INFO:teuthology.orchestra.run.smithi039.stdout:/usr/bin/ceph: stderr
2024-04-13T04:26:01.881+0000 7f73a4053700 1 -- 172.21.15.39:0/3036287542 --> [v2:172.21.15.39:3300/0,v1:172.21.15.39:6789/0] -- mon_command({"prefix": "get_command_descriptions"} v 0) -- 0x7f739c064110 con 0x7f739c1092a0
2024-04-13T04:26:03.143 INFO:teuthology.orchestra.run.smithi039.stdout:/usr/bin/ceph: stderr
2024-04-13T04:26:01.881+0000 7f738effd700 1 -- 172.21.15.39:0/3036287542 <== mon.0 v2:172.21.15.39:3300/0 5 ==== osd_map(2..2 src has 1..2) ==== 940+0+0 (secure 0 0 0) 0x7f739004d670 con 0x7f739c1092a0
2024-04-13T04:26:03.143 INFO:teuthology.orchestra.run.smithi039.stdout:/usr/bin/ceph: stderr
2024-04-13T04:26:01.881+0000 7f73a15ee700 1 --2- 172.21.15.39:0/3036287542 >> [v2:172.21.15.39:6800/190635388,v1:172.21.15.39:6801/190635388] conn(0x7f73880395b0 0x7f738803ba70 unknown :-1 s=BANNER_CONNECTING pgs=0 cs=0 l=1 rev1=0 crypto rx=0 tx=0 comp rx=0 tx=0)._handle_peer_banner_payload supported=3 required=0
2024-04-13T04:26:03.143 INFO:teuthology.orchestra.run.smithi039.stdout:/usr/bin/ceph: stderr
2024-04-13T04:26:01.881+0000 7f73a15ee700 1 --2- 172.21.15.39:0/3036287542 >> [v2:172.21.15.39:6800/190635388,v1:172.21.15.39:6801/190635388] conn(0x7f73880395b0 0x7f738803ba70 secure :-1 s=READY pgs=15 cs=0 l=1 rev1=1 crypto rx=0x7f7398006fd0 tx=0x7f7398006e40 comp rx=0 tx=0).ready entity=mgr.14120 client_cookie=0 server_cookie=0 in_seq=0 out_seq=0
2024-04-13T04:26:03.143 INFO:teuthology.orchestra.run.smithi039.stdout:/usr/bin/ceph: stderr
2024-04-13T04:26:01.886+0000 7f738effd700 1 -- 172.21.15.39:0/3036287542 <== mon.0 v2:172.21.15.39:3300/0 6 ==== mon_command_ack([{"prefix": "get_command_descriptions"}]=0 v0) ==== 72+0+188370 (secure 0 0 0) 0x7f739002ce20 con 0x7f739c1092a0
2024-04-13T04:26:03.143 INFO:teuthology.orchestra.run.smithi039.stdout:/usr/bin/ceph: stderr
2024-04-13T04:26:02.109+0000 7f73a4053700 1 -- 172.21.15.39:0/3036287542 --> [v2:172.21.15.39:3300/0,v1:172.21.15.39:6789/0] -- mon_command([{prefix=config set, name=mgr/dashboard/ssl_server_port}] v 0) -- 0x7f739c108010 con 0x7f739c1092a0
2024-04-13T04:26:03.143 INFO:teuthology.orchestra.run.smithi039.stdout:/usr/bin/ceph: stderr
2024-04-13T04:26:02.114+0000 7f738effd700 1 -- 172.21.15.39:0/3036287542 <== mon.0 v2:172.21.15.39:3300/0 7 ==== mon_command_ack([{prefix=config set, name=mgr/dashboard/ssl_server_port}]=0 v8)=0 v8) ==== 130+0+0 (secure 0 0 0) 0x7f7390003d30 con 0x7f739c1092a0
2024-04-13T04:26:03.143 INFO:teuthology.orchestra.run.smithi039.stdout:/usr/bin/ceph: stderr
2024-04-13T04:26:02.116+0000 7f73a4053700 1 -- 172.21.15.39:0/3036287542 >> [v2:172.21.15.39:6800/190635388,v1:172.21.15.39:6801/190635388] conn(0x7f73880395b0 msgr2=0x7f738803ba70 secure :-1 s=STATE_CONNECTION_ESTABLISHED l=1).mark_down
2024-04-13T04:26:03.143 INFO:teuthology.orchestra.run.smithi039.stdout:/usr/bin/ceph: stderr
2024-04-13T04:26:02.116+0000 7f73a4053700 1 --2- 172.21.15.39:0/3036287542 >> [v2:172.21.15.39:6800/190635388,v1:172.21.15.39:6801/190635388] conn(0x7f73880395b0 0x7f738803ba70 secure :-1 s=READY pgs=15 cs=0 l=1 rev1=1 crypto rx=0x7f7398006fd0 tx=0x7f7398006e40 comp rx=0 tx=0).stop
2024-04-13T04:26:03.144 INFO:teuthology.orchestra.run.smithi039.stdout:/usr/bin/ceph: stderr
2024-04-13T04:26:02.116+0000 7f73a4053700 1 -- 172.21.15.39:0/3036287542 >> [v2:172.21.15.39:3300/0,v1:172.21.15.39:6789/0] conn(0x7f739c1092a0 msgr2=0x7f739c108b20 secure :-1 s=STATE_CONNECTION_ESTABLISHED l=1).mark_down
2024-04-13T04:26:03.144 INFO:teuthology.orchestra.run.smithi039.stdout:/usr/bin/ceph: stderr
2024-04-13T04:26:02.116+0000 7f73a4053700 1 --2- 172.21.15.39:0/3036287542 >> [v2:172.21.15.39:3300/0,v1:172.21.15.39:6789/0] conn(0x7f739c1092a0 0x7f739c108b20 secure :-1 s=READY pgs=54 cs=0 l=1 rev1=1 crypto rx=0x7f7390011930 tx=0x7f7390011cf0 comp rx=0 tx=0).stop
2024-04-13T04:26:03.144 INFO:teuthology.orchestra.run.smithi039.stdout:/usr/bin/ceph: stderr
2024-04-13T04:26:02.116+0000 7f73a4053700 1 -- 172.21.15.39:0/3036287542 shutdown_connections
2024-04-13T04:26:03.144 INFO:teuthology.orchestra.run.smithi039.stdout:/usr/bin/ceph: stderr
2024-04-13T04:26:02.116+0000 7f73a4053700 1 --2- 172.21.15.39:0/3036287542 >> [v2:172.21.15.39:6800/190635388,v1:172.21.15.39:6801/190635388] conn(0x7f73880395b0 0x7f738803ba70 unknown :-1 s=CLOSED pgs=15 cs=0 l=1 rev1=1 crypto rx=0 tx=0 comp rx=0 tx=0).stop
2024-04-13T04:26:03.144 INFO:teuthology.orchestra.run.smithi039.stdout:/usr/bin/ceph: stderr
2024-04-13T04:26:02.116+0000 7f73a4053700 1 --2- 172.21.15.39:0/3036287542 >> [v2:172.21.15.39:3300/0,v1:172.21.15.39:6789/0] conn(0x7f739c1092a0 0x7f739c108b20 unknown :-1 s=CLOSED pgs=54 cs=0 l=1 rev1=1 crypto rx=0 tx=0 comp rx=0 tx=0).stop
2024-04-13T04:26:03.144 INFO:teuthology.orchestra.run.smithi039.stdout:/usr/bin/ceph: stderr
2024-04-13T04:26:02.116+0000 7f73a4053700 1 -- 172.21.15.39:0/3036287542 >> 172.21.15.39:0/3036287542 conn(0x7f739c102cf0 msgr2=0x7f739c103800 unknown :-1 s=STATE_NONE l=0).mark_down
2024-04-13T04:26:03.144 INFO:teuthology.orchestra.run.smithi039.stdout:/usr/bin/ceph: stderr
2024-04-13T04:26:02.116+0000 7f73a4053700 1 -- 172.21.15.39:0/3036287542 shutdown_connections
2024-04-13T04:26:03.144 INFO:teuthology.orchestra.run.smithi039.stdout:/usr/bin/ceph: stderr
2024-04-13T04:26:02.116+0000 7f73a4053700 1 -- 172.21.15.39:0/3036287542 wait complete.
2024-04-13T04:26:03.144 INFO:teuthology.orchestra.run.smithi039.stdout:Enabling the dashboard module...
2024-04-13T04:26:03.375 INFO:journalctl@ceph.mon.a.smithi039.stdout:Apr 13 04:26:03 smithi039 ceph-mon[32219]: from='client.? 172.21.15.39:0/3036287542' entity='client.admin'
2024-04-13T04:26:04.756 INFO:journalctl@ceph.mgr.x.smithi039.stdout:Apr 13 04:26:04 smithi039 ceph-9e098d34-f94d-11ee-bc8d-c7b262605968-mgr-x[32462]: ignoring --setuser ceph since I am not root
2024-04-13T04:26:04.757 INFO:journalctl@ceph.mgr.x.smithi039.stdout:Apr 13 04:26:04 smithi039 ceph-9e098d34-f94d-11ee-bc8d-c7b262605968-mgr-x[32462]: ignoring --setgroup ceph since I am not root
2024-04-13T04:26:04.757 INFO:journalctl@ceph.mon.a.smithi039.stdout:Apr 13 04:26:04 smithi039 ceph-mon[32219]: from='mgr.14120 172.21.15.39:0/3303392124' entity='mgr.x'
2024-04-13T04:26:04.757 INFO:journalctl@ceph.mon.a.smithi039.stdout:Apr 13 04:26:04 smithi039 ceph-mon[32219]: from='client.? 172.21.15.39:0/1916725502' entity='client.admin' cmd=[{"prefix": "mgr module enable", "module": "dashboard"}]: dispatch
2024-04-13T04:26:04.757 INFO:journalctl@ceph.mon.a.smithi039.stdout:Apr 13 04:26:04 smithi039 ceph-mon[32219]: pgmap v3: 0 pgs: ; 0 B data, 0 B used, 0 B / 0 B avail
2024-04-13T04:26:05.090 INFO:teuthology.orchestra.run.smithi039.stdout:/usr/bin/ceph: stderr
2024-04-13T04:26:03.620+0000 7f5ebecd3700 1 Processor -- start
2024-04-13T04:26:05.091 INFO:teuthology.orchestra.run.smithi039.stdout:/usr/bin/ceph: stderr
2024-04-13T04:26:03.620+0000 7f5ebecd3700 1 -- start start
2024-04-13T04:26:05.091 INFO:teuthology.orchestra.run.smithi039.stdout:/usr/bin/ceph: stderr
2024-04-13T04:26:03.621+0000 7f5ebecd3700 1 --2- >> [v2:172.21.15.39:3300/0,v1:172.21.15.39:6789/0] conn(0x7f5eb8108820 0x7f5eb8108c40 unknown :-1 s=NONE pgs=0 cs=0 l=0 rev1=0 crypto rx=0 tx=0 comp rx=0 tx=0).connect
2024-04-13T04:26:05.091 INFO:teuthology.orchestra.run.smithi039.stdout:/usr/bin/ceph: stderr
2024-04-13T04:26:03.621+0000 7f5ebecd3700 1 -- --> [v2:172.21.15.39:3300/0,v1:172.21.15.39:6789/0] -- mon_getmap magic: 0 -- 0x7f5eb8109210 con 0x7f5eb8108820
2024-04-13T04:26:05.091 INFO:teuthology.orchestra.run.smithi039.stdout:/usr/bin/ceph: stderr
2024-04-13T04:26:03.621+0000 7f5ebca6f700 1 --2- >> [v2:172.21.15.39:3300/0,v1:172.21.15.39:6789/0] conn(0x7f5eb8108820 0x7f5eb8108c40 unknown :-1 s=BANNER_CONNECTING pgs=0 cs=0 l=0 rev1=0 crypto rx=0 tx=0 comp rx=0 tx=0)._handle_peer_banner_payload supported=3 required=0
2024-04-13T04:26:05.091 INFO:teuthology.orchestra.run.smithi039.stdout:/usr/bin/ceph: stderr
2024-04-13T04:26:03.621+0000 7f5ebca6f700 1 --2- >> [v2:172.21.15.39:3300/0,v1:172.21.15.39:6789/0] conn(0x7f5eb8108820 0x7f5eb8108c40 unknown :-1 s=HELLO_CONNECTING pgs=0 cs=0 l=0 rev1=1 crypto rx=0 tx=0 comp rx=0 tx=0).handle_hello peer v2:172.21.15.39:3300/0 says I am v2:172.21.15.39:36002/0 (socket says 172.21.15.39:36002)
2024-04-13T04:26:05.091 INFO:teuthology.orchestra.run.smithi039.stdout:/usr/bin/ceph: stderr
2024-04-13T04:26:03.621+0000 7f5ebca6f700 1 -- 172.21.15.39:0/1834452810 learned_addr learned my addr 172.21.15.39:0/1834452810 (peer_addr_for_me v2:172.21.15.39:0/0)
2024-04-13T04:26:05.091 INFO:teuthology.orchestra.run.smithi039.stdout:/usr/bin/ceph: stderr
2024-04-13T04:26:03.621+0000 7f5ebca6f700 1 -- 172.21.15.39:0/1834452810 --> [v2:172.21.15.39:3300/0,v1:172.21.15.39:6789/0] -- mon_subscribe({config=0+,monmap=0+}) -- 0x7f5eb81099d0 con 0x7f5eb8108820
2024-04-13T04:26:05.091 INFO:teuthology.orchestra.run.smithi039.stdout:/usr/bin/ceph: stderr
2024-04-13T04:26:03.621+0000 7f5ebca6f700 1 --2- 172.21.15.39:0/1834452810 >> [v2:172.21.15.39:3300/0,v1:172.21.15.39:6789/0] conn(0x7f5eb8108820 0x7f5eb8108c40 secure :-1 s=READY pgs=55 cs=0 l=1 rev1=1 crypto rx=0x7f5eac0098a0 tx=0x7f5eac009bb0 comp rx=0 tx=0).ready entity=mon.0 client_cookie=fc861c8f9f65c6ca server_cookie=0 in_seq=0 out_seq=0
2024-04-13T04:26:05.091 INFO:teuthology.orchestra.run.smithi039.stdout:/usr/bin/ceph: stderr
2024-04-13T04:26:03.621+0000 7f5eb77fe700 1 -- 172.21.15.39:0/1834452810 <== mon.0 v2:172.21.15.39:3300/0 1 ==== mon_map magic: 0 ==== 205+0+0 (secure 0 0 0) 0x7f5eac004160 con 0x7f5eb8108820
2024-04-13T04:26:05.091 INFO:teuthology.orchestra.run.smithi039.stdout:/usr/bin/ceph: stderr
2024-04-13T04:26:03.621+0000 7f5eb77fe700 1 -- 172.21.15.39:0/1834452810 <== mon.0 v2:172.21.15.39:3300/0 2 ==== config(29 keys) ==== 1209+0+0 (secure 0 0 0) 0x7f5eac004300 con 0x7f5eb8108820
2024-04-13T04:26:05.091 INFO:teuthology.orchestra.run.smithi039.stdout:/usr/bin/ceph: stderr
2024-04-13T04:26:03.621+0000 7f5eb77fe700 1 -- 172.21.15.39:0/1834452810 <== mon.0 v2:172.21.15.39:3300/0 3 ==== mon_map magic: 0 ==== 205+0+0 (secure 0 0 0) 0x7f5eac011c70 con 0x7f5eb8108820
2024-04-13T04:26:05.091 INFO:teuthology.orchestra.run.smithi039.stdout:/usr/bin/ceph: stderr
2024-04-13T04:26:03.622+0000 7f5ebecd3700 1 -- 172.21.15.39:0/1834452810 >> [v2:172.21.15.39:3300/0,v1:172.21.15.39:6789/0] conn(0x7f5eb8108820 msgr2=0x7f5eb8108c40 secure :-1 s=STATE_CONNECTION_ESTABLISHED l=1).mark_down
2024-04-13T04:26:05.091 INFO:teuthology.orchestra.run.smithi039.stdout:/usr/bin/ceph: stderr
2024-04-13T04:26:03.622+0000 7f5ebecd3700 1 --2- 172.21.15.39:0/1834452810 >> [v2:172.21.15.39:3300/0,v1:172.21.15.39:6789/0] conn(0x7f5eb8108820 0x7f5eb8108c40 secure :-1 s=READY pgs=55 cs=0 l=1 rev1=1 crypto rx=0x7f5eac0098a0 tx=0x7f5eac009bb0 comp rx=0 tx=0).stop
2024-04-13T04:26:05.091 INFO:teuthology.orchestra.run.smithi039.stdout:/usr/bin/ceph: stderr
2024-04-13T04:26:03.622+0000 7f5ebecd3700 1 -- 172.21.15.39:0/1834452810 shutdown_connections
2024-04-13T04:26:05.092 INFO:teuthology.orchestra.run.smithi039.stdout:/usr/bin/ceph: stderr
2024-04-13T04:26:03.622+0000 7f5ebecd3700 1 --2- 172.21.15.39:0/1834452810 >> [v2:172.21.15.39:3300/0,v1:172.21.15.39:6789/0] conn(0x7f5eb8108820 0x7f5eb8108c40 unknown :-1 s=CLOSED pgs=55 cs=0 l=1 rev1=1 crypto rx=0 tx=0 comp rx=0 tx=0).stop
2024-04-13T04:26:05.092 INFO:teuthology.orchestra.run.smithi039.stdout:/usr/bin/ceph: stderr
2024-04-13T04:26:03.622+0000 7f5ebecd3700 1 -- 172.21.15.39:0/1834452810 >> 172.21.15.39:0/1834452810 conn(0x7f5eb8103e80 msgr2=0x7f5eb81062a0 unknown :-1 s=STATE_NONE l=0).mark_down
2024-04-13T04:26:05.092 INFO:teuthology.orchestra.run.smithi039.stdout:/usr/bin/ceph: stderr
2024-04-13T04:26:03.622+0000 7f5ebecd3700 1 -- 172.21.15.39:0/1834452810 shutdown_connections
2024-04-13T04:26:05.092 INFO:teuthology.orchestra.run.smithi039.stdout:/usr/bin/ceph: stderr
2024-04-13T04:26:03.622+0000 7f5ebecd3700 1 -- 172.21.15.39:0/1834452810 wait complete.
2024-04-13T04:26:05.092 INFO:teuthology.orchestra.run.smithi039.stdout:/usr/bin/ceph: stderr
2024-04-13T04:26:03.623+0000 7f5ebecd3700 1 Processor -- start
2024-04-13T04:26:05.092 INFO:teuthology.orchestra.run.smithi039.stdout:/usr/bin/ceph: stderr
2024-04-13T04:26:03.623+0000 7f5ebecd3700 1 -- start start
2024-04-13T04:26:05.092 INFO:teuthology.orchestra.run.smithi039.stdout:/usr/bin/ceph: stderr
2024-04-13T04:26:03.623+0000 7f5ebecd3700 1 --2- >> [v2:172.21.15.39:3300/0,v1:172.21.15.39:6789/0] conn(0x7f5eb8108820 0x7f5eb819c880 unknown :-1 s=NONE pgs=0 cs=0 l=1 rev1=0 crypto rx=0 tx=0 comp rx=0 tx=0).connect
2024-04-13T04:26:05.092 INFO:teuthology.orchestra.run.smithi039.stdout:/usr/bin/ceph: stderr
2024-04-13T04:26:03.623+0000 7f5ebecd3700 1 -- --> [v2:172.21.15.39:3300/0,v1:172.21.15.39:6789/0] -- mon_getmap magic: 0 -- 0x7f5eb810cd80 con 0x7f5eb8108820
2024-04-13T04:26:05.092 INFO:teuthology.orchestra.run.smithi039.stdout:/usr/bin/ceph: stderr
2024-04-13T04:26:03.623+0000 7f5ebca6f700 1 --2- >> [v2:172.21.15.39:3300/0,v1:172.21.15.39:6789/0] conn(0x7f5eb8108820 0x7f5eb819c880 unknown :-1 s=BANNER_CONNECTING pgs=0 cs=0 l=1 rev1=0 crypto rx=0 tx=0 comp rx=0 tx=0)._handle_peer_banner_payload supported=3 required=0
2024-04-13T04:26:05.092 INFO:teuthology.orchestra.run.smithi039.stdout:/usr/bin/ceph: stderr
2024-04-13T04:26:03.623+0000 7f5ebca6f700 1 --2- >> [v2:172.21.15.39:3300/0,v1:172.21.15.39:6789/0] conn(0x7f5eb8108820 0x7f5eb819c880 unknown :-1 s=HELLO_CONNECTING pgs=0 cs=0 l=1 rev1=1 crypto rx=0 tx=0 comp rx=0 tx=0).handle_hello peer v2:172.21.15.39:3300/0 says I am v2:172.21.15.39:36010/0 (socket says 172.21.15.39:36010)
2024-04-13T04:26:05.092 INFO:teuthology.orchestra.run.smithi039.stdout:/usr/bin/ceph: stderr
2024-04-13T04:26:03.623+0000 7f5ebca6f700 1 -- 172.21.15.39:0/1916725502 learned_addr learned my addr 172.21.15.39:0/1916725502 (peer_addr_for_me v2:172.21.15.39:0/0)
2024-04-13T04:26:05.092 INFO:teuthology.orchestra.run.smithi039.stdout:/usr/bin/ceph: stderr
2024-04-13T04:26:03.623+0000 7f5ebca6f700 1 -- 172.21.15.39:0/1916725502 --> [v2:172.21.15.39:3300/0,v1:172.21.15.39:6789/0] -- mon_subscribe({config=0+,monmap=0+}) -- 0x7f5eb819cdc0 con 0x7f5eb8108820
2024-04-13T04:26:05.092 INFO:teuthology.orchestra.run.smithi039.stdout:/usr/bin/ceph: stderr
2024-04-13T04:26:03.623+0000 7f5ebca6f700 1 --2- 172.21.15.39:0/1916725502 >> [v2:172.21.15.39:3300/0,v1:172.21.15.39:6789/0] conn(0x7f5eb8108820 0x7f5eb819c880 secure :-1 s=READY pgs=56 cs=0 l=1 rev1=1 crypto rx=0x7f5eac011930 tx=0x7f5eac011cf0 comp rx=0 tx=0).ready entity=mon.0 client_cookie=0 server_cookie=0 in_seq=0 out_seq=0
2024-04-13T04:26:05.092 INFO:teuthology.orchestra.run.smithi039.stdout:/usr/bin/ceph: stderr
2024-04-13T04:26:03.624+0000 7f5eb5ffb700 1 -- 172.21.15.39:0/1916725502 <== mon.0 v2:172.21.15.39:3300/0 1 ==== mon_map magic: 0 ==== 205+0+0 (secure 0 0 0) 0x7f5eac0039e0 con 0x7f5eb8108820
2024-04-13T04:26:05.092 INFO:teuthology.orchestra.run.smithi039.stdout:/usr/bin/ceph: stderr
2024-04-13T04:26:03.624+0000 7f5eb5ffb700 1 -- 172.21.15.39:0/1916725502 <== mon.0 v2:172.21.15.39:3300/0 2 ==== config(29 keys) ==== 1209+0+0 (secure 0 0 0) 0x7f5eac003b80 con 0x7f5eb8108820
2024-04-13T04:26:05.093 INFO:teuthology.orchestra.run.smithi039.stdout:/usr/bin/ceph: stderr
2024-04-13T04:26:03.624+0000 7f5ebecd3700 1 -- 172.21.15.39:0/1916725502 --> [v2:172.21.15.39:3300/0,v1:172.21.15.39:6789/0] -- mon_subscribe({mgrmap=0+}) -- 0x7f5eb819d050 con 0x7f5eb8108820
2024-04-13T04:26:05.093 INFO:teuthology.orchestra.run.smithi039.stdout:/usr/bin/ceph: stderr
2024-04-13T04:26:03.624+0000 7f5eb5ffb700 1 -- 172.21.15.39:0/1916725502 <== mon.0 v2:172.21.15.39:3300/0 3 ==== mon_map magic: 0 ==== 205+0+0 (secure 0 0 0) 0x7f5eac024730 con 0x7f5eb8108820
2024-04-13T04:26:05.093 INFO:teuthology.orchestra.run.smithi039.stdout:/usr/bin/ceph: stderr
2024-04-13T04:26:03.624+0000 7f5ebecd3700 1 -- 172.21.15.39:0/1916725502 --> [v2:172.21.15.39:3300/0,v1:172.21.15.39:6789/0] -- mon_subscribe({osdmap=0}) -- 0x7f5eb819fd40 con 0x7f5eb8108820
2024-04-13T04:26:05.093 INFO:teuthology.orchestra.run.smithi039.stdout:/usr/bin/ceph: stderr
2024-04-13T04:26:03.625+0000 7f5eb5ffb700 1 -- 172.21.15.39:0/1916725502 <== mon.0 v2:172.21.15.39:3300/0 4 ==== mgrmap(e 8) ==== 46558+0+0 (secure 0 0 0) 0x7f5eac022020 con 0x7f5eb8108820
2024-04-13T04:26:05.093 INFO:teuthology.orchestra.run.smithi039.stdout:/usr/bin/ceph: stderr
2024-04-13T04:26:03.625+0000 7f5ebecd3700 1 -- 172.21.15.39:0/1916725502 --> [v2:172.21.15.39:3300/0,v1:172.21.15.39:6789/0] -- mon_command({"prefix": "get_command_descriptions"} v 0) -- 0x7f5eb810cf00 con 0x7f5eb8108820
2024-04-13T04:26:05.093 INFO:teuthology.orchestra.run.smithi039.stdout:/usr/bin/ceph: stderr
2024-04-13T04:26:03.625+0000 7f5eb5ffb700 1 --2- 172.21.15.39:0/1916725502 >> [v2:172.21.15.39:6800/190635388,v1:172.21.15.39:6801/190635388] conn(0x7f5ea8039560 0x7f5ea803ba20 unknown :-1 s=NONE pgs=0 cs=0 l=1 rev1=0 crypto rx=0 tx=0 comp rx=0 tx=0).connect
2024-04-13T04:26:05.093 INFO:teuthology.orchestra.run.smithi039.stdout:/usr/bin/ceph: stderr
2024-04-13T04:26:03.625+0000 7f5eb5ffb700 1 -- 172.21.15.39:0/1916725502 <== mon.0 v2:172.21.15.39:3300/0 5 ==== osd_map(2..2 src has 1..2) ==== 940+0+0 (secure 0 0 0) 0x7f5eac04d8c0 con 0x7f5eb8108820
2024-04-13T04:26:05.093 INFO:teuthology.orchestra.run.smithi039.stdout:/usr/bin/ceph: stderr
2024-04-13T04:26:03.625+0000 7f5eb7fff700 1 --2- 172.21.15.39:0/1916725502 >> [v2:172.21.15.39:6800/190635388,v1:172.21.15.39:6801/190635388] conn(0x7f5ea8039560 0x7f5ea803ba20 unknown :-1 s=BANNER_CONNECTING pgs=0 cs=0 l=1 rev1=0 crypto rx=0 tx=0 comp rx=0 tx=0)._handle_peer_banner_payload supported=3 required=0
2024-04-13T04:26:05.093 INFO:teuthology.orchestra.run.smithi039.stdout:/usr/bin/ceph: stderr
2024-04-13T04:26:03.626+0000 7f5eb7fff700 1 --2- 172.21.15.39:0/1916725502 >> [v2:172.21.15.39:6800/190635388,v1:172.21.15.39:6801/190635388] conn(0x7f5ea8039560 0x7f5ea803ba20 secure :-1 s=READY pgs=16 cs=0 l=1 rev1=1 crypto rx=0x7f5ea4006fd0 tx=0x7f5ea4006e40 comp rx=0 tx=0).ready entity=mgr.14120 client_cookie=0 server_cookie=0 in_seq=0 out_seq=0
2024-04-13T04:26:05.093 INFO:teuthology.orchestra.run.smithi039.stdout:/usr/bin/ceph: stderr
2024-04-13T04:26:03.630+0000 7f5eb5ffb700 1 -- 172.21.15.39:0/1916725502 <== mon.0 v2:172.21.15.39:3300/0 6 ==== mon_command_ack([{"prefix": "get_command_descriptions"}]=0 v0) ==== 72+0+188370 (secure 0 0 0) 0x7f5eac003da0 con 0x7f5eb8108820
2024-04-13T04:26:05.093 INFO:teuthology.orchestra.run.smithi039.stdout:/usr/bin/ceph: stderr
2024-04-13T04:26:03.897+0000 7f5ebecd3700 1 -- 172.21.15.39:0/1916725502 --> [v2:172.21.15.39:3300/0,v1:172.21.15.39:6789/0] -- mon_command({"prefix": "mgr module enable", "module": "dashboard"} v 0) -- 0x7f5eb819ff10 con 0x7f5eb8108820
2024-04-13T04:26:05.093 INFO:teuthology.orchestra.run.smithi039.stdout:/usr/bin/ceph: stderr
2024-04-13T04:26:04.499+0000 7f5eb5ffb700 1 -- 172.21.15.39:0/1916725502 <== mon.0 v2:172.21.15.39:3300/0 7 ==== mon_command_ack([{"prefix": "mgr module enable", "module": "dashboard"}]=0 v9) ==== 88+0+0 (secure 0 0 0) 0x7f5eac00ba30 con 0x7f5eb8108820
2024-04-13T04:26:05.093 INFO:teuthology.orchestra.run.smithi039.stdout:/usr/bin/ceph: stderr
2024-04-13T04:26:04.500+0000 7f5eb5ffb700 1 -- 172.21.15.39:0/1916725502 <== mon.0 v2:172.21.15.39:3300/0 8 ==== mgrmap(e 9) ==== 46571+0+0 (secure 0 0 0) 0x7f5eac02d770 con 0x7f5eb8108820
2024-04-13T04:26:05.093 INFO:teuthology.orchestra.run.smithi039.stdout:/usr/bin/ceph: stderr
2024-04-13T04:26:04.502+0000 7f5ebecd3700 1 -- 172.21.15.39:0/1916725502 >> [v2:172.21.15.39:6800/190635388,v1:172.21.15.39:6801/190635388] conn(0x7f5ea8039560 msgr2=0x7f5ea803ba20 secure :-1 s=STATE_CONNECTION_ESTABLISHED l=1).mark_down
2024-04-13T04:26:05.093 INFO:teuthology.orchestra.run.smithi039.stdout:/usr/bin/ceph: stderr
2024-04-13T04:26:04.502+0000 7f5ebecd3700 1 --2- 172.21.15.39:0/1916725502 >> [v2:172.21.15.39:6800/190635388,v1:172.21.15.39:6801/190635388] conn(0x7f5ea8039560 0x7f5ea803ba20 secure :-1 s=READY pgs=16 cs=0 l=1 rev1=1 crypto rx=0x7f5ea4006fd0 tx=0x7f5ea4006e40 comp rx=0 tx=0).stop
2024-04-13T04:26:05.094 INFO:teuthology.orchestra.run.smithi039.stdout:/usr/bin/ceph: stderr
2024-04-13T04:26:04.502+0000 7f5ebecd3700 1 -- 172.21.15.39:0/1916725502 >> [v2:172.21.15.39:3300/0,v1:172.21.15.39:6789/0] conn(0x7f5eb8108820 msgr2=0x7f5eb819c880 secure :-1 s=STATE_CONNECTION_ESTABLISHED l=1).mark_down
2024-04-13T04:26:05.094 INFO:teuthology.orchestra.run.smithi039.stdout:/usr/bin/ceph: stderr
2024-04-13T04:26:04.502+0000 7f5ebecd3700 1 --2- 172.21.15.39:0/1916725502 >> [v2:172.21.15.39:3300/0,v1:172.21.15.39:6789/0] conn(0x7f5eb8108820 0x7f5eb819c880 secure :-1 s=READY pgs=56 cs=0 l=1 rev1=1 crypto rx=0x7f5eac011930 tx=0x7f5eac011cf0 comp rx=0 tx=0).stop
2024-04-13T04:26:05.094 INFO:teuthology.orchestra.run.smithi039.stdout:/usr/bin/ceph: stderr
2024-04-13T04:26:04.502+0000 7f5ebecd3700 1 -- 172.21.15.39:0/1916725502 shutdown_connections
2024-04-13T04:26:05.094 INFO:teuthology.orchestra.run.smithi039.stdout:/usr/bin/ceph: stderr
2024-04-13T04:26:04.502+0000 7f5ebecd3700 1 --2- 172.21.15.39:0/1916725502 >> [v2:172.21.15.39:6800/190635388,v1:172.21.15.39:6801/190635388] conn(0x7f5ea8039560 0x7f5ea803ba20 unknown :-1 s=CLOSED pgs=16 cs=0 l=1 rev1=1 crypto rx=0 tx=0 comp rx=0 tx=0).stop
2024-04-13T04:26:05.094 INFO:teuthology.orchestra.run.smithi039.stdout:/usr/bin/ceph: stderr
2024-04-13T04:26:04.502+0000 7f5ebecd3700 1 --2- 172.21.15.39:0/1916725502 >> [v2:172.21.15.39:3300/0,v1:172.21.15.39:6789/0] conn(0x7f5eb8108820 0x7f5eb819c880 unknown :-1 s=CLOSED pgs=56 cs=0 l=1 rev1=1 crypto rx=0 tx=0 comp rx=0 tx=0).stop
2024-04-13T04:26:05.094 INFO:teuthology.orchestra.run.smithi039.stdout:/usr/bin/ceph: stderr
2024-04-13T04:26:04.502+0000 7f5ebecd3700 1 -- 172.21.15.39:0/1916725502 >> 172.21.15.39:0/1916725502 conn(0x7f5eb8103e80 msgr2=0x7f5eb8104a30 unknown :-1 s=STATE_NONE l=0).mark_down
2024-04-13T04:26:05.094 INFO:teuthology.orchestra.run.smithi039.stdout:/usr/bin/ceph: stderr
2024-04-13T04:26:04.502+0000 7f5ebecd3700 1 -- 172.21.15.39:0/1916725502 shutdown_connections
2024-04-13T04:26:05.094 INFO:teuthology.orchestra.run.smithi039.stdout:/usr/bin/ceph: stderr
2024-04-13T04:26:04.502+0000 7f5ebecd3700 1 -- 172.21.15.39:0/1916725502 wait complete.
2024-04-13T04:26:05.319 INFO:journalctl@ceph.mgr.x.smithi039.stdout:Apr 13 04:26:05 smithi039 ceph-9e098d34-f94d-11ee-bc8d-c7b262605968-mgr-x[32462]:
2024-04-13T04:26:05.081+0000 7f376389e200 -1 mgr[py] Module osd_perf_query has missing NOTIFY_TYPES member
2024-04-13T04:26:05.319 INFO:journalctl@ceph.mgr.x.smithi039.stdout:Apr 13 04:26:05 smithi039 ceph-9e098d34-f94d-11ee-bc8d-c7b262605968-mgr-x[32462]:
2024-04-13T04:26:05.182+0000 7f376389e200 -1 mgr[py] Module snap_schedule has missing NOTIFY_TYPES member
2024-04-13T04:26:05.710 INFO:journalctl@ceph.mon.a.smithi039.stdout:Apr 13 04:26:05 smithi039 ceph-mon[32219]: from='client.? 172.21.15.39:0/1916725502' entity='client.admin' cmd='[{"prefix": "mgr module enable", "module": "dashboard"}]': finished
2024-04-13T04:26:05.710 INFO:journalctl@ceph.mon.a.smithi039.stdout:Apr 13 04:26:05 smithi039 ceph-mon[32219]: mgrmap e9: x(active, since 20s)
2024-04-13T04:26:06.088 INFO:journalctl@ceph.mgr.x.smithi039.stdout:Apr 13 04:26:05 smithi039 ceph-9e098d34-f94d-11ee-bc8d-c7b262605968-mgr-x[32462]:
2024-04-13T04:26:05.872+0000 7f376389e200 -1 mgr[py] Module zabbix has missing NOTIFY_TYPES member
2024-04-13T04:26:06.089 INFO:journalctl@ceph.mgr.x.smithi039.stdout:Apr 13 04:26:05 smithi039 ceph-9e098d34-f94d-11ee-bc8d-c7b262605968-mgr-x[32462]:
2024-04-13T04:26:05.967+0000 7f376389e200 -1 mgr[py] Module balancer has missing NOTIFY_TYPES member
2024-04-13T04:26:06.375 INFO:journalctl@ceph.mgr.x.smithi039.stdout:Apr 13 04:26:06 smithi039 ceph-9e098d34-f94d-11ee-bc8d-c7b262605968-mgr-x[32462]:
2024-04-13T04:26:06.113+0000 7f376389e200 -1 mgr[py] Module influx has missing NOTIFY_TYPES member
2024-04-13T04:26:06.375 INFO:journalctl@ceph.mgr.x.smithi039.stdout:Apr 13 04:26:06 smithi039 ceph-9e098d34-f94d-11ee-bc8d-c7b262605968-mgr-x[32462]:
2024-04-13T04:26:06.212+0000 7f376389e200 -1 mgr[py] Module alerts has missing NOTIFY_TYPES member
2024-04-13T04:26:06.375 INFO:journalctl@ceph.mgr.x.smithi039.stdout:Apr 13 04:26:06 smithi039 ceph-9e098d34-f94d-11ee-bc8d-c7b262605968-mgr-x[32462]:
2024-04-13T04:26:06.297+0000 7f376389e200 -1 mgr[py] Module iostat has missing NOTIFY_TYPES member
2024-04-13T04:26:06.401 INFO:teuthology.orchestra.run.smithi039.stdout:/usr/bin/ceph: stdout {
2024-04-13T04:26:06.407 INFO:teuthology.orchestra.run.smithi039.stdout:/usr/bin/ceph: stdout "epoch": 9,
2024-04-13T04:26:06.407 INFO:teuthology.orchestra.run.smithi039.stdout:/usr/bin/ceph: stdout "available": true,
2024-04-13T04:26:06.407 INFO:teuthology.orchestra.run.smithi039.stdout:/usr/bin/ceph: stdout "active_name": "x",
2024-04-13T04:26:06.407 INFO:teuthology.orchestra.run.smithi039.stdout:/usr/bin/ceph: stdout "num_standby": 0
2024-04-13T04:26:06.407 INFO:teuthology.orchestra.run.smithi039.stdout:/usr/bin/ceph: stdout }
2024-04-13T04:26:06.407 INFO:teuthology.orchestra.run.smithi039.stdout:/usr/bin/ceph: stderr
2024-04-13T04:26:05.518+0000 7fa153bf1700 1 Processor -- start
2024-04-13T04:26:06.407 INFO:teuthology.orchestra.run.smithi039.stdout:/usr/bin/ceph: stderr
2024-04-13T04:26:05.518+0000 7fa153bf1700 1 -- start start
2024-04-13T04:26:06.407 INFO:teuthology.orchestra.run.smithi039.stdout:/usr/bin/ceph: stderr
2024-04-13T04:26:05.518+0000 7fa153bf1700 1 --2- >> [v2:172.21.15.39:3300/0,v1:172.21.15.39:6789/0] conn(0x7fa14c107080 0x7fa14c1074a0 unknown :-1 s=NONE pgs=0 cs=0 l=0 rev1=0 crypto rx=0 tx=0 comp rx=0 tx=0).connect
2024-04-13T04:26:06.407 INFO:teuthology.orchestra.run.smithi039.stdout:/usr/bin/ceph: stderr
2024-04-13T04:26:05.518+0000 7fa153bf1700 1 -- --> [v2:172.21.15.39:3300/0,v1:172.21.15.39:6789/0] -- mon_getmap magic: 0 -- 0x7fa14c07be90 con 0x7fa14c107080
2024-04-13T04:26:06.408 INFO:teuthology.orchestra.run.smithi039.stdout:/usr/bin/ceph: stderr
2024-04-13T04:26:05.519+0000 7fa15198d700 1 --2- >> [v2:172.21.15.39:3300/0,v1:172.21.15.39:6789/0] conn(0x7fa14c107080 0x7fa14c1074a0 unknown :-1 s=BANNER_CONNECTING pgs=0 cs=0 l=0 rev1=0 crypto rx=0 tx=0 comp rx=0 tx=0)._handle_peer_banner_payload supported=3 required=0
2024-04-13T04:26:06.408 INFO:teuthology.orchestra.run.smithi039.stdout:/usr/bin/ceph: stderr
2024-04-13T04:26:05.519+0000 7fa15198d700 1 --2- >> [v2:172.21.15.39:3300/0,v1:172.21.15.39:6789/0] conn(0x7fa14c107080 0x7fa14c1074a0 unknown :-1 s=HELLO_CONNECTING pgs=0 cs=0 l=0 rev1=1 crypto rx=0 tx=0 comp rx=0 tx=0).handle_hello peer v2:172.21.15.39:3300/0 says I am v2:172.21.15.39:36020/0 (socket says 172.21.15.39:36020)
2024-04-13T04:26:06.408 INFO:teuthology.orchestra.run.smithi039.stdout:/usr/bin/ceph: stderr
2024-04-13T04:26:05.519+0000 7fa15198d700 1 -- 172.21.15.39:0/3035373548 learned_addr learned my addr 172.21.15.39:0/3035373548 (peer_addr_for_me v2:172.21.15.39:0/0)
2024-04-13T04:26:06.408 INFO:teuthology.orchestra.run.smithi039.stdout:/usr/bin/ceph: stderr
2024-04-13T04:26:05.519+0000 7fa15198d700 1 -- 172.21.15.39:0/3035373548 --> [v2:172.21.15.39:3300/0,v1:172.21.15.39:6789/0] -- mon_subscribe({config=0+,monmap=0+}) -- 0x7fa14c1079e0 con 0x7fa14c107080
2024-04-13T04:26:06.408 INFO:teuthology.orchestra.run.smithi039.stdout:/usr/bin/ceph: stderr
2024-04-13T04:26:05.519+0000 7fa15198d700 1 --2- 172.21.15.39:0/3035373548 >> [v2:172.21.15.39:3300/0,v1:172.21.15.39:6789/0] conn(0x7fa14c107080 0x7fa14c1074a0 secure :-1 s=READY pgs=59 cs=0 l=1 rev1=1 crypto rx=0x7fa1400098a0 tx=0x7fa140009bb0 comp rx=0 tx=0).ready entity=mon.0 client_cookie=bfb5381ba61b5dee server_cookie=0 in_seq=0 out_seq=0
2024-04-13T04:26:06.408 INFO:teuthology.orchestra.run.smithi039.stdout:/usr/bin/ceph: stderr
2024-04-13T04:26:05.519+0000 7fa15098b700 1 -- 172.21.15.39:0/3035373548 <== mon.0 v2:172.21.15.39:3300/0 1 ==== mon_map magic: 0 ==== 205+0+0 (secure 0 0 0) 0x7fa140004160 con 0x7fa14c107080
2024-04-13T04:26:06.408 INFO:teuthology.orchestra.run.smithi039.stdout:/usr/bin/ceph: stderr
2024-04-13T04:26:05.519+0000 7fa15098b700 1 -- 172.21.15.39:0/3035373548 <== mon.0 v2:172.21.15.39:3300/0 2 ==== config(29 keys) ==== 1209+0+0 (secure 0 0 0) 0x7fa140004300 con 0x7fa14c107080
2024-04-13T04:26:06.408 INFO:teuthology.orchestra.run.smithi039.stdout:/usr/bin/ceph: stderr
2024-04-13T04:26:05.519+0000 7fa15098b700 1 -- 172.21.15.39:0/3035373548 <== mon.0 v2:172.21.15.39:3300/0 3 ==== mon_map magic: 0 ==== 205+0+0 (secure 0 0 0) 0x7fa140011c70 con 0x7fa14c107080
2024-04-13T04:26:06.408 INFO:teuthology.orchestra.run.smithi039.stdout:/usr/bin/ceph: stderr
2024-04-13T04:26:05.520+0000 7fa153bf1700 1 -- 172.21.15.39:0/3035373548 >> [v2:172.21.15.39:3300/0,v1:172.21.15.39:6789/0] conn(0x7fa14c107080 msgr2=0x7fa14c1074a0 secure :-1 s=STATE_CONNECTION_ESTABLISHED l=1).mark_down
2024-04-13T04:26:06.408 INFO:teuthology.orchestra.run.smithi039.stdout:/usr/bin/ceph: stderr
2024-04-13T04:26:05.520+0000 7fa153bf1700 1 --2- 172.21.15.39:0/3035373548 >> [v2:172.21.15.39:3300/0,v1:172.21.15.39:6789/0] conn(0x7fa14c107080 0x7fa14c1074a0 secure :-1 s=READY pgs=59 cs=0 l=1 rev1=1 crypto rx=0x7fa1400098a0 tx=0x7fa140009bb0 comp rx=0 tx=0).stop
2024-04-13T04:26:06.408 INFO:teuthology.orchestra.run.smithi039.stdout:/usr/bin/ceph: stderr
2024-04-13T04:26:05.520+0000 7fa153bf1700 1 -- 172.21.15.39:0/3035373548 shutdown_connections
2024-04-13T04:26:06.408 INFO:teuthology.orchestra.run.smithi039.stdout:/usr/bin/ceph: stderr
2024-04-13T04:26:05.520+0000 7fa153bf1700 1 --2- 172.21.15.39:0/3035373548 >> [v2:172.21.15.39:3300/0,v1:172.21.15.39:6789/0] conn(0x7fa14c107080 0x7fa14c1074a0 unknown :-1 s=CLOSED pgs=59 cs=0 l=1 rev1=1 crypto rx=0 tx=0 comp rx=0 tx=0).stop
2024-04-13T04:26:06.408 INFO:teuthology.orchestra.run.smithi039.stdout:/usr/bin/ceph: stderr
2024-04-13T04:26:05.520+0000 7fa153bf1700 1 -- 172.21.15.39:0/3035373548 >> 172.21.15.39:0/3035373548 conn(0x7fa14c102d80 msgr2=0x7fa14c1051a0 unknown :-1 s=STATE_NONE l=0).mark_down
2024-04-13T04:26:06.409 INFO:teuthology.orchestra.run.smithi039.stdout:/usr/bin/ceph: stderr
2024-04-13T04:26:05.520+0000 7fa153bf1700 1 -- 172.21.15.39:0/3035373548 shutdown_connections
2024-04-13T04:26:06.409 INFO:teuthology.orchestra.run.smithi039.stdout:/usr/bin/ceph: stderr
2024-04-13T04:26:05.520+0000 7fa153bf1700 1 -- 172.21.15.39:0/3035373548 wait complete.
2024-04-13T04:26:06.409 INFO:teuthology.orchestra.run.smithi039.stdout:/usr/bin/ceph: stderr
2024-04-13T04:26:05.521+0000 7fa153bf1700 1 Processor -- start
2024-04-13T04:26:06.409 INFO:teuthology.orchestra.run.smithi039.stdout:/usr/bin/ceph: stderr
2024-04-13T04:26:05.521+0000 7fa153bf1700 1 -- start start
2024-04-13T04:26:06.409 INFO:teuthology.orchestra.run.smithi039.stdout:/usr/bin/ceph: stderr
2024-04-13T04:26:05.521+0000 7fa153bf1700 1 --2- >> [v2:172.21.15.39:3300/0,v1:172.21.15.39:6789/0] conn(0x7fa14c107080 0x7fa14c19ea00 unknown :-1 s=NONE pgs=0 cs=0 l=1 rev1=0 crypto rx=0 tx=0 comp rx=0 tx=0).connect
2024-04-13T04:26:06.409 INFO:teuthology.orchestra.run.smithi039.stdout:/usr/bin/ceph: stderr
2024-04-13T04:26:05.521+0000 7fa153bf1700 1 -- --> [v2:172.21.15.39:3300/0,v1:172.21.15.39:6789/0] -- mon_getmap magic: 0 -- 0x7fa14c108b70 con 0x7fa14c107080
2024-04-13T04:26:06.409 INFO:teuthology.orchestra.run.smithi039.stdout:/usr/bin/ceph: stderr
2024-04-13T04:26:05.521+0000 7fa15198d700 1 --2- >> [v2:172.21.15.39:3300/0,v1:172.21.15.39:6789/0] conn(0x7fa14c107080 0x7fa14c19ea00 unknown :-1 s=BANNER_CONNECTING pgs=0 cs=0 l=1 rev1=0 crypto rx=0 tx=0 comp rx=0 tx=0)._handle_peer_banner_payload supported=3 required=0
2024-04-13T04:26:06.409 INFO:teuthology.orchestra.run.smithi039.stdout:/usr/bin/ceph: stderr
2024-04-13T04:26:05.521+0000 7fa15198d700 1 --2- >> [v2:172.21.15.39:3300/0,v1:172.21.15.39:6789/0] conn(0x7fa14c107080 0x7fa14c19ea00 unknown :-1 s=HELLO_CONNECTING pgs=0 cs=0 l=1 rev1=1 crypto rx=0 tx=0 comp rx=0 tx=0).handle_hello peer v2:172.21.15.39:3300/0 says I am v2:172.21.15.39:36030/0 (socket says 172.21.15.39:36030)
2024-04-13T04:26:06.409 INFO:teuthology.orchestra.run.smithi039.stdout:/usr/bin/ceph: stderr
2024-04-13T04:26:05.521+0000 7fa15198d700 1 -- 172.21.15.39:0/970673760 learned_addr learned my addr 172.21.15.39:0/970673760 (peer_addr_for_me v2:172.21.15.39:0/0)
2024-04-13T04:26:06.409 INFO:teuthology.orchestra.run.smithi039.stdout:/usr/bin/ceph: stderr
2024-04-13T04:26:05.521+0000 7fa15198d700 1 -- 172.21.15.39:0/970673760 --> [v2:172.21.15.39:3300/0,v1:172.21.15.39:6789/0] -- mon_subscribe({config=0+,monmap=0+}) -- 0x7fa14c19ef40 con 0x7fa14c107080
2024-04-13T04:26:06.409 INFO:teuthology.orchestra.run.smithi039.stdout:/usr/bin/ceph: stderr
2024-04-13T04:26:05.521+0000 7fa15198d700 1 --2- 172.21.15.39:0/970673760 >> [v2:172.21.15.39:3300/0,v1:172.21.15.39:6789/0] conn(0x7fa14c107080 0x7fa14c19ea00 secure :-1 s=READY pgs=60 cs=0 l=1 rev1=1 crypto rx=0x7fa140011930 tx=0x7fa140011a10 comp rx=0 tx=0).ready entity=mon.0 client_cookie=0 server_cookie=0 in_seq=0 out_seq=0
2024-04-13T04:26:06.409 INFO:teuthology.orchestra.run.smithi039.stdout:/usr/bin/ceph: stderr
2024-04-13T04:26:05.522+0000 7fa13effd700 1 -- 172.21.15.39:0/970673760 <== mon.0 v2:172.21.15.39:3300/0 1 ==== mon_map magic: 0 ==== 205+0+0 (secure 0 0 0) 0x7fa1400039e0 con 0x7fa14c107080
2024-04-13T04:26:06.409 INFO:teuthology.orchestra.run.smithi039.stdout:/usr/bin/ceph: stderr
2024-04-13T04:26:05.522+0000 7fa13effd700 1 -- 172.21.15.39:0/970673760 <== mon.0 v2:172.21.15.39:3300/0 2 ==== config(29 keys) ==== 1209+0+0 (secure 0 0 0) 0x7fa140003b80 con 0x7fa14c107080
2024-04-13T04:26:06.409 INFO:teuthology.orchestra.run.smithi039.stdout:/usr/bin/ceph: stderr
2024-04-13T04:26:05.522+0000 7fa13effd700 1 -- 172.21.15.39:0/970673760 <== mon.0 v2:172.21.15.39:3300/0 3 ==== mon_map magic: 0 ==== 205+0+0 (secure 0 0 0) 0x7fa140024560 con 0x7fa14c107080
2024-04-13T04:26:06.410 INFO:teuthology.orchestra.run.smithi039.stdout:/usr/bin/ceph: stderr
2024-04-13T04:26:05.522+0000 7fa153bf1700 1 -- 172.21.15.39:0/970673760 --> [v2:172.21.15.39:3300/0,v1:172.21.15.39:6789/0] -- mon_subscribe({mgrmap=0+}) -- 0x7fa14c19f1d0 con 0x7fa14c107080
2024-04-13T04:26:06.410 INFO:teuthology.orchestra.run.smithi039.stdout:/usr/bin/ceph: stderr
2024-04-13T04:26:05.522+0000 7fa153bf1700 1 -- 172.21.15.39:0/970673760 --> [v2:172.21.15.39:3300/0,v1:172.21.15.39:6789/0] -- mon_subscribe({osdmap=0}) -- 0x7fa14c1a1ec0 con 0x7fa14c107080
2024-04-13T04:26:06.410 INFO:teuthology.orchestra.run.smithi039.stdout:/usr/bin/ceph: stderr
2024-04-13T04:26:05.522+0000 7fa13effd700 1 -- 172.21.15.39:0/970673760 <== mon.0 v2:172.21.15.39:3300/0 4 ==== mgrmap(e 9) ==== 46571+0+0 (secure 0 0 0) 0x7fa140022020 con 0x7fa14c107080
2024-04-13T04:26:06.410 INFO:teuthology.orchestra.run.smithi039.stdout:/usr/bin/ceph: stderr
2024-04-13T04:26:05.523+0000 7fa13effd700 1 --2- 172.21.15.39:0/970673760 >> [v2:172.21.15.39:6800/190635388,v1:172.21.15.39:6801/190635388] conn(0x7fa138039600 0x7fa13803bac0 unknown :-1 s=NONE pgs=0 cs=0 l=1 rev1=0 crypto rx=0 tx=0 comp rx=0 tx=0).connect
2024-04-13T04:26:06.410 INFO:teuthology.orchestra.run.smithi039.stdout:/usr/bin/ceph: stderr
2024-04-13T04:26:05.523+0000 7fa13effd700 1 -- 172.21.15.39:0/970673760 <== mon.0 v2:172.21.15.39:3300/0 5 ==== osd_map(2..2 src has 1..2) ==== 940+0+0 (secure 0 0 0) 0x7fa14004d700 con 0x7fa14c107080
2024-04-13T04:26:06.410 INFO:teuthology.orchestra.run.smithi039.stdout:/usr/bin/ceph: stderr
2024-04-13T04:26:05.523+0000 7fa15118c700 1 -- 172.21.15.39:0/970673760 >> [v2:172.21.15.39:6800/190635388,v1:172.21.15.39:6801/190635388] conn(0x7fa138039600 msgr2=0x7fa13803bac0 unknown :-1 s=STATE_CONNECTING_RE l=1).process reconnect failed to v2:172.21.15.39:6800/190635388
2024-04-13T04:26:06.410 INFO:teuthology.orchestra.run.smithi039.stdout:/usr/bin/ceph: stderr
2024-04-13T04:26:05.523+0000 7fa15118c700 1 --2- 172.21.15.39:0/970673760 >> [v2:172.21.15.39:6800/190635388,v1:172.21.15.39:6801/190635388] conn(0x7fa138039600 0x7fa13803bac0 unknown :-1 s=START_CONNECT pgs=0 cs=0 l=1 rev1=0 crypto rx=0 tx=0 comp rx=0 tx=0)._fault waiting 0.200000
2024-04-13T04:26:06.410 INFO:teuthology.orchestra.run.smithi039.stdout:/usr/bin/ceph: stderr
2024-04-13T04:26:05.523+0000 7fa153bf1700 1 -- 172.21.15.39:0/970673760 --> [v2:172.21.15.39:3300/0,v1:172.21.15.39:6789/0] -- mon_command({"prefix": "get_command_descriptions"} v 0) -- 0x7fa14c064110 con 0x7fa14c107080
2024-04-13T04:26:06.410 INFO:teuthology.orchestra.run.smithi039.stdout:/usr/bin/ceph: stderr
2024-04-13T04:26:05.528+0000 7fa13effd700 1 -- 172.21.15.39:0/970673760 <== mon.0 v2:172.21.15.39:3300/0 6 ==== mon_command_ack([{"prefix": "get_command_descriptions"}]=0 v0) ==== 72+0+188370 (secure 0 0 0) 0x7fa140003da0 con 0x7fa14c107080
2024-04-13T04:26:06.410 INFO:teuthology.orchestra.run.smithi039.stdout:/usr/bin/ceph: stderr
2024-04-13T04:26:05.724+0000 7fa15118c700 1 -- 172.21.15.39:0/970673760 >> [v2:172.21.15.39:6800/190635388,v1:172.21.15.39:6801/190635388] conn(0x7fa138039600 msgr2=0x7fa13803bac0 unknown :-1 s=STATE_CONNECTING_RE l=1).process reconnect failed to v2:172.21.15.39:6800/190635388
2024-04-13T04:26:06.410 INFO:teuthology.orchestra.run.smithi039.stdout:/usr/bin/ceph: stderr
2024-04-13T04:26:05.724+0000 7fa15118c700 1 --2- 172.21.15.39:0/970673760 >> [v2:172.21.15.39:6800/190635388,v1:172.21.15.39:6801/190635388] conn(0x7fa138039600 0x7fa13803bac0 unknown :-1 s=START_CONNECT pgs=0 cs=0 l=1 rev1=0 crypto rx=0 tx=0 comp rx=0 tx=0)._fault waiting 0.400000
2024-04-13T04:26:06.410 INFO:teuthology.orchestra.run.smithi039.stdout:/usr/bin/ceph: stderr
2024-04-13T04:26:05.807+0000 7fa153bf1700 1 -- 172.21.15.39:0/970673760 --> [v2:172.21.15.39:3300/0,v1:172.21.15.39:6789/0] -- mon_command({"prefix": "mgr stat"} v 0) -- 0x7fa14c02e0e0 con 0x7fa14c107080
2024-04-13T04:26:06.410 INFO:teuthology.orchestra.run.smithi039.stdout:/usr/bin/ceph: stderr
2024-04-13T04:26:05.808+0000 7fa13effd700 1 -- 172.21.15.39:0/970673760 <== mon.0 v2:172.21.15.39:3300/0 7 ==== mon_command_ack([{"prefix": "mgr stat"}]=0 v9) ==== 56+0+88 (secure 0 0 0) 0x7fa140032030 con 0x7fa14c107080
2024-04-13T04:26:06.410 INFO:teuthology.orchestra.run.smithi039.stdout:/usr/bin/ceph: stderr
2024-04-13T04:26:05.810+0000 7fa153bf1700 1 -- 172.21.15.39:0/970673760 >> [v2:172.21.15.39:6800/190635388,v1:172.21.15.39:6801/190635388] conn(0x7fa138039600 msgr2=0x7fa13803bac0 unknown :-1 s=STATE_CONNECTING l=1).mark_down
2024-04-13T04:26:06.411 INFO:teuthology.orchestra.run.smithi039.stdout:/usr/bin/ceph: stderr
2024-04-13T04:26:05.810+0000 7fa153bf1700 1 --2- 172.21.15.39:0/970673760 >> [v2:172.21.15.39:6800/190635388,v1:172.21.15.39:6801/190635388] conn(0x7fa138039600 0x7fa13803bac0 unknown :-1 s=START_CONNECT pgs=0 cs=0 l=1 rev1=0 crypto rx=0 tx=0 comp rx=0 tx=0).stop
2024-04-13T04:26:06.411 INFO:teuthology.orchestra.run.smithi039.stdout:/usr/bin/ceph: stderr
2024-04-13T04:26:05.810+0000 7fa153bf1700 1 -- 172.21.15.39:0/970673760 >> [v2:172.21.15.39:3300/0,v1:172.21.15.39:6789/0] conn(0x7fa14c107080 msgr2=0x7fa14c19ea00 secure :-1 s=STATE_CONNECTION_ESTABLISHED l=1).mark_down
2024-04-13T04:26:06.411 INFO:teuthology.orchestra.run.smithi039.stdout:/usr/bin/ceph: stderr
2024-04-13T04:26:05.810+0000 7fa153bf1700 1 --2- 172.21.15.39:0/970673760 >> [v2:172.21.15.39:3300/0,v1:172.21.15.39:6789/0] conn(0x7fa14c107080 0x7fa14c19ea00 secure :-1 s=READY pgs=60 cs=0 l=1 rev1=1 crypto rx=0x7fa140011930 tx=0x7fa140011a10 comp rx=0 tx=0).stop
2024-04-13T04:26:06.411 INFO:teuthology.orchestra.run.smithi039.stdout:/usr/bin/ceph: stderr
2024-04-13T04:26:05.810+0000 7fa153bf1700 1 -- 172.21.15.39:0/970673760 shutdown_connections
2024-04-13T04:26:06.411 INFO:teuthology.orchestra.run.smithi039.stdout:/usr/bin/ceph: stderr
2024-04-13T04:26:05.810+0000 7fa153bf1700 1 --2- 172.21.15.39:0/970673760 >> [v2:172.21.15.39:6800/190635388,v1:172.21.15.39:6801/190635388] conn(0x7fa138039600 0x7fa13803bac0 unknown :-1 s=CLOSED pgs=0 cs=0 l=1 rev1=0 crypto rx=0 tx=0 comp rx=0 tx=0).stop
2024-04-13T04:26:06.411 INFO:teuthology.orchestra.run.smithi039.stdout:/usr/bin/ceph: stderr
2024-04-13T04:26:05.810+0000 7fa153bf1700 1 --2- 172.21.15.39:0/970673760 >> [v2:172.21.15.39:3300/0,v1:172.21.15.39:6789/0] conn(0x7fa14c107080 0x7fa14c19ea00 unknown :-1 s=CLOSED pgs=60 cs=0 l=1 rev1=1 crypto rx=0 tx=0 comp rx=0 tx=0).stop
2024-04-13T04:26:06.411 INFO:teuthology.orchestra.run.smithi039.stdout:/usr/bin/ceph: stderr
2024-04-13T04:26:05.810+0000 7fa153bf1700 1 -- 172.21.15.39:0/970673760 >> 172.21.15.39:0/970673760 conn(0x7fa14c102d80 msgr2=0x7fa14c195670 unknown :-1 s=STATE_NONE l=0).mark_down
2024-04-13T04:26:06.411 INFO:teuthology.orchestra.run.smithi039.stdout:/usr/bin/ceph: stderr
2024-04-13T04:26:05.810+0000 7fa153bf1700 1 -- 172.21.15.39:0/970673760 shutdown_connections
2024-04-13T04:26:06.411 INFO:teuthology.orchestra.run.smithi039.stdout:/usr/bin/ceph: stderr
2024-04-13T04:26:05.810+0000 7fa153bf1700 1 -- 172.21.15.39:0/970673760 wait complete.
2024-04-13T04:26:06.411 INFO:teuthology.orchestra.run.smithi039.stdout:Waiting for the mgr to restart...
2024-04-13T04:26:06.411 INFO:teuthology.orchestra.run.smithi039.stdout:Waiting for mgr epoch 9...
2024-04-13T04:26:06.679 INFO:journalctl@ceph.mon.a.smithi039.stdout:Apr 13 04:26:06 smithi039 ceph-mon[32219]: from='client.? 172.21.15.39:0/970673760' entity='client.admin' cmd=[{"prefix": "mgr stat"}]: dispatch
2024-04-13T04:26:06.679 INFO:journalctl@ceph.mgr.x.smithi039.stdout:Apr 13 04:26:06 smithi039 ceph-9e098d34-f94d-11ee-bc8d-c7b262605968-mgr-x[32462]:
2024-04-13T04:26:06.574+0000 7f376389e200 -1 mgr[py] Module rgw has missing NOTIFY_TYPES member
2024-04-13T04:26:06.679 INFO:journalctl@ceph.mgr.x.smithi039.stdout:Apr 13 04:26:06 smithi039 ceph-9e098d34-f94d-11ee-bc8d-c7b262605968-mgr-x[32462]:
2024-04-13T04:26:06.689+0000 7f376389e200 -1 mgr[py] Module rbd_support has missing NOTIFY_TYPES member
2024-04-13T04:26:07.032 INFO:journalctl@ceph.mgr.x.smithi039.stdout:Apr 13 04:26:06 smithi039 ceph-9e098d34-f94d-11ee-bc8d-c7b262605968-mgr-x[32462]:
2024-04-13T04:26:06.780+0000 7f376389e200 -1 mgr[py] Module progress has missing NOTIFY_TYPES member
2024-04-13T04:26:07.033 INFO:journalctl@ceph.mgr.x.smithi039.stdout:Apr 13 04:26:06 smithi039 ceph-9e098d34-f94d-11ee-bc8d-c7b262605968-mgr-x[32462]:
2024-04-13T04:26:06.881+0000 7f376389e200 -1 mgr[py] Module pg_autoscaler has missing NOTIFY_TYPES member
2024-04-13T04:26:07.375 INFO:journalctl@ceph.mgr.x.smithi039.stdout:Apr 13 04:26:07 smithi039 ceph-9e098d34-f94d-11ee-bc8d-c7b262605968-mgr-x[32462]:
2024-04-13T04:26:07.060+0000 7f376389e200 -1 mgr[py] Module devicehealth has missing NOTIFY_TYPES member
2024-04-13T04:26:08.375 INFO:journalctl@ceph.mgr.x.smithi039.stdout:Apr 13 04:26:08 smithi039 ceph-9e098d34-f94d-11ee-bc8d-c7b262605968-mgr-x[32462]:
2024-04-13T04:26:08.049+0000 7f376389e200 -1 mgr[py] Module rook has missing NOTIFY_TYPES member
2024-04-13T04:26:08.375 INFO:journalctl@ceph.mgr.x.smithi039.stdout:Apr 13 04:26:08 smithi039 ceph-9e098d34-f94d-11ee-bc8d-c7b262605968-mgr-x[32462]:
2024-04-13T04:26:08.184+0000 7f376389e200 -1 mgr[py] Module diskprediction_local has missing NOTIFY_TYPES member
2024-04-13T04:26:08.805 INFO:journalctl@ceph.mgr.x.smithi039.stdout:Apr 13 04:26:08 smithi039 ceph-9e098d34-f94d-11ee-bc8d-c7b262605968-mgr-x[32462]:
2024-04-13T04:26:08.524+0000 7f376389e200 -1 mgr[py] Module selftest has missing NOTIFY_TYPES member
2024-04-13T04:26:08.805 INFO:journalctl@ceph.mgr.x.smithi039.stdout:Apr 13 04:26:08 smithi039 ceph-9e098d34-f94d-11ee-bc8d-c7b262605968-mgr-x[32462]:
2024-04-13T04:26:08.616+0000 7f376389e200 -1 mgr[py] Module telegraf has missing NOTIFY_TYPES member
2024-04-13T04:26:08.805 INFO:journalctl@ceph.mgr.x.smithi039.stdout:Apr 13 04:26:08 smithi039 ceph-9e098d34-f94d-11ee-bc8d-c7b262605968-mgr-x[32462]:
2024-04-13T04:26:08.820+0000 7f376389e200 -1 mgr[py] Module test_orchestrator has missing NOTIFY_TYPES member
2024-04-13T04:26:09.125 INFO:journalctl@ceph.mgr.x.smithi039.stdout:Apr 13 04:26:09 smithi039 ceph-9e098d34-f94d-11ee-bc8d-c7b262605968-mgr-x[32462]:
2024-04-13T04:26:09.010+0000 7f376389e200 -1 mgr[py] Module crash has missing NOTIFY_TYPES member
2024-04-13T04:26:09.552 INFO:journalctl@ceph.mgr.x.smithi039.stdout:Apr 13 04:26:09 smithi039 ceph-9e098d34-f94d-11ee-bc8d-c7b262605968-mgr-x[32462]:
2024-04-13T04:26:09.305+0000 7f376389e200 -1 mgr[py] Module orchestrator has missing NOTIFY_TYPES member
2024-04-13T04:26:09.836 INFO:journalctl@ceph.mgr.x.smithi039.stdout:Apr 13 04:26:09 smithi039 ceph-9e098d34-f94d-11ee-bc8d-c7b262605968-mgr-x[32462]:
2024-04-13T04:26:09.567+0000 7f376389e200 -1 mgr[py] Module osd_support has missing NOTIFY_TYPES member
2024-04-13T04:26:09.836 INFO:journalctl@ceph.mgr.x.smithi039.stdout:Apr 13 04:26:09 smithi039 ceph-9e098d34-f94d-11ee-bc8d-c7b262605968-mgr-x[32462]:
2024-04-13T04:26:09.813+0000 7f376389e200 -1 mgr[py] Module volumes has missing NOTIFY_TYPES member
2024-04-13T04:26:11.125 INFO:journalctl@ceph.mgr.x.smithi039.stdout:Apr 13 04:26:10 smithi039 ceph-9e098d34-f94d-11ee-bc8d-c7b262605968-mgr-x[32462]:
2024-04-13T04:26:10.644+0000 7f376389e200 -1 mgr[py] Module telemetry has missing NOTIFY_TYPES member
2024-04-13T04:26:11.539 INFO:journalctl@ceph.mgr.x.smithi039.stdout:Apr 13 04:26:11 smithi039 ceph-9e098d34-f94d-11ee-bc8d-c7b262605968-mgr-x[32462]:
2024-04-13T04:26:11.229+0000 7f376389e200 -1 mgr[py] Module prometheus has missing NOTIFY_TYPES member
2024-04-13T04:26:11.539 INFO:journalctl@ceph.mgr.x.smithi039.stdout:Apr 13 04:26:11 smithi039 ceph-9e098d34-f94d-11ee-bc8d-c7b262605968-mgr-x[32462]:
2024-04-13T04:26:11.331+0000 7f376389e200 -1 mgr[py] Module status has missing NOTIFY_TYPES member
2024-04-13T04:26:11.539 INFO:journalctl@ceph.mgr.x.smithi039.stdout:Apr 13 04:26:11 smithi039 ceph-9e098d34-f94d-11ee-bc8d-c7b262605968-mgr-x[32462]:
2024-04-13T04:26:11.554+0000 7f376389e200 -1 mgr[py] Module nfs has missing NOTIFY_TYPES member
2024-04-13T04:26:11.875 INFO:journalctl@ceph.mon.a.smithi039.stdout:Apr 13 04:26:11 smithi039 ceph-mon[32219]: Active manager daemon x restarted
2024-04-13T04:26:11.875 INFO:journalctl@ceph.mon.a.smithi039.stdout:Apr 13 04:26:11 smithi039 ceph-mon[32219]: Activating manager daemon x
2024-04-13T04:26:11.875 INFO:journalctl@ceph.mon.a.smithi039.stdout:Apr 13 04:26:11 smithi039 ceph-mon[32219]: osdmap e3: 0 total, 0 up, 0 in
2024-04-13T04:26:11.876 INFO:journalctl@ceph.mon.a.smithi039.stdout:Apr 13 04:26:11 smithi039 ceph-mon[32219]: mgrmap e10: x(active, starting, since 0.00598973s)
2024-04-13T04:26:11.876 INFO:journalctl@ceph.mon.a.smithi039.stdout:Apr 13 04:26:11 smithi039 ceph-mon[32219]: from='mgr.14152 172.21.15.39:0/1647965163' entity='mgr.x' cmd=[{"prefix": "mon metadata", "id": "a"}]: dispatch
2024-04-13T04:26:11.876 INFO:journalctl@ceph.mon.a.smithi039.stdout:Apr 13 04:26:11 smithi039 ceph-mon[32219]: from='mgr.14152 172.21.15.39:0/1647965163' entity='mgr.x' cmd=[{"prefix": "mgr metadata", "who": "x", "id": "x"}]: dispatch
2024-04-13T04:26:11.876 INFO:journalctl@ceph.mon.a.smithi039.stdout:Apr 13 04:26:11 smithi039 ceph-mon[32219]: from='mgr.14152 172.21.15.39:0/1647965163' entity='mgr.x' cmd=[{"prefix": "mds metadata"}]: dispatch
