2024-04-13T05:04:44.124+0000 7f05fa800700 1 -- 172.21.15.57:0/3873080576 --> [v2:172.21.15.57:3300/0,v1:172.21.15.57:6789/0] -- mon_command({"prefix": "get_command_descriptions"} v 0) -- 0x7f05f4064110 con 0x7f05f410a450
2024-04-13T05:04:52.135 INFO:teuthology.orchestra.run.smithi057.stdout:/usr/bin/ceph: stderr
2024-04-13T05:04:44.124+0000 7f05ebe00700 1 --2- 172.21.15.57:0/3873080576 >> [v2:172.21.15.57:6800/3670387557,v1:172.21.15.57:6801/3670387557] conn(0x7f05d8039670 0x7f05d803bb30 unknown :-1 s=NONE pgs=0 cs=0 l=1 rev1=0 crypto rx=0 tx=0 comp rx=0 tx=0).connect
2024-04-13T05:04:52.135 INFO:teuthology.orchestra.run.smithi057.stdout:/usr/bin/ceph: stderr
2024-04-13T05:04:44.125+0000 7f05ebe00700 1 -- 172.21.15.57:0/3873080576 <== mon.0 v2:172.21.15.57:3300/0 5 ==== osd_map(2..2 src has 1..2) ==== 940+0+0 (secure 0 0 0) 0x7f05e404db90 con 0x7f05f410a450
2024-04-13T05:04:52.135 INFO:teuthology.orchestra.run.smithi057.stdout:/usr/bin/ceph: stderr
2024-04-13T05:04:44.125+0000 7f05f2a00700 1 --2- 172.21.15.57:0/3873080576 >> [v2:172.21.15.57:6800/3670387557,v1:172.21.15.57:6801/3670387557] conn(0x7f05d8039670 0x7f05d803bb30 unknown :-1 s=BANNER_CONNECTING pgs=0 cs=0 l=1 rev1=0 crypto rx=0 tx=0 comp rx=0 tx=0)._handle_peer_banner_payload supported=3 required=0
2024-04-13T05:04:52.135 INFO:teuthology.orchestra.run.smithi057.stdout:/usr/bin/ceph: stderr
2024-04-13T05:04:44.125+0000 7f05f2a00700 1 --2- 172.21.15.57:0/3873080576 >> [v2:172.21.15.57:6800/3670387557,v1:172.21.15.57:6801/3670387557] conn(0x7f05d8039670 0x7f05d803bb30 secure :-1 s=READY pgs=11 cs=0 l=1 rev1=1 crypto rx=0x7f05e0006fd0 tx=0x7f05e0006e40 comp rx=0 tx=0).ready entity=mgr.14120 client_cookie=0 server_cookie=0 in_seq=0 out_seq=0
2024-04-13T05:04:52.135 INFO:teuthology.orchestra.run.smithi057.stdout:/usr/bin/ceph: stderr
2024-04-13T05:04:44.130+0000 7f05ebe00700 1 -- 172.21.15.57:0/3873080576 <== mon.0 v2:172.21.15.57:3300/0 6 ==== mon_command_ack([{"prefix": "get_command_descriptions"}]=0 v0) ==== 72+0+188370 (secure 0 0 0) 0x7f05e400fda0 con 0x7f05f410a450
2024-04-13T05:04:52.136 INFO:teuthology.orchestra.run.smithi057.stdout:/usr/bin/ceph: stderr
2024-04-13T05:04:44.365+0000 7f05fa800700 1 -- 172.21.15.57:0/3873080576 --> [v2:172.21.15.57:6800/3670387557,v1:172.21.15.57:6801/3670387557] -- mgr_command(tid 0: {"prefix": "orch host add", "hostname": "smithi057", "addr": "172.21.15.57", "target": ["mon-mgr", ""]}) -- 0x7f05f4108230 con 0x7f05d8039670
2024-04-13T05:04:52.136 INFO:teuthology.orchestra.run.smithi057.stdout:/usr/bin/ceph: stderr
2024-04-13T05:04:51.220+0000 7f05ebe00700 1 -- 172.21.15.57:0/3873080576 <== mgr.14120 v2:172.21.15.57:6800/3670387557 1 ==== mgr_command_reply(tid 0: 0 ) ==== 8+0+48 (secure 0 0 0) 0x7f05f4108230 con 0x7f05d8039670
2024-04-13T05:04:52.136 INFO:teuthology.orchestra.run.smithi057.stdout:/usr/bin/ceph: stderr
2024-04-13T05:04:51.224+0000 7f05fa800700 1 -- 172.21.15.57:0/3873080576 >> [v2:172.21.15.57:6800/3670387557,v1:172.21.15.57:6801/3670387557] conn(0x7f05d8039670 msgr2=0x7f05d803bb30 secure :-1 s=STATE_CONNECTION_ESTABLISHED l=1).mark_down
2024-04-13T05:04:52.137 INFO:teuthology.orchestra.run.smithi057.stdout:/usr/bin/ceph: stderr
2024-04-13T05:04:51.225+0000 7f05fa800700 1 --2- 172.21.15.57:0/3873080576 >> [v2:172.21.15.57:6800/3670387557,v1:172.21.15.57:6801/3670387557] conn(0x7f05d8039670 0x7f05d803bb30 secure :-1 s=READY pgs=11 cs=0 l=1 rev1=1 crypto rx=0x7f05e0006fd0 tx=0x7f05e0006e40 comp rx=0 tx=0).stop
2024-04-13T05:04:52.137 INFO:teuthology.orchestra.run.smithi057.stdout:/usr/bin/ceph: stderr
2024-04-13T05:04:51.225+0000 7f05fa800700 1 -- 172.21.15.57:0/3873080576 >> [v2:172.21.15.57:3300/0,v1:172.21.15.57:6789/0] conn(0x7f05f410a450 msgr2=0x7f05f419e2a0 secure :-1 s=STATE_CONNECTION_ESTABLISHED l=1).mark_down
2024-04-13T05:04:52.137 INFO:teuthology.orchestra.run.smithi057.stdout:/usr/bin/ceph: stderr
2024-04-13T05:04:51.225+0000 7f05fa800700 1 --2- 172.21.15.57:0/3873080576 >> [v2:172.21.15.57:3300/0,v1:172.21.15.57:6789/0] conn(0x7f05f410a450 0x7f05f419e2a0 secure :-1 s=READY pgs=46 cs=0 l=1 rev1=1 crypto rx=0x7f05e4006af0 tx=0x7f05e4011b70 comp rx=0 tx=0).stop
2024-04-13T05:04:52.137 INFO:teuthology.orchestra.run.smithi057.stdout:/usr/bin/ceph: stderr
2024-04-13T05:04:51.225+0000 7f05fa800700 1 -- 172.21.15.57:0/3873080576 shutdown_connections
2024-04-13T05:04:52.138 INFO:teuthology.orchestra.run.smithi057.stdout:/usr/bin/ceph: stderr
2024-04-13T05:04:51.225+0000 7f05fa800700 1 --2- 172.21.15.57:0/3873080576 >> [v2:172.21.15.57:6800/3670387557,v1:172.21.15.57:6801/3670387557] conn(0x7f05d8039670 0x7f05d803bb30 unknown :-1 s=CLOSED pgs=11 cs=0 l=1 rev1=1 crypto rx=0 tx=0 comp rx=0 tx=0).stop
2024-04-13T05:04:52.138 INFO:teuthology.orchestra.run.smithi057.stdout:/usr/bin/ceph: stderr
2024-04-13T05:04:51.225+0000 7f05fa800700 1 --2- 172.21.15.57:0/3873080576 >> [v2:172.21.15.57:3300/0,v1:172.21.15.57:6789/0] conn(0x7f05f410a450 0x7f05f419e2a0 unknown :-1 s=CLOSED pgs=46 cs=0 l=1 rev1=1 crypto rx=0 tx=0 comp rx=0 tx=0).stop
2024-04-13T05:04:52.138 INFO:teuthology.orchestra.run.smithi057.stdout:/usr/bin/ceph: stderr
2024-04-13T05:04:51.225+0000 7f05fa800700 1 -- 172.21.15.57:0/3873080576 >> 172.21.15.57:0/3873080576 conn(0x7f05f407db30 msgr2=0x7f05f4107b20 unknown :-1 s=STATE_NONE l=0).mark_down
2024-04-13T05:04:52.138 INFO:teuthology.orchestra.run.smithi057.stdout:/usr/bin/ceph: stderr
2024-04-13T05:04:51.226+0000 7f05fa800700 1 -- 172.21.15.57:0/3873080576 shutdown_connections
2024-04-13T05:04:52.138 INFO:teuthology.orchestra.run.smithi057.stdout:/usr/bin/ceph: stderr
2024-04-13T05:04:51.226+0000 7f05fa800700 1 -- 172.21.15.57:0/3873080576 wait complete.
2024-04-13T05:04:52.138 INFO:teuthology.orchestra.run.smithi057.stdout:Deploying unmanaged mon service...
2024-04-13T05:04:52.464 INFO:journalctl@ceph.mon.a.smithi057.stdout:Apr 13 05:04:52 smithi057 ceph-mon[32331]: from='mgr.14120 172.21.15.57:0/1133481434' entity='mgr.x'
2024-04-13T05:04:52.464 INFO:journalctl@ceph.mon.a.smithi057.stdout:Apr 13 05:04:52 smithi057 ceph-mon[32331]: Added host smithi057
2024-04-13T05:04:52.464 INFO:journalctl@ceph.mon.a.smithi057.stdout:Apr 13 05:04:52 smithi057 ceph-mon[32331]: from='mgr.14120 172.21.15.57:0/1133481434' entity='mgr.x' cmd=[{"prefix": "config dump", "format": "json"}]: dispatch
2024-04-13T05:04:54.405 INFO:journalctl@ceph.mon.a.smithi057.stdout:Apr 13 05:04:54 smithi057 ceph-mon[32331]: from='client.14142 -' entity='client.admin' cmd=[{"prefix": "orch apply", "service_type": "mon", "unmanaged": true, "target": ["mon-mgr", ""]}]: dispatch
2024-04-13T05:04:54.405 INFO:journalctl@ceph.mon.a.smithi057.stdout:Apr 13 05:04:54 smithi057 ceph-mon[32331]: Saving service mon spec with placement count:5
2024-04-13T05:04:54.405 INFO:journalctl@ceph.mon.a.smithi057.stdout:Apr 13 05:04:54 smithi057 ceph-mon[32331]: from='mgr.14120 172.21.15.57:0/1133481434' entity='mgr.x'
2024-04-13T05:04:54.719 INFO:teuthology.orchestra.run.smithi057.stdout:/usr/bin/ceph: stdout Scheduled mon update...
2024-04-13T05:04:54.719 INFO:teuthology.orchestra.run.smithi057.stdout:/usr/bin/ceph: stderr
2024-04-13T05:04:52.820+0000 7fd74ae00700 1 Processor -- start
2024-04-13T05:04:54.719 INFO:teuthology.orchestra.run.smithi057.stdout:/usr/bin/ceph: stderr
2024-04-13T05:04:52.821+0000 7fd74ae00700 1 -- start start
2024-04-13T05:04:54.719 INFO:teuthology.orchestra.run.smithi057.stdout:/usr/bin/ceph: stderr
2024-04-13T05:04:52.821+0000 7fd74ae00700 1 --2- >> [v2:172.21.15.57:3300/0,v1:172.21.15.57:6789/0] conn(0x7fd74410ee50 0x7fd744111240 unknown :-1 s=NONE pgs=0 cs=0 l=0 rev1=0 crypto rx=0 tx=0 comp rx=0 tx=0).connect
2024-04-13T05:04:54.719 INFO:teuthology.orchestra.run.smithi057.stdout:/usr/bin/ceph: stderr
2024-04-13T05:04:52.821+0000 7fd74ae00700 1 -- --> [v2:172.21.15.57:3300/0,v1:172.21.15.57:6789/0] -- mon_getmap magic: 0 -- 0x7fd744111810 con 0x7fd74410ee50
2024-04-13T05:04:54.719 INFO:teuthology.orchestra.run.smithi057.stdout:/usr/bin/ceph: stderr
2024-04-13T05:04:52.822+0000 7fd749a00700 1 --2- >> [v2:172.21.15.57:3300/0,v1:172.21.15.57:6789/0] conn(0x7fd74410ee50 0x7fd744111240 unknown :-1 s=BANNER_CONNECTING pgs=0 cs=0 l=0 rev1=0 crypto rx=0 tx=0 comp rx=0 tx=0)._handle_peer_banner_payload supported=3 required=0
2024-04-13T05:04:54.719 INFO:teuthology.orchestra.run.smithi057.stdout:/usr/bin/ceph: stderr
2024-04-13T05:04:52.822+0000 7fd749a00700 1 --2- >> [v2:172.21.15.57:3300/0,v1:172.21.15.57:6789/0] conn(0x7fd74410ee50 0x7fd744111240 unknown :-1 s=HELLO_CONNECTING pgs=0 cs=0 l=0 rev1=1 crypto rx=0 tx=0 comp rx=0 tx=0).handle_hello peer v2:172.21.15.57:3300/0 says I am v2:172.21.15.57:57080/0 (socket says 172.21.15.57:57080)
2024-04-13T05:04:54.719 INFO:teuthology.orchestra.run.smithi057.stdout:/usr/bin/ceph: stderr
2024-04-13T05:04:52.822+0000 7fd749a00700 1 -- 172.21.15.57:0/3062229975 learned_addr learned my addr 172.21.15.57:0/3062229975 (peer_addr_for_me v2:172.21.15.57:0/0)
2024-04-13T05:04:54.720 INFO:teuthology.orchestra.run.smithi057.stdout:/usr/bin/ceph: stderr
2024-04-13T05:04:52.822+0000 7fd749a00700 1 -- 172.21.15.57:0/3062229975 --> [v2:172.21.15.57:3300/0,v1:172.21.15.57:6789/0] -- mon_subscribe({config=0+,monmap=0+}) -- 0x7fd744111990 con 0x7fd74410ee50
2024-04-13T05:04:54.720 INFO:teuthology.orchestra.run.smithi057.stdout:/usr/bin/ceph: stderr
2024-04-13T05:04:52.822+0000 7fd749a00700 1 --2- 172.21.15.57:0/3062229975 >> [v2:172.21.15.57:3300/0,v1:172.21.15.57:6789/0] conn(0x7fd74410ee50 0x7fd744111240 secure :-1 s=READY pgs=47 cs=0 l=1 rev1=1 crypto rx=0x7fd7380098a0 tx=0x7fd738009bb0 comp rx=0 tx=0).ready entity=mon.0 client_cookie=4e3486677bf7273c server_cookie=0 in_seq=0 out_seq=0
2024-04-13T05:04:54.720 INFO:teuthology.orchestra.run.smithi057.stdout:/usr/bin/ceph: stderr
2024-04-13T05:04:52.823+0000 7fd743e00700 1 -- 172.21.15.57:0/3062229975 <== mon.0 v2:172.21.15.57:3300/0 1 ==== mon_map magic: 0 ==== 205+0+0 (secure 0 0 0) 0x7fd738004160 con 0x7fd74410ee50
2024-04-13T05:04:54.720 INFO:teuthology.orchestra.run.smithi057.stdout:/usr/bin/ceph: stderr
2024-04-13T05:04:52.823+0000 7fd743e00700 1 -- 172.21.15.57:0/3062229975 <== mon.0 v2:172.21.15.57:3300/0 2 ==== config(26 keys) ==== 1071+0+0 (secure 0 0 0) 0x7fd738004300 con 0x7fd74410ee50
2024-04-13T05:04:54.720 INFO:teuthology.orchestra.run.smithi057.stdout:/usr/bin/ceph: stderr
2024-04-13T05:04:52.823+0000 7fd743e00700 1 -- 172.21.15.57:0/3062229975 <== mon.0 v2:172.21.15.57:3300/0 3 ==== mon_map magic: 0 ==== 205+0+0 (secure 0 0 0) 0x7fd738011a80 con 0x7fd74410ee50
2024-04-13T05:04:54.720 INFO:teuthology.orchestra.run.smithi057.stdout:/usr/bin/ceph: stderr
2024-04-13T05:04:52.823+0000 7fd74ae00700 1 -- 172.21.15.57:0/3062229975 >> [v2:172.21.15.57:3300/0,v1:172.21.15.57:6789/0] conn(0x7fd74410ee50 msgr2=0x7fd744111240 secure :-1 s=STATE_CONNECTION_ESTABLISHED l=1).mark_down
2024-04-13T05:04:54.720 INFO:teuthology.orchestra.run.smithi057.stdout:/usr/bin/ceph: stderr
2024-04-13T05:04:52.823+0000 7fd74ae00700 1 --2- 172.21.15.57:0/3062229975 >> [v2:172.21.15.57:3300/0,v1:172.21.15.57:6789/0] conn(0x7fd74410ee50 0x7fd744111240 secure :-1 s=READY pgs=47 cs=0 l=1 rev1=1 crypto rx=0x7fd7380098a0 tx=0x7fd738009bb0 comp rx=0 tx=0).stop
2024-04-13T05:04:54.720 INFO:teuthology.orchestra.run.smithi057.stdout:/usr/bin/ceph: stderr
2024-04-13T05:04:52.824+0000 7fd74ae00700 1 -- 172.21.15.57:0/3062229975 shutdown_connections
2024-04-13T05:04:54.720 INFO:teuthology.orchestra.run.smithi057.stdout:/usr/bin/ceph: stderr
2024-04-13T05:04:52.824+0000 7fd74ae00700 1 --2- 172.21.15.57:0/3062229975 >> [v2:172.21.15.57:3300/0,v1:172.21.15.57:6789/0] conn(0x7fd74410ee50 0x7fd744111240 unknown :-1 s=CLOSED pgs=47 cs=0 l=1 rev1=1 crypto rx=0 tx=0 comp rx=0 tx=0).stop
2024-04-13T05:04:54.720 INFO:teuthology.orchestra.run.smithi057.stdout:/usr/bin/ceph: stderr
2024-04-13T05:04:52.824+0000 7fd74ae00700 1 -- 172.21.15.57:0/3062229975 >> 172.21.15.57:0/3062229975 conn(0x7fd74407d6a0 msgr2=0x7fd74407fac0 unknown :-1 s=STATE_NONE l=0).mark_down
2024-04-13T05:04:54.720 INFO:teuthology.orchestra.run.smithi057.stdout:/usr/bin/ceph: stderr
2024-04-13T05:04:52.824+0000 7fd74ae00700 1 -- 172.21.15.57:0/3062229975 shutdown_connections
2024-04-13T05:04:54.720 INFO:teuthology.orchestra.run.smithi057.stdout:/usr/bin/ceph: stderr
2024-04-13T05:04:52.824+0000 7fd74ae00700 1 -- 172.21.15.57:0/3062229975 wait complete.
2024-04-13T05:04:54.720 INFO:teuthology.orchestra.run.smithi057.stdout:/usr/bin/ceph: stderr
2024-04-13T05:04:52.825+0000 7fd74ae00700 1 Processor -- start
2024-04-13T05:04:54.720 INFO:teuthology.orchestra.run.smithi057.stdout:/usr/bin/ceph: stderr
2024-04-13T05:04:52.825+0000 7fd74ae00700 1 -- start start
2024-04-13T05:04:54.721 INFO:teuthology.orchestra.run.smithi057.stdout:/usr/bin/ceph: stderr
2024-04-13T05:04:52.825+0000 7fd74ae00700 1 --2- >> [v2:172.21.15.57:3300/0,v1:172.21.15.57:6789/0] conn(0x7fd74410ee50 0x7fd7441a2540 unknown :-1 s=NONE pgs=0 cs=0 l=1 rev1=0 crypto rx=0 tx=0 comp rx=0 tx=0).connect
2024-04-13T05:04:54.721 INFO:teuthology.orchestra.run.smithi057.stdout:/usr/bin/ceph: stderr
2024-04-13T05:04:52.825+0000 7fd74ae00700 1 -- --> [v2:172.21.15.57:3300/0,v1:172.21.15.57:6789/0] -- mon_getmap magic: 0 -- 0x7fd744112a10 con 0x7fd74410ee50
2024-04-13T05:04:54.721 INFO:teuthology.orchestra.run.smithi057.stdout:/usr/bin/ceph: stderr
2024-04-13T05:04:52.826+0000 7fd749a00700 1 --2- >> [v2:172.21.15.57:3300/0,v1:172.21.15.57:6789/0] conn(0x7fd74410ee50 0x7fd7441a2540 unknown :-1 s=BANNER_CONNECTING pgs=0 cs=0 l=1 rev1=0 crypto rx=0 tx=0 comp rx=0 tx=0)._handle_peer_banner_payload supported=3 required=0
2024-04-13T05:04:54.721 INFO:teuthology.orchestra.run.smithi057.stdout:/usr/bin/ceph: stderr
2024-04-13T05:04:52.826+0000 7fd749a00700 1 --2- >> [v2:172.21.15.57:3300/0,v1:172.21.15.57:6789/0] conn(0x7fd74410ee50 0x7fd7441a2540 unknown :-1 s=HELLO_CONNECTING pgs=0 cs=0 l=1 rev1=1 crypto rx=0 tx=0 comp rx=0 tx=0).handle_hello peer v2:172.21.15.57:3300/0 says I am v2:172.21.15.57:57096/0 (socket says 172.21.15.57:57096)
2024-04-13T05:04:54.721 INFO:teuthology.orchestra.run.smithi057.stdout:/usr/bin/ceph: stderr
2024-04-13T05:04:52.826+0000 7fd749a00700 1 -- 172.21.15.57:0/680084535 learned_addr learned my addr 172.21.15.57:0/680084535 (peer_addr_for_me v2:172.21.15.57:0/0)
2024-04-13T05:04:54.721 INFO:teuthology.orchestra.run.smithi057.stdout:/usr/bin/ceph: stderr
2024-04-13T05:04:52.826+0000 7fd749a00700 1 -- 172.21.15.57:0/680084535 --> [v2:172.21.15.57:3300/0,v1:172.21.15.57:6789/0] -- mon_subscribe({config=0+,monmap=0+}) -- 0x7fd7441a2a80 con 0x7fd74410ee50
2024-04-13T05:04:54.721 INFO:teuthology.orchestra.run.smithi057.stdout:/usr/bin/ceph: stderr
2024-04-13T05:04:52.826+0000 7fd749a00700 1 --2- 172.21.15.57:0/680084535 >> [v2:172.21.15.57:3300/0,v1:172.21.15.57:6789/0] conn(0x7fd74410ee50 0x7fd7441a2540 secure :-1 s=READY pgs=48 cs=0 l=1 rev1=1 crypto rx=0x7fd738000c00 tx=0x7fd738004290 comp rx=0 tx=0).ready entity=mon.0 client_cookie=0 server_cookie=0 in_seq=0 out_seq=0
2024-04-13T05:04:54.721 INFO:teuthology.orchestra.run.smithi057.stdout:/usr/bin/ceph: stderr
2024-04-13T05:04:52.827+0000 7fd742000700 1 -- 172.21.15.57:0/680084535 <== mon.0 v2:172.21.15.57:3300/0 1 ==== mon_map magic: 0 ==== 205+0+0 (secure 0 0 0) 0x7fd7380039c0 con 0x7fd74410ee50
2024-04-13T05:04:54.721 INFO:teuthology.orchestra.run.smithi057.stdout:/usr/bin/ceph: stderr
2024-04-13T05:04:52.827+0000 7fd742000700 1 -- 172.21.15.57:0/680084535 <== mon.0 v2:172.21.15.57:3300/0 2 ==== config(26 keys) ==== 1071+0+0 (secure 0 0 0) 0x7fd738003b60 con 0x7fd74410ee50
2024-04-13T05:04:54.721 INFO:teuthology.orchestra.run.smithi057.stdout:/usr/bin/ceph: stderr
2024-04-13T05:04:52.827+0000 7fd742000700 1 -- 172.21.15.57:0/680084535 <== mon.0 v2:172.21.15.57:3300/0 3 ==== mon_map magic: 0 ==== 205+0+0 (secure 0 0 0) 0x7fd73801a6f0 con 0x7fd74410ee50
2024-04-13T05:04:54.721 INFO:teuthology.orchestra.run.smithi057.stdout:/usr/bin/ceph: stderr
2024-04-13T05:04:52.827+0000 7fd74ae00700 1 -- 172.21.15.57:0/680084535 --> [v2:172.21.15.57:3300/0,v1:172.21.15.57:6789/0] -- mon_subscribe({mgrmap=0+}) -- 0x7fd7441a2d10 con 0x7fd74410ee50
2024-04-13T05:04:54.721 INFO:teuthology.orchestra.run.smithi057.stdout:/usr/bin/ceph: stderr
2024-04-13T05:04:52.827+0000 7fd74ae00700 1 -- 172.21.15.57:0/680084535 --> [v2:172.21.15.57:3300/0,v1:172.21.15.57:6789/0] -- mon_subscribe({osdmap=0}) -- 0x7fd7441a5a00 con 0x7fd74410ee50
2024-04-13T05:04:54.721 INFO:teuthology.orchestra.run.smithi057.stdout:/usr/bin/ceph: stderr
2024-04-13T05:04:52.828+0000 7fd742000700 1 -- 172.21.15.57:0/680084535 <== mon.0 v2:172.21.15.57:3300/0 4 ==== mgrmap(e 8) ==== 46558+0+0 (secure 0 0 0) 0x7fd738024a40 con 0x7fd74410ee50
2024-04-13T05:04:54.721 INFO:teuthology.orchestra.run.smithi057.stdout:/usr/bin/ceph: stderr
2024-04-13T05:04:52.828+0000 7fd74ae00700 1 -- 172.21.15.57:0/680084535 --> [v2:172.21.15.57:3300/0,v1:172.21.15.57:6789/0] -- mon_command({"prefix": "get_command_descriptions"} v 0) -- 0x7fd744064110 con 0x7fd74410ee50
2024-04-13T05:04:54.721 INFO:teuthology.orchestra.run.smithi057.stdout:/usr/bin/ceph: stderr
2024-04-13T05:04:52.829+0000 7fd742000700 1 --2- 172.21.15.57:0/680084535 >> [v2:172.21.15.57:6800/3670387557,v1:172.21.15.57:6801/3670387557] conn(0x7fd72c0396c0 0x7fd72c03bb80 unknown :-1 s=NONE pgs=0 cs=0 l=1 rev1=0 crypto rx=0 tx=0 comp rx=0 tx=0).connect
2024-04-13T05:04:54.722 INFO:teuthology.orchestra.run.smithi057.stdout:/usr/bin/ceph: stderr
2024-04-13T05:04:52.829+0000 7fd742000700 1 -- 172.21.15.57:0/680084535 <== mon.0 v2:172.21.15.57:3300/0 5 ==== osd_map(2..2 src has 1..2) ==== 940+0+0 (secure 0 0 0) 0x7fd73804daa0 con 0x7fd74410ee50
2024-04-13T05:04:54.722 INFO:teuthology.orchestra.run.smithi057.stdout:/usr/bin/ceph: stderr
2024-04-13T05:04:52.829+0000 7fd749000700 1 --2- 172.21.15.57:0/680084535 >> [v2:172.21.15.57:6800/3670387557,v1:172.21.15.57:6801/3670387557] conn(0x7fd72c0396c0 0x7fd72c03bb80 unknown :-1 s=BANNER_CONNECTING pgs=0 cs=0 l=1 rev1=0 crypto rx=0 tx=0 comp rx=0 tx=0)._handle_peer_banner_payload supported=3 required=0
2024-04-13T05:04:54.722 INFO:teuthology.orchestra.run.smithi057.stdout:/usr/bin/ceph: stderr
2024-04-13T05:04:52.830+0000 7fd749000700 1 --2- 172.21.15.57:0/680084535 >> [v2:172.21.15.57:6800/3670387557,v1:172.21.15.57:6801/3670387557] conn(0x7fd72c0396c0 0x7fd72c03bb80 secure :-1 s=READY pgs=12 cs=0 l=1 rev1=1 crypto rx=0x7fd730006fd0 tx=0x7fd730006e40 comp rx=0 tx=0).ready entity=mgr.14120 client_cookie=0 server_cookie=0 in_seq=0 out_seq=0
2024-04-13T05:04:54.722 INFO:teuthology.orchestra.run.smithi057.stdout:/usr/bin/ceph: stderr
2024-04-13T05:04:52.835+0000 7fd742000700 1 -- 172.21.15.57:0/680084535 <== mon.0 v2:172.21.15.57:3300/0 6 ==== mon_command_ack([{"prefix": "get_command_descriptions"}]=0 v0) ==== 72+0+188370 (secure 0 0 0) 0x7fd73800f2e0 con 0x7fd74410ee50
2024-04-13T05:04:54.722 INFO:teuthology.orchestra.run.smithi057.stdout:/usr/bin/ceph: stderr
2024-04-13T05:04:53.091+0000 7fd74ae00700 1 -- 172.21.15.57:0/680084535 --> [v2:172.21.15.57:6800/3670387557,v1:172.21.15.57:6801/3670387557] -- mgr_command(tid 0: {"prefix": "orch apply", "service_type": "mon", "unmanaged": true, "target": ["mon-mgr", ""]}) -- 0x7fd74407e830 con 0x7fd72c0396c0
2024-04-13T05:04:54.722 INFO:teuthology.orchestra.run.smithi057.stdout:/usr/bin/ceph: stderr
2024-04-13T05:04:53.100+0000 7fd742000700 1 -- 172.21.15.57:0/680084535 <== mgr.14120 v2:172.21.15.57:6800/3670387557 1 ==== mgr_command_reply(tid 0: 0 ) ==== 8+0+24 (secure 0 0 0) 0x7fd74407e830 con 0x7fd72c0396c0
2024-04-13T05:04:54.722 INFO:teuthology.orchestra.run.smithi057.stdout:/usr/bin/ceph: stderr
2024-04-13T05:04:53.103+0000 7fd74ae00700 1 -- 172.21.15.57:0/680084535 >> [v2:172.21.15.57:6800/3670387557,v1:172.21.15.57:6801/3670387557] conn(0x7fd72c0396c0 msgr2=0x7fd72c03bb80 secure :-1 s=STATE_CONNECTION_ESTABLISHED l=1).mark_down
2024-04-13T05:04:54.722 INFO:teuthology.orchestra.run.smithi057.stdout:/usr/bin/ceph: stderr
2024-04-13T05:04:53.103+0000 7fd74ae00700 1 --2- 172.21.15.57:0/680084535 >> [v2:172.21.15.57:6800/3670387557,v1:172.21.15.57:6801/3670387557] conn(0x7fd72c0396c0 0x7fd72c03bb80 secure :-1 s=READY pgs=12 cs=0 l=1 rev1=1 crypto rx=0x7fd730006fd0 tx=0x7fd730006e40 comp rx=0 tx=0).stop
2024-04-13T05:04:54.722 INFO:teuthology.orchestra.run.smithi057.stdout:/usr/bin/ceph: stderr
2024-04-13T05:04:53.103+0000 7fd74ae00700 1 -- 172.21.15.57:0/680084535 >> [v2:172.21.15.57:3300/0,v1:172.21.15.57:6789/0] conn(0x7fd74410ee50 msgr2=0x7fd7441a2540 secure :-1 s=STATE_CONNECTION_ESTABLISHED l=1).mark_down
2024-04-13T05:04:54.722 INFO:teuthology.orchestra.run.smithi057.stdout:/usr/bin/ceph: stderr
2024-04-13T05:04:53.103+0000 7fd74ae00700 1 --2- 172.21.15.57:0/680084535 >> [v2:172.21.15.57:3300/0,v1:172.21.15.57:6789/0] conn(0x7fd74410ee50 0x7fd7441a2540 secure :-1 s=READY pgs=48 cs=0 l=1 rev1=1 crypto rx=0x7fd738000c00 tx=0x7fd738004290 comp rx=0 tx=0).stop
2024-04-13T05:04:54.722 INFO:teuthology.orchestra.run.smithi057.stdout:/usr/bin/ceph: stderr
2024-04-13T05:04:53.103+0000 7fd74ae00700 1 -- 172.21.15.57:0/680084535 shutdown_connections
2024-04-13T05:04:54.722 INFO:teuthology.orchestra.run.smithi057.stdout:/usr/bin/ceph: stderr
2024-04-13T05:04:53.103+0000 7fd74ae00700 1 --2- 172.21.15.57:0/680084535 >> [v2:172.21.15.57:6800/3670387557,v1:172.21.15.57:6801/3670387557] conn(0x7fd72c0396c0 0x7fd72c03bb80 unknown :-1 s=CLOSED pgs=12 cs=0 l=1 rev1=1 crypto rx=0 tx=0 comp rx=0 tx=0).stop
2024-04-13T05:04:54.722 INFO:teuthology.orchestra.run.smithi057.stdout:/usr/bin/ceph: stderr
2024-04-13T05:04:53.103+0000 7fd74ae00700 1 --2- 172.21.15.57:0/680084535 >> [v2:172.21.15.57:3300/0,v1:172.21.15.57:6789/0] conn(0x7fd74410ee50 0x7fd7441a2540 unknown :-1 s=CLOSED pgs=48 cs=0 l=1 rev1=1 crypto rx=0 tx=0 comp rx=0 tx=0).stop
2024-04-13T05:04:54.723 INFO:teuthology.orchestra.run.smithi057.stdout:/usr/bin/ceph: stderr
2024-04-13T05:04:53.103+0000 7fd74ae00700 1 -- 172.21.15.57:0/680084535 >> 172.21.15.57:0/680084535 conn(0x7fd74407d6a0 msgr2=0x7fd74407e120 unknown :-1 s=STATE_NONE l=0).mark_down
2024-04-13T05:04:54.723 INFO:teuthology.orchestra.run.smithi057.stdout:/usr/bin/ceph: stderr
2024-04-13T05:04:53.103+0000 7fd74ae00700 1 -- 172.21.15.57:0/680084535 shutdown_connections
2024-04-13T05:04:54.723 INFO:teuthology.orchestra.run.smithi057.stdout:/usr/bin/ceph: stderr
2024-04-13T05:04:53.103+0000 7fd74ae00700 1 -- 172.21.15.57:0/680084535 wait complete.
2024-04-13T05:04:54.723 INFO:teuthology.orchestra.run.smithi057.stdout:Deploying unmanaged mgr service...
2024-04-13T05:04:55.596 INFO:journalctl@ceph.mon.a.smithi057.stdout:Apr 13 05:04:55 smithi057 ceph-mon[32331]: from='mgr.14120 172.21.15.57:0/1133481434' entity='mgr.x'
2024-04-13T05:04:55.596 INFO:journalctl@ceph.mon.a.smithi057.stdout:Apr 13 05:04:55 smithi057 ceph-mon[32331]: from='mgr.14120 172.21.15.57:0/1133481434' entity='mgr.x'
2024-04-13T05:04:56.328 INFO:teuthology.orchestra.run.smithi057.stdout:/usr/bin/ceph: stdout Scheduled mgr update...
2024-04-13T05:04:56.328 INFO:teuthology.orchestra.run.smithi057.stdout:/usr/bin/ceph: stderr
2024-04-13T05:04:55.326+0000 7f2c4a400700 1 Processor -- start
2024-04-13T05:04:56.328 INFO:teuthology.orchestra.run.smithi057.stdout:/usr/bin/ceph: stderr
2024-04-13T05:04:55.326+0000 7f2c4a400700 1 -- start start
2024-04-13T05:04:56.328 INFO:teuthology.orchestra.run.smithi057.stdout:/usr/bin/ceph: stderr
2024-04-13T05:04:55.326+0000 7f2c4a400700 1 --2- >> [v2:172.21.15.57:3300/0,v1:172.21.15.57:6789/0] conn(0x7f2c44108260 0x7f2c44108680 unknown :-1 s=NONE pgs=0 cs=0 l=0 rev1=0 crypto rx=0 tx=0 comp rx=0 tx=0).connect
2024-04-13T05:04:56.328 INFO:teuthology.orchestra.run.smithi057.stdout:/usr/bin/ceph: stderr
2024-04-13T05:04:55.326+0000 7f2c4a400700 1 -- --> [v2:172.21.15.57:3300/0,v1:172.21.15.57:6789/0] -- mon_getmap magic: 0 -- 0x7f2c44108c50 con 0x7f2c44108260
2024-04-13T05:04:56.328 INFO:teuthology.orchestra.run.smithi057.stdout:/usr/bin/ceph: stderr
2024-04-13T05:04:55.327+0000 7f2c43400700 1 --2- >> [v2:172.21.15.57:3300/0,v1:172.21.15.57:6789/0] conn(0x7f2c44108260 0x7f2c44108680 unknown :-1 s=BANNER_CONNECTING pgs=0 cs=0 l=0 rev1=0 crypto rx=0 tx=0 comp rx=0 tx=0)._handle_peer_banner_payload supported=3 required=0
2024-04-13T05:04:56.328 INFO:teuthology.orchestra.run.smithi057.stdout:/usr/bin/ceph: stderr
2024-04-13T05:04:55.327+0000 7f2c43400700 1 --2- >> [v2:172.21.15.57:3300/0,v1:172.21.15.57:6789/0] conn(0x7f2c44108260 0x7f2c44108680 unknown :-1 s=HELLO_CONNECTING pgs=0 cs=0 l=0 rev1=1 crypto rx=0 tx=0 comp rx=0 tx=0).handle_hello peer v2:172.21.15.57:3300/0 says I am v2:172.21.15.57:38846/0 (socket says 172.21.15.57:38846)
2024-04-13T05:04:56.328 INFO:teuthology.orchestra.run.smithi057.stdout:/usr/bin/ceph: stderr
2024-04-13T05:04:55.327+0000 7f2c43400700 1 -- 172.21.15.57:0/76024962 learned_addr learned my addr 172.21.15.57:0/76024962 (peer_addr_for_me v2:172.21.15.57:0/0)
2024-04-13T05:04:56.328 INFO:teuthology.orchestra.run.smithi057.stdout:/usr/bin/ceph: stderr
2024-04-13T05:04:55.328+0000 7f2c43400700 1 -- 172.21.15.57:0/76024962 --> [v2:172.21.15.57:3300/0,v1:172.21.15.57:6789/0] -- mon_subscribe({config=0+,monmap=0+}) -- 0x7f2c44109410 con 0x7f2c44108260
2024-04-13T05:04:56.329 INFO:teuthology.orchestra.run.smithi057.stdout:/usr/bin/ceph: stderr
2024-04-13T05:04:55.328+0000 7f2c43400700 1 --2- 172.21.15.57:0/76024962 >> [v2:172.21.15.57:3300/0,v1:172.21.15.57:6789/0] conn(0x7f2c44108260 0x7f2c44108680 secure :-1 s=READY pgs=49 cs=0 l=1 rev1=1 crypto rx=0x7f2c340098a0 tx=0x7f2c34009bb0 comp rx=0 tx=0).ready entity=mon.0 client_cookie=d1e4261f6b788b64 server_cookie=0 in_seq=0 out_seq=0
2024-04-13T05:04:56.329 INFO:teuthology.orchestra.run.smithi057.stdout:/usr/bin/ceph: stderr
2024-04-13T05:04:55.328+0000 7f2c42000700 1 -- 172.21.15.57:0/76024962 <== mon.0 v2:172.21.15.57:3300/0 1 ==== mon_map magic: 0 ==== 205+0+0 (secure 0 0 0) 0x7f2c34004160 con 0x7f2c44108260
2024-04-13T05:04:56.329 INFO:teuthology.orchestra.run.smithi057.stdout:/usr/bin/ceph: stderr
2024-04-13T05:04:55.328+0000 7f2c42000700 1 -- 172.21.15.57:0/76024962 <== mon.0 v2:172.21.15.57:3300/0 2 ==== config(26 keys) ==== 1102+0+0 (secure 0 0 0) 0x7f2c34004300 con 0x7f2c44108260
2024-04-13T05:04:56.329 INFO:teuthology.orchestra.run.smithi057.stdout:/usr/bin/ceph: stderr
2024-04-13T05:04:55.328+0000 7f2c42000700 1 -- 172.21.15.57:0/76024962 <== mon.0 v2:172.21.15.57:3300/0 3 ==== mon_map magic: 0 ==== 205+0+0 (secure 0 0 0) 0x7f2c34011a50 con 0x7f2c44108260
2024-04-13T05:04:56.329 INFO:teuthology.orchestra.run.smithi057.stdout:/usr/bin/ceph: stderr
2024-04-13T05:04:55.329+0000 7f2c4a400700 1 -- 172.21.15.57:0/76024962 >> [v2:172.21.15.57:3300/0,v1:172.21.15.57:6789/0] conn(0x7f2c44108260 msgr2=0x7f2c44108680 secure :-1 s=STATE_CONNECTION_ESTABLISHED l=1).mark_down
2024-04-13T05:04:56.329 INFO:teuthology.orchestra.run.smithi057.stdout:/usr/bin/ceph: stderr
2024-04-13T05:04:55.329+0000 7f2c4a400700 1 --2- 172.21.15.57:0/76024962 >> [v2:172.21.15.57:3300/0,v1:172.21.15.57:6789/0] conn(0x7f2c44108260 0x7f2c44108680 secure :-1 s=READY pgs=49 cs=0 l=1 rev1=1 crypto rx=0x7f2c340098a0 tx=0x7f2c34009bb0 comp rx=0 tx=0).stop
2024-04-13T05:04:56.329 INFO:teuthology.orchestra.run.smithi057.stdout:/usr/bin/ceph: stderr
2024-04-13T05:04:55.329+0000 7f2c4a400700 1 -- 172.21.15.57:0/76024962 shutdown_connections
2024-04-13T05:04:56.329 INFO:teuthology.orchestra.run.smithi057.stdout:/usr/bin/ceph: stderr
2024-04-13T05:04:55.329+0000 7f2c4a400700 1 --2- 172.21.15.57:0/76024962 >> [v2:172.21.15.57:3300/0,v1:172.21.15.57:6789/0] conn(0x7f2c44108260 0x7f2c44108680 unknown :-1 s=CLOSED pgs=49 cs=0 l=1 rev1=1 crypto rx=0 tx=0 comp rx=0 tx=0).stop
2024-04-13T05:04:56.329 INFO:teuthology.orchestra.run.smithi057.stdout:/usr/bin/ceph: stderr
2024-04-13T05:04:55.329+0000 7f2c4a400700 1 -- 172.21.15.57:0/76024962 >> 172.21.15.57:0/76024962 conn(0x7f2c44103860 msgr2=0x7f2c44105c80 unknown :-1 s=STATE_NONE l=0).mark_down
2024-04-13T05:04:56.329 INFO:teuthology.orchestra.run.smithi057.stdout:/usr/bin/ceph: stderr
2024-04-13T05:04:55.330+0000 7f2c4a400700 1 -- 172.21.15.57:0/76024962 shutdown_connections
2024-04-13T05:04:56.329 INFO:teuthology.orchestra.run.smithi057.stdout:/usr/bin/ceph: stderr
2024-04-13T05:04:55.330+0000 7f2c4a400700 1 -- 172.21.15.57:0/76024962 wait complete.
2024-04-13T05:04:56.329 INFO:teuthology.orchestra.run.smithi057.stdout:/usr/bin/ceph: stderr
2024-04-13T05:04:55.331+0000 7f2c4a400700 1 Processor -- start
2024-04-13T05:04:56.329 INFO:teuthology.orchestra.run.smithi057.stdout:/usr/bin/ceph: stderr
2024-04-13T05:04:55.331+0000 7f2c4a400700 1 -- start start
2024-04-13T05:04:56.329 INFO:teuthology.orchestra.run.smithi057.stdout:/usr/bin/ceph: stderr
2024-04-13T05:04:55.332+0000 7f2c4a400700 1 --2- >> [v2:172.21.15.57:3300/0,v1:172.21.15.57:6789/0] conn(0x7f2c44108260 0x7f2c4407db20 unknown :-1 s=NONE pgs=0 cs=0 l=1 rev1=0 crypto rx=0 tx=0 comp rx=0 tx=0).connect
2024-04-13T05:04:56.329 INFO:teuthology.orchestra.run.smithi057.stdout:/usr/bin/ceph: stderr
2024-04-13T05:04:55.332+0000 7f2c4a400700 1 -- --> [v2:172.21.15.57:3300/0,v1:172.21.15.57:6789/0] -- mon_getmap magic: 0 -- 0x7f2c4410c7c0 con 0x7f2c44108260
2024-04-13T05:04:56.330 INFO:teuthology.orchestra.run.smithi057.stdout:/usr/bin/ceph: stderr
2024-04-13T05:04:55.332+0000 7f2c43400700 1 --2- >> [v2:172.21.15.57:3300/0,v1:172.21.15.57:6789/0] conn(0x7f2c44108260 0x7f2c4407db20 unknown :-1 s=BANNER_CONNECTING pgs=0 cs=0 l=1 rev1=0 crypto rx=0 tx=0 comp rx=0 tx=0)._handle_peer_banner_payload supported=3 required=0
2024-04-13T05:04:56.330 INFO:teuthology.orchestra.run.smithi057.stdout:/usr/bin/ceph: stderr
2024-04-13T05:04:55.332+0000 7f2c43400700 1 --2- >> [v2:172.21.15.57:3300/0,v1:172.21.15.57:6789/0] conn(0x7f2c44108260 0x7f2c4407db20 unknown :-1 s=HELLO_CONNECTING pgs=0 cs=0 l=1 rev1=1 crypto rx=0 tx=0 comp rx=0 tx=0).handle_hello peer v2:172.21.15.57:3300/0 says I am v2:172.21.15.57:38862/0 (socket says 172.21.15.57:38862)
2024-04-13T05:04:56.330 INFO:teuthology.orchestra.run.smithi057.stdout:/usr/bin/ceph: stderr
2024-04-13T05:04:55.332+0000 7f2c43400700 1 -- 172.21.15.57:0/180401460 learned_addr learned my addr 172.21.15.57:0/180401460 (peer_addr_for_me v2:172.21.15.57:0/0)
2024-04-13T05:04:56.330 INFO:teuthology.orchestra.run.smithi057.stdout:/usr/bin/ceph: stderr
2024-04-13T05:04:55.332+0000 7f2c43400700 1 -- 172.21.15.57:0/180401460 --> [v2:172.21.15.57:3300/0,v1:172.21.15.57:6789/0] -- mon_subscribe({config=0+,monmap=0+}) -- 0x7f2c4407e060 con 0x7f2c44108260
2024-04-13T05:04:56.330 INFO:teuthology.orchestra.run.smithi057.stdout:/usr/bin/ceph: stderr
2024-04-13T05:04:55.333+0000 7f2c43400700 1 --2- 172.21.15.57:0/180401460 >> [v2:172.21.15.57:3300/0,v1:172.21.15.57:6789/0] conn(0x7f2c44108260 0x7f2c4407db20 secure :-1 s=READY pgs=50 cs=0 l=1 rev1=1 crypto rx=0x7f2c34011a20 tx=0x7f2c34011b00 comp rx=0 tx=0).ready entity=mon.0 client_cookie=0 server_cookie=0 in_seq=0 out_seq=0
2024-04-13T05:04:56.330 INFO:teuthology.orchestra.run.smithi057.stdout:/usr/bin/ceph: stderr
2024-04-13T05:04:55.333+0000 7f2c3be00700 1 -- 172.21.15.57:0/180401460 <== mon.0 v2:172.21.15.57:3300/0 1 ==== mon_map magic: 0 ==== 205+0+0 (secure 0 0 0) 0x7f2c34003af0 con 0x7f2c44108260
2024-04-13T05:04:56.330 INFO:teuthology.orchestra.run.smithi057.stdout:/usr/bin/ceph: stderr
2024-04-13T05:04:55.333+0000 7f2c3be00700 1 -- 172.21.15.57:0/180401460 <== mon.0 v2:172.21.15.57:3300/0 2 ==== config(26 keys) ==== 1102+0+0 (secure 0 0 0) 0x7f2c3401a8e0 con 0x7f2c44108260
2024-04-13T05:04:56.330 INFO:teuthology.orchestra.run.smithi057.stdout:/usr/bin/ceph: stderr
2024-04-13T05:04:55.333+0000 7f2c3be00700 1 -- 172.21.15.57:0/180401460 <== mon.0 v2:172.21.15.57:3300/0 3 ==== mon_map magic: 0 ==== 205+0+0 (secure 0 0 0) 0x7f2c34024860 con 0x7f2c44108260
2024-04-13T05:04:56.330 INFO:teuthology.orchestra.run.smithi057.stdout:/usr/bin/ceph: stderr
2024-04-13T05:04:55.333+0000 7f2c4a400700 1 -- 172.21.15.57:0/180401460 --> [v2:172.21.15.57:3300/0,v1:172.21.15.57:6789/0] -- mon_subscribe({mgrmap=0+}) -- 0x7f2c4407c250 con 0x7f2c44108260
2024-04-13T05:04:56.330 INFO:teuthology.orchestra.run.smithi057.stdout:/usr/bin/ceph: stderr
2024-04-13T05:04:55.333+0000 7f2c4a400700 1 -- 172.21.15.57:0/180401460 --> [v2:172.21.15.57:3300/0,v1:172.21.15.57:6789/0] -- mon_subscribe({osdmap=0}) -- 0x7f2c4407c790 con 0x7f2c44108260
2024-04-13T05:04:56.331 INFO:teuthology.orchestra.run.smithi057.stdout:/usr/bin/ceph: stderr
2024-04-13T05:04:55.335+0000 7f2c3be00700 1 -- 172.21.15.57:0/180401460 <== mon.0 v2:172.21.15.57:3300/0 4 ==== mgrmap(e 8) ==== 46558+0+0 (secure 0 0 0) 0x7f2c34022020 con 0x7f2c44108260
2024-04-13T05:04:56.331 INFO:teuthology.orchestra.run.smithi057.stdout:/usr/bin/ceph: stderr
2024-04-13T05:04:55.335+0000 7f2c4a400700 1 -- 172.21.15.57:0/180401460 --> [v2:172.21.15.57:3300/0,v1:172.21.15.57:6789/0] -- mon_command({"prefix": "get_command_descriptions"} v 0) -- 0x7f2c44064110 con 0x7f2c44108260
2024-04-13T05:04:56.331 INFO:teuthology.orchestra.run.smithi057.stdout:/usr/bin/ceph: stderr
2024-04-13T05:04:55.335+0000 7f2c3be00700 1 --2- 172.21.15.57:0/180401460 >> [v2:172.21.15.57:6800/3670387557,v1:172.21.15.57:6801/3670387557] conn(0x7f2c280396c0 0x7f2c2803bb80 unknown :-1 s=NONE pgs=0 cs=0 l=1 rev1=0 crypto rx=0 tx=0 comp rx=0 tx=0).connect
2024-04-13T05:04:56.331 INFO:teuthology.orchestra.run.smithi057.stdout:/usr/bin/ceph: stderr
2024-04-13T05:04:55.335+0000 7f2c3be00700 1 -- 172.21.15.57:0/180401460 <== mon.0 v2:172.21.15.57:3300/0 5 ==== osd_map(2..2 src has 1..2) ==== 940+0+0 (secure 0 0 0) 0x7f2c3404da60 con 0x7f2c44108260
2024-04-13T05:04:56.331 INFO:teuthology.orchestra.run.smithi057.stdout:/usr/bin/ceph: stderr
2024-04-13T05:04:55.335+0000 7f2c42a00700 1 --2- 172.21.15.57:0/180401460 >> [v2:172.21.15.57:6800/3670387557,v1:172.21.15.57:6801/3670387557] conn(0x7f2c280396c0 0x7f2c2803bb80 unknown :-1 s=BANNER_CONNECTING pgs=0 cs=0 l=1 rev1=0 crypto rx=0 tx=0 comp rx=0 tx=0)._handle_peer_banner_payload supported=3 required=0
2024-04-13T05:04:56.331 INFO:teuthology.orchestra.run.smithi057.stdout:/usr/bin/ceph: stderr
2024-04-13T05:04:55.336+0000 7f2c42a00700 1 --2- 172.21.15.57:0/180401460 >> [v2:172.21.15.57:6800/3670387557,v1:172.21.15.57:6801/3670387557] conn(0x7f2c280396c0 0x7f2c2803bb80 secure :-1 s=READY pgs=13 cs=0 l=1 rev1=1 crypto rx=0x7f2c30006fd0 tx=0x7f2c30006e40 comp rx=0 tx=0).ready entity=mgr.14120 client_cookie=0 server_cookie=0 in_seq=0 out_seq=0
2024-04-13T05:04:56.331 INFO:teuthology.orchestra.run.smithi057.stdout:/usr/bin/ceph: stderr
2024-04-13T05:04:55.342+0000 7f2c3be00700 1 -- 172.21.15.57:0/180401460 <== mon.0 v2:172.21.15.57:3300/0 6 ==== mon_command_ack([{"prefix": "get_command_descriptions"}]=0 v0) ==== 72+0+188370 (secure 0 0 0) 0x7f2c3400f2e0 con 0x7f2c44108260
2024-04-13T05:04:56.331 INFO:teuthology.orchestra.run.smithi057.stdout:/usr/bin/ceph: stderr
2024-04-13T05:04:55.596+0000 7f2c4a400700 1 -- 172.21.15.57:0/180401460 --> [v2:172.21.15.57:6800/3670387557,v1:172.21.15.57:6801/3670387557] -- mgr_command(tid 0: {"prefix": "orch apply", "service_type": "mgr", "unmanaged": true, "target": ["mon-mgr", ""]}) -- 0x7f2c4407d0a0 con 0x7f2c280396c0
2024-04-13T05:04:56.331 INFO:teuthology.orchestra.run.smithi057.stdout:/usr/bin/ceph: stderr
2024-04-13T05:04:55.604+0000 7f2c3be00700 1 -- 172.21.15.57:0/180401460 <== mgr.14120 v2:172.21.15.57:6800/3670387557 1 ==== mgr_command_reply(tid 0: 0 ) ==== 8+0+24 (secure 0 0 0) 0x7f2c4407d0a0 con 0x7f2c280396c0
2024-04-13T05:04:56.331 INFO:teuthology.orchestra.run.smithi057.stdout:/usr/bin/ceph: stderr
2024-04-13T05:04:55.607+0000 7f2c4a400700 1 -- 172.21.15.57:0/180401460 >> [v2:172.21.15.57:6800/3670387557,v1:172.21.15.57:6801/3670387557] conn(0x7f2c280396c0 msgr2=0x7f2c2803bb80 secure :-1 s=STATE_CONNECTION_ESTABLISHED l=1).mark_down
2024-04-13T05:04:56.331 INFO:teuthology.orchestra.run.smithi057.stdout:/usr/bin/ceph: stderr
2024-04-13T05:04:55.607+0000 7f2c4a400700 1 --2- 172.21.15.57:0/180401460 >> [v2:172.21.15.57:6800/3670387557,v1:172.21.15.57:6801/3670387557] conn(0x7f2c280396c0 0x7f2c2803bb80 secure :-1 s=READY pgs=13 cs=0 l=1 rev1=1 crypto rx=0x7f2c30006fd0 tx=0x7f2c30006e40 comp rx=0 tx=0).stop
2024-04-13T05:04:56.331 INFO:teuthology.orchestra.run.smithi057.stdout:/usr/bin/ceph: stderr
2024-04-13T05:04:55.607+0000 7f2c4a400700 1 -- 172.21.15.57:0/180401460 >> [v2:172.21.15.57:3300/0,v1:172.21.15.57:6789/0] conn(0x7f2c44108260 msgr2=0x7f2c4407db20 secure :-1 s=STATE_CONNECTION_ESTABLISHED l=1).mark_down
2024-04-13T05:04:56.331 INFO:teuthology.orchestra.run.smithi057.stdout:/usr/bin/ceph: stderr
2024-04-13T05:04:55.607+0000 7f2c4a400700 1 --2- 172.21.15.57:0/180401460 >> [v2:172.21.15.57:3300/0,v1:172.21.15.57:6789/0] conn(0x7f2c44108260 0x7f2c4407db20 secure :-1 s=READY pgs=50 cs=0 l=1 rev1=1 crypto rx=0x7f2c34011a20 tx=0x7f2c34011b00 comp rx=0 tx=0).stop
2024-04-13T05:04:56.332 INFO:teuthology.orchestra.run.smithi057.stdout:/usr/bin/ceph: stderr
2024-04-13T05:04:55.608+0000 7f2c4a400700 1 -- 172.21.15.57:0/180401460 shutdown_connections
2024-04-13T05:04:56.332 INFO:teuthology.orchestra.run.smithi057.stdout:/usr/bin/ceph: stderr
2024-04-13T05:04:55.608+0000 7f2c4a400700 1 --2- 172.21.15.57:0/180401460 >> [v2:172.21.15.57:6800/3670387557,v1:172.21.15.57:6801/3670387557] conn(0x7f2c280396c0 0x7f2c2803bb80 unknown :-1 s=CLOSED pgs=13 cs=0 l=1 rev1=1 crypto rx=0 tx=0 comp rx=0 tx=0).stop
2024-04-13T05:04:56.332 INFO:teuthology.orchestra.run.smithi057.stdout:/usr/bin/ceph: stderr
2024-04-13T05:04:55.608+0000 7f2c4a400700 1 --2- 172.21.15.57:0/180401460 >> [v2:172.21.15.57:3300/0,v1:172.21.15.57:6789/0] conn(0x7f2c44108260 0x7f2c4407db20 unknown :-1 s=CLOSED pgs=50 cs=0 l=1 rev1=1 crypto rx=0 tx=0 comp rx=0 tx=0).stop
2024-04-13T05:04:56.332 INFO:teuthology.orchestra.run.smithi057.stdout:/usr/bin/ceph: stderr
2024-04-13T05:04:55.608+0000 7f2c4a400700 1 -- 172.21.15.57:0/180401460 >> 172.21.15.57:0/180401460 conn(0x7f2c44103860 msgr2=0x7f2c44104260 unknown :-1 s=STATE_NONE l=0).mark_down
2024-04-13T05:04:56.332 INFO:teuthology.orchestra.run.smithi057.stdout:/usr/bin/ceph: stderr
2024-04-13T05:04:55.608+0000 7f2c4a400700 1 -- 172.21.15.57:0/180401460 shutdown_connections
2024-04-13T05:04:56.332 INFO:teuthology.orchestra.run.smithi057.stdout:/usr/bin/ceph: stderr
2024-04-13T05:04:55.608+0000 7f2c4a400700 1 -- 172.21.15.57:0/180401460 wait complete.
2024-04-13T05:04:56.924 INFO:journalctl@ceph.mon.a.smithi057.stdout:Apr 13 05:04:56 smithi057 ceph-mon[32331]: pgmap v3: 0 pgs: ; 0 B data, 0 B used, 0 B / 0 B avail
2024-04-13T05:04:56.924 INFO:journalctl@ceph.mon.a.smithi057.stdout:Apr 13 05:04:56 smithi057 ceph-mon[32331]: from='client.14144 -' entity='client.admin' cmd=[{"prefix": "orch apply", "service_type": "mgr", "unmanaged": true, "target": ["mon-mgr", ""]}]: dispatch
2024-04-13T05:04:56.924 INFO:journalctl@ceph.mon.a.smithi057.stdout:Apr 13 05:04:56 smithi057 ceph-mon[32331]: Saving service mgr spec with placement count:2
2024-04-13T05:04:56.924 INFO:journalctl@ceph.mon.a.smithi057.stdout:Apr 13 05:04:56 smithi057 ceph-mon[32331]: from='mgr.14120 172.21.15.57:0/1133481434' entity='mgr.x'
2024-04-13T05:04:58.037 INFO:teuthology.orchestra.run.smithi057.stdout:/usr/bin/ceph: stderr
2024-04-13T05:04:56.924+0000 7f4a2be00700 1 Processor -- start
2024-04-13T05:04:58.038 INFO:teuthology.orchestra.run.smithi057.stdout:/usr/bin/ceph: stderr
2024-04-13T05:04:56.924+0000 7f4a2be00700 1 -- start start
2024-04-13T05:04:58.038 INFO:teuthology.orchestra.run.smithi057.stdout:/usr/bin/ceph: stderr
2024-04-13T05:04:56.925+0000 7f4a2be00700 1 --2- >> [v2:172.21.15.57:3300/0,v1:172.21.15.57:6789/0] conn(0x7f4a2407de20 0x7f4a2407c2d0 unknown :-1 s=NONE pgs=0 cs=0 l=0 rev1=0 crypto rx=0 tx=0 comp rx=0 tx=0).connect
2024-04-13T05:04:58.038 INFO:teuthology.orchestra.run.smithi057.stdout:/usr/bin/ceph: stderr
2024-04-13T05:04:56.925+0000 7f4a2be00700 1 -- --> [v2:172.21.15.57:3300/0,v1:172.21.15.57:6789/0] -- mon_getmap magic: 0 -- 0x7f4a2407c8a0 con 0x7f4a2407de20
2024-04-13T05:04:58.039 INFO:teuthology.orchestra.run.smithi057.stdout:/usr/bin/ceph: stderr
2024-04-13T05:04:56.925+0000 7f4a29400700 1 --2- >> [v2:172.21.15.57:3300/0,v1:172.21.15.57:6789/0] conn(0x7f4a2407de20 0x7f4a2407c2d0 unknown :-1 s=BANNER_CONNECTING pgs=0 cs=0 l=0 rev1=0 crypto rx=0 tx=0 comp rx=0 tx=0)._handle_peer_banner_payload supported=3 required=0
2024-04-13T05:04:58.040 INFO:teuthology.orchestra.run.smithi057.stdout:/usr/bin/ceph: stderr
2024-04-13T05:04:56.926+0000 7f4a29400700 1 --2- >> [v2:172.21.15.57:3300/0,v1:172.21.15.57:6789/0] conn(0x7f4a2407de20 0x7f4a2407c2d0 unknown :-1 s=HELLO_CONNECTING pgs=0 cs=0 l=0 rev1=1 crypto rx=0 tx=0 comp rx=0 tx=0).handle_hello peer v2:172.21.15.57:3300/0 says I am v2:172.21.15.57:38866/0 (socket says 172.21.15.57:38866)
2024-04-13T05:04:58.040 INFO:teuthology.orchestra.run.smithi057.stdout:/usr/bin/ceph: stderr
2024-04-13T05:04:56.926+0000 7f4a29400700 1 -- 172.21.15.57:0/3544979627 learned_addr learned my addr 172.21.15.57:0/3544979627 (peer_addr_for_me v2:172.21.15.57:0/0)
2024-04-13T05:04:58.040 INFO:teuthology.orchestra.run.smithi057.stdout:/usr/bin/ceph: stderr
2024-04-13T05:04:56.926+0000 7f4a29400700 1 -- 172.21.15.57:0/3544979627 --> [v2:172.21.15.57:3300/0,v1:172.21.15.57:6789/0] -- mon_subscribe({config=0+,monmap=0+}) -- 0x7f4a2407ca20 con 0x7f4a2407de20
2024-04-13T05:04:58.040 INFO:teuthology.orchestra.run.smithi057.stdout:/usr/bin/ceph: stderr
2024-04-13T05:04:56.926+0000 7f4a29400700 1 --2- 172.21.15.57:0/3544979627 >> [v2:172.21.15.57:3300/0,v1:172.21.15.57:6789/0] conn(0x7f4a2407de20 0x7f4a2407c2d0 secure :-1 s=READY pgs=51 cs=0 l=1 rev1=1 crypto rx=0x7f4a18009e80 tx=0x7f4a1800b330 comp rx=0 tx=0).ready entity=mon.0 client_cookie=ac4e2e77d063949f server_cookie=0 in_seq=0 out_seq=0
2024-04-13T05:04:58.040 INFO:teuthology.orchestra.run.smithi057.stdout:/usr/bin/ceph: stderr
2024-04-13T05:04:56.927+0000 7f4a23e00700 1 -- 172.21.15.57:0/3544979627 <== mon.0 v2:172.21.15.57:3300/0 1 ==== mon_map magic: 0 ==== 205+0+0 (secure 0 0 0) 0x7f4a18017070 con 0x7f4a2407de20
2024-04-13T05:04:58.040 INFO:teuthology.orchestra.run.smithi057.stdout:/usr/bin/ceph: stderr
2024-04-13T05:04:56.927+0000 7f4a23e00700 1 -- 172.21.15.57:0/3544979627 <== mon.0 v2:172.21.15.57:3300/0 2 ==== config(26 keys) ==== 1102+0+0 (secure 0 0 0) 0x7f4a1800b8c0 con 0x7f4a2407de20
2024-04-13T05:04:58.040 INFO:teuthology.orchestra.run.smithi057.stdout:/usr/bin/ceph: stderr
2024-04-13T05:04:56.927+0000 7f4a23e00700 1 -- 172.21.15.57:0/3544979627 <== mon.0 v2:172.21.15.57:3300/0 3 ==== mon_map magic: 0 ==== 205+0+0 (secure 0 0 0) 0x7f4a18004490 con 0x7f4a2407de20
2024-04-13T05:04:58.040 INFO:teuthology.orchestra.run.smithi057.stdout:/usr/bin/ceph: stderr
2024-04-13T05:04:56.927+0000 7f4a2be00700 1 -- 172.21.15.57:0/3544979627 >> [v2:172.21.15.57:3300/0,v1:172.21.15.57:6789/0] conn(0x7f4a2407de20 msgr2=0x7f4a2407c2d0 secure :-1 s=STATE_CONNECTION_ESTABLISHED l=1).mark_down
2024-04-13T05:04:58.043 INFO:teuthology.orchestra.run.smithi057.stdout:/usr/bin/ceph: stderr
2024-04-13T05:04:56.927+0000 7f4a2be00700 1 --2- 172.21.15.57:0/3544979627 >> [v2:172.21.15.57:3300/0,v1:172.21.15.57:6789/0] conn(0x7f4a2407de20 0x7f4a2407c2d0 secure :-1 s=READY pgs=51 cs=0 l=1 rev1=1 crypto rx=0x7f4a18009e80 tx=0x7f4a1800b330 comp rx=0 tx=0).stop
2024-04-13T05:04:58.043 INFO:teuthology.orchestra.run.smithi057.stdout:/usr/bin/ceph: stderr
2024-04-13T05:04:56.928+0000 7f4a2be00700 1 -- 172.21.15.57:0/3544979627 shutdown_connections
2024-04-13T05:04:58.043 INFO:teuthology.orchestra.run.smithi057.stdout:/usr/bin/ceph: stderr
2024-04-13T05:04:56.928+0000 7f4a2be00700 1 --2- 172.21.15.57:0/3544979627 >> [v2:172.21.15.57:3300/0,v1:172.21.15.57:6789/0] conn(0x7f4a2407de20 0x7f4a2407c2d0 unknown :-1 s=CLOSED pgs=51 cs=0 l=1 rev1=1 crypto rx=0 tx=0 comp rx=0 tx=0).stop
2024-04-13T05:04:58.043 INFO:teuthology.orchestra.run.smithi057.stdout:/usr/bin/ceph: stderr
2024-04-13T05:04:56.928+0000 7f4a2be00700 1 -- 172.21.15.57:0/3544979627 >> 172.21.15.57:0/3544979627 conn(0x7f4a24103880 msgr2=0x7f4a24105ca0 unknown :-1 s=STATE_NONE l=0).mark_down
2024-04-13T05:04:58.043 INFO:teuthology.orchestra.run.smithi057.stdout:/usr/bin/ceph: stderr
2024-04-13T05:04:56.928+0000 7f4a2be00700 1 -- 172.21.15.57:0/3544979627 shutdown_connections
2024-04-13T05:04:58.043 INFO:teuthology.orchestra.run.smithi057.stdout:/usr/bin/ceph: stderr
2024-04-13T05:04:56.928+0000 7f4a2be00700 1 -- 172.21.15.57:0/3544979627 wait complete.
2024-04-13T05:04:58.043 INFO:teuthology.orchestra.run.smithi057.stdout:/usr/bin/ceph: stderr
2024-04-13T05:04:56.929+0000 7f4a2be00700 1 Processor -- start
2024-04-13T05:04:58.043 INFO:teuthology.orchestra.run.smithi057.stdout:/usr/bin/ceph: stderr
2024-04-13T05:04:56.929+0000 7f4a2be00700 1 -- start start
2024-04-13T05:04:58.043 INFO:teuthology.orchestra.run.smithi057.stdout:/usr/bin/ceph: stderr
2024-04-13T05:04:56.930+0000 7f4a2be00700 1 --2- >> [v2:172.21.15.57:3300/0,v1:172.21.15.57:6789/0] conn(0x7f4a2407de20 0x7f4a2419e270 unknown :-1 s=NONE pgs=0 cs=0 l=1 rev1=0 crypto rx=0 tx=0 comp rx=0 tx=0).connect
2024-04-13T05:04:58.043 INFO:teuthology.orchestra.run.smithi057.stdout:/usr/bin/ceph: stderr
2024-04-13T05:04:56.930+0000 7f4a2be00700 1 -- --> [v2:172.21.15.57:3300/0,v1:172.21.15.57:6789/0] -- mon_getmap magic: 0 -- 0x7f4a2410e800 con 0x7f4a2407de20
2024-04-13T05:04:58.044 INFO:teuthology.orchestra.run.smithi057.stdout:/usr/bin/ceph: stderr
2024-04-13T05:04:56.930+0000 7f4a29400700 1 --2- >> [v2:172.21.15.57:3300/0,v1:172.21.15.57:6789/0] conn(0x7f4a2407de20 0x7f4a2419e270 unknown :-1 s=BANNER_CONNECTING pgs=0 cs=0 l=1 rev1=0 crypto rx=0 tx=0 comp rx=0 tx=0)._handle_peer_banner_payload supported=3 required=0
2024-04-13T05:04:58.044 INFO:teuthology.orchestra.run.smithi057.stdout:/usr/bin/ceph: stderr
2024-04-13T05:04:56.930+0000 7f4a29400700 1 --2- >> [v2:172.21.15.57:3300/0,v1:172.21.15.57:6789/0] conn(0x7f4a2407de20 0x7f4a2419e270 unknown :-1 s=HELLO_CONNECTING pgs=0 cs=0 l=1 rev1=1 crypto rx=0 tx=0 comp rx=0 tx=0).handle_hello peer v2:172.21.15.57:3300/0 says I am v2:172.21.15.57:38872/0 (socket says 172.21.15.57:38872)
2024-04-13T05:04:58.044 INFO:teuthology.orchestra.run.smithi057.stdout:/usr/bin/ceph: stderr
2024-04-13T05:04:56.930+0000 7f4a29400700 1 -- 172.21.15.57:0/1552529890 learned_addr learned my addr 172.21.15.57:0/1552529890 (peer_addr_for_me v2:172.21.15.57:0/0)
2024-04-13T05:04:58.044 INFO:teuthology.orchestra.run.smithi057.stdout:/usr/bin/ceph: stderr
2024-04-13T05:04:56.931+0000 7f4a29400700 1 -- 172.21.15.57:0/1552529890 --> [v2:172.21.15.57:3300/0,v1:172.21.15.57:6789/0] -- mon_subscribe({config=0+,monmap=0+}) -- 0x7f4a2419e7b0 con 0x7f4a2407de20
2024-04-13T05:04:58.044 INFO:teuthology.orchestra.run.smithi057.stdout:/usr/bin/ceph: stderr
2024-04-13T05:04:56.931+0000 7f4a29400700 1 --2- 172.21.15.57:0/1552529890 >> [v2:172.21.15.57:3300/0,v1:172.21.15.57:6789/0] conn(0x7f4a2407de20 0x7f4a2419e270 secure :-1 s=READY pgs=52 cs=0 l=1 rev1=1 crypto rx=0x7f4a18000f80 tx=0x7f4a18003d70 comp rx=0 tx=0).ready entity=mon.0 client_cookie=0 server_cookie=0 in_seq=0 out_seq=0
2024-04-13T05:04:58.044 INFO:teuthology.orchestra.run.smithi057.stdout:/usr/bin/ceph: stderr
2024-04-13T05:04:56.931+0000 7f4a22000700 1 -- 172.21.15.57:0/1552529890 <== mon.0 v2:172.21.15.57:3300/0 1 ==== mon_map magic: 0 ==== 205+0+0 (secure 0 0 0) 0x7f4a18020020 con 0x7f4a2407de20
2024-04-13T05:04:58.044 INFO:teuthology.orchestra.run.smithi057.stdout:/usr/bin/ceph: stderr
2024-04-13T05:04:56.931+0000 7f4a22000700 1 -- 172.21.15.57:0/1552529890 <== mon.0 v2:172.21.15.57:3300/0 2 ==== config(26 keys) ==== 1102+0+0 (secure 0 0 0) 0x7f4a1800bba0 con 0x7f4a2407de20
2024-04-13T05:04:58.044 INFO:teuthology.orchestra.run.smithi057.stdout:/usr/bin/ceph: stderr
2024-04-13T05:04:56.932+0000 7f4a2be00700 1 -- 172.21.15.57:0/1552529890 --> [v2:172.21.15.57:3300/0,v1:172.21.15.57:6789/0] -- mon_subscribe({mgrmap=0+}) -- 0x7f4a2419ea40 con 0x7f4a2407de20
2024-04-13T05:04:58.044 INFO:teuthology.orchestra.run.smithi057.stdout:/usr/bin/ceph: stderr
2024-04-13T05:04:56.932+0000 7f4a22000700 1 -- 172.21.15.57:0/1552529890 <== mon.0 v2:172.21.15.57:3300/0 3 ==== mon_map magic: 0 ==== 205+0+0 (secure 0 0 0) 0x7f4a18017040 con 0x7f4a2407de20
2024-04-13T05:04:58.044 INFO:teuthology.orchestra.run.smithi057.stdout:/usr/bin/ceph: stderr
2024-04-13T05:04:56.932+0000 7f4a2be00700 1 -- 172.21.15.57:0/1552529890 --> [v2:172.21.15.57:3300/0,v1:172.21.15.57:6789/0] -- mon_subscribe({osdmap=0}) -- 0x7f4a241a1730 con 0x7f4a2407de20
2024-04-13T05:04:58.044 INFO:teuthology.orchestra.run.smithi057.stdout:/usr/bin/ceph: stderr
2024-04-13T05:04:56.933+0000 7f4a22000700 1 -- 172.21.15.57:0/1552529890 <== mon.0 v2:172.21.15.57:3300/0 4 ==== mgrmap(e 8) ==== 46558+0+0 (secure 0 0 0) 0x7f4a18023020 con 0x7f4a2407de20
2024-04-13T05:04:58.047 INFO:teuthology.orchestra.run.smithi057.stdout:/usr/bin/ceph: stderr
2024-04-13T05:04:56.933+0000 7f4a2be00700 1 -- 172.21.15.57:0/1552529890 --> [v2:172.21.15.57:3300/0,v1:172.21.15.57:6789/0] -- mon_command({"prefix": "get_command_descriptions"} v 0) -- 0x7f4a24064110 con 0x7f4a2407de20
2024-04-13T05:04:58.047 INFO:teuthology.orchestra.run.smithi057.stdout:/usr/bin/ceph: stderr
2024-04-13T05:04:56.934+0000 7f4a22000700 1 --2- 172.21.15.57:0/1552529890 >> [v2:172.21.15.57:6800/3670387557,v1:172.21.15.57:6801/3670387557] conn(0x7f4a0c0396c0 0x7f4a0c03bb80 unknown :-1 s=NONE pgs=0 cs=0 l=1 rev1=0 crypto rx=0 tx=0 comp rx=0 tx=0).connect
2024-04-13T05:04:58.047 INFO:teuthology.orchestra.run.smithi057.stdout:/usr/bin/ceph: stderr
2024-04-13T05:04:56.934+0000 7f4a22000700 1 -- 172.21.15.57:0/1552529890 <== mon.0 v2:172.21.15.57:3300/0 5 ==== osd_map(2..2 src has 1..2) ==== 940+0+0 (secure 0 0 0) 0x7f4a1800f050 con 0x7f4a2407de20
2024-04-13T05:04:58.047 INFO:teuthology.orchestra.run.smithi057.stdout:/usr/bin/ceph: stderr
