2024-04-13T05:04:39.027+0000 7f2f63200700 1 -- 172.21.15.57:0/1860145857 --> [v2:172.21.15.57:6800/3670387557,v1:172.21.15.57:6801/3670387557] -- mgr_command(tid 0: {"prefix": "cephadm set-user", "user": "root", "target": ["mon-mgr", ""]}) -- 0x7f2f6407fae0 con 0x7f2f48039670
2024-04-13T05:04:39.671 INFO:teuthology.orchestra.run.smithi057.stdout:/usr/bin/ceph: stderr
2024-04-13T05:04:39.029+0000 7f2f5aa00700 1 -- 172.21.15.57:0/1860145857 <== mgr.14120 v2:172.21.15.57:6800/3670387557 1 ==== mgr_command_reply(tid 0: 0 ) ==== 8+0+16 (secure 0 0 0) 0x7f2f6407fae0 con 0x7f2f48039670
2024-04-13T05:04:39.672 INFO:teuthology.orchestra.run.smithi057.stdout:/usr/bin/ceph: stderr
2024-04-13T05:04:39.032+0000 7f2f63200700 1 -- 172.21.15.57:0/1860145857 >> [v2:172.21.15.57:6800/3670387557,v1:172.21.15.57:6801/3670387557] conn(0x7f2f48039670 msgr2=0x7f2f4803bb30 secure :-1 s=STATE_CONNECTION_ESTABLISHED l=1).mark_down
2024-04-13T05:04:39.672 INFO:teuthology.orchestra.run.smithi057.stdout:/usr/bin/ceph: stderr
2024-04-13T05:04:39.032+0000 7f2f63200700 1 --2- 172.21.15.57:0/1860145857 >> [v2:172.21.15.57:6800/3670387557,v1:172.21.15.57:6801/3670387557] conn(0x7f2f48039670 0x7f2f4803bb30 secure :-1 s=READY pgs=8 cs=0 l=1 rev1=1 crypto rx=0x7f2f4c006fd0 tx=0x7f2f4c006e40 comp rx=0 tx=0).stop
2024-04-13T05:04:39.672 INFO:teuthology.orchestra.run.smithi057.stdout:/usr/bin/ceph: stderr
2024-04-13T05:04:39.032+0000 7f2f63200700 1 -- 172.21.15.57:0/1860145857 >> [v2:172.21.15.57:3300/0,v1:172.21.15.57:6789/0] conn(0x7f2f6410ee50 msgr2=0x7f2f641a24a0 secure :-1 s=STATE_CONNECTION_ESTABLISHED l=1).mark_down
2024-04-13T05:04:39.672 INFO:teuthology.orchestra.run.smithi057.stdout:/usr/bin/ceph: stderr
2024-04-13T05:04:39.032+0000 7f2f63200700 1 --2- 172.21.15.57:0/1860145857 >> [v2:172.21.15.57:3300/0,v1:172.21.15.57:6789/0] conn(0x7f2f6410ee50 0x7f2f641a24a0 secure :-1 s=READY pgs=40 cs=0 l=1 rev1=1 crypto rx=0x7f2f54000c00 tx=0x7f2f54011b00 comp rx=0 tx=0).stop
2024-04-13T05:04:39.672 INFO:teuthology.orchestra.run.smithi057.stdout:/usr/bin/ceph: stderr
2024-04-13T05:04:39.032+0000 7f2f63200700 1 -- 172.21.15.57:0/1860145857 shutdown_connections
2024-04-13T05:04:39.672 INFO:teuthology.orchestra.run.smithi057.stdout:/usr/bin/ceph: stderr
2024-04-13T05:04:39.032+0000 7f2f63200700 1 --2- 172.21.15.57:0/1860145857 >> [v2:172.21.15.57:6800/3670387557,v1:172.21.15.57:6801/3670387557] conn(0x7f2f48039670 0x7f2f4803bb30 unknown :-1 s=CLOSED pgs=8 cs=0 l=1 rev1=1 crypto rx=0 tx=0 comp rx=0 tx=0).stop
2024-04-13T05:04:39.672 INFO:teuthology.orchestra.run.smithi057.stdout:/usr/bin/ceph: stderr
2024-04-13T05:04:39.032+0000 7f2f63200700 1 --2- 172.21.15.57:0/1860145857 >> [v2:172.21.15.57:3300/0,v1:172.21.15.57:6789/0] conn(0x7f2f6410ee50 0x7f2f641a24a0 unknown :-1 s=CLOSED pgs=40 cs=0 l=1 rev1=1 crypto rx=0 tx=0 comp rx=0 tx=0).stop
2024-04-13T05:04:39.672 INFO:teuthology.orchestra.run.smithi057.stdout:/usr/bin/ceph: stderr
2024-04-13T05:04:39.032+0000 7f2f63200700 1 -- 172.21.15.57:0/1860145857 >> 172.21.15.57:0/1860145857 conn(0x7f2f6407d9a0 msgr2=0x7f2f6407f3d0 unknown :-1 s=STATE_NONE l=0).mark_down
2024-04-13T05:04:39.672 INFO:teuthology.orchestra.run.smithi057.stdout:/usr/bin/ceph: stderr
2024-04-13T05:04:39.032+0000 7f2f63200700 1 -- 172.21.15.57:0/1860145857 shutdown_connections
2024-04-13T05:04:39.672 INFO:teuthology.orchestra.run.smithi057.stdout:/usr/bin/ceph: stderr
2024-04-13T05:04:39.033+0000 7f2f63200700 1 -- 172.21.15.57:0/1860145857 wait complete.
2024-04-13T05:04:39.672 INFO:teuthology.orchestra.run.smithi057.stdout:Generating ssh key...
2024-04-13T05:04:40.264 INFO:journalctl@ceph.mon.a.smithi057.stdout:Apr 13 05:04:39 smithi057 ceph-mon[32331]: from='client.14134 -' entity='client.admin' cmd=[{"prefix": "cephadm set-user", "user": "root", "target": ["mon-mgr", ""]}]: dispatch
2024-04-13T05:04:41.279 INFO:journalctl@ceph.mon.a.smithi057.stdout:Apr 13 05:04:40 smithi057 ceph-mon[32331]: from='client.14136 -' entity='client.admin' cmd=[{"prefix": "cephadm generate-key", "target": ["mon-mgr", ""]}]: dispatch
2024-04-13T05:04:41.279 INFO:journalctl@ceph.mon.a.smithi057.stdout:Apr 13 05:04:40 smithi057 ceph-mon[32331]: Generating ssh key...
2024-04-13T05:04:41.682 INFO:journalctl@ceph.mgr.x.smithi057.stdout:Apr 13 05:04:41 smithi057 ceph-0a178454-f953-11ee-bc8d-c7b262605968-mgr-x[32558]: Generating public/private rsa key pair.
2024-04-13T05:04:41.682 INFO:journalctl@ceph.mgr.x.smithi057.stdout:Apr 13 05:04:41 smithi057 ceph-0a178454-f953-11ee-bc8d-c7b262605968-mgr-x[32558]: Your identification has been saved in /tmp/tmpbsytyfuk/key.
2024-04-13T05:04:41.682 INFO:journalctl@ceph.mgr.x.smithi057.stdout:Apr 13 05:04:41 smithi057 ceph-0a178454-f953-11ee-bc8d-c7b262605968-mgr-x[32558]: Your public key has been saved in /tmp/tmpbsytyfuk/key.pub.
2024-04-13T05:04:41.682 INFO:journalctl@ceph.mgr.x.smithi057.stdout:Apr 13 05:04:41 smithi057 ceph-0a178454-f953-11ee-bc8d-c7b262605968-mgr-x[32558]: The key fingerprint is:
2024-04-13T05:04:41.682 INFO:journalctl@ceph.mgr.x.smithi057.stdout:Apr 13 05:04:41 smithi057 ceph-0a178454-f953-11ee-bc8d-c7b262605968-mgr-x[32558]: SHA256:XXI/d9AYeuaQWbX4eZ+RciHSKveAwp8Fvg2Ls4bAQMg ceph-0a178454-f953-11ee-bc8d-c7b262605968
2024-04-13T05:04:41.682 INFO:journalctl@ceph.mgr.x.smithi057.stdout:Apr 13 05:04:41 smithi057 ceph-0a178454-f953-11ee-bc8d-c7b262605968-mgr-x[32558]: The key's randomart image is:
2024-04-13T05:04:41.683 INFO:journalctl@ceph.mgr.x.smithi057.stdout:Apr 13 05:04:41 smithi057 ceph-0a178454-f953-11ee-bc8d-c7b262605968-mgr-x[32558]: +---[RSA 3072]----+
2024-04-13T05:04:41.683 INFO:journalctl@ceph.mgr.x.smithi057.stdout:Apr 13 05:04:41 smithi057 ceph-0a178454-f953-11ee-bc8d-c7b262605968-mgr-x[32558]: |o o..|
2024-04-13T05:04:41.683 INFO:journalctl@ceph.mgr.x.smithi057.stdout:Apr 13 05:04:41 smithi057 ceph-0a178454-f953-11ee-bc8d-c7b262605968-mgr-x[32558]: |.E .=.+.|
2024-04-13T05:04:41.683 INFO:journalctl@ceph.mgr.x.smithi057.stdout:Apr 13 05:04:41 smithi057 ceph-0a178454-f953-11ee-bc8d-c7b262605968-mgr-x[32558]: |. ...B+=o.|
2024-04-13T05:04:41.683 INFO:journalctl@ceph.mgr.x.smithi057.stdout:Apr 13 05:04:41 smithi057 ceph-0a178454-f953-11ee-bc8d-c7b262605968-mgr-x[32558]: | . . ..o+o*o.+|
2024-04-13T05:04:41.683 INFO:journalctl@ceph.mgr.x.smithi057.stdout:Apr 13 05:04:41 smithi057 ceph-0a178454-f953-11ee-bc8d-c7b262605968-mgr-x[32558]: | o oS=.= .+*+|
2024-04-13T05:04:41.683 INFO:journalctl@ceph.mgr.x.smithi057.stdout:Apr 13 05:04:41 smithi057 ceph-0a178454-f953-11ee-bc8d-c7b262605968-mgr-x[32558]: | o + X o oo*|
2024-04-13T05:04:41.683 INFO:journalctl@ceph.mgr.x.smithi057.stdout:Apr 13 05:04:41 smithi057 ceph-0a178454-f953-11ee-bc8d-c7b262605968-mgr-x[32558]: | . .o = . . ..|
2024-04-13T05:04:41.683 INFO:journalctl@ceph.mgr.x.smithi057.stdout:Apr 13 05:04:41 smithi057 ceph-0a178454-f953-11ee-bc8d-c7b262605968-mgr-x[32558]: | . .o |
2024-04-13T05:04:41.683 INFO:journalctl@ceph.mgr.x.smithi057.stdout:Apr 13 05:04:41 smithi057 ceph-0a178454-f953-11ee-bc8d-c7b262605968-mgr-x[32558]: | .. |
2024-04-13T05:04:41.683 INFO:journalctl@ceph.mgr.x.smithi057.stdout:Apr 13 05:04:41 smithi057 ceph-0a178454-f953-11ee-bc8d-c7b262605968-mgr-x[32558]: +----[SHA256]-----+
2024-04-13T05:04:42.022 INFO:teuthology.orchestra.run.smithi057.stdout:/usr/bin/ceph: stderr
2024-04-13T05:04:40.265+0000 7f0bbb200700 1 Processor -- start
2024-04-13T05:04:42.022 INFO:teuthology.orchestra.run.smithi057.stdout:/usr/bin/ceph: stderr
2024-04-13T05:04:40.265+0000 7f0bbb200700 1 -- start start
2024-04-13T05:04:42.022 INFO:teuthology.orchestra.run.smithi057.stdout:/usr/bin/ceph: stderr
2024-04-13T05:04:40.266+0000 7f0bbb200700 1 --2- >> [v2:172.21.15.57:3300/0,v1:172.21.15.57:6789/0] conn(0x7f0bb407dd40 0x7f0bb407c2b0 unknown :-1 s=NONE pgs=0 cs=0 l=0 rev1=0 crypto rx=0 tx=0 comp rx=0 tx=0).connect
2024-04-13T05:04:42.022 INFO:teuthology.orchestra.run.smithi057.stdout:/usr/bin/ceph: stderr
2024-04-13T05:04:40.266+0000 7f0bbb200700 1 -- --> [v2:172.21.15.57:3300/0,v1:172.21.15.57:6789/0] -- mon_getmap magic: 0 -- 0x7f0bb407c7f0 con 0x7f0bb407dd40
2024-04-13T05:04:42.022 INFO:teuthology.orchestra.run.smithi057.stdout:/usr/bin/ceph: stderr
2024-04-13T05:04:40.266+0000 7f0bb3e00700 1 --2- >> [v2:172.21.15.57:3300/0,v1:172.21.15.57:6789/0] conn(0x7f0bb407dd40 0x7f0bb407c2b0 unknown :-1 s=BANNER_CONNECTING pgs=0 cs=0 l=0 rev1=0 crypto rx=0 tx=0 comp rx=0 tx=0)._handle_peer_banner_payload supported=3 required=0
2024-04-13T05:04:42.022 INFO:teuthology.orchestra.run.smithi057.stdout:/usr/bin/ceph: stderr
2024-04-13T05:04:40.266+0000 7f0bb3e00700 1 --2- >> [v2:172.21.15.57:3300/0,v1:172.21.15.57:6789/0] conn(0x7f0bb407dd40 0x7f0bb407c2b0 unknown :-1 s=HELLO_CONNECTING pgs=0 cs=0 l=0 rev1=1 crypto rx=0 tx=0 comp rx=0 tx=0).handle_hello peer v2:172.21.15.57:3300/0 says I am v2:172.21.15.57:55744/0 (socket says 172.21.15.57:55744)
2024-04-13T05:04:42.022 INFO:teuthology.orchestra.run.smithi057.stdout:/usr/bin/ceph: stderr
2024-04-13T05:04:40.266+0000 7f0bb3e00700 1 -- 172.21.15.57:0/2499516994 learned_addr learned my addr 172.21.15.57:0/2499516994 (peer_addr_for_me v2:172.21.15.57:0/0)
2024-04-13T05:04:42.022 INFO:teuthology.orchestra.run.smithi057.stdout:/usr/bin/ceph: stderr
2024-04-13T05:04:40.267+0000 7f0bb3e00700 1 -- 172.21.15.57:0/2499516994 --> [v2:172.21.15.57:3300/0,v1:172.21.15.57:6789/0] -- mon_subscribe({config=0+,monmap=0+}) -- 0x7f0bb407c970 con 0x7f0bb407dd40
2024-04-13T05:04:42.022 INFO:teuthology.orchestra.run.smithi057.stdout:/usr/bin/ceph: stderr
2024-04-13T05:04:40.267+0000 7f0bb3e00700 1 --2- 172.21.15.57:0/2499516994 >> [v2:172.21.15.57:3300/0,v1:172.21.15.57:6789/0] conn(0x7f0bb407dd40 0x7f0bb407c2b0 secure :-1 s=READY pgs=41 cs=0 l=1 rev1=1 crypto rx=0x7f0ba40098a0 tx=0x7f0ba4009bb0 comp rx=0 tx=0).ready entity=mon.0 client_cookie=28ac1ebed57d0b95 server_cookie=0 in_seq=0 out_seq=0
2024-04-13T05:04:42.023 INFO:teuthology.orchestra.run.smithi057.stdout:/usr/bin/ceph: stderr
2024-04-13T05:04:40.267+0000 7f0bb2a00700 1 -- 172.21.15.57:0/2499516994 <== mon.0 v2:172.21.15.57:3300/0 1 ==== mon_map magic: 0 ==== 205+0+0 (secure 0 0 0) 0x7f0ba4004160 con 0x7f0bb407dd40
2024-04-13T05:04:42.023 INFO:teuthology.orchestra.run.smithi057.stdout:/usr/bin/ceph: stderr
2024-04-13T05:04:40.267+0000 7f0bb2a00700 1 -- 172.21.15.57:0/2499516994 <== mon.0 v2:172.21.15.57:3300/0 2 ==== config(26 keys) ==== 1071+0+0 (secure 0 0 0) 0x7f0ba4004300 con 0x7f0bb407dd40
2024-04-13T05:04:42.023 INFO:teuthology.orchestra.run.smithi057.stdout:/usr/bin/ceph: stderr
2024-04-13T05:04:40.267+0000 7f0bb2a00700 1 -- 172.21.15.57:0/2499516994 <== mon.0 v2:172.21.15.57:3300/0 3 ==== mon_map magic: 0 ==== 205+0+0 (secure 0 0 0) 0x7f0ba4011a80 con 0x7f0bb407dd40
2024-04-13T05:04:42.023 INFO:teuthology.orchestra.run.smithi057.stdout:/usr/bin/ceph: stderr
2024-04-13T05:04:40.268+0000 7f0bbb200700 1 -- 172.21.15.57:0/2499516994 >> [v2:172.21.15.57:3300/0,v1:172.21.15.57:6789/0] conn(0x7f0bb407dd40 msgr2=0x7f0bb407c2b0 secure :-1 s=STATE_CONNECTION_ESTABLISHED l=1).mark_down
2024-04-13T05:04:42.023 INFO:teuthology.orchestra.run.smithi057.stdout:/usr/bin/ceph: stderr
2024-04-13T05:04:40.268+0000 7f0bbb200700 1 --2- 172.21.15.57:0/2499516994 >> [v2:172.21.15.57:3300/0,v1:172.21.15.57:6789/0] conn(0x7f0bb407dd40 0x7f0bb407c2b0 secure :-1 s=READY pgs=41 cs=0 l=1 rev1=1 crypto rx=0x7f0ba40098a0 tx=0x7f0ba4009bb0 comp rx=0 tx=0).stop
2024-04-13T05:04:42.023 INFO:teuthology.orchestra.run.smithi057.stdout:/usr/bin/ceph: stderr
2024-04-13T05:04:40.268+0000 7f0bbb200700 1 -- 172.21.15.57:0/2499516994 shutdown_connections
2024-04-13T05:04:42.023 INFO:teuthology.orchestra.run.smithi057.stdout:/usr/bin/ceph: stderr
2024-04-13T05:04:40.268+0000 7f0bbb200700 1 --2- 172.21.15.57:0/2499516994 >> [v2:172.21.15.57:3300/0,v1:172.21.15.57:6789/0] conn(0x7f0bb407dd40 0x7f0bb407c2b0 unknown :-1 s=CLOSED pgs=41 cs=0 l=1 rev1=1 crypto rx=0 tx=0 comp rx=0 tx=0).stop
2024-04-13T05:04:42.023 INFO:teuthology.orchestra.run.smithi057.stdout:/usr/bin/ceph: stderr
2024-04-13T05:04:40.268+0000 7f0bbb200700 1 -- 172.21.15.57:0/2499516994 >> 172.21.15.57:0/2499516994 conn(0x7f0bb41038a0 msgr2=0x7f0bb4105ce0 unknown :-1 s=STATE_NONE l=0).mark_down
2024-04-13T05:04:42.023 INFO:teuthology.orchestra.run.smithi057.stdout:/usr/bin/ceph: stderr
2024-04-13T05:04:40.268+0000 7f0bbb200700 1 -- 172.21.15.57:0/2499516994 shutdown_connections
2024-04-13T05:04:42.023 INFO:teuthology.orchestra.run.smithi057.stdout:/usr/bin/ceph: stderr
2024-04-13T05:04:40.268+0000 7f0bbb200700 1 -- 172.21.15.57:0/2499516994 wait complete.
2024-04-13T05:04:42.023 INFO:teuthology.orchestra.run.smithi057.stdout:/usr/bin/ceph: stderr
2024-04-13T05:04:40.269+0000 7f0bbb200700 1 Processor -- start
2024-04-13T05:04:42.023 INFO:teuthology.orchestra.run.smithi057.stdout:/usr/bin/ceph: stderr
2024-04-13T05:04:40.269+0000 7f0bbb200700 1 -- start start
2024-04-13T05:04:42.023 INFO:teuthology.orchestra.run.smithi057.stdout:/usr/bin/ceph: stderr
2024-04-13T05:04:40.270+0000 7f0bbb200700 1 --2- >> [v2:172.21.15.57:3300/0,v1:172.21.15.57:6789/0] conn(0x7f0bb407dd40 0x7f0bb419e310 unknown :-1 s=NONE pgs=0 cs=0 l=1 rev1=0 crypto rx=0 tx=0 comp rx=0 tx=0).connect
2024-04-13T05:04:42.023 INFO:teuthology.orchestra.run.smithi057.stdout:/usr/bin/ceph: stderr
2024-04-13T05:04:40.270+0000 7f0bbb200700 1 -- --> [v2:172.21.15.57:3300/0,v1:172.21.15.57:6789/0] -- mon_getmap magic: 0 -- 0x7f0bb410e6d0 con 0x7f0bb407dd40
2024-04-13T05:04:42.024 INFO:teuthology.orchestra.run.smithi057.stdout:/usr/bin/ceph: stderr
2024-04-13T05:04:40.270+0000 7f0bb3e00700 1 --2- >> [v2:172.21.15.57:3300/0,v1:172.21.15.57:6789/0] conn(0x7f0bb407dd40 0x7f0bb419e310 unknown :-1 s=BANNER_CONNECTING pgs=0 cs=0 l=1 rev1=0 crypto rx=0 tx=0 comp rx=0 tx=0)._handle_peer_banner_payload supported=3 required=0
2024-04-13T05:04:42.024 INFO:teuthology.orchestra.run.smithi057.stdout:/usr/bin/ceph: stderr
2024-04-13T05:04:40.270+0000 7f0bb3e00700 1 --2- >> [v2:172.21.15.57:3300/0,v1:172.21.15.57:6789/0] conn(0x7f0bb407dd40 0x7f0bb419e310 unknown :-1 s=HELLO_CONNECTING pgs=0 cs=0 l=1 rev1=1 crypto rx=0 tx=0 comp rx=0 tx=0).handle_hello peer v2:172.21.15.57:3300/0 says I am v2:172.21.15.57:55752/0 (socket says 172.21.15.57:55752)
2024-04-13T05:04:42.024 INFO:teuthology.orchestra.run.smithi057.stdout:/usr/bin/ceph: stderr
2024-04-13T05:04:40.270+0000 7f0bb3e00700 1 -- 172.21.15.57:0/10429094 learned_addr learned my addr 172.21.15.57:0/10429094 (peer_addr_for_me v2:172.21.15.57:0/0)
2024-04-13T05:04:42.024 INFO:teuthology.orchestra.run.smithi057.stdout:/usr/bin/ceph: stderr
2024-04-13T05:04:40.270+0000 7f0bb3e00700 1 -- 172.21.15.57:0/10429094 --> [v2:172.21.15.57:3300/0,v1:172.21.15.57:6789/0] -- mon_subscribe({config=0+,monmap=0+}) -- 0x7f0bb419e850 con 0x7f0bb407dd40
2024-04-13T05:04:42.024 INFO:teuthology.orchestra.run.smithi057.stdout:/usr/bin/ceph: stderr
2024-04-13T05:04:40.271+0000 7f0bb3e00700 1 --2- 172.21.15.57:0/10429094 >> [v2:172.21.15.57:3300/0,v1:172.21.15.57:6789/0] conn(0x7f0bb407dd40 0x7f0bb419e310 secure :-1 s=READY pgs=42 cs=0 l=1 rev1=1 crypto rx=0x7f0ba4006af0 tx=0x7f0ba4011b70 comp rx=0 tx=0).ready entity=mon.0 client_cookie=0 server_cookie=0 in_seq=0 out_seq=0
2024-04-13T05:04:42.024 INFO:teuthology.orchestra.run.smithi057.stdout:/usr/bin/ceph: stderr
2024-04-13T05:04:40.271+0000 7f0bb0c00700 1 -- 172.21.15.57:0/10429094 <== mon.0 v2:172.21.15.57:3300/0 1 ==== mon_map magic: 0 ==== 205+0+0 (secure 0 0 0) 0x7f0ba4003930 con 0x7f0bb407dd40
2024-04-13T05:04:42.024 INFO:teuthology.orchestra.run.smithi057.stdout:/usr/bin/ceph: stderr
2024-04-13T05:04:40.271+0000 7f0bb0c00700 1 -- 172.21.15.57:0/10429094 <== mon.0 v2:172.21.15.57:3300/0 2 ==== config(26 keys) ==== 1071+0+0 (secure 0 0 0) 0x7f0ba4003ad0 con 0x7f0bb407dd40
2024-04-13T05:04:42.024 INFO:teuthology.orchestra.run.smithi057.stdout:/usr/bin/ceph: stderr
2024-04-13T05:04:40.271+0000 7f0bbb200700 1 -- 172.21.15.57:0/10429094 --> [v2:172.21.15.57:3300/0,v1:172.21.15.57:6789/0] -- mon_subscribe({mgrmap=0+}) -- 0x7f0bb419eae0 con 0x7f0bb407dd40
2024-04-13T05:04:42.024 INFO:teuthology.orchestra.run.smithi057.stdout:/usr/bin/ceph: stderr
2024-04-13T05:04:40.271+0000 7f0bb0c00700 1 -- 172.21.15.57:0/10429094 <== mon.0 v2:172.21.15.57:3300/0 3 ==== mon_map magic: 0 ==== 205+0+0 (secure 0 0 0) 0x7f0ba40195e0 con 0x7f0bb407dd40
2024-04-13T05:04:42.024 INFO:teuthology.orchestra.run.smithi057.stdout:/usr/bin/ceph: stderr
2024-04-13T05:04:40.271+0000 7f0bbb200700 1 -- 172.21.15.57:0/10429094 --> [v2:172.21.15.57:3300/0,v1:172.21.15.57:6789/0] -- mon_subscribe({osdmap=0}) -- 0x7f0bb41a17d0 con 0x7f0bb407dd40
2024-04-13T05:04:42.024 INFO:teuthology.orchestra.run.smithi057.stdout:/usr/bin/ceph: stderr
2024-04-13T05:04:40.272+0000 7f0bbb200700 1 -- 172.21.15.57:0/10429094 --> [v2:172.21.15.57:3300/0,v1:172.21.15.57:6789/0] -- mon_command({"prefix": "get_command_descriptions"} v 0) -- 0x7f0bb4064110 con 0x7f0bb407dd40
2024-04-13T05:04:42.025 INFO:teuthology.orchestra.run.smithi057.stdout:/usr/bin/ceph: stderr
2024-04-13T05:04:40.273+0000 7f0bb0c00700 1 -- 172.21.15.57:0/10429094 <== mon.0 v2:172.21.15.57:3300/0 4 ==== mgrmap(e 8) ==== 46558+0+0 (secure 0 0 0) 0x7f0ba40198e0 con 0x7f0bb407dd40
2024-04-13T05:04:42.025 INFO:teuthology.orchestra.run.smithi057.stdout:/usr/bin/ceph: stderr
2024-04-13T05:04:40.273+0000 7f0bb0c00700 1 --2- 172.21.15.57:0/10429094 >> [v2:172.21.15.57:6800/3670387557,v1:172.21.15.57:6801/3670387557] conn(0x7f0b98039620 0x7f0b9803bae0 unknown :-1 s=NONE pgs=0 cs=0 l=1 rev1=0 crypto rx=0 tx=0 comp rx=0 tx=0).connect
2024-04-13T05:04:42.025 INFO:teuthology.orchestra.run.smithi057.stdout:/usr/bin/ceph: stderr
2024-04-13T05:04:40.273+0000 7f0bb0c00700 1 -- 172.21.15.57:0/10429094 <== mon.0 v2:172.21.15.57:3300/0 5 ==== osd_map(2..2 src has 1..2) ==== 940+0+0 (secure 0 0 0) 0x7f0ba404dce0 con 0x7f0bb407dd40
2024-04-13T05:04:42.025 INFO:teuthology.orchestra.run.smithi057.stdout:/usr/bin/ceph: stderr
2024-04-13T05:04:40.273+0000 7f0bb3400700 1 --2- 172.21.15.57:0/10429094 >> [v2:172.21.15.57:6800/3670387557,v1:172.21.15.57:6801/3670387557] conn(0x7f0b98039620 0x7f0b9803bae0 unknown :-1 s=BANNER_CONNECTING pgs=0 cs=0 l=1 rev1=0 crypto rx=0 tx=0 comp rx=0 tx=0)._handle_peer_banner_payload supported=3 required=0
2024-04-13T05:04:42.025 INFO:teuthology.orchestra.run.smithi057.stdout:/usr/bin/ceph: stderr
2024-04-13T05:04:40.274+0000 7f0bb3400700 1 --2- 172.21.15.57:0/10429094 >> [v2:172.21.15.57:6800/3670387557,v1:172.21.15.57:6801/3670387557] conn(0x7f0b98039620 0x7f0b9803bae0 secure :-1 s=READY pgs=9 cs=0 l=1 rev1=1 crypto rx=0x7f0ba0006fd0 tx=0x7f0ba0006e40 comp rx=0 tx=0).ready entity=mgr.14120 client_cookie=0 server_cookie=0 in_seq=0 out_seq=0
2024-04-13T05:04:42.025 INFO:teuthology.orchestra.run.smithi057.stdout:/usr/bin/ceph: stderr
2024-04-13T05:04:40.278+0000 7f0bb0c00700 1 -- 172.21.15.57:0/10429094 <== mon.0 v2:172.21.15.57:3300/0 6 ==== mon_command_ack([{"prefix": "get_command_descriptions"}]=0 v0) ==== 72+0+188370 (secure 0 0 0) 0x7f0ba4023e00 con 0x7f0bb407dd40
2024-04-13T05:04:42.025 INFO:teuthology.orchestra.run.smithi057.stdout:/usr/bin/ceph: stderr
2024-04-13T05:04:40.506+0000 7f0bbb200700 1 -- 172.21.15.57:0/10429094 --> [v2:172.21.15.57:6800/3670387557,v1:172.21.15.57:6801/3670387557] -- mgr_command(tid 0: {"prefix": "cephadm generate-key", "target": ["mon-mgr", ""]}) -- 0x7f0bb4104ad0 con 0x7f0b98039620
2024-04-13T05:04:42.025 INFO:teuthology.orchestra.run.smithi057.stdout:/usr/bin/ceph: stderr
2024-04-13T05:04:41.314+0000 7f0bb0c00700 1 -- 172.21.15.57:0/10429094 <== mgr.14120 v2:172.21.15.57:6800/3670387557 1 ==== mgr_command_reply(tid 0: 0 ) ==== 8+0+0 (secure 0 0 0) 0x7f0bb4104ad0 con 0x7f0b98039620
2024-04-13T05:04:42.025 INFO:teuthology.orchestra.run.smithi057.stdout:/usr/bin/ceph: stderr
2024-04-13T05:04:41.316+0000 7f0bbb200700 1 -- 172.21.15.57:0/10429094 >> [v2:172.21.15.57:6800/3670387557,v1:172.21.15.57:6801/3670387557] conn(0x7f0b98039620 msgr2=0x7f0b9803bae0 secure :-1 s=STATE_CONNECTION_ESTABLISHED l=1).mark_down
2024-04-13T05:04:42.025 INFO:teuthology.orchestra.run.smithi057.stdout:/usr/bin/ceph: stderr
2024-04-13T05:04:41.316+0000 7f0bbb200700 1 --2- 172.21.15.57:0/10429094 >> [v2:172.21.15.57:6800/3670387557,v1:172.21.15.57:6801/3670387557] conn(0x7f0b98039620 0x7f0b9803bae0 secure :-1 s=READY pgs=9 cs=0 l=1 rev1=1 crypto rx=0x7f0ba0006fd0 tx=0x7f0ba0006e40 comp rx=0 tx=0).stop
2024-04-13T05:04:42.025 INFO:teuthology.orchestra.run.smithi057.stdout:/usr/bin/ceph: stderr
2024-04-13T05:04:41.316+0000 7f0bbb200700 1 -- 172.21.15.57:0/10429094 >> [v2:172.21.15.57:3300/0,v1:172.21.15.57:6789/0] conn(0x7f0bb407dd40 msgr2=0x7f0bb419e310 secure :-1 s=STATE_CONNECTION_ESTABLISHED l=1).mark_down
2024-04-13T05:04:42.025 INFO:teuthology.orchestra.run.smithi057.stdout:/usr/bin/ceph: stderr
2024-04-13T05:04:41.316+0000 7f0bbb200700 1 --2- 172.21.15.57:0/10429094 >> [v2:172.21.15.57:3300/0,v1:172.21.15.57:6789/0] conn(0x7f0bb407dd40 0x7f0bb419e310 secure :-1 s=READY pgs=42 cs=0 l=1 rev1=1 crypto rx=0x7f0ba4006af0 tx=0x7f0ba4011b70 comp rx=0 tx=0).stop
2024-04-13T05:04:42.025 INFO:teuthology.orchestra.run.smithi057.stdout:/usr/bin/ceph: stderr
2024-04-13T05:04:41.316+0000 7f0bbb200700 1 -- 172.21.15.57:0/10429094 shutdown_connections
2024-04-13T05:04:42.025 INFO:teuthology.orchestra.run.smithi057.stdout:/usr/bin/ceph: stderr
2024-04-13T05:04:41.316+0000 7f0bbb200700 1 --2- 172.21.15.57:0/10429094 >> [v2:172.21.15.57:6800/3670387557,v1:172.21.15.57:6801/3670387557] conn(0x7f0b98039620 0x7f0b9803bae0 unknown :-1 s=CLOSED pgs=9 cs=0 l=1 rev1=1 crypto rx=0 tx=0 comp rx=0 tx=0).stop
2024-04-13T05:04:42.026 INFO:teuthology.orchestra.run.smithi057.stdout:/usr/bin/ceph: stderr
2024-04-13T05:04:41.316+0000 7f0bbb200700 1 --2- 172.21.15.57:0/10429094 >> [v2:172.21.15.57:3300/0,v1:172.21.15.57:6789/0] conn(0x7f0bb407dd40 0x7f0bb419e310 unknown :-1 s=CLOSED pgs=42 cs=0 l=1 rev1=1 crypto rx=0 tx=0 comp rx=0 tx=0).stop
2024-04-13T05:04:42.026 INFO:teuthology.orchestra.run.smithi057.stdout:/usr/bin/ceph: stderr
2024-04-13T05:04:41.316+0000 7f0bbb200700 1 -- 172.21.15.57:0/10429094 >> 172.21.15.57:0/10429094 conn(0x7f0bb41038a0 msgr2=0x7f0bb41043c0 unknown :-1 s=STATE_NONE l=0).mark_down
2024-04-13T05:04:42.026 INFO:teuthology.orchestra.run.smithi057.stdout:/usr/bin/ceph: stderr
2024-04-13T05:04:41.317+0000 7f0bbb200700 1 -- 172.21.15.57:0/10429094 shutdown_connections
2024-04-13T05:04:42.026 INFO:teuthology.orchestra.run.smithi057.stdout:/usr/bin/ceph: stderr
2024-04-13T05:04:41.317+0000 7f0bbb200700 1 -- 172.21.15.57:0/10429094 wait complete.
2024-04-13T05:04:42.562 INFO:journalctl@ceph.mon.a.smithi057.stdout:Apr 13 05:04:42 smithi057 ceph-mon[32331]: from='mgr.14120 172.21.15.57:0/1133481434' entity='mgr.x'
2024-04-13T05:04:42.563 INFO:journalctl@ceph.mon.a.smithi057.stdout:Apr 13 05:04:42 smithi057 ceph-mon[32331]: from='mgr.14120 172.21.15.57:0/1133481434' entity='mgr.x'
2024-04-13T05:04:43.510 INFO:teuthology.orchestra.run.smithi057.stdout:/usr/bin/ceph: stdout ssh-rsa AAAAB3NzaC1yc2EAAAADAQABAAABgQCbPM+fIwzTvACgiEmKmICXLRFESTO6LuEL1kQrwp7PF90GkhYnxQxQpoQ56PcXl+yArOEyrBf8aMK58vm4wbm+8p4GOozARiFGCZiNaOJGgCAEn6JAJ+wLFVnrGUyRa/ulw1vadYOp60Oy866hxpK6l34oZt03D3+0H24TlqhiH7v4nzqigzc0y8FFRv3NpRBe1oSOZu4Wh4widH+16bECU/yD161ruD4NSKU5dwTZqSPcizztEE5TuEeJe3v8K6NxsyFWNOvuPqdzu4hjNYm44xvBlgh6RbPcoOKgxbxLsBGqd+nPEVZSicpG92mid1melOgXScCID2AVTIcqGw64SFEaebiinK17VCsIXLce1UyyhY6IEw2EstPKfUfv7X7zzXxjF/clFc1j96lwhNyplo98STXyhCAQQTxZQW9SSYXgmmzCQ6oD5oe9krNjqVD8burYSRKY0KaMGFGYAWeVXIQHBx2MhA8NQgddCBQTJI9B1wBDC368dZUsK0oCmac= ceph-0a178454-f953-11ee-bc8d-c7b262605968
2024-04-13T05:04:43.510 INFO:teuthology.orchestra.run.smithi057.stdout:/usr/bin/ceph: stderr
2024-04-13T05:04:42.616+0000 7f9b63c00700 1 Processor -- start
2024-04-13T05:04:43.510 INFO:teuthology.orchestra.run.smithi057.stdout:/usr/bin/ceph: stderr
2024-04-13T05:04:42.616+0000 7f9b63c00700 1 -- start start
2024-04-13T05:04:43.510 INFO:teuthology.orchestra.run.smithi057.stdout:/usr/bin/ceph: stderr
2024-04-13T05:04:42.616+0000 7f9b63c00700 1 --2- >> [v2:172.21.15.57:3300/0,v1:172.21.15.57:6789/0] conn(0x7f9b5c07de00 0x7f9b5c07c2b0 unknown :-1 s=NONE pgs=0 cs=0 l=0 rev1=0 crypto rx=0 tx=0 comp rx=0 tx=0).connect
2024-04-13T05:04:43.510 INFO:teuthology.orchestra.run.smithi057.stdout:/usr/bin/ceph: stderr
2024-04-13T05:04:42.616+0000 7f9b63c00700 1 -- --> [v2:172.21.15.57:3300/0,v1:172.21.15.57:6789/0] -- mon_getmap magic: 0 -- 0x7f9b5c07c880 con 0x7f9b5c07de00
2024-04-13T05:04:43.510 INFO:teuthology.orchestra.run.smithi057.stdout:/usr/bin/ceph: stderr
2024-04-13T05:04:42.617+0000 7f9b61200700 1 --2- >> [v2:172.21.15.57:3300/0,v1:172.21.15.57:6789/0] conn(0x7f9b5c07de00 0x7f9b5c07c2b0 unknown :-1 s=BANNER_CONNECTING pgs=0 cs=0 l=0 rev1=0 crypto rx=0 tx=0 comp rx=0 tx=0)._handle_peer_banner_payload supported=3 required=0
2024-04-13T05:04:43.513 INFO:teuthology.orchestra.run.smithi057.stdout:/usr/bin/ceph: stderr
2024-04-13T05:04:42.617+0000 7f9b61200700 1 --2- >> [v2:172.21.15.57:3300/0,v1:172.21.15.57:6789/0] conn(0x7f9b5c07de00 0x7f9b5c07c2b0 unknown :-1 s=HELLO_CONNECTING pgs=0 cs=0 l=0 rev1=1 crypto rx=0 tx=0 comp rx=0 tx=0).handle_hello peer v2:172.21.15.57:3300/0 says I am v2:172.21.15.57:55762/0 (socket says 172.21.15.57:55762)
2024-04-13T05:04:43.513 INFO:teuthology.orchestra.run.smithi057.stdout:/usr/bin/ceph: stderr
2024-04-13T05:04:42.617+0000 7f9b61200700 1 -- 172.21.15.57:0/1411024593 learned_addr learned my addr 172.21.15.57:0/1411024593 (peer_addr_for_me v2:172.21.15.57:0/0)
2024-04-13T05:04:43.513 INFO:teuthology.orchestra.run.smithi057.stdout:/usr/bin/ceph: stderr
2024-04-13T05:04:42.617+0000 7f9b61200700 1 -- 172.21.15.57:0/1411024593 --> [v2:172.21.15.57:3300/0,v1:172.21.15.57:6789/0] -- mon_subscribe({config=0+,monmap=0+}) -- 0x7f9b5c07ca00 con 0x7f9b5c07de00
2024-04-13T05:04:43.513 INFO:teuthology.orchestra.run.smithi057.stdout:/usr/bin/ceph: stderr
2024-04-13T05:04:42.618+0000 7f9b61200700 1 --2- 172.21.15.57:0/1411024593 >> [v2:172.21.15.57:3300/0,v1:172.21.15.57:6789/0] conn(0x7f9b5c07de00 0x7f9b5c07c2b0 secure :-1 s=READY pgs=43 cs=0 l=1 rev1=1 crypto rx=0x7f9b500098a0 tx=0x7f9b50009bb0 comp rx=0 tx=0).ready entity=mon.0 client_cookie=3b379ebe9450605 server_cookie=0 in_seq=0 out_seq=0
2024-04-13T05:04:43.513 INFO:teuthology.orchestra.run.smithi057.stdout:/usr/bin/ceph: stderr
2024-04-13T05:04:42.618+0000 7f9b5b400700 1 -- 172.21.15.57:0/1411024593 <== mon.0 v2:172.21.15.57:3300/0 1 ==== mon_map magic: 0 ==== 205+0+0 (secure 0 0 0) 0x7f9b50004160 con 0x7f9b5c07de00
2024-04-13T05:04:43.513 INFO:teuthology.orchestra.run.smithi057.stdout:/usr/bin/ceph: stderr
2024-04-13T05:04:42.618+0000 7f9b5b400700 1 -- 172.21.15.57:0/1411024593 <== mon.0 v2:172.21.15.57:3300/0 2 ==== config(26 keys) ==== 1071+0+0 (secure 0 0 0) 0x7f9b50004300 con 0x7f9b5c07de00
2024-04-13T05:04:43.514 INFO:teuthology.orchestra.run.smithi057.stdout:/usr/bin/ceph: stderr
2024-04-13T05:04:42.618+0000 7f9b5b400700 1 -- 172.21.15.57:0/1411024593 <== mon.0 v2:172.21.15.57:3300/0 3 ==== mon_map magic: 0 ==== 205+0+0 (secure 0 0 0) 0x7f9b50011a80 con 0x7f9b5c07de00
2024-04-13T05:04:43.514 INFO:teuthology.orchestra.run.smithi057.stdout:/usr/bin/ceph: stderr
2024-04-13T05:04:42.619+0000 7f9b63c00700 1 -- 172.21.15.57:0/1411024593 >> [v2:172.21.15.57:3300/0,v1:172.21.15.57:6789/0] conn(0x7f9b5c07de00 msgr2=0x7f9b5c07c2b0 secure :-1 s=STATE_CONNECTION_ESTABLISHED l=1).mark_down
2024-04-13T05:04:43.514 INFO:teuthology.orchestra.run.smithi057.stdout:/usr/bin/ceph: stderr
2024-04-13T05:04:42.619+0000 7f9b63c00700 1 --2- 172.21.15.57:0/1411024593 >> [v2:172.21.15.57:3300/0,v1:172.21.15.57:6789/0] conn(0x7f9b5c07de00 0x7f9b5c07c2b0 secure :-1 s=READY pgs=43 cs=0 l=1 rev1=1 crypto rx=0x7f9b500098a0 tx=0x7f9b50009bb0 comp rx=0 tx=0).stop
2024-04-13T05:04:43.514 INFO:teuthology.orchestra.run.smithi057.stdout:/usr/bin/ceph: stderr
2024-04-13T05:04:42.619+0000 7f9b63c00700 1 -- 172.21.15.57:0/1411024593 shutdown_connections
2024-04-13T05:04:43.514 INFO:teuthology.orchestra.run.smithi057.stdout:/usr/bin/ceph: stderr
2024-04-13T05:04:42.619+0000 7f9b63c00700 1 --2- 172.21.15.57:0/1411024593 >> [v2:172.21.15.57:3300/0,v1:172.21.15.57:6789/0] conn(0x7f9b5c07de00 0x7f9b5c07c2b0 unknown :-1 s=CLOSED pgs=43 cs=0 l=1 rev1=1 crypto rx=0 tx=0 comp rx=0 tx=0).stop
2024-04-13T05:04:43.514 INFO:teuthology.orchestra.run.smithi057.stdout:/usr/bin/ceph: stderr
2024-04-13T05:04:42.619+0000 7f9b63c00700 1 -- 172.21.15.57:0/1411024593 >> 172.21.15.57:0/1411024593 conn(0x7f9b5c103860 msgr2=0x7f9b5c105c80 unknown :-1 s=STATE_NONE l=0).mark_down
2024-04-13T05:04:43.514 INFO:teuthology.orchestra.run.smithi057.stdout:/usr/bin/ceph: stderr
2024-04-13T05:04:42.619+0000 7f9b63c00700 1 -- 172.21.15.57:0/1411024593 shutdown_connections
2024-04-13T05:04:43.514 INFO:teuthology.orchestra.run.smithi057.stdout:/usr/bin/ceph: stderr
2024-04-13T05:04:42.619+0000 7f9b63c00700 1 -- 172.21.15.57:0/1411024593 wait complete.
2024-04-13T05:04:43.514 INFO:teuthology.orchestra.run.smithi057.stdout:/usr/bin/ceph: stderr
2024-04-13T05:04:42.620+0000 7f9b63c00700 1 Processor -- start
2024-04-13T05:04:43.514 INFO:teuthology.orchestra.run.smithi057.stdout:/usr/bin/ceph: stderr
2024-04-13T05:04:42.620+0000 7f9b63c00700 1 -- start start
2024-04-13T05:04:43.514 INFO:teuthology.orchestra.run.smithi057.stdout:/usr/bin/ceph: stderr
2024-04-13T05:04:42.620+0000 7f9b63c00700 1 --2- >> [v2:172.21.15.57:3300/0,v1:172.21.15.57:6789/0] conn(0x7f9b5c07de00 0x7f9b5c10b4f0 unknown :-1 s=NONE pgs=0 cs=0 l=1 rev1=0 crypto rx=0 tx=0 comp rx=0 tx=0).connect
2024-04-13T05:04:43.514 INFO:teuthology.orchestra.run.smithi057.stdout:/usr/bin/ceph: stderr
2024-04-13T05:04:42.620+0000 7f9b63c00700 1 -- --> [v2:172.21.15.57:3300/0,v1:172.21.15.57:6789/0] -- mon_getmap magic: 0 -- 0x7f9b5c10e7b0 con 0x7f9b5c07de00
2024-04-13T05:04:43.514 INFO:teuthology.orchestra.run.smithi057.stdout:/usr/bin/ceph: stderr
2024-04-13T05:04:42.621+0000 7f9b61200700 1 --2- >> [v2:172.21.15.57:3300/0,v1:172.21.15.57:6789/0] conn(0x7f9b5c07de00 0x7f9b5c10b4f0 unknown :-1 s=BANNER_CONNECTING pgs=0 cs=0 l=1 rev1=0 crypto rx=0 tx=0 comp rx=0 tx=0)._handle_peer_banner_payload supported=3 required=0
2024-04-13T05:04:43.514 INFO:teuthology.orchestra.run.smithi057.stdout:/usr/bin/ceph: stderr
2024-04-13T05:04:42.621+0000 7f9b61200700 1 --2- >> [v2:172.21.15.57:3300/0,v1:172.21.15.57:6789/0] conn(0x7f9b5c07de00 0x7f9b5c10b4f0 unknown :-1 s=HELLO_CONNECTING pgs=0 cs=0 l=1 rev1=1 crypto rx=0 tx=0 comp rx=0 tx=0).handle_hello peer v2:172.21.15.57:3300/0 says I am v2:172.21.15.57:55770/0 (socket says 172.21.15.57:55770)
2024-04-13T05:04:43.515 INFO:teuthology.orchestra.run.smithi057.stdout:/usr/bin/ceph: stderr
2024-04-13T05:04:42.621+0000 7f9b61200700 1 -- 172.21.15.57:0/4095728239 learned_addr learned my addr 172.21.15.57:0/4095728239 (peer_addr_for_me v2:172.21.15.57:0/0)
2024-04-13T05:04:43.515 INFO:teuthology.orchestra.run.smithi057.stdout:/usr/bin/ceph: stderr
2024-04-13T05:04:42.621+0000 7f9b61200700 1 -- 172.21.15.57:0/4095728239 --> [v2:172.21.15.57:3300/0,v1:172.21.15.57:6789/0] -- mon_subscribe({config=0+,monmap=0+}) -- 0x7f9b5c10ba30 con 0x7f9b5c07de00
2024-04-13T05:04:43.517 INFO:teuthology.orchestra.run.smithi057.stdout:/usr/bin/ceph: stderr
2024-04-13T05:04:42.621+0000 7f9b61200700 1 --2- 172.21.15.57:0/4095728239 >> [v2:172.21.15.57:3300/0,v1:172.21.15.57:6789/0] conn(0x7f9b5c07de00 0x7f9b5c10b4f0 secure :-1 s=READY pgs=44 cs=0 l=1 rev1=1 crypto rx=0x7f9b50011a50 tx=0x7f9b50004290 comp rx=0 tx=0).ready entity=mon.0 client_cookie=0 server_cookie=0 in_seq=0 out_seq=0
2024-04-13T05:04:43.517 INFO:teuthology.orchestra.run.smithi057.stdout:/usr/bin/ceph: stderr
2024-04-13T05:04:42.621+0000 7f9b59600700 1 -- 172.21.15.57:0/4095728239 <== mon.0 v2:172.21.15.57:3300/0 1 ==== mon_map magic: 0 ==== 205+0+0 (secure 0 0 0) 0x7f9b500039f0 con 0x7f9b5c07de00
2024-04-13T05:04:43.517 INFO:teuthology.orchestra.run.smithi057.stdout:/usr/bin/ceph: stderr
2024-04-13T05:04:42.622+0000 7f9b59600700 1 -- 172.21.15.57:0/4095728239 <== mon.0 v2:172.21.15.57:3300/0 2 ==== config(26 keys) ==== 1071+0+0 (secure 0 0 0) 0x7f9b50003b90 con 0x7f9b5c07de00
2024-04-13T05:04:43.517 INFO:teuthology.orchestra.run.smithi057.stdout:/usr/bin/ceph: stderr
2024-04-13T05:04:42.622+0000 7f9b59600700 1 -- 172.21.15.57:0/4095728239 <== mon.0 v2:172.21.15.57:3300/0 3 ==== mon_map magic: 0 ==== 205+0+0 (secure 0 0 0) 0x7f9b5001a600 con 0x7f9b5c07de00
2024-04-13T05:04:43.518 INFO:teuthology.orchestra.run.smithi057.stdout:/usr/bin/ceph: stderr
2024-04-13T05:04:42.622+0000 7f9b63c00700 1 -- 172.21.15.57:0/4095728239 --> [v2:172.21.15.57:3300/0,v1:172.21.15.57:6789/0] -- mon_subscribe({mgrmap=0+}) -- 0x7f9b5c10bcc0 con 0x7f9b5c07de00
2024-04-13T05:04:43.518 INFO:teuthology.orchestra.run.smithi057.stdout:/usr/bin/ceph: stderr
2024-04-13T05:04:42.622+0000 7f9b63c00700 1 -- 172.21.15.57:0/4095728239 --> [v2:172.21.15.57:3300/0,v1:172.21.15.57:6789/0] -- mon_subscribe({osdmap=0}) -- 0x7f9b5c108280 con 0x7f9b5c07de00
2024-04-13T05:04:43.518 INFO:teuthology.orchestra.run.smithi057.stdout:/usr/bin/ceph: stderr
2024-04-13T05:04:42.623+0000 7f9b59600700 1 -- 172.21.15.57:0/4095728239 <== mon.0 v2:172.21.15.57:3300/0 4 ==== mgrmap(e 8) ==== 46558+0+0 (secure 0 0 0) 0x7f9b50024a40 con 0x7f9b5c07de00
2024-04-13T05:04:43.518 INFO:teuthology.orchestra.run.smithi057.stdout:/usr/bin/ceph: stderr
2024-04-13T05:04:42.623+0000 7f9b63c00700 1 -- 172.21.15.57:0/4095728239 --> [v2:172.21.15.57:3300/0,v1:172.21.15.57:6789/0] -- mon_command({"prefix": "get_command_descriptions"} v 0) -- 0x7f9b5c10be90 con 0x7f9b5c07de00
2024-04-13T05:04:43.518 INFO:teuthology.orchestra.run.smithi057.stdout:/usr/bin/ceph: stderr
2024-04-13T05:04:42.623+0000 7f9b59600700 1 --2- 172.21.15.57:0/4095728239 >> [v2:172.21.15.57:6800/3670387557,v1:172.21.15.57:6801/3670387557] conn(0x7f9b440396c0 0x7f9b4403bb80 unknown :-1 s=NONE pgs=0 cs=0 l=1 rev1=0 crypto rx=0 tx=0 comp rx=0 tx=0).connect
2024-04-13T05:04:43.518 INFO:teuthology.orchestra.run.smithi057.stdout:/usr/bin/ceph: stderr
2024-04-13T05:04:42.623+0000 7f9b59600700 1 -- 172.21.15.57:0/4095728239 <== mon.0 v2:172.21.15.57:3300/0 5 ==== osd_map(2..2 src has 1..2) ==== 940+0+0 (secure 0 0 0) 0x7f9b5004dbe0 con 0x7f9b5c07de00
2024-04-13T05:04:43.518 INFO:teuthology.orchestra.run.smithi057.stdout:/usr/bin/ceph: stderr
2024-04-13T05:04:42.624+0000 7f9b5be00700 1 --2- 172.21.15.57:0/4095728239 >> [v2:172.21.15.57:6800/3670387557,v1:172.21.15.57:6801/3670387557] conn(0x7f9b440396c0 0x7f9b4403bb80 unknown :-1 s=BANNER_CONNECTING pgs=0 cs=0 l=1 rev1=0 crypto rx=0 tx=0 comp rx=0 tx=0)._handle_peer_banner_payload supported=3 required=0
2024-04-13T05:04:43.518 INFO:teuthology.orchestra.run.smithi057.stdout:/usr/bin/ceph: stderr
2024-04-13T05:04:42.624+0000 7f9b5be00700 1 --2- 172.21.15.57:0/4095728239 >> [v2:172.21.15.57:6800/3670387557,v1:172.21.15.57:6801/3670387557] conn(0x7f9b440396c0 0x7f9b4403bb80 secure :-1 s=READY pgs=10 cs=0 l=1 rev1=1 crypto rx=0x7f9b48006fd0 tx=0x7f9b48006e40 comp rx=0 tx=0).ready entity=mgr.14120 client_cookie=0 server_cookie=0 in_seq=0 out_seq=0
2024-04-13T05:04:43.518 INFO:teuthology.orchestra.run.smithi057.stdout:/usr/bin/ceph: stderr
2024-04-13T05:04:42.629+0000 7f9b59600700 1 -- 172.21.15.57:0/4095728239 <== mon.0 v2:172.21.15.57:3300/0 6 ==== mon_command_ack([{"prefix": "get_command_descriptions"}]=0 v0) ==== 72+0+188370 (secure 0 0 0) 0x7f9b5c10be90 con 0x7f9b5c07de00
2024-04-13T05:04:43.518 INFO:teuthology.orchestra.run.smithi057.stdout:/usr/bin/ceph: stderr
2024-04-13T05:04:42.859+0000 7f9b63c00700 1 -- 172.21.15.57:0/4095728239 --> [v2:172.21.15.57:6800/3670387557,v1:172.21.15.57:6801/3670387557] -- mgr_command(tid 0: {"prefix": "cephadm get-pub-key", "target": ["mon-mgr", ""]}) -- 0x7f9b5c1089d0 con 0x7f9b440396c0
2024-04-13T05:04:43.518 INFO:teuthology.orchestra.run.smithi057.stdout:/usr/bin/ceph: stderr
2024-04-13T05:04:42.860+0000 7f9b59600700 1 -- 172.21.15.57:0/4095728239 <== mgr.14120 v2:172.21.15.57:6800/3670387557 1 ==== mgr_command_reply(tid 0: 0 ) ==== 8+0+595 (secure 0 0 0) 0x7f9b5c1089d0 con 0x7f9b440396c0
2024-04-13T05:04:43.518 INFO:teuthology.orchestra.run.smithi057.stdout:/usr/bin/ceph: stderr
2024-04-13T05:04:42.863+0000 7f9b63c00700 1 -- 172.21.15.57:0/4095728239 >> [v2:172.21.15.57:6800/3670387557,v1:172.21.15.57:6801/3670387557] conn(0x7f9b440396c0 msgr2=0x7f9b4403bb80 secure :-1 s=STATE_CONNECTION_ESTABLISHED l=1).mark_down
2024-04-13T05:04:43.519 INFO:teuthology.orchestra.run.smithi057.stdout:/usr/bin/ceph: stderr
2024-04-13T05:04:42.863+0000 7f9b63c00700 1 --2- 172.21.15.57:0/4095728239 >> [v2:172.21.15.57:6800/3670387557,v1:172.21.15.57:6801/3670387557] conn(0x7f9b440396c0 0x7f9b4403bb80 secure :-1 s=READY pgs=10 cs=0 l=1 rev1=1 crypto rx=0x7f9b48006fd0 tx=0x7f9b48006e40 comp rx=0 tx=0).stop
2024-04-13T05:04:43.519 INFO:teuthology.orchestra.run.smithi057.stdout:/usr/bin/ceph: stderr
2024-04-13T05:04:42.863+0000 7f9b63c00700 1 -- 172.21.15.57:0/4095728239 >> [v2:172.21.15.57:3300/0,v1:172.21.15.57:6789/0] conn(0x7f9b5c07de00 msgr2=0x7f9b5c10b4f0 secure :-1 s=STATE_CONNECTION_ESTABLISHED l=1).mark_down
2024-04-13T05:04:43.519 INFO:teuthology.orchestra.run.smithi057.stdout:/usr/bin/ceph: stderr
2024-04-13T05:04:42.863+0000 7f9b63c00700 1 --2- 172.21.15.57:0/4095728239 >> [v2:172.21.15.57:3300/0,v1:172.21.15.57:6789/0] conn(0x7f9b5c07de00 0x7f9b5c10b4f0 secure :-1 s=READY pgs=44 cs=0 l=1 rev1=1 crypto rx=0x7f9b50011a50 tx=0x7f9b50004290 comp rx=0 tx=0).stop
2024-04-13T05:04:43.519 INFO:teuthology.orchestra.run.smithi057.stdout:/usr/bin/ceph: stderr
2024-04-13T05:04:42.863+0000 7f9b63c00700 1 -- 172.21.15.57:0/4095728239 shutdown_connections
2024-04-13T05:04:43.519 INFO:teuthology.orchestra.run.smithi057.stdout:/usr/bin/ceph: stderr
2024-04-13T05:04:42.863+0000 7f9b63c00700 1 --2- 172.21.15.57:0/4095728239 >> [v2:172.21.15.57:6800/3670387557,v1:172.21.15.57:6801/3670387557] conn(0x7f9b440396c0 0x7f9b4403bb80 unknown :-1 s=CLOSED pgs=10 cs=0 l=1 rev1=1 crypto rx=0 tx=0 comp rx=0 tx=0).stop
2024-04-13T05:04:43.519 INFO:teuthology.orchestra.run.smithi057.stdout:/usr/bin/ceph: stderr
2024-04-13T05:04:42.863+0000 7f9b63c00700 1 --2- 172.21.15.57:0/4095728239 >> [v2:172.21.15.57:3300/0,v1:172.21.15.57:6789/0] conn(0x7f9b5c07de00 0x7f9b5c10b4f0 unknown :-1 s=CLOSED pgs=44 cs=0 l=1 rev1=1 crypto rx=0 tx=0 comp rx=0 tx=0).stop
2024-04-13T05:04:43.519 INFO:teuthology.orchestra.run.smithi057.stdout:/usr/bin/ceph: stderr
2024-04-13T05:04:42.863+0000 7f9b63c00700 1 -- 172.21.15.57:0/4095728239 >> 172.21.15.57:0/4095728239 conn(0x7f9b5c103860 msgr2=0x7f9b5c104300 unknown :-1 s=STATE_NONE l=0).mark_down
2024-04-13T05:04:43.519 INFO:teuthology.orchestra.run.smithi057.stdout:/usr/bin/ceph: stderr
2024-04-13T05:04:42.864+0000 7f9b63c00700 1 -- 172.21.15.57:0/4095728239 shutdown_connections
2024-04-13T05:04:43.519 INFO:teuthology.orchestra.run.smithi057.stdout:/usr/bin/ceph: stderr
2024-04-13T05:04:42.864+0000 7f9b63c00700 1 -- 172.21.15.57:0/4095728239 wait complete.
2024-04-13T05:04:43.520 INFO:teuthology.orchestra.run.smithi057.stdout:Wrote public SSH key to /home/ubuntu/cephtest/ceph.pub
2024-04-13T05:04:43.520 INFO:teuthology.orchestra.run.smithi057.stdout:Adding key to root@localhost authorized_keys...
2024-04-13T05:04:43.520 INFO:teuthology.orchestra.run.smithi057.stdout:Adding host smithi057...
2024-04-13T05:04:44.115 INFO:journalctl@ceph.mon.a.smithi057.stdout:Apr 13 05:04:43 smithi057 ceph-mon[32331]: from='client.14138 -' entity='client.admin' cmd=[{"prefix": "cephadm get-pub-key", "target": ["mon-mgr", ""]}]: dispatch
2024-04-13T05:04:45.028 INFO:journalctl@ceph.mon.a.smithi057.stdout:Apr 13 05:04:44 smithi057 ceph-mon[32331]: from='client.14140 -' entity='client.admin' cmd=[{"prefix": "orch host add", "hostname": "smithi057", "addr": "172.21.15.57", "target": ["mon-mgr", ""]}]: dispatch
2024-04-13T05:04:47.010 INFO:journalctl@ceph.mon.a.smithi057.stdout:Apr 13 05:04:46 smithi057 ceph-mon[32331]: Deploying cephadm binary to smithi057
2024-04-13T05:04:52.128 INFO:teuthology.orchestra.run.smithi057.stdout:/usr/bin/ceph: stdout Added host 'smithi057' with addr '172.21.15.57'
2024-04-13T05:04:52.128 INFO:teuthology.orchestra.run.smithi057.stdout:/usr/bin/ceph: stderr
2024-04-13T05:04:44.116+0000 7f05fa800700 1 Processor -- start
2024-04-13T05:04:52.128 INFO:teuthology.orchestra.run.smithi057.stdout:/usr/bin/ceph: stderr
2024-04-13T05:04:44.116+0000 7f05fa800700 1 -- start start
2024-04-13T05:04:52.128 INFO:teuthology.orchestra.run.smithi057.stdout:/usr/bin/ceph: stderr
2024-04-13T05:04:44.117+0000 7f05fa800700 1 --2- >> [v2:172.21.15.57:3300/0,v1:172.21.15.57:6789/0] conn(0x7f05f410a450 0x7f05f410a870 unknown :-1 s=NONE pgs=0 cs=0 l=0 rev1=0 crypto rx=0 tx=0 comp rx=0 tx=0).connect
2024-04-13T05:04:52.128 INFO:teuthology.orchestra.run.smithi057.stdout:/usr/bin/ceph: stderr
2024-04-13T05:04:44.117+0000 7f05fa800700 1 -- --> [v2:172.21.15.57:3300/0,v1:172.21.15.57:6789/0] -- mon_getmap magic: 0 -- 0x7f05f410ae40 con 0x7f05f410a450
2024-04-13T05:04:52.128 INFO:teuthology.orchestra.run.smithi057.stdout:/usr/bin/ceph: stderr
2024-04-13T05:04:44.117+0000 7f05f3400700 1 --2- >> [v2:172.21.15.57:3300/0,v1:172.21.15.57:6789/0] conn(0x7f05f410a450 0x7f05f410a870 unknown :-1 s=BANNER_CONNECTING pgs=0 cs=0 l=0 rev1=0 crypto rx=0 tx=0 comp rx=0 tx=0)._handle_peer_banner_payload supported=3 required=0
2024-04-13T05:04:52.129 INFO:teuthology.orchestra.run.smithi057.stdout:/usr/bin/ceph: stderr
2024-04-13T05:04:44.117+0000 7f05f3400700 1 --2- >> [v2:172.21.15.57:3300/0,v1:172.21.15.57:6789/0] conn(0x7f05f410a450 0x7f05f410a870 unknown :-1 s=HELLO_CONNECTING pgs=0 cs=0 l=0 rev1=1 crypto rx=0 tx=0 comp rx=0 tx=0).handle_hello peer v2:172.21.15.57:3300/0 says I am v2:172.21.15.57:55780/0 (socket says 172.21.15.57:55780)
2024-04-13T05:04:52.131 INFO:teuthology.orchestra.run.smithi057.stdout:/usr/bin/ceph: stderr
2024-04-13T05:04:44.117+0000 7f05f3400700 1 -- 172.21.15.57:0/1020706592 learned_addr learned my addr 172.21.15.57:0/1020706592 (peer_addr_for_me v2:172.21.15.57:0/0)
2024-04-13T05:04:52.131 INFO:teuthology.orchestra.run.smithi057.stdout:/usr/bin/ceph: stderr
2024-04-13T05:04:44.118+0000 7f05f3400700 1 -- 172.21.15.57:0/1020706592 --> [v2:172.21.15.57:3300/0,v1:172.21.15.57:6789/0] -- mon_subscribe({config=0+,monmap=0+}) -- 0x7f05f410b600 con 0x7f05f410a450
2024-04-13T05:04:52.132 INFO:teuthology.orchestra.run.smithi057.stdout:/usr/bin/ceph: stderr
2024-04-13T05:04:44.118+0000 7f05f3400700 1 --2- 172.21.15.57:0/1020706592 >> [v2:172.21.15.57:3300/0,v1:172.21.15.57:6789/0] conn(0x7f05f410a450 0x7f05f410a870 secure :-1 s=READY pgs=45 cs=0 l=1 rev1=1 crypto rx=0x7f05e40098a0 tx=0x7f05e4009bb0 comp rx=0 tx=0).ready entity=mon.0 client_cookie=a5846c779bcb3803 server_cookie=0 in_seq=0 out_seq=0
2024-04-13T05:04:52.132 INFO:teuthology.orchestra.run.smithi057.stdout:/usr/bin/ceph: stderr
2024-04-13T05:04:44.118+0000 7f05f2000700 1 -- 172.21.15.57:0/1020706592 <== mon.0 v2:172.21.15.57:3300/0 1 ==== mon_map magic: 0 ==== 205+0+0 (secure 0 0 0) 0x7f05e4004160 con 0x7f05f410a450
2024-04-13T05:04:52.132 INFO:teuthology.orchestra.run.smithi057.stdout:/usr/bin/ceph: stderr
2024-04-13T05:04:44.119+0000 7f05f2000700 1 -- 172.21.15.57:0/1020706592 <== mon.0 v2:172.21.15.57:3300/0 2 ==== config(26 keys) ==== 1071+0+0 (secure 0 0 0) 0x7f05e4004300 con 0x7f05f410a450
2024-04-13T05:04:52.132 INFO:teuthology.orchestra.run.smithi057.stdout:/usr/bin/ceph: stderr
2024-04-13T05:04:44.119+0000 7f05f2000700 1 -- 172.21.15.57:0/1020706592 <== mon.0 v2:172.21.15.57:3300/0 3 ==== mon_map magic: 0 ==== 205+0+0 (secure 0 0 0) 0x7f05e4011a80 con 0x7f05f410a450
2024-04-13T05:04:52.132 INFO:teuthology.orchestra.run.smithi057.stdout:/usr/bin/ceph: stderr
2024-04-13T05:04:44.119+0000 7f05fa800700 1 -- 172.21.15.57:0/1020706592 >> [v2:172.21.15.57:3300/0,v1:172.21.15.57:6789/0] conn(0x7f05f410a450 msgr2=0x7f05f410a870 secure :-1 s=STATE_CONNECTION_ESTABLISHED l=1).mark_down
2024-04-13T05:04:52.132 INFO:teuthology.orchestra.run.smithi057.stdout:/usr/bin/ceph: stderr
2024-04-13T05:04:44.119+0000 7f05fa800700 1 --2- 172.21.15.57:0/1020706592 >> [v2:172.21.15.57:3300/0,v1:172.21.15.57:6789/0] conn(0x7f05f410a450 0x7f05f410a870 secure :-1 s=READY pgs=45 cs=0 l=1 rev1=1 crypto rx=0x7f05e40098a0 tx=0x7f05e4009bb0 comp rx=0 tx=0).stop
2024-04-13T05:04:52.132 INFO:teuthology.orchestra.run.smithi057.stdout:/usr/bin/ceph: stderr
2024-04-13T05:04:44.119+0000 7f05fa800700 1 -- 172.21.15.57:0/1020706592 shutdown_connections
2024-04-13T05:04:52.132 INFO:teuthology.orchestra.run.smithi057.stdout:/usr/bin/ceph: stderr
2024-04-13T05:04:44.119+0000 7f05fa800700 1 --2- 172.21.15.57:0/1020706592 >> [v2:172.21.15.57:3300/0,v1:172.21.15.57:6789/0] conn(0x7f05f410a450 0x7f05f410a870 unknown :-1 s=CLOSED pgs=45 cs=0 l=1 rev1=1 crypto rx=0 tx=0 comp rx=0 tx=0).stop
2024-04-13T05:04:52.132 INFO:teuthology.orchestra.run.smithi057.stdout:/usr/bin/ceph: stderr
2024-04-13T05:04:44.119+0000 7f05fa800700 1 -- 172.21.15.57:0/1020706592 >> 172.21.15.57:0/1020706592 conn(0x7f05f407db30 msgr2=0x7f05f4108480 unknown :-1 s=STATE_NONE l=0).mark_down
2024-04-13T05:04:52.132 INFO:teuthology.orchestra.run.smithi057.stdout:/usr/bin/ceph: stderr
2024-04-13T05:04:44.119+0000 7f05fa800700 1 -- 172.21.15.57:0/1020706592 shutdown_connections
2024-04-13T05:04:52.132 INFO:teuthology.orchestra.run.smithi057.stdout:/usr/bin/ceph: stderr
2024-04-13T05:04:44.120+0000 7f05fa800700 1 -- 172.21.15.57:0/1020706592 wait complete.
2024-04-13T05:04:52.132 INFO:teuthology.orchestra.run.smithi057.stdout:/usr/bin/ceph: stderr
2024-04-13T05:04:44.121+0000 7f05fa800700 1 Processor -- start
2024-04-13T05:04:52.132 INFO:teuthology.orchestra.run.smithi057.stdout:/usr/bin/ceph: stderr
2024-04-13T05:04:44.121+0000 7f05fa800700 1 -- start start
2024-04-13T05:04:52.132 INFO:teuthology.orchestra.run.smithi057.stdout:/usr/bin/ceph: stderr
2024-04-13T05:04:44.121+0000 7f05fa800700 1 --2- >> [v2:172.21.15.57:3300/0,v1:172.21.15.57:6789/0] conn(0x7f05f410a450 0x7f05f419e2a0 unknown :-1 s=NONE pgs=0 cs=0 l=1 rev1=0 crypto rx=0 tx=0 comp rx=0 tx=0).connect
2024-04-13T05:04:52.132 INFO:teuthology.orchestra.run.smithi057.stdout:/usr/bin/ceph: stderr
2024-04-13T05:04:44.121+0000 7f05fa800700 1 -- --> [v2:172.21.15.57:3300/0,v1:172.21.15.57:6789/0] -- mon_getmap magic: 0 -- 0x7f05f410e9b0 con 0x7f05f410a450
2024-04-13T05:04:52.133 INFO:teuthology.orchestra.run.smithi057.stdout:/usr/bin/ceph: stderr
2024-04-13T05:04:44.121+0000 7f05f3400700 1 --2- >> [v2:172.21.15.57:3300/0,v1:172.21.15.57:6789/0] conn(0x7f05f410a450 0x7f05f419e2a0 unknown :-1 s=BANNER_CONNECTING pgs=0 cs=0 l=1 rev1=0 crypto rx=0 tx=0 comp rx=0 tx=0)._handle_peer_banner_payload supported=3 required=0
2024-04-13T05:04:52.133 INFO:teuthology.orchestra.run.smithi057.stdout:/usr/bin/ceph: stderr
2024-04-13T05:04:44.122+0000 7f05f3400700 1 --2- >> [v2:172.21.15.57:3300/0,v1:172.21.15.57:6789/0] conn(0x7f05f410a450 0x7f05f419e2a0 unknown :-1 s=HELLO_CONNECTING pgs=0 cs=0 l=1 rev1=1 crypto rx=0 tx=0 comp rx=0 tx=0).handle_hello peer v2:172.21.15.57:3300/0 says I am v2:172.21.15.57:55796/0 (socket says 172.21.15.57:55796)
2024-04-13T05:04:52.133 INFO:teuthology.orchestra.run.smithi057.stdout:/usr/bin/ceph: stderr
2024-04-13T05:04:44.122+0000 7f05f3400700 1 -- 172.21.15.57:0/3873080576 learned_addr learned my addr 172.21.15.57:0/3873080576 (peer_addr_for_me v2:172.21.15.57:0/0)
2024-04-13T05:04:52.133 INFO:teuthology.orchestra.run.smithi057.stdout:/usr/bin/ceph: stderr
2024-04-13T05:04:44.122+0000 7f05f3400700 1 -- 172.21.15.57:0/3873080576 --> [v2:172.21.15.57:3300/0,v1:172.21.15.57:6789/0] -- mon_subscribe({config=0+,monmap=0+}) -- 0x7f05f419e7e0 con 0x7f05f410a450
2024-04-13T05:04:52.133 INFO:teuthology.orchestra.run.smithi057.stdout:/usr/bin/ceph: stderr
2024-04-13T05:04:44.122+0000 7f05f3400700 1 --2- 172.21.15.57:0/3873080576 >> [v2:172.21.15.57:3300/0,v1:172.21.15.57:6789/0] conn(0x7f05f410a450 0x7f05f419e2a0 secure :-1 s=READY pgs=46 cs=0 l=1 rev1=1 crypto rx=0x7f05e4006af0 tx=0x7f05e4011b70 comp rx=0 tx=0).ready entity=mon.0 client_cookie=0 server_cookie=0 in_seq=0 out_seq=0
2024-04-13T05:04:52.133 INFO:teuthology.orchestra.run.smithi057.stdout:/usr/bin/ceph: stderr
2024-04-13T05:04:44.122+0000 7f05ebe00700 1 -- 172.21.15.57:0/3873080576 <== mon.0 v2:172.21.15.57:3300/0 1 ==== mon_map magic: 0 ==== 205+0+0 (secure 0 0 0) 0x7f05e4003930 con 0x7f05f410a450
2024-04-13T05:04:52.135 INFO:teuthology.orchestra.run.smithi057.stdout:/usr/bin/ceph: stderr
2024-04-13T05:04:44.123+0000 7f05ebe00700 1 -- 172.21.15.57:0/3873080576 <== mon.0 v2:172.21.15.57:3300/0 2 ==== config(26 keys) ==== 1071+0+0 (secure 0 0 0) 0x7f05e4003ad0 con 0x7f05f410a450
2024-04-13T05:04:52.135 INFO:teuthology.orchestra.run.smithi057.stdout:/usr/bin/ceph: stderr
2024-04-13T05:04:44.123+0000 7f05ebe00700 1 -- 172.21.15.57:0/3873080576 <== mon.0 v2:172.21.15.57:3300/0 3 ==== mon_map magic: 0 ==== 205+0+0 (secure 0 0 0) 0x7f05e40195e0 con 0x7f05f410a450
2024-04-13T05:04:52.135 INFO:teuthology.orchestra.run.smithi057.stdout:/usr/bin/ceph: stderr
2024-04-13T05:04:44.123+0000 7f05fa800700 1 -- 172.21.15.57:0/3873080576 --> [v2:172.21.15.57:3300/0,v1:172.21.15.57:6789/0] -- mon_subscribe({mgrmap=0+}) -- 0x7f05f419ea70 con 0x7f05f410a450
2024-04-13T05:04:52.135 INFO:teuthology.orchestra.run.smithi057.stdout:/usr/bin/ceph: stderr
2024-04-13T05:04:44.123+0000 7f05fa800700 1 -- 172.21.15.57:0/3873080576 --> [v2:172.21.15.57:3300/0,v1:172.21.15.57:6789/0] -- mon_subscribe({osdmap=0}) -- 0x7f05f41a1760 con 0x7f05f410a450
2024-04-13T05:04:52.135 INFO:teuthology.orchestra.run.smithi057.stdout:/usr/bin/ceph: stderr
2024-04-13T05:04:44.124+0000 7f05ebe00700 1 -- 172.21.15.57:0/3873080576 <== mon.0 v2:172.21.15.57:3300/0 4 ==== mgrmap(e 8) ==== 46558+0+0 (secure 0 0 0) 0x7f05e4019890 con 0x7f05f410a450
2024-04-13T05:04:52.135 INFO:teuthology.orchestra.run.smithi057.stdout:/usr/bin/ceph: stderr
