2024-04-16T05:31:39.048+0000 7f8edbe00700 1 --2- 172.21.15.27:0/210462255 >> [v2:172.21.15.27:6800/2779081505,v1:172.21.15.27:6801/2779081505] conn(0x7f8ec40368a0 0x7f8ec4038d50 secure :-1 s=READY pgs=8 cs=0 l=1 rev1=1 crypto rx=0x7f8ec8009990 tx=0x7f8ec8006e40 comp rx=0 tx=0).ready entity=mgr.14120 client_cookie=0 server_cookie=0 in_seq=0 out_seq=0
2024-04-16T05:31:40.031 INFO:teuthology.orchestra.run.smithi027.stdout:/usr/bin/ceph: stderr
2024-04-16T05:31:39.053+0000 7f8ed8c00700 1 -- 172.21.15.27:0/210462255 <== mon.0 v2:172.21.15.27:3300/0 6 ==== mon_command_ack([{"prefix": "get_command_descriptions"}]=0 v0) v1 ==== 72+0+176702 (secure 0 0 0) 0x7f8ed007c250 con 0x7f8edc102900
2024-04-16T05:31:40.031 INFO:teuthology.orchestra.run.smithi027.stdout:/usr/bin/ceph: stderr
2024-04-16T05:31:39.275+0000 7f8ee3400700 1 -- 172.21.15.27:0/210462255 --> [v2:172.21.15.27:6800/2779081505,v1:172.21.15.27:6801/2779081505] -- mgr_command(tid 0: {"prefix": "cephadm set-user", "user": "root", "target": ["mon-mgr", ""]}) v1 -- 0x7f8ebc000bf0 con 0x7f8ec40368a0
2024-04-16T05:31:40.032 INFO:teuthology.orchestra.run.smithi027.stdout:/usr/bin/ceph: stderr
2024-04-16T05:31:39.276+0000 7f8ed8c00700 1 -- 172.21.15.27:0/210462255 <== mgr.14120 v2:172.21.15.27:6800/2779081505 1 ==== mgr_command_reply(tid 0: 0 ) v1 ==== 8+0+16 (secure 0 0 0) 0x7f8ebc000bf0 con 0x7f8ec40368a0
2024-04-16T05:31:40.032 INFO:teuthology.orchestra.run.smithi027.stdout:/usr/bin/ceph: stderr
2024-04-16T05:31:39.280+0000 7f8ee3400700 1 -- 172.21.15.27:0/210462255 >> [v2:172.21.15.27:6800/2779081505,v1:172.21.15.27:6801/2779081505] conn(0x7f8ec40368a0 msgr2=0x7f8ec4038d50 secure :-1 s=STATE_CONNECTION_ESTABLISHED l=1).mark_down
2024-04-16T05:31:40.033 INFO:teuthology.orchestra.run.smithi027.stdout:/usr/bin/ceph: stderr
2024-04-16T05:31:39.280+0000 7f8ee3400700 1 --2- 172.21.15.27:0/210462255 >> [v2:172.21.15.27:6800/2779081505,v1:172.21.15.27:6801/2779081505] conn(0x7f8ec40368a0 0x7f8ec4038d50 secure :-1 s=READY pgs=8 cs=0 l=1 rev1=1 crypto rx=0x7f8ec8009990 tx=0x7f8ec8006e40 comp rx=0 tx=0).stop
2024-04-16T05:31:40.033 INFO:teuthology.orchestra.run.smithi027.stdout:/usr/bin/ceph: stderr
2024-04-16T05:31:39.280+0000 7f8ee3400700 1 -- 172.21.15.27:0/210462255 >> [v2:172.21.15.27:3300/0,v1:172.21.15.27:6789/0] conn(0x7f8edc102900 msgr2=0x7f8edc111610 secure :-1 s=STATE_CONNECTION_ESTABLISHED l=1).mark_down
2024-04-16T05:31:40.033 INFO:teuthology.orchestra.run.smithi027.stdout:/usr/bin/ceph: stderr
2024-04-16T05:31:39.280+0000 7f8ee3400700 1 --2- 172.21.15.27:0/210462255 >> [v2:172.21.15.27:3300/0,v1:172.21.15.27:6789/0] conn(0x7f8edc102900 0x7f8edc111610 secure :-1 s=READY pgs=40 cs=0 l=1 rev1=1 crypto rx=0x7f8ed0000c00 tx=0x7f8ed0009250 comp rx=0 tx=0).stop
2024-04-16T05:31:40.033 INFO:teuthology.orchestra.run.smithi027.stdout:/usr/bin/ceph: stderr
2024-04-16T05:31:39.281+0000 7f8ee3400700 1 -- 172.21.15.27:0/210462255 shutdown_connections
2024-04-16T05:31:40.033 INFO:teuthology.orchestra.run.smithi027.stdout:/usr/bin/ceph: stderr
2024-04-16T05:31:39.281+0000 7f8ee3400700 1 --2- 172.21.15.27:0/210462255 >> [v2:172.21.15.27:6800/2779081505,v1:172.21.15.27:6801/2779081505] conn(0x7f8ec40368a0 0x7f8ec4038d50 unknown :-1 s=CLOSED pgs=8 cs=0 l=1 rev1=1 crypto rx=0 tx=0 comp rx=0 tx=0).stop
2024-04-16T05:31:40.033 INFO:teuthology.orchestra.run.smithi027.stdout:/usr/bin/ceph: stderr
2024-04-16T05:31:39.281+0000 7f8ee3400700 1 --2- 172.21.15.27:0/210462255 >> [v2:172.21.15.27:3300/0,v1:172.21.15.27:6789/0] conn(0x7f8edc102900 0x7f8edc111610 unknown :-1 s=CLOSED pgs=40 cs=0 l=1 rev1=1 crypto rx=0 tx=0 comp rx=0 tx=0).stop
2024-04-16T05:31:40.033 INFO:teuthology.orchestra.run.smithi027.stdout:/usr/bin/ceph: stderr
2024-04-16T05:31:39.281+0000 7f8ee3400700 1 -- 172.21.15.27:0/210462255 >> 172.21.15.27:0/210462255 conn(0x7f8edc0fe0a0 msgr2=0x7f8edc0feb30 unknown :-1 s=STATE_NONE l=0).mark_down
2024-04-16T05:31:40.033 INFO:teuthology.orchestra.run.smithi027.stdout:/usr/bin/ceph: stderr
2024-04-16T05:31:39.281+0000 7f8ee3400700 1 -- 172.21.15.27:0/210462255 shutdown_connections
2024-04-16T05:31:40.033 INFO:teuthology.orchestra.run.smithi027.stdout:/usr/bin/ceph: stderr
2024-04-16T05:31:39.282+0000 7f8ee3400700 1 -- 172.21.15.27:0/210462255 wait complete.
2024-04-16T05:31:40.033 INFO:teuthology.orchestra.run.smithi027.stdout:Generating ssh key...
2024-04-16T05:31:40.629 INFO:journalctl@ceph.mon.smithi027.smithi027.stdout:Apr 16 05:31:40 smithi027 ceph-mon[29206]: from='client.14134 -' entity='client.admin' cmd=[{"prefix": "cephadm set-user", "user": "root", "target": ["mon-mgr", ""]}]: dispatch
2024-04-16T05:31:41.798 INFO:journalctl@ceph.mon.smithi027.smithi027.stdout:Apr 16 05:31:41 smithi027 ceph-mon[29206]: from='client.14136 -' entity='client.admin' cmd=[{"prefix": "cephadm generate-key", "target": ["mon-mgr", ""]}]: dispatch
2024-04-16T05:31:41.798 INFO:journalctl@ceph.mon.smithi027.smithi027.stdout:Apr 16 05:31:41 smithi027 ceph-mon[29206]: Generating ssh key...
2024-04-16T05:31:42.530 INFO:teuthology.orchestra.run.smithi027.stdout:/usr/bin/ceph: stderr
2024-04-16T05:31:40.685+0000 7fb7e9a00700 1 Processor -- start
2024-04-16T05:31:42.530 INFO:teuthology.orchestra.run.smithi027.stdout:/usr/bin/ceph: stderr
2024-04-16T05:31:40.685+0000 7fb7e9a00700 1 -- start start
2024-04-16T05:31:42.530 INFO:teuthology.orchestra.run.smithi027.stdout:/usr/bin/ceph: stderr
2024-04-16T05:31:40.686+0000 7fb7e9a00700 1 --2- >> [v2:172.21.15.27:3300/0,v1:172.21.15.27:6789/0] conn(0x7fb7e407ca40 0x7fb7e407ce50 unknown :-1 s=NONE pgs=0 cs=0 l=0 rev1=0 crypto rx=0 tx=0 comp rx=0 tx=0).connect
2024-04-16T05:31:42.530 INFO:teuthology.orchestra.run.smithi027.stdout:/usr/bin/ceph: stderr
2024-04-16T05:31:40.686+0000 7fb7e9a00700 1 -- --> [v2:172.21.15.27:3300/0,v1:172.21.15.27:6789/0] -- mon_getmap magic: 0 v1 -- 0x7fb7e407d420 con 0x7fb7e407ca40
2024-04-16T05:31:42.530 INFO:teuthology.orchestra.run.smithi027.stdout:/usr/bin/ceph: stderr
2024-04-16T05:31:40.686+0000 7fb7e2a00700 1 --2- >> [v2:172.21.15.27:3300/0,v1:172.21.15.27:6789/0] conn(0x7fb7e407ca40 0x7fb7e407ce50 unknown :-1 s=BANNER_CONNECTING pgs=0 cs=0 l=0 rev1=0 crypto rx=0 tx=0 comp rx=0 tx=0)._handle_peer_banner_payload supported=3 required=0
2024-04-16T05:31:42.530 INFO:teuthology.orchestra.run.smithi027.stdout:/usr/bin/ceph: stderr
2024-04-16T05:31:40.686+0000 7fb7e2a00700 1 --2- >> [v2:172.21.15.27:3300/0,v1:172.21.15.27:6789/0] conn(0x7fb7e407ca40 0x7fb7e407ce50 unknown :-1 s=HELLO_CONNECTING pgs=0 cs=0 l=0 rev1=1 crypto rx=0 tx=0 comp rx=0 tx=0).handle_hello peer v2:172.21.15.27:3300/0 says I am v2:172.21.15.27:46886/0 (socket says 172.21.15.27:46886)
2024-04-16T05:31:42.530 INFO:teuthology.orchestra.run.smithi027.stdout:/usr/bin/ceph: stderr
2024-04-16T05:31:40.686+0000 7fb7e2a00700 1 -- 172.21.15.27:0/4287395948 learned_addr learned my addr 172.21.15.27:0/4287395948 (peer_addr_for_me v2:172.21.15.27:0/0)
2024-04-16T05:31:42.530 INFO:teuthology.orchestra.run.smithi027.stdout:/usr/bin/ceph: stderr
2024-04-16T05:31:40.687+0000 7fb7e2a00700 1 -- 172.21.15.27:0/4287395948 --> [v2:172.21.15.27:3300/0,v1:172.21.15.27:6789/0] -- mon_subscribe({config=0+,monmap=0+}) v3 -- 0x7fb7e407d560 con 0x7fb7e407ca40
2024-04-16T05:31:42.530 INFO:teuthology.orchestra.run.smithi027.stdout:/usr/bin/ceph: stderr
2024-04-16T05:31:40.687+0000 7fb7e2a00700 1 --2- 172.21.15.27:0/4287395948 >> [v2:172.21.15.27:3300/0,v1:172.21.15.27:6789/0] conn(0x7fb7e407ca40 0x7fb7e407ce50 secure :-1 s=READY pgs=41 cs=0 l=1 rev1=1 crypto rx=0x7fb7d40098e0 tx=0x7fb7d4009250 comp rx=0 tx=0).ready entity=mon.0 client_cookie=75f50119f86460c1 server_cookie=0 in_seq=0 out_seq=0
2024-04-16T05:31:42.531 INFO:teuthology.orchestra.run.smithi027.stdout:/usr/bin/ceph: stderr
2024-04-16T05:31:40.688+0000 7fb7e1600700 1 -- 172.21.15.27:0/4287395948 <== mon.0 v2:172.21.15.27:3300/0 1 ==== mon_map magic: 0 v1 ==== 229+0+0 (secure 0 0 0) 0x7fb7d400b860 con 0x7fb7e407ca40
2024-04-16T05:31:42.531 INFO:teuthology.orchestra.run.smithi027.stdout:/usr/bin/ceph: stderr
2024-04-16T05:31:40.688+0000 7fb7e1600700 1 -- 172.21.15.27:0/4287395948 <== mon.0 v2:172.21.15.27:3300/0 2 ==== config(27 keys) v1 ==== 1056+0+0 (secure 0 0 0) 0x7fb7d400be50 con 0x7fb7e407ca40
2024-04-16T05:31:42.531 INFO:teuthology.orchestra.run.smithi027.stdout:/usr/bin/ceph: stderr
2024-04-16T05:31:40.688+0000 7fb7e1600700 1 -- 172.21.15.27:0/4287395948 <== mon.0 v2:172.21.15.27:3300/0 3 ==== mon_map magic: 0 v1 ==== 229+0+0 (secure 0 0 0) 0x7fb7d4010380 con 0x7fb7e407ca40
2024-04-16T05:31:42.531 INFO:teuthology.orchestra.run.smithi027.stdout:/usr/bin/ceph: stderr
2024-04-16T05:31:40.688+0000 7fb7e9a00700 1 -- 172.21.15.27:0/4287395948 >> [v2:172.21.15.27:3300/0,v1:172.21.15.27:6789/0] conn(0x7fb7e407ca40 msgr2=0x7fb7e407ce50 secure :-1 s=STATE_CONNECTION_ESTABLISHED l=1).mark_down
2024-04-16T05:31:42.531 INFO:teuthology.orchestra.run.smithi027.stdout:/usr/bin/ceph: stderr
2024-04-16T05:31:40.688+0000 7fb7e9a00700 1 --2- 172.21.15.27:0/4287395948 >> [v2:172.21.15.27:3300/0,v1:172.21.15.27:6789/0] conn(0x7fb7e407ca40 0x7fb7e407ce50 secure :-1 s=READY pgs=41 cs=0 l=1 rev1=1 crypto rx=0x7fb7d40098e0 tx=0x7fb7d4009250 comp rx=0 tx=0).stop
2024-04-16T05:31:42.531 INFO:teuthology.orchestra.run.smithi027.stdout:/usr/bin/ceph: stderr
2024-04-16T05:31:40.689+0000 7fb7e9a00700 1 -- 172.21.15.27:0/4287395948 shutdown_connections
2024-04-16T05:31:42.531 INFO:teuthology.orchestra.run.smithi027.stdout:/usr/bin/ceph: stderr
2024-04-16T05:31:40.689+0000 7fb7e9a00700 1 --2- 172.21.15.27:0/4287395948 >> [v2:172.21.15.27:3300/0,v1:172.21.15.27:6789/0] conn(0x7fb7e407ca40 0x7fb7e407ce50 unknown :-1 s=CLOSED pgs=41 cs=0 l=1 rev1=1 crypto rx=0 tx=0 comp rx=0 tx=0).stop
2024-04-16T05:31:42.531 INFO:teuthology.orchestra.run.smithi027.stdout:/usr/bin/ceph: stderr
2024-04-16T05:31:40.689+0000 7fb7e9a00700 1 -- 172.21.15.27:0/4287395948 >> 172.21.15.27:0/4287395948 conn(0x7fb7e4078350 msgr2=0x7fb7e407a760 unknown :-1 s=STATE_NONE l=0).mark_down
2024-04-16T05:31:42.531 INFO:teuthology.orchestra.run.smithi027.stdout:/usr/bin/ceph: stderr
2024-04-16T05:31:40.689+0000 7fb7e9a00700 1 -- 172.21.15.27:0/4287395948 shutdown_connections
2024-04-16T05:31:42.531 INFO:teuthology.orchestra.run.smithi027.stdout:/usr/bin/ceph: stderr
2024-04-16T05:31:40.689+0000 7fb7e9a00700 1 -- 172.21.15.27:0/4287395948 wait complete.
2024-04-16T05:31:42.531 INFO:teuthology.orchestra.run.smithi027.stdout:/usr/bin/ceph: stderr
2024-04-16T05:31:40.690+0000 7fb7e9a00700 1 Processor -- start
2024-04-16T05:31:42.531 INFO:teuthology.orchestra.run.smithi027.stdout:/usr/bin/ceph: stderr
2024-04-16T05:31:40.690+0000 7fb7e9a00700 1 -- start start
2024-04-16T05:31:42.531 INFO:teuthology.orchestra.run.smithi027.stdout:/usr/bin/ceph: stderr
2024-04-16T05:31:40.690+0000 7fb7e9a00700 1 --2- >> [v2:172.21.15.27:3300/0,v1:172.21.15.27:6789/0] conn(0x7fb7e407ca40 0x7fb7e4117be0 unknown :-1 s=NONE pgs=0 cs=0 l=1 rev1=0 crypto rx=0 tx=0 comp rx=0 tx=0).connect
2024-04-16T05:31:42.531 INFO:teuthology.orchestra.run.smithi027.stdout:/usr/bin/ceph: stderr
2024-04-16T05:31:40.690+0000 7fb7e9a00700 1 -- --> [v2:172.21.15.27:3300/0,v1:172.21.15.27:6789/0] -- mon_getmap magic: 0 v1 -- 0x7fb7e4118120 con 0x7fb7e407ca40
2024-04-16T05:31:42.531 INFO:teuthology.orchestra.run.smithi027.stdout:/usr/bin/ceph: stderr
2024-04-16T05:31:40.690+0000 7fb7e2a00700 1 --2- >> [v2:172.21.15.27:3300/0,v1:172.21.15.27:6789/0] conn(0x7fb7e407ca40 0x7fb7e4117be0 unknown :-1 s=BANNER_CONNECTING pgs=0 cs=0 l=1 rev1=0 crypto rx=0 tx=0 comp rx=0 tx=0)._handle_peer_banner_payload supported=3 required=0
2024-04-16T05:31:42.531 INFO:teuthology.orchestra.run.smithi027.stdout:/usr/bin/ceph: stderr
2024-04-16T05:31:40.690+0000 7fb7e2a00700 1 --2- >> [v2:172.21.15.27:3300/0,v1:172.21.15.27:6789/0] conn(0x7fb7e407ca40 0x7fb7e4117be0 unknown :-1 s=HELLO_CONNECTING pgs=0 cs=0 l=1 rev1=1 crypto rx=0 tx=0 comp rx=0 tx=0).handle_hello peer v2:172.21.15.27:3300/0 says I am v2:172.21.15.27:46896/0 (socket says 172.21.15.27:46896)
2024-04-16T05:31:42.532 INFO:teuthology.orchestra.run.smithi027.stdout:/usr/bin/ceph: stderr
2024-04-16T05:31:40.690+0000 7fb7e2a00700 1 -- 172.21.15.27:0/1968340050 learned_addr learned my addr 172.21.15.27:0/1968340050 (peer_addr_for_me v2:172.21.15.27:0/0)
2024-04-16T05:31:42.532 INFO:teuthology.orchestra.run.smithi027.stdout:/usr/bin/ceph: stderr
2024-04-16T05:31:40.691+0000 7fb7e2a00700 1 -- 172.21.15.27:0/1968340050 --> [v2:172.21.15.27:3300/0,v1:172.21.15.27:6789/0] -- mon_subscribe({config=0+,monmap=0+}) v3 -- 0x7fb7d40094f0 con 0x7fb7e407ca40
2024-04-16T05:31:42.532 INFO:teuthology.orchestra.run.smithi027.stdout:/usr/bin/ceph: stderr
2024-04-16T05:31:40.691+0000 7fb7e2a00700 1 --2- 172.21.15.27:0/1968340050 >> [v2:172.21.15.27:3300/0,v1:172.21.15.27:6789/0] conn(0x7fb7e407ca40 0x7fb7e4117be0 secure :-1 s=READY pgs=42 cs=0 l=1 rev1=1 crypto rx=0x7fb7d4000c00 tx=0x7fb7d4009250 comp rx=0 tx=0).ready entity=mon.0 client_cookie=0 server_cookie=0 in_seq=0 out_seq=0
2024-04-16T05:31:42.532 INFO:teuthology.orchestra.run.smithi027.stdout:/usr/bin/ceph: stderr
2024-04-16T05:31:40.691+0000 7fb7daa00700 1 -- 172.21.15.27:0/1968340050 <== mon.0 v2:172.21.15.27:3300/0 1 ==== mon_map magic: 0 v1 ==== 229+0+0 (secure 0 0 0) 0x7fb7d401a8a0 con 0x7fb7e407ca40
2024-04-16T05:31:42.532 INFO:teuthology.orchestra.run.smithi027.stdout:/usr/bin/ceph: stderr
2024-04-16T05:31:40.691+0000 7fb7daa00700 1 -- 172.21.15.27:0/1968340050 <== mon.0 v2:172.21.15.27:3300/0 2 ==== config(27 keys) v1 ==== 1056+0+0 (secure 0 0 0) 0x7fb7d401ae90 con 0x7fb7e407ca40
2024-04-16T05:31:42.532 INFO:teuthology.orchestra.run.smithi027.stdout:/usr/bin/ceph: stderr
2024-04-16T05:31:40.691+0000 7fb7daa00700 1 -- 172.21.15.27:0/1968340050 <== mon.0 v2:172.21.15.27:3300/0 3 ==== mon_map magic: 0 v1 ==== 229+0+0 (secure 0 0 0) 0x7fb7d4019e70 con 0x7fb7e407ca40
2024-04-16T05:31:42.532 INFO:teuthology.orchestra.run.smithi027.stdout:/usr/bin/ceph: stderr
2024-04-16T05:31:40.691+0000 7fb7e9a00700 1 -- 172.21.15.27:0/1968340050 --> [v2:172.21.15.27:3300/0,v1:172.21.15.27:6789/0] -- mon_subscribe({mgrmap=0+}) v3 -- 0x7fb7e4118320 con 0x7fb7e407ca40
2024-04-16T05:31:42.532 INFO:teuthology.orchestra.run.smithi027.stdout:/usr/bin/ceph: stderr
2024-04-16T05:31:40.692+0000 7fb7e9a00700 1 -- 172.21.15.27:0/1968340050 --> [v2:172.21.15.27:3300/0,v1:172.21.15.27:6789/0] -- mon_subscribe({osdmap=0}) v3 -- 0x7fb7e4118e90 con 0x7fb7e407ca40
2024-04-16T05:31:42.532 INFO:teuthology.orchestra.run.smithi027.stdout:/usr/bin/ceph: stderr
2024-04-16T05:31:40.693+0000 7fb7daa00700 1 -- 172.21.15.27:0/1968340050 <== mon.0 v2:172.21.15.27:3300/0 4 ==== mgrmap(e 8) v1 ==== 43376+0+0 (secure 0 0 0) 0x7fb7d4019730 con 0x7fb7e407ca40
2024-04-16T05:31:42.532 INFO:teuthology.orchestra.run.smithi027.stdout:/usr/bin/ceph: stderr
2024-04-16T05:31:40.693+0000 7fb7e9a00700 1 -- 172.21.15.27:0/1968340050 --> [v2:172.21.15.27:3300/0,v1:172.21.15.27:6789/0] -- mon_command({"prefix": "get_command_descriptions"} v 0) v1 -- 0x7fb7e405f5f0 con 0x7fb7e407ca40
2024-04-16T05:31:42.532 INFO:teuthology.orchestra.run.smithi027.stdout:/usr/bin/ceph: stderr
2024-04-16T05:31:40.693+0000 7fb7daa00700 1 --2- 172.21.15.27:0/1968340050 >> [v2:172.21.15.27:6800/2779081505,v1:172.21.15.27:6801/2779081505] conn(0x7fb7c80368a0 0x7fb7c8038d50 unknown :-1 s=NONE pgs=0 cs=0 l=1 rev1=0 crypto rx=0 tx=0 comp rx=0 tx=0).connect
2024-04-16T05:31:42.532 INFO:teuthology.orchestra.run.smithi027.stdout:/usr/bin/ceph: stderr
2024-04-16T05:31:40.693+0000 7fb7daa00700 1 -- 172.21.15.27:0/1968340050 <== mon.0 v2:172.21.15.27:3300/0 5 ==== osd_map(2..2 src has 1..2) v4 ==== 936+0+0 (secure 0 0 0) 0x7fb7d404a130 con 0x7fb7e407ca40
2024-04-16T05:31:42.532 INFO:teuthology.orchestra.run.smithi027.stdout:/usr/bin/ceph: stderr
2024-04-16T05:31:40.693+0000 7fb7e2000700 1 --2- 172.21.15.27:0/1968340050 >> [v2:172.21.15.27:6800/2779081505,v1:172.21.15.27:6801/2779081505] conn(0x7fb7c80368a0 0x7fb7c8038d50 unknown :-1 s=BANNER_CONNECTING pgs=0 cs=0 l=1 rev1=0 crypto rx=0 tx=0 comp rx=0 tx=0)._handle_peer_banner_payload supported=3 required=0
2024-04-16T05:31:42.532 INFO:teuthology.orchestra.run.smithi027.stdout:/usr/bin/ceph: stderr
2024-04-16T05:31:40.694+0000 7fb7e2000700 1 --2- 172.21.15.27:0/1968340050 >> [v2:172.21.15.27:6800/2779081505,v1:172.21.15.27:6801/2779081505] conn(0x7fb7c80368a0 0x7fb7c8038d50 secure :-1 s=READY pgs=9 cs=0 l=1 rev1=1 crypto rx=0x7fb7d0009990 tx=0x7fb7d0006e40 comp rx=0 tx=0).ready entity=mgr.14120 client_cookie=0 server_cookie=0 in_seq=0 out_seq=0
2024-04-16T05:31:42.532 INFO:teuthology.orchestra.run.smithi027.stdout:/usr/bin/ceph: stderr
2024-04-16T05:31:40.698+0000 7fb7daa00700 1 -- 172.21.15.27:0/1968340050 <== mon.0 v2:172.21.15.27:3300/0 6 ==== mon_command_ack([{"prefix": "get_command_descriptions"}]=0 v0) v1 ==== 72+0+176702 (secure 0 0 0) 0x7fb7d4021b10 con 0x7fb7e407ca40
2024-04-16T05:31:42.532 INFO:teuthology.orchestra.run.smithi027.stdout:/usr/bin/ceph: stderr
2024-04-16T05:31:40.913+0000 7fb7e9a00700 1 -- 172.21.15.27:0/1968340050 --> [v2:172.21.15.27:6800/2779081505,v1:172.21.15.27:6801/2779081505] -- mgr_command(tid 0: {"prefix": "cephadm generate-key", "target": ["mon-mgr", ""]}) v1 -- 0x7fb7e407a4d0 con 0x7fb7c80368a0
2024-04-16T05:31:42.533 INFO:teuthology.orchestra.run.smithi027.stdout:/usr/bin/ceph: stderr
2024-04-16T05:31:41.824+0000 7fb7daa00700 1 -- 172.21.15.27:0/1968340050 <== mgr.14120 v2:172.21.15.27:6800/2779081505 1 ==== mgr_command_reply(tid 0: 0 ) v1 ==== 8+0+0 (secure 0 0 0) 0x7fb7e407a4d0 con 0x7fb7c80368a0
2024-04-16T05:31:42.533 INFO:teuthology.orchestra.run.smithi027.stdout:/usr/bin/ceph: stderr
2024-04-16T05:31:41.827+0000 7fb7e9a00700 1 -- 172.21.15.27:0/1968340050 >> [v2:172.21.15.27:6800/2779081505,v1:172.21.15.27:6801/2779081505] conn(0x7fb7c80368a0 msgr2=0x7fb7c8038d50 secure :-1 s=STATE_CONNECTION_ESTABLISHED l=1).mark_down
2024-04-16T05:31:42.533 INFO:teuthology.orchestra.run.smithi027.stdout:/usr/bin/ceph: stderr
2024-04-16T05:31:41.827+0000 7fb7e9a00700 1 --2- 172.21.15.27:0/1968340050 >> [v2:172.21.15.27:6800/2779081505,v1:172.21.15.27:6801/2779081505] conn(0x7fb7c80368a0 0x7fb7c8038d50 secure :-1 s=READY pgs=9 cs=0 l=1 rev1=1 crypto rx=0x7fb7d0009990 tx=0x7fb7d0006e40 comp rx=0 tx=0).stop
2024-04-16T05:31:42.533 INFO:teuthology.orchestra.run.smithi027.stdout:/usr/bin/ceph: stderr
2024-04-16T05:31:41.827+0000 7fb7e9a00700 1 -- 172.21.15.27:0/1968340050 >> [v2:172.21.15.27:3300/0,v1:172.21.15.27:6789/0] conn(0x7fb7e407ca40 msgr2=0x7fb7e4117be0 secure :-1 s=STATE_CONNECTION_ESTABLISHED l=1).mark_down
2024-04-16T05:31:42.533 INFO:teuthology.orchestra.run.smithi027.stdout:/usr/bin/ceph: stderr
2024-04-16T05:31:41.827+0000 7fb7e9a00700 1 --2- 172.21.15.27:0/1968340050 >> [v2:172.21.15.27:3300/0,v1:172.21.15.27:6789/0] conn(0x7fb7e407ca40 0x7fb7e4117be0 secure :-1 s=READY pgs=42 cs=0 l=1 rev1=1 crypto rx=0x7fb7d4000c00 tx=0x7fb7d4009250 comp rx=0 tx=0).stop
2024-04-16T05:31:42.533 INFO:teuthology.orchestra.run.smithi027.stdout:/usr/bin/ceph: stderr
2024-04-16T05:31:41.827+0000 7fb7e9a00700 1 -- 172.21.15.27:0/1968340050 shutdown_connections
2024-04-16T05:31:42.533 INFO:teuthology.orchestra.run.smithi027.stdout:/usr/bin/ceph: stderr
2024-04-16T05:31:41.827+0000 7fb7e9a00700 1 --2- 172.21.15.27:0/1968340050 >> [v2:172.21.15.27:6800/2779081505,v1:172.21.15.27:6801/2779081505] conn(0x7fb7c80368a0 0x7fb7c8038d50 unknown :-1 s=CLOSED pgs=9 cs=0 l=1 rev1=1 crypto rx=0 tx=0 comp rx=0 tx=0).stop
2024-04-16T05:31:42.533 INFO:teuthology.orchestra.run.smithi027.stdout:/usr/bin/ceph: stderr
2024-04-16T05:31:41.827+0000 7fb7e9a00700 1 --2- 172.21.15.27:0/1968340050 >> [v2:172.21.15.27:3300/0,v1:172.21.15.27:6789/0] conn(0x7fb7e407ca40 0x7fb7e4117be0 unknown :-1 s=CLOSED pgs=42 cs=0 l=1 rev1=1 crypto rx=0 tx=0 comp rx=0 tx=0).stop
2024-04-16T05:31:42.533 INFO:teuthology.orchestra.run.smithi027.stdout:/usr/bin/ceph: stderr
2024-04-16T05:31:41.827+0000 7fb7e9a00700 1 -- 172.21.15.27:0/1968340050 >> 172.21.15.27:0/1968340050 conn(0x7fb7e4078350 msgr2=0x7fb7e4079dc0 unknown :-1 s=STATE_NONE l=0).mark_down
2024-04-16T05:31:42.533 INFO:teuthology.orchestra.run.smithi027.stdout:/usr/bin/ceph: stderr
2024-04-16T05:31:41.827+0000 7fb7e9a00700 1 -- 172.21.15.27:0/1968340050 shutdown_connections
2024-04-16T05:31:42.533 INFO:teuthology.orchestra.run.smithi027.stdout:/usr/bin/ceph: stderr
2024-04-16T05:31:41.827+0000 7fb7e9a00700 1 -- 172.21.15.27:0/1968340050 wait complete.
2024-04-16T05:31:43.076 INFO:journalctl@ceph.mon.smithi027.smithi027.stdout:Apr 16 05:31:42 smithi027 ceph-mon[29206]: from='mgr.14120 172.21.15.27:0/3455166156' entity='mgr.smithi027.qgzypi'
2024-04-16T05:31:43.076 INFO:journalctl@ceph.mon.smithi027.smithi027.stdout:Apr 16 05:31:42 smithi027 ceph-mon[29206]: from='mgr.14120 172.21.15.27:0/3455166156' entity='mgr.smithi027.qgzypi'
2024-04-16T05:31:44.053 INFO:teuthology.orchestra.run.smithi027.stdout:/usr/bin/ceph: stdout ssh-rsa AAAAB3NzaC1yc2EAAAADAQABAAABgQDIwdQH4aotIZd9sP60hGpybsp0U0UEe/hy0wcbh+eT0SDhe2RhSv2RbpvBReQDxqlBo72AYaVPV2fpVezYRLbid0tRka6jbYtDITICfEi3dsM0hx+wns2fFahNEAGgcOYnO5oWl4J2GAzXtvU8NVXCYE/H4MRWjfSi3I+j/hV/CVOb6HeQ/q4skiJ0CfMmo+KUd7dgs3KAparIXq2HEzr+EOaUCXG34rzn7Yl7K8UhKCbBOBZw2ut/KTlK3+7rjh4q/3vTpVC1kr8AjeGHQIRovJ+TD2MOQXKO2T2Eo3qE5vTeAqhIbL67n7wzGk7w4EnbQ6zWJ1rvBPZ7hUvv34AAi4Wj0swFO0xCoJfh7izLrew5OS43OwvQCxB+GjprIGpSxlEqM61QDxJOFe2nLrCFWSurZrhb4WwsmqcXIc8UG2HokTlo1tJVMu7qz0iAs1t5WQ7JWLBlqYnqcYWQwux9wyv0/6r/FJVdRtW5ps+idKxNrOXhcbGsT/h5fvRCqYk= ceph-5e3cca06-fbb2-11ee-bc8f-c7b262605968
2024-04-16T05:31:44.054 INFO:teuthology.orchestra.run.smithi027.stdout:/usr/bin/ceph: stderr
2024-04-16T05:31:43.126+0000 7f2ea4a00700 1 Processor -- start
2024-04-16T05:31:44.054 INFO:teuthology.orchestra.run.smithi027.stdout:/usr/bin/ceph: stderr
2024-04-16T05:31:43.126+0000 7f2ea4a00700 1 -- start start
2024-04-16T05:31:44.054 INFO:teuthology.orchestra.run.smithi027.stdout:/usr/bin/ceph: stderr
2024-04-16T05:31:43.127+0000 7f2ea4a00700 1 --2- >> [v2:172.21.15.27:3300/0,v1:172.21.15.27:6789/0] conn(0x7f2ea007ca40 0x7f2ea007ce50 unknown :-1 s=NONE pgs=0 cs=0 l=0 rev1=0 crypto rx=0 tx=0 comp rx=0 tx=0).connect
2024-04-16T05:31:44.054 INFO:teuthology.orchestra.run.smithi027.stdout:/usr/bin/ceph: stderr
2024-04-16T05:31:43.127+0000 7f2ea4a00700 1 -- --> [v2:172.21.15.27:3300/0,v1:172.21.15.27:6789/0] -- mon_getmap magic: 0 v1 -- 0x7f2ea007d420 con 0x7f2ea007ca40
2024-04-16T05:31:44.054 INFO:teuthology.orchestra.run.smithi027.stdout:/usr/bin/ceph: stderr
2024-04-16T05:31:43.127+0000 7f2e9de00700 1 --2- >> [v2:172.21.15.27:3300/0,v1:172.21.15.27:6789/0] conn(0x7f2ea007ca40 0x7f2ea007ce50 unknown :-1 s=BANNER_CONNECTING pgs=0 cs=0 l=0 rev1=0 crypto rx=0 tx=0 comp rx=0 tx=0)._handle_peer_banner_payload supported=3 required=0
2024-04-16T05:31:44.054 INFO:teuthology.orchestra.run.smithi027.stdout:/usr/bin/ceph: stderr
2024-04-16T05:31:43.127+0000 7f2e9de00700 1 --2- >> [v2:172.21.15.27:3300/0,v1:172.21.15.27:6789/0] conn(0x7f2ea007ca40 0x7f2ea007ce50 unknown :-1 s=HELLO_CONNECTING pgs=0 cs=0 l=0 rev1=1 crypto rx=0 tx=0 comp rx=0 tx=0).handle_hello peer v2:172.21.15.27:3300/0 says I am v2:172.21.15.27:46902/0 (socket says 172.21.15.27:46902)
2024-04-16T05:31:44.054 INFO:teuthology.orchestra.run.smithi027.stdout:/usr/bin/ceph: stderr
2024-04-16T05:31:43.127+0000 7f2e9de00700 1 -- 172.21.15.27:0/1168156379 learned_addr learned my addr 172.21.15.27:0/1168156379 (peer_addr_for_me v2:172.21.15.27:0/0)
2024-04-16T05:31:44.054 INFO:teuthology.orchestra.run.smithi027.stdout:/usr/bin/ceph: stderr
2024-04-16T05:31:43.128+0000 7f2e9de00700 1 -- 172.21.15.27:0/1168156379 --> [v2:172.21.15.27:3300/0,v1:172.21.15.27:6789/0] -- mon_subscribe({config=0+,monmap=0+}) v3 -- 0x7f2ea007d560 con 0x7f2ea007ca40
2024-04-16T05:31:44.054 INFO:teuthology.orchestra.run.smithi027.stdout:/usr/bin/ceph: stderr
2024-04-16T05:31:43.128+0000 7f2e9de00700 1 --2- 172.21.15.27:0/1168156379 >> [v2:172.21.15.27:3300/0,v1:172.21.15.27:6789/0] conn(0x7f2ea007ca40 0x7f2ea007ce50 secure :-1 s=READY pgs=43 cs=0 l=1 rev1=1 crypto rx=0x7f2e900098e0 tx=0x7f2e90009250 comp rx=0 tx=0).ready entity=mon.0 client_cookie=61295090ba2ce72d server_cookie=0 in_seq=0 out_seq=0
2024-04-16T05:31:44.054 INFO:teuthology.orchestra.run.smithi027.stdout:/usr/bin/ceph: stderr
2024-04-16T05:31:43.128+0000 7f2e9ca00700 1 -- 172.21.15.27:0/1168156379 <== mon.0 v2:172.21.15.27:3300/0 1 ==== mon_map magic: 0 v1 ==== 229+0+0 (secure 0 0 0) 0x7f2e9000b860 con 0x7f2ea007ca40
2024-04-16T05:31:44.058 INFO:teuthology.orchestra.run.smithi027.stdout:/usr/bin/ceph: stderr
2024-04-16T05:31:43.128+0000 7f2e9ca00700 1 -- 172.21.15.27:0/1168156379 <== mon.0 v2:172.21.15.27:3300/0 2 ==== config(27 keys) v1 ==== 1056+0+0 (secure 0 0 0) 0x7f2e9000be50 con 0x7f2ea007ca40
2024-04-16T05:31:44.058 INFO:teuthology.orchestra.run.smithi027.stdout:/usr/bin/ceph: stderr
2024-04-16T05:31:43.128+0000 7f2e9ca00700 1 -- 172.21.15.27:0/1168156379 <== mon.0 v2:172.21.15.27:3300/0 3 ==== mon_map magic: 0 v1 ==== 229+0+0 (secure 0 0 0) 0x7f2e90010380 con 0x7f2ea007ca40
2024-04-16T05:31:44.059 INFO:teuthology.orchestra.run.smithi027.stdout:/usr/bin/ceph: stderr
2024-04-16T05:31:43.129+0000 7f2ea4a00700 1 -- 172.21.15.27:0/1168156379 >> [v2:172.21.15.27:3300/0,v1:172.21.15.27:6789/0] conn(0x7f2ea007ca40 msgr2=0x7f2ea007ce50 secure :-1 s=STATE_CONNECTION_ESTABLISHED l=1).mark_down
2024-04-16T05:31:44.059 INFO:teuthology.orchestra.run.smithi027.stdout:/usr/bin/ceph: stderr
2024-04-16T05:31:43.129+0000 7f2ea4a00700 1 --2- 172.21.15.27:0/1168156379 >> [v2:172.21.15.27:3300/0,v1:172.21.15.27:6789/0] conn(0x7f2ea007ca40 0x7f2ea007ce50 secure :-1 s=READY pgs=43 cs=0 l=1 rev1=1 crypto rx=0x7f2e900098e0 tx=0x7f2e90009250 comp rx=0 tx=0).stop
2024-04-16T05:31:44.059 INFO:teuthology.orchestra.run.smithi027.stdout:/usr/bin/ceph: stderr
2024-04-16T05:31:43.129+0000 7f2ea4a00700 1 -- 172.21.15.27:0/1168156379 shutdown_connections
2024-04-16T05:31:44.059 INFO:teuthology.orchestra.run.smithi027.stdout:/usr/bin/ceph: stderr
2024-04-16T05:31:43.129+0000 7f2ea4a00700 1 --2- 172.21.15.27:0/1168156379 >> [v2:172.21.15.27:3300/0,v1:172.21.15.27:6789/0] conn(0x7f2ea007ca40 0x7f2ea007ce50 unknown :-1 s=CLOSED pgs=43 cs=0 l=1 rev1=1 crypto rx=0 tx=0 comp rx=0 tx=0).stop
2024-04-16T05:31:44.059 INFO:teuthology.orchestra.run.smithi027.stdout:/usr/bin/ceph: stderr
2024-04-16T05:31:43.129+0000 7f2ea4a00700 1 -- 172.21.15.27:0/1168156379 >> 172.21.15.27:0/1168156379 conn(0x7f2ea0078350 msgr2=0x7f2ea007a760 unknown :-1 s=STATE_NONE l=0).mark_down
2024-04-16T05:31:44.059 INFO:teuthology.orchestra.run.smithi027.stdout:/usr/bin/ceph: stderr
2024-04-16T05:31:43.129+0000 7f2ea4a00700 1 -- 172.21.15.27:0/1168156379 shutdown_connections
2024-04-16T05:31:44.059 INFO:teuthology.orchestra.run.smithi027.stdout:/usr/bin/ceph: stderr
2024-04-16T05:31:43.129+0000 7f2ea4a00700 1 -- 172.21.15.27:0/1168156379 wait complete.
2024-04-16T05:31:44.059 INFO:teuthology.orchestra.run.smithi027.stdout:/usr/bin/ceph: stderr
2024-04-16T05:31:43.130+0000 7f2ea4a00700 1 Processor -- start
2024-04-16T05:31:44.059 INFO:teuthology.orchestra.run.smithi027.stdout:/usr/bin/ceph: stderr
2024-04-16T05:31:43.130+0000 7f2ea4a00700 1 -- start start
2024-04-16T05:31:44.059 INFO:teuthology.orchestra.run.smithi027.stdout:/usr/bin/ceph: stderr
2024-04-16T05:31:43.131+0000 7f2ea4a00700 1 --2- >> [v2:172.21.15.27:3300/0,v1:172.21.15.27:6789/0] conn(0x7f2ea007ca40 0x7f2ea0117be0 unknown :-1 s=NONE pgs=0 cs=0 l=1 rev1=0 crypto rx=0 tx=0 comp rx=0 tx=0).connect
2024-04-16T05:31:44.059 INFO:teuthology.orchestra.run.smithi027.stdout:/usr/bin/ceph: stderr
2024-04-16T05:31:43.131+0000 7f2ea4a00700 1 -- --> [v2:172.21.15.27:3300/0,v1:172.21.15.27:6789/0] -- mon_getmap magic: 0 v1 -- 0x7f2ea0118120 con 0x7f2ea007ca40
2024-04-16T05:31:44.059 INFO:teuthology.orchestra.run.smithi027.stdout:/usr/bin/ceph: stderr
2024-04-16T05:31:43.131+0000 7f2e9de00700 1 --2- >> [v2:172.21.15.27:3300/0,v1:172.21.15.27:6789/0] conn(0x7f2ea007ca40 0x7f2ea0117be0 unknown :-1 s=BANNER_CONNECTING pgs=0 cs=0 l=1 rev1=0 crypto rx=0 tx=0 comp rx=0 tx=0)._handle_peer_banner_payload supported=3 required=0
2024-04-16T05:31:44.060 INFO:teuthology.orchestra.run.smithi027.stdout:/usr/bin/ceph: stderr
2024-04-16T05:31:43.131+0000 7f2e9de00700 1 --2- >> [v2:172.21.15.27:3300/0,v1:172.21.15.27:6789/0] conn(0x7f2ea007ca40 0x7f2ea0117be0 unknown :-1 s=HELLO_CONNECTING pgs=0 cs=0 l=1 rev1=1 crypto rx=0 tx=0 comp rx=0 tx=0).handle_hello peer v2:172.21.15.27:3300/0 says I am v2:172.21.15.27:46914/0 (socket says 172.21.15.27:46914)
2024-04-16T05:31:44.060 INFO:teuthology.orchestra.run.smithi027.stdout:/usr/bin/ceph: stderr
2024-04-16T05:31:43.131+0000 7f2e9de00700 1 -- 172.21.15.27:0/3424906603 learned_addr learned my addr 172.21.15.27:0/3424906603 (peer_addr_for_me v2:172.21.15.27:0/0)
2024-04-16T05:31:44.060 INFO:teuthology.orchestra.run.smithi027.stdout:/usr/bin/ceph: stderr
2024-04-16T05:31:43.131+0000 7f2e9de00700 1 -- 172.21.15.27:0/3424906603 --> [v2:172.21.15.27:3300/0,v1:172.21.15.27:6789/0] -- mon_subscribe({config=0+,monmap=0+}) v3 -- 0x7f2e900094f0 con 0x7f2ea007ca40
2024-04-16T05:31:44.060 INFO:teuthology.orchestra.run.smithi027.stdout:/usr/bin/ceph: stderr
2024-04-16T05:31:43.132+0000 7f2e9de00700 1 --2- 172.21.15.27:0/3424906603 >> [v2:172.21.15.27:3300/0,v1:172.21.15.27:6789/0] conn(0x7f2ea007ca40 0x7f2ea0117be0 secure :-1 s=READY pgs=44 cs=0 l=1 rev1=1 crypto rx=0x7f2e90006fd0 tx=0x7f2e90009250 comp rx=0 tx=0).ready entity=mon.0 client_cookie=0 server_cookie=0 in_seq=0 out_seq=0
2024-04-16T05:31:44.060 INFO:teuthology.orchestra.run.smithi027.stdout:/usr/bin/ceph: stderr
2024-04-16T05:31:43.132+0000 7f2e96000700 1 -- 172.21.15.27:0/3424906603 <== mon.0 v2:172.21.15.27:3300/0 1 ==== mon_map magic: 0 v1 ==== 229+0+0 (secure 0 0 0) 0x7f2e90010800 con 0x7f2ea007ca40
2024-04-16T05:31:44.060 INFO:teuthology.orchestra.run.smithi027.stdout:/usr/bin/ceph: stderr
2024-04-16T05:31:43.132+0000 7f2e96000700 1 -- 172.21.15.27:0/3424906603 <== mon.0 v2:172.21.15.27:3300/0 2 ==== config(27 keys) v1 ==== 1056+0+0 (secure 0 0 0) 0x7f2e90010df0 con 0x7f2ea007ca40
2024-04-16T05:31:44.060 INFO:teuthology.orchestra.run.smithi027.stdout:/usr/bin/ceph: stderr
2024-04-16T05:31:43.132+0000 7f2ea4a00700 1 -- 172.21.15.27:0/3424906603 --> [v2:172.21.15.27:3300/0,v1:172.21.15.27:6789/0] -- mon_subscribe({mgrmap=0+}) v3 -- 0x7f2ea0118320 con 0x7f2ea007ca40
2024-04-16T05:31:44.060 INFO:teuthology.orchestra.run.smithi027.stdout:/usr/bin/ceph: stderr
2024-04-16T05:31:43.132+0000 7f2e96000700 1 -- 172.21.15.27:0/3424906603 <== mon.0 v2:172.21.15.27:3300/0 3 ==== mon_map magic: 0 v1 ==== 229+0+0 (secure 0 0 0) 0x7f2e9001ad80 con 0x7f2ea007ca40
2024-04-16T05:31:44.060 INFO:teuthology.orchestra.run.smithi027.stdout:/usr/bin/ceph: stderr
2024-04-16T05:31:43.132+0000 7f2ea4a00700 1 -- 172.21.15.27:0/3424906603 --> [v2:172.21.15.27:3300/0,v1:172.21.15.27:6789/0] -- mon_subscribe({osdmap=0}) v3 -- 0x7f2ea0118e90 con 0x7f2ea007ca40
2024-04-16T05:31:44.060 INFO:teuthology.orchestra.run.smithi027.stdout:/usr/bin/ceph: stderr
2024-04-16T05:31:43.133+0000 7f2ea4a00700 1 -- 172.21.15.27:0/3424906603 --> [v2:172.21.15.27:3300/0,v1:172.21.15.27:6789/0] -- mon_command({"prefix": "get_command_descriptions"} v 0) v1 -- 0x7f2ea005f5f0 con 0x7f2ea007ca40
2024-04-16T05:31:44.060 INFO:teuthology.orchestra.run.smithi027.stdout:/usr/bin/ceph: stderr
2024-04-16T05:31:43.133+0000 7f2e96000700 1 -- 172.21.15.27:0/3424906603 <== mon.0 v2:172.21.15.27:3300/0 4 ==== mgrmap(e 8) v1 ==== 43376+0+0 (secure 0 0 0) 0x7f2e9001a660 con 0x7f2ea007ca40
2024-04-16T05:31:44.060 INFO:teuthology.orchestra.run.smithi027.stdout:/usr/bin/ceph: stderr
2024-04-16T05:31:43.134+0000 7f2e96000700 1 --2- 172.21.15.27:0/3424906603 >> [v2:172.21.15.27:6800/2779081505,v1:172.21.15.27:6801/2779081505] conn(0x7f2e840368a0 0x7f2e84038d50 unknown :-1 s=NONE pgs=0 cs=0 l=1 rev1=0 crypto rx=0 tx=0 comp rx=0 tx=0).connect
2024-04-16T05:31:44.060 INFO:teuthology.orchestra.run.smithi027.stdout:/usr/bin/ceph: stderr
2024-04-16T05:31:43.134+0000 7f2e96000700 1 -- 172.21.15.27:0/3424906603 <== mon.0 v2:172.21.15.27:3300/0 5 ==== osd_map(2..2 src has 1..2) v4 ==== 936+0+0 (secure 0 0 0) 0x7f2e9004a060 con 0x7f2ea007ca40
2024-04-16T05:31:44.060 INFO:teuthology.orchestra.run.smithi027.stdout:/usr/bin/ceph: stderr
2024-04-16T05:31:43.134+0000 7f2e9d400700 1 --2- 172.21.15.27:0/3424906603 >> [v2:172.21.15.27:6800/2779081505,v1:172.21.15.27:6801/2779081505] conn(0x7f2e840368a0 0x7f2e84038d50 unknown :-1 s=BANNER_CONNECTING pgs=0 cs=0 l=1 rev1=0 crypto rx=0 tx=0 comp rx=0 tx=0)._handle_peer_banner_payload supported=3 required=0
2024-04-16T05:31:44.060 INFO:teuthology.orchestra.run.smithi027.stdout:/usr/bin/ceph: stderr
2024-04-16T05:31:43.135+0000 7f2e9d400700 1 --2- 172.21.15.27:0/3424906603 >> [v2:172.21.15.27:6800/2779081505,v1:172.21.15.27:6801/2779081505] conn(0x7f2e840368a0 0x7f2e84038d50 secure :-1 s=READY pgs=10 cs=0 l=1 rev1=1 crypto rx=0x7f2e8c009990 tx=0x7f2e8c006e40 comp rx=0 tx=0).ready entity=mgr.14120 client_cookie=0 server_cookie=0 in_seq=0 out_seq=0
2024-04-16T05:31:44.061 INFO:teuthology.orchestra.run.smithi027.stdout:/usr/bin/ceph: stderr
2024-04-16T05:31:43.139+0000 7f2e96000700 1 -- 172.21.15.27:0/3424906603 <== mon.0 v2:172.21.15.27:3300/0 6 ==== mon_command_ack([{"prefix": "get_command_descriptions"}]=0 v0) v1 ==== 72+0+176702 (secure 0 0 0) 0x7f2e900228d0 con 0x7f2ea007ca40
2024-04-16T05:31:44.061 INFO:teuthology.orchestra.run.smithi027.stdout:/usr/bin/ceph: stderr
2024-04-16T05:31:43.356+0000 7f2ea4a00700 1 -- 172.21.15.27:0/3424906603 --> [v2:172.21.15.27:6800/2779081505,v1:172.21.15.27:6801/2779081505] -- mgr_command(tid 0: {"prefix": "cephadm get-pub-key", "target": ["mon-mgr", ""]}) v1 -- 0x7f2ea007a4d0 con 0x7f2e840368a0
2024-04-16T05:31:44.061 INFO:teuthology.orchestra.run.smithi027.stdout:/usr/bin/ceph: stderr
2024-04-16T05:31:43.358+0000 7f2e96000700 1 -- 172.21.15.27:0/3424906603 <== mgr.14120 v2:172.21.15.27:6800/2779081505 1 ==== mgr_command_reply(tid 0: 0 ) v1 ==== 8+0+595 (secure 0 0 0) 0x7f2ea007a4d0 con 0x7f2e840368a0
2024-04-16T05:31:44.061 INFO:teuthology.orchestra.run.smithi027.stdout:/usr/bin/ceph: stderr
2024-04-16T05:31:43.360+0000 7f2ea4a00700 1 -- 172.21.15.27:0/3424906603 >> [v2:172.21.15.27:6800/2779081505,v1:172.21.15.27:6801/2779081505] conn(0x7f2e840368a0 msgr2=0x7f2e84038d50 secure :-1 s=STATE_CONNECTION_ESTABLISHED l=1).mark_down
2024-04-16T05:31:44.061 INFO:teuthology.orchestra.run.smithi027.stdout:/usr/bin/ceph: stderr
2024-04-16T05:31:43.360+0000 7f2ea4a00700 1 --2- 172.21.15.27:0/3424906603 >> [v2:172.21.15.27:6800/2779081505,v1:172.21.15.27:6801/2779081505] conn(0x7f2e840368a0 0x7f2e84038d50 secure :-1 s=READY pgs=10 cs=0 l=1 rev1=1 crypto rx=0x7f2e8c009990 tx=0x7f2e8c006e40 comp rx=0 tx=0).stop
2024-04-16T05:31:44.061 INFO:teuthology.orchestra.run.smithi027.stdout:/usr/bin/ceph: stderr
2024-04-16T05:31:43.360+0000 7f2ea4a00700 1 -- 172.21.15.27:0/3424906603 >> [v2:172.21.15.27:3300/0,v1:172.21.15.27:6789/0] conn(0x7f2ea007ca40 msgr2=0x7f2ea0117be0 secure :-1 s=STATE_CONNECTION_ESTABLISHED l=1).mark_down
2024-04-16T05:31:44.061 INFO:teuthology.orchestra.run.smithi027.stdout:/usr/bin/ceph: stderr
2024-04-16T05:31:43.360+0000 7f2ea4a00700 1 --2- 172.21.15.27:0/3424906603 >> [v2:172.21.15.27:3300/0,v1:172.21.15.27:6789/0] conn(0x7f2ea007ca40 0x7f2ea0117be0 secure :-1 s=READY pgs=44 cs=0 l=1 rev1=1 crypto rx=0x7f2e90006fd0 tx=0x7f2e90009250 comp rx=0 tx=0).stop
2024-04-16T05:31:44.061 INFO:teuthology.orchestra.run.smithi027.stdout:/usr/bin/ceph: stderr
2024-04-16T05:31:43.361+0000 7f2ea4a00700 1 -- 172.21.15.27:0/3424906603 shutdown_connections
2024-04-16T05:31:44.061 INFO:teuthology.orchestra.run.smithi027.stdout:/usr/bin/ceph: stderr
2024-04-16T05:31:43.361+0000 7f2ea4a00700 1 --2- 172.21.15.27:0/3424906603 >> [v2:172.21.15.27:6800/2779081505,v1:172.21.15.27:6801/2779081505] conn(0x7f2e840368a0 0x7f2e84038d50 unknown :-1 s=CLOSED pgs=10 cs=0 l=1 rev1=1 crypto rx=0 tx=0 comp rx=0 tx=0).stop
2024-04-16T05:31:44.061 INFO:teuthology.orchestra.run.smithi027.stdout:/usr/bin/ceph: stderr
2024-04-16T05:31:43.361+0000 7f2ea4a00700 1 --2- 172.21.15.27:0/3424906603 >> [v2:172.21.15.27:3300/0,v1:172.21.15.27:6789/0] conn(0x7f2ea007ca40 0x7f2ea0117be0 unknown :-1 s=CLOSED pgs=44 cs=0 l=1 rev1=1 crypto rx=0 tx=0 comp rx=0 tx=0).stop
2024-04-16T05:31:44.061 INFO:teuthology.orchestra.run.smithi027.stdout:/usr/bin/ceph: stderr
2024-04-16T05:31:43.361+0000 7f2ea4a00700 1 -- 172.21.15.27:0/3424906603 >> 172.21.15.27:0/3424906603 conn(0x7f2ea0078350 msgr2=0x7f2ea0079dc0 unknown :-1 s=STATE_NONE l=0).mark_down
2024-04-16T05:31:44.061 INFO:teuthology.orchestra.run.smithi027.stdout:/usr/bin/ceph: stderr
2024-04-16T05:31:43.361+0000 7f2ea4a00700 1 -- 172.21.15.27:0/3424906603 shutdown_connections
2024-04-16T05:31:44.061 INFO:teuthology.orchestra.run.smithi027.stdout:/usr/bin/ceph: stderr
2024-04-16T05:31:43.362+0000 7f2ea4a00700 1 -- 172.21.15.27:0/3424906603 wait complete.
2024-04-16T05:31:44.062 INFO:teuthology.orchestra.run.smithi027.stdout:Wrote public SSH key to /home/ubuntu/cephtest/ceph.pub
2024-04-16T05:31:44.062 INFO:teuthology.orchestra.run.smithi027.stdout:Adding key to root@localhost authorized_keys...
2024-04-16T05:31:44.062 INFO:teuthology.orchestra.run.smithi027.stdout:Adding host smithi027...
2024-04-16T05:31:44.625 INFO:journalctl@ceph.mon.smithi027.smithi027.stdout:Apr 16 05:31:44 smithi027 ceph-mon[29206]: from='client.14138 -' entity='client.admin' cmd=[{"prefix": "cephadm get-pub-key", "target": ["mon-mgr", ""]}]: dispatch
2024-04-16T05:31:45.468 INFO:journalctl@ceph.mon.smithi027.smithi027.stdout:Apr 16 05:31:45 smithi027 ceph-mon[29206]: from='client.14140 -' entity='client.admin' cmd=[{"prefix": "orch host add", "hostname": "smithi027", "addr": "172.21.15.27", "target": ["mon-mgr", ""]}]: dispatch
2024-04-16T05:31:47.718 INFO:journalctl@ceph.mon.smithi027.smithi027.stdout:Apr 16 05:31:47 smithi027 ceph-mon[29206]: Deploying cephadm binary to smithi027
2024-04-16T05:31:50.208 INFO:teuthology.orchestra.run.smithi027.stdout:/usr/bin/ceph: stdout Added host 'smithi027' with addr '172.21.15.27'
2024-04-16T05:31:50.208 INFO:teuthology.orchestra.run.smithi027.stdout:/usr/bin/ceph: stderr
2024-04-16T05:31:44.697+0000 7f199ac00700 1 Processor -- start
2024-04-16T05:31:50.209 INFO:teuthology.orchestra.run.smithi027.stdout:/usr/bin/ceph: stderr
2024-04-16T05:31:44.698+0000 7f199ac00700 1 -- start start
2024-04-16T05:31:50.209 INFO:teuthology.orchestra.run.smithi027.stdout:/usr/bin/ceph: stderr
2024-04-16T05:31:44.698+0000 7f199ac00700 1 --2- >> [v2:172.21.15.27:3300/0,v1:172.21.15.27:6789/0] conn(0x7f199407ca40 0x7f199407ce50 unknown :-1 s=NONE pgs=0 cs=0 l=0 rev1=0 crypto rx=0 tx=0 comp rx=0 tx=0).connect
2024-04-16T05:31:50.209 INFO:teuthology.orchestra.run.smithi027.stdout:/usr/bin/ceph: stderr
2024-04-16T05:31:44.698+0000 7f199ac00700 1 -- --> [v2:172.21.15.27:3300/0,v1:172.21.15.27:6789/0] -- mon_getmap magic: 0 v1 -- 0x7f199407d420 con 0x7f199407ca40
2024-04-16T05:31:50.209 INFO:teuthology.orchestra.run.smithi027.stdout:/usr/bin/ceph: stderr
2024-04-16T05:31:44.699+0000 7f1993e00700 1 --2- >> [v2:172.21.15.27:3300/0,v1:172.21.15.27:6789/0] conn(0x7f199407ca40 0x7f199407ce50 unknown :-1 s=BANNER_CONNECTING pgs=0 cs=0 l=0 rev1=0 crypto rx=0 tx=0 comp rx=0 tx=0)._handle_peer_banner_payload supported=3 required=0
2024-04-16T05:31:50.209 INFO:teuthology.orchestra.run.smithi027.stdout:/usr/bin/ceph: stderr
2024-04-16T05:31:44.699+0000 7f1993e00700 1 --2- >> [v2:172.21.15.27:3300/0,v1:172.21.15.27:6789/0] conn(0x7f199407ca40 0x7f199407ce50 unknown :-1 s=HELLO_CONNECTING pgs=0 cs=0 l=0 rev1=1 crypto rx=0 tx=0 comp rx=0 tx=0).handle_hello peer v2:172.21.15.27:3300/0 says I am v2:172.21.15.27:54520/0 (socket says 172.21.15.27:54520)
2024-04-16T05:31:50.209 INFO:teuthology.orchestra.run.smithi027.stdout:/usr/bin/ceph: stderr
2024-04-16T05:31:44.699+0000 7f1993e00700 1 -- 172.21.15.27:0/3302252186 learned_addr learned my addr 172.21.15.27:0/3302252186 (peer_addr_for_me v2:172.21.15.27:0/0)
2024-04-16T05:31:50.209 INFO:teuthology.orchestra.run.smithi027.stdout:/usr/bin/ceph: stderr
2024-04-16T05:31:44.699+0000 7f1993e00700 1 -- 172.21.15.27:0/3302252186 --> [v2:172.21.15.27:3300/0,v1:172.21.15.27:6789/0] -- mon_subscribe({config=0+,monmap=0+}) v3 -- 0x7f199407d560 con 0x7f199407ca40
2024-04-16T05:31:50.209 INFO:teuthology.orchestra.run.smithi027.stdout:/usr/bin/ceph: stderr
2024-04-16T05:31:44.699+0000 7f1993e00700 1 --2- 172.21.15.27:0/3302252186 >> [v2:172.21.15.27:3300/0,v1:172.21.15.27:6789/0] conn(0x7f199407ca40 0x7f199407ce50 secure :-1 s=READY pgs=45 cs=0 l=1 rev1=1 crypto rx=0x7f19840098e0 tx=0x7f1984009250 comp rx=0 tx=0).ready entity=mon.0 client_cookie=9e8e7e64bfe0a661 server_cookie=0 in_seq=0 out_seq=0
2024-04-16T05:31:50.209 INFO:teuthology.orchestra.run.smithi027.stdout:/usr/bin/ceph: stderr
2024-04-16T05:31:44.700+0000 7f1992a00700 1 -- 172.21.15.27:0/3302252186 <== mon.0 v2:172.21.15.27:3300/0 1 ==== mon_map magic: 0 v1 ==== 229+0+0 (secure 0 0 0) 0x7f198400b860 con 0x7f199407ca40
2024-04-16T05:31:50.209 INFO:teuthology.orchestra.run.smithi027.stdout:/usr/bin/ceph: stderr
2024-04-16T05:31:44.700+0000 7f1992a00700 1 -- 172.21.15.27:0/3302252186 <== mon.0 v2:172.21.15.27:3300/0 2 ==== config(27 keys) v1 ==== 1056+0+0 (secure 0 0 0) 0x7f198400be50 con 0x7f199407ca40
2024-04-16T05:31:50.209 INFO:teuthology.orchestra.run.smithi027.stdout:/usr/bin/ceph: stderr
2024-04-16T05:31:44.700+0000 7f1992a00700 1 -- 172.21.15.27:0/3302252186 <== mon.0 v2:172.21.15.27:3300/0 3 ==== mon_map magic: 0 v1 ==== 229+0+0 (secure 0 0 0) 0x7f1984010380 con 0x7f199407ca40
2024-04-16T05:31:50.209 INFO:teuthology.orchestra.run.smithi027.stdout:/usr/bin/ceph: stderr
2024-04-16T05:31:44.700+0000 7f199ac00700 1 -- 172.21.15.27:0/3302252186 >> [v2:172.21.15.27:3300/0,v1:172.21.15.27:6789/0] conn(0x7f199407ca40 msgr2=0x7f199407ce50 secure :-1 s=STATE_CONNECTION_ESTABLISHED l=1).mark_down
2024-04-16T05:31:50.209 INFO:teuthology.orchestra.run.smithi027.stdout:/usr/bin/ceph: stderr
2024-04-16T05:31:44.700+0000 7f199ac00700 1 --2- 172.21.15.27:0/3302252186 >> [v2:172.21.15.27:3300/0,v1:172.21.15.27:6789/0] conn(0x7f199407ca40 0x7f199407ce50 secure :-1 s=READY pgs=45 cs=0 l=1 rev1=1 crypto rx=0x7f19840098e0 tx=0x7f1984009250 comp rx=0 tx=0).stop
2024-04-16T05:31:50.210 INFO:teuthology.orchestra.run.smithi027.stdout:/usr/bin/ceph: stderr
2024-04-16T05:31:44.701+0000 7f199ac00700 1 -- 172.21.15.27:0/3302252186 shutdown_connections
2024-04-16T05:31:50.210 INFO:teuthology.orchestra.run.smithi027.stdout:/usr/bin/ceph: stderr
2024-04-16T05:31:44.701+0000 7f199ac00700 1 --2- 172.21.15.27:0/3302252186 >> [v2:172.21.15.27:3300/0,v1:172.21.15.27:6789/0] conn(0x7f199407ca40 0x7f199407ce50 unknown :-1 s=CLOSED pgs=45 cs=0 l=1 rev1=1 crypto rx=0 tx=0 comp rx=0 tx=0).stop
2024-04-16T05:31:50.210 INFO:teuthology.orchestra.run.smithi027.stdout:/usr/bin/ceph: stderr
2024-04-16T05:31:44.701+0000 7f199ac00700 1 -- 172.21.15.27:0/3302252186 >> 172.21.15.27:0/3302252186 conn(0x7f1994078350 msgr2=0x7f199407a760 unknown :-1 s=STATE_NONE l=0).mark_down
2024-04-16T05:31:50.210 INFO:teuthology.orchestra.run.smithi027.stdout:/usr/bin/ceph: stderr
2024-04-16T05:31:44.701+0000 7f199ac00700 1 -- 172.21.15.27:0/3302252186 shutdown_connections
2024-04-16T05:31:50.210 INFO:teuthology.orchestra.run.smithi027.stdout:/usr/bin/ceph: stderr
2024-04-16T05:31:44.701+0000 7f199ac00700 1 -- 172.21.15.27:0/3302252186 wait complete.
2024-04-16T05:31:50.210 INFO:teuthology.orchestra.run.smithi027.stdout:/usr/bin/ceph: stderr
2024-04-16T05:31:44.701+0000 7f199ac00700 1 Processor -- start
2024-04-16T05:31:50.210 INFO:teuthology.orchestra.run.smithi027.stdout:/usr/bin/ceph: stderr
2024-04-16T05:31:44.702+0000 7f199ac00700 1 -- start start
2024-04-16T05:31:50.210 INFO:teuthology.orchestra.run.smithi027.stdout:/usr/bin/ceph: stderr
2024-04-16T05:31:44.702+0000 7f199ac00700 1 --2- >> [v2:172.21.15.27:3300/0,v1:172.21.15.27:6789/0] conn(0x7f199407ca40 0x7f1994117be0 unknown :-1 s=NONE pgs=0 cs=0 l=1 rev1=0 crypto rx=0 tx=0 comp rx=0 tx=0).connect
2024-04-16T05:31:50.210 INFO:teuthology.orchestra.run.smithi027.stdout:/usr/bin/ceph: stderr
2024-04-16T05:31:44.702+0000 7f199ac00700 1 -- --> [v2:172.21.15.27:3300/0,v1:172.21.15.27:6789/0] -- mon_getmap magic: 0 v1 -- 0x7f1994118120 con 0x7f199407ca40
2024-04-16T05:31:50.210 INFO:teuthology.orchestra.run.smithi027.stdout:/usr/bin/ceph: stderr
2024-04-16T05:31:44.702+0000 7f1993e00700 1 --2- >> [v2:172.21.15.27:3300/0,v1:172.21.15.27:6789/0] conn(0x7f199407ca40 0x7f1994117be0 unknown :-1 s=BANNER_CONNECTING pgs=0 cs=0 l=1 rev1=0 crypto rx=0 tx=0 comp rx=0 tx=0)._handle_peer_banner_payload supported=3 required=0
2024-04-16T05:31:50.210 INFO:teuthology.orchestra.run.smithi027.stdout:/usr/bin/ceph: stderr
2024-04-16T05:31:44.702+0000 7f1993e00700 1 --2- >> [v2:172.21.15.27:3300/0,v1:172.21.15.27:6789/0] conn(0x7f199407ca40 0x7f1994117be0 unknown :-1 s=HELLO_CONNECTING pgs=0 cs=0 l=1 rev1=1 crypto rx=0 tx=0 comp rx=0 tx=0).handle_hello peer v2:172.21.15.27:3300/0 says I am v2:172.21.15.27:54526/0 (socket says 172.21.15.27:54526)
2024-04-16T05:31:50.210 INFO:teuthology.orchestra.run.smithi027.stdout:/usr/bin/ceph: stderr
2024-04-16T05:31:44.702+0000 7f1993e00700 1 -- 172.21.15.27:0/3136554815 learned_addr learned my addr 172.21.15.27:0/3136554815 (peer_addr_for_me v2:172.21.15.27:0/0)
2024-04-16T05:31:50.210 INFO:teuthology.orchestra.run.smithi027.stdout:/usr/bin/ceph: stderr
2024-04-16T05:31:44.703+0000 7f1993e00700 1 -- 172.21.15.27:0/3136554815 --> [v2:172.21.15.27:3300/0,v1:172.21.15.27:6789/0] -- mon_subscribe({config=0+,monmap=0+}) v3 -- 0x7f19840094f0 con 0x7f199407ca40
2024-04-16T05:31:50.210 INFO:teuthology.orchestra.run.smithi027.stdout:/usr/bin/ceph: stderr
2024-04-16T05:31:44.703+0000 7f1993e00700 1 --2- 172.21.15.27:0/3136554815 >> [v2:172.21.15.27:3300/0,v1:172.21.15.27:6789/0] conn(0x7f199407ca40 0x7f1994117be0 secure :-1 s=READY pgs=46 cs=0 l=1 rev1=1 crypto rx=0x7f1984000c00 tx=0x7f1984009250 comp rx=0 tx=0).ready entity=mon.0 client_cookie=0 server_cookie=0 in_seq=0 out_seq=0
2024-04-16T05:31:50.210 INFO:teuthology.orchestra.run.smithi027.stdout:/usr/bin/ceph: stderr
2024-04-16T05:31:44.703+0000 7f198be00700 1 -- 172.21.15.27:0/3136554815 <== mon.0 v2:172.21.15.27:3300/0 1 ==== mon_map magic: 0 v1 ==== 229+0+0 (secure 0 0 0) 0x7f198401a8a0 con 0x7f199407ca40
2024-04-16T05:31:50.211 INFO:teuthology.orchestra.run.smithi027.stdout:/usr/bin/ceph: stderr
2024-04-16T05:31:44.703+0000 7f198be00700 1 -- 172.21.15.27:0/3136554815 <== mon.0 v2:172.21.15.27:3300/0 2 ==== config(27 keys) v1 ==== 1056+0+0 (secure 0 0 0) 0x7f198401ae90 con 0x7f199407ca40
2024-04-16T05:31:50.211 INFO:teuthology.orchestra.run.smithi027.stdout:/usr/bin/ceph: stderr
2024-04-16T05:31:44.703+0000 7f199ac00700 1 -- 172.21.15.27:0/3136554815 --> [v2:172.21.15.27:3300/0,v1:172.21.15.27:6789/0] -- mon_subscribe({mgrmap=0+}) v3 -- 0x7f1994118320 con 0x7f199407ca40
2024-04-16T05:31:50.211 INFO:teuthology.orchestra.run.smithi027.stdout:/usr/bin/ceph: stderr
2024-04-16T05:31:44.703+0000 7f198be00700 1 -- 172.21.15.27:0/3136554815 <== mon.0 v2:172.21.15.27:3300/0 3 ==== mon_map magic: 0 v1 ==== 229+0+0 (secure 0 0 0) 0x7f1984019e70 con 0x7f199407ca40
2024-04-16T05:31:50.211 INFO:teuthology.orchestra.run.smithi027.stdout:/usr/bin/ceph: stderr
2024-04-16T05:31:44.703+0000 7f199ac00700 1 -- 172.21.15.27:0/3136554815 --> [v2:172.21.15.27:3300/0,v1:172.21.15.27:6789/0] -- mon_subscribe({osdmap=0}) v3 -- 0x7f1994118e90 con 0x7f199407ca40
2024-04-16T05:31:50.211 INFO:teuthology.orchestra.run.smithi027.stdout:/usr/bin/ceph: stderr
2024-04-16T05:31:44.705+0000 7f198be00700 1 -- 172.21.15.27:0/3136554815 <== mon.0 v2:172.21.15.27:3300/0 4 ==== mgrmap(e 8) v1 ==== 43376+0+0 (secure 0 0 0) 0x7f1984019730 con 0x7f199407ca40
2024-04-16T05:31:50.211 INFO:teuthology.orchestra.run.smithi027.stdout:/usr/bin/ceph: stderr
2024-04-16T05:31:44.705+0000 7f199ac00700 1 -- 172.21.15.27:0/3136554815 --> [v2:172.21.15.27:3300/0,v1:172.21.15.27:6789/0] -- mon_command({"prefix": "get_command_descriptions"} v 0) v1 -- 0x7f199405f5f0 con 0x7f199407ca40
2024-04-16T05:31:50.211 INFO:teuthology.orchestra.run.smithi027.stdout:/usr/bin/ceph: stderr
2024-04-16T05:31:44.705+0000 7f198be00700 1 --2- 172.21.15.27:0/3136554815 >> [v2:172.21.15.27:6800/2779081505,v1:172.21.15.27:6801/2779081505] conn(0x7f19780368a0 0x7f1978038d50 unknown :-1 s=NONE pgs=0 cs=0 l=1 rev1=0 crypto rx=0 tx=0 comp rx=0 tx=0).connect
2024-04-16T05:31:50.211 INFO:teuthology.orchestra.run.smithi027.stdout:/usr/bin/ceph: stderr
2024-04-16T05:31:44.705+0000 7f198be00700 1 -- 172.21.15.27:0/3136554815 <== mon.0 v2:172.21.15.27:3300/0 5 ==== osd_map(2..2 src has 1..2) v4 ==== 936+0+0 (secure 0 0 0) 0x7f198404a130 con 0x7f199407ca40
2024-04-16T05:31:50.211 INFO:teuthology.orchestra.run.smithi027.stdout:/usr/bin/ceph: stderr
2024-04-16T05:31:44.705+0000 7f1993400700 1 --2- 172.21.15.27:0/3136554815 >> [v2:172.21.15.27:6800/2779081505,v1:172.21.15.27:6801/2779081505] conn(0x7f19780368a0 0x7f1978038d50 unknown :-1 s=BANNER_CONNECTING pgs=0 cs=0 l=1 rev1=0 crypto rx=0 tx=0 comp rx=0 tx=0)._handle_peer_banner_payload supported=3 required=0
2024-04-16T05:31:50.211 INFO:teuthology.orchestra.run.smithi027.stdout:/usr/bin/ceph: stderr
2024-04-16T05:31:44.706+0000 7f1993400700 1 --2- 172.21.15.27:0/3136554815 >> [v2:172.21.15.27:6800/2779081505,v1:172.21.15.27:6801/2779081505] conn(0x7f19780368a0 0x7f1978038d50 secure :-1 s=READY pgs=11 cs=0 l=1 rev1=1 crypto rx=0x7f1980009990 tx=0x7f1980006e40 comp rx=0 tx=0).ready entity=mgr.14120 client_cookie=0 server_cookie=0 in_seq=0 out_seq=0
2024-04-16T05:31:50.211 INFO:teuthology.orchestra.run.smithi027.stdout:/usr/bin/ceph: stderr
