2024-04-16T05:32:25.058+0000 7fac91600700 1 -- 172.21.15.27:0/1740067037 <== mon.0 v2:172.21.15.27:3300/0 3 ==== mon_map magic: 0 v1 ==== 229+0+0 (secure 0 0 0) 0x7fac840103c0 con 0x7fac9407ca40
2024-04-16T05:32:26.003 INFO:teuthology.orchestra.run.smithi027.stdout:/usr/bin/ceph: stderr
2024-04-16T05:32:25.058+0000 7fac99c00700 1 -- 172.21.15.27:0/1740067037 >> [v2:172.21.15.27:3300/0,v1:172.21.15.27:6789/0] conn(0x7fac9407ca40 msgr2=0x7fac9407ce50 secure :-1 s=STATE_CONNECTION_ESTABLISHED l=1).mark_down
2024-04-16T05:32:26.003 INFO:teuthology.orchestra.run.smithi027.stdout:/usr/bin/ceph: stderr
2024-04-16T05:32:25.058+0000 7fac99c00700 1 --2- 172.21.15.27:0/1740067037 >> [v2:172.21.15.27:3300/0,v1:172.21.15.27:6789/0] conn(0x7fac9407ca40 0x7fac9407ce50 secure :-1 s=READY pgs=84 cs=0 l=1 rev1=1 crypto rx=0x7fac840098e0 tx=0x7fac84009250 comp rx=0 tx=0).stop
2024-04-16T05:32:26.003 INFO:teuthology.orchestra.run.smithi027.stdout:/usr/bin/ceph: stderr
2024-04-16T05:32:25.058+0000 7fac99c00700 1 -- 172.21.15.27:0/1740067037 shutdown_connections
2024-04-16T05:32:26.004 INFO:teuthology.orchestra.run.smithi027.stdout:/usr/bin/ceph: stderr
2024-04-16T05:32:25.058+0000 7fac99c00700 1 --2- 172.21.15.27:0/1740067037 >> [v2:172.21.15.27:3300/0,v1:172.21.15.27:6789/0] conn(0x7fac9407ca40 0x7fac9407ce50 unknown :-1 s=CLOSED pgs=84 cs=0 l=1 rev1=1 crypto rx=0 tx=0 comp rx=0 tx=0).stop
2024-04-16T05:32:26.004 INFO:teuthology.orchestra.run.smithi027.stdout:/usr/bin/ceph: stderr
2024-04-16T05:32:25.058+0000 7fac99c00700 1 -- 172.21.15.27:0/1740067037 >> 172.21.15.27:0/1740067037 conn(0x7fac94078350 msgr2=0x7fac9407a760 unknown :-1 s=STATE_NONE l=0).mark_down
2024-04-16T05:32:26.004 INFO:teuthology.orchestra.run.smithi027.stdout:/usr/bin/ceph: stderr
2024-04-16T05:32:25.058+0000 7fac99c00700 1 -- 172.21.15.27:0/1740067037 shutdown_connections
2024-04-16T05:32:26.004 INFO:teuthology.orchestra.run.smithi027.stdout:/usr/bin/ceph: stderr
2024-04-16T05:32:25.059+0000 7fac99c00700 1 -- 172.21.15.27:0/1740067037 wait complete.
2024-04-16T05:32:26.004 INFO:teuthology.orchestra.run.smithi027.stdout:/usr/bin/ceph: stderr
2024-04-16T05:32:25.059+0000 7fac99c00700 1 Processor -- start
2024-04-16T05:32:26.004 INFO:teuthology.orchestra.run.smithi027.stdout:/usr/bin/ceph: stderr
2024-04-16T05:32:25.060+0000 7fac99c00700 1 -- start start
2024-04-16T05:32:26.004 INFO:teuthology.orchestra.run.smithi027.stdout:/usr/bin/ceph: stderr
2024-04-16T05:32:25.060+0000 7fac99c00700 1 --2- >> [v2:172.21.15.27:3300/0,v1:172.21.15.27:6789/0] conn(0x7fac9407ca40 0x7fac94117c10 unknown :-1 s=NONE pgs=0 cs=0 l=1 rev1=0 crypto rx=0 tx=0 comp rx=0 tx=0).connect
2024-04-16T05:32:26.004 INFO:teuthology.orchestra.run.smithi027.stdout:/usr/bin/ceph: stderr
2024-04-16T05:32:25.060+0000 7fac99c00700 1 -- --> [v2:172.21.15.27:3300/0,v1:172.21.15.27:6789/0] -- mon_getmap magic: 0 v1 -- 0x7fac94118150 con 0x7fac9407ca40
2024-04-16T05:32:26.004 INFO:teuthology.orchestra.run.smithi027.stdout:/usr/bin/ceph: stderr
2024-04-16T05:32:25.060+0000 7fac92a00700 1 --2- >> [v2:172.21.15.27:3300/0,v1:172.21.15.27:6789/0] conn(0x7fac9407ca40 0x7fac94117c10 unknown :-1 s=BANNER_CONNECTING pgs=0 cs=0 l=1 rev1=0 crypto rx=0 tx=0 comp rx=0 tx=0)._handle_peer_banner_payload supported=3 required=0
2024-04-16T05:32:26.004 INFO:teuthology.orchestra.run.smithi027.stdout:/usr/bin/ceph: stderr
2024-04-16T05:32:25.060+0000 7fac92a00700 1 --2- >> [v2:172.21.15.27:3300/0,v1:172.21.15.27:6789/0] conn(0x7fac9407ca40 0x7fac94117c10 unknown :-1 s=HELLO_CONNECTING pgs=0 cs=0 l=1 rev1=1 crypto rx=0 tx=0 comp rx=0 tx=0).handle_hello peer v2:172.21.15.27:3300/0 says I am v2:172.21.15.27:48386/0 (socket says 172.21.15.27:48386)
2024-04-16T05:32:26.004 INFO:teuthology.orchestra.run.smithi027.stdout:/usr/bin/ceph: stderr
2024-04-16T05:32:25.060+0000 7fac92a00700 1 -- 172.21.15.27:0/3483500153 learned_addr learned my addr 172.21.15.27:0/3483500153 (peer_addr_for_me v2:172.21.15.27:0/0)
2024-04-16T05:32:26.004 INFO:teuthology.orchestra.run.smithi027.stdout:/usr/bin/ceph: stderr
2024-04-16T05:32:25.061+0000 7fac92a00700 1 -- 172.21.15.27:0/3483500153 --> [v2:172.21.15.27:3300/0,v1:172.21.15.27:6789/0] -- mon_subscribe({config=0+,monmap=0+}) v3 -- 0x7fac840094f0 con 0x7fac9407ca40
2024-04-16T05:32:26.004 INFO:teuthology.orchestra.run.smithi027.stdout:/usr/bin/ceph: stderr
2024-04-16T05:32:25.061+0000 7fac92a00700 1 --2- 172.21.15.27:0/3483500153 >> [v2:172.21.15.27:3300/0,v1:172.21.15.27:6789/0] conn(0x7fac9407ca40 0x7fac94117c10 secure :-1 s=READY pgs=85 cs=0 l=1 rev1=1 crypto rx=0x7fac84006b00 tx=0x7fac84009250 comp rx=0 tx=0).ready entity=mon.0 client_cookie=0 server_cookie=0 in_seq=0 out_seq=0
2024-04-16T05:32:26.004 INFO:teuthology.orchestra.run.smithi027.stdout:/usr/bin/ceph: stderr
2024-04-16T05:32:25.061+0000 7fac8aa00700 1 -- 172.21.15.27:0/3483500153 <== mon.0 v2:172.21.15.27:3300/0 1 ==== mon_map magic: 0 v1 ==== 229+0+0 (secure 0 0 0) 0x7fac84010840 con 0x7fac9407ca40
2024-04-16T05:32:26.005 INFO:teuthology.orchestra.run.smithi027.stdout:/usr/bin/ceph: stderr
2024-04-16T05:32:25.061+0000 7fac8aa00700 1 -- 172.21.15.27:0/3483500153 <== mon.0 v2:172.21.15.27:3300/0 2 ==== config(27 keys) v1 ==== 1109+0+0 (secure 0 0 0) 0x7fac84010e70 con 0x7fac9407ca40
2024-04-16T05:32:26.007 INFO:teuthology.orchestra.run.smithi027.stdout:/usr/bin/ceph: stderr
2024-04-16T05:32:25.061+0000 7fac8aa00700 1 -- 172.21.15.27:0/3483500153 <== mon.0 v2:172.21.15.27:3300/0 3 ==== mon_map magic: 0 v1 ==== 229+0+0 (secure 0 0 0) 0x7fac8401ae70 con 0x7fac9407ca40
2024-04-16T05:32:26.007 INFO:teuthology.orchestra.run.smithi027.stdout:/usr/bin/ceph: stderr
2024-04-16T05:32:25.061+0000 7fac99c00700 1 -- 172.21.15.27:0/3483500153 --> [v2:172.21.15.27:3300/0,v1:172.21.15.27:6789/0] -- mon_subscribe({mgrmap=0+}) v3 -- 0x7fac94118350 con 0x7fac9407ca40
2024-04-16T05:32:26.007 INFO:teuthology.orchestra.run.smithi027.stdout:/usr/bin/ceph: stderr
2024-04-16T05:32:25.062+0000 7fac99c00700 1 -- 172.21.15.27:0/3483500153 --> [v2:172.21.15.27:3300/0,v1:172.21.15.27:6789/0] -- mon_subscribe({osdmap=0}) v3 -- 0x7fac94118ec0 con 0x7fac9407ca40
2024-04-16T05:32:26.007 INFO:teuthology.orchestra.run.smithi027.stdout:/usr/bin/ceph: stderr
2024-04-16T05:32:25.063+0000 7fac8aa00700 1 -- 172.21.15.27:0/3483500153 <== mon.0 v2:172.21.15.27:3300/0 4 ==== mgrmap(e 13) v1 ==== 43432+0+0 (secure 0 0 0) 0x7fac8401a780 con 0x7fac9407ca40
2024-04-16T05:32:26.007 INFO:teuthology.orchestra.run.smithi027.stdout:/usr/bin/ceph: stderr
2024-04-16T05:32:25.063+0000 7fac99c00700 1 -- 172.21.15.27:0/3483500153 --> [v2:172.21.15.27:3300/0,v1:172.21.15.27:6789/0] -- mon_command({"prefix": "get_command_descriptions"} v 0) v1 -- 0x7fac9405f5f0 con 0x7fac9407ca40
2024-04-16T05:32:26.007 INFO:teuthology.orchestra.run.smithi027.stdout:/usr/bin/ceph: stderr
2024-04-16T05:32:25.063+0000 7fac8aa00700 1 --2- 172.21.15.27:0/3483500153 >> [v2:172.21.15.27:6800/2700787222,v1:172.21.15.27:6801/2700787222] conn(0x7fac78036990 0x7fac78038e40 unknown :-1 s=NONE pgs=0 cs=0 l=1 rev1=0 crypto rx=0 tx=0 comp rx=0 tx=0).connect
2024-04-16T05:32:26.008 INFO:teuthology.orchestra.run.smithi027.stdout:/usr/bin/ceph: stderr
2024-04-16T05:32:25.063+0000 7fac8aa00700 1 -- 172.21.15.27:0/3483500153 <== mon.0 v2:172.21.15.27:3300/0 5 ==== osd_map(3..3 src has 1..3) v4 ==== 1151+0+0 (secure 0 0 0) 0x7fac8404ae30 con 0x7fac9407ca40
2024-04-16T05:32:26.008 INFO:teuthology.orchestra.run.smithi027.stdout:/usr/bin/ceph: stderr
2024-04-16T05:32:25.064+0000 7fac92000700 1 --2- 172.21.15.27:0/3483500153 >> [v2:172.21.15.27:6800/2700787222,v1:172.21.15.27:6801/2700787222] conn(0x7fac78036990 0x7fac78038e40 unknown :-1 s=BANNER_CONNECTING pgs=0 cs=0 l=1 rev1=0 crypto rx=0 tx=0 comp rx=0 tx=0)._handle_peer_banner_payload supported=3 required=0
2024-04-16T05:32:26.008 INFO:teuthology.orchestra.run.smithi027.stdout:/usr/bin/ceph: stderr
2024-04-16T05:32:25.064+0000 7fac92000700 1 --2- 172.21.15.27:0/3483500153 >> [v2:172.21.15.27:6800/2700787222,v1:172.21.15.27:6801/2700787222] conn(0x7fac78036990 0x7fac78038e40 secure :-1 s=READY pgs=9 cs=0 l=1 rev1=1 crypto rx=0x7fac80009990 tx=0x7fac80006e40 comp rx=0 tx=0).ready entity=mgr.14162 client_cookie=0 server_cookie=0 in_seq=0 out_seq=0
2024-04-16T05:32:26.008 INFO:teuthology.orchestra.run.smithi027.stdout:/usr/bin/ceph: stderr
2024-04-16T05:32:25.069+0000 7fac8aa00700 1 -- 172.21.15.27:0/3483500153 <== mon.0 v2:172.21.15.27:3300/0 6 ==== mon_command_ack([{"prefix": "get_command_descriptions"}]=0 v0) v1 ==== 72+0+176702 (secure 0 0 0) 0x7fac8404f070 con 0x7fac9407ca40
2024-04-16T05:32:26.008 INFO:teuthology.orchestra.run.smithi027.stdout:/usr/bin/ceph: stderr
2024-04-16T05:32:25.284+0000 7fac99c00700 1 -- 172.21.15.27:0/3483500153 --> [v2:172.21.15.27:3300/0,v1:172.21.15.27:6789/0] -- mon_command({"prefix": "config get", "who": "mgr", "key": "mgr/dashboard/ssl_server_port"} v 0) v1 -- 0x7fac9404bed0 con 0x7fac9407ca40
2024-04-16T05:32:26.008 INFO:teuthology.orchestra.run.smithi027.stdout:/usr/bin/ceph: stderr
2024-04-16T05:32:25.285+0000 7fac8aa00700 1 -- 172.21.15.27:0/3483500153 <== mon.0 v2:172.21.15.27:3300/0 7 ==== mon_command_ack([{"prefix": "config get", "who": "mgr", "key": "mgr/dashboard/ssl_server_port"}]=0 v8) v1 ==== 112+0+5 (secure 0 0 0) 0x7fac8401a430 con 0x7fac9407ca40
2024-04-16T05:32:26.008 INFO:teuthology.orchestra.run.smithi027.stdout:/usr/bin/ceph: stderr
2024-04-16T05:32:25.288+0000 7fac99c00700 1 -- 172.21.15.27:0/3483500153 >> [v2:172.21.15.27:6800/2700787222,v1:172.21.15.27:6801/2700787222] conn(0x7fac78036990 msgr2=0x7fac78038e40 secure :-1 s=STATE_CONNECTION_ESTABLISHED l=1).mark_down
2024-04-16T05:32:26.008 INFO:teuthology.orchestra.run.smithi027.stdout:/usr/bin/ceph: stderr
2024-04-16T05:32:25.288+0000 7fac99c00700 1 --2- 172.21.15.27:0/3483500153 >> [v2:172.21.15.27:6800/2700787222,v1:172.21.15.27:6801/2700787222] conn(0x7fac78036990 0x7fac78038e40 secure :-1 s=READY pgs=9 cs=0 l=1 rev1=1 crypto rx=0x7fac80009990 tx=0x7fac80006e40 comp rx=0 tx=0).stop
2024-04-16T05:32:26.008 INFO:teuthology.orchestra.run.smithi027.stdout:/usr/bin/ceph: stderr
2024-04-16T05:32:25.288+0000 7fac99c00700 1 -- 172.21.15.27:0/3483500153 >> [v2:172.21.15.27:3300/0,v1:172.21.15.27:6789/0] conn(0x7fac9407ca40 msgr2=0x7fac94117c10 secure :-1 s=STATE_CONNECTION_ESTABLISHED l=1).mark_down
2024-04-16T05:32:26.008 INFO:teuthology.orchestra.run.smithi027.stdout:/usr/bin/ceph: stderr
2024-04-16T05:32:25.288+0000 7fac99c00700 1 --2- 172.21.15.27:0/3483500153 >> [v2:172.21.15.27:3300/0,v1:172.21.15.27:6789/0] conn(0x7fac9407ca40 0x7fac94117c10 secure :-1 s=READY pgs=85 cs=0 l=1 rev1=1 crypto rx=0x7fac84006b00 tx=0x7fac84009250 comp rx=0 tx=0).stop
2024-04-16T05:32:26.008 INFO:teuthology.orchestra.run.smithi027.stdout:/usr/bin/ceph: stderr
2024-04-16T05:32:25.289+0000 7fac99c00700 1 -- 172.21.15.27:0/3483500153 shutdown_connections
2024-04-16T05:32:26.008 INFO:teuthology.orchestra.run.smithi027.stdout:/usr/bin/ceph: stderr
2024-04-16T05:32:25.289+0000 7fac99c00700 1 --2- 172.21.15.27:0/3483500153 >> [v2:172.21.15.27:6800/2700787222,v1:172.21.15.27:6801/2700787222] conn(0x7fac78036990 0x7fac78038e40 unknown :-1 s=CLOSED pgs=9 cs=0 l=1 rev1=1 crypto rx=0 tx=0 comp rx=0 tx=0).stop
2024-04-16T05:32:26.008 INFO:teuthology.orchestra.run.smithi027.stdout:/usr/bin/ceph: stderr
2024-04-16T05:32:25.289+0000 7fac99c00700 1 --2- 172.21.15.27:0/3483500153 >> [v2:172.21.15.27:3300/0,v1:172.21.15.27:6789/0] conn(0x7fac9407ca40 0x7fac94117c10 unknown :-1 s=CLOSED pgs=85 cs=0 l=1 rev1=1 crypto rx=0 tx=0 comp rx=0 tx=0).stop
2024-04-16T05:32:26.008 INFO:teuthology.orchestra.run.smithi027.stdout:/usr/bin/ceph: stderr
2024-04-16T05:32:25.289+0000 7fac99c00700 1 -- 172.21.15.27:0/3483500153 >> 172.21.15.27:0/3483500153 conn(0x7fac94078350 msgr2=0x7fac94079da0 unknown :-1 s=STATE_NONE l=0).mark_down
2024-04-16T05:32:26.008 INFO:teuthology.orchestra.run.smithi027.stdout:/usr/bin/ceph: stderr
2024-04-16T05:32:25.289+0000 7fac99c00700 1 -- 172.21.15.27:0/3483500153 shutdown_connections
2024-04-16T05:32:26.008 INFO:teuthology.orchestra.run.smithi027.stdout:/usr/bin/ceph: stderr
2024-04-16T05:32:25.289+0000 7fac99c00700 1 -- 172.21.15.27:0/3483500153 wait complete.
2024-04-16T05:32:26.040 INFO:teuthology.orchestra.run.smithi027.stdout:Non-zero exit code 1 from systemctl is-enabled firewalld.service
2024-04-16T05:32:26.040 INFO:teuthology.orchestra.run.smithi027.stdout:systemctl: stdout disabled
2024-04-16T05:32:26.064 INFO:teuthology.orchestra.run.smithi027.stdout:Non-zero exit code 3 from systemctl is-active firewalld.service
2024-04-16T05:32:26.065 INFO:teuthology.orchestra.run.smithi027.stdout:systemctl: stdout inactive
2024-04-16T05:32:26.065 INFO:teuthology.orchestra.run.smithi027.stdout:firewalld.service is not enabled
2024-04-16T05:32:26.065 INFO:teuthology.orchestra.run.smithi027.stdout:Not possible to open ports <[8443]>. firewalld.service is not available
2024-04-16T05:32:26.073 INFO:teuthology.orchestra.run.smithi027.stdout:Ceph Dashboard is now available at:
2024-04-16T05:32:26.073 INFO:teuthology.orchestra.run.smithi027.stdout:
2024-04-16T05:32:26.073 INFO:teuthology.orchestra.run.smithi027.stdout: URL: https://smithi027.front.sepia.ceph.com:8443/
2024-04-16T05:32:26.073 INFO:teuthology.orchestra.run.smithi027.stdout: User: admin
2024-04-16T05:32:26.073 INFO:teuthology.orchestra.run.smithi027.stdout: Password: ra70xl268y
2024-04-16T05:32:26.073 INFO:teuthology.orchestra.run.smithi027.stdout:
2024-04-16T05:32:26.074 INFO:teuthology.orchestra.run.smithi027.stdout:Saving cluster configuration to /var/lib/ceph/5e3cca06-fbb2-11ee-bc8f-c7b262605968/config directory
2024-04-16T05:32:26.076 INFO:teuthology.orchestra.run.smithi027.stdout:Enabling autotune for osd_memory_target
2024-04-16T05:32:26.237 INFO:journalctl@ceph.mon.smithi027.smithi027.stdout:Apr 16 05:32:25 smithi027 ceph-mon[29206]: from='client.? 172.21.15.27:0/3483500153' entity='client.admin' cmd=[{"prefix": "config get", "who": "mgr", "key": "mgr/dashboard/ssl_server_port"}]: dispatch
2024-04-16T05:32:27.630 INFO:teuthology.orchestra.run.smithi027.stdout:/usr/bin/ceph: stderr
2024-04-16T05:32:26.710+0000 7f5a36200700 1 Processor -- start
2024-04-16T05:32:27.630 INFO:teuthology.orchestra.run.smithi027.stdout:/usr/bin/ceph: stderr
2024-04-16T05:32:26.710+0000 7f5a36200700 1 -- start start
2024-04-16T05:32:27.630 INFO:teuthology.orchestra.run.smithi027.stdout:/usr/bin/ceph: stderr
2024-04-16T05:32:26.710+0000 7f5a36200700 1 --2- >> [v2:172.21.15.27:3300/0,v1:172.21.15.27:6789/0] conn(0x7f5a30104c20 0x7f5a30105030 unknown :-1 s=NONE pgs=0 cs=0 l=0 rev1=0 crypto rx=0 tx=0 comp rx=0 tx=0).connect
2024-04-16T05:32:27.636 INFO:teuthology.orchestra.run.smithi027.stdout:/usr/bin/ceph: stderr
2024-04-16T05:32:26.711+0000 7f5a36200700 1 -- --> [v2:172.21.15.27:3300/0,v1:172.21.15.27:6789/0] -- mon_getmap magic: 0 v1 -- 0x7f5a30105600 con 0x7f5a30104c20
2024-04-16T05:32:27.636 INFO:teuthology.orchestra.run.smithi027.stdout:/usr/bin/ceph: stderr
2024-04-16T05:32:26.711+0000 7f5a2f400700 1 --2- >> [v2:172.21.15.27:3300/0,v1:172.21.15.27:6789/0] conn(0x7f5a30104c20 0x7f5a30105030 unknown :-1 s=BANNER_CONNECTING pgs=0 cs=0 l=0 rev1=0 crypto rx=0 tx=0 comp rx=0 tx=0)._handle_peer_banner_payload supported=3 required=0
2024-04-16T05:32:27.636 INFO:teuthology.orchestra.run.smithi027.stdout:/usr/bin/ceph: stderr
2024-04-16T05:32:26.711+0000 7f5a2f400700 1 --2- >> [v2:172.21.15.27:3300/0,v1:172.21.15.27:6789/0] conn(0x7f5a30104c20 0x7f5a30105030 unknown :-1 s=HELLO_CONNECTING pgs=0 cs=0 l=0 rev1=1 crypto rx=0 tx=0 comp rx=0 tx=0).handle_hello peer v2:172.21.15.27:3300/0 says I am v2:172.21.15.27:48398/0 (socket says 172.21.15.27:48398)
2024-04-16T05:32:27.636 INFO:teuthology.orchestra.run.smithi027.stdout:/usr/bin/ceph: stderr
2024-04-16T05:32:26.711+0000 7f5a2f400700 1 -- 172.21.15.27:0/4075803717 learned_addr learned my addr 172.21.15.27:0/4075803717 (peer_addr_for_me v2:172.21.15.27:0/0)
2024-04-16T05:32:27.636 INFO:teuthology.orchestra.run.smithi027.stdout:/usr/bin/ceph: stderr
2024-04-16T05:32:26.712+0000 7f5a2f400700 1 -- 172.21.15.27:0/4075803717 --> [v2:172.21.15.27:3300/0,v1:172.21.15.27:6789/0] -- mon_subscribe({config=0+,monmap=0+}) v3 -- 0x7f5a30105740 con 0x7f5a30104c20
2024-04-16T05:32:27.636 INFO:teuthology.orchestra.run.smithi027.stdout:/usr/bin/ceph: stderr
2024-04-16T05:32:26.712+0000 7f5a2f400700 1 --2- 172.21.15.27:0/4075803717 >> [v2:172.21.15.27:3300/0,v1:172.21.15.27:6789/0] conn(0x7f5a30104c20 0x7f5a30105030 secure :-1 s=READY pgs=86 cs=0 l=1 rev1=1 crypto rx=0x7f5a200098e0 tx=0x7f5a20009250 comp rx=0 tx=0).ready entity=mon.0 client_cookie=fd65398f8bbb29af server_cookie=0 in_seq=0 out_seq=0
2024-04-16T05:32:27.636 INFO:teuthology.orchestra.run.smithi027.stdout:/usr/bin/ceph: stderr
2024-04-16T05:32:26.712+0000 7f5a2e000700 1 -- 172.21.15.27:0/4075803717 <== mon.0 v2:172.21.15.27:3300/0 1 ==== mon_map magic: 0 v1 ==== 229+0+0 (secure 0 0 0) 0x7f5a2000b860 con 0x7f5a30104c20
2024-04-16T05:32:27.636 INFO:teuthology.orchestra.run.smithi027.stdout:/usr/bin/ceph: stderr
2024-04-16T05:32:26.712+0000 7f5a2e000700 1 -- 172.21.15.27:0/4075803717 <== mon.0 v2:172.21.15.27:3300/0 2 ==== config(27 keys) v1 ==== 1109+0+0 (secure 0 0 0) 0x7f5a2000be90 con 0x7f5a30104c20
2024-04-16T05:32:27.637 INFO:teuthology.orchestra.run.smithi027.stdout:/usr/bin/ceph: stderr
2024-04-16T05:32:26.713+0000 7f5a2e000700 1 -- 172.21.15.27:0/4075803717 <== mon.0 v2:172.21.15.27:3300/0 3 ==== mon_map magic: 0 v1 ==== 229+0+0 (secure 0 0 0) 0x7f5a200103c0 con 0x7f5a30104c20
2024-04-16T05:32:27.637 INFO:teuthology.orchestra.run.smithi027.stdout:/usr/bin/ceph: stderr
2024-04-16T05:32:26.713+0000 7f5a36200700 1 -- 172.21.15.27:0/4075803717 >> [v2:172.21.15.27:3300/0,v1:172.21.15.27:6789/0] conn(0x7f5a30104c20 msgr2=0x7f5a30105030 secure :-1 s=STATE_CONNECTION_ESTABLISHED l=1).mark_down
2024-04-16T05:32:27.637 INFO:teuthology.orchestra.run.smithi027.stdout:/usr/bin/ceph: stderr
2024-04-16T05:32:26.713+0000 7f5a36200700 1 --2- 172.21.15.27:0/4075803717 >> [v2:172.21.15.27:3300/0,v1:172.21.15.27:6789/0] conn(0x7f5a30104c20 0x7f5a30105030 secure :-1 s=READY pgs=86 cs=0 l=1 rev1=1 crypto rx=0x7f5a200098e0 tx=0x7f5a20009250 comp rx=0 tx=0).stop
2024-04-16T05:32:27.637 INFO:teuthology.orchestra.run.smithi027.stdout:/usr/bin/ceph: stderr
2024-04-16T05:32:26.713+0000 7f5a36200700 1 -- 172.21.15.27:0/4075803717 shutdown_connections
2024-04-16T05:32:27.637 INFO:teuthology.orchestra.run.smithi027.stdout:/usr/bin/ceph: stderr
2024-04-16T05:32:26.713+0000 7f5a36200700 1 --2- 172.21.15.27:0/4075803717 >> [v2:172.21.15.27:3300/0,v1:172.21.15.27:6789/0] conn(0x7f5a30104c20 0x7f5a30105030 unknown :-1 s=CLOSED pgs=86 cs=0 l=1 rev1=1 crypto rx=0 tx=0 comp rx=0 tx=0).stop
2024-04-16T05:32:27.637 INFO:teuthology.orchestra.run.smithi027.stdout:/usr/bin/ceph: stderr
2024-04-16T05:32:26.713+0000 7f5a36200700 1 -- 172.21.15.27:0/4075803717 >> 172.21.15.27:0/4075803717 conn(0x7f5a30078350 msgr2=0x7f5a30078750 unknown :-1 s=STATE_NONE l=0).mark_down
2024-04-16T05:32:27.637 INFO:teuthology.orchestra.run.smithi027.stdout:/usr/bin/ceph: stderr
2024-04-16T05:32:26.713+0000 7f5a36200700 1 -- 172.21.15.27:0/4075803717 shutdown_connections
2024-04-16T05:32:27.637 INFO:teuthology.orchestra.run.smithi027.stdout:/usr/bin/ceph: stderr
2024-04-16T05:32:26.714+0000 7f5a36200700 1 -- 172.21.15.27:0/4075803717 wait complete.
2024-04-16T05:32:27.637 INFO:teuthology.orchestra.run.smithi027.stdout:/usr/bin/ceph: stderr
2024-04-16T05:32:26.714+0000 7f5a36200700 1 Processor -- start
2024-04-16T05:32:27.637 INFO:teuthology.orchestra.run.smithi027.stdout:/usr/bin/ceph: stderr
2024-04-16T05:32:26.715+0000 7f5a36200700 1 -- start start
2024-04-16T05:32:27.637 INFO:teuthology.orchestra.run.smithi027.stdout:/usr/bin/ceph: stderr
2024-04-16T05:32:26.715+0000 7f5a36200700 1 --2- >> [v2:172.21.15.27:3300/0,v1:172.21.15.27:6789/0] conn(0x7f5a30104c20 0x7f5a30113820 unknown :-1 s=NONE pgs=0 cs=0 l=1 rev1=0 crypto rx=0 tx=0 comp rx=0 tx=0).connect
2024-04-16T05:32:27.637 INFO:teuthology.orchestra.run.smithi027.stdout:/usr/bin/ceph: stderr
2024-04-16T05:32:26.715+0000 7f5a36200700 1 -- --> [v2:172.21.15.27:3300/0,v1:172.21.15.27:6789/0] -- mon_getmap magic: 0 v1 -- 0x7f5a30113d60 con 0x7f5a30104c20
2024-04-16T05:32:27.637 INFO:teuthology.orchestra.run.smithi027.stdout:/usr/bin/ceph: stderr
2024-04-16T05:32:26.715+0000 7f5a2f400700 1 --2- >> [v2:172.21.15.27:3300/0,v1:172.21.15.27:6789/0] conn(0x7f5a30104c20 0x7f5a30113820 unknown :-1 s=BANNER_CONNECTING pgs=0 cs=0 l=1 rev1=0 crypto rx=0 tx=0 comp rx=0 tx=0)._handle_peer_banner_payload supported=3 required=0
2024-04-16T05:32:27.638 INFO:teuthology.orchestra.run.smithi027.stdout:/usr/bin/ceph: stderr
2024-04-16T05:32:26.715+0000 7f5a2f400700 1 --2- >> [v2:172.21.15.27:3300/0,v1:172.21.15.27:6789/0] conn(0x7f5a30104c20 0x7f5a30113820 unknown :-1 s=HELLO_CONNECTING pgs=0 cs=0 l=1 rev1=1 crypto rx=0 tx=0 comp rx=0 tx=0).handle_hello peer v2:172.21.15.27:3300/0 says I am v2:172.21.15.27:48400/0 (socket says 172.21.15.27:48400)
2024-04-16T05:32:27.638 INFO:teuthology.orchestra.run.smithi027.stdout:/usr/bin/ceph: stderr
2024-04-16T05:32:26.715+0000 7f5a2f400700 1 -- 172.21.15.27:0/3217492666 learned_addr learned my addr 172.21.15.27:0/3217492666 (peer_addr_for_me v2:172.21.15.27:0/0)
2024-04-16T05:32:27.638 INFO:teuthology.orchestra.run.smithi027.stdout:/usr/bin/ceph: stderr
2024-04-16T05:32:26.716+0000 7f5a2f400700 1 -- 172.21.15.27:0/3217492666 --> [v2:172.21.15.27:3300/0,v1:172.21.15.27:6789/0] -- mon_subscribe({config=0+,monmap=0+}) v3 -- 0x7f5a200094f0 con 0x7f5a30104c20
2024-04-16T05:32:27.638 INFO:teuthology.orchestra.run.smithi027.stdout:/usr/bin/ceph: stderr
2024-04-16T05:32:26.716+0000 7f5a2f400700 1 --2- 172.21.15.27:0/3217492666 >> [v2:172.21.15.27:3300/0,v1:172.21.15.27:6789/0] conn(0x7f5a30104c20 0x7f5a30113820 secure :-1 s=READY pgs=87 cs=0 l=1 rev1=1 crypto rx=0x7f5a20006b00 tx=0x7f5a20009250 comp rx=0 tx=0).ready entity=mon.0 client_cookie=0 server_cookie=0 in_seq=0 out_seq=0
2024-04-16T05:32:27.638 INFO:teuthology.orchestra.run.smithi027.stdout:/usr/bin/ceph: stderr
2024-04-16T05:32:26.716+0000 7f5a27400700 1 -- 172.21.15.27:0/3217492666 <== mon.0 v2:172.21.15.27:3300/0 1 ==== mon_map magic: 0 v1 ==== 229+0+0 (secure 0 0 0) 0x7f5a20010840 con 0x7f5a30104c20
2024-04-16T05:32:27.638 INFO:teuthology.orchestra.run.smithi027.stdout:/usr/bin/ceph: stderr
2024-04-16T05:32:26.716+0000 7f5a27400700 1 -- 172.21.15.27:0/3217492666 <== mon.0 v2:172.21.15.27:3300/0 2 ==== config(27 keys) v1 ==== 1109+0+0 (secure 0 0 0) 0x7f5a20010e70 con 0x7f5a30104c20
2024-04-16T05:32:27.638 INFO:teuthology.orchestra.run.smithi027.stdout:/usr/bin/ceph: stderr
2024-04-16T05:32:26.716+0000 7f5a36200700 1 -- 172.21.15.27:0/3217492666 --> [v2:172.21.15.27:3300/0,v1:172.21.15.27:6789/0] -- mon_subscribe({mgrmap=0+}) v3 -- 0x7f5a30113f60 con 0x7f5a30104c20
2024-04-16T05:32:27.638 INFO:teuthology.orchestra.run.smithi027.stdout:/usr/bin/ceph: stderr
2024-04-16T05:32:26.716+0000 7f5a27400700 1 -- 172.21.15.27:0/3217492666 <== mon.0 v2:172.21.15.27:3300/0 3 ==== mon_map magic: 0 v1 ==== 229+0+0 (secure 0 0 0) 0x7f5a200243f0 con 0x7f5a30104c20
2024-04-16T05:32:27.638 INFO:teuthology.orchestra.run.smithi027.stdout:/usr/bin/ceph: stderr
2024-04-16T05:32:26.716+0000 7f5a36200700 1 -- 172.21.15.27:0/3217492666 --> [v2:172.21.15.27:3300/0,v1:172.21.15.27:6789/0] -- mon_subscribe({osdmap=0}) v3 -- 0x7f5a30114ad0 con 0x7f5a30104c20
2024-04-16T05:32:27.638 INFO:teuthology.orchestra.run.smithi027.stdout:/usr/bin/ceph: stderr
2024-04-16T05:32:26.718+0000 7f5a27400700 1 -- 172.21.15.27:0/3217492666 <== mon.0 v2:172.21.15.27:3300/0 4 ==== mgrmap(e 13) v1 ==== 43432+0+0 (secure 0 0 0) 0x7f5a200109a0 con 0x7f5a30104c20
2024-04-16T05:32:27.638 INFO:teuthology.orchestra.run.smithi027.stdout:/usr/bin/ceph: stderr
2024-04-16T05:32:26.718+0000 7f5a36200700 1 -- 172.21.15.27:0/3217492666 --> [v2:172.21.15.27:3300/0,v1:172.21.15.27:6789/0] -- mon_command({"prefix": "get_command_descriptions"} v 0) v1 -- 0x7f5a3005f5f0 con 0x7f5a30104c20
2024-04-16T05:32:27.638 INFO:teuthology.orchestra.run.smithi027.stdout:/usr/bin/ceph: stderr
2024-04-16T05:32:26.718+0000 7f5a27400700 1 --2- 172.21.15.27:0/3217492666 >> [v2:172.21.15.27:6800/2700787222,v1:172.21.15.27:6801/2700787222] conn(0x7f5a14036990 0x7f5a14038e40 unknown :-1 s=NONE pgs=0 cs=0 l=1 rev1=0 crypto rx=0 tx=0 comp rx=0 tx=0).connect
2024-04-16T05:32:27.638 INFO:teuthology.orchestra.run.smithi027.stdout:/usr/bin/ceph: stderr
2024-04-16T05:32:26.718+0000 7f5a27400700 1 -- 172.21.15.27:0/3217492666 <== mon.0 v2:172.21.15.27:3300/0 5 ==== osd_map(3..3 src has 1..3) v4 ==== 1151+0+0 (secure 0 0 0) 0x7f5a2004aa50 con 0x7f5a30104c20
2024-04-16T05:32:27.638 INFO:teuthology.orchestra.run.smithi027.stdout:/usr/bin/ceph: stderr
2024-04-16T05:32:26.719+0000 7f5a2ea00700 1 --2- 172.21.15.27:0/3217492666 >> [v2:172.21.15.27:6800/2700787222,v1:172.21.15.27:6801/2700787222] conn(0x7f5a14036990 0x7f5a14038e40 unknown :-1 s=BANNER_CONNECTING pgs=0 cs=0 l=1 rev1=0 crypto rx=0 tx=0 comp rx=0 tx=0)._handle_peer_banner_payload supported=3 required=0
2024-04-16T05:32:27.638 INFO:teuthology.orchestra.run.smithi027.stdout:/usr/bin/ceph: stderr
2024-04-16T05:32:26.720+0000 7f5a2ea00700 1 --2- 172.21.15.27:0/3217492666 >> [v2:172.21.15.27:6800/2700787222,v1:172.21.15.27:6801/2700787222] conn(0x7f5a14036990 0x7f5a14038e40 secure :-1 s=READY pgs=10 cs=0 l=1 rev1=1 crypto rx=0x7f5a1c009990 tx=0x7f5a1c006e40 comp rx=0 tx=0).ready entity=mgr.14162 client_cookie=0 server_cookie=0 in_seq=0 out_seq=0
2024-04-16T05:32:27.639 INFO:teuthology.orchestra.run.smithi027.stdout:/usr/bin/ceph: stderr
2024-04-16T05:32:26.724+0000 7f5a27400700 1 -- 172.21.15.27:0/3217492666 <== mon.0 v2:172.21.15.27:3300/0 6 ==== mon_command_ack([{"prefix": "get_command_descriptions"}]=0 v0) v1 ==== 72+0+176702 (secure 0 0 0) 0x7f5a20018b40 con 0x7f5a30104c20
2024-04-16T05:32:27.639 INFO:teuthology.orchestra.run.smithi027.stdout:/usr/bin/ceph: stderr
2024-04-16T05:32:26.942+0000 7f5a36200700 1 -- 172.21.15.27:0/3217492666 --> [v2:172.21.15.27:3300/0,v1:172.21.15.27:6789/0] -- mon_command([{prefix=config set, name=osd_memory_target_autotune}] v 0) v1 -- 0x7f5a3004bed0 con 0x7f5a30104c20
2024-04-16T05:32:27.639 INFO:teuthology.orchestra.run.smithi027.stdout:/usr/bin/ceph: stderr
2024-04-16T05:32:26.943+0000 7f5a27400700 1 -- 172.21.15.27:0/3217492666 <== mon.0 v2:172.21.15.27:3300/0 7 ==== mon_command_ack([{prefix=config set, name=osd_memory_target_autotune}]=0 v8)=0 v8) v1 ==== 127+0+0 (secure 0 0 0) 0x7f5a20018b40 con 0x7f5a30104c20
2024-04-16T05:32:27.639 INFO:teuthology.orchestra.run.smithi027.stdout:/usr/bin/ceph: stderr
2024-04-16T05:32:26.946+0000 7f5a36200700 1 -- 172.21.15.27:0/3217492666 >> [v2:172.21.15.27:6800/2700787222,v1:172.21.15.27:6801/2700787222] conn(0x7f5a14036990 msgr2=0x7f5a14038e40 secure :-1 s=STATE_CONNECTION_ESTABLISHED l=1).mark_down
2024-04-16T05:32:27.639 INFO:teuthology.orchestra.run.smithi027.stdout:/usr/bin/ceph: stderr
2024-04-16T05:32:26.946+0000 7f5a36200700 1 --2- 172.21.15.27:0/3217492666 >> [v2:172.21.15.27:6800/2700787222,v1:172.21.15.27:6801/2700787222] conn(0x7f5a14036990 0x7f5a14038e40 secure :-1 s=READY pgs=10 cs=0 l=1 rev1=1 crypto rx=0x7f5a1c009990 tx=0x7f5a1c006e40 comp rx=0 tx=0).stop
2024-04-16T05:32:27.639 INFO:teuthology.orchestra.run.smithi027.stdout:/usr/bin/ceph: stderr
2024-04-16T05:32:26.946+0000 7f5a36200700 1 -- 172.21.15.27:0/3217492666 >> [v2:172.21.15.27:3300/0,v1:172.21.15.27:6789/0] conn(0x7f5a30104c20 msgr2=0x7f5a30113820 secure :-1 s=STATE_CONNECTION_ESTABLISHED l=1).mark_down
2024-04-16T05:32:27.639 INFO:teuthology.orchestra.run.smithi027.stdout:/usr/bin/ceph: stderr
2024-04-16T05:32:26.946+0000 7f5a36200700 1 --2- 172.21.15.27:0/3217492666 >> [v2:172.21.15.27:3300/0,v1:172.21.15.27:6789/0] conn(0x7f5a30104c20 0x7f5a30113820 secure :-1 s=READY pgs=87 cs=0 l=1 rev1=1 crypto rx=0x7f5a20006b00 tx=0x7f5a20009250 comp rx=0 tx=0).stop
2024-04-16T05:32:27.639 INFO:teuthology.orchestra.run.smithi027.stdout:/usr/bin/ceph: stderr
2024-04-16T05:32:26.946+0000 7f5a36200700 1 -- 172.21.15.27:0/3217492666 shutdown_connections
2024-04-16T05:32:27.639 INFO:teuthology.orchestra.run.smithi027.stdout:/usr/bin/ceph: stderr
2024-04-16T05:32:26.946+0000 7f5a36200700 1 --2- 172.21.15.27:0/3217492666 >> [v2:172.21.15.27:6800/2700787222,v1:172.21.15.27:6801/2700787222] conn(0x7f5a14036990 0x7f5a14038e40 unknown :-1 s=CLOSED pgs=10 cs=0 l=1 rev1=1 crypto rx=0 tx=0 comp rx=0 tx=0).stop
2024-04-16T05:32:27.639 INFO:teuthology.orchestra.run.smithi027.stdout:/usr/bin/ceph: stderr
2024-04-16T05:32:26.946+0000 7f5a36200700 1 --2- 172.21.15.27:0/3217492666 >> [v2:172.21.15.27:3300/0,v1:172.21.15.27:6789/0] conn(0x7f5a30104c20 0x7f5a30113820 unknown :-1 s=CLOSED pgs=87 cs=0 l=1 rev1=1 crypto rx=0 tx=0 comp rx=0 tx=0).stop
2024-04-16T05:32:27.639 INFO:teuthology.orchestra.run.smithi027.stdout:/usr/bin/ceph: stderr
2024-04-16T05:32:26.946+0000 7f5a36200700 1 -- 172.21.15.27:0/3217492666 >> 172.21.15.27:0/3217492666 conn(0x7f5a30078350 msgr2=0x7f5a30102420 unknown :-1 s=STATE_NONE l=0).mark_down
2024-04-16T05:32:27.639 INFO:teuthology.orchestra.run.smithi027.stdout:/usr/bin/ceph: stderr
2024-04-16T05:32:26.947+0000 7f5a36200700 1 -- 172.21.15.27:0/3217492666 shutdown_connections
2024-04-16T05:32:27.639 INFO:teuthology.orchestra.run.smithi027.stdout:/usr/bin/ceph: stderr
2024-04-16T05:32:26.947+0000 7f5a36200700 1 -- 172.21.15.27:0/3217492666 wait complete.
2024-04-16T05:32:29.249 INFO:teuthology.orchestra.run.smithi027.stdout:/usr/bin/ceph: stderr
2024-04-16T05:32:28.258+0000 7f09a9000700 1 Processor -- start
2024-04-16T05:32:29.249 INFO:teuthology.orchestra.run.smithi027.stdout:/usr/bin/ceph: stderr
2024-04-16T05:32:28.259+0000 7f09a9000700 1 -- start start
2024-04-16T05:32:29.249 INFO:teuthology.orchestra.run.smithi027.stdout:/usr/bin/ceph: stderr
2024-04-16T05:32:28.259+0000 7f09a9000700 1 --2- >> [v2:172.21.15.27:3300/0,v1:172.21.15.27:6789/0] conn(0x7f09a40712c0 0x7f09a4107920 unknown :-1 s=NONE pgs=0 cs=0 l=0 rev1=0 crypto rx=0 tx=0 comp rx=0 tx=0).connect
2024-04-16T05:32:29.249 INFO:teuthology.orchestra.run.smithi027.stdout:/usr/bin/ceph: stderr
2024-04-16T05:32:28.259+0000 7f09a9000700 1 -- --> [v2:172.21.15.27:3300/0,v1:172.21.15.27:6789/0] -- mon_getmap magic: 0 v1 -- 0x7f09a4103310 con 0x7f09a40712c0
2024-04-16T05:32:29.249 INFO:teuthology.orchestra.run.smithi027.stdout:/usr/bin/ceph: stderr
2024-04-16T05:32:28.260+0000 7f09a1e00700 1 --2- >> [v2:172.21.15.27:3300/0,v1:172.21.15.27:6789/0] conn(0x7f09a40712c0 0x7f09a4107920 unknown :-1 s=BANNER_CONNECTING pgs=0 cs=0 l=0 rev1=0 crypto rx=0 tx=0 comp rx=0 tx=0)._handle_peer_banner_payload supported=3 required=0
2024-04-16T05:32:29.249 INFO:teuthology.orchestra.run.smithi027.stdout:/usr/bin/ceph: stderr
2024-04-16T05:32:28.260+0000 7f09a1e00700 1 --2- >> [v2:172.21.15.27:3300/0,v1:172.21.15.27:6789/0] conn(0x7f09a40712c0 0x7f09a4107920 unknown :-1 s=HELLO_CONNECTING pgs=0 cs=0 l=0 rev1=1 crypto rx=0 tx=0 comp rx=0 tx=0).handle_hello peer v2:172.21.15.27:3300/0 says I am v2:172.21.15.27:48406/0 (socket says 172.21.15.27:48406)
2024-04-16T05:32:29.249 INFO:teuthology.orchestra.run.smithi027.stdout:/usr/bin/ceph: stderr
2024-04-16T05:32:28.260+0000 7f09a1e00700 1 -- 172.21.15.27:0/867564962 learned_addr learned my addr 172.21.15.27:0/867564962 (peer_addr_for_me v2:172.21.15.27:0/0)
2024-04-16T05:32:29.249 INFO:teuthology.orchestra.run.smithi027.stdout:/usr/bin/ceph: stderr
2024-04-16T05:32:28.260+0000 7f09a1e00700 1 -- 172.21.15.27:0/867564962 --> [v2:172.21.15.27:3300/0,v1:172.21.15.27:6789/0] -- mon_subscribe({config=0+,monmap=0+}) v3 -- 0x7f09a4107e60 con 0x7f09a40712c0
2024-04-16T05:32:29.250 INFO:teuthology.orchestra.run.smithi027.stdout:/usr/bin/ceph: stderr
2024-04-16T05:32:28.260+0000 7f09a1e00700 1 --2- 172.21.15.27:0/867564962 >> [v2:172.21.15.27:3300/0,v1:172.21.15.27:6789/0] conn(0x7f09a40712c0 0x7f09a4107920 secure :-1 s=READY pgs=88 cs=0 l=1 rev1=1 crypto rx=0x7f09940098e0 tx=0x7f0994009250 comp rx=0 tx=0).ready entity=mon.0 client_cookie=9934a8ce3b9cdfe3 server_cookie=0 in_seq=0 out_seq=0
2024-04-16T05:32:29.250 INFO:teuthology.orchestra.run.smithi027.stdout:/usr/bin/ceph: stderr
2024-04-16T05:32:28.261+0000 7f09a0a00700 1 -- 172.21.15.27:0/867564962 <== mon.0 v2:172.21.15.27:3300/0 1 ==== mon_map magic: 0 v1 ==== 229+0+0 (secure 0 0 0) 0x7f099400b860 con 0x7f09a40712c0
2024-04-16T05:32:29.250 INFO:teuthology.orchestra.run.smithi027.stdout:/usr/bin/ceph: stderr
2024-04-16T05:32:28.261+0000 7f09a0a00700 1 -- 172.21.15.27:0/867564962 <== mon.0 v2:172.21.15.27:3300/0 2 ==== config(27 keys) v1 ==== 1109+0+0 (secure 0 0 0) 0x7f099400be90 con 0x7f09a40712c0
2024-04-16T05:32:29.250 INFO:teuthology.orchestra.run.smithi027.stdout:/usr/bin/ceph: stderr
2024-04-16T05:32:28.261+0000 7f09a0a00700 1 -- 172.21.15.27:0/867564962 <== mon.0 v2:172.21.15.27:3300/0 3 ==== mon_map magic: 0 v1 ==== 229+0+0 (secure 0 0 0) 0x7f09940103c0 con 0x7f09a40712c0
2024-04-16T05:32:29.250 INFO:teuthology.orchestra.run.smithi027.stdout:/usr/bin/ceph: stderr
2024-04-16T05:32:28.261+0000 7f09a9000700 1 -- 172.21.15.27:0/867564962 >> [v2:172.21.15.27:3300/0,v1:172.21.15.27:6789/0] conn(0x7f09a40712c0 msgr2=0x7f09a4107920 secure :-1 s=STATE_CONNECTION_ESTABLISHED l=1).mark_down
2024-04-16T05:32:29.250 INFO:teuthology.orchestra.run.smithi027.stdout:/usr/bin/ceph: stderr
2024-04-16T05:32:28.261+0000 7f09a9000700 1 --2- 172.21.15.27:0/867564962 >> [v2:172.21.15.27:3300/0,v1:172.21.15.27:6789/0] conn(0x7f09a40712c0 0x7f09a4107920 secure :-1 s=READY pgs=88 cs=0 l=1 rev1=1 crypto rx=0x7f09940098e0 tx=0x7f0994009250 comp rx=0 tx=0).stop
2024-04-16T05:32:29.250 INFO:teuthology.orchestra.run.smithi027.stdout:/usr/bin/ceph: stderr
2024-04-16T05:32:28.262+0000 7f09a9000700 1 -- 172.21.15.27:0/867564962 shutdown_connections
2024-04-16T05:32:29.250 INFO:teuthology.orchestra.run.smithi027.stdout:/usr/bin/ceph: stderr
2024-04-16T05:32:28.262+0000 7f09a9000700 1 --2- 172.21.15.27:0/867564962 >> [v2:172.21.15.27:3300/0,v1:172.21.15.27:6789/0] conn(0x7f09a40712c0 0x7f09a4107920 unknown :-1 s=CLOSED pgs=88 cs=0 l=1 rev1=1 crypto rx=0 tx=0 comp rx=0 tx=0).stop
2024-04-16T05:32:29.250 INFO:teuthology.orchestra.run.smithi027.stdout:/usr/bin/ceph: stderr
2024-04-16T05:32:28.262+0000 7f09a9000700 1 -- 172.21.15.27:0/867564962 >> 172.21.15.27:0/867564962 conn(0x7f09a40fcfd0 msgr2=0x7f09a40ff3e0 unknown :-1 s=STATE_NONE l=0).mark_down
2024-04-16T05:32:29.250 INFO:teuthology.orchestra.run.smithi027.stdout:/usr/bin/ceph: stderr
2024-04-16T05:32:28.262+0000 7f09a9000700 1 -- 172.21.15.27:0/867564962 shutdown_connections
2024-04-16T05:32:29.250 INFO:teuthology.orchestra.run.smithi027.stdout:/usr/bin/ceph: stderr
2024-04-16T05:32:28.262+0000 7f09a9000700 1 -- 172.21.15.27:0/867564962 wait complete.
2024-04-16T05:32:29.250 INFO:teuthology.orchestra.run.smithi027.stdout:/usr/bin/ceph: stderr
2024-04-16T05:32:28.263+0000 7f09a9000700 1 Processor -- start
2024-04-16T05:32:29.250 INFO:teuthology.orchestra.run.smithi027.stdout:/usr/bin/ceph: stderr
2024-04-16T05:32:28.263+0000 7f09a9000700 1 -- start start
2024-04-16T05:32:29.251 INFO:teuthology.orchestra.run.smithi027.stdout:/usr/bin/ceph: stderr
2024-04-16T05:32:28.263+0000 7f09a9000700 1 --2- >> [v2:172.21.15.27:3300/0,v1:172.21.15.27:6789/0] conn(0x7f09a40712c0 0x7f09a4113870 unknown :-1 s=NONE pgs=0 cs=0 l=1 rev1=0 crypto rx=0 tx=0 comp rx=0 tx=0).connect
2024-04-16T05:32:29.251 INFO:teuthology.orchestra.run.smithi027.stdout:/usr/bin/ceph: stderr
2024-04-16T05:32:28.263+0000 7f09a9000700 1 -- --> [v2:172.21.15.27:3300/0,v1:172.21.15.27:6789/0] -- mon_getmap magic: 0 v1 -- 0x7f09a4113db0 con 0x7f09a40712c0
2024-04-16T05:32:29.251 INFO:teuthology.orchestra.run.smithi027.stdout:/usr/bin/ceph: stderr
2024-04-16T05:32:28.263+0000 7f09a1e00700 1 --2- >> [v2:172.21.15.27:3300/0,v1:172.21.15.27:6789/0] conn(0x7f09a40712c0 0x7f09a4113870 unknown :-1 s=BANNER_CONNECTING pgs=0 cs=0 l=1 rev1=0 crypto rx=0 tx=0 comp rx=0 tx=0)._handle_peer_banner_payload supported=3 required=0
2024-04-16T05:32:29.251 INFO:teuthology.orchestra.run.smithi027.stdout:/usr/bin/ceph: stderr
2024-04-16T05:32:28.264+0000 7f09a1e00700 1 --2- >> [v2:172.21.15.27:3300/0,v1:172.21.15.27:6789/0] conn(0x7f09a40712c0 0x7f09a4113870 unknown :-1 s=HELLO_CONNECTING pgs=0 cs=0 l=1 rev1=1 crypto rx=0 tx=0 comp rx=0 tx=0).handle_hello peer v2:172.21.15.27:3300/0 says I am v2:172.21.15.27:48408/0 (socket says 172.21.15.27:48408)
2024-04-16T05:32:29.251 INFO:teuthology.orchestra.run.smithi027.stdout:/usr/bin/ceph: stderr
2024-04-16T05:32:28.264+0000 7f09a1e00700 1 -- 172.21.15.27:0/2321598489 learned_addr learned my addr 172.21.15.27:0/2321598489 (peer_addr_for_me v2:172.21.15.27:0/0)
2024-04-16T05:32:29.251 INFO:teuthology.orchestra.run.smithi027.stdout:/usr/bin/ceph: stderr
2024-04-16T05:32:28.264+0000 7f09a1e00700 1 -- 172.21.15.27:0/2321598489 --> [v2:172.21.15.27:3300/0,v1:172.21.15.27:6789/0] -- mon_subscribe({config=0+,monmap=0+}) v3 -- 0x7f09940094f0 con 0x7f09a40712c0
2024-04-16T05:32:29.251 INFO:teuthology.orchestra.run.smithi027.stdout:/usr/bin/ceph: stderr
2024-04-16T05:32:28.264+0000 7f09a1e00700 1 --2- 172.21.15.27:0/2321598489 >> [v2:172.21.15.27:3300/0,v1:172.21.15.27:6789/0] conn(0x7f09a40712c0 0x7f09a4113870 secure :-1 s=READY pgs=89 cs=0 l=1 rev1=1 crypto rx=0x7f09940105b0 tx=0x7f0994009250 comp rx=0 tx=0).ready entity=mon.0 client_cookie=0 server_cookie=0 in_seq=0 out_seq=0
2024-04-16T05:32:29.251 INFO:teuthology.orchestra.run.smithi027.stdout:/usr/bin/ceph: stderr
2024-04-16T05:32:28.264+0000 7f099a000700 1 -- 172.21.15.27:0/2321598489 <== mon.0 v2:172.21.15.27:3300/0 1 ==== mon_map magic: 0 v1 ==== 229+0+0 (secure 0 0 0) 0x7f0994010840 con 0x7f09a40712c0
2024-04-16T05:32:29.251 INFO:teuthology.orchestra.run.smithi027.stdout:/usr/bin/ceph: stderr
2024-04-16T05:32:28.265+0000 7f099a000700 1 -- 172.21.15.27:0/2321598489 <== mon.0 v2:172.21.15.27:3300/0 2 ==== config(27 keys) v1 ==== 1109+0+0 (secure 0 0 0) 0x7f0994010e70 con 0x7f09a40712c0
2024-04-16T05:32:29.251 INFO:teuthology.orchestra.run.smithi027.stdout:/usr/bin/ceph: stderr
2024-04-16T05:32:28.265+0000 7f09a9000700 1 -- 172.21.15.27:0/2321598489 --> [v2:172.21.15.27:3300/0,v1:172.21.15.27:6789/0] -- mon_subscribe({mgrmap=0+}) v3 -- 0x7f09a4113fb0 con 0x7f09a40712c0
2024-04-16T05:32:29.251 INFO:teuthology.orchestra.run.smithi027.stdout:/usr/bin/ceph: stderr
2024-04-16T05:32:28.265+0000 7f099a000700 1 -- 172.21.15.27:0/2321598489 <== mon.0 v2:172.21.15.27:3300/0 3 ==== mon_map magic: 0 v1 ==== 229+0+0 (secure 0 0 0) 0x7f099401ae30 con 0x7f09a40712c0
2024-04-16T05:32:29.251 INFO:teuthology.orchestra.run.smithi027.stdout:/usr/bin/ceph: stderr
2024-04-16T05:32:28.265+0000 7f09a9000700 1 -- 172.21.15.27:0/2321598489 --> [v2:172.21.15.27:3300/0,v1:172.21.15.27:6789/0] -- mon_subscribe({osdmap=0}) v3 -- 0x7f09a4114b20 con 0x7f09a40712c0
2024-04-16T05:32:29.252 INFO:teuthology.orchestra.run.smithi027.stdout:/usr/bin/ceph: stderr
2024-04-16T05:32:28.266+0000 7f099a000700 1 -- 172.21.15.27:0/2321598489 <== mon.0 v2:172.21.15.27:3300/0 4 ==== mgrmap(e 13) v1 ==== 43432+0+0 (secure 0 0 0) 0x7f099401a430 con 0x7f09a40712c0
2024-04-16T05:32:29.252 INFO:teuthology.orchestra.run.smithi027.stdout:/usr/bin/ceph: stderr
2024-04-16T05:32:28.266+0000 7f09a9000700 1 -- 172.21.15.27:0/2321598489 --> [v2:172.21.15.27:3300/0,v1:172.21.15.27:6789/0] -- mon_command({"prefix": "get_command_descriptions"} v 0) v1 -- 0x7f09a405f5f0 con 0x7f09a40712c0
2024-04-16T05:32:29.252 INFO:teuthology.orchestra.run.smithi027.stdout:/usr/bin/ceph: stderr
2024-04-16T05:32:28.266+0000 7f099a000700 1 --2- 172.21.15.27:0/2321598489 >> [v2:172.21.15.27:6800/2700787222,v1:172.21.15.27:6801/2700787222] conn(0x7f0988036940 0x7f0988038df0 unknown :-1 s=NONE pgs=0 cs=0 l=1 rev1=0 crypto rx=0 tx=0 comp rx=0 tx=0).connect
2024-04-16T05:32:29.252 INFO:teuthology.orchestra.run.smithi027.stdout:/usr/bin/ceph: stderr
2024-04-16T05:32:28.266+0000 7f099a000700 1 -- 172.21.15.27:0/2321598489 <== mon.0 v2:172.21.15.27:3300/0 5 ==== osd_map(3..3 src has 1..3) v4 ==== 1151+0+0 (secure 0 0 0) 0x7f099404a380 con 0x7f09a40712c0
2024-04-16T05:32:29.252 INFO:teuthology.orchestra.run.smithi027.stdout:/usr/bin/ceph: stderr
2024-04-16T05:32:28.267+0000 7f09a1400700 1 --2- 172.21.15.27:0/2321598489 >> [v2:172.21.15.27:6800/2700787222,v1:172.21.15.27:6801/2700787222] conn(0x7f0988036940 0x7f0988038df0 unknown :-1 s=BANNER_CONNECTING pgs=0 cs=0 l=1 rev1=0 crypto rx=0 tx=0 comp rx=0 tx=0)._handle_peer_banner_payload supported=3 required=0
2024-04-16T05:32:29.252 INFO:teuthology.orchestra.run.smithi027.stdout:/usr/bin/ceph: stderr
2024-04-16T05:32:28.267+0000 7f09a1400700 1 --2- 172.21.15.27:0/2321598489 >> [v2:172.21.15.27:6800/2700787222,v1:172.21.15.27:6801/2700787222] conn(0x7f0988036940 0x7f0988038df0 secure :-1 s=READY pgs=11 cs=0 l=1 rev1=1 crypto rx=0x7f0990009990 tx=0x7f0990006e40 comp rx=0 tx=0).ready entity=mgr.14162 client_cookie=0 server_cookie=0 in_seq=0 out_seq=0
2024-04-16T05:32:29.252 INFO:teuthology.orchestra.run.smithi027.stdout:/usr/bin/ceph: stderr
2024-04-16T05:32:28.271+0000 7f099a000700 1 -- 172.21.15.27:0/2321598489 <== mon.0 v2:172.21.15.27:3300/0 6 ==== mon_command_ack([{"prefix": "get_command_descriptions"}]=0 v0) v1 ==== 72+0+176702 (secure 0 0 0) 0x7f099402b8c0 con 0x7f09a40712c0
2024-04-16T05:32:29.252 INFO:teuthology.orchestra.run.smithi027.stdout:/usr/bin/ceph: stderr
2024-04-16T05:32:28.600+0000 7f09a9000700 1 -- 172.21.15.27:0/2321598489 --> [v2:172.21.15.27:3300/0,v1:172.21.15.27:6789/0] -- mon_command([{prefix=config-key set, key=mgr/dashboard/cluster/status}] v 0) v1 -- 0x7f09a404bed0 con 0x7f09a40712c0
2024-04-16T05:32:29.252 INFO:teuthology.orchestra.run.smithi027.stdout:/usr/bin/ceph: stderr
2024-04-16T05:32:28.603+0000 7f099a000700 1 -- 172.21.15.27:0/2321598489 <== mon.0 v2:172.21.15.27:3300/0 7 ==== mon_command_ack([{prefix=config-key set, key=mgr/dashboard/cluster/status}]=0 set mgr/dashboard/cluster/status v33)=0 set mgr/dashboard/cluster/status v33) v1 ==== 153+0+0 (secure 0 0 0) 0x7f099402b2f0 con 0x7f09a40712c0
2024-04-16T05:32:29.253 INFO:teuthology.orchestra.run.smithi027.stdout:/usr/bin/ceph: stderr
2024-04-16T05:32:28.606+0000 7f09a9000700 1 -- 172.21.15.27:0/2321598489 >> [v2:172.21.15.27:6800/2700787222,v1:172.21.15.27:6801/2700787222] conn(0x7f0988036940 msgr2=0x7f0988038df0 secure :-1 s=STATE_CONNECTION_ESTABLISHED l=1).mark_down
2024-04-16T05:32:29.253 INFO:teuthology.orchestra.run.smithi027.stdout:/usr/bin/ceph: stderr
2024-04-16T05:32:28.606+0000 7f09a9000700 1 --2- 172.21.15.27:0/2321598489 >> [v2:172.21.15.27:6800/2700787222,v1:172.21.15.27:6801/2700787222] conn(0x7f0988036940 0x7f0988038df0 secure :-1 s=READY pgs=11 cs=0 l=1 rev1=1 crypto rx=0x7f0990009990 tx=0x7f0990006e40 comp rx=0 tx=0).stop
2024-04-16T05:32:29.253 INFO:teuthology.orchestra.run.smithi027.stdout:/usr/bin/ceph: stderr
2024-04-16T05:32:28.606+0000 7f09a9000700 1 -- 172.21.15.27:0/2321598489 >> [v2:172.21.15.27:3300/0,v1:172.21.15.27:6789/0] conn(0x7f09a40712c0 msgr2=0x7f09a4113870 secure :-1 s=STATE_CONNECTION_ESTABLISHED l=1).mark_down
2024-04-16T05:32:29.253 INFO:teuthology.orchestra.run.smithi027.stdout:/usr/bin/ceph: stderr
2024-04-16T05:32:28.606+0000 7f09a9000700 1 --2- 172.21.15.27:0/2321598489 >> [v2:172.21.15.27:3300/0,v1:172.21.15.27:6789/0] conn(0x7f09a40712c0 0x7f09a4113870 secure :-1 s=READY pgs=89 cs=0 l=1 rev1=1 crypto rx=0x7f09940105b0 tx=0x7f0994009250 comp rx=0 tx=0).stop
2024-04-16T05:32:29.253 INFO:teuthology.orchestra.run.smithi027.stdout:/usr/bin/ceph: stderr
2024-04-16T05:32:28.606+0000 7f09a9000700 1 -- 172.21.15.27:0/2321598489 shutdown_connections
2024-04-16T05:32:29.253 INFO:teuthology.orchestra.run.smithi027.stdout:/usr/bin/ceph: stderr
2024-04-16T05:32:28.606+0000 7f09a9000700 1 --2- 172.21.15.27:0/2321598489 >> [v2:172.21.15.27:6800/2700787222,v1:172.21.15.27:6801/2700787222] conn(0x7f0988036940 0x7f0988038df0 unknown :-1 s=CLOSED pgs=11 cs=0 l=1 rev1=1 crypto rx=0 tx=0 comp rx=0 tx=0).stop
2024-04-16T05:32:29.253 INFO:teuthology.orchestra.run.smithi027.stdout:/usr/bin/ceph: stderr
2024-04-16T05:32:28.606+0000 7f09a9000700 1 --2- 172.21.15.27:0/2321598489 >> [v2:172.21.15.27:3300/0,v1:172.21.15.27:6789/0] conn(0x7f09a40712c0 0x7f09a4113870 unknown :-1 s=CLOSED pgs=89 cs=0 l=1 rev1=1 crypto rx=0 tx=0 comp rx=0 tx=0).stop
2024-04-16T05:32:29.253 INFO:teuthology.orchestra.run.smithi027.stdout:/usr/bin/ceph: stderr
2024-04-16T05:32:28.606+0000 7f09a9000700 1 -- 172.21.15.27:0/2321598489 >> 172.21.15.27:0/2321598489 conn(0x7f09a40fcfd0 msgr2=0x7f09a40fdab0 unknown :-1 s=STATE_NONE l=0).mark_down
2024-04-16T05:32:29.253 INFO:teuthology.orchestra.run.smithi027.stdout:/usr/bin/ceph: stderr
2024-04-16T05:32:28.606+0000 7f09a9000700 1 -- 172.21.15.27:0/2321598489 shutdown_connections
2024-04-16T05:32:29.253 INFO:teuthology.orchestra.run.smithi027.stdout:/usr/bin/ceph: stderr
2024-04-16T05:32:28.607+0000 7f09a9000700 1 -- 172.21.15.27:0/2321598489 wait complete.
2024-04-16T05:32:29.253 INFO:teuthology.orchestra.run.smithi027.stdout:/usr/bin/ceph: stderr set mgr/dashboard/cluster/status
2024-04-16T05:32:29.253 INFO:teuthology.orchestra.run.smithi027.stdout:You can access the Ceph CLI as following in case of multi-cluster or non-default config:
2024-04-16T05:32:29.253 INFO:teuthology.orchestra.run.smithi027.stdout:
2024-04-16T05:32:29.254 INFO:teuthology.orchestra.run.smithi027.stdout: sudo /home/ubuntu/cephtest/cephadm shell --fsid 5e3cca06-fbb2-11ee-bc8f-c7b262605968 -c /etc/ceph/ceph.conf -k /etc/ceph/ceph.client.admin.keyring
2024-04-16T05:32:29.254 INFO:teuthology.orchestra.run.smithi027.stdout:
2024-04-16T05:32:29.254 INFO:teuthology.orchestra.run.smithi027.stdout:Or, if you are only running a single cluster on this host:
2024-04-16T05:32:29.254 INFO:teuthology.orchestra.run.smithi027.stdout:
2024-04-16T05:32:29.254 INFO:teuthology.orchestra.run.smithi027.stdout: sudo /home/ubuntu/cephtest/cephadm shell
2024-04-16T05:32:29.254 INFO:teuthology.orchestra.run.smithi027.stdout:
2024-04-16T05:32:29.254 INFO:teuthology.orchestra.run.smithi027.stdout:Please consider enabling telemetry to help improve Ceph:
2024-04-16T05:32:29.254 INFO:teuthology.orchestra.run.smithi027.stdout:
2024-04-16T05:32:29.254 INFO:teuthology.orchestra.run.smithi027.stdout: ceph telemetry on
2024-04-16T05:32:29.254 INFO:teuthology.orchestra.run.smithi027.stdout:
2024-04-16T05:32:29.254 INFO:teuthology.orchestra.run.smithi027.stdout:For more information see:
2024-04-16T05:32:29.254 INFO:teuthology.orchestra.run.smithi027.stdout:
2024-04-16T05:32:29.254 INFO:teuthology.orchestra.run.smithi027.stdout: https://docs.ceph.com/docs/master/mgr/telemetry/
2024-04-16T05:32:29.255 INFO:teuthology.orchestra.run.smithi027.stdout:
2024-04-16T05:32:29.255 INFO:teuthology.orchestra.run.smithi027.stdout:Bootstrap complete.
2024-04-16T05:32:29.354 INFO:tasks.cephadm:Fetching config...
2024-04-16T05:32:29.354 DEBUG:teuthology.orchestra.run.smithi027:> set -ex
2024-04-16T05:32:29.354 DEBUG:teuthology.orchestra.run.smithi027:> dd if=/etc/ceph/ceph.conf of=/dev/stdout
2024-04-16T05:32:29.410 INFO:tasks.cephadm:Fetching client.admin keyring...
2024-04-16T05:32:29.410 DEBUG:teuthology.orchestra.run.smithi027:> set -ex
2024-04-16T05:32:29.410 DEBUG:teuthology.orchestra.run.smithi027:> dd if=/etc/ceph/ceph.client.admin.keyring of=/dev/stdout
2024-04-16T05:32:29.451 INFO:tasks.cephadm:Fetching mon keyring...
2024-04-16T05:32:29.452 DEBUG:teuthology.orchestra.run.smithi027:> set -ex
2024-04-16T05:32:29.452 DEBUG:teuthology.orchestra.run.smithi027:> sudo dd if=/var/lib/ceph/5e3cca06-fbb2-11ee-bc8f-c7b262605968/mon.smithi027/keyring of=/dev/stdout
2024-04-16T05:32:29.576 INFO:tasks.cephadm:Fetching pub ssh key...
2024-04-16T05:32:29.576 DEBUG:teuthology.orchestra.run.smithi027:> set -ex
2024-04-16T05:32:29.577 DEBUG:teuthology.orchestra.run.smithi027:> dd if=/home/ubuntu/cephtest/ceph.pub of=/dev/stdout
2024-04-16T05:32:29.671 INFO:tasks.cephadm:Installing pub ssh key for root users...
2024-04-16T05:32:29.671 DEBUG:teuthology.orchestra.run.smithi027:> sudo install -d -m 0700 /root/.ssh && echo 'ssh-rsa AAAAB3NzaC1yc2EAAAADAQABAAABgQDIwdQH4aotIZd9sP60hGpybsp0U0UEe/hy0wcbh+eT0SDhe2RhSv2RbpvBReQDxqlBo72AYaVPV2fpVezYRLbid0tRka6jbYtDITICfEi3dsM0hx+wns2fFahNEAGgcOYnO5oWl4J2GAzXtvU8NVXCYE/H4MRWjfSi3I+j/hV/CVOb6HeQ/q4skiJ0CfMmo+KUd7dgs3KAparIXq2HEzr+EOaUCXG34rzn7Yl7K8UhKCbBOBZw2ut/KTlK3+7rjh4q/3vTpVC1kr8AjeGHQIRovJ+TD2MOQXKO2T2Eo3qE5vTeAqhIbL67n7wzGk7w4EnbQ6zWJ1rvBPZ7hUvv34AAi4Wj0swFO0xCoJfh7izLrew5OS43OwvQCxB+GjprIGpSxlEqM61QDxJOFe2nLrCFWSurZrhb4WwsmqcXIc8UG2HokTlo1tJVMu7qz0iAs1t5WQ7JWLBlqYnqcYWQwux9wyv0/6r/FJVdRtW5ps+idKxNrOXhcbGsT/h5fvRCqYk= ceph-5e3cca06-fbb2-11ee-bc8f-c7b262605968' | sudo tee -a /root/.ssh/authorized_keys && sudo chmod 0600 /root/.ssh/authorized_keys
2024-04-16T05:32:29.806 INFO:journalctl@ceph.mon.smithi027.smithi027.stdout:Apr 16 05:32:29 smithi027 ceph-mon[29206]: from='client.? 172.21.15.27:0/2321598489' entity='client.admin'
2024-04-16T05:32:29.829 INFO:teuthology.orchestra.run.smithi027.stdout:ssh-rsa AAAAB3NzaC1yc2EAAAADAQABAAABgQDIwdQH4aotIZd9sP60hGpybsp0U0UEe/hy0wcbh+eT0SDhe2RhSv2RbpvBReQDxqlBo72AYaVPV2fpVezYRLbid0tRka6jbYtDITICfEi3dsM0hx+wns2fFahNEAGgcOYnO5oWl4J2GAzXtvU8NVXCYE/H4MRWjfSi3I+j/hV/CVOb6HeQ/q4skiJ0CfMmo+KUd7dgs3KAparIXq2HEzr+EOaUCXG34rzn7Yl7K8UhKCbBOBZw2ut/KTlK3+7rjh4q/3vTpVC1kr8AjeGHQIRovJ+TD2MOQXKO2T2Eo3qE5vTeAqhIbL67n7wzGk7w4EnbQ6zWJ1rvBPZ7hUvv34AAi4Wj0swFO0xCoJfh7izLrew5OS43OwvQCxB+GjprIGpSxlEqM61QDxJOFe2nLrCFWSurZrhb4WwsmqcXIc8UG2HokTlo1tJVMu7qz0iAs1t5WQ7JWLBlqYnqcYWQwux9wyv0/6r/FJVdRtW5ps+idKxNrOXhcbGsT/h5fvRCqYk= ceph-5e3cca06-fbb2-11ee-bc8f-c7b262605968
