2024-05-01T05:19:44.023+0000 7f86a67fc700 1 -- 172.21.15.89:0/2302093173 <== mon.0 v2:172.21.15.89:3300/0 1 ==== mon_map magic: 0 ==== 205+0+0 (secure 0 0 0) 0x7f8698004160 con 0x7f86a8108d10
2024-05-01T05:19:50.088 INFO:teuthology.orchestra.run.smithi089.stdout:/usr/bin/ceph: stderr
2024-05-01T05:19:44.023+0000 7f86a67fc700 1 -- 172.21.15.89:0/2302093173 <== mon.0 v2:172.21.15.89:3300/0 2 ==== config(26 keys) ==== 1101+0+0 (secure 0 0 0) 0x7f8698004300 con 0x7f86a8108d10
2024-05-01T05:19:50.088 INFO:teuthology.orchestra.run.smithi089.stdout:/usr/bin/ceph: stderr
2024-05-01T05:19:44.023+0000 7f86a67fc700 1 -- 172.21.15.89:0/2302093173 <== mon.0 v2:172.21.15.89:3300/0 3 ==== mon_map magic: 0 ==== 205+0+0 (secure 0 0 0) 0x7f8698011a20 con 0x7f86a8108d10
2024-05-01T05:19:50.088 INFO:teuthology.orchestra.run.smithi089.stdout:/usr/bin/ceph: stderr
2024-05-01T05:19:44.024+0000 7f86adf82700 1 -- 172.21.15.89:0/2302093173 >> [v2:172.21.15.89:3300/0,v1:172.21.15.89:6789/0] conn(0x7f86a8108d10 msgr2=0x7f86a8109130 secure :-1 s=STATE_CONNECTION_ESTABLISHED l=1).mark_down
2024-05-01T05:19:50.088 INFO:teuthology.orchestra.run.smithi089.stdout:/usr/bin/ceph: stderr
2024-05-01T05:19:44.024+0000 7f86adf82700 1 --2- 172.21.15.89:0/2302093173 >> [v2:172.21.15.89:3300/0,v1:172.21.15.89:6789/0] conn(0x7f86a8108d10 0x7f86a8109130 secure :-1 s=READY pgs=61 cs=0 l=1 rev1=1 crypto rx=0x7f86980098a0 tx=0x7f8698009bb0 comp rx=0 tx=0).stop
2024-05-01T05:19:50.088 INFO:teuthology.orchestra.run.smithi089.stdout:/usr/bin/ceph: stderr
2024-05-01T05:19:44.024+0000 7f86adf82700 1 -- 172.21.15.89:0/2302093173 shutdown_connections
2024-05-01T05:19:50.089 INFO:teuthology.orchestra.run.smithi089.stdout:/usr/bin/ceph: stderr
2024-05-01T05:19:44.024+0000 7f86adf82700 1 --2- 172.21.15.89:0/2302093173 >> [v2:172.21.15.89:3300/0,v1:172.21.15.89:6789/0] conn(0x7f86a8108d10 0x7f86a8109130 unknown :-1 s=CLOSED pgs=61 cs=0 l=1 rev1=1 crypto rx=0 tx=0 comp rx=0 tx=0).stop
2024-05-01T05:19:50.089 INFO:teuthology.orchestra.run.smithi089.stdout:/usr/bin/ceph: stderr
2024-05-01T05:19:44.024+0000 7f86adf82700 1 -- 172.21.15.89:0/2302093173 >> 172.21.15.89:0/2302093173 conn(0x7f86a81042d0 msgr2=0x7f86a81066f0 unknown :-1 s=STATE_NONE l=0).mark_down
2024-05-01T05:19:50.089 INFO:teuthology.orchestra.run.smithi089.stdout:/usr/bin/ceph: stderr
2024-05-01T05:19:44.024+0000 7f86adf82700 1 -- 172.21.15.89:0/2302093173 shutdown_connections
2024-05-01T05:19:50.089 INFO:teuthology.orchestra.run.smithi089.stdout:/usr/bin/ceph: stderr
2024-05-01T05:19:44.024+0000 7f86adf82700 1 -- 172.21.15.89:0/2302093173 wait complete.
2024-05-01T05:19:50.089 INFO:teuthology.orchestra.run.smithi089.stdout:/usr/bin/ceph: stderr
2024-05-01T05:19:44.025+0000 7f86adf82700 1 Processor -- start
2024-05-01T05:19:50.089 INFO:teuthology.orchestra.run.smithi089.stdout:/usr/bin/ceph: stderr
2024-05-01T05:19:44.025+0000 7f86adf82700 1 -- start start
2024-05-01T05:19:50.089 INFO:teuthology.orchestra.run.smithi089.stdout:/usr/bin/ceph: stderr
2024-05-01T05:19:44.025+0000 7f86adf82700 1 --2- >> [v2:172.21.15.89:3300/0,v1:172.21.15.89:6789/0] conn(0x7f86a8108d10 0x7f86a807eb60 unknown :-1 s=NONE pgs=0 cs=0 l=1 rev1=0 crypto rx=0 tx=0 comp rx=0 tx=0).connect
2024-05-01T05:19:50.089 INFO:teuthology.orchestra.run.smithi089.stdout:/usr/bin/ceph: stderr
2024-05-01T05:19:44.025+0000 7f86adf82700 1 -- --> [v2:172.21.15.89:3300/0,v1:172.21.15.89:6789/0] -- mon_getmap magic: 0 -- 0x7f86a810d2c0 con 0x7f86a8108d10
2024-05-01T05:19:50.089 INFO:teuthology.orchestra.run.smithi089.stdout:/usr/bin/ceph: stderr
2024-05-01T05:19:44.025+0000 7f86a77fe700 1 --2- >> [v2:172.21.15.89:3300/0,v1:172.21.15.89:6789/0] conn(0x7f86a8108d10 0x7f86a807eb60 unknown :-1 s=BANNER_CONNECTING pgs=0 cs=0 l=1 rev1=0 crypto rx=0 tx=0 comp rx=0 tx=0)._handle_peer_banner_payload supported=3 required=0
2024-05-01T05:19:50.089 INFO:teuthology.orchestra.run.smithi089.stdout:/usr/bin/ceph: stderr
2024-05-01T05:19:44.025+0000 7f86a77fe700 1 --2- >> [v2:172.21.15.89:3300/0,v1:172.21.15.89:6789/0] conn(0x7f86a8108d10 0x7f86a807eb60 unknown :-1 s=HELLO_CONNECTING pgs=0 cs=0 l=1 rev1=1 crypto rx=0 tx=0 comp rx=0 tx=0).handle_hello peer v2:172.21.15.89:3300/0 says I am v2:172.21.15.89:41132/0 (socket says 172.21.15.89:41132)
2024-05-01T05:19:50.089 INFO:teuthology.orchestra.run.smithi089.stdout:/usr/bin/ceph: stderr
2024-05-01T05:19:44.025+0000 7f86a77fe700 1 -- 172.21.15.89:0/1327072335 learned_addr learned my addr 172.21.15.89:0/1327072335 (peer_addr_for_me v2:172.21.15.89:0/0)
2024-05-01T05:19:50.089 INFO:teuthology.orchestra.run.smithi089.stdout:/usr/bin/ceph: stderr
2024-05-01T05:19:44.025+0000 7f86a77fe700 1 -- 172.21.15.89:0/1327072335 --> [v2:172.21.15.89:3300/0,v1:172.21.15.89:6789/0] -- mon_subscribe({config=0+,monmap=0+}) -- 0x7f86a807f0a0 con 0x7f86a8108d10
2024-05-01T05:19:50.089 INFO:teuthology.orchestra.run.smithi089.stdout:/usr/bin/ceph: stderr
2024-05-01T05:19:44.026+0000 7f86a77fe700 1 --2- 172.21.15.89:0/1327072335 >> [v2:172.21.15.89:3300/0,v1:172.21.15.89:6789/0] conn(0x7f86a8108d10 0x7f86a807eb60 secure :-1 s=READY pgs=62 cs=0 l=1 rev1=1 crypto rx=0x7f86980116e0 tx=0x7f8698011aa0 comp rx=0 tx=0).ready entity=mon.0 client_cookie=0 server_cookie=0 in_seq=0 out_seq=0
2024-05-01T05:19:50.090 INFO:teuthology.orchestra.run.smithi089.stdout:/usr/bin/ceph: stderr
2024-05-01T05:19:44.026+0000 7f86a4ff9700 1 -- 172.21.15.89:0/1327072335 <== mon.0 v2:172.21.15.89:3300/0 1 ==== mon_map magic: 0 ==== 205+0+0 (secure 0 0 0) 0x7f86980039e0 con 0x7f86a8108d10
2024-05-01T05:19:50.090 INFO:teuthology.orchestra.run.smithi089.stdout:/usr/bin/ceph: stderr
2024-05-01T05:19:44.026+0000 7f86adf82700 1 -- 172.21.15.89:0/1327072335 --> [v2:172.21.15.89:3300/0,v1:172.21.15.89:6789/0] -- mon_subscribe({mgrmap=0+}) -- 0x7f86a807d290 con 0x7f86a8108d10
2024-05-01T05:19:50.090 INFO:teuthology.orchestra.run.smithi089.stdout:/usr/bin/ceph: stderr
2024-05-01T05:19:44.026+0000 7f86a4ff9700 1 -- 172.21.15.89:0/1327072335 <== mon.0 v2:172.21.15.89:3300/0 2 ==== config(26 keys) ==== 1101+0+0 (secure 0 0 0) 0x7f869801b8f0 con 0x7f86a8108d10
2024-05-01T05:19:50.090 INFO:teuthology.orchestra.run.smithi089.stdout:/usr/bin/ceph: stderr
2024-05-01T05:19:44.026+0000 7f86a4ff9700 1 -- 172.21.15.89:0/1327072335 <== mon.0 v2:172.21.15.89:3300/0 3 ==== mon_map magic: 0 ==== 205+0+0 (secure 0 0 0) 0x7f8698023760 con 0x7f86a8108d10
2024-05-01T05:19:50.090 INFO:teuthology.orchestra.run.smithi089.stdout:/usr/bin/ceph: stderr
2024-05-01T05:19:44.026+0000 7f86adf82700 1 -- 172.21.15.89:0/1327072335 --> [v2:172.21.15.89:3300/0,v1:172.21.15.89:6789/0] -- mon_subscribe({osdmap=0}) -- 0x7f86a807d7d0 con 0x7f86a8108d10
2024-05-01T05:19:50.090 INFO:teuthology.orchestra.run.smithi089.stdout:/usr/bin/ceph: stderr
2024-05-01T05:19:44.027+0000 7f86a4ff9700 1 -- 172.21.15.89:0/1327072335 <== mon.0 v2:172.21.15.89:3300/0 4 ==== mgrmap(e 9) ==== 46571+0+0 (secure 0 0 0) 0x7f869801b440 con 0x7f86a8108d10
2024-05-01T05:19:50.090 INFO:teuthology.orchestra.run.smithi089.stdout:/usr/bin/ceph: stderr
2024-05-01T05:19:44.027+0000 7f86a4ff9700 1 --2- 172.21.15.89:0/1327072335 >> [v2:172.21.15.89:6800/2166166702,v1:172.21.15.89:6801/2166166702] conn(0x7f86900395b0 0x7f869003ba70 unknown :-1 s=NONE pgs=0 cs=0 l=1 rev1=0 crypto rx=0 tx=0 comp rx=0 tx=0).connect
2024-05-01T05:19:50.090 INFO:teuthology.orchestra.run.smithi089.stdout:/usr/bin/ceph: stderr
2024-05-01T05:19:44.027+0000 7f86a4ff9700 1 -- 172.21.15.89:0/1327072335 --> [v2:172.21.15.89:6800/2166166702,v1:172.21.15.89:6801/2166166702] -- command(tid 0: {"prefix": "get_command_descriptions"}) -- 0x7f869003c180 con 0x7f86900395b0
2024-05-01T05:19:50.090 INFO:teuthology.orchestra.run.smithi089.stdout:/usr/bin/ceph: stderr
2024-05-01T05:19:44.027+0000 7f86a4ff9700 1 -- 172.21.15.89:0/1327072335 <== mon.0 v2:172.21.15.89:3300/0 5 ==== osd_map(2..2 src has 1..2) ==== 940+0+0 (secure 0 0 0) 0x7f869804df70 con 0x7f86a8108d10
2024-05-01T05:19:50.090 INFO:teuthology.orchestra.run.smithi089.stdout:/usr/bin/ceph: stderr
2024-05-01T05:19:44.027+0000 7f86a6ffd700 1 -- 172.21.15.89:0/1327072335 >> [v2:172.21.15.89:6800/2166166702,v1:172.21.15.89:6801/2166166702] conn(0x7f86900395b0 msgr2=0x7f869003ba70 unknown :-1 s=STATE_CONNECTING_RE l=1).process reconnect failed to v2:172.21.15.89:6800/2166166702
2024-05-01T05:19:50.090 INFO:teuthology.orchestra.run.smithi089.stdout:/usr/bin/ceph: stderr
2024-05-01T05:19:44.027+0000 7f86a6ffd700 1 --2- 172.21.15.89:0/1327072335 >> [v2:172.21.15.89:6800/2166166702,v1:172.21.15.89:6801/2166166702] conn(0x7f86900395b0 0x7f869003ba70 unknown :-1 s=START_CONNECT pgs=0 cs=0 l=1 rev1=0 crypto rx=0 tx=0 comp rx=0 tx=0)._fault waiting 0.200000
2024-05-01T05:19:50.090 INFO:teuthology.orchestra.run.smithi089.stdout:/usr/bin/ceph: stderr
2024-05-01T05:19:44.228+0000 7f86a6ffd700 1 -- 172.21.15.89:0/1327072335 >> [v2:172.21.15.89:6800/2166166702,v1:172.21.15.89:6801/2166166702] conn(0x7f86900395b0 msgr2=0x7f869003ba70 unknown :-1 s=STATE_CONNECTING_RE l=1).process reconnect failed to v2:172.21.15.89:6800/2166166702
2024-05-01T05:19:50.090 INFO:teuthology.orchestra.run.smithi089.stdout:/usr/bin/ceph: stderr
2024-05-01T05:19:44.228+0000 7f86a6ffd700 1 --2- 172.21.15.89:0/1327072335 >> [v2:172.21.15.89:6800/2166166702,v1:172.21.15.89:6801/2166166702] conn(0x7f86900395b0 0x7f869003ba70 unknown :-1 s=START_CONNECT pgs=0 cs=0 l=1 rev1=0 crypto rx=0 tx=0 comp rx=0 tx=0)._fault waiting 0.400000
2024-05-01T05:19:50.091 INFO:teuthology.orchestra.run.smithi089.stdout:/usr/bin/ceph: stderr
2024-05-01T05:19:44.629+0000 7f86a6ffd700 1 -- 172.21.15.89:0/1327072335 >> [v2:172.21.15.89:6800/2166166702,v1:172.21.15.89:6801/2166166702] conn(0x7f86900395b0 msgr2=0x7f869003ba70 unknown :-1 s=STATE_CONNECTING_RE l=1).process reconnect failed to v2:172.21.15.89:6800/2166166702
2024-05-01T05:19:50.091 INFO:teuthology.orchestra.run.smithi089.stdout:/usr/bin/ceph: stderr
2024-05-01T05:19:44.629+0000 7f86a6ffd700 1 --2- 172.21.15.89:0/1327072335 >> [v2:172.21.15.89:6800/2166166702,v1:172.21.15.89:6801/2166166702] conn(0x7f86900395b0 0x7f869003ba70 unknown :-1 s=START_CONNECT pgs=0 cs=0 l=1 rev1=0 crypto rx=0 tx=0 comp rx=0 tx=0)._fault waiting 0.800000
2024-05-01T05:19:50.091 INFO:teuthology.orchestra.run.smithi089.stdout:/usr/bin/ceph: stderr
2024-05-01T05:19:45.431+0000 7f86a6ffd700 1 -- 172.21.15.89:0/1327072335 >> [v2:172.21.15.89:6800/2166166702,v1:172.21.15.89:6801/2166166702] conn(0x7f86900395b0 msgr2=0x7f869003ba70 unknown :-1 s=STATE_CONNECTING_RE l=1).process reconnect failed to v2:172.21.15.89:6800/2166166702
2024-05-01T05:19:50.091 INFO:teuthology.orchestra.run.smithi089.stdout:/usr/bin/ceph: stderr
2024-05-01T05:19:45.431+0000 7f86a6ffd700 1 --2- 172.21.15.89:0/1327072335 >> [v2:172.21.15.89:6800/2166166702,v1:172.21.15.89:6801/2166166702] conn(0x7f86900395b0 0x7f869003ba70 unknown :-1 s=START_CONNECT pgs=0 cs=0 l=1 rev1=0 crypto rx=0 tx=0 comp rx=0 tx=0)._fault waiting 1.600000
2024-05-01T05:19:50.091 INFO:teuthology.orchestra.run.smithi089.stdout:/usr/bin/ceph: stderr
2024-05-01T05:19:47.032+0000 7f86a6ffd700 1 -- 172.21.15.89:0/1327072335 >> [v2:172.21.15.89:6800/2166166702,v1:172.21.15.89:6801/2166166702] conn(0x7f86900395b0 msgr2=0x7f869003ba70 unknown :-1 s=STATE_CONNECTING_RE l=1).process reconnect failed to v2:172.21.15.89:6800/2166166702
2024-05-01T05:19:50.091 INFO:teuthology.orchestra.run.smithi089.stdout:/usr/bin/ceph: stderr
2024-05-01T05:19:47.032+0000 7f86a6ffd700 1 --2- 172.21.15.89:0/1327072335 >> [v2:172.21.15.89:6800/2166166702,v1:172.21.15.89:6801/2166166702] conn(0x7f86900395b0 0x7f869003ba70 unknown :-1 s=START_CONNECT pgs=0 cs=0 l=1 rev1=0 crypto rx=0 tx=0 comp rx=0 tx=0)._fault waiting 3.200000
2024-05-01T05:19:50.091 INFO:teuthology.orchestra.run.smithi089.stdout:/usr/bin/ceph: stderr
2024-05-01T05:19:48.546+0000 7f86a4ff9700 1 -- 172.21.15.89:0/1327072335 <== mon.0 v2:172.21.15.89:3300/0 6 ==== mgrmap(e 10) ==== 46338+0+0 (secure 0 0 0) 0x7f869802c3f0 con 0x7f86a8108d10
2024-05-01T05:19:50.091 INFO:teuthology.orchestra.run.smithi089.stdout:/usr/bin/ceph: stderr
2024-05-01T05:19:48.546+0000 7f86a4ff9700 1 -- 172.21.15.89:0/1327072335 >> [v2:172.21.15.89:6800/2166166702,v1:172.21.15.89:6801/2166166702] conn(0x7f86900395b0 msgr2=0x7f869003ba70 unknown :-1 s=STATE_CONNECTING l=1).mark_down
2024-05-01T05:19:50.091 INFO:teuthology.orchestra.run.smithi089.stdout:/usr/bin/ceph: stderr
2024-05-01T05:19:48.546+0000 7f86a4ff9700 1 --2- 172.21.15.89:0/1327072335 >> [v2:172.21.15.89:6800/2166166702,v1:172.21.15.89:6801/2166166702] conn(0x7f86900395b0 0x7f869003ba70 unknown :-1 s=START_CONNECT pgs=0 cs=0 l=1 rev1=0 crypto rx=0 tx=0 comp rx=0 tx=0).stop
2024-05-01T05:19:50.091 INFO:teuthology.orchestra.run.smithi089.stdout:/usr/bin/ceph: stderr
2024-05-01T05:19:49.547+0000 7f86a4ff9700 1 -- 172.21.15.89:0/1327072335 <== mon.0 v2:172.21.15.89:3300/0 7 ==== mgrmap(e 11) ==== 46465+0+0 (secure 0 0 0) 0x7f86980502a0 con 0x7f86a8108d10
2024-05-01T05:19:50.091 INFO:teuthology.orchestra.run.smithi089.stdout:/usr/bin/ceph: stderr
2024-05-01T05:19:49.547+0000 7f86a4ff9700 1 --2- 172.21.15.89:0/1327072335 >> [v2:172.21.15.89:6800/4169482338,v1:172.21.15.89:6801/4169482338] conn(0x7f869003cfe0 0x7f869003f3d0 unknown :-1 s=NONE pgs=0 cs=0 l=1 rev1=0 crypto rx=0 tx=0 comp rx=0 tx=0).connect
2024-05-01T05:19:50.091 INFO:teuthology.orchestra.run.smithi089.stdout:/usr/bin/ceph: stderr
2024-05-01T05:19:49.547+0000 7f86a4ff9700 1 -- 172.21.15.89:0/1327072335 --> [v2:172.21.15.89:6800/4169482338,v1:172.21.15.89:6801/4169482338] -- command(tid 0: {"prefix": "get_command_descriptions"}) -- 0x7f869003c180 con 0x7f869003cfe0
2024-05-01T05:19:50.091 INFO:teuthology.orchestra.run.smithi089.stdout:/usr/bin/ceph: stderr
2024-05-01T05:19:49.548+0000 7f86a6ffd700 1 --2- 172.21.15.89:0/1327072335 >> [v2:172.21.15.89:6800/4169482338,v1:172.21.15.89:6801/4169482338] conn(0x7f869003cfe0 0x7f869003f3d0 unknown :-1 s=BANNER_CONNECTING pgs=0 cs=0 l=1 rev1=0 crypto rx=0 tx=0 comp rx=0 tx=0)._handle_peer_banner_payload supported=3 required=0
2024-05-01T05:19:50.091 INFO:teuthology.orchestra.run.smithi089.stdout:/usr/bin/ceph: stderr
2024-05-01T05:19:49.548+0000 7f86a6ffd700 1 --2- 172.21.15.89:0/1327072335 >> [v2:172.21.15.89:6800/4169482338,v1:172.21.15.89:6801/4169482338] conn(0x7f869003cfe0 0x7f869003f3d0 secure :-1 s=READY pgs=3 cs=0 l=1 rev1=1 crypto rx=0x7f869c003a10 tx=0x7f869c0092b0 comp rx=0 tx=0).ready entity=mgr.14152 client_cookie=0 server_cookie=0 in_seq=0 out_seq=0
2024-05-01T05:19:50.092 INFO:teuthology.orchestra.run.smithi089.stdout:/usr/bin/ceph: stderr
2024-05-01T05:19:49.549+0000 7f86a4ff9700 1 -- 172.21.15.89:0/1327072335 <== mgr.14152 v2:172.21.15.89:6800/4169482338 1 ==== command_reply(tid 0: 0 ) ==== 8+0+9564 (secure 0 0 0) 0x7f869003c180 con 0x7f869003cfe0
2024-05-01T05:19:50.092 INFO:teuthology.orchestra.run.smithi089.stdout:/usr/bin/ceph: stderr
2024-05-01T05:19:49.564+0000 7f86adf82700 1 -- 172.21.15.89:0/1327072335 --> [v2:172.21.15.89:6800/4169482338,v1:172.21.15.89:6801/4169482338] -- command(tid 1: {"prefix": "mgr_status"}) -- 0x7f86a810d440 con 0x7f869003cfe0
2024-05-01T05:19:50.092 INFO:teuthology.orchestra.run.smithi089.stdout:/usr/bin/ceph: stderr
2024-05-01T05:19:49.565+0000 7f86a4ff9700 1 -- 172.21.15.89:0/1327072335 <== mgr.14152 v2:172.21.15.89:6800/4169482338 2 ==== command_reply(tid 1: 0 ) ==== 8+0+52 (secure 0 0 0) 0x7f86a810d440 con 0x7f869003cfe0
2024-05-01T05:19:50.092 INFO:teuthology.orchestra.run.smithi089.stdout:/usr/bin/ceph: stderr
2024-05-01T05:19:49.565+0000 7f86adf82700 1 -- 172.21.15.89:0/1327072335 >> [v2:172.21.15.89:6800/4169482338,v1:172.21.15.89:6801/4169482338] conn(0x7f869003cfe0 msgr2=0x7f869003f3d0 secure :-1 s=STATE_CONNECTION_ESTABLISHED l=1).mark_down
2024-05-01T05:19:50.092 INFO:teuthology.orchestra.run.smithi089.stdout:/usr/bin/ceph: stderr
2024-05-01T05:19:49.565+0000 7f86adf82700 1 --2- 172.21.15.89:0/1327072335 >> [v2:172.21.15.89:6800/4169482338,v1:172.21.15.89:6801/4169482338] conn(0x7f869003cfe0 0x7f869003f3d0 secure :-1 s=READY pgs=3 cs=0 l=1 rev1=1 crypto rx=0x7f869c003a10 tx=0x7f869c0092b0 comp rx=0 tx=0).stop
2024-05-01T05:19:50.092 INFO:teuthology.orchestra.run.smithi089.stdout:/usr/bin/ceph: stderr
2024-05-01T05:19:49.565+0000 7f86adf82700 1 -- 172.21.15.89:0/1327072335 >> [v2:172.21.15.89:3300/0,v1:172.21.15.89:6789/0] conn(0x7f86a8108d10 msgr2=0x7f86a807eb60 secure :-1 s=STATE_CONNECTION_ESTABLISHED l=1).mark_down
2024-05-01T05:19:50.092 INFO:teuthology.orchestra.run.smithi089.stdout:/usr/bin/ceph: stderr
2024-05-01T05:19:49.565+0000 7f86adf82700 1 --2- 172.21.15.89:0/1327072335 >> [v2:172.21.15.89:3300/0,v1:172.21.15.89:6789/0] conn(0x7f86a8108d10 0x7f86a807eb60 secure :-1 s=READY pgs=62 cs=0 l=1 rev1=1 crypto rx=0x7f86980116e0 tx=0x7f8698011aa0 comp rx=0 tx=0).stop
2024-05-01T05:19:50.092 INFO:teuthology.orchestra.run.smithi089.stdout:/usr/bin/ceph: stderr
2024-05-01T05:19:49.565+0000 7f86adf82700 1 -- 172.21.15.89:0/1327072335 shutdown_connections
2024-05-01T05:19:50.092 INFO:teuthology.orchestra.run.smithi089.stdout:/usr/bin/ceph: stderr
2024-05-01T05:19:49.565+0000 7f86adf82700 1 --2- 172.21.15.89:0/1327072335 >> [v2:172.21.15.89:6800/4169482338,v1:172.21.15.89:6801/4169482338] conn(0x7f869003cfe0 0x7f869003f3d0 unknown :-1 s=CLOSED pgs=3 cs=0 l=1 rev1=1 crypto rx=0 tx=0 comp rx=0 tx=0).stop
2024-05-01T05:19:50.092 INFO:teuthology.orchestra.run.smithi089.stdout:/usr/bin/ceph: stderr
2024-05-01T05:19:49.565+0000 7f86adf82700 1 --2- 172.21.15.89:0/1327072335 >> [v2:172.21.15.89:3300/0,v1:172.21.15.89:6789/0] conn(0x7f86a8108d10 0x7f86a807eb60 unknown :-1 s=CLOSED pgs=62 cs=0 l=1 rev1=1 crypto rx=0 tx=0 comp rx=0 tx=0).stop
2024-05-01T05:19:50.092 INFO:teuthology.orchestra.run.smithi089.stdout:/usr/bin/ceph: stderr
2024-05-01T05:19:49.565+0000 7f86adf82700 1 --2- 172.21.15.89:0/1327072335 >> [v2:172.21.15.89:6800/2166166702,v1:172.21.15.89:6801/2166166702] conn(0x7f86900395b0 0x7f869003ba70 unknown :-1 s=CLOSED pgs=0 cs=0 l=1 rev1=0 crypto rx=0 tx=0 comp rx=0 tx=0).stop
2024-05-01T05:19:50.092 INFO:teuthology.orchestra.run.smithi089.stdout:/usr/bin/ceph: stderr
2024-05-01T05:19:49.565+0000 7f86adf82700 1 -- 172.21.15.89:0/1327072335 >> 172.21.15.89:0/1327072335 conn(0x7f86a81042d0 msgr2=0x7f86a8104d90 unknown :-1 s=STATE_NONE l=0).mark_down
2024-05-01T05:19:50.092 INFO:teuthology.orchestra.run.smithi089.stdout:/usr/bin/ceph: stderr
2024-05-01T05:19:49.565+0000 7f86adf82700 1 -- 172.21.15.89:0/1327072335 shutdown_connections
2024-05-01T05:19:50.092 INFO:teuthology.orchestra.run.smithi089.stdout:/usr/bin/ceph: stderr
2024-05-01T05:19:49.565+0000 7f86adf82700 1 -- 172.21.15.89:0/1327072335 wait complete.
2024-05-01T05:19:50.093 INFO:teuthology.orchestra.run.smithi089.stdout:mgr epoch 9 is available
2024-05-01T05:19:50.093 INFO:teuthology.orchestra.run.smithi089.stdout:Generating a dashboard self-signed certificate...
2024-05-01T05:19:50.815 INFO:journalctl@ceph.mon.a.smithi089.stdout:May 01 05:19:50 smithi089 ceph-mon[29997]: [01/May/2024:05:19:49] ENGINE Bus STARTING
2024-05-01T05:19:50.815 INFO:journalctl@ceph.mon.a.smithi089.stdout:May 01 05:19:50 smithi089 ceph-mon[29997]: [01/May/2024:05:19:49] ENGINE Serving on http://172.21.15.89:8765
2024-05-01T05:19:50.815 INFO:journalctl@ceph.mon.a.smithi089.stdout:May 01 05:19:50 smithi089 ceph-mon[29997]: [01/May/2024:05:19:49] ENGINE Serving on https://172.21.15.89:7150
2024-05-01T05:19:50.815 INFO:journalctl@ceph.mon.a.smithi089.stdout:May 01 05:19:50 smithi089 ceph-mon[29997]: [01/May/2024:05:19:49] ENGINE Bus STARTED
2024-05-01T05:19:50.815 INFO:journalctl@ceph.mon.a.smithi089.stdout:May 01 05:19:50 smithi089 ceph-mon[29997]: from='client.14156 -' entity='client.admin' cmd=[{"prefix": "get_command_descriptions"}]: dispatch
2024-05-01T05:19:50.815 INFO:journalctl@ceph.mon.a.smithi089.stdout:May 01 05:19:50 smithi089 ceph-mon[29997]: from='client.14156 -' entity='client.admin' cmd=[{"prefix": "mgr_status"}]: dispatch
2024-05-01T05:19:50.815 INFO:journalctl@ceph.mon.a.smithi089.stdout:May 01 05:19:50 smithi089 ceph-mon[29997]: from='mgr.14152 172.21.15.89:0/4095599294' entity='mgr.x'
2024-05-01T05:19:51.718 INFO:teuthology.orchestra.run.smithi089.stdout:/usr/bin/ceph: stdout Self-signed certificate created
2024-05-01T05:19:51.719 INFO:teuthology.orchestra.run.smithi089.stdout:/usr/bin/ceph: stderr
2024-05-01T05:19:50.840+0000 7f67d89fd700 1 Processor -- start
2024-05-01T05:19:51.719 INFO:teuthology.orchestra.run.smithi089.stdout:/usr/bin/ceph: stderr
2024-05-01T05:19:50.840+0000 7f67d89fd700 1 -- start start
2024-05-01T05:19:51.719 INFO:teuthology.orchestra.run.smithi089.stdout:/usr/bin/ceph: stderr
2024-05-01T05:19:50.841+0000 7f67d89fd700 1 --2- >> [v2:172.21.15.89:3300/0,v1:172.21.15.89:6789/0] conn(0x7f67d4107c40 0x7f67d4108060 unknown :-1 s=NONE pgs=0 cs=0 l=0 rev1=0 crypto rx=0 tx=0 comp rx=0 tx=0).connect
2024-05-01T05:19:51.719 INFO:teuthology.orchestra.run.smithi089.stdout:/usr/bin/ceph: stderr
2024-05-01T05:19:50.841+0000 7f67d89fd700 1 -- --> [v2:172.21.15.89:3300/0,v1:172.21.15.89:6789/0] -- mon_getmap magic: 0 -- 0x7f67d4108630 con 0x7f67d4107c40
2024-05-01T05:19:51.719 INFO:teuthology.orchestra.run.smithi089.stdout:/usr/bin/ceph: stderr
2024-05-01T05:19:50.841+0000 7f67d259c700 1 --2- >> [v2:172.21.15.89:3300/0,v1:172.21.15.89:6789/0] conn(0x7f67d4107c40 0x7f67d4108060 unknown :-1 s=BANNER_CONNECTING pgs=0 cs=0 l=0 rev1=0 crypto rx=0 tx=0 comp rx=0 tx=0)._handle_peer_banner_payload supported=3 required=0
2024-05-01T05:19:51.719 INFO:teuthology.orchestra.run.smithi089.stdout:/usr/bin/ceph: stderr
2024-05-01T05:19:50.841+0000 7f67d259c700 1 --2- >> [v2:172.21.15.89:3300/0,v1:172.21.15.89:6789/0] conn(0x7f67d4107c40 0x7f67d4108060 unknown :-1 s=HELLO_CONNECTING pgs=0 cs=0 l=0 rev1=1 crypto rx=0 tx=0 comp rx=0 tx=0).handle_hello peer v2:172.21.15.89:3300/0 says I am v2:172.21.15.89:41194/0 (socket says 172.21.15.89:41194)
2024-05-01T05:19:51.719 INFO:teuthology.orchestra.run.smithi089.stdout:/usr/bin/ceph: stderr
2024-05-01T05:19:50.841+0000 7f67d259c700 1 -- 172.21.15.89:0/1006715431 learned_addr learned my addr 172.21.15.89:0/1006715431 (peer_addr_for_me v2:172.21.15.89:0/0)
2024-05-01T05:19:51.719 INFO:teuthology.orchestra.run.smithi089.stdout:/usr/bin/ceph: stderr
2024-05-01T05:19:50.842+0000 7f67d259c700 1 -- 172.21.15.89:0/1006715431 --> [v2:172.21.15.89:3300/0,v1:172.21.15.89:6789/0] -- mon_subscribe({config=0+,monmap=0+}) -- 0x7f67d4108e40 con 0x7f67d4107c40
2024-05-01T05:19:51.719 INFO:teuthology.orchestra.run.smithi089.stdout:/usr/bin/ceph: stderr
2024-05-01T05:19:50.842+0000 7f67d259c700 1 --2- 172.21.15.89:0/1006715431 >> [v2:172.21.15.89:3300/0,v1:172.21.15.89:6789/0] conn(0x7f67d4107c40 0x7f67d4108060 secure :-1 s=READY pgs=70 cs=0 l=1 rev1=1 crypto rx=0x7f67c40098a0 tx=0x7f67c4009bb0 comp rx=0 tx=0).ready entity=mon.0 client_cookie=765f456ff814240a server_cookie=0 in_seq=0 out_seq=0
2024-05-01T05:19:51.719 INFO:teuthology.orchestra.run.smithi089.stdout:/usr/bin/ceph: stderr
2024-05-01T05:19:50.842+0000 7f67d159a700 1 -- 172.21.15.89:0/1006715431 <== mon.0 v2:172.21.15.89:3300/0 1 ==== mon_map magic: 0 ==== 205+0+0 (secure 0 0 0) 0x7f67c4004160 con 0x7f67d4107c40
2024-05-01T05:19:51.720 INFO:teuthology.orchestra.run.smithi089.stdout:/usr/bin/ceph: stderr
2024-05-01T05:19:50.842+0000 7f67d159a700 1 -- 172.21.15.89:0/1006715431 <== mon.0 v2:172.21.15.89:3300/0 2 ==== config(26 keys) ==== 1101+0+0 (secure 0 0 0) 0x7f67c4004300 con 0x7f67d4107c40
2024-05-01T05:19:51.720 INFO:teuthology.orchestra.run.smithi089.stdout:/usr/bin/ceph: stderr
2024-05-01T05:19:50.842+0000 7f67d159a700 1 -- 172.21.15.89:0/1006715431 <== mon.0 v2:172.21.15.89:3300/0 3 ==== mon_map magic: 0 ==== 205+0+0 (secure 0 0 0) 0x7f67c4011a20 con 0x7f67d4107c40
2024-05-01T05:19:51.720 INFO:teuthology.orchestra.run.smithi089.stdout:/usr/bin/ceph: stderr
2024-05-01T05:19:50.843+0000 7f67d89fd700 1 -- 172.21.15.89:0/1006715431 >> [v2:172.21.15.89:3300/0,v1:172.21.15.89:6789/0] conn(0x7f67d4107c40 msgr2=0x7f67d4108060 secure :-1 s=STATE_CONNECTION_ESTABLISHED l=1).mark_down
2024-05-01T05:19:51.720 INFO:teuthology.orchestra.run.smithi089.stdout:/usr/bin/ceph: stderr
2024-05-01T05:19:50.843+0000 7f67d89fd700 1 --2- 172.21.15.89:0/1006715431 >> [v2:172.21.15.89:3300/0,v1:172.21.15.89:6789/0] conn(0x7f67d4107c40 0x7f67d4108060 secure :-1 s=READY pgs=70 cs=0 l=1 rev1=1 crypto rx=0x7f67c40098a0 tx=0x7f67c4009bb0 comp rx=0 tx=0).stop
2024-05-01T05:19:51.720 INFO:teuthology.orchestra.run.smithi089.stdout:/usr/bin/ceph: stderr
2024-05-01T05:19:50.843+0000 7f67d89fd700 1 -- 172.21.15.89:0/1006715431 shutdown_connections
2024-05-01T05:19:51.720 INFO:teuthology.orchestra.run.smithi089.stdout:/usr/bin/ceph: stderr
2024-05-01T05:19:50.843+0000 7f67d89fd700 1 --2- 172.21.15.89:0/1006715431 >> [v2:172.21.15.89:3300/0,v1:172.21.15.89:6789/0] conn(0x7f67d4107c40 0x7f67d4108060 unknown :-1 s=CLOSED pgs=70 cs=0 l=1 rev1=1 crypto rx=0 tx=0 comp rx=0 tx=0).stop
2024-05-01T05:19:51.720 INFO:teuthology.orchestra.run.smithi089.stdout:/usr/bin/ceph: stderr
2024-05-01T05:19:50.843+0000 7f67d89fd700 1 -- 172.21.15.89:0/1006715431 >> 172.21.15.89:0/1006715431 conn(0x7f67d4103200 msgr2=0x7f67d4105620 unknown :-1 s=STATE_NONE l=0).mark_down
2024-05-01T05:19:51.720 INFO:teuthology.orchestra.run.smithi089.stdout:/usr/bin/ceph: stderr
2024-05-01T05:19:50.843+0000 7f67d89fd700 1 -- 172.21.15.89:0/1006715431 shutdown_connections
2024-05-01T05:19:51.720 INFO:teuthology.orchestra.run.smithi089.stdout:/usr/bin/ceph: stderr
2024-05-01T05:19:50.843+0000 7f67d89fd700 1 -- 172.21.15.89:0/1006715431 wait complete.
2024-05-01T05:19:51.720 INFO:teuthology.orchestra.run.smithi089.stdout:/usr/bin/ceph: stderr
2024-05-01T05:19:50.844+0000 7f67d89fd700 1 Processor -- start
2024-05-01T05:19:51.720 INFO:teuthology.orchestra.run.smithi089.stdout:/usr/bin/ceph: stderr
2024-05-01T05:19:50.844+0000 7f67d89fd700 1 -- start start
2024-05-01T05:19:51.720 INFO:teuthology.orchestra.run.smithi089.stdout:/usr/bin/ceph: stderr
2024-05-01T05:19:50.844+0000 7f67d89fd700 1 --2- >> [v2:172.21.15.89:3300/0,v1:172.21.15.89:6789/0] conn(0x7f67d4107c40 0x7f67d407ca40 unknown :-1 s=NONE pgs=0 cs=0 l=1 rev1=0 crypto rx=0 tx=0 comp rx=0 tx=0).connect
2024-05-01T05:19:51.721 INFO:teuthology.orchestra.run.smithi089.stdout:/usr/bin/ceph: stderr
2024-05-01T05:19:50.844+0000 7f67d89fd700 1 -- --> [v2:172.21.15.89:3300/0,v1:172.21.15.89:6789/0] -- mon_getmap magic: 0 -- 0x7f67d410c1f0 con 0x7f67d4107c40
2024-05-01T05:19:51.721 INFO:teuthology.orchestra.run.smithi089.stdout:/usr/bin/ceph: stderr
2024-05-01T05:19:50.844+0000 7f67d259c700 1 --2- >> [v2:172.21.15.89:3300/0,v1:172.21.15.89:6789/0] conn(0x7f67d4107c40 0x7f67d407ca40 unknown :-1 s=BANNER_CONNECTING pgs=0 cs=0 l=1 rev1=0 crypto rx=0 tx=0 comp rx=0 tx=0)._handle_peer_banner_payload supported=3 required=0
2024-05-01T05:19:51.721 INFO:teuthology.orchestra.run.smithi089.stdout:/usr/bin/ceph: stderr
2024-05-01T05:19:50.844+0000 7f67d259c700 1 --2- >> [v2:172.21.15.89:3300/0,v1:172.21.15.89:6789/0] conn(0x7f67d4107c40 0x7f67d407ca40 unknown :-1 s=HELLO_CONNECTING pgs=0 cs=0 l=1 rev1=1 crypto rx=0 tx=0 comp rx=0 tx=0).handle_hello peer v2:172.21.15.89:3300/0 says I am v2:172.21.15.89:41210/0 (socket says 172.21.15.89:41210)
2024-05-01T05:19:51.721 INFO:teuthology.orchestra.run.smithi089.stdout:/usr/bin/ceph: stderr
2024-05-01T05:19:50.844+0000 7f67d259c700 1 -- 172.21.15.89:0/189528538 learned_addr learned my addr 172.21.15.89:0/189528538 (peer_addr_for_me v2:172.21.15.89:0/0)
2024-05-01T05:19:51.721 INFO:teuthology.orchestra.run.smithi089.stdout:/usr/bin/ceph: stderr
2024-05-01T05:19:50.845+0000 7f67d259c700 1 -- 172.21.15.89:0/189528538 --> [v2:172.21.15.89:3300/0,v1:172.21.15.89:6789/0] -- mon_subscribe({config=0+,monmap=0+}) -- 0x7f67d419f9b0 con 0x7f67d4107c40
2024-05-01T05:19:51.721 INFO:teuthology.orchestra.run.smithi089.stdout:/usr/bin/ceph: stderr
2024-05-01T05:19:50.845+0000 7f67d259c700 1 --2- 172.21.15.89:0/189528538 >> [v2:172.21.15.89:3300/0,v1:172.21.15.89:6789/0] conn(0x7f67d4107c40 0x7f67d407ca40 secure :-1 s=READY pgs=71 cs=0 l=1 rev1=1 crypto rx=0x7f67c40119f0 tx=0x7f67c4011ad0 comp rx=0 tx=0).ready entity=mon.0 client_cookie=0 server_cookie=0 in_seq=0 out_seq=0
2024-05-01T05:19:51.721 INFO:teuthology.orchestra.run.smithi089.stdout:/usr/bin/ceph: stderr
2024-05-01T05:19:50.845+0000 7f67c37fe700 1 -- 172.21.15.89:0/189528538 <== mon.0 v2:172.21.15.89:3300/0 1 ==== mon_map magic: 0 ==== 205+0+0 (secure 0 0 0) 0x7f67c40039e0 con 0x7f67d4107c40
2024-05-01T05:19:51.721 INFO:teuthology.orchestra.run.smithi089.stdout:/usr/bin/ceph: stderr
2024-05-01T05:19:50.845+0000 7f67c37fe700 1 -- 172.21.15.89:0/189528538 <== mon.0 v2:172.21.15.89:3300/0 2 ==== config(26 keys) ==== 1101+0+0 (secure 0 0 0) 0x7f67c401b8f0 con 0x7f67d4107c40
2024-05-01T05:19:51.721 INFO:teuthology.orchestra.run.smithi089.stdout:/usr/bin/ceph: stderr
2024-05-01T05:19:50.845+0000 7f67d89fd700 1 -- 172.21.15.89:0/189528538 --> [v2:172.21.15.89:3300/0,v1:172.21.15.89:6789/0] -- mon_subscribe({mgrmap=0+}) -- 0x7f67d419fb80 con 0x7f67d4107c40
2024-05-01T05:19:51.721 INFO:teuthology.orchestra.run.smithi089.stdout:/usr/bin/ceph: stderr
2024-05-01T05:19:50.845+0000 7f67c37fe700 1 -- 172.21.15.89:0/189528538 <== mon.0 v2:172.21.15.89:3300/0 3 ==== mon_map magic: 0 ==== 205+0+0 (secure 0 0 0) 0x7f67c40237a0 con 0x7f67d4107c40
2024-05-01T05:19:51.721 INFO:teuthology.orchestra.run.smithi089.stdout:/usr/bin/ceph: stderr
2024-05-01T05:19:50.845+0000 7f67d89fd700 1 -- 172.21.15.89:0/189528538 --> [v2:172.21.15.89:3300/0,v1:172.21.15.89:6789/0] -- mon_subscribe({osdmap=0}) -- 0x7f67d419ff20 con 0x7f67d4107c40
2024-05-01T05:19:51.722 INFO:teuthology.orchestra.run.smithi089.stdout:/usr/bin/ceph: stderr
2024-05-01T05:19:50.846+0000 7f67c37fe700 1 -- 172.21.15.89:0/189528538 <== mon.0 v2:172.21.15.89:3300/0 4 ==== mgrmap(e 11) ==== 46465+0+0 (secure 0 0 0) 0x7f67c402c3f0 con 0x7f67d4107c40
2024-05-01T05:19:51.722 INFO:teuthology.orchestra.run.smithi089.stdout:/usr/bin/ceph: stderr
2024-05-01T05:19:50.846+0000 7f67d89fd700 1 -- 172.21.15.89:0/189528538 --> [v2:172.21.15.89:3300/0,v1:172.21.15.89:6789/0] -- mon_command({"prefix": "get_command_descriptions"} v 0) -- 0x7f67d4064b00 con 0x7f67d4107c40
2024-05-01T05:19:51.722 INFO:teuthology.orchestra.run.smithi089.stdout:/usr/bin/ceph: stderr
2024-05-01T05:19:50.846+0000 7f67c37fe700 1 --2- 172.21.15.89:0/189528538 >> [v2:172.21.15.89:6800/4169482338,v1:172.21.15.89:6801/4169482338] conn(0x7f67bc0394a0 0x7f67bc03b960 unknown :-1 s=NONE pgs=0 cs=0 l=1 rev1=0 crypto rx=0 tx=0 comp rx=0 tx=0).connect
2024-05-01T05:19:51.722 INFO:teuthology.orchestra.run.smithi089.stdout:/usr/bin/ceph: stderr
2024-05-01T05:19:50.846+0000 7f67c37fe700 1 -- 172.21.15.89:0/189528538 <== mon.0 v2:172.21.15.89:3300/0 5 ==== osd_map(3..3 src has 1..3) ==== 1155+0+0 (secure 0 0 0) 0x7f67c404de30 con 0x7f67d4107c40
2024-05-01T05:19:51.722 INFO:teuthology.orchestra.run.smithi089.stdout:/usr/bin/ceph: stderr
2024-05-01T05:19:50.846+0000 7f67d1d9b700 1 --2- 172.21.15.89:0/189528538 >> [v2:172.21.15.89:6800/4169482338,v1:172.21.15.89:6801/4169482338] conn(0x7f67bc0394a0 0x7f67bc03b960 unknown :-1 s=BANNER_CONNECTING pgs=0 cs=0 l=1 rev1=0 crypto rx=0 tx=0 comp rx=0 tx=0)._handle_peer_banner_payload supported=3 required=0
2024-05-01T05:19:51.722 INFO:teuthology.orchestra.run.smithi089.stdout:/usr/bin/ceph: stderr
2024-05-01T05:19:50.847+0000 7f67d1d9b700 1 --2- 172.21.15.89:0/189528538 >> [v2:172.21.15.89:6800/4169482338,v1:172.21.15.89:6801/4169482338] conn(0x7f67bc0394a0 0x7f67bc03b960 secure :-1 s=READY pgs=7 cs=0 l=1 rev1=1 crypto rx=0x7f67c8006fd0 tx=0x7f67c8006e40 comp rx=0 tx=0).ready entity=mgr.14152 client_cookie=0 server_cookie=0 in_seq=0 out_seq=0
2024-05-01T05:19:51.722 INFO:teuthology.orchestra.run.smithi089.stdout:/usr/bin/ceph: stderr
2024-05-01T05:19:50.851+0000 7f67c37fe700 1 -- 172.21.15.89:0/189528538 <== mon.0 v2:172.21.15.89:3300/0 6 ==== mon_command_ack([{"prefix": "get_command_descriptions"}]=0 v0) ==== 72+0+188370 (secure 0 0 0) 0x7f67c401f030 con 0x7f67d4107c40
2024-05-01T05:19:51.722 INFO:teuthology.orchestra.run.smithi089.stdout:/usr/bin/ceph: stderr
2024-05-01T05:19:51.063+0000 7f67d89fd700 1 -- 172.21.15.89:0/189528538 --> [v2:172.21.15.89:6800/4169482338,v1:172.21.15.89:6801/4169482338] -- mgr_command(tid 0: {"prefix": "dashboard create-self-signed-cert", "target": ["mon-mgr", ""]}) -- 0x7f67d4104470 con 0x7f67bc0394a0
2024-05-01T05:19:51.722 INFO:teuthology.orchestra.run.smithi089.stdout:/usr/bin/ceph: stderr
2024-05-01T05:19:51.181+0000 7f67c37fe700 1 -- 172.21.15.89:0/189528538 <== mgr.14152 v2:172.21.15.89:6800/4169482338 1 ==== mgr_command_reply(tid 0: 0 ) ==== 8+0+32 (secure 0 0 0) 0x7f67d4104470 con 0x7f67bc0394a0
2024-05-01T05:19:51.722 INFO:teuthology.orchestra.run.smithi089.stdout:/usr/bin/ceph: stderr
2024-05-01T05:19:51.183+0000 7f67d89fd700 1 -- 172.21.15.89:0/189528538 >> [v2:172.21.15.89:6800/4169482338,v1:172.21.15.89:6801/4169482338] conn(0x7f67bc0394a0 msgr2=0x7f67bc03b960 secure :-1 s=STATE_CONNECTION_ESTABLISHED l=1).mark_down
2024-05-01T05:19:51.722 INFO:teuthology.orchestra.run.smithi089.stdout:/usr/bin/ceph: stderr
2024-05-01T05:19:51.183+0000 7f67d89fd700 1 --2- 172.21.15.89:0/189528538 >> [v2:172.21.15.89:6800/4169482338,v1:172.21.15.89:6801/4169482338] conn(0x7f67bc0394a0 0x7f67bc03b960 secure :-1 s=READY pgs=7 cs=0 l=1 rev1=1 crypto rx=0x7f67c8006fd0 tx=0x7f67c8006e40 comp rx=0 tx=0).stop
2024-05-01T05:19:51.723 INFO:teuthology.orchestra.run.smithi089.stdout:/usr/bin/ceph: stderr
2024-05-01T05:19:51.183+0000 7f67d89fd700 1 -- 172.21.15.89:0/189528538 >> [v2:172.21.15.89:3300/0,v1:172.21.15.89:6789/0] conn(0x7f67d4107c40 msgr2=0x7f67d407ca40 secure :-1 s=STATE_CONNECTION_ESTABLISHED l=1).mark_down
2024-05-01T05:19:51.723 INFO:teuthology.orchestra.run.smithi089.stdout:/usr/bin/ceph: stderr
2024-05-01T05:19:51.183+0000 7f67d89fd700 1 --2- 172.21.15.89:0/189528538 >> [v2:172.21.15.89:3300/0,v1:172.21.15.89:6789/0] conn(0x7f67d4107c40 0x7f67d407ca40 secure :-1 s=READY pgs=71 cs=0 l=1 rev1=1 crypto rx=0x7f67c40119f0 tx=0x7f67c4011ad0 comp rx=0 tx=0).stop
2024-05-01T05:19:51.723 INFO:teuthology.orchestra.run.smithi089.stdout:/usr/bin/ceph: stderr
2024-05-01T05:19:51.183+0000 7f67d89fd700 1 -- 172.21.15.89:0/189528538 shutdown_connections
2024-05-01T05:19:51.723 INFO:teuthology.orchestra.run.smithi089.stdout:/usr/bin/ceph: stderr
2024-05-01T05:19:51.183+0000 7f67d89fd700 1 --2- 172.21.15.89:0/189528538 >> [v2:172.21.15.89:6800/4169482338,v1:172.21.15.89:6801/4169482338] conn(0x7f67bc0394a0 0x7f67bc03b960 unknown :-1 s=CLOSED pgs=7 cs=0 l=1 rev1=1 crypto rx=0 tx=0 comp rx=0 tx=0).stop
2024-05-01T05:19:51.723 INFO:teuthology.orchestra.run.smithi089.stdout:/usr/bin/ceph: stderr
2024-05-01T05:19:51.183+0000 7f67d89fd700 1 --2- 172.21.15.89:0/189528538 >> [v2:172.21.15.89:3300/0,v1:172.21.15.89:6789/0] conn(0x7f67d4107c40 0x7f67d407ca40 unknown :-1 s=CLOSED pgs=71 cs=0 l=1 rev1=1 crypto rx=0 tx=0 comp rx=0 tx=0).stop
2024-05-01T05:19:51.723 INFO:teuthology.orchestra.run.smithi089.stdout:/usr/bin/ceph: stderr
2024-05-01T05:19:51.183+0000 7f67d89fd700 1 -- 172.21.15.89:0/189528538 >> 172.21.15.89:0/189528538 conn(0x7f67d4103200 msgr2=0x7f67d4103d60 unknown :-1 s=STATE_NONE l=0).mark_down
2024-05-01T05:19:51.723 INFO:teuthology.orchestra.run.smithi089.stdout:/usr/bin/ceph: stderr
2024-05-01T05:19:51.183+0000 7f67d89fd700 1 -- 172.21.15.89:0/189528538 shutdown_connections
2024-05-01T05:19:51.723 INFO:teuthology.orchestra.run.smithi089.stdout:/usr/bin/ceph: stderr
2024-05-01T05:19:51.184+0000 7f67d89fd700 1 -- 172.21.15.89:0/189528538 wait complete.
2024-05-01T05:19:51.723 INFO:teuthology.orchestra.run.smithi089.stdout:Creating initial admin user...
2024-05-01T05:19:52.403 INFO:journalctl@ceph.mon.a.smithi089.stdout:May 01 05:19:52 smithi089 ceph-mon[29997]: from='client.14164 -' entity='client.admin' cmd=[{"prefix": "dashboard create-self-signed-cert", "target": ["mon-mgr", ""]}]: dispatch
2024-05-01T05:19:52.403 INFO:journalctl@ceph.mon.a.smithi089.stdout:May 01 05:19:52 smithi089 ceph-mon[29997]: from='mgr.14152 172.21.15.89:0/4095599294' entity='mgr.x'
2024-05-01T05:19:52.403 INFO:journalctl@ceph.mon.a.smithi089.stdout:May 01 05:19:52 smithi089 ceph-mon[29997]: from='mgr.14152 172.21.15.89:0/4095599294' entity='mgr.x'
2024-05-01T05:19:52.403 INFO:journalctl@ceph.mon.a.smithi089.stdout:May 01 05:19:52 smithi089 ceph-mon[29997]: mgrmap e12: x(active, since 2s)
2024-05-01T05:19:52.403 INFO:journalctl@ceph.mon.a.smithi089.stdout:May 01 05:19:52 smithi089 ceph-mon[29997]: from='mgr.14152 172.21.15.89:0/4095599294' entity='mgr.x'
2024-05-01T05:19:53.250 INFO:journalctl@ceph.mon.a.smithi089.stdout:May 01 05:19:53 smithi089 ceph-mon[29997]: from='client.14166 -' entity='client.admin' cmd=[{"prefix": "dashboard ac-user-create", "username": "admin", "rolename": "administrator", "force_password": true, "pwd_update_required": true, "target": ["mon-mgr", ""]}]: dispatch
2024-05-01T05:19:53.250 INFO:journalctl@ceph.mon.a.smithi089.stdout:May 01 05:19:53 smithi089 ceph-mon[29997]: from='mgr.14152 172.21.15.89:0/4095599294' entity='mgr.x'
2024-05-01T05:19:53.922 INFO:teuthology.orchestra.run.smithi089.stdout:/usr/bin/ceph: stdout {"username": "admin", "password": "$2b$12$/kYJZDDCGtM47BmF3hLiv.X5EkjjMl3dSV2dB2FHvpqGFwXBez/OS", "roles": ["administrator"], "name": null, "email": null, "lastUpdate": 1714540792, "enabled": true, "pwdExpirationDate": null, "pwdUpdateRequired": true}
2024-05-01T05:19:53.923 INFO:teuthology.orchestra.run.smithi089.stdout:/usr/bin/ceph: stderr
2024-05-01T05:19:52.238+0000 7fc6a32ae700 1 Processor -- start
2024-05-01T05:19:53.923 INFO:teuthology.orchestra.run.smithi089.stdout:/usr/bin/ceph: stderr
2024-05-01T05:19:52.239+0000 7fc6a32ae700 1 -- start start
2024-05-01T05:19:53.923 INFO:teuthology.orchestra.run.smithi089.stdout:/usr/bin/ceph: stderr
2024-05-01T05:19:52.239+0000 7fc6a32ae700 1 --2- >> [v2:172.21.15.89:3300/0,v1:172.21.15.89:6789/0] conn(0x7fc69c106f40 0x7fc69c107360 unknown :-1 s=NONE pgs=0 cs=0 l=0 rev1=0 crypto rx=0 tx=0 comp rx=0 tx=0).connect
2024-05-01T05:19:53.923 INFO:teuthology.orchestra.run.smithi089.stdout:/usr/bin/ceph: stderr
2024-05-01T05:19:52.239+0000 7fc6a32ae700 1 -- --> [v2:172.21.15.89:3300/0,v1:172.21.15.89:6789/0] -- mon_getmap magic: 0 -- 0x7fc69c107930 con 0x7fc69c106f40
2024-05-01T05:19:53.923 INFO:teuthology.orchestra.run.smithi089.stdout:/usr/bin/ceph: stderr
2024-05-01T05:19:52.239+0000 7fc6a104a700 1 --2- >> [v2:172.21.15.89:3300/0,v1:172.21.15.89:6789/0] conn(0x7fc69c106f40 0x7fc69c107360 unknown :-1 s=BANNER_CONNECTING pgs=0 cs=0 l=0 rev1=0 crypto rx=0 tx=0 comp rx=0 tx=0)._handle_peer_banner_payload supported=3 required=0
2024-05-01T05:19:53.923 INFO:teuthology.orchestra.run.smithi089.stdout:/usr/bin/ceph: stderr
2024-05-01T05:19:52.239+0000 7fc6a104a700 1 --2- >> [v2:172.21.15.89:3300/0,v1:172.21.15.89:6789/0] conn(0x7fc69c106f40 0x7fc69c107360 unknown :-1 s=HELLO_CONNECTING pgs=0 cs=0 l=0 rev1=1 crypto rx=0 tx=0 comp rx=0 tx=0).handle_hello peer v2:172.21.15.89:3300/0 says I am v2:172.21.15.89:53856/0 (socket says 172.21.15.89:53856)
2024-05-01T05:19:53.923 INFO:teuthology.orchestra.run.smithi089.stdout:/usr/bin/ceph: stderr
2024-05-01T05:19:52.239+0000 7fc6a104a700 1 -- 172.21.15.89:0/63869975 learned_addr learned my addr 172.21.15.89:0/63869975 (peer_addr_for_me v2:172.21.15.89:0/0)
2024-05-01T05:19:53.923 INFO:teuthology.orchestra.run.smithi089.stdout:/usr/bin/ceph: stderr
2024-05-01T05:19:52.239+0000 7fc6a104a700 1 -- 172.21.15.89:0/63869975 --> [v2:172.21.15.89:3300/0,v1:172.21.15.89:6789/0] -- mon_subscribe({config=0+,monmap=0+}) -- 0x7fc69c107ab0 con 0x7fc69c106f40
2024-05-01T05:19:53.923 INFO:teuthology.orchestra.run.smithi089.stdout:/usr/bin/ceph: stderr
2024-05-01T05:19:52.240+0000 7fc6a104a700 1 --2- 172.21.15.89:0/63869975 >> [v2:172.21.15.89:3300/0,v1:172.21.15.89:6789/0] conn(0x7fc69c106f40 0x7fc69c107360 secure :-1 s=READY pgs=72 cs=0 l=1 rev1=1 crypto rx=0x7fc68c0098a0 tx=0x7fc68c009bb0 comp rx=0 tx=0).ready entity=mon.0 client_cookie=8610353f0bf0f645 server_cookie=0 in_seq=0 out_seq=0
2024-05-01T05:19:53.923 INFO:teuthology.orchestra.run.smithi089.stdout:/usr/bin/ceph: stderr
2024-05-01T05:19:52.240+0000 7fc693fff700 1 -- 172.21.15.89:0/63869975 <== mon.0 v2:172.21.15.89:3300/0 1 ==== mon_map magic: 0 ==== 205+0+0 (secure 0 0 0) 0x7fc68c004160 con 0x7fc69c106f40
2024-05-01T05:19:53.923 INFO:teuthology.orchestra.run.smithi089.stdout:/usr/bin/ceph: stderr
2024-05-01T05:19:52.240+0000 7fc693fff700 1 -- 172.21.15.89:0/63869975 <== mon.0 v2:172.21.15.89:3300/0 2 ==== config(26 keys) ==== 1101+0+0 (secure 0 0 0) 0x7fc68c004300 con 0x7fc69c106f40
2024-05-01T05:19:53.924 INFO:teuthology.orchestra.run.smithi089.stdout:/usr/bin/ceph: stderr
2024-05-01T05:19:52.240+0000 7fc693fff700 1 -- 172.21.15.89:0/63869975 <== mon.0 v2:172.21.15.89:3300/0 3 ==== mon_map magic: 0 ==== 205+0+0 (secure 0 0 0) 0x7fc68c011a20 con 0x7fc69c106f40
2024-05-01T05:19:53.924 INFO:teuthology.orchestra.run.smithi089.stdout:/usr/bin/ceph: stderr
2024-05-01T05:19:52.240+0000 7fc6a32ae700 1 -- 172.21.15.89:0/63869975 >> [v2:172.21.15.89:3300/0,v1:172.21.15.89:6789/0] conn(0x7fc69c106f40 msgr2=0x7fc69c107360 secure :-1 s=STATE_CONNECTION_ESTABLISHED l=1).mark_down
2024-05-01T05:19:53.924 INFO:teuthology.orchestra.run.smithi089.stdout:/usr/bin/ceph: stderr
2024-05-01T05:19:52.240+0000 7fc6a32ae700 1 --2- 172.21.15.89:0/63869975 >> [v2:172.21.15.89:3300/0,v1:172.21.15.89:6789/0] conn(0x7fc69c106f40 0x7fc69c107360 secure :-1 s=READY pgs=72 cs=0 l=1 rev1=1 crypto rx=0x7fc68c0098a0 tx=0x7fc68c009bb0 comp rx=0 tx=0).stop
2024-05-01T05:19:53.924 INFO:teuthology.orchestra.run.smithi089.stdout:/usr/bin/ceph: stderr
2024-05-01T05:19:52.240+0000 7fc6a32ae700 1 -- 172.21.15.89:0/63869975 shutdown_connections
2024-05-01T05:19:53.924 INFO:teuthology.orchestra.run.smithi089.stdout:/usr/bin/ceph: stderr
2024-05-01T05:19:52.240+0000 7fc6a32ae700 1 --2- 172.21.15.89:0/63869975 >> [v2:172.21.15.89:3300/0,v1:172.21.15.89:6789/0] conn(0x7fc69c106f40 0x7fc69c107360 unknown :-1 s=CLOSED pgs=72 cs=0 l=1 rev1=1 crypto rx=0 tx=0 comp rx=0 tx=0).stop
2024-05-01T05:19:53.924 INFO:teuthology.orchestra.run.smithi089.stdout:/usr/bin/ceph: stderr
2024-05-01T05:19:52.240+0000 7fc6a32ae700 1 -- 172.21.15.89:0/63869975 >> 172.21.15.89:0/63869975 conn(0x7fc69c1028e0 msgr2=0x7fc69c104d00 unknown :-1 s=STATE_NONE l=0).mark_down
2024-05-01T05:19:53.924 INFO:teuthology.orchestra.run.smithi089.stdout:/usr/bin/ceph: stderr
2024-05-01T05:19:52.241+0000 7fc6a32ae700 1 -- 172.21.15.89:0/63869975 shutdown_connections
2024-05-01T05:19:53.924 INFO:teuthology.orchestra.run.smithi089.stdout:/usr/bin/ceph: stderr
2024-05-01T05:19:52.241+0000 7fc6a32ae700 1 -- 172.21.15.89:0/63869975 wait complete.
2024-05-01T05:19:53.924 INFO:teuthology.orchestra.run.smithi089.stdout:/usr/bin/ceph: stderr
2024-05-01T05:19:52.241+0000 7fc6a32ae700 1 Processor -- start
2024-05-01T05:19:53.924 INFO:teuthology.orchestra.run.smithi089.stdout:/usr/bin/ceph: stderr
2024-05-01T05:19:52.241+0000 7fc6a32ae700 1 -- start start
2024-05-01T05:19:53.924 INFO:teuthology.orchestra.run.smithi089.stdout:/usr/bin/ceph: stderr
2024-05-01T05:19:52.241+0000 7fc6a32ae700 1 --2- >> [v2:172.21.15.89:3300/0,v1:172.21.15.89:6789/0] conn(0x7fc69c106f40 0x7fc69c19cbf0 unknown :-1 s=NONE pgs=0 cs=0 l=1 rev1=0 crypto rx=0 tx=0 comp rx=0 tx=0).connect
2024-05-01T05:19:53.924 INFO:teuthology.orchestra.run.smithi089.stdout:/usr/bin/ceph: stderr
2024-05-01T05:19:52.241+0000 7fc6a32ae700 1 -- --> [v2:172.21.15.89:3300/0,v1:172.21.15.89:6789/0] -- mon_getmap magic: 0 -- 0x7fc69c10d1f0 con 0x7fc69c106f40
2024-05-01T05:19:53.924 INFO:teuthology.orchestra.run.smithi089.stdout:/usr/bin/ceph: stderr
2024-05-01T05:19:52.242+0000 7fc6a104a700 1 --2- >> [v2:172.21.15.89:3300/0,v1:172.21.15.89:6789/0] conn(0x7fc69c106f40 0x7fc69c19cbf0 unknown :-1 s=BANNER_CONNECTING pgs=0 cs=0 l=1 rev1=0 crypto rx=0 tx=0 comp rx=0 tx=0)._handle_peer_banner_payload supported=3 required=0
2024-05-01T05:19:53.924 INFO:teuthology.orchestra.run.smithi089.stdout:/usr/bin/ceph: stderr
2024-05-01T05:19:52.242+0000 7fc6a104a700 1 --2- >> [v2:172.21.15.89:3300/0,v1:172.21.15.89:6789/0] conn(0x7fc69c106f40 0x7fc69c19cbf0 unknown :-1 s=HELLO_CONNECTING pgs=0 cs=0 l=1 rev1=1 crypto rx=0 tx=0 comp rx=0 tx=0).handle_hello peer v2:172.21.15.89:3300/0 says I am v2:172.21.15.89:53858/0 (socket says 172.21.15.89:53858)
2024-05-01T05:19:53.925 INFO:teuthology.orchestra.run.smithi089.stdout:/usr/bin/ceph: stderr
2024-05-01T05:19:52.242+0000 7fc6a104a700 1 -- 172.21.15.89:0/3598308554 learned_addr learned my addr 172.21.15.89:0/3598308554 (peer_addr_for_me v2:172.21.15.89:0/0)
2024-05-01T05:19:53.925 INFO:teuthology.orchestra.run.smithi089.stdout:/usr/bin/ceph: stderr
2024-05-01T05:19:52.242+0000 7fc6a104a700 1 -- 172.21.15.89:0/3598308554 --> [v2:172.21.15.89:3300/0,v1:172.21.15.89:6789/0] -- mon_subscribe({config=0+,monmap=0+}) -- 0x7fc69c19d130 con 0x7fc69c106f40
2024-05-01T05:19:53.925 INFO:teuthology.orchestra.run.smithi089.stdout:/usr/bin/ceph: stderr
2024-05-01T05:19:52.242+0000 7fc6a104a700 1 --2- 172.21.15.89:0/3598308554 >> [v2:172.21.15.89:3300/0,v1:172.21.15.89:6789/0] conn(0x7fc69c106f40 0x7fc69c19cbf0 secure :-1 s=READY pgs=73 cs=0 l=1 rev1=1 crypto rx=0x7fc68c0116e0 tx=0x7fc68c011aa0 comp rx=0 tx=0).ready entity=mon.0 client_cookie=0 server_cookie=0 in_seq=0 out_seq=0
2024-05-01T05:19:53.925 INFO:teuthology.orchestra.run.smithi089.stdout:/usr/bin/ceph: stderr
2024-05-01T05:19:52.242+0000 7fc6927fc700 1 -- 172.21.15.89:0/3598308554 <== mon.0 v2:172.21.15.89:3300/0 1 ==== mon_map magic: 0 ==== 205+0+0 (secure 0 0 0) 0x7fc68c0039e0 con 0x7fc69c106f40
2024-05-01T05:19:53.925 INFO:teuthology.orchestra.run.smithi089.stdout:/usr/bin/ceph: stderr
2024-05-01T05:19:52.242+0000 7fc6927fc700 1 -- 172.21.15.89:0/3598308554 <== mon.0 v2:172.21.15.89:3300/0 2 ==== config(26 keys) ==== 1101+0+0 (secure 0 0 0) 0x7fc68c01b8f0 con 0x7fc69c106f40
2024-05-01T05:19:53.925 INFO:teuthology.orchestra.run.smithi089.stdout:/usr/bin/ceph: stderr
2024-05-01T05:19:52.242+0000 7fc6a32ae700 1 -- 172.21.15.89:0/3598308554 --> [v2:172.21.15.89:3300/0,v1:172.21.15.89:6789/0] -- mon_subscribe({mgrmap=0+}) -- 0x7fc69c19d3c0 con 0x7fc69c106f40
2024-05-01T05:19:53.925 INFO:teuthology.orchestra.run.smithi089.stdout:/usr/bin/ceph: stderr
2024-05-01T05:19:52.242+0000 7fc6927fc700 1 -- 172.21.15.89:0/3598308554 <== mon.0 v2:172.21.15.89:3300/0 3 ==== mon_map magic: 0 ==== 205+0+0 (secure 0 0 0) 0x7fc68c023760 con 0x7fc69c106f40
2024-05-01T05:19:53.925 INFO:teuthology.orchestra.run.smithi089.stdout:/usr/bin/ceph: stderr
2024-05-01T05:19:52.242+0000 7fc6a32ae700 1 -- 172.21.15.89:0/3598308554 --> [v2:172.21.15.89:3300/0,v1:172.21.15.89:6789/0] -- mon_subscribe({osdmap=0}) -- 0x7fc69c1a00b0 con 0x7fc69c106f40
2024-05-01T05:19:53.925 INFO:teuthology.orchestra.run.smithi089.stdout:/usr/bin/ceph: stderr
2024-05-01T05:19:52.243+0000 7fc6927fc700 1 -- 172.21.15.89:0/3598308554 <== mon.0 v2:172.21.15.89:3300/0 4 ==== mgrmap(e 12) ==== 46571+0+0 (secure 0 0 0) 0x7fc68c0239d0 con 0x7fc69c106f40
2024-05-01T05:19:53.925 INFO:teuthology.orchestra.run.smithi089.stdout:/usr/bin/ceph: stderr
2024-05-01T05:19:52.243+0000 7fc6927fc700 1 --2- 172.21.15.89:0/3598308554 >> [v2:172.21.15.89:6800/4169482338,v1:172.21.15.89:6801/4169482338] conn(0x7fc6880395b0 0x7fc68803ba70 unknown :-1 s=NONE pgs=0 cs=0 l=1 rev1=0 crypto rx=0 tx=0 comp rx=0 tx=0).connect
2024-05-01T05:19:53.925 INFO:teuthology.orchestra.run.smithi089.stdout:/usr/bin/ceph: stderr
2024-05-01T05:19:52.243+0000 7fc6927fc700 1 -- 172.21.15.89:0/3598308554 <== mon.0 v2:172.21.15.89:3300/0 5 ==== osd_map(3..3 src has 1..3) ==== 1155+0+0 (secure 0 0 0) 0x7fc68c04e060 con 0x7fc69c106f40
2024-05-01T05:19:53.925 INFO:teuthology.orchestra.run.smithi089.stdout:/usr/bin/ceph: stderr
2024-05-01T05:19:52.243+0000 7fc6a32ae700 1 -- 172.21.15.89:0/3598308554 --> [v2:172.21.15.89:3300/0,v1:172.21.15.89:6789/0] -- mon_command({"prefix": "get_command_descriptions"} v 0) -- 0x7fc69c064b00 con 0x7fc69c106f40
2024-05-01T05:19:53.925 INFO:teuthology.orchestra.run.smithi089.stdout:/usr/bin/ceph: stderr
2024-05-01T05:19:52.244+0000 7fc6a0849700 1 --2- 172.21.15.89:0/3598308554 >> [v2:172.21.15.89:6800/4169482338,v1:172.21.15.89:6801/4169482338] conn(0x7fc6880395b0 0x7fc68803ba70 unknown :-1 s=BANNER_CONNECTING pgs=0 cs=0 l=1 rev1=0 crypto rx=0 tx=0 comp rx=0 tx=0)._handle_peer_banner_payload supported=3 required=0
2024-05-01T05:19:53.926 INFO:teuthology.orchestra.run.smithi089.stdout:/usr/bin/ceph: stderr
2024-05-01T05:19:52.244+0000 7fc6a0849700 1 --2- 172.21.15.89:0/3598308554 >> [v2:172.21.15.89:6800/4169482338,v1:172.21.15.89:6801/4169482338] conn(0x7fc6880395b0 0x7fc68803ba70 secure :-1 s=READY pgs=8 cs=0 l=1 rev1=1 crypto rx=0x7fc698006fd0 tx=0x7fc698006e40 comp rx=0 tx=0).ready entity=mgr.14152 client_cookie=0 server_cookie=0 in_seq=0 out_seq=0
2024-05-01T05:19:53.926 INFO:teuthology.orchestra.run.smithi089.stdout:/usr/bin/ceph: stderr
2024-05-01T05:19:52.249+0000 7fc6927fc700 1 -- 172.21.15.89:0/3598308554 <== mon.0 v2:172.21.15.89:3300/0 6 ==== mon_command_ack([{"prefix": "get_command_descriptions"}]=0 v0) ==== 72+0+188370 (secure 0 0 0) 0x7fc68c01f030 con 0x7fc69c106f40
2024-05-01T05:19:53.926 INFO:teuthology.orchestra.run.smithi089.stdout:/usr/bin/ceph: stderr
2024-05-01T05:19:52.481+0000 7fc6a32ae700 1 -- 172.21.15.89:0/3598308554 --> [v2:172.21.15.89:6800/4169482338,v1:172.21.15.89:6801/4169482338] -- mgr_command(tid 0: {"prefix": "dashboard ac-user-create", "username": "admin", "rolename": "administrator", "force_password": true, "pwd_update_required": true, "target": ["mon-mgr", ""]}) -- 0x7fc69c1a0280 con 0x7fc6880395b0
2024-05-01T05:19:53.926 INFO:teuthology.orchestra.run.smithi089.stdout:/usr/bin/ceph: stderr
