2024-05-01T05:19:22.721+0000 7fbc0545f700 1 -- 172.21.15.89:0/1348414104 >> [v2:172.21.15.89:6800/2166166702,v1:172.21.15.89:6801/2166166702] conn(0x7fbbe803cea0 msgr2=0x7fbbe803f290 secure :-1 s=STATE_CONNECTION_ESTABLISHED l=1).mark_down
2024-05-01T05:19:23.316 INFO:teuthology.orchestra.run.smithi089.stdout:/usr/bin/ceph: stderr
2024-05-01T05:19:22.721+0000 7fbc0545f700 1 --2- 172.21.15.89:0/1348414104 >> [v2:172.21.15.89:6800/2166166702,v1:172.21.15.89:6801/2166166702] conn(0x7fbbe803cea0 0x7fbbe803f290 secure :-1 s=READY pgs=2 cs=0 l=1 rev1=1 crypto rx=0x7fbbf4003a10 tx=0x7fbbf4009290 comp rx=0 tx=0).stop
2024-05-01T05:19:23.316 INFO:teuthology.orchestra.run.smithi089.stdout:/usr/bin/ceph: stderr
2024-05-01T05:19:22.721+0000 7fbc0545f700 1 -- 172.21.15.89:0/1348414104 >> [v2:172.21.15.89:3300/0,v1:172.21.15.89:6789/0] conn(0x7fbc00108d50 msgr2=0x7fbc0019cc80 secure :-1 s=STATE_CONNECTION_ESTABLISHED l=1).mark_down
2024-05-01T05:19:23.316 INFO:teuthology.orchestra.run.smithi089.stdout:/usr/bin/ceph: stderr
2024-05-01T05:19:22.721+0000 7fbc0545f700 1 --2- 172.21.15.89:0/1348414104 >> [v2:172.21.15.89:3300/0,v1:172.21.15.89:6789/0] conn(0x7fbc00108d50 0x7fbc0019cc80 secure :-1 s=READY pgs=29 cs=0 l=1 rev1=1 crypto rx=0x7fbbf00117b0 tx=0x7fbbf0011b70 comp rx=0 tx=0).stop
2024-05-01T05:19:23.316 INFO:teuthology.orchestra.run.smithi089.stdout:/usr/bin/ceph: stderr
2024-05-01T05:19:22.721+0000 7fbc0545f700 1 -- 172.21.15.89:0/1348414104 shutdown_connections
2024-05-01T05:19:23.316 INFO:teuthology.orchestra.run.smithi089.stdout:/usr/bin/ceph: stderr
2024-05-01T05:19:22.722+0000 7fbc0545f700 1 --2- 172.21.15.89:0/1348414104 >> [v2:172.21.15.89:6800/2166166702,v1:172.21.15.89:6801/2166166702] conn(0x7fbbe803cea0 0x7fbbe803f290 unknown :-1 s=CLOSED pgs=2 cs=0 l=1 rev1=1 crypto rx=0 tx=0 comp rx=0 tx=0).stop
2024-05-01T05:19:23.316 INFO:teuthology.orchestra.run.smithi089.stdout:/usr/bin/ceph: stderr
2024-05-01T05:19:22.722+0000 7fbc0545f700 1 --2- 172.21.15.89:0/1348414104 >> [v2:172.21.15.89:3300/0,v1:172.21.15.89:6789/0] conn(0x7fbc00108d50 0x7fbc0019cc80 unknown :-1 s=CLOSED pgs=29 cs=0 l=1 rev1=1 crypto rx=0 tx=0 comp rx=0 tx=0).stop
2024-05-01T05:19:23.316 INFO:teuthology.orchestra.run.smithi089.stdout:/usr/bin/ceph: stderr
2024-05-01T05:19:22.722+0000 7fbc0545f700 1 --2- 172.21.15.89:0/1348414104 >> [v2:172.21.15.89:6800/3399142571,v1:172.21.15.89:6801/3399142571] conn(0x7fbbe80395b0 0x7fbbe803ba70 unknown :-1 s=CLOSED pgs=0 cs=0 l=1 rev1=0 crypto rx=0 tx=0 comp rx=0 tx=0).stop
2024-05-01T05:19:23.316 INFO:teuthology.orchestra.run.smithi089.stdout:/usr/bin/ceph: stderr
2024-05-01T05:19:22.722+0000 7fbc0545f700 1 -- 172.21.15.89:0/1348414104 >> 172.21.15.89:0/1348414104 conn(0x7fbc00104370 msgr2=0x7fbc00104ef0 unknown :-1 s=STATE_NONE l=0).mark_down
2024-05-01T05:19:23.316 INFO:teuthology.orchestra.run.smithi089.stdout:/usr/bin/ceph: stderr
2024-05-01T05:19:22.722+0000 7fbc0545f700 1 -- 172.21.15.89:0/1348414104 shutdown_connections
2024-05-01T05:19:23.316 INFO:teuthology.orchestra.run.smithi089.stdout:/usr/bin/ceph: stderr
2024-05-01T05:19:22.722+0000 7fbc0545f700 1 -- 172.21.15.89:0/1348414104 wait complete.
2024-05-01T05:19:23.316 INFO:teuthology.orchestra.run.smithi089.stdout:mgr epoch 5 is available
2024-05-01T05:19:23.316 INFO:teuthology.orchestra.run.smithi089.stdout:Setting orchestrator backend to cephadm...
2024-05-01T05:19:23.928 INFO:journalctl@ceph.mon.a.smithi089.stdout:May 01 05:19:23 smithi089 ceph-mon[29997]: [01/May/2024:05:19:22] ENGINE Bus STARTING
2024-05-01T05:19:23.928 INFO:journalctl@ceph.mon.a.smithi089.stdout:May 01 05:19:23 smithi089 ceph-mon[29997]: [01/May/2024:05:19:22] ENGINE Serving on https://172.21.15.89:7150
2024-05-01T05:19:23.928 INFO:journalctl@ceph.mon.a.smithi089.stdout:May 01 05:19:23 smithi089 ceph-mon[29997]: [01/May/2024:05:19:22] ENGINE Serving on http://172.21.15.89:8765
2024-05-01T05:19:23.929 INFO:journalctl@ceph.mon.a.smithi089.stdout:May 01 05:19:23 smithi089 ceph-mon[29997]: [01/May/2024:05:19:22] ENGINE Bus STARTED
2024-05-01T05:19:23.929 INFO:journalctl@ceph.mon.a.smithi089.stdout:May 01 05:19:23 smithi089 ceph-mon[29997]: from='client.14124 -' entity='client.admin' cmd=[{"prefix": "get_command_descriptions"}]: dispatch
2024-05-01T05:19:23.929 INFO:journalctl@ceph.mon.a.smithi089.stdout:May 01 05:19:23 smithi089 ceph-mon[29997]: from='client.14124 -' entity='client.admin' cmd=[{"prefix": "mgr_status"}]: dispatch
2024-05-01T05:19:24.472 INFO:teuthology.orchestra.run.smithi089.stdout:/usr/bin/ceph: stderr
2024-05-01T05:19:23.702+0000 7f967749e700 1 Processor -- start
2024-05-01T05:19:24.472 INFO:teuthology.orchestra.run.smithi089.stdout:/usr/bin/ceph: stderr
2024-05-01T05:19:23.702+0000 7f967749e700 1 -- start start
2024-05-01T05:19:24.472 INFO:teuthology.orchestra.run.smithi089.stdout:/usr/bin/ceph: stderr
2024-05-01T05:19:23.702+0000 7f967749e700 1 --2- >> [v2:172.21.15.89:3300/0,v1:172.21.15.89:6789/0] conn(0x7f96701097b0 0x7f967010bba0 unknown :-1 s=NONE pgs=0 cs=0 l=0 rev1=0 crypto rx=0 tx=0 comp rx=0 tx=0).connect
2024-05-01T05:19:24.472 INFO:teuthology.orchestra.run.smithi089.stdout:/usr/bin/ceph: stderr
2024-05-01T05:19:23.702+0000 7f967749e700 1 -- --> [v2:172.21.15.89:3300/0,v1:172.21.15.89:6789/0] -- mon_getmap magic: 0 -- 0x7f967007cea0 con 0x7f96701097b0
2024-05-01T05:19:24.472 INFO:teuthology.orchestra.run.smithi089.stdout:/usr/bin/ceph: stderr
2024-05-01T05:19:23.702+0000 7f967523a700 1 --2- >> [v2:172.21.15.89:3300/0,v1:172.21.15.89:6789/0] conn(0x7f96701097b0 0x7f967010bba0 unknown :-1 s=BANNER_CONNECTING pgs=0 cs=0 l=0 rev1=0 crypto rx=0 tx=0 comp rx=0 tx=0)._handle_peer_banner_payload supported=3 required=0
2024-05-01T05:19:24.472 INFO:teuthology.orchestra.run.smithi089.stdout:/usr/bin/ceph: stderr
2024-05-01T05:19:23.702+0000 7f967523a700 1 --2- >> [v2:172.21.15.89:3300/0,v1:172.21.15.89:6789/0] conn(0x7f96701097b0 0x7f967010bba0 unknown :-1 s=HELLO_CONNECTING pgs=0 cs=0 l=0 rev1=1 crypto rx=0 tx=0 comp rx=0 tx=0).handle_hello peer v2:172.21.15.89:3300/0 says I am v2:172.21.15.89:60234/0 (socket says 172.21.15.89:60234)
2024-05-01T05:19:24.472 INFO:teuthology.orchestra.run.smithi089.stdout:/usr/bin/ceph: stderr
2024-05-01T05:19:23.702+0000 7f967523a700 1 -- 172.21.15.89:0/1921874278 learned_addr learned my addr 172.21.15.89:0/1921874278 (peer_addr_for_me v2:172.21.15.89:0/0)
2024-05-01T05:19:24.472 INFO:teuthology.orchestra.run.smithi089.stdout:/usr/bin/ceph: stderr
2024-05-01T05:19:23.702+0000 7f967523a700 1 -- 172.21.15.89:0/1921874278 --> [v2:172.21.15.89:3300/0,v1:172.21.15.89:6789/0] -- mon_subscribe({config=0+,monmap=0+}) -- 0x7f967010c0e0 con 0x7f96701097b0
2024-05-01T05:19:24.472 INFO:teuthology.orchestra.run.smithi089.stdout:/usr/bin/ceph: stderr
2024-05-01T05:19:23.703+0000 7f967523a700 1 --2- 172.21.15.89:0/1921874278 >> [v2:172.21.15.89:3300/0,v1:172.21.15.89:6789/0] conn(0x7f96701097b0 0x7f967010bba0 secure :-1 s=READY pgs=37 cs=0 l=1 rev1=1 crypto rx=0x7f966c0098a0 tx=0x7f966c009bb0 comp rx=0 tx=0).ready entity=mon.0 client_cookie=be48be8b3a8b4733 server_cookie=0 in_seq=0 out_seq=0
2024-05-01T05:19:24.472 INFO:teuthology.orchestra.run.smithi089.stdout:/usr/bin/ceph: stderr
2024-05-01T05:19:23.703+0000 7f9667fff700 1 -- 172.21.15.89:0/1921874278 <== mon.0 v2:172.21.15.89:3300/0 1 ==== mon_map magic: 0 ==== 205+0+0 (secure 0 0 0) 0x7f966c004160 con 0x7f96701097b0
2024-05-01T05:19:24.472 INFO:teuthology.orchestra.run.smithi089.stdout:/usr/bin/ceph: stderr
2024-05-01T05:19:23.703+0000 7f9667fff700 1 -- 172.21.15.89:0/1921874278 <== mon.0 v2:172.21.15.89:3300/0 2 ==== config(26 keys) ==== 1070+0+0 (secure 0 0 0) 0x7f966c004300 con 0x7f96701097b0
2024-05-01T05:19:24.472 INFO:teuthology.orchestra.run.smithi089.stdout:/usr/bin/ceph: stderr
2024-05-01T05:19:23.703+0000 7f9667fff700 1 -- 172.21.15.89:0/1921874278 <== mon.0 v2:172.21.15.89:3300/0 3 ==== mon_map magic: 0 ==== 205+0+0 (secure 0 0 0) 0x7f966c011af0 con 0x7f96701097b0
2024-05-01T05:19:24.473 INFO:teuthology.orchestra.run.smithi089.stdout:/usr/bin/ceph: stderr
2024-05-01T05:19:23.703+0000 7f967749e700 1 -- 172.21.15.89:0/1921874278 >> [v2:172.21.15.89:3300/0,v1:172.21.15.89:6789/0] conn(0x7f96701097b0 msgr2=0x7f967010bba0 secure :-1 s=STATE_CONNECTION_ESTABLISHED l=1).mark_down
2024-05-01T05:19:24.473 INFO:teuthology.orchestra.run.smithi089.stdout:/usr/bin/ceph: stderr
2024-05-01T05:19:23.703+0000 7f967749e700 1 --2- 172.21.15.89:0/1921874278 >> [v2:172.21.15.89:3300/0,v1:172.21.15.89:6789/0] conn(0x7f96701097b0 0x7f967010bba0 secure :-1 s=READY pgs=37 cs=0 l=1 rev1=1 crypto rx=0x7f966c0098a0 tx=0x7f966c009bb0 comp rx=0 tx=0).stop
2024-05-01T05:19:24.473 INFO:teuthology.orchestra.run.smithi089.stdout:/usr/bin/ceph: stderr
2024-05-01T05:19:23.703+0000 7f967749e700 1 -- 172.21.15.89:0/1921874278 shutdown_connections
2024-05-01T05:19:24.473 INFO:teuthology.orchestra.run.smithi089.stdout:/usr/bin/ceph: stderr
2024-05-01T05:19:23.703+0000 7f967749e700 1 --2- 172.21.15.89:0/1921874278 >> [v2:172.21.15.89:3300/0,v1:172.21.15.89:6789/0] conn(0x7f96701097b0 0x7f967010bba0 unknown :-1 s=CLOSED pgs=37 cs=0 l=1 rev1=1 crypto rx=0 tx=0 comp rx=0 tx=0).stop
2024-05-01T05:19:24.473 INFO:teuthology.orchestra.run.smithi089.stdout:/usr/bin/ceph: stderr
2024-05-01T05:19:23.703+0000 7f967749e700 1 -- 172.21.15.89:0/1921874278 >> 172.21.15.89:0/1921874278 conn(0x7f9670103200 msgr2=0x7f9670105620 unknown :-1 s=STATE_NONE l=0).mark_down
2024-05-01T05:19:24.473 INFO:teuthology.orchestra.run.smithi089.stdout:/usr/bin/ceph: stderr
2024-05-01T05:19:23.703+0000 7f967749e700 1 -- 172.21.15.89:0/1921874278 shutdown_connections
2024-05-01T05:19:24.473 INFO:teuthology.orchestra.run.smithi089.stdout:/usr/bin/ceph: stderr
2024-05-01T05:19:23.703+0000 7f967749e700 1 -- 172.21.15.89:0/1921874278 wait complete.
2024-05-01T05:19:24.473 INFO:teuthology.orchestra.run.smithi089.stdout:/usr/bin/ceph: stderr
2024-05-01T05:19:23.704+0000 7f967749e700 1 Processor -- start
2024-05-01T05:19:24.473 INFO:teuthology.orchestra.run.smithi089.stdout:/usr/bin/ceph: stderr
2024-05-01T05:19:23.704+0000 7f967749e700 1 -- start start
2024-05-01T05:19:24.473 INFO:teuthology.orchestra.run.smithi089.stdout:/usr/bin/ceph: stderr
2024-05-01T05:19:23.704+0000 7f967749e700 1 --2- >> [v2:172.21.15.89:3300/0,v1:172.21.15.89:6789/0] conn(0x7f96701097b0 0x7f967019cc20 unknown :-1 s=NONE pgs=0 cs=0 l=1 rev1=0 crypto rx=0 tx=0 comp rx=0 tx=0).connect
2024-05-01T05:19:24.473 INFO:teuthology.orchestra.run.smithi089.stdout:/usr/bin/ceph: stderr
2024-05-01T05:19:23.704+0000 7f967749e700 1 -- --> [v2:172.21.15.89:3300/0,v1:172.21.15.89:6789/0] -- mon_getmap magic: 0 -- 0x7f967010d040 con 0x7f96701097b0
2024-05-01T05:19:24.473 INFO:teuthology.orchestra.run.smithi089.stdout:/usr/bin/ceph: stderr
2024-05-01T05:19:23.704+0000 7f967523a700 1 --2- >> [v2:172.21.15.89:3300/0,v1:172.21.15.89:6789/0] conn(0x7f96701097b0 0x7f967019cc20 unknown :-1 s=BANNER_CONNECTING pgs=0 cs=0 l=1 rev1=0 crypto rx=0 tx=0 comp rx=0 tx=0)._handle_peer_banner_payload supported=3 required=0
2024-05-01T05:19:24.473 INFO:teuthology.orchestra.run.smithi089.stdout:/usr/bin/ceph: stderr
2024-05-01T05:19:23.704+0000 7f967523a700 1 --2- >> [v2:172.21.15.89:3300/0,v1:172.21.15.89:6789/0] conn(0x7f96701097b0 0x7f967019cc20 unknown :-1 s=HELLO_CONNECTING pgs=0 cs=0 l=1 rev1=1 crypto rx=0 tx=0 comp rx=0 tx=0).handle_hello peer v2:172.21.15.89:3300/0 says I am v2:172.21.15.89:60246/0 (socket says 172.21.15.89:60246)
2024-05-01T05:19:24.473 INFO:teuthology.orchestra.run.smithi089.stdout:/usr/bin/ceph: stderr
2024-05-01T05:19:23.704+0000 7f967523a700 1 -- 172.21.15.89:0/1005156248 learned_addr learned my addr 172.21.15.89:0/1005156248 (peer_addr_for_me v2:172.21.15.89:0/0)
2024-05-01T05:19:24.473 INFO:teuthology.orchestra.run.smithi089.stdout:/usr/bin/ceph: stderr
2024-05-01T05:19:23.705+0000 7f967523a700 1 -- 172.21.15.89:0/1005156248 --> [v2:172.21.15.89:3300/0,v1:172.21.15.89:6789/0] -- mon_subscribe({config=0+,monmap=0+}) -- 0x7f967019d160 con 0x7f96701097b0
2024-05-01T05:19:24.474 INFO:teuthology.orchestra.run.smithi089.stdout:/usr/bin/ceph: stderr
2024-05-01T05:19:23.705+0000 7f967523a700 1 --2- 172.21.15.89:0/1005156248 >> [v2:172.21.15.89:3300/0,v1:172.21.15.89:6789/0] conn(0x7f96701097b0 0x7f967019cc20 secure :-1 s=READY pgs=38 cs=0 l=1 rev1=1 crypto rx=0x7f966c011ac0 tx=0x7f966c011ba0 comp rx=0 tx=0).ready entity=mon.0 client_cookie=0 server_cookie=0 in_seq=0 out_seq=0
2024-05-01T05:19:24.474 INFO:teuthology.orchestra.run.smithi089.stdout:/usr/bin/ceph: stderr
2024-05-01T05:19:23.705+0000 7f96667fc700 1 -- 172.21.15.89:0/1005156248 <== mon.0 v2:172.21.15.89:3300/0 1 ==== mon_map magic: 0 ==== 205+0+0 (secure 0 0 0) 0x7f966c003970 con 0x7f96701097b0
2024-05-01T05:19:24.474 INFO:teuthology.orchestra.run.smithi089.stdout:/usr/bin/ceph: stderr
2024-05-01T05:19:23.705+0000 7f96667fc700 1 -- 172.21.15.89:0/1005156248 <== mon.0 v2:172.21.15.89:3300/0 2 ==== config(26 keys) ==== 1070+0+0 (secure 0 0 0) 0x7f966c003b10 con 0x7f96701097b0
2024-05-01T05:19:24.474 INFO:teuthology.orchestra.run.smithi089.stdout:/usr/bin/ceph: stderr
2024-05-01T05:19:23.705+0000 7f967749e700 1 -- 172.21.15.89:0/1005156248 --> [v2:172.21.15.89:3300/0,v1:172.21.15.89:6789/0] -- mon_subscribe({mgrmap=0+}) -- 0x7f967019d3f0 con 0x7f96701097b0
2024-05-01T05:19:24.474 INFO:teuthology.orchestra.run.smithi089.stdout:/usr/bin/ceph: stderr
2024-05-01T05:19:23.705+0000 7f96667fc700 1 -- 172.21.15.89:0/1005156248 <== mon.0 v2:172.21.15.89:3300/0 3 ==== mon_map magic: 0 ==== 205+0+0 (secure 0 0 0) 0x7f966c024610 con 0x7f96701097b0
2024-05-01T05:19:24.474 INFO:teuthology.orchestra.run.smithi089.stdout:/usr/bin/ceph: stderr
2024-05-01T05:19:23.705+0000 7f967749e700 1 -- 172.21.15.89:0/1005156248 --> [v2:172.21.15.89:3300/0,v1:172.21.15.89:6789/0] -- mon_subscribe({osdmap=0}) -- 0x7f96701a00e0 con 0x7f96701097b0
2024-05-01T05:19:24.474 INFO:teuthology.orchestra.run.smithi089.stdout:/usr/bin/ceph: stderr
2024-05-01T05:19:23.706+0000 7f96667fc700 1 -- 172.21.15.89:0/1005156248 <== mon.0 v2:172.21.15.89:3300/0 4 ==== mgrmap(e 7) ==== 46452+0+0 (secure 0 0 0) 0x7f966c024890 con 0x7f96701097b0
2024-05-01T05:19:24.474 INFO:teuthology.orchestra.run.smithi089.stdout:/usr/bin/ceph: stderr
2024-05-01T05:19:23.706+0000 7f96667fc700 1 --2- 172.21.15.89:0/1005156248 >> [v2:172.21.15.89:6800/2166166702,v1:172.21.15.89:6801/2166166702] conn(0x7f965c039490 0x7f965c03b950 unknown :-1 s=NONE pgs=0 cs=0 l=1 rev1=0 crypto rx=0 tx=0 comp rx=0 tx=0).connect
2024-05-01T05:19:24.474 INFO:teuthology.orchestra.run.smithi089.stdout:/usr/bin/ceph: stderr
2024-05-01T05:19:23.706+0000 7f967749e700 1 -- 172.21.15.89:0/1005156248 --> [v2:172.21.15.89:3300/0,v1:172.21.15.89:6789/0] -- mon_command({"prefix": "get_command_descriptions"} v 0) -- 0x7f9670064b00 con 0x7f96701097b0
2024-05-01T05:19:24.474 INFO:teuthology.orchestra.run.smithi089.stdout:/usr/bin/ceph: stderr
2024-05-01T05:19:23.706+0000 7f96667fc700 1 -- 172.21.15.89:0/1005156248 <== mon.0 v2:172.21.15.89:3300/0 5 ==== osd_map(2..2 src has 1..2) ==== 940+0+0 (secure 0 0 0) 0x7f966c04d8c0 con 0x7f96701097b0
2024-05-01T05:19:24.474 INFO:teuthology.orchestra.run.smithi089.stdout:/usr/bin/ceph: stderr
2024-05-01T05:19:23.706+0000 7f9674a39700 1 --2- 172.21.15.89:0/1005156248 >> [v2:172.21.15.89:6800/2166166702,v1:172.21.15.89:6801/2166166702] conn(0x7f965c039490 0x7f965c03b950 unknown :-1 s=BANNER_CONNECTING pgs=0 cs=0 l=1 rev1=0 crypto rx=0 tx=0 comp rx=0 tx=0)._handle_peer_banner_payload supported=3 required=0
2024-05-01T05:19:24.475 INFO:teuthology.orchestra.run.smithi089.stdout:/usr/bin/ceph: stderr
2024-05-01T05:19:23.706+0000 7f9674a39700 1 --2- 172.21.15.89:0/1005156248 >> [v2:172.21.15.89:6800/2166166702,v1:172.21.15.89:6801/2166166702] conn(0x7f965c039490 0x7f965c03b950 secure :-1 s=READY pgs=7 cs=0 l=1 rev1=1 crypto rx=0x7f9660006fd0 tx=0x7f9660006e40 comp rx=0 tx=0).ready entity=mgr.14120 client_cookie=0 server_cookie=0 in_seq=0 out_seq=0
2024-05-01T05:19:24.475 INFO:teuthology.orchestra.run.smithi089.stdout:/usr/bin/ceph: stderr
2024-05-01T05:19:23.711+0000 7f96667fc700 1 -- 172.21.15.89:0/1005156248 <== mon.0 v2:172.21.15.89:3300/0 6 ==== mon_command_ack([{"prefix": "get_command_descriptions"}]=0 v0) ==== 72+0+188370 (secure 0 0 0) 0x7f966c02d910 con 0x7f96701097b0
2024-05-01T05:19:24.475 INFO:teuthology.orchestra.run.smithi089.stdout:/usr/bin/ceph: stderr
2024-05-01T05:19:23.769+0000 7f96667fc700 1 -- 172.21.15.89:0/1005156248 <== mon.0 v2:172.21.15.89:3300/0 7 ==== mgrmap(e 8) ==== 46558+0+0 (secure 0 0 0) 0x7f966c02d3f0 con 0x7f96701097b0
2024-05-01T05:19:24.475 INFO:teuthology.orchestra.run.smithi089.stdout:/usr/bin/ceph: stderr
2024-05-01T05:19:23.927+0000 7f967749e700 1 -- 172.21.15.89:0/1005156248 --> [v2:172.21.15.89:6800/2166166702,v1:172.21.15.89:6801/2166166702] -- mgr_command(tid 0: {"prefix": "orch set backend", "module_name": "cephadm", "target": ["mon-mgr", ""]}) -- 0x7f9670104400 con 0x7f965c039490
2024-05-01T05:19:24.475 INFO:teuthology.orchestra.run.smithi089.stdout:/usr/bin/ceph: stderr
2024-05-01T05:19:23.931+0000 7f96667fc700 1 -- 172.21.15.89:0/1005156248 <== mgr.14120 v2:172.21.15.89:6800/2166166702 1 ==== mgr_command_reply(tid 0: 0 ) ==== 8+0+0 (secure 0 0 0) 0x7f9670104400 con 0x7f965c039490
2024-05-01T05:19:24.475 INFO:teuthology.orchestra.run.smithi089.stdout:/usr/bin/ceph: stderr
2024-05-01T05:19:23.933+0000 7f967749e700 1 -- 172.21.15.89:0/1005156248 >> [v2:172.21.15.89:6800/2166166702,v1:172.21.15.89:6801/2166166702] conn(0x7f965c039490 msgr2=0x7f965c03b950 secure :-1 s=STATE_CONNECTION_ESTABLISHED l=1).mark_down
2024-05-01T05:19:24.475 INFO:teuthology.orchestra.run.smithi089.stdout:/usr/bin/ceph: stderr
2024-05-01T05:19:23.933+0000 7f967749e700 1 --2- 172.21.15.89:0/1005156248 >> [v2:172.21.15.89:6800/2166166702,v1:172.21.15.89:6801/2166166702] conn(0x7f965c039490 0x7f965c03b950 secure :-1 s=READY pgs=7 cs=0 l=1 rev1=1 crypto rx=0x7f9660006fd0 tx=0x7f9660006e40 comp rx=0 tx=0).stop
2024-05-01T05:19:24.475 INFO:teuthology.orchestra.run.smithi089.stdout:/usr/bin/ceph: stderr
2024-05-01T05:19:23.933+0000 7f967749e700 1 -- 172.21.15.89:0/1005156248 >> [v2:172.21.15.89:3300/0,v1:172.21.15.89:6789/0] conn(0x7f96701097b0 msgr2=0x7f967019cc20 secure :-1 s=STATE_CONNECTION_ESTABLISHED l=1).mark_down
2024-05-01T05:19:24.475 INFO:teuthology.orchestra.run.smithi089.stdout:/usr/bin/ceph: stderr
2024-05-01T05:19:23.933+0000 7f967749e700 1 --2- 172.21.15.89:0/1005156248 >> [v2:172.21.15.89:3300/0,v1:172.21.15.89:6789/0] conn(0x7f96701097b0 0x7f967019cc20 secure :-1 s=READY pgs=38 cs=0 l=1 rev1=1 crypto rx=0x7f966c011ac0 tx=0x7f966c011ba0 comp rx=0 tx=0).stop
2024-05-01T05:19:24.475 INFO:teuthology.orchestra.run.smithi089.stdout:/usr/bin/ceph: stderr
2024-05-01T05:19:23.933+0000 7f967749e700 1 -- 172.21.15.89:0/1005156248 shutdown_connections
2024-05-01T05:19:24.475 INFO:teuthology.orchestra.run.smithi089.stdout:/usr/bin/ceph: stderr
2024-05-01T05:19:23.933+0000 7f967749e700 1 --2- 172.21.15.89:0/1005156248 >> [v2:172.21.15.89:6800/2166166702,v1:172.21.15.89:6801/2166166702] conn(0x7f965c039490 0x7f965c03b950 unknown :-1 s=CLOSED pgs=7 cs=0 l=1 rev1=1 crypto rx=0 tx=0 comp rx=0 tx=0).stop
2024-05-01T05:19:24.475 INFO:teuthology.orchestra.run.smithi089.stdout:/usr/bin/ceph: stderr
2024-05-01T05:19:23.933+0000 7f967749e700 1 --2- 172.21.15.89:0/1005156248 >> [v2:172.21.15.89:3300/0,v1:172.21.15.89:6789/0] conn(0x7f96701097b0 0x7f967019cc20 unknown :-1 s=CLOSED pgs=38 cs=0 l=1 rev1=1 crypto rx=0 tx=0 comp rx=0 tx=0).stop
2024-05-01T05:19:24.475 INFO:teuthology.orchestra.run.smithi089.stdout:/usr/bin/ceph: stderr
2024-05-01T05:19:23.933+0000 7f967749e700 1 -- 172.21.15.89:0/1005156248 >> 172.21.15.89:0/1005156248 conn(0x7f9670103200 msgr2=0x7f9670103cf0 unknown :-1 s=STATE_NONE l=0).mark_down
2024-05-01T05:19:24.475 INFO:teuthology.orchestra.run.smithi089.stdout:/usr/bin/ceph: stderr
2024-05-01T05:19:23.934+0000 7f967749e700 1 -- 172.21.15.89:0/1005156248 shutdown_connections
2024-05-01T05:19:24.475 INFO:teuthology.orchestra.run.smithi089.stdout:/usr/bin/ceph: stderr
2024-05-01T05:19:23.934+0000 7f967749e700 1 -- 172.21.15.89:0/1005156248 wait complete.
2024-05-01T05:19:24.867 INFO:journalctl@ceph.mon.a.smithi089.stdout:May 01 05:19:24 smithi089 ceph-mon[29997]: mgrmap e8: x(active, since 2s)
2024-05-01T05:19:24.867 INFO:journalctl@ceph.mon.a.smithi089.stdout:May 01 05:19:24 smithi089 ceph-mon[29997]: from='mgr.14120 172.21.15.89:0/2627241803' entity='mgr.x'
2024-05-01T05:19:24.867 INFO:journalctl@ceph.mon.a.smithi089.stdout:May 01 05:19:24 smithi089 ceph-mon[29997]: from='mgr.14120 172.21.15.89:0/2627241803' entity='mgr.x' cmd=[{"prefix": "config dump", "format": "json"}]: dispatch
2024-05-01T05:19:25.670 INFO:teuthology.orchestra.run.smithi089.stdout:/usr/bin/ceph: stdout value unchanged
2024-05-01T05:19:25.670 INFO:teuthology.orchestra.run.smithi089.stdout:/usr/bin/ceph: stderr
2024-05-01T05:19:24.874+0000 7ff8b25d6700 1 Processor -- start
2024-05-01T05:19:25.670 INFO:teuthology.orchestra.run.smithi089.stdout:/usr/bin/ceph: stderr
2024-05-01T05:19:24.874+0000 7ff8b25d6700 1 -- start start
2024-05-01T05:19:25.670 INFO:teuthology.orchestra.run.smithi089.stdout:/usr/bin/ceph: stderr
2024-05-01T05:19:24.874+0000 7ff8b25d6700 1 --2- >> [v2:172.21.15.89:3300/0,v1:172.21.15.89:6789/0] conn(0x7ff8ac109190 0x7ff8ac1095b0 unknown :-1 s=NONE pgs=0 cs=0 l=0 rev1=0 crypto rx=0 tx=0 comp rx=0 tx=0).connect
2024-05-01T05:19:25.671 INFO:teuthology.orchestra.run.smithi089.stdout:/usr/bin/ceph: stderr
2024-05-01T05:19:24.874+0000 7ff8b25d6700 1 -- --> [v2:172.21.15.89:3300/0,v1:172.21.15.89:6789/0] -- mon_getmap magic: 0 -- 0x7ff8ac109b80 con 0x7ff8ac109190
2024-05-01T05:19:25.671 INFO:teuthology.orchestra.run.smithi089.stdout:/usr/bin/ceph: stderr
2024-05-01T05:19:24.874+0000 7ff8abfff700 1 --2- >> [v2:172.21.15.89:3300/0,v1:172.21.15.89:6789/0] conn(0x7ff8ac109190 0x7ff8ac1095b0 unknown :-1 s=BANNER_CONNECTING pgs=0 cs=0 l=0 rev1=0 crypto rx=0 tx=0 comp rx=0 tx=0)._handle_peer_banner_payload supported=3 required=0
2024-05-01T05:19:25.671 INFO:teuthology.orchestra.run.smithi089.stdout:/usr/bin/ceph: stderr
2024-05-01T05:19:24.874+0000 7ff8abfff700 1 --2- >> [v2:172.21.15.89:3300/0,v1:172.21.15.89:6789/0] conn(0x7ff8ac109190 0x7ff8ac1095b0 unknown :-1 s=HELLO_CONNECTING pgs=0 cs=0 l=0 rev1=1 crypto rx=0 tx=0 comp rx=0 tx=0).handle_hello peer v2:172.21.15.89:3300/0 says I am v2:172.21.15.89:60256/0 (socket says 172.21.15.89:60256)
2024-05-01T05:19:25.671 INFO:teuthology.orchestra.run.smithi089.stdout:/usr/bin/ceph: stderr
2024-05-01T05:19:24.874+0000 7ff8abfff700 1 -- 172.21.15.89:0/1225294367 learned_addr learned my addr 172.21.15.89:0/1225294367 (peer_addr_for_me v2:172.21.15.89:0/0)
2024-05-01T05:19:25.671 INFO:teuthology.orchestra.run.smithi089.stdout:/usr/bin/ceph: stderr
2024-05-01T05:19:24.874+0000 7ff8abfff700 1 -- 172.21.15.89:0/1225294367 --> [v2:172.21.15.89:3300/0,v1:172.21.15.89:6789/0] -- mon_subscribe({config=0+,monmap=0+}) -- 0x7ff8ac107da0 con 0x7ff8ac109190
2024-05-01T05:19:25.671 INFO:teuthology.orchestra.run.smithi089.stdout:/usr/bin/ceph: stderr
2024-05-01T05:19:24.874+0000 7ff8abfff700 1 --2- 172.21.15.89:0/1225294367 >> [v2:172.21.15.89:3300/0,v1:172.21.15.89:6789/0] conn(0x7ff8ac109190 0x7ff8ac1095b0 secure :-1 s=READY pgs=39 cs=0 l=1 rev1=1 crypto rx=0x7ff89c0098a0 tx=0x7ff89c009bb0 comp rx=0 tx=0).ready entity=mon.0 client_cookie=a6d40d5e3c25af7c server_cookie=0 in_seq=0 out_seq=0
2024-05-01T05:19:25.671 INFO:teuthology.orchestra.run.smithi089.stdout:/usr/bin/ceph: stderr
2024-05-01T05:19:24.875+0000 7ff8aaffd700 1 -- 172.21.15.89:0/1225294367 <== mon.0 v2:172.21.15.89:3300/0 1 ==== mon_map magic: 0 ==== 205+0+0 (secure 0 0 0) 0x7ff89c004160 con 0x7ff8ac109190
2024-05-01T05:19:25.671 INFO:teuthology.orchestra.run.smithi089.stdout:/usr/bin/ceph: stderr
2024-05-01T05:19:24.875+0000 7ff8aaffd700 1 -- 172.21.15.89:0/1225294367 <== mon.0 v2:172.21.15.89:3300/0 2 ==== config(26 keys) ==== 1070+0+0 (secure 0 0 0) 0x7ff89c004300 con 0x7ff8ac109190
2024-05-01T05:19:25.671 INFO:teuthology.orchestra.run.smithi089.stdout:/usr/bin/ceph: stderr
2024-05-01T05:19:24.875+0000 7ff8aaffd700 1 -- 172.21.15.89:0/1225294367 <== mon.0 v2:172.21.15.89:3300/0 3 ==== mon_map magic: 0 ==== 205+0+0 (secure 0 0 0) 0x7ff89c011af0 con 0x7ff8ac109190
2024-05-01T05:19:25.671 INFO:teuthology.orchestra.run.smithi089.stdout:/usr/bin/ceph: stderr
2024-05-01T05:19:24.875+0000 7ff8b25d6700 1 -- 172.21.15.89:0/1225294367 >> [v2:172.21.15.89:3300/0,v1:172.21.15.89:6789/0] conn(0x7ff8ac109190 msgr2=0x7ff8ac1095b0 secure :-1 s=STATE_CONNECTION_ESTABLISHED l=1).mark_down
2024-05-01T05:19:25.671 INFO:teuthology.orchestra.run.smithi089.stdout:/usr/bin/ceph: stderr
2024-05-01T05:19:24.875+0000 7ff8b25d6700 1 --2- 172.21.15.89:0/1225294367 >> [v2:172.21.15.89:3300/0,v1:172.21.15.89:6789/0] conn(0x7ff8ac109190 0x7ff8ac1095b0 secure :-1 s=READY pgs=39 cs=0 l=1 rev1=1 crypto rx=0x7ff89c0098a0 tx=0x7ff89c009bb0 comp rx=0 tx=0).stop
2024-05-01T05:19:25.671 INFO:teuthology.orchestra.run.smithi089.stdout:/usr/bin/ceph: stderr
2024-05-01T05:19:24.875+0000 7ff8b25d6700 1 -- 172.21.15.89:0/1225294367 shutdown_connections
2024-05-01T05:19:25.671 INFO:teuthology.orchestra.run.smithi089.stdout:/usr/bin/ceph: stderr
2024-05-01T05:19:24.875+0000 7ff8b25d6700 1 --2- 172.21.15.89:0/1225294367 >> [v2:172.21.15.89:3300/0,v1:172.21.15.89:6789/0] conn(0x7ff8ac109190 0x7ff8ac1095b0 unknown :-1 s=CLOSED pgs=39 cs=0 l=1 rev1=1 crypto rx=0 tx=0 comp rx=0 tx=0).stop
2024-05-01T05:19:25.671 INFO:teuthology.orchestra.run.smithi089.stdout:/usr/bin/ceph: stderr
2024-05-01T05:19:24.875+0000 7ff8b25d6700 1 -- 172.21.15.89:0/1225294367 >> 172.21.15.89:0/1225294367 conn(0x7ff8ac102950 msgr2=0x7ff8ac104d70 unknown :-1 s=STATE_NONE l=0).mark_down
2024-05-01T05:19:25.671 INFO:teuthology.orchestra.run.smithi089.stdout:/usr/bin/ceph: stderr
2024-05-01T05:19:24.875+0000 7ff8b25d6700 1 -- 172.21.15.89:0/1225294367 shutdown_connections
2024-05-01T05:19:25.672 INFO:teuthology.orchestra.run.smithi089.stdout:/usr/bin/ceph: stderr
2024-05-01T05:19:24.875+0000 7ff8b25d6700 1 -- 172.21.15.89:0/1225294367 wait complete.
2024-05-01T05:19:25.672 INFO:teuthology.orchestra.run.smithi089.stdout:/usr/bin/ceph: stderr
2024-05-01T05:19:24.876+0000 7ff8b25d6700 1 Processor -- start
2024-05-01T05:19:25.672 INFO:teuthology.orchestra.run.smithi089.stdout:/usr/bin/ceph: stderr
2024-05-01T05:19:24.876+0000 7ff8b25d6700 1 -- start start
2024-05-01T05:19:25.672 INFO:teuthology.orchestra.run.smithi089.stdout:/usr/bin/ceph: stderr
2024-05-01T05:19:24.876+0000 7ff8b25d6700 1 --2- >> [v2:172.21.15.89:3300/0,v1:172.21.15.89:6789/0] conn(0x7ff8ac109190 0x7ff8ac192d20 unknown :-1 s=NONE pgs=0 cs=0 l=1 rev1=0 crypto rx=0 tx=0 comp rx=0 tx=0).connect
2024-05-01T05:19:25.672 INFO:teuthology.orchestra.run.smithi089.stdout:/usr/bin/ceph: stderr
2024-05-01T05:19:24.876+0000 7ff8b25d6700 1 -- --> [v2:172.21.15.89:3300/0,v1:172.21.15.89:6789/0] -- mon_getmap magic: 0 -- 0x7ff8ac10c160 con 0x7ff8ac109190
2024-05-01T05:19:25.672 INFO:teuthology.orchestra.run.smithi089.stdout:/usr/bin/ceph: stderr
2024-05-01T05:19:24.876+0000 7ff8abfff700 1 --2- >> [v2:172.21.15.89:3300/0,v1:172.21.15.89:6789/0] conn(0x7ff8ac109190 0x7ff8ac192d20 unknown :-1 s=BANNER_CONNECTING pgs=0 cs=0 l=1 rev1=0 crypto rx=0 tx=0 comp rx=0 tx=0)._handle_peer_banner_payload supported=3 required=0
2024-05-01T05:19:25.672 INFO:teuthology.orchestra.run.smithi089.stdout:/usr/bin/ceph: stderr
2024-05-01T05:19:24.876+0000 7ff8abfff700 1 --2- >> [v2:172.21.15.89:3300/0,v1:172.21.15.89:6789/0] conn(0x7ff8ac109190 0x7ff8ac192d20 unknown :-1 s=HELLO_CONNECTING pgs=0 cs=0 l=1 rev1=1 crypto rx=0 tx=0 comp rx=0 tx=0).handle_hello peer v2:172.21.15.89:3300/0 says I am v2:172.21.15.89:60258/0 (socket says 172.21.15.89:60258)
2024-05-01T05:19:25.672 INFO:teuthology.orchestra.run.smithi089.stdout:/usr/bin/ceph: stderr
2024-05-01T05:19:24.876+0000 7ff8abfff700 1 -- 172.21.15.89:0/917324187 learned_addr learned my addr 172.21.15.89:0/917324187 (peer_addr_for_me v2:172.21.15.89:0/0)
2024-05-01T05:19:25.672 INFO:teuthology.orchestra.run.smithi089.stdout:/usr/bin/ceph: stderr
2024-05-01T05:19:24.877+0000 7ff8abfff700 1 -- 172.21.15.89:0/917324187 --> [v2:172.21.15.89:3300/0,v1:172.21.15.89:6789/0] -- mon_subscribe({config=0+,monmap=0+}) -- 0x7ff8ac193260 con 0x7ff8ac109190
2024-05-01T05:19:25.672 INFO:teuthology.orchestra.run.smithi089.stdout:/usr/bin/ceph: stderr
2024-05-01T05:19:24.877+0000 7ff8abfff700 1 --2- 172.21.15.89:0/917324187 >> [v2:172.21.15.89:3300/0,v1:172.21.15.89:6789/0] conn(0x7ff8ac109190 0x7ff8ac192d20 secure :-1 s=READY pgs=40 cs=0 l=1 rev1=1 crypto rx=0x7ff89c0117b0 tx=0x7ff89c011b70 comp rx=0 tx=0).ready entity=mon.0 client_cookie=0 server_cookie=0 in_seq=0 out_seq=0
2024-05-01T05:19:25.672 INFO:teuthology.orchestra.run.smithi089.stdout:/usr/bin/ceph: stderr
2024-05-01T05:19:24.877+0000 7ff8a97fa700 1 -- 172.21.15.89:0/917324187 <== mon.0 v2:172.21.15.89:3300/0 1 ==== mon_map magic: 0 ==== 205+0+0 (secure 0 0 0) 0x7ff89c003af0 con 0x7ff8ac109190
2024-05-01T05:19:25.672 INFO:teuthology.orchestra.run.smithi089.stdout:/usr/bin/ceph: stderr
2024-05-01T05:19:24.877+0000 7ff8a97fa700 1 -- 172.21.15.89:0/917324187 <== mon.0 v2:172.21.15.89:3300/0 2 ==== config(26 keys) ==== 1070+0+0 (secure 0 0 0) 0x7ff89c020070 con 0x7ff8ac109190
2024-05-01T05:19:25.672 INFO:teuthology.orchestra.run.smithi089.stdout:/usr/bin/ceph: stderr
2024-05-01T05:19:24.877+0000 7ff8b25d6700 1 -- 172.21.15.89:0/917324187 --> [v2:172.21.15.89:3300/0,v1:172.21.15.89:6789/0] -- mon_subscribe({mgrmap=0+}) -- 0x7ff8ac191450 con 0x7ff8ac109190
2024-05-01T05:19:25.673 INFO:teuthology.orchestra.run.smithi089.stdout:/usr/bin/ceph: stderr
2024-05-01T05:19:24.877+0000 7ff8a97fa700 1 -- 172.21.15.89:0/917324187 <== mon.0 v2:172.21.15.89:3300/0 3 ==== mon_map magic: 0 ==== 205+0+0 (secure 0 0 0) 0x7ff89c019630 con 0x7ff8ac109190
2024-05-01T05:19:25.673 INFO:teuthology.orchestra.run.smithi089.stdout:/usr/bin/ceph: stderr
2024-05-01T05:19:24.877+0000 7ff8b25d6700 1 -- 172.21.15.89:0/917324187 --> [v2:172.21.15.89:3300/0,v1:172.21.15.89:6789/0] -- mon_subscribe({osdmap=0}) -- 0x7ff8ac191990 con 0x7ff8ac109190
2024-05-01T05:19:25.673 INFO:teuthology.orchestra.run.smithi089.stdout:/usr/bin/ceph: stderr
2024-05-01T05:19:24.878+0000 7ff8a97fa700 1 -- 172.21.15.89:0/917324187 <== mon.0 v2:172.21.15.89:3300/0 4 ==== mgrmap(e 8) ==== 46558+0+0 (secure 0 0 0) 0x7ff89c0198f0 con 0x7ff8ac109190
2024-05-01T05:19:25.673 INFO:teuthology.orchestra.run.smithi089.stdout:/usr/bin/ceph: stderr
2024-05-01T05:19:24.878+0000 7ff8b25d6700 1 -- 172.21.15.89:0/917324187 --> [v2:172.21.15.89:3300/0,v1:172.21.15.89:6789/0] -- mon_command({"prefix": "get_command_descriptions"} v 0) -- 0x7ff8ac06a570 con 0x7ff8ac109190
2024-05-01T05:19:25.673 INFO:teuthology.orchestra.run.smithi089.stdout:/usr/bin/ceph: stderr
2024-05-01T05:19:24.878+0000 7ff8a97fa700 1 --2- 172.21.15.89:0/917324187 >> [v2:172.21.15.89:6800/2166166702,v1:172.21.15.89:6801/2166166702] conn(0x7ff8940395b0 0x7ff89403ba70 unknown :-1 s=NONE pgs=0 cs=0 l=1 rev1=0 crypto rx=0 tx=0 comp rx=0 tx=0).connect
2024-05-01T05:19:25.673 INFO:teuthology.orchestra.run.smithi089.stdout:/usr/bin/ceph: stderr
2024-05-01T05:19:24.878+0000 7ff8a97fa700 1 -- 172.21.15.89:0/917324187 <== mon.0 v2:172.21.15.89:3300/0 5 ==== osd_map(2..2 src has 1..2) ==== 940+0+0 (secure 0 0 0) 0x7ff89c04dbb0 con 0x7ff8ac109190
2024-05-01T05:19:25.673 INFO:teuthology.orchestra.run.smithi089.stdout:/usr/bin/ceph: stderr
2024-05-01T05:19:24.878+0000 7ff8ab7fe700 1 --2- 172.21.15.89:0/917324187 >> [v2:172.21.15.89:6800/2166166702,v1:172.21.15.89:6801/2166166702] conn(0x7ff8940395b0 0x7ff89403ba70 unknown :-1 s=BANNER_CONNECTING pgs=0 cs=0 l=1 rev1=0 crypto rx=0 tx=0 comp rx=0 tx=0)._handle_peer_banner_payload supported=3 required=0
2024-05-01T05:19:25.673 INFO:teuthology.orchestra.run.smithi089.stdout:/usr/bin/ceph: stderr
2024-05-01T05:19:24.878+0000 7ff8ab7fe700 1 --2- 172.21.15.89:0/917324187 >> [v2:172.21.15.89:6800/2166166702,v1:172.21.15.89:6801/2166166702] conn(0x7ff8940395b0 0x7ff89403ba70 secure :-1 s=READY pgs=8 cs=0 l=1 rev1=1 crypto rx=0x7ff8a0006fd0 tx=0x7ff8a0006e40 comp rx=0 tx=0).ready entity=mgr.14120 client_cookie=0 server_cookie=0 in_seq=0 out_seq=0
2024-05-01T05:19:25.673 INFO:teuthology.orchestra.run.smithi089.stdout:/usr/bin/ceph: stderr
2024-05-01T05:19:24.883+0000 7ff8a97fa700 1 -- 172.21.15.89:0/917324187 <== mon.0 v2:172.21.15.89:3300/0 6 ==== mon_command_ack([{"prefix": "get_command_descriptions"}]=0 v0) ==== 72+0+188370 (secure 0 0 0) 0x7ff89c0042a0 con 0x7ff8ac109190
2024-05-01T05:19:25.673 INFO:teuthology.orchestra.run.smithi089.stdout:/usr/bin/ceph: stderr
2024-05-01T05:19:25.082+0000 7ff8b25d6700 1 -- 172.21.15.89:0/917324187 --> [v2:172.21.15.89:6800/2166166702,v1:172.21.15.89:6801/2166166702] -- mgr_command(tid 0: {"prefix": "cephadm set-user", "user": "root", "target": ["mon-mgr", ""]}) -- 0x7ff8ac196b10 con 0x7ff8940395b0
2024-05-01T05:19:25.673 INFO:teuthology.orchestra.run.smithi089.stdout:/usr/bin/ceph: stderr
2024-05-01T05:19:25.083+0000 7ff8a97fa700 1 -- 172.21.15.89:0/917324187 <== mgr.14120 v2:172.21.15.89:6800/2166166702 1 ==== mgr_command_reply(tid 0: 0 ) ==== 8+0+16 (secure 0 0 0) 0x7ff8ac196b10 con 0x7ff8940395b0
2024-05-01T05:19:25.673 INFO:teuthology.orchestra.run.smithi089.stdout:/usr/bin/ceph: stderr
2024-05-01T05:19:25.085+0000 7ff8b25d6700 1 -- 172.21.15.89:0/917324187 >> [v2:172.21.15.89:6800/2166166702,v1:172.21.15.89:6801/2166166702] conn(0x7ff8940395b0 msgr2=0x7ff89403ba70 secure :-1 s=STATE_CONNECTION_ESTABLISHED l=1).mark_down
2024-05-01T05:19:25.673 INFO:teuthology.orchestra.run.smithi089.stdout:/usr/bin/ceph: stderr
2024-05-01T05:19:25.085+0000 7ff8b25d6700 1 --2- 172.21.15.89:0/917324187 >> [v2:172.21.15.89:6800/2166166702,v1:172.21.15.89:6801/2166166702] conn(0x7ff8940395b0 0x7ff89403ba70 secure :-1 s=READY pgs=8 cs=0 l=1 rev1=1 crypto rx=0x7ff8a0006fd0 tx=0x7ff8a0006e40 comp rx=0 tx=0).stop
2024-05-01T05:19:25.674 INFO:teuthology.orchestra.run.smithi089.stdout:/usr/bin/ceph: stderr
2024-05-01T05:19:25.085+0000 7ff8b25d6700 1 -- 172.21.15.89:0/917324187 >> [v2:172.21.15.89:3300/0,v1:172.21.15.89:6789/0] conn(0x7ff8ac109190 msgr2=0x7ff8ac192d20 secure :-1 s=STATE_CONNECTION_ESTABLISHED l=1).mark_down
2024-05-01T05:19:25.674 INFO:teuthology.orchestra.run.smithi089.stdout:/usr/bin/ceph: stderr
2024-05-01T05:19:25.085+0000 7ff8b25d6700 1 --2- 172.21.15.89:0/917324187 >> [v2:172.21.15.89:3300/0,v1:172.21.15.89:6789/0] conn(0x7ff8ac109190 0x7ff8ac192d20 secure :-1 s=READY pgs=40 cs=0 l=1 rev1=1 crypto rx=0x7ff89c0117b0 tx=0x7ff89c011b70 comp rx=0 tx=0).stop
2024-05-01T05:19:25.674 INFO:teuthology.orchestra.run.smithi089.stdout:/usr/bin/ceph: stderr
2024-05-01T05:19:25.085+0000 7ff8b25d6700 1 -- 172.21.15.89:0/917324187 shutdown_connections
2024-05-01T05:19:25.674 INFO:teuthology.orchestra.run.smithi089.stdout:/usr/bin/ceph: stderr
2024-05-01T05:19:25.085+0000 7ff8b25d6700 1 --2- 172.21.15.89:0/917324187 >> [v2:172.21.15.89:6800/2166166702,v1:172.21.15.89:6801/2166166702] conn(0x7ff8940395b0 0x7ff89403ba70 unknown :-1 s=CLOSED pgs=8 cs=0 l=1 rev1=1 crypto rx=0 tx=0 comp rx=0 tx=0).stop
2024-05-01T05:19:25.674 INFO:teuthology.orchestra.run.smithi089.stdout:/usr/bin/ceph: stderr
2024-05-01T05:19:25.085+0000 7ff8b25d6700 1 --2- 172.21.15.89:0/917324187 >> [v2:172.21.15.89:3300/0,v1:172.21.15.89:6789/0] conn(0x7ff8ac109190 0x7ff8ac192d20 unknown :-1 s=CLOSED pgs=40 cs=0 l=1 rev1=1 crypto rx=0 tx=0 comp rx=0 tx=0).stop
2024-05-01T05:19:25.674 INFO:teuthology.orchestra.run.smithi089.stdout:/usr/bin/ceph: stderr
2024-05-01T05:19:25.085+0000 7ff8b25d6700 1 -- 172.21.15.89:0/917324187 >> 172.21.15.89:0/917324187 conn(0x7ff8ac102950 msgr2=0x7ff8ac103820 unknown :-1 s=STATE_NONE l=0).mark_down
2024-05-01T05:19:25.674 INFO:teuthology.orchestra.run.smithi089.stdout:/usr/bin/ceph: stderr
2024-05-01T05:19:25.085+0000 7ff8b25d6700 1 -- 172.21.15.89:0/917324187 shutdown_connections
2024-05-01T05:19:25.674 INFO:teuthology.orchestra.run.smithi089.stdout:/usr/bin/ceph: stderr
2024-05-01T05:19:25.086+0000 7ff8b25d6700 1 -- 172.21.15.89:0/917324187 wait complete.
2024-05-01T05:19:25.674 INFO:teuthology.orchestra.run.smithi089.stdout:Generating ssh key...
2024-05-01T05:19:26.032 INFO:journalctl@ceph.mon.a.smithi089.stdout:May 01 05:19:25 smithi089 ceph-mon[29997]: from='client.14132 -' entity='client.admin' cmd=[{"prefix": "orch set backend", "module_name": "cephadm", "target": ["mon-mgr", ""]}]: dispatch
2024-05-01T05:19:26.772 INFO:journalctl@ceph.mgr.x.smithi089.stdout:May 01 05:19:26 smithi089 ceph-2757384a-077a-11ef-bc93-c7b262605968-mgr-x[30226]: Generating public/private rsa key pair.
2024-05-01T05:19:26.772 INFO:journalctl@ceph.mgr.x.smithi089.stdout:May 01 05:19:26 smithi089 ceph-2757384a-077a-11ef-bc93-c7b262605968-mgr-x[30226]: Your identification has been saved in /tmp/tmp2o_be_il/key.
2024-05-01T05:19:26.772 INFO:journalctl@ceph.mgr.x.smithi089.stdout:May 01 05:19:26 smithi089 ceph-2757384a-077a-11ef-bc93-c7b262605968-mgr-x[30226]: Your public key has been saved in /tmp/tmp2o_be_il/key.pub.
2024-05-01T05:19:26.772 INFO:journalctl@ceph.mgr.x.smithi089.stdout:May 01 05:19:26 smithi089 ceph-2757384a-077a-11ef-bc93-c7b262605968-mgr-x[30226]: The key fingerprint is:
2024-05-01T05:19:26.772 INFO:journalctl@ceph.mgr.x.smithi089.stdout:May 01 05:19:26 smithi089 ceph-2757384a-077a-11ef-bc93-c7b262605968-mgr-x[30226]: SHA256:TPep6rQVTwd/gSgC5rg+qT660aV1lBgCJyvusdnIc9Y ceph-2757384a-077a-11ef-bc93-c7b262605968
2024-05-01T05:19:26.772 INFO:journalctl@ceph.mgr.x.smithi089.stdout:May 01 05:19:26 smithi089 ceph-2757384a-077a-11ef-bc93-c7b262605968-mgr-x[30226]: The key's randomart image is:
2024-05-01T05:19:26.772 INFO:journalctl@ceph.mgr.x.smithi089.stdout:May 01 05:19:26 smithi089 ceph-2757384a-077a-11ef-bc93-c7b262605968-mgr-x[30226]: +---[RSA 3072]----+
2024-05-01T05:19:26.772 INFO:journalctl@ceph.mgr.x.smithi089.stdout:May 01 05:19:26 smithi089 ceph-2757384a-077a-11ef-bc93-c7b262605968-mgr-x[30226]: |o.o .o |
2024-05-01T05:19:26.772 INFO:journalctl@ceph.mgr.x.smithi089.stdout:May 01 05:19:26 smithi089 ceph-2757384a-077a-11ef-bc93-c7b262605968-mgr-x[30226]: | + .+o.. . . |
2024-05-01T05:19:26.773 INFO:journalctl@ceph.mgr.x.smithi089.stdout:May 01 05:19:26 smithi089 ceph-2757384a-077a-11ef-bc93-c7b262605968-mgr-x[30226]: |o ...o....... . |
2024-05-01T05:19:26.773 INFO:journalctl@ceph.mgr.x.smithi089.stdout:May 01 05:19:26 smithi089 ceph-2757384a-077a-11ef-bc93-c7b262605968-mgr-x[30226]: |o .. o.... + .|
2024-05-01T05:19:26.773 INFO:journalctl@ceph.mgr.x.smithi089.stdout:May 01 05:19:26 smithi089 ceph-2757384a-077a-11ef-bc93-c7b262605968-mgr-x[30226]: | o .o . S . + o .|
2024-05-01T05:19:26.773 INFO:journalctl@ceph.mgr.x.smithi089.stdout:May 01 05:19:26 smithi089 ceph-2757384a-077a-11ef-bc93-c7b262605968-mgr-x[30226]: |o.B+o. = . . |
2024-05-01T05:19:26.773 INFO:journalctl@ceph.mgr.x.smithi089.stdout:May 01 05:19:26 smithi089 ceph-2757384a-077a-11ef-bc93-c7b262605968-mgr-x[30226]: |.BoB E . o . |
2024-05-01T05:19:26.773 INFO:journalctl@ceph.mgr.x.smithi089.stdout:May 01 05:19:26 smithi089 ceph-2757384a-077a-11ef-bc93-c7b262605968-mgr-x[30226]: | o= . . + |
2024-05-01T05:19:26.773 INFO:journalctl@ceph.mgr.x.smithi089.stdout:May 01 05:19:26 smithi089 ceph-2757384a-077a-11ef-bc93-c7b262605968-mgr-x[30226]: |=+. .+ |
2024-05-01T05:19:26.773 INFO:journalctl@ceph.mgr.x.smithi089.stdout:May 01 05:19:26 smithi089 ceph-2757384a-077a-11ef-bc93-c7b262605968-mgr-x[30226]: +----[SHA256]-----+
2024-05-01T05:19:27.114 INFO:journalctl@ceph.mon.a.smithi089.stdout:May 01 05:19:26 smithi089 ceph-mon[29997]: from='client.14134 -' entity='client.admin' cmd=[{"prefix": "cephadm set-user", "user": "root", "target": ["mon-mgr", ""]}]: dispatch
2024-05-01T05:19:27.114 INFO:journalctl@ceph.mon.a.smithi089.stdout:May 01 05:19:26 smithi089 ceph-mon[29997]: from='mgr.14120 172.21.15.89:0/2627241803' entity='mgr.x'
2024-05-01T05:19:27.115 INFO:journalctl@ceph.mon.a.smithi089.stdout:May 01 05:19:26 smithi089 ceph-mon[29997]: from='mgr.14120 172.21.15.89:0/2627241803' entity='mgr.x'
2024-05-01T05:19:27.123 INFO:teuthology.orchestra.run.smithi089.stdout:/usr/bin/ceph: stderr
2024-05-01T05:19:26.065+0000 7f56bf10a700 1 Processor -- start
2024-05-01T05:19:27.123 INFO:teuthology.orchestra.run.smithi089.stdout:/usr/bin/ceph: stderr
2024-05-01T05:19:26.065+0000 7f56bf10a700 1 -- start start
2024-05-01T05:19:27.123 INFO:teuthology.orchestra.run.smithi089.stdout:/usr/bin/ceph: stderr
2024-05-01T05:19:26.065+0000 7f56bf10a700 1 --2- >> [v2:172.21.15.89:3300/0,v1:172.21.15.89:6789/0] conn(0x7f56b8109850 0x7f56b810bc40 unknown :-1 s=NONE pgs=0 cs=0 l=0 rev1=0 crypto rx=0 tx=0 comp rx=0 tx=0).connect
2024-05-01T05:19:27.123 INFO:teuthology.orchestra.run.smithi089.stdout:/usr/bin/ceph: stderr
2024-05-01T05:19:26.065+0000 7f56bf10a700 1 -- --> [v2:172.21.15.89:3300/0,v1:172.21.15.89:6789/0] -- mon_getmap magic: 0 -- 0x7f56b807ce00 con 0x7f56b8109850
2024-05-01T05:19:27.123 INFO:teuthology.orchestra.run.smithi089.stdout:/usr/bin/ceph: stderr
2024-05-01T05:19:26.066+0000 7f56bcea6700 1 --2- >> [v2:172.21.15.89:3300/0,v1:172.21.15.89:6789/0] conn(0x7f56b8109850 0x7f56b810bc40 unknown :-1 s=BANNER_CONNECTING pgs=0 cs=0 l=0 rev1=0 crypto rx=0 tx=0 comp rx=0 tx=0)._handle_peer_banner_payload supported=3 required=0
2024-05-01T05:19:27.123 INFO:teuthology.orchestra.run.smithi089.stdout:/usr/bin/ceph: stderr
2024-05-01T05:19:26.066+0000 7f56bcea6700 1 --2- >> [v2:172.21.15.89:3300/0,v1:172.21.15.89:6789/0] conn(0x7f56b8109850 0x7f56b810bc40 unknown :-1 s=HELLO_CONNECTING pgs=0 cs=0 l=0 rev1=1 crypto rx=0 tx=0 comp rx=0 tx=0).handle_hello peer v2:172.21.15.89:3300/0 says I am v2:172.21.15.89:60272/0 (socket says 172.21.15.89:60272)
2024-05-01T05:19:27.123 INFO:teuthology.orchestra.run.smithi089.stdout:/usr/bin/ceph: stderr
2024-05-01T05:19:26.066+0000 7f56bcea6700 1 -- 172.21.15.89:0/2413944461 learned_addr learned my addr 172.21.15.89:0/2413944461 (peer_addr_for_me v2:172.21.15.89:0/0)
2024-05-01T05:19:27.123 INFO:teuthology.orchestra.run.smithi089.stdout:/usr/bin/ceph: stderr
2024-05-01T05:19:26.066+0000 7f56bcea6700 1 -- 172.21.15.89:0/2413944461 --> [v2:172.21.15.89:3300/0,v1:172.21.15.89:6789/0] -- mon_subscribe({config=0+,monmap=0+}) -- 0x7f56b810c180 con 0x7f56b8109850
2024-05-01T05:19:27.124 INFO:teuthology.orchestra.run.smithi089.stdout:/usr/bin/ceph: stderr
2024-05-01T05:19:26.066+0000 7f56bcea6700 1 --2- 172.21.15.89:0/2413944461 >> [v2:172.21.15.89:3300/0,v1:172.21.15.89:6789/0] conn(0x7f56b8109850 0x7f56b810bc40 secure :-1 s=READY pgs=41 cs=0 l=1 rev1=1 crypto rx=0x7f56a80098a0 tx=0x7f56a8009bb0 comp rx=0 tx=0).ready entity=mon.0 client_cookie=6d564980428f7765 server_cookie=0 in_seq=0 out_seq=0
2024-05-01T05:19:27.124 INFO:teuthology.orchestra.run.smithi089.stdout:/usr/bin/ceph: stderr
2024-05-01T05:19:26.066+0000 7f56b77fe700 1 -- 172.21.15.89:0/2413944461 <== mon.0 v2:172.21.15.89:3300/0 1 ==== mon_map magic: 0 ==== 205+0+0 (secure 0 0 0) 0x7f56a8004160 con 0x7f56b8109850
2024-05-01T05:19:27.124 INFO:teuthology.orchestra.run.smithi089.stdout:/usr/bin/ceph: stderr
2024-05-01T05:19:26.066+0000 7f56b77fe700 1 -- 172.21.15.89:0/2413944461 <== mon.0 v2:172.21.15.89:3300/0 2 ==== config(26 keys) ==== 1070+0+0 (secure 0 0 0) 0x7f56a8004300 con 0x7f56b8109850
2024-05-01T05:19:27.124 INFO:teuthology.orchestra.run.smithi089.stdout:/usr/bin/ceph: stderr
2024-05-01T05:19:26.066+0000 7f56b77fe700 1 -- 172.21.15.89:0/2413944461 <== mon.0 v2:172.21.15.89:3300/0 3 ==== mon_map magic: 0 ==== 205+0+0 (secure 0 0 0) 0x7f56a8011af0 con 0x7f56b8109850
2024-05-01T05:19:27.124 INFO:teuthology.orchestra.run.smithi089.stdout:/usr/bin/ceph: stderr
2024-05-01T05:19:26.067+0000 7f56bf10a700 1 -- 172.21.15.89:0/2413944461 >> [v2:172.21.15.89:3300/0,v1:172.21.15.89:6789/0] conn(0x7f56b8109850 msgr2=0x7f56b810bc40 secure :-1 s=STATE_CONNECTION_ESTABLISHED l=1).mark_down
2024-05-01T05:19:27.124 INFO:teuthology.orchestra.run.smithi089.stdout:/usr/bin/ceph: stderr
2024-05-01T05:19:26.067+0000 7f56bf10a700 1 --2- 172.21.15.89:0/2413944461 >> [v2:172.21.15.89:3300/0,v1:172.21.15.89:6789/0] conn(0x7f56b8109850 0x7f56b810bc40 secure :-1 s=READY pgs=41 cs=0 l=1 rev1=1 crypto rx=0x7f56a80098a0 tx=0x7f56a8009bb0 comp rx=0 tx=0).stop
2024-05-01T05:19:27.124 INFO:teuthology.orchestra.run.smithi089.stdout:/usr/bin/ceph: stderr
2024-05-01T05:19:26.067+0000 7f56bf10a700 1 -- 172.21.15.89:0/2413944461 shutdown_connections
2024-05-01T05:19:27.124 INFO:teuthology.orchestra.run.smithi089.stdout:/usr/bin/ceph: stderr
2024-05-01T05:19:26.067+0000 7f56bf10a700 1 --2- 172.21.15.89:0/2413944461 >> [v2:172.21.15.89:3300/0,v1:172.21.15.89:6789/0] conn(0x7f56b8109850 0x7f56b810bc40 unknown :-1 s=CLOSED pgs=41 cs=0 l=1 rev1=1 crypto rx=0 tx=0 comp rx=0 tx=0).stop
2024-05-01T05:19:27.124 INFO:teuthology.orchestra.run.smithi089.stdout:/usr/bin/ceph: stderr
2024-05-01T05:19:26.067+0000 7f56bf10a700 1 -- 172.21.15.89:0/2413944461 >> 172.21.15.89:0/2413944461 conn(0x7f56b8103200 msgr2=0x7f56b8105620 unknown :-1 s=STATE_NONE l=0).mark_down
2024-05-01T05:19:27.124 INFO:teuthology.orchestra.run.smithi089.stdout:/usr/bin/ceph: stderr
2024-05-01T05:19:26.067+0000 7f56bf10a700 1 -- 172.21.15.89:0/2413944461 shutdown_connections
2024-05-01T05:19:27.124 INFO:teuthology.orchestra.run.smithi089.stdout:/usr/bin/ceph: stderr
2024-05-01T05:19:26.067+0000 7f56bf10a700 1 -- 172.21.15.89:0/2413944461 wait complete.
2024-05-01T05:19:27.124 INFO:teuthology.orchestra.run.smithi089.stdout:/usr/bin/ceph: stderr
2024-05-01T05:19:26.067+0000 7f56bf10a700 1 Processor -- start
2024-05-01T05:19:27.125 INFO:teuthology.orchestra.run.smithi089.stdout:/usr/bin/ceph: stderr
2024-05-01T05:19:26.068+0000 7f56bf10a700 1 -- start start
2024-05-01T05:19:27.125 INFO:teuthology.orchestra.run.smithi089.stdout:/usr/bin/ceph: stderr
2024-05-01T05:19:26.068+0000 7f56bf10a700 1 --2- >> [v2:172.21.15.89:3300/0,v1:172.21.15.89:6789/0] conn(0x7f56b8109850 0x7f56b819cc40 unknown :-1 s=NONE pgs=0 cs=0 l=1 rev1=0 crypto rx=0 tx=0 comp rx=0 tx=0).connect
2024-05-01T05:19:27.125 INFO:teuthology.orchestra.run.smithi089.stdout:/usr/bin/ceph: stderr
2024-05-01T05:19:26.068+0000 7f56bf10a700 1 -- --> [v2:172.21.15.89:3300/0,v1:172.21.15.89:6789/0] -- mon_getmap magic: 0 -- 0x7f56b810d070 con 0x7f56b8109850
2024-05-01T05:19:27.125 INFO:teuthology.orchestra.run.smithi089.stdout:/usr/bin/ceph: stderr
2024-05-01T05:19:26.068+0000 7f56bcea6700 1 --2- >> [v2:172.21.15.89:3300/0,v1:172.21.15.89:6789/0] conn(0x7f56b8109850 0x7f56b819cc40 unknown :-1 s=BANNER_CONNECTING pgs=0 cs=0 l=1 rev1=0 crypto rx=0 tx=0 comp rx=0 tx=0)._handle_peer_banner_payload supported=3 required=0
2024-05-01T05:19:27.125 INFO:teuthology.orchestra.run.smithi089.stdout:/usr/bin/ceph: stderr
2024-05-01T05:19:26.068+0000 7f56bcea6700 1 --2- >> [v2:172.21.15.89:3300/0,v1:172.21.15.89:6789/0] conn(0x7f56b8109850 0x7f56b819cc40 unknown :-1 s=HELLO_CONNECTING pgs=0 cs=0 l=1 rev1=1 crypto rx=0 tx=0 comp rx=0 tx=0).handle_hello peer v2:172.21.15.89:3300/0 says I am v2:172.21.15.89:60286/0 (socket says 172.21.15.89:60286)
2024-05-01T05:19:27.125 INFO:teuthology.orchestra.run.smithi089.stdout:/usr/bin/ceph: stderr
2024-05-01T05:19:26.068+0000 7f56bcea6700 1 -- 172.21.15.89:0/2199038723 learned_addr learned my addr 172.21.15.89:0/2199038723 (peer_addr_for_me v2:172.21.15.89:0/0)
2024-05-01T05:19:27.125 INFO:teuthology.orchestra.run.smithi089.stdout:/usr/bin/ceph: stderr
2024-05-01T05:19:26.068+0000 7f56bcea6700 1 -- 172.21.15.89:0/2199038723 --> [v2:172.21.15.89:3300/0,v1:172.21.15.89:6789/0] -- mon_subscribe({config=0+,monmap=0+}) -- 0x7f56b819d180 con 0x7f56b8109850
2024-05-01T05:19:27.125 INFO:teuthology.orchestra.run.smithi089.stdout:/usr/bin/ceph: stderr
2024-05-01T05:19:26.068+0000 7f56bcea6700 1 --2- 172.21.15.89:0/2199038723 >> [v2:172.21.15.89:3300/0,v1:172.21.15.89:6789/0] conn(0x7f56b8109850 0x7f56b819cc40 secure :-1 s=READY pgs=42 cs=0 l=1 rev1=1 crypto rx=0x7f56a8011ac0 tx=0x7f56a8011ba0 comp rx=0 tx=0).ready entity=mon.0 client_cookie=0 server_cookie=0 in_seq=0 out_seq=0
2024-05-01T05:19:27.125 INFO:teuthology.orchestra.run.smithi089.stdout:/usr/bin/ceph: stderr
2024-05-01T05:19:26.068+0000 7f56b5ffb700 1 -- 172.21.15.89:0/2199038723 <== mon.0 v2:172.21.15.89:3300/0 1 ==== mon_map magic: 0 ==== 205+0+0 (secure 0 0 0) 0x7f56a8003970 con 0x7f56b8109850
2024-05-01T05:19:27.125 INFO:teuthology.orchestra.run.smithi089.stdout:/usr/bin/ceph: stderr
2024-05-01T05:19:26.068+0000 7f56b5ffb700 1 -- 172.21.15.89:0/2199038723 <== mon.0 v2:172.21.15.89:3300/0 2 ==== config(26 keys) ==== 1070+0+0 (secure 0 0 0) 0x7f56a8003b10 con 0x7f56b8109850
2024-05-01T05:19:27.125 INFO:teuthology.orchestra.run.smithi089.stdout:/usr/bin/ceph: stderr
2024-05-01T05:19:26.068+0000 7f56bf10a700 1 -- 172.21.15.89:0/2199038723 --> [v2:172.21.15.89:3300/0,v1:172.21.15.89:6789/0] -- mon_subscribe({mgrmap=0+}) -- 0x7f56b819d410 con 0x7f56b8109850
2024-05-01T05:19:27.125 INFO:teuthology.orchestra.run.smithi089.stdout:/usr/bin/ceph: stderr
2024-05-01T05:19:26.068+0000 7f56b5ffb700 1 -- 172.21.15.89:0/2199038723 <== mon.0 v2:172.21.15.89:3300/0 3 ==== mon_map magic: 0 ==== 205+0+0 (secure 0 0 0) 0x7f56a8024610 con 0x7f56b8109850
2024-05-01T05:19:27.125 INFO:teuthology.orchestra.run.smithi089.stdout:/usr/bin/ceph: stderr
2024-05-01T05:19:26.069+0000 7f56bf10a700 1 -- 172.21.15.89:0/2199038723 --> [v2:172.21.15.89:3300/0,v1:172.21.15.89:6789/0] -- mon_subscribe({osdmap=0}) -- 0x7f56b81a0100 con 0x7f56b8109850
2024-05-01T05:19:27.125 INFO:teuthology.orchestra.run.smithi089.stdout:/usr/bin/ceph: stderr
2024-05-01T05:19:26.069+0000 7f56b5ffb700 1 -- 172.21.15.89:0/2199038723 <== mon.0 v2:172.21.15.89:3300/0 4 ==== mgrmap(e 8) ==== 46558+0+0 (secure 0 0 0) 0x7f56a8024890 con 0x7f56b8109850
2024-05-01T05:19:27.126 INFO:teuthology.orchestra.run.smithi089.stdout:/usr/bin/ceph: stderr
