2024-05-08T12:28:50.526+0000 7f20b9600700 1 --2- 172.21.15.39:0/128725477 >> [v2:172.21.15.39:3300/0,v1:172.21.15.39:6789/0] conn(0x7f20b4101740 0x7f20b4101b50 secure :-1 s=READY pgs=80 cs=0 l=1 rev1=1 crypto rx=0x7f20a400bb80 tx=0x7f20a400b4f0 comp rx=0 tx=0).stop
2024-05-08T12:28:51.631 INFO:teuthology.orchestra.run.smithi039.stdout:/usr/bin/ceph: stderr
2024-05-08T12:28:50.526+0000 7f20b9600700 1 -- 172.21.15.39:0/128725477 shutdown_connections
2024-05-08T12:28:51.632 INFO:teuthology.orchestra.run.smithi039.stdout:/usr/bin/ceph: stderr
2024-05-08T12:28:50.526+0000 7f20b9600700 1 --2- 172.21.15.39:0/128725477 >> [v2:172.21.15.39:3300/0,v1:172.21.15.39:6789/0] conn(0x7f20b4101740 0x7f20b4101b50 unknown :-1 s=CLOSED pgs=80 cs=0 l=1 rev1=1 crypto rx=0 tx=0 comp rx=0 tx=0).stop
2024-05-08T12:28:51.632 INFO:teuthology.orchestra.run.smithi039.stdout:/usr/bin/ceph: stderr
2024-05-08T12:28:50.526+0000 7f20b9600700 1 -- 172.21.15.39:0/128725477 >> 172.21.15.39:0/128725477 conn(0x7f20b40fcec0 msgr2=0x7f20b40ff2d0 unknown :-1 s=STATE_NONE l=0).mark_down
2024-05-08T12:28:51.632 INFO:teuthology.orchestra.run.smithi039.stdout:/usr/bin/ceph: stderr
2024-05-08T12:28:50.526+0000 7f20b9600700 1 -- 172.21.15.39:0/128725477 shutdown_connections
2024-05-08T12:28:51.632 INFO:teuthology.orchestra.run.smithi039.stdout:/usr/bin/ceph: stderr
2024-05-08T12:28:50.527+0000 7f20b9600700 1 -- 172.21.15.39:0/128725477 wait complete.
2024-05-08T12:28:51.632 INFO:teuthology.orchestra.run.smithi039.stdout:/usr/bin/ceph: stderr
2024-05-08T12:28:50.527+0000 7f20b9600700 1 Processor -- start
2024-05-08T12:28:51.632 INFO:teuthology.orchestra.run.smithi039.stdout:/usr/bin/ceph: stderr
2024-05-08T12:28:50.528+0000 7f20b9600700 1 -- start start
2024-05-08T12:28:51.632 INFO:teuthology.orchestra.run.smithi039.stdout:/usr/bin/ceph: stderr
2024-05-08T12:28:50.528+0000 7f20b9600700 1 --2- >> [v2:172.21.15.39:3300/0,v1:172.21.15.39:6789/0] conn(0x7f20b4101740 0x7f20b4113780 unknown :-1 s=NONE pgs=0 cs=0 l=1 rev1=0 crypto rx=0 tx=0 comp rx=0 tx=0).connect
2024-05-08T12:28:51.632 INFO:teuthology.orchestra.run.smithi039.stdout:/usr/bin/ceph: stderr
2024-05-08T12:28:50.528+0000 7f20b9600700 1 -- --> [v2:172.21.15.39:3300/0,v1:172.21.15.39:6789/0] -- mon_getmap magic: 0 v1 -- 0x7f20b4113cc0 con 0x7f20b4101740
2024-05-08T12:28:51.632 INFO:teuthology.orchestra.run.smithi039.stdout:/usr/bin/ceph: stderr
2024-05-08T12:28:50.528+0000 7f20b2a00700 1 --2- >> [v2:172.21.15.39:3300/0,v1:172.21.15.39:6789/0] conn(0x7f20b4101740 0x7f20b4113780 unknown :-1 s=BANNER_CONNECTING pgs=0 cs=0 l=1 rev1=0 crypto rx=0 tx=0 comp rx=0 tx=0)._handle_peer_banner_payload supported=3 required=0
2024-05-08T12:28:51.632 INFO:teuthology.orchestra.run.smithi039.stdout:/usr/bin/ceph: stderr
2024-05-08T12:28:50.528+0000 7f20b2a00700 1 --2- >> [v2:172.21.15.39:3300/0,v1:172.21.15.39:6789/0] conn(0x7f20b4101740 0x7f20b4113780 unknown :-1 s=HELLO_CONNECTING pgs=0 cs=0 l=1 rev1=1 crypto rx=0 tx=0 comp rx=0 tx=0).handle_hello peer v2:172.21.15.39:3300/0 says I am v2:172.21.15.39:48634/0 (socket says 172.21.15.39:48634)
2024-05-08T12:28:51.632 INFO:teuthology.orchestra.run.smithi039.stdout:/usr/bin/ceph: stderr
2024-05-08T12:28:50.528+0000 7f20b2a00700 1 -- 172.21.15.39:0/3699784571 learned_addr learned my addr 172.21.15.39:0/3699784571 (peer_addr_for_me v2:172.21.15.39:0/0)
2024-05-08T12:28:51.632 INFO:teuthology.orchestra.run.smithi039.stdout:/usr/bin/ceph: stderr
2024-05-08T12:28:50.529+0000 7f20b2a00700 1 -- 172.21.15.39:0/3699784571 --> [v2:172.21.15.39:3300/0,v1:172.21.15.39:6789/0] -- mon_subscribe({config=0+,monmap=0+}) v3 -- 0x7f20a400b790 con 0x7f20b4101740
2024-05-08T12:28:51.632 INFO:teuthology.orchestra.run.smithi039.stdout:/usr/bin/ceph: stderr
2024-05-08T12:28:50.529+0000 7f20b2a00700 1 --2- 172.21.15.39:0/3699784571 >> [v2:172.21.15.39:3300/0,v1:172.21.15.39:6789/0] conn(0x7f20b4101740 0x7f20b4113780 secure :-1 s=READY pgs=81 cs=0 l=1 rev1=1 crypto rx=0x7f20a40106a0 tx=0x7f20a400b4f0 comp rx=0 tx=0).ready entity=mon.0 client_cookie=0 server_cookie=0 in_seq=0 out_seq=0
2024-05-08T12:28:51.633 INFO:teuthology.orchestra.run.smithi039.stdout:/usr/bin/ceph: stderr
2024-05-08T12:28:50.529+0000 7f20aaa00700 1 -- 172.21.15.39:0/3699784571 <== mon.0 v2:172.21.15.39:3300/0 1 ==== mon_map magic: 0 v1 ==== 229+0+0 (secure 0 0 0) 0x7f20a4018e90 con 0x7f20b4101740
2024-05-08T12:28:51.633 INFO:teuthology.orchestra.run.smithi039.stdout:/usr/bin/ceph: stderr
2024-05-08T12:28:50.529+0000 7f20b9600700 1 -- 172.21.15.39:0/3699784571 --> [v2:172.21.15.39:3300/0,v1:172.21.15.39:6789/0] -- mon_subscribe({mgrmap=0+}) v3 -- 0x7f20b4113ec0 con 0x7f20b4101740
2024-05-08T12:28:51.633 INFO:teuthology.orchestra.run.smithi039.stdout:/usr/bin/ceph: stderr
2024-05-08T12:28:50.529+0000 7f20aaa00700 1 -- 172.21.15.39:0/3699784571 <== mon.0 v2:172.21.15.39:3300/0 2 ==== config(27 keys) v1 ==== 1109+0+0 (secure 0 0 0) 0x7f20a4010c30 con 0x7f20b4101740
2024-05-08T12:28:51.633 INFO:teuthology.orchestra.run.smithi039.stdout:/usr/bin/ceph: stderr
2024-05-08T12:28:50.529+0000 7f20aaa00700 1 -- 172.21.15.39:0/3699784571 <== mon.0 v2:172.21.15.39:3300/0 3 ==== mon_map magic: 0 v1 ==== 229+0+0 (secure 0 0 0) 0x7f20a4021530 con 0x7f20b4101740
2024-05-08T12:28:51.633 INFO:teuthology.orchestra.run.smithi039.stdout:/usr/bin/ceph: stderr
2024-05-08T12:28:50.530+0000 7f20b9600700 1 -- 172.21.15.39:0/3699784571 --> [v2:172.21.15.39:3300/0,v1:172.21.15.39:6789/0] -- mon_subscribe({osdmap=0}) v3 -- 0x7f20b4114a30 con 0x7f20b4101740
2024-05-08T12:28:51.633 INFO:teuthology.orchestra.run.smithi039.stdout:/usr/bin/ceph: stderr
2024-05-08T12:28:50.531+0000 7f20b9600700 1 -- 172.21.15.39:0/3699784571 --> [v2:172.21.15.39:3300/0,v1:172.21.15.39:6789/0] -- mon_command({"prefix": "get_command_descriptions"} v 0) v1 -- 0x7f20b405f5c0 con 0x7f20b4101740
2024-05-08T12:28:51.633 INFO:teuthology.orchestra.run.smithi039.stdout:/usr/bin/ceph: stderr
2024-05-08T12:28:50.531+0000 7f20aaa00700 1 -- 172.21.15.39:0/3699784571 <== mon.0 v2:172.21.15.39:3300/0 4 ==== mgrmap(e 12) v1 ==== 43389+0+0 (secure 0 0 0) 0x7f20a4022a50 con 0x7f20b4101740
2024-05-08T12:28:51.633 INFO:teuthology.orchestra.run.smithi039.stdout:/usr/bin/ceph: stderr
2024-05-08T12:28:50.532+0000 7f20aaa00700 1 --2- 172.21.15.39:0/3699784571 >> [v2:172.21.15.39:6800/3211029862,v1:172.21.15.39:6801/3211029862] conn(0x7f20980368f0 0x7f2098038da0 unknown :-1 s=NONE pgs=0 cs=0 l=1 rev1=0 crypto rx=0 tx=0 comp rx=0 tx=0).connect
2024-05-08T12:28:51.633 INFO:teuthology.orchestra.run.smithi039.stdout:/usr/bin/ceph: stderr
2024-05-08T12:28:50.532+0000 7f20aaa00700 1 -- 172.21.15.39:0/3699784571 <== mon.0 v2:172.21.15.39:3300/0 5 ==== osd_map(3..3 src has 1..3) v4 ==== 1151+0+0 (secure 0 0 0) 0x7f20a4014070 con 0x7f20b4101740
2024-05-08T12:28:51.633 INFO:teuthology.orchestra.run.smithi039.stdout:/usr/bin/ceph: stderr
2024-05-08T12:28:50.532+0000 7f20b2000700 1 --2- 172.21.15.39:0/3699784571 >> [v2:172.21.15.39:6800/3211029862,v1:172.21.15.39:6801/3211029862] conn(0x7f20980368f0 0x7f2098038da0 unknown :-1 s=BANNER_CONNECTING pgs=0 cs=0 l=1 rev1=0 crypto rx=0 tx=0 comp rx=0 tx=0)._handle_peer_banner_payload supported=3 required=0
2024-05-08T12:28:51.633 INFO:teuthology.orchestra.run.smithi039.stdout:/usr/bin/ceph: stderr
2024-05-08T12:28:50.533+0000 7f20b2000700 1 --2- 172.21.15.39:0/3699784571 >> [v2:172.21.15.39:6800/3211029862,v1:172.21.15.39:6801/3211029862] conn(0x7f20980368f0 0x7f2098038da0 secure :-1 s=READY pgs=7 cs=0 l=1 rev1=1 crypto rx=0x7f20a0009990 tx=0x7f20a0006e40 comp rx=0 tx=0).ready entity=mgr.14162 client_cookie=0 server_cookie=0 in_seq=0 out_seq=0
2024-05-08T12:28:51.633 INFO:teuthology.orchestra.run.smithi039.stdout:/usr/bin/ceph: stderr
2024-05-08T12:28:50.537+0000 7f20aaa00700 1 -- 172.21.15.39:0/3699784571 <== mon.0 v2:172.21.15.39:3300/0 6 ==== mon_command_ack([{"prefix": "get_command_descriptions"}]=0 v0) v1 ==== 72+0+176702 (secure 0 0 0) 0x7f20a4021690 con 0x7f20b4101740
2024-05-08T12:28:51.633 INFO:teuthology.orchestra.run.smithi039.stdout:/usr/bin/ceph: stderr
2024-05-08T12:28:50.765+0000 7f20b9600700 1 -- 172.21.15.39:0/3699784571 --> [v2:172.21.15.39:6800/3211029862,v1:172.21.15.39:6801/3211029862] -- mgr_command(tid 0: {"prefix": "dashboard create-self-signed-cert", "target": ["mon-mgr", ""]}) v1 -- 0x7f20b4114e40 con 0x7f20980368f0
2024-05-08T12:28:51.633 INFO:teuthology.orchestra.run.smithi039.stdout:/usr/bin/ceph: stderr
2024-05-08T12:28:50.910+0000 7f20aaa00700 1 -- 172.21.15.39:0/3699784571 <== mgr.14162 v2:172.21.15.39:6800/3211029862 1 ==== mgr_command_reply(tid 0: 0 ) v1 ==== 8+0+32 (secure 0 0 0) 0x7f20b4114e40 con 0x7f20980368f0
2024-05-08T12:28:51.634 INFO:teuthology.orchestra.run.smithi039.stdout:/usr/bin/ceph: stderr
2024-05-08T12:28:50.913+0000 7f20b9600700 1 -- 172.21.15.39:0/3699784571 >> [v2:172.21.15.39:6800/3211029862,v1:172.21.15.39:6801/3211029862] conn(0x7f20980368f0 msgr2=0x7f2098038da0 secure :-1 s=STATE_CONNECTION_ESTABLISHED l=1).mark_down
2024-05-08T12:28:51.634 INFO:teuthology.orchestra.run.smithi039.stdout:/usr/bin/ceph: stderr
2024-05-08T12:28:50.913+0000 7f20b9600700 1 --2- 172.21.15.39:0/3699784571 >> [v2:172.21.15.39:6800/3211029862,v1:172.21.15.39:6801/3211029862] conn(0x7f20980368f0 0x7f2098038da0 secure :-1 s=READY pgs=7 cs=0 l=1 rev1=1 crypto rx=0x7f20a0009990 tx=0x7f20a0006e40 comp rx=0 tx=0).stop
2024-05-08T12:28:51.634 INFO:teuthology.orchestra.run.smithi039.stdout:/usr/bin/ceph: stderr
2024-05-08T12:28:50.913+0000 7f20b9600700 1 -- 172.21.15.39:0/3699784571 >> [v2:172.21.15.39:3300/0,v1:172.21.15.39:6789/0] conn(0x7f20b4101740 msgr2=0x7f20b4113780 secure :-1 s=STATE_CONNECTION_ESTABLISHED l=1).mark_down
2024-05-08T12:28:51.634 INFO:teuthology.orchestra.run.smithi039.stdout:/usr/bin/ceph: stderr
2024-05-08T12:28:50.913+0000 7f20b9600700 1 --2- 172.21.15.39:0/3699784571 >> [v2:172.21.15.39:3300/0,v1:172.21.15.39:6789/0] conn(0x7f20b4101740 0x7f20b4113780 secure :-1 s=READY pgs=81 cs=0 l=1 rev1=1 crypto rx=0x7f20a40106a0 tx=0x7f20a400b4f0 comp rx=0 tx=0).stop
2024-05-08T12:28:51.634 INFO:teuthology.orchestra.run.smithi039.stdout:/usr/bin/ceph: stderr
2024-05-08T12:28:50.913+0000 7f20b9600700 1 -- 172.21.15.39:0/3699784571 shutdown_connections
2024-05-08T12:28:51.634 INFO:teuthology.orchestra.run.smithi039.stdout:/usr/bin/ceph: stderr
2024-05-08T12:28:50.913+0000 7f20b9600700 1 --2- 172.21.15.39:0/3699784571 >> [v2:172.21.15.39:6800/3211029862,v1:172.21.15.39:6801/3211029862] conn(0x7f20980368f0 0x7f2098038da0 unknown :-1 s=CLOSED pgs=7 cs=0 l=1 rev1=1 crypto rx=0 tx=0 comp rx=0 tx=0).stop
2024-05-08T12:28:51.634 INFO:teuthology.orchestra.run.smithi039.stdout:/usr/bin/ceph: stderr
2024-05-08T12:28:50.913+0000 7f20b9600700 1 --2- 172.21.15.39:0/3699784571 >> [v2:172.21.15.39:3300/0,v1:172.21.15.39:6789/0] conn(0x7f20b4101740 0x7f20b4113780 unknown :-1 s=CLOSED pgs=81 cs=0 l=1 rev1=1 crypto rx=0 tx=0 comp rx=0 tx=0).stop
2024-05-08T12:28:51.634 INFO:teuthology.orchestra.run.smithi039.stdout:/usr/bin/ceph: stderr
2024-05-08T12:28:50.913+0000 7f20b9600700 1 -- 172.21.15.39:0/3699784571 >> 172.21.15.39:0/3699784571 conn(0x7f20b40fcec0 msgr2=0x7f20b4109f90 unknown :-1 s=STATE_NONE l=0).mark_down
2024-05-08T12:28:51.634 INFO:teuthology.orchestra.run.smithi039.stdout:/usr/bin/ceph: stderr
2024-05-08T12:28:50.913+0000 7f20b9600700 1 -- 172.21.15.39:0/3699784571 shutdown_connections
2024-05-08T12:28:51.634 INFO:teuthology.orchestra.run.smithi039.stdout:/usr/bin/ceph: stderr
2024-05-08T12:28:50.913+0000 7f20b9600700 1 -- 172.21.15.39:0/3699784571 wait complete.
2024-05-08T12:28:51.634 INFO:teuthology.orchestra.run.smithi039.stdout:Creating initial admin user...
2024-05-08T12:28:52.164 INFO:journalctl@ceph.mon.smithi039.smithi039.stdout:May 08 12:28:51 smithi039 ceph-mon[26649]: from='client.14174 -' entity='client.admin' cmd=[{"prefix": "dashboard create-self-signed-cert", "target": ["mon-mgr", ""]}]: dispatch
2024-05-08T12:28:52.164 INFO:journalctl@ceph.mon.smithi039.smithi039.stdout:May 08 12:28:51 smithi039 ceph-mon[26649]: from='mgr.14162 172.21.15.39:0/715997556' entity='mgr.smithi039.irnpbi'
2024-05-08T12:28:52.164 INFO:journalctl@ceph.mon.smithi039.smithi039.stdout:May 08 12:28:51 smithi039 ceph-mon[26649]: from='mgr.14162 172.21.15.39:0/715997556' entity='mgr.smithi039.irnpbi'
2024-05-08T12:28:52.164 INFO:journalctl@ceph.mon.smithi039.smithi039.stdout:May 08 12:28:51 smithi039 ceph-mon[26649]: from='mgr.14162 172.21.15.39:0/715997556' entity='mgr.smithi039.irnpbi'
2024-05-08T12:28:54.059 INFO:journalctl@ceph.mon.smithi039.smithi039.stdout:May 08 12:28:53 smithi039 ceph-mon[26649]: from='client.14176 -' entity='client.admin' cmd=[{"prefix": "dashboard ac-user-create", "username": "admin", "rolename": "administrator", "force_password": true, "pwd_update_required": true, "target": ["mon-mgr", ""]}]: dispatch
2024-05-08T12:28:54.059 INFO:journalctl@ceph.mon.smithi039.smithi039.stdout:May 08 12:28:53 smithi039 ceph-mon[26649]: from='mgr.14162 172.21.15.39:0/715997556' entity='mgr.smithi039.irnpbi'
2024-05-08T12:28:54.077 INFO:teuthology.orchestra.run.smithi039.stdout:/usr/bin/ceph: stdout {"username": "admin", "password": "$2b$12$eKsH0trPaPaN80zBPSO7bO99BOJwyeknxInrxlLZImD.JiYt/ridq", "roles": ["administrator"], "name": null, "email": null, "lastUpdate": 1715171332, "enabled": true, "pwdExpirationDate": null, "pwdUpdateRequired": true}
2024-05-08T12:28:54.077 INFO:teuthology.orchestra.run.smithi039.stdout:/usr/bin/ceph: stderr
2024-05-08T12:28:52.195+0000 7efdec600700 1 Processor -- start
2024-05-08T12:28:54.077 INFO:teuthology.orchestra.run.smithi039.stdout:/usr/bin/ceph: stderr
2024-05-08T12:28:52.196+0000 7efdec600700 1 -- start start
2024-05-08T12:28:54.077 INFO:teuthology.orchestra.run.smithi039.stdout:/usr/bin/ceph: stderr
2024-05-08T12:28:52.196+0000 7efdec600700 1 --2- >> [v2:172.21.15.39:3300/0,v1:172.21.15.39:6789/0] conn(0x7efde4077ba0 0x7efde4076100 unknown :-1 s=NONE pgs=0 cs=0 l=0 rev1=0 crypto rx=0 tx=0 comp rx=0 tx=0).connect
2024-05-08T12:28:54.077 INFO:teuthology.orchestra.run.smithi039.stdout:/usr/bin/ceph: stderr
2024-05-08T12:28:52.196+0000 7efdec600700 1 -- --> [v2:172.21.15.39:3300/0,v1:172.21.15.39:6789/0] -- mon_getmap magic: 0 v1 -- 0x7efde4077fb0 con 0x7efde4077ba0
2024-05-08T12:28:54.077 INFO:teuthology.orchestra.run.smithi039.stdout:/usr/bin/ceph: stderr
2024-05-08T12:28:52.196+0000 7efde9c00700 1 --2- >> [v2:172.21.15.39:3300/0,v1:172.21.15.39:6789/0] conn(0x7efde4077ba0 0x7efde4076100 unknown :-1 s=BANNER_CONNECTING pgs=0 cs=0 l=0 rev1=0 crypto rx=0 tx=0 comp rx=0 tx=0)._handle_peer_banner_payload supported=3 required=0
2024-05-08T12:28:54.077 INFO:teuthology.orchestra.run.smithi039.stdout:/usr/bin/ceph: stderr
2024-05-08T12:28:52.196+0000 7efde9c00700 1 --2- >> [v2:172.21.15.39:3300/0,v1:172.21.15.39:6789/0] conn(0x7efde4077ba0 0x7efde4076100 unknown :-1 s=HELLO_CONNECTING pgs=0 cs=0 l=0 rev1=1 crypto rx=0 tx=0 comp rx=0 tx=0).handle_hello peer v2:172.21.15.39:3300/0 says I am v2:172.21.15.39:43156/0 (socket says 172.21.15.39:43156)
2024-05-08T12:28:54.077 INFO:teuthology.orchestra.run.smithi039.stdout:/usr/bin/ceph: stderr
2024-05-08T12:28:52.196+0000 7efde9c00700 1 -- 172.21.15.39:0/2320328503 learned_addr learned my addr 172.21.15.39:0/2320328503 (peer_addr_for_me v2:172.21.15.39:0/0)
2024-05-08T12:28:54.077 INFO:teuthology.orchestra.run.smithi039.stdout:/usr/bin/ceph: stderr
2024-05-08T12:28:52.197+0000 7efde9c00700 1 -- 172.21.15.39:0/2320328503 --> [v2:172.21.15.39:3300/0,v1:172.21.15.39:6789/0] -- mon_subscribe({config=0+,monmap=0+}) v3 -- 0x7efde4076640 con 0x7efde4077ba0
2024-05-08T12:28:54.077 INFO:teuthology.orchestra.run.smithi039.stdout:/usr/bin/ceph: stderr
2024-05-08T12:28:52.197+0000 7efde9c00700 1 --2- 172.21.15.39:0/2320328503 >> [v2:172.21.15.39:3300/0,v1:172.21.15.39:6789/0] conn(0x7efde4077ba0 0x7efde4076100 secure :-1 s=READY pgs=82 cs=0 l=1 rev1=1 crypto rx=0x7efdd80098e0 tx=0x7efdd8009250 comp rx=0 tx=0).ready entity=mon.0 client_cookie=b0bd83c51138a86d server_cookie=0 in_seq=0 out_seq=0
2024-05-08T12:28:54.077 INFO:teuthology.orchestra.run.smithi039.stdout:/usr/bin/ceph: stderr
2024-05-08T12:28:52.198+0000 7efde3e00700 1 -- 172.21.15.39:0/2320328503 <== mon.0 v2:172.21.15.39:3300/0 1 ==== mon_map magic: 0 v1 ==== 229+0+0 (secure 0 0 0) 0x7efdd800b860 con 0x7efde4077ba0
2024-05-08T12:28:54.077 INFO:teuthology.orchestra.run.smithi039.stdout:/usr/bin/ceph: stderr
2024-05-08T12:28:52.198+0000 7efde3e00700 1 -- 172.21.15.39:0/2320328503 <== mon.0 v2:172.21.15.39:3300/0 2 ==== config(27 keys) v1 ==== 1109+0+0 (secure 0 0 0) 0x7efdd800be90 con 0x7efde4077ba0
2024-05-08T12:28:54.077 INFO:teuthology.orchestra.run.smithi039.stdout:/usr/bin/ceph: stderr
2024-05-08T12:28:52.198+0000 7efde3e00700 1 -- 172.21.15.39:0/2320328503 <== mon.0 v2:172.21.15.39:3300/0 3 ==== mon_map magic: 0 v1 ==== 229+0+0 (secure 0 0 0) 0x7efdd80103c0 con 0x7efde4077ba0
2024-05-08T12:28:54.078 INFO:teuthology.orchestra.run.smithi039.stdout:/usr/bin/ceph: stderr
2024-05-08T12:28:52.199+0000 7efdec600700 1 -- 172.21.15.39:0/2320328503 >> [v2:172.21.15.39:3300/0,v1:172.21.15.39:6789/0] conn(0x7efde4077ba0 msgr2=0x7efde4076100 secure :-1 s=STATE_CONNECTION_ESTABLISHED l=1).mark_down
2024-05-08T12:28:54.078 INFO:teuthology.orchestra.run.smithi039.stdout:/usr/bin/ceph: stderr
2024-05-08T12:28:52.199+0000 7efdec600700 1 --2- 172.21.15.39:0/2320328503 >> [v2:172.21.15.39:3300/0,v1:172.21.15.39:6789/0] conn(0x7efde4077ba0 0x7efde4076100 secure :-1 s=READY pgs=82 cs=0 l=1 rev1=1 crypto rx=0x7efdd80098e0 tx=0x7efdd8009250 comp rx=0 tx=0).stop
2024-05-08T12:28:54.078 INFO:teuthology.orchestra.run.smithi039.stdout:/usr/bin/ceph: stderr
2024-05-08T12:28:52.199+0000 7efdec600700 1 -- 172.21.15.39:0/2320328503 shutdown_connections
2024-05-08T12:28:54.078 INFO:teuthology.orchestra.run.smithi039.stdout:/usr/bin/ceph: stderr
2024-05-08T12:28:52.199+0000 7efdec600700 1 --2- 172.21.15.39:0/2320328503 >> [v2:172.21.15.39:3300/0,v1:172.21.15.39:6789/0] conn(0x7efde4077ba0 0x7efde4076100 unknown :-1 s=CLOSED pgs=82 cs=0 l=1 rev1=1 crypto rx=0 tx=0 comp rx=0 tx=0).stop
2024-05-08T12:28:54.078 INFO:teuthology.orchestra.run.smithi039.stdout:/usr/bin/ceph: stderr
2024-05-08T12:28:52.199+0000 7efdec600700 1 -- 172.21.15.39:0/2320328503 >> 172.21.15.39:0/2320328503 conn(0x7efde40fdf90 msgr2=0x7efde41003c0 unknown :-1 s=STATE_NONE l=0).mark_down
2024-05-08T12:28:54.078 INFO:teuthology.orchestra.run.smithi039.stdout:/usr/bin/ceph: stderr
2024-05-08T12:28:52.199+0000 7efdec600700 1 -- 172.21.15.39:0/2320328503 shutdown_connections
2024-05-08T12:28:54.078 INFO:teuthology.orchestra.run.smithi039.stdout:/usr/bin/ceph: stderr
2024-05-08T12:28:52.199+0000 7efdec600700 1 -- 172.21.15.39:0/2320328503 wait complete.
2024-05-08T12:28:54.078 INFO:teuthology.orchestra.run.smithi039.stdout:/usr/bin/ceph: stderr
2024-05-08T12:28:52.200+0000 7efdec600700 1 Processor -- start
2024-05-08T12:28:54.078 INFO:teuthology.orchestra.run.smithi039.stdout:/usr/bin/ceph: stderr
2024-05-08T12:28:52.200+0000 7efdec600700 1 -- start start
2024-05-08T12:28:54.078 INFO:teuthology.orchestra.run.smithi039.stdout:/usr/bin/ceph: stderr
2024-05-08T12:28:52.201+0000 7efdec600700 1 --2- >> [v2:172.21.15.39:3300/0,v1:172.21.15.39:6789/0] conn(0x7efde4077ba0 0x7efde4113820 unknown :-1 s=NONE pgs=0 cs=0 l=1 rev1=0 crypto rx=0 tx=0 comp rx=0 tx=0).connect
2024-05-08T12:28:54.078 INFO:teuthology.orchestra.run.smithi039.stdout:/usr/bin/ceph: stderr
2024-05-08T12:28:52.201+0000 7efdec600700 1 -- --> [v2:172.21.15.39:3300/0,v1:172.21.15.39:6789/0] -- mon_getmap magic: 0 v1 -- 0x7efde4113d60 con 0x7efde4077ba0
2024-05-08T12:28:54.078 INFO:teuthology.orchestra.run.smithi039.stdout:/usr/bin/ceph: stderr
2024-05-08T12:28:52.201+0000 7efde9c00700 1 --2- >> [v2:172.21.15.39:3300/0,v1:172.21.15.39:6789/0] conn(0x7efde4077ba0 0x7efde4113820 unknown :-1 s=BANNER_CONNECTING pgs=0 cs=0 l=1 rev1=0 crypto rx=0 tx=0 comp rx=0 tx=0)._handle_peer_banner_payload supported=3 required=0
2024-05-08T12:28:54.078 INFO:teuthology.orchestra.run.smithi039.stdout:/usr/bin/ceph: stderr
2024-05-08T12:28:52.201+0000 7efde9c00700 1 --2- >> [v2:172.21.15.39:3300/0,v1:172.21.15.39:6789/0] conn(0x7efde4077ba0 0x7efde4113820 unknown :-1 s=HELLO_CONNECTING pgs=0 cs=0 l=1 rev1=1 crypto rx=0 tx=0 comp rx=0 tx=0).handle_hello peer v2:172.21.15.39:3300/0 says I am v2:172.21.15.39:43160/0 (socket says 172.21.15.39:43160)
2024-05-08T12:28:54.078 INFO:teuthology.orchestra.run.smithi039.stdout:/usr/bin/ceph: stderr
2024-05-08T12:28:52.201+0000 7efde9c00700 1 -- 172.21.15.39:0/2653045926 learned_addr learned my addr 172.21.15.39:0/2653045926 (peer_addr_for_me v2:172.21.15.39:0/0)
2024-05-08T12:28:54.078 INFO:teuthology.orchestra.run.smithi039.stdout:/usr/bin/ceph: stderr
2024-05-08T12:28:52.201+0000 7efde9c00700 1 -- 172.21.15.39:0/2653045926 --> [v2:172.21.15.39:3300/0,v1:172.21.15.39:6789/0] -- mon_subscribe({config=0+,monmap=0+}) v3 -- 0x7efdd80094f0 con 0x7efde4077ba0
2024-05-08T12:28:54.079 INFO:teuthology.orchestra.run.smithi039.stdout:/usr/bin/ceph: stderr
2024-05-08T12:28:52.202+0000 7efde9c00700 1 --2- 172.21.15.39:0/2653045926 >> [v2:172.21.15.39:3300/0,v1:172.21.15.39:6789/0] conn(0x7efde4077ba0 0x7efde4113820 secure :-1 s=READY pgs=83 cs=0 l=1 rev1=1 crypto rx=0x7efdd8006d40 tx=0x7efdd8009250 comp rx=0 tx=0).ready entity=mon.0 client_cookie=0 server_cookie=0 in_seq=0 out_seq=0
2024-05-08T12:28:54.079 INFO:teuthology.orchestra.run.smithi039.stdout:/usr/bin/ceph: stderr
2024-05-08T12:28:52.202+0000 7efde1600700 1 -- 172.21.15.39:0/2653045926 <== mon.0 v2:172.21.15.39:3300/0 1 ==== mon_map magic: 0 v1 ==== 229+0+0 (secure 0 0 0) 0x7efdd8010840 con 0x7efde4077ba0
2024-05-08T12:28:54.079 INFO:teuthology.orchestra.run.smithi039.stdout:/usr/bin/ceph: stderr
2024-05-08T12:28:52.202+0000 7efde1600700 1 -- 172.21.15.39:0/2653045926 <== mon.0 v2:172.21.15.39:3300/0 2 ==== config(27 keys) v1 ==== 1109+0+0 (secure 0 0 0) 0x7efdd8010e70 con 0x7efde4077ba0
2024-05-08T12:28:54.079 INFO:teuthology.orchestra.run.smithi039.stdout:/usr/bin/ceph: stderr
2024-05-08T12:28:52.202+0000 7efdec600700 1 -- 172.21.15.39:0/2653045926 --> [v2:172.21.15.39:3300/0,v1:172.21.15.39:6789/0] -- mon_subscribe({mgrmap=0+}) v3 -- 0x7efde4113f60 con 0x7efde4077ba0
2024-05-08T12:28:54.079 INFO:teuthology.orchestra.run.smithi039.stdout:/usr/bin/ceph: stderr
2024-05-08T12:28:52.202+0000 7efde1600700 1 -- 172.21.15.39:0/2653045926 <== mon.0 v2:172.21.15.39:3300/0 3 ==== mon_map magic: 0 v1 ==== 229+0+0 (secure 0 0 0) 0x7efdd8024ea0 con 0x7efde4077ba0
2024-05-08T12:28:54.079 INFO:teuthology.orchestra.run.smithi039.stdout:/usr/bin/ceph: stderr
2024-05-08T12:28:52.202+0000 7efdec600700 1 -- 172.21.15.39:0/2653045926 --> [v2:172.21.15.39:3300/0,v1:172.21.15.39:6789/0] -- mon_subscribe({osdmap=0}) v3 -- 0x7efde4114ad0 con 0x7efde4077ba0
2024-05-08T12:28:54.079 INFO:teuthology.orchestra.run.smithi039.stdout:/usr/bin/ceph: stderr
2024-05-08T12:28:52.203+0000 7efde1600700 1 -- 172.21.15.39:0/2653045926 <== mon.0 v2:172.21.15.39:3300/0 4 ==== mgrmap(e 12) v1 ==== 43389+0+0 (secure 0 0 0) 0x7efdd801a4c0 con 0x7efde4077ba0
2024-05-08T12:28:54.079 INFO:teuthology.orchestra.run.smithi039.stdout:/usr/bin/ceph: stderr
2024-05-08T12:28:52.204+0000 7efdec600700 1 -- 172.21.15.39:0/2653045926 --> [v2:172.21.15.39:3300/0,v1:172.21.15.39:6789/0] -- mon_command({"prefix": "get_command_descriptions"} v 0) v1 -- 0x7efde405f5c0 con 0x7efde4077ba0
2024-05-08T12:28:54.079 INFO:teuthology.orchestra.run.smithi039.stdout:/usr/bin/ceph: stderr
2024-05-08T12:28:52.204+0000 7efde1600700 1 --2- 172.21.15.39:0/2653045926 >> [v2:172.21.15.39:6800/3211029862,v1:172.21.15.39:6801/3211029862] conn(0x7efdcc0368a0 0x7efdcc038d50 unknown :-1 s=NONE pgs=0 cs=0 l=1 rev1=0 crypto rx=0 tx=0 comp rx=0 tx=0).connect
2024-05-08T12:28:54.079 INFO:teuthology.orchestra.run.smithi039.stdout:/usr/bin/ceph: stderr
2024-05-08T12:28:52.204+0000 7efde1600700 1 -- 172.21.15.39:0/2653045926 <== mon.0 v2:172.21.15.39:3300/0 5 ==== osd_map(3..3 src has 1..3) v4 ==== 1151+0+0 (secure 0 0 0) 0x7efdd804a7f0 con 0x7efde4077ba0
2024-05-08T12:28:54.079 INFO:teuthology.orchestra.run.smithi039.stdout:/usr/bin/ceph: stderr
2024-05-08T12:28:52.204+0000 7efde9200700 1 --2- 172.21.15.39:0/2653045926 >> [v2:172.21.15.39:6800/3211029862,v1:172.21.15.39:6801/3211029862] conn(0x7efdcc0368a0 0x7efdcc038d50 unknown :-1 s=BANNER_CONNECTING pgs=0 cs=0 l=1 rev1=0 crypto rx=0 tx=0 comp rx=0 tx=0)._handle_peer_banner_payload supported=3 required=0
2024-05-08T12:28:54.079 INFO:teuthology.orchestra.run.smithi039.stdout:/usr/bin/ceph: stderr
2024-05-08T12:28:52.205+0000 7efde9200700 1 --2- 172.21.15.39:0/2653045926 >> [v2:172.21.15.39:6800/3211029862,v1:172.21.15.39:6801/3211029862] conn(0x7efdcc0368a0 0x7efdcc038d50 secure :-1 s=READY pgs=8 cs=0 l=1 rev1=1 crypto rx=0x7efdd0009990 tx=0x7efdd0006e40 comp rx=0 tx=0).ready entity=mgr.14162 client_cookie=0 server_cookie=0 in_seq=0 out_seq=0
2024-05-08T12:28:54.079 INFO:teuthology.orchestra.run.smithi039.stdout:/usr/bin/ceph: stderr
2024-05-08T12:28:52.214+0000 7efde1600700 1 -- 172.21.15.39:0/2653045926 <== mon.0 v2:172.21.15.39:3300/0 6 ==== mon_command_ack([{"prefix": "get_command_descriptions"}]=0 v0) v1 ==== 72+0+176702 (secure 0 0 0) 0x7efdd802c520 con 0x7efde4077ba0
2024-05-08T12:28:54.079 INFO:teuthology.orchestra.run.smithi039.stdout:/usr/bin/ceph: stderr
2024-05-08T12:28:52.471+0000 7efdec600700 1 -- 172.21.15.39:0/2653045926 --> [v2:172.21.15.39:6800/3211029862,v1:172.21.15.39:6801/3211029862] -- mgr_command(tid 0: {"prefix": "dashboard ac-user-create", "username": "admin", "rolename": "administrator", "force_password": true, "pwd_update_required": true, "target": ["mon-mgr", ""]}) v1 -- 0x7efde405f3b0 con 0x7efdcc0368a0
2024-05-08T12:28:54.080 INFO:teuthology.orchestra.run.smithi039.stdout:/usr/bin/ceph: stderr
2024-05-08T12:28:52.740+0000 7efde1600700 1 -- 172.21.15.39:0/2653045926 <== mgr.14162 v2:172.21.15.39:6800/3211029862 1 ==== mgr_command_reply(tid 0: 0 ) v1 ==== 8+0+252 (secure 0 0 0) 0x7efde405f3b0 con 0x7efdcc0368a0
2024-05-08T12:28:54.080 INFO:teuthology.orchestra.run.smithi039.stdout:/usr/bin/ceph: stderr
2024-05-08T12:28:52.745+0000 7efdec600700 1 -- 172.21.15.39:0/2653045926 >> [v2:172.21.15.39:6800/3211029862,v1:172.21.15.39:6801/3211029862] conn(0x7efdcc0368a0 msgr2=0x7efdcc038d50 secure :-1 s=STATE_CONNECTION_ESTABLISHED l=1).mark_down
2024-05-08T12:28:54.080 INFO:teuthology.orchestra.run.smithi039.stdout:/usr/bin/ceph: stderr
2024-05-08T12:28:52.745+0000 7efdec600700 1 --2- 172.21.15.39:0/2653045926 >> [v2:172.21.15.39:6800/3211029862,v1:172.21.15.39:6801/3211029862] conn(0x7efdcc0368a0 0x7efdcc038d50 secure :-1 s=READY pgs=8 cs=0 l=1 rev1=1 crypto rx=0x7efdd0009990 tx=0x7efdd0006e40 comp rx=0 tx=0).stop
2024-05-08T12:28:54.080 INFO:teuthology.orchestra.run.smithi039.stdout:/usr/bin/ceph: stderr
2024-05-08T12:28:52.745+0000 7efdec600700 1 -- 172.21.15.39:0/2653045926 >> [v2:172.21.15.39:3300/0,v1:172.21.15.39:6789/0] conn(0x7efde4077ba0 msgr2=0x7efde4113820 secure :-1 s=STATE_CONNECTION_ESTABLISHED l=1).mark_down
2024-05-08T12:28:54.080 INFO:teuthology.orchestra.run.smithi039.stdout:/usr/bin/ceph: stderr
2024-05-08T12:28:52.745+0000 7efdec600700 1 --2- 172.21.15.39:0/2653045926 >> [v2:172.21.15.39:3300/0,v1:172.21.15.39:6789/0] conn(0x7efde4077ba0 0x7efde4113820 secure :-1 s=READY pgs=83 cs=0 l=1 rev1=1 crypto rx=0x7efdd8006d40 tx=0x7efdd8009250 comp rx=0 tx=0).stop
2024-05-08T12:28:54.080 INFO:teuthology.orchestra.run.smithi039.stdout:/usr/bin/ceph: stderr
2024-05-08T12:28:52.745+0000 7efdec600700 1 -- 172.21.15.39:0/2653045926 shutdown_connections
2024-05-08T12:28:54.080 INFO:teuthology.orchestra.run.smithi039.stdout:/usr/bin/ceph: stderr
2024-05-08T12:28:52.745+0000 7efdec600700 1 --2- 172.21.15.39:0/2653045926 >> [v2:172.21.15.39:6800/3211029862,v1:172.21.15.39:6801/3211029862] conn(0x7efdcc0368a0 0x7efdcc038d50 unknown :-1 s=CLOSED pgs=8 cs=0 l=1 rev1=1 crypto rx=0 tx=0 comp rx=0 tx=0).stop
2024-05-08T12:28:54.080 INFO:teuthology.orchestra.run.smithi039.stdout:/usr/bin/ceph: stderr
2024-05-08T12:28:52.745+0000 7efdec600700 1 --2- 172.21.15.39:0/2653045926 >> [v2:172.21.15.39:3300/0,v1:172.21.15.39:6789/0] conn(0x7efde4077ba0 0x7efde4113820 unknown :-1 s=CLOSED pgs=83 cs=0 l=1 rev1=1 crypto rx=0 tx=0 comp rx=0 tx=0).stop
2024-05-08T12:28:54.080 INFO:teuthology.orchestra.run.smithi039.stdout:/usr/bin/ceph: stderr
2024-05-08T12:28:52.745+0000 7efdec600700 1 -- 172.21.15.39:0/2653045926 >> 172.21.15.39:0/2653045926 conn(0x7efde40fdf90 msgr2=0x7efde40fea50 unknown :-1 s=STATE_NONE l=0).mark_down
2024-05-08T12:28:54.080 INFO:teuthology.orchestra.run.smithi039.stdout:/usr/bin/ceph: stderr
2024-05-08T12:28:52.745+0000 7efdec600700 1 -- 172.21.15.39:0/2653045926 shutdown_connections
2024-05-08T12:28:54.080 INFO:teuthology.orchestra.run.smithi039.stdout:/usr/bin/ceph: stderr
2024-05-08T12:28:52.746+0000 7efdec600700 1 -- 172.21.15.39:0/2653045926 wait complete.
2024-05-08T12:28:54.080 INFO:teuthology.orchestra.run.smithi039.stdout:Fetching dashboard port number...
2024-05-08T12:28:55.585 INFO:teuthology.orchestra.run.smithi039.stdout:/usr/bin/ceph: stdout 8443
2024-05-08T12:28:55.585 INFO:teuthology.orchestra.run.smithi039.stdout:/usr/bin/ceph: stderr
2024-05-08T12:28:54.715+0000 7fcf4a400700 1 Processor -- start
2024-05-08T12:28:55.585 INFO:teuthology.orchestra.run.smithi039.stdout:/usr/bin/ceph: stderr
2024-05-08T12:28:54.715+0000 7fcf4a400700 1 -- start start
2024-05-08T12:28:55.585 INFO:teuthology.orchestra.run.smithi039.stdout:/usr/bin/ceph: stderr
2024-05-08T12:28:54.716+0000 7fcf4a400700 1 --2- >> [v2:172.21.15.39:3300/0,v1:172.21.15.39:6789/0] conn(0x7fcf44077b50 0x7fcf44076100 unknown :-1 s=NONE pgs=0 cs=0 l=0 rev1=0 crypto rx=0 tx=0 comp rx=0 tx=0).connect
2024-05-08T12:28:55.585 INFO:teuthology.orchestra.run.smithi039.stdout:/usr/bin/ceph: stderr
2024-05-08T12:28:54.716+0000 7fcf4a400700 1 -- --> [v2:172.21.15.39:3300/0,v1:172.21.15.39:6789/0] -- mon_getmap magic: 0 v1 -- 0x7fcf44077f60 con 0x7fcf44077b50
2024-05-08T12:28:55.585 INFO:teuthology.orchestra.run.smithi039.stdout:/usr/bin/ceph: stderr
2024-05-08T12:28:54.716+0000 7fcf43400700 1 --2- >> [v2:172.21.15.39:3300/0,v1:172.21.15.39:6789/0] conn(0x7fcf44077b50 0x7fcf44076100 unknown :-1 s=BANNER_CONNECTING pgs=0 cs=0 l=0 rev1=0 crypto rx=0 tx=0 comp rx=0 tx=0)._handle_peer_banner_payload supported=3 required=0
2024-05-08T12:28:55.586 INFO:teuthology.orchestra.run.smithi039.stdout:/usr/bin/ceph: stderr
2024-05-08T12:28:54.716+0000 7fcf43400700 1 --2- >> [v2:172.21.15.39:3300/0,v1:172.21.15.39:6789/0] conn(0x7fcf44077b50 0x7fcf44076100 unknown :-1 s=HELLO_CONNECTING pgs=0 cs=0 l=0 rev1=1 crypto rx=0 tx=0 comp rx=0 tx=0).handle_hello peer v2:172.21.15.39:3300/0 says I am v2:172.21.15.39:43174/0 (socket says 172.21.15.39:43174)
2024-05-08T12:28:55.586 INFO:teuthology.orchestra.run.smithi039.stdout:/usr/bin/ceph: stderr
2024-05-08T12:28:54.716+0000 7fcf43400700 1 -- 172.21.15.39:0/1086071122 learned_addr learned my addr 172.21.15.39:0/1086071122 (peer_addr_for_me v2:172.21.15.39:0/0)
2024-05-08T12:28:55.586 INFO:teuthology.orchestra.run.smithi039.stdout:/usr/bin/ceph: stderr
2024-05-08T12:28:54.717+0000 7fcf43400700 1 -- 172.21.15.39:0/1086071122 --> [v2:172.21.15.39:3300/0,v1:172.21.15.39:6789/0] -- mon_subscribe({config=0+,monmap=0+}) v3 -- 0x7fcf44076640 con 0x7fcf44077b50
2024-05-08T12:28:55.586 INFO:teuthology.orchestra.run.smithi039.stdout:/usr/bin/ceph: stderr
2024-05-08T12:28:54.717+0000 7fcf43400700 1 --2- 172.21.15.39:0/1086071122 >> [v2:172.21.15.39:3300/0,v1:172.21.15.39:6789/0] conn(0x7fcf44077b50 0x7fcf44076100 secure :-1 s=READY pgs=84 cs=0 l=1 rev1=1 crypto rx=0x7fcf340098e0 tx=0x7fcf34009250 comp rx=0 tx=0).ready entity=mon.0 client_cookie=32c3863c3a367a5c server_cookie=0 in_seq=0 out_seq=0
2024-05-08T12:28:55.586 INFO:teuthology.orchestra.run.smithi039.stdout:/usr/bin/ceph: stderr
2024-05-08T12:28:54.718+0000 7fcf42000700 1 -- 172.21.15.39:0/1086071122 <== mon.0 v2:172.21.15.39:3300/0 1 ==== mon_map magic: 0 v1 ==== 229+0+0 (secure 0 0 0) 0x7fcf3400b860 con 0x7fcf44077b50
2024-05-08T12:28:55.586 INFO:teuthology.orchestra.run.smithi039.stdout:/usr/bin/ceph: stderr
2024-05-08T12:28:54.718+0000 7fcf42000700 1 -- 172.21.15.39:0/1086071122 <== mon.0 v2:172.21.15.39:3300/0 2 ==== config(27 keys) v1 ==== 1109+0+0 (secure 0 0 0) 0x7fcf3400be90 con 0x7fcf44077b50
2024-05-08T12:28:55.587 INFO:teuthology.orchestra.run.smithi039.stdout:/usr/bin/ceph: stderr
2024-05-08T12:28:54.718+0000 7fcf42000700 1 -- 172.21.15.39:0/1086071122 <== mon.0 v2:172.21.15.39:3300/0 3 ==== mon_map magic: 0 v1 ==== 229+0+0 (secure 0 0 0) 0x7fcf340103c0 con 0x7fcf44077b50
2024-05-08T12:28:55.587 INFO:teuthology.orchestra.run.smithi039.stdout:/usr/bin/ceph: stderr
2024-05-08T12:28:54.718+0000 7fcf4a400700 1 -- 172.21.15.39:0/1086071122 >> [v2:172.21.15.39:3300/0,v1:172.21.15.39:6789/0] conn(0x7fcf44077b50 msgr2=0x7fcf44076100 secure :-1 s=STATE_CONNECTION_ESTABLISHED l=1).mark_down
2024-05-08T12:28:55.587 INFO:teuthology.orchestra.run.smithi039.stdout:/usr/bin/ceph: stderr
2024-05-08T12:28:54.718+0000 7fcf4a400700 1 --2- 172.21.15.39:0/1086071122 >> [v2:172.21.15.39:3300/0,v1:172.21.15.39:6789/0] conn(0x7fcf44077b50 0x7fcf44076100 secure :-1 s=READY pgs=84 cs=0 l=1 rev1=1 crypto rx=0x7fcf340098e0 tx=0x7fcf34009250 comp rx=0 tx=0).stop
2024-05-08T12:28:55.587 INFO:teuthology.orchestra.run.smithi039.stdout:/usr/bin/ceph: stderr
2024-05-08T12:28:54.719+0000 7fcf4a400700 1 -- 172.21.15.39:0/1086071122 shutdown_connections
2024-05-08T12:28:55.587 INFO:teuthology.orchestra.run.smithi039.stdout:/usr/bin/ceph: stderr
2024-05-08T12:28:54.719+0000 7fcf4a400700 1 --2- 172.21.15.39:0/1086071122 >> [v2:172.21.15.39:3300/0,v1:172.21.15.39:6789/0] conn(0x7fcf44077b50 0x7fcf44076100 unknown :-1 s=CLOSED pgs=84 cs=0 l=1 rev1=1 crypto rx=0 tx=0 comp rx=0 tx=0).stop
2024-05-08T12:28:55.587 INFO:teuthology.orchestra.run.smithi039.stdout:/usr/bin/ceph: stderr
2024-05-08T12:28:54.719+0000 7fcf4a400700 1 -- 172.21.15.39:0/1086071122 >> 172.21.15.39:0/1086071122 conn(0x7fcf440fdf90 msgr2=0x7fcf44100400 unknown :-1 s=STATE_NONE l=0).mark_down
2024-05-08T12:28:55.587 INFO:teuthology.orchestra.run.smithi039.stdout:/usr/bin/ceph: stderr
2024-05-08T12:28:54.719+0000 7fcf4a400700 1 -- 172.21.15.39:0/1086071122 shutdown_connections
2024-05-08T12:28:55.588 INFO:teuthology.orchestra.run.smithi039.stdout:/usr/bin/ceph: stderr
2024-05-08T12:28:54.719+0000 7fcf4a400700 1 -- 172.21.15.39:0/1086071122 wait complete.
2024-05-08T12:28:55.588 INFO:teuthology.orchestra.run.smithi039.stdout:/usr/bin/ceph: stderr
2024-05-08T12:28:54.720+0000 7fcf4a400700 1 Processor -- start
2024-05-08T12:28:55.588 INFO:teuthology.orchestra.run.smithi039.stdout:/usr/bin/ceph: stderr
2024-05-08T12:28:54.720+0000 7fcf4a400700 1 -- start start
2024-05-08T12:28:55.588 INFO:teuthology.orchestra.run.smithi039.stdout:/usr/bin/ceph: stderr
2024-05-08T12:28:54.720+0000 7fcf4a400700 1 --2- >> [v2:172.21.15.39:3300/0,v1:172.21.15.39:6789/0] conn(0x7fcf44077b50 0x7fcf44113830 unknown :-1 s=NONE pgs=0 cs=0 l=1 rev1=0 crypto rx=0 tx=0 comp rx=0 tx=0).connect
2024-05-08T12:28:55.588 INFO:teuthology.orchestra.run.smithi039.stdout:/usr/bin/ceph: stderr
2024-05-08T12:28:54.720+0000 7fcf4a400700 1 -- --> [v2:172.21.15.39:3300/0,v1:172.21.15.39:6789/0] -- mon_getmap magic: 0 v1 -- 0x7fcf44113d70 con 0x7fcf44077b50
2024-05-08T12:28:55.588 INFO:teuthology.orchestra.run.smithi039.stdout:/usr/bin/ceph: stderr
2024-05-08T12:28:54.720+0000 7fcf43400700 1 --2- >> [v2:172.21.15.39:3300/0,v1:172.21.15.39:6789/0] conn(0x7fcf44077b50 0x7fcf44113830 unknown :-1 s=BANNER_CONNECTING pgs=0 cs=0 l=1 rev1=0 crypto rx=0 tx=0 comp rx=0 tx=0)._handle_peer_banner_payload supported=3 required=0
2024-05-08T12:28:55.588 INFO:teuthology.orchestra.run.smithi039.stdout:/usr/bin/ceph: stderr
2024-05-08T12:28:54.721+0000 7fcf43400700 1 --2- >> [v2:172.21.15.39:3300/0,v1:172.21.15.39:6789/0] conn(0x7fcf44077b50 0x7fcf44113830 unknown :-1 s=HELLO_CONNECTING pgs=0 cs=0 l=1 rev1=1 crypto rx=0 tx=0 comp rx=0 tx=0).handle_hello peer v2:172.21.15.39:3300/0 says I am v2:172.21.15.39:43186/0 (socket says 172.21.15.39:43186)
2024-05-08T12:28:55.588 INFO:teuthology.orchestra.run.smithi039.stdout:/usr/bin/ceph: stderr
2024-05-08T12:28:54.721+0000 7fcf43400700 1 -- 172.21.15.39:0/2194807985 learned_addr learned my addr 172.21.15.39:0/2194807985 (peer_addr_for_me v2:172.21.15.39:0/0)
2024-05-08T12:28:55.589 INFO:teuthology.orchestra.run.smithi039.stdout:/usr/bin/ceph: stderr
2024-05-08T12:28:54.721+0000 7fcf43400700 1 -- 172.21.15.39:0/2194807985 --> [v2:172.21.15.39:3300/0,v1:172.21.15.39:6789/0] -- mon_subscribe({config=0+,monmap=0+}) v3 -- 0x7fcf340094f0 con 0x7fcf44077b50
2024-05-08T12:28:55.589 INFO:teuthology.orchestra.run.smithi039.stdout:/usr/bin/ceph: stderr
2024-05-08T12:28:54.721+0000 7fcf43400700 1 --2- 172.21.15.39:0/2194807985 >> [v2:172.21.15.39:3300/0,v1:172.21.15.39:6789/0] conn(0x7fcf44077b50 0x7fcf44113830 secure :-1 s=READY pgs=85 cs=0 l=1 rev1=1 crypto rx=0x7fcf34006d40 tx=0x7fcf34009250 comp rx=0 tx=0).ready entity=mon.0 client_cookie=0 server_cookie=0 in_seq=0 out_seq=0
2024-05-08T12:28:55.589 INFO:teuthology.orchestra.run.smithi039.stdout:/usr/bin/ceph: stderr
2024-05-08T12:28:54.721+0000 7fcf3b400700 1 -- 172.21.15.39:0/2194807985 <== mon.0 v2:172.21.15.39:3300/0 1 ==== mon_map magic: 0 v1 ==== 229+0+0 (secure 0 0 0) 0x7fcf34010840 con 0x7fcf44077b50
2024-05-08T12:28:55.589 INFO:teuthology.orchestra.run.smithi039.stdout:/usr/bin/ceph: stderr
2024-05-08T12:28:54.722+0000 7fcf3b400700 1 -- 172.21.15.39:0/2194807985 <== mon.0 v2:172.21.15.39:3300/0 2 ==== config(27 keys) v1 ==== 1109+0+0 (secure 0 0 0) 0x7fcf34010e70 con 0x7fcf44077b50
2024-05-08T12:28:55.589 INFO:teuthology.orchestra.run.smithi039.stdout:/usr/bin/ceph: stderr
2024-05-08T12:28:54.722+0000 7fcf4a400700 1 -- 172.21.15.39:0/2194807985 --> [v2:172.21.15.39:3300/0,v1:172.21.15.39:6789/0] -- mon_subscribe({mgrmap=0+}) v3 -- 0x7fcf44113f70 con 0x7fcf44077b50
2024-05-08T12:28:55.589 INFO:teuthology.orchestra.run.smithi039.stdout:/usr/bin/ceph: stderr
2024-05-08T12:28:54.722+0000 7fcf3b400700 1 -- 172.21.15.39:0/2194807985 <== mon.0 v2:172.21.15.39:3300/0 3 ==== mon_map magic: 0 v1 ==== 229+0+0 (secure 0 0 0) 0x7fcf34024ea0 con 0x7fcf44077b50
2024-05-08T12:28:55.589 INFO:teuthology.orchestra.run.smithi039.stdout:/usr/bin/ceph: stderr
2024-05-08T12:28:54.722+0000 7fcf4a400700 1 -- 172.21.15.39:0/2194807985 --> [v2:172.21.15.39:3300/0,v1:172.21.15.39:6789/0] -- mon_subscribe({osdmap=0}) v3 -- 0x7fcf44114ae0 con 0x7fcf44077b50
2024-05-08T12:28:55.590 INFO:teuthology.orchestra.run.smithi039.stdout:/usr/bin/ceph: stderr
2024-05-08T12:28:54.723+0000 7fcf3b400700 1 -- 172.21.15.39:0/2194807985 <== mon.0 v2:172.21.15.39:3300/0 4 ==== mgrmap(e 12) v1 ==== 43389+0+0 (secure 0 0 0) 0x7fcf34024780 con 0x7fcf44077b50
2024-05-08T12:28:55.590 INFO:teuthology.orchestra.run.smithi039.stdout:/usr/bin/ceph: stderr
2024-05-08T12:28:54.723+0000 7fcf4a400700 1 -- 172.21.15.39:0/2194807985 --> [v2:172.21.15.39:3300/0,v1:172.21.15.39:6789/0] -- mon_command({"prefix": "get_command_descriptions"} v 0) v1 -- 0x7fcf4405f5c0 con 0x7fcf44077b50
2024-05-08T12:28:55.590 INFO:teuthology.orchestra.run.smithi039.stdout:/usr/bin/ceph: stderr
2024-05-08T12:28:54.723+0000 7fcf3b400700 1 --2- 172.21.15.39:0/2194807985 >> [v2:172.21.15.39:6800/3211029862,v1:172.21.15.39:6801/3211029862] conn(0x7fcf280368a0 0x7fcf28038d50 unknown :-1 s=NONE pgs=0 cs=0 l=1 rev1=0 crypto rx=0 tx=0 comp rx=0 tx=0).connect
2024-05-08T12:28:55.590 INFO:teuthology.orchestra.run.smithi039.stdout:/usr/bin/ceph: stderr
2024-05-08T12:28:54.723+0000 7fcf3b400700 1 -- 172.21.15.39:0/2194807985 <== mon.0 v2:172.21.15.39:3300/0 5 ==== osd_map(3..3 src has 1..3) v4 ==== 1151+0+0 (secure 0 0 0) 0x7fcf3404a870 con 0x7fcf44077b50
2024-05-08T12:28:55.590 INFO:teuthology.orchestra.run.smithi039.stdout:/usr/bin/ceph: stderr
2024-05-08T12:28:54.724+0000 7fcf42a00700 1 --2- 172.21.15.39:0/2194807985 >> [v2:172.21.15.39:6800/3211029862,v1:172.21.15.39:6801/3211029862] conn(0x7fcf280368a0 0x7fcf28038d50 unknown :-1 s=BANNER_CONNECTING pgs=0 cs=0 l=1 rev1=0 crypto rx=0 tx=0 comp rx=0 tx=0)._handle_peer_banner_payload supported=3 required=0
2024-05-08T12:28:55.590 INFO:teuthology.orchestra.run.smithi039.stdout:/usr/bin/ceph: stderr
2024-05-08T12:28:54.724+0000 7fcf42a00700 1 --2- 172.21.15.39:0/2194807985 >> [v2:172.21.15.39:6800/3211029862,v1:172.21.15.39:6801/3211029862] conn(0x7fcf280368a0 0x7fcf28038d50 secure :-1 s=READY pgs=9 cs=0 l=1 rev1=1 crypto rx=0x7fcf30009990 tx=0x7fcf30006e40 comp rx=0 tx=0).ready entity=mgr.14162 client_cookie=0 server_cookie=0 in_seq=0 out_seq=0
2024-05-08T12:28:55.591 INFO:teuthology.orchestra.run.smithi039.stdout:/usr/bin/ceph: stderr
2024-05-08T12:28:54.728+0000 7fcf3b400700 1 -- 172.21.15.39:0/2194807985 <== mon.0 v2:172.21.15.39:3300/0 6 ==== mon_command_ack([{"prefix": "get_command_descriptions"}]=0 v0) v1 ==== 72+0+176702 (secure 0 0 0) 0x7fcf3402c930 con 0x7fcf44077b50
2024-05-08T12:28:55.591 INFO:teuthology.orchestra.run.smithi039.stdout:/usr/bin/ceph: stderr
2024-05-08T12:28:54.745+0000 7fcf3b400700 1 -- 172.21.15.39:0/2194807985 <== mon.0 v2:172.21.15.39:3300/0 7 ==== mgrmap(e 13) v1 ==== 43432+0+0 (secure 0 0 0) 0x7fcf3402e440 con 0x7fcf44077b50
2024-05-08T12:28:55.591 INFO:teuthology.orchestra.run.smithi039.stdout:/usr/bin/ceph: stderr
2024-05-08T12:28:54.944+0000 7fcf4a400700 1 -- 172.21.15.39:0/2194807985 --> [v2:172.21.15.39:3300/0,v1:172.21.15.39:6789/0] -- mon_command({"prefix": "config get", "who": "mgr", "key": "mgr/dashboard/ssl_server_port"} v 0) v1 -- 0x7fcf4404bed0 con 0x7fcf44077b50
2024-05-08T12:28:55.591 INFO:teuthology.orchestra.run.smithi039.stdout:/usr/bin/ceph: stderr
2024-05-08T12:28:54.945+0000 7fcf3b400700 1 -- 172.21.15.39:0/2194807985 <== mon.0 v2:172.21.15.39:3300/0 8 ==== mon_command_ack([{"prefix": "config get", "who": "mgr", "key": "mgr/dashboard/ssl_server_port"}]=0 v8) v1 ==== 112+0+5 (secure 0 0 0) 0x7fcf340109a0 con 0x7fcf44077b50
2024-05-08T12:28:55.591 INFO:teuthology.orchestra.run.smithi039.stdout:/usr/bin/ceph: stderr
2024-05-08T12:28:54.948+0000 7fcf4a400700 1 -- 172.21.15.39:0/2194807985 >> [v2:172.21.15.39:6800/3211029862,v1:172.21.15.39:6801/3211029862] conn(0x7fcf280368a0 msgr2=0x7fcf28038d50 secure :-1 s=STATE_CONNECTION_ESTABLISHED l=1).mark_down
2024-05-08T12:28:55.591 INFO:teuthology.orchestra.run.smithi039.stdout:/usr/bin/ceph: stderr
2024-05-08T12:28:54.948+0000 7fcf4a400700 1 --2- 172.21.15.39:0/2194807985 >> [v2:172.21.15.39:6800/3211029862,v1:172.21.15.39:6801/3211029862] conn(0x7fcf280368a0 0x7fcf28038d50 secure :-1 s=READY pgs=9 cs=0 l=1 rev1=1 crypto rx=0x7fcf30009990 tx=0x7fcf30006e40 comp rx=0 tx=0).stop
2024-05-08T12:28:55.591 INFO:teuthology.orchestra.run.smithi039.stdout:/usr/bin/ceph: stderr
2024-05-08T12:28:54.948+0000 7fcf4a400700 1 -- 172.21.15.39:0/2194807985 >> [v2:172.21.15.39:3300/0,v1:172.21.15.39:6789/0] conn(0x7fcf44077b50 msgr2=0x7fcf44113830 secure :-1 s=STATE_CONNECTION_ESTABLISHED l=1).mark_down
2024-05-08T12:28:55.592 INFO:teuthology.orchestra.run.smithi039.stdout:/usr/bin/ceph: stderr
2024-05-08T12:28:54.948+0000 7fcf4a400700 1 --2- 172.21.15.39:0/2194807985 >> [v2:172.21.15.39:3300/0,v1:172.21.15.39:6789/0] conn(0x7fcf44077b50 0x7fcf44113830 secure :-1 s=READY pgs=85 cs=0 l=1 rev1=1 crypto rx=0x7fcf34006d40 tx=0x7fcf34009250 comp rx=0 tx=0).stop
2024-05-08T12:28:55.592 INFO:teuthology.orchestra.run.smithi039.stdout:/usr/bin/ceph: stderr
2024-05-08T12:28:54.949+0000 7fcf4a400700 1 -- 172.21.15.39:0/2194807985 shutdown_connections
2024-05-08T12:28:55.592 INFO:teuthology.orchestra.run.smithi039.stdout:/usr/bin/ceph: stderr
2024-05-08T12:28:54.949+0000 7fcf4a400700 1 --2- 172.21.15.39:0/2194807985 >> [v2:172.21.15.39:6800/3211029862,v1:172.21.15.39:6801/3211029862] conn(0x7fcf280368a0 0x7fcf28038d50 unknown :-1 s=CLOSED pgs=9 cs=0 l=1 rev1=1 crypto rx=0 tx=0 comp rx=0 tx=0).stop
2024-05-08T12:28:55.592 INFO:teuthology.orchestra.run.smithi039.stdout:/usr/bin/ceph: stderr
2024-05-08T12:28:54.949+0000 7fcf4a400700 1 --2- 172.21.15.39:0/2194807985 >> [v2:172.21.15.39:3300/0,v1:172.21.15.39:6789/0] conn(0x7fcf44077b50 0x7fcf44113830 unknown :-1 s=CLOSED pgs=85 cs=0 l=1 rev1=1 crypto rx=0 tx=0 comp rx=0 tx=0).stop
2024-05-08T12:28:55.592 INFO:teuthology.orchestra.run.smithi039.stdout:/usr/bin/ceph: stderr
2024-05-08T12:28:54.949+0000 7fcf4a400700 1 -- 172.21.15.39:0/2194807985 >> 172.21.15.39:0/2194807985 conn(0x7fcf440fdf90 msgr2=0x7fcf440feb70 unknown :-1 s=STATE_NONE l=0).mark_down
2024-05-08T12:28:55.592 INFO:teuthology.orchestra.run.smithi039.stdout:/usr/bin/ceph: stderr
2024-05-08T12:28:54.949+0000 7fcf4a400700 1 -- 172.21.15.39:0/2194807985 shutdown_connections
2024-05-08T12:28:55.592 INFO:teuthology.orchestra.run.smithi039.stdout:/usr/bin/ceph: stderr
2024-05-08T12:28:54.949+0000 7fcf4a400700 1 -- 172.21.15.39:0/2194807985 wait complete.
2024-05-08T12:28:55.607 INFO:teuthology.orchestra.run.smithi039.stdout:Non-zero exit code 1 from systemctl is-enabled firewalld.service
2024-05-08T12:28:55.607 INFO:teuthology.orchestra.run.smithi039.stdout:systemctl: stdout disabled
2024-05-08T12:28:55.631 INFO:teuthology.orchestra.run.smithi039.stdout:Non-zero exit code 3 from systemctl is-active firewalld.service
2024-05-08T12:28:55.631 INFO:teuthology.orchestra.run.smithi039.stdout:systemctl: stdout inactive
2024-05-08T12:28:55.632 INFO:teuthology.orchestra.run.smithi039.stdout:firewalld.service is not enabled
2024-05-08T12:28:55.632 INFO:teuthology.orchestra.run.smithi039.stdout:Not possible to open ports <[8443]>. firewalld.service is not available
2024-05-08T12:28:55.638 INFO:teuthology.orchestra.run.smithi039.stdout:Ceph Dashboard is now available at:
2024-05-08T12:28:55.639 INFO:teuthology.orchestra.run.smithi039.stdout:
2024-05-08T12:28:55.639 INFO:teuthology.orchestra.run.smithi039.stdout: URL: https://smithi039.front.sepia.ceph.com:8443/
2024-05-08T12:28:55.639 INFO:teuthology.orchestra.run.smithi039.stdout: User: admin
2024-05-08T12:28:55.639 INFO:teuthology.orchestra.run.smithi039.stdout: Password: 3dtj7rahwo
2024-05-08T12:28:55.639 INFO:teuthology.orchestra.run.smithi039.stdout:
2024-05-08T12:28:55.640 INFO:teuthology.orchestra.run.smithi039.stdout:Saving cluster configuration to /var/lib/ceph/2dc320ba-0d36-11ef-bc97-c7b262605968/config directory
2024-05-08T12:28:55.642 INFO:teuthology.orchestra.run.smithi039.stdout:Enabling autotune for osd_memory_target
2024-05-08T12:28:55.821 INFO:journalctl@ceph.mon.smithi039.smithi039.stdout:May 08 12:28:55 smithi039 ceph-mon[26649]: mgrmap e13: smithi039.irnpbi(active, since 6s)
2024-05-08T12:28:55.821 INFO:journalctl@ceph.mon.smithi039.smithi039.stdout:May 08 12:28:55 smithi039 ceph-mon[26649]: from='client.? 172.21.15.39:0/2194807985' entity='client.admin' cmd=[{"prefix": "config get", "who": "mgr", "key": "mgr/dashboard/ssl_server_port"}]: dispatch
2024-05-08T12:28:57.159 INFO:teuthology.orchestra.run.smithi039.stdout:/usr/bin/ceph: stderr
2024-05-08T12:28:56.273+0000 7f9215600700 1 Processor -- start
2024-05-08T12:28:57.159 INFO:teuthology.orchestra.run.smithi039.stdout:/usr/bin/ceph: stderr
2024-05-08T12:28:56.273+0000 7f9215600700 1 -- start start
2024-05-08T12:28:57.159 INFO:teuthology.orchestra.run.smithi039.stdout:/usr/bin/ceph: stderr
2024-05-08T12:28:56.274+0000 7f9215600700 1 --2- >> [v2:172.21.15.39:3300/0,v1:172.21.15.39:6789/0] conn(0x7f9210071270 0x7f92101078b0 unknown :-1 s=NONE pgs=0 cs=0 l=0 rev1=0 crypto rx=0 tx=0 comp rx=0 tx=0).connect
2024-05-08T12:28:57.159 INFO:teuthology.orchestra.run.smithi039.stdout:/usr/bin/ceph: stderr
2024-05-08T12:28:56.274+0000 7f9215600700 1 -- --> [v2:172.21.15.39:3300/0,v1:172.21.15.39:6789/0] -- mon_getmap magic: 0 v1 -- 0x7f9210071680 con 0x7f9210071270
2024-05-08T12:28:57.159 INFO:teuthology.orchestra.run.smithi039.stdout:/usr/bin/ceph: stderr
2024-05-08T12:28:56.274+0000 7f920ea00700 1 --2- >> [v2:172.21.15.39:3300/0,v1:172.21.15.39:6789/0] conn(0x7f9210071270 0x7f92101078b0 unknown :-1 s=BANNER_CONNECTING pgs=0 cs=0 l=0 rev1=0 crypto rx=0 tx=0 comp rx=0 tx=0)._handle_peer_banner_payload supported=3 required=0
2024-05-08T12:28:57.160 INFO:teuthology.orchestra.run.smithi039.stdout:/usr/bin/ceph: stderr
2024-05-08T12:28:56.274+0000 7f920ea00700 1 --2- >> [v2:172.21.15.39:3300/0,v1:172.21.15.39:6789/0] conn(0x7f9210071270 0x7f92101078b0 unknown :-1 s=HELLO_CONNECTING pgs=0 cs=0 l=0 rev1=1 crypto rx=0 tx=0 comp rx=0 tx=0).handle_hello peer v2:172.21.15.39:3300/0 says I am v2:172.21.15.39:43188/0 (socket says 172.21.15.39:43188)
2024-05-08T12:28:57.160 INFO:teuthology.orchestra.run.smithi039.stdout:/usr/bin/ceph: stderr
2024-05-08T12:28:56.274+0000 7f920ea00700 1 -- 172.21.15.39:0/59574715 learned_addr learned my addr 172.21.15.39:0/59574715 (peer_addr_for_me v2:172.21.15.39:0/0)
2024-05-08T12:28:57.160 INFO:teuthology.orchestra.run.smithi039.stdout:/usr/bin/ceph: stderr
2024-05-08T12:28:56.275+0000 7f920ea00700 1 -- 172.21.15.39:0/59574715 --> [v2:172.21.15.39:3300/0,v1:172.21.15.39:6789/0] -- mon_subscribe({config=0+,monmap=0+}) v3 -- 0x7f92101032a0 con 0x7f9210071270
2024-05-08T12:28:57.160 INFO:teuthology.orchestra.run.smithi039.stdout:/usr/bin/ceph: stderr
2024-05-08T12:28:56.275+0000 7f920ea00700 1 --2- 172.21.15.39:0/59574715 >> [v2:172.21.15.39:3300/0,v1:172.21.15.39:6789/0] conn(0x7f9210071270 0x7f92101078b0 secure :-1 s=READY pgs=86 cs=0 l=1 rev1=1 crypto rx=0x7f92000098e0 tx=0x7f9200009250 comp rx=0 tx=0).ready entity=mon.0 client_cookie=566ad1dfa4476858 server_cookie=0 in_seq=0 out_seq=0
2024-05-08T12:28:57.161 INFO:teuthology.orchestra.run.smithi039.stdout:/usr/bin/ceph: stderr
2024-05-08T12:28:56.275+0000 7f920e000700 1 -- 172.21.15.39:0/59574715 <== mon.0 v2:172.21.15.39:3300/0 1 ==== mon_map magic: 0 v1 ==== 229+0+0 (secure 0 0 0) 0x7f920000b860 con 0x7f9210071270
2024-05-08T12:28:57.161 INFO:teuthology.orchestra.run.smithi039.stdout:/usr/bin/ceph: stderr
