2024-05-08T04:47:24.201+0000 7f047a1f9200 -1 mgr[py] Module status has missing NOTIFY_TYPES member
2024-05-08T04:47:24.474 INFO:journalctl@ceph.mgr.x.smithi082.stdout:May 08 04:47:24 smithi082 ceph-d465c2d8-0cf5-11ef-bc97-c7b262605968-mgr-x[30338]:
2024-05-08T04:47:24.419+0000 7f047a1f9200 -1 mgr[py] Module nfs has missing NOTIFY_TYPES member
2024-05-08T04:47:24.814 INFO:journalctl@ceph.mon.a.smithi082.stdout:May 08 04:47:24 smithi082 ceph-mon[30095]: Active manager daemon x restarted
2024-05-08T04:47:24.814 INFO:journalctl@ceph.mon.a.smithi082.stdout:May 08 04:47:24 smithi082 ceph-mon[30095]: Activating manager daemon x
2024-05-08T04:47:24.815 INFO:journalctl@ceph.mon.a.smithi082.stdout:May 08 04:47:24 smithi082 ceph-mon[30095]: osdmap e2: 0 total, 0 up, 0 in
2024-05-08T04:47:24.815 INFO:journalctl@ceph.mon.a.smithi082.stdout:May 08 04:47:24 smithi082 ceph-mon[30095]: mgrmap e6: x(active, starting, since 0.00353851s)
2024-05-08T04:47:24.815 INFO:journalctl@ceph.mon.a.smithi082.stdout:May 08 04:47:24 smithi082 ceph-mon[30095]: from='mgr.14120 172.21.15.82:0/4113990545' entity='mgr.x' cmd=[{"prefix": "mon metadata", "id": "a"}]: dispatch
2024-05-08T04:47:24.815 INFO:journalctl@ceph.mon.a.smithi082.stdout:May 08 04:47:24 smithi082 ceph-mon[30095]: from='mgr.14120 172.21.15.82:0/4113990545' entity='mgr.x' cmd=[{"prefix": "mgr metadata", "who": "x", "id": "x"}]: dispatch
2024-05-08T04:47:24.815 INFO:journalctl@ceph.mon.a.smithi082.stdout:May 08 04:47:24 smithi082 ceph-mon[30095]: from='mgr.14120 172.21.15.82:0/4113990545' entity='mgr.x' cmd=[{"prefix": "mds metadata"}]: dispatch
2024-05-08T04:47:24.815 INFO:journalctl@ceph.mon.a.smithi082.stdout:May 08 04:47:24 smithi082 ceph-mon[30095]: from='mgr.14120 172.21.15.82:0/4113990545' entity='mgr.x' cmd=[{"prefix": "osd metadata"}]: dispatch
2024-05-08T04:47:24.815 INFO:journalctl@ceph.mon.a.smithi082.stdout:May 08 04:47:24 smithi082 ceph-mon[30095]: from='mgr.14120 172.21.15.82:0/4113990545' entity='mgr.x' cmd=[{"prefix": "mon metadata"}]: dispatch
2024-05-08T04:47:24.815 INFO:journalctl@ceph.mon.a.smithi082.stdout:May 08 04:47:24 smithi082 ceph-mon[30095]: Manager daemon x is now available
2024-05-08T04:47:24.815 INFO:journalctl@ceph.mon.a.smithi082.stdout:May 08 04:47:24 smithi082 ceph-mon[30095]: from='mgr.14120 172.21.15.82:0/4113990545' entity='mgr.x'
2024-05-08T04:47:24.815 INFO:journalctl@ceph.mon.a.smithi082.stdout:May 08 04:47:24 smithi082 ceph-mon[30095]: from='mgr.14120 172.21.15.82:0/4113990545' entity='mgr.x'
2024-05-08T04:47:24.815 INFO:journalctl@ceph.mon.a.smithi082.stdout:May 08 04:47:24 smithi082 ceph-mon[30095]: from='mgr.14120 172.21.15.82:0/4113990545' entity='mgr.x' cmd=[{"prefix": "config dump", "format": "json"}]: dispatch
2024-05-08T04:47:24.815 INFO:journalctl@ceph.mon.a.smithi082.stdout:May 08 04:47:24 smithi082 ceph-mon[30095]: from='mgr.14120 172.21.15.82:0/4113990545' entity='mgr.x' cmd=[{"prefix": "config dump", "format": "json"}]: dispatch
2024-05-08T04:47:24.815 INFO:journalctl@ceph.mon.a.smithi082.stdout:May 08 04:47:24 smithi082 ceph-mon[30095]: from='mgr.14120 172.21.15.82:0/4113990545' entity='mgr.x' cmd=[{"prefix":"config rm","who":"mgr","name":"mgr/rbd_support/x/mirror_snapshot_schedule"}]: dispatch
2024-05-08T04:47:25.737 INFO:journalctl@ceph.mon.a.smithi082.stdout:May 08 04:47:25 smithi082 ceph-mon[30095]: Found migration_current of "None". Setting to last migration.
2024-05-08T04:47:25.737 INFO:journalctl@ceph.mon.a.smithi082.stdout:May 08 04:47:25 smithi082 ceph-mon[30095]: from='mgr.14120 172.21.15.82:0/4113990545' entity='mgr.x' cmd=[{"prefix":"config rm","who":"mgr","name":"mgr/rbd_support/x/trash_purge_schedule"}]: dispatch
2024-05-08T04:47:25.737 INFO:journalctl@ceph.mon.a.smithi082.stdout:May 08 04:47:25 smithi082 ceph-mon[30095]: from='mgr.14120 172.21.15.82:0/4113990545' entity='mgr.x'
2024-05-08T04:47:25.737 INFO:journalctl@ceph.mon.a.smithi082.stdout:May 08 04:47:25 smithi082 ceph-mon[30095]: from='mgr.14120 172.21.15.82:0/4113990545' entity='mgr.x'
2024-05-08T04:47:25.737 INFO:journalctl@ceph.mon.a.smithi082.stdout:May 08 04:47:25 smithi082 ceph-mon[30095]: [08/May/2024:04:47:25] ENGINE Bus STARTING
2024-05-08T04:47:25.737 INFO:journalctl@ceph.mon.a.smithi082.stdout:May 08 04:47:25 smithi082 ceph-mon[30095]: mgrmap e7: x(active, since 1.00604s)
2024-05-08T04:47:25.952 INFO:teuthology.orchestra.run.smithi082.stdout:/usr/bin/ceph: stdout {
2024-05-08T04:47:25.952 INFO:teuthology.orchestra.run.smithi082.stdout:/usr/bin/ceph: stdout "mgrmap_epoch": 7,
2024-05-08T04:47:25.952 INFO:teuthology.orchestra.run.smithi082.stdout:/usr/bin/ceph: stdout "initialized": true
2024-05-08T04:47:25.952 INFO:teuthology.orchestra.run.smithi082.stdout:/usr/bin/ceph: stdout }
2024-05-08T04:47:25.952 INFO:teuthology.orchestra.run.smithi082.stdout:/usr/bin/ceph: stderr
2024-05-08T04:47:19.491+0000 7fcc79ac4700 1 Processor -- start
2024-05-08T04:47:25.952 INFO:teuthology.orchestra.run.smithi082.stdout:/usr/bin/ceph: stderr
2024-05-08T04:47:19.491+0000 7fcc79ac4700 1 -- start start
2024-05-08T04:47:25.952 INFO:teuthology.orchestra.run.smithi082.stdout:/usr/bin/ceph: stderr
2024-05-08T04:47:19.491+0000 7fcc79ac4700 1 --2- >> [v2:172.21.15.82:3300/0,v1:172.21.15.82:6789/0] conn(0x7fcc741091a0 0x7fcc741095c0 unknown :-1 s=NONE pgs=0 cs=0 l=0 rev1=0 crypto rx=0 tx=0 comp rx=0 tx=0).connect
2024-05-08T04:47:25.953 INFO:teuthology.orchestra.run.smithi082.stdout:/usr/bin/ceph: stderr
2024-05-08T04:47:19.491+0000 7fcc79ac4700 1 -- --> [v2:172.21.15.82:3300/0,v1:172.21.15.82:6789/0] -- mon_getmap magic: 0 -- 0x7fcc74109b90 con 0x7fcc741091a0
2024-05-08T04:47:25.953 INFO:teuthology.orchestra.run.smithi082.stdout:/usr/bin/ceph: stderr
2024-05-08T04:47:19.491+0000 7fcc737fe700 1 --2- >> [v2:172.21.15.82:3300/0,v1:172.21.15.82:6789/0] conn(0x7fcc741091a0 0x7fcc741095c0 unknown :-1 s=BANNER_CONNECTING pgs=0 cs=0 l=0 rev1=0 crypto rx=0 tx=0 comp rx=0 tx=0)._handle_peer_banner_payload supported=3 required=0
2024-05-08T04:47:25.953 INFO:teuthology.orchestra.run.smithi082.stdout:/usr/bin/ceph: stderr
2024-05-08T04:47:19.491+0000 7fcc737fe700 1 --2- >> [v2:172.21.15.82:3300/0,v1:172.21.15.82:6789/0] conn(0x7fcc741091a0 0x7fcc741095c0 unknown :-1 s=HELLO_CONNECTING pgs=0 cs=0 l=0 rev1=1 crypto rx=0 tx=0 comp rx=0 tx=0).handle_hello peer v2:172.21.15.82:3300/0 says I am v2:172.21.15.82:50220/0 (socket says 172.21.15.82:50220)
2024-05-08T04:47:25.953 INFO:teuthology.orchestra.run.smithi082.stdout:/usr/bin/ceph: stderr
2024-05-08T04:47:19.491+0000 7fcc737fe700 1 -- 172.21.15.82:0/1811799274 learned_addr learned my addr 172.21.15.82:0/1811799274 (peer_addr_for_me v2:172.21.15.82:0/0)
2024-05-08T04:47:25.953 INFO:teuthology.orchestra.run.smithi082.stdout:/usr/bin/ceph: stderr
2024-05-08T04:47:19.491+0000 7fcc737fe700 1 -- 172.21.15.82:0/1811799274 --> [v2:172.21.15.82:3300/0,v1:172.21.15.82:6789/0] -- mon_subscribe({config=0+,monmap=0+}) -- 0x7fcc74109d10 con 0x7fcc741091a0
2024-05-08T04:47:25.953 INFO:teuthology.orchestra.run.smithi082.stdout:/usr/bin/ceph: stderr
2024-05-08T04:47:19.492+0000 7fcc737fe700 1 --2- 172.21.15.82:0/1811799274 >> [v2:172.21.15.82:3300/0,v1:172.21.15.82:6789/0] conn(0x7fcc741091a0 0x7fcc741095c0 secure :-1 s=READY pgs=28 cs=0 l=1 rev1=1 crypto rx=0x7fcc640098a0 tx=0x7fcc64009bb0 comp rx=0 tx=0).ready entity=mon.0 client_cookie=5f9449f702b870af server_cookie=0 in_seq=0 out_seq=0
2024-05-08T04:47:25.953 INFO:teuthology.orchestra.run.smithi082.stdout:/usr/bin/ceph: stderr
2024-05-08T04:47:19.492+0000 7fcc727fc700 1 -- 172.21.15.82:0/1811799274 <== mon.0 v2:172.21.15.82:3300/0 1 ==== mon_map magic: 0 ==== 205+0+0 (secure 0 0 0) 0x7fcc64004160 con 0x7fcc741091a0
2024-05-08T04:47:25.953 INFO:teuthology.orchestra.run.smithi082.stdout:/usr/bin/ceph: stderr
2024-05-08T04:47:19.492+0000 7fcc727fc700 1 -- 172.21.15.82:0/1811799274 <== mon.0 v2:172.21.15.82:3300/0 2 ==== config(26 keys) ==== 1070+0+0 (secure 0 0 0) 0x7fcc64004300 con 0x7fcc741091a0
2024-05-08T04:47:25.953 INFO:teuthology.orchestra.run.smithi082.stdout:/usr/bin/ceph: stderr
2024-05-08T04:47:19.492+0000 7fcc727fc700 1 -- 172.21.15.82:0/1811799274 <== mon.0 v2:172.21.15.82:3300/0 3 ==== mon_map magic: 0 ==== 205+0+0 (secure 0 0 0) 0x7fcc64011af0 con 0x7fcc741091a0
2024-05-08T04:47:25.953 INFO:teuthology.orchestra.run.smithi082.stdout:/usr/bin/ceph: stderr
2024-05-08T04:47:19.492+0000 7fcc79ac4700 1 -- 172.21.15.82:0/1811799274 >> [v2:172.21.15.82:3300/0,v1:172.21.15.82:6789/0] conn(0x7fcc741091a0 msgr2=0x7fcc741095c0 secure :-1 s=STATE_CONNECTION_ESTABLISHED l=1).mark_down
2024-05-08T04:47:25.953 INFO:teuthology.orchestra.run.smithi082.stdout:/usr/bin/ceph: stderr
2024-05-08T04:47:19.492+0000 7fcc79ac4700 1 --2- 172.21.15.82:0/1811799274 >> [v2:172.21.15.82:3300/0,v1:172.21.15.82:6789/0] conn(0x7fcc741091a0 0x7fcc741095c0 secure :-1 s=READY pgs=28 cs=0 l=1 rev1=1 crypto rx=0x7fcc640098a0 tx=0x7fcc64009bb0 comp rx=0 tx=0).stop
2024-05-08T04:47:25.953 INFO:teuthology.orchestra.run.smithi082.stdout:/usr/bin/ceph: stderr
2024-05-08T04:47:19.492+0000 7fcc79ac4700 1 -- 172.21.15.82:0/1811799274 shutdown_connections
2024-05-08T04:47:25.953 INFO:teuthology.orchestra.run.smithi082.stdout:/usr/bin/ceph: stderr
2024-05-08T04:47:19.492+0000 7fcc79ac4700 1 --2- 172.21.15.82:0/1811799274 >> [v2:172.21.15.82:3300/0,v1:172.21.15.82:6789/0] conn(0x7fcc741091a0 0x7fcc741095c0 unknown :-1 s=CLOSED pgs=28 cs=0 l=1 rev1=1 crypto rx=0 tx=0 comp rx=0 tx=0).stop
2024-05-08T04:47:25.953 INFO:teuthology.orchestra.run.smithi082.stdout:/usr/bin/ceph: stderr
2024-05-08T04:47:19.492+0000 7fcc79ac4700 1 -- 172.21.15.82:0/1811799274 >> 172.21.15.82:0/1811799274 conn(0x7fcc74102910 msgr2=0x7fcc74104d70 unknown :-1 s=STATE_NONE l=0).mark_down
2024-05-08T04:47:25.954 INFO:teuthology.orchestra.run.smithi082.stdout:/usr/bin/ceph: stderr
2024-05-08T04:47:19.492+0000 7fcc79ac4700 1 -- 172.21.15.82:0/1811799274 shutdown_connections
2024-05-08T04:47:25.954 INFO:teuthology.orchestra.run.smithi082.stdout:/usr/bin/ceph: stderr
2024-05-08T04:47:19.493+0000 7fcc79ac4700 1 -- 172.21.15.82:0/1811799274 wait complete.
2024-05-08T04:47:25.954 INFO:teuthology.orchestra.run.smithi082.stdout:/usr/bin/ceph: stderr
2024-05-08T04:47:19.493+0000 7fcc79ac4700 1 Processor -- start
2024-05-08T04:47:25.954 INFO:teuthology.orchestra.run.smithi082.stdout:/usr/bin/ceph: stderr
2024-05-08T04:47:19.493+0000 7fcc79ac4700 1 -- start start
2024-05-08T04:47:25.954 INFO:teuthology.orchestra.run.smithi082.stdout:/usr/bin/ceph: stderr
2024-05-08T04:47:19.493+0000 7fcc79ac4700 1 --2- >> [v2:172.21.15.82:3300/0,v1:172.21.15.82:6789/0] conn(0x7fcc741091a0 0x7fcc7419bc10 unknown :-1 s=NONE pgs=0 cs=0 l=1 rev1=0 crypto rx=0 tx=0 comp rx=0 tx=0).connect
2024-05-08T04:47:25.954 INFO:teuthology.orchestra.run.smithi082.stdout:/usr/bin/ceph: stderr
2024-05-08T04:47:19.493+0000 7fcc79ac4700 1 -- --> [v2:172.21.15.82:3300/0,v1:172.21.15.82:6789/0] -- mon_getmap magic: 0 -- 0x7fcc7410c120 con 0x7fcc741091a0
2024-05-08T04:47:25.954 INFO:teuthology.orchestra.run.smithi082.stdout:/usr/bin/ceph: stderr
2024-05-08T04:47:19.494+0000 7fcc737fe700 1 --2- >> [v2:172.21.15.82:3300/0,v1:172.21.15.82:6789/0] conn(0x7fcc741091a0 0x7fcc7419bc10 unknown :-1 s=BANNER_CONNECTING pgs=0 cs=0 l=1 rev1=0 crypto rx=0 tx=0 comp rx=0 tx=0)._handle_peer_banner_payload supported=3 required=0
2024-05-08T04:47:25.954 INFO:teuthology.orchestra.run.smithi082.stdout:/usr/bin/ceph: stderr
2024-05-08T04:47:19.494+0000 7fcc737fe700 1 --2- >> [v2:172.21.15.82:3300/0,v1:172.21.15.82:6789/0] conn(0x7fcc741091a0 0x7fcc7419bc10 unknown :-1 s=HELLO_CONNECTING pgs=0 cs=0 l=1 rev1=1 crypto rx=0 tx=0 comp rx=0 tx=0).handle_hello peer v2:172.21.15.82:3300/0 says I am v2:172.21.15.82:50222/0 (socket says 172.21.15.82:50222)
2024-05-08T04:47:25.954 INFO:teuthology.orchestra.run.smithi082.stdout:/usr/bin/ceph: stderr
2024-05-08T04:47:19.494+0000 7fcc737fe700 1 -- 172.21.15.82:0/1395575223 learned_addr learned my addr 172.21.15.82:0/1395575223 (peer_addr_for_me v2:172.21.15.82:0/0)
2024-05-08T04:47:25.954 INFO:teuthology.orchestra.run.smithi082.stdout:/usr/bin/ceph: stderr
2024-05-08T04:47:19.494+0000 7fcc737fe700 1 -- 172.21.15.82:0/1395575223 --> [v2:172.21.15.82:3300/0,v1:172.21.15.82:6789/0] -- mon_subscribe({config=0+,monmap=0+}) -- 0x7fcc7419c150 con 0x7fcc741091a0
2024-05-08T04:47:25.954 INFO:teuthology.orchestra.run.smithi082.stdout:/usr/bin/ceph: stderr
2024-05-08T04:47:19.494+0000 7fcc737fe700 1 --2- 172.21.15.82:0/1395575223 >> [v2:172.21.15.82:3300/0,v1:172.21.15.82:6789/0] conn(0x7fcc741091a0 0x7fcc7419bc10 secure :-1 s=READY pgs=29 cs=0 l=1 rev1=1 crypto rx=0x7fcc64009fb0 tx=0x7fcc64011940 comp rx=0 tx=0).ready entity=mon.0 client_cookie=0 server_cookie=0 in_seq=0 out_seq=0
2024-05-08T04:47:25.954 INFO:teuthology.orchestra.run.smithi082.stdout:/usr/bin/ceph: stderr
2024-05-08T04:47:19.494+0000 7fcc70ff9700 1 -- 172.21.15.82:0/1395575223 <== mon.0 v2:172.21.15.82:3300/0 1 ==== mon_map magic: 0 ==== 205+0+0 (secure 0 0 0) 0x7fcc640036a0 con 0x7fcc741091a0
2024-05-08T04:47:25.954 INFO:teuthology.orchestra.run.smithi082.stdout:/usr/bin/ceph: stderr
2024-05-08T04:47:19.494+0000 7fcc70ff9700 1 -- 172.21.15.82:0/1395575223 <== mon.0 v2:172.21.15.82:3300/0 2 ==== config(26 keys) ==== 1070+0+0 (secure 0 0 0) 0x7fcc6401a430 con 0x7fcc741091a0
2024-05-08T04:47:25.954 INFO:teuthology.orchestra.run.smithi082.stdout:/usr/bin/ceph: stderr
2024-05-08T04:47:19.494+0000 7fcc79ac4700 1 -- 172.21.15.82:0/1395575223 --> [v2:172.21.15.82:3300/0,v1:172.21.15.82:6789/0] -- mon_subscribe({mgrmap=0+}) -- 0x7fcc7419c3e0 con 0x7fcc741091a0
2024-05-08T04:47:25.955 INFO:teuthology.orchestra.run.smithi082.stdout:/usr/bin/ceph: stderr
2024-05-08T04:47:19.494+0000 7fcc70ff9700 1 -- 172.21.15.82:0/1395575223 <== mon.0 v2:172.21.15.82:3300/0 3 ==== mon_map magic: 0 ==== 205+0+0 (secure 0 0 0) 0x7fcc64019550 con 0x7fcc741091a0
2024-05-08T04:47:25.955 INFO:teuthology.orchestra.run.smithi082.stdout:/usr/bin/ceph: stderr
2024-05-08T04:47:19.494+0000 7fcc79ac4700 1 -- 172.21.15.82:0/1395575223 --> [v2:172.21.15.82:3300/0,v1:172.21.15.82:6789/0] -- mon_subscribe({osdmap=0}) -- 0x7fcc7419f0d0 con 0x7fcc741091a0
2024-05-08T04:47:25.955 INFO:teuthology.orchestra.run.smithi082.stdout:/usr/bin/ceph: stderr
2024-05-08T04:47:19.495+0000 7fcc70ff9700 1 -- 172.21.15.82:0/1395575223 <== mon.0 v2:172.21.15.82:3300/0 4 ==== mgrmap(e 5) ==== 50222+0+0 (secure 0 0 0) 0x7fcc64019850 con 0x7fcc741091a0
2024-05-08T04:47:25.955 INFO:teuthology.orchestra.run.smithi082.stdout:/usr/bin/ceph: stderr
2024-05-08T04:47:19.496+0000 7fcc70ff9700 1 --2- 172.21.15.82:0/1395575223 >> [v2:172.21.15.82:6800/4285419340,v1:172.21.15.82:6801/4285419340] conn(0x7fcc5c03e420 0x7fcc5c0408e0 unknown :-1 s=NONE pgs=0 cs=0 l=1 rev1=0 crypto rx=0 tx=0 comp rx=0 tx=0).connect
2024-05-08T04:47:25.955 INFO:teuthology.orchestra.run.smithi082.stdout:/usr/bin/ceph: stderr
2024-05-08T04:47:19.496+0000 7fcc70ff9700 1 -- 172.21.15.82:0/1395575223 --> [v2:172.21.15.82:6800/4285419340,v1:172.21.15.82:6801/4285419340] -- command(tid 0: {"prefix": "get_command_descriptions"}) -- 0x7fcc5c040ff0 con 0x7fcc5c03e420
2024-05-08T04:47:25.955 INFO:teuthology.orchestra.run.smithi082.stdout:/usr/bin/ceph: stderr
2024-05-08T04:47:19.496+0000 7fcc70ff9700 1 -- 172.21.15.82:0/1395575223 <== mon.0 v2:172.21.15.82:3300/0 5 ==== osd_map(1..1 src has 1..1) ==== 725+0+0 (secure 0 0 0) 0x7fcc640538b0 con 0x7fcc741091a0
2024-05-08T04:47:25.955 INFO:teuthology.orchestra.run.smithi082.stdout:/usr/bin/ceph: stderr
2024-05-08T04:47:19.496+0000 7fcc72ffd700 1 -- 172.21.15.82:0/1395575223 >> [v2:172.21.15.82:6800/4285419340,v1:172.21.15.82:6801/4285419340] conn(0x7fcc5c03e420 msgr2=0x7fcc5c0408e0 unknown :-1 s=STATE_CONNECTING_RE l=1).process reconnect failed to v2:172.21.15.82:6800/4285419340
2024-05-08T04:47:25.955 INFO:teuthology.orchestra.run.smithi082.stdout:/usr/bin/ceph: stderr
2024-05-08T04:47:19.496+0000 7fcc72ffd700 1 --2- 172.21.15.82:0/1395575223 >> [v2:172.21.15.82:6800/4285419340,v1:172.21.15.82:6801/4285419340] conn(0x7fcc5c03e420 0x7fcc5c0408e0 unknown :-1 s=START_CONNECT pgs=0 cs=0 l=1 rev1=0 crypto rx=0 tx=0 comp rx=0 tx=0)._fault waiting 0.200000
2024-05-08T04:47:25.955 INFO:teuthology.orchestra.run.smithi082.stdout:/usr/bin/ceph: stderr
2024-05-08T04:47:19.697+0000 7fcc72ffd700 1 -- 172.21.15.82:0/1395575223 >> [v2:172.21.15.82:6800/4285419340,v1:172.21.15.82:6801/4285419340] conn(0x7fcc5c03e420 msgr2=0x7fcc5c0408e0 unknown :-1 s=STATE_CONNECTING_RE l=1).process reconnect failed to v2:172.21.15.82:6800/4285419340
2024-05-08T04:47:25.955 INFO:teuthology.orchestra.run.smithi082.stdout:/usr/bin/ceph: stderr
2024-05-08T04:47:19.697+0000 7fcc72ffd700 1 --2- 172.21.15.82:0/1395575223 >> [v2:172.21.15.82:6800/4285419340,v1:172.21.15.82:6801/4285419340] conn(0x7fcc5c03e420 0x7fcc5c0408e0 unknown :-1 s=START_CONNECT pgs=0 cs=0 l=1 rev1=0 crypto rx=0 tx=0 comp rx=0 tx=0)._fault waiting 0.400000
2024-05-08T04:47:25.955 INFO:teuthology.orchestra.run.smithi082.stdout:/usr/bin/ceph: stderr
2024-05-08T04:47:20.098+0000 7fcc72ffd700 1 -- 172.21.15.82:0/1395575223 >> [v2:172.21.15.82:6800/4285419340,v1:172.21.15.82:6801/4285419340] conn(0x7fcc5c03e420 msgr2=0x7fcc5c0408e0 unknown :-1 s=STATE_CONNECTING_RE l=1).process reconnect failed to v2:172.21.15.82:6800/4285419340
2024-05-08T04:47:25.955 INFO:teuthology.orchestra.run.smithi082.stdout:/usr/bin/ceph: stderr
2024-05-08T04:47:20.098+0000 7fcc72ffd700 1 --2- 172.21.15.82:0/1395575223 >> [v2:172.21.15.82:6800/4285419340,v1:172.21.15.82:6801/4285419340] conn(0x7fcc5c03e420 0x7fcc5c0408e0 unknown :-1 s=START_CONNECT pgs=0 cs=0 l=1 rev1=0 crypto rx=0 tx=0 comp rx=0 tx=0)._fault waiting 0.800000
2024-05-08T04:47:25.955 INFO:teuthology.orchestra.run.smithi082.stdout:/usr/bin/ceph: stderr
2024-05-08T04:47:20.899+0000 7fcc72ffd700 1 -- 172.21.15.82:0/1395575223 >> [v2:172.21.15.82:6800/4285419340,v1:172.21.15.82:6801/4285419340] conn(0x7fcc5c03e420 msgr2=0x7fcc5c0408e0 unknown :-1 s=STATE_CONNECTING_RE l=1).process reconnect failed to v2:172.21.15.82:6800/4285419340
2024-05-08T04:47:25.955 INFO:teuthology.orchestra.run.smithi082.stdout:/usr/bin/ceph: stderr
2024-05-08T04:47:20.899+0000 7fcc72ffd700 1 --2- 172.21.15.82:0/1395575223 >> [v2:172.21.15.82:6800/4285419340,v1:172.21.15.82:6801/4285419340] conn(0x7fcc5c03e420 0x7fcc5c0408e0 unknown :-1 s=START_CONNECT pgs=0 cs=0 l=1 rev1=0 crypto rx=0 tx=0 comp rx=0 tx=0)._fault waiting 1.600000
2024-05-08T04:47:25.956 INFO:teuthology.orchestra.run.smithi082.stdout:/usr/bin/ceph: stderr
2024-05-08T04:47:22.500+0000 7fcc72ffd700 1 -- 172.21.15.82:0/1395575223 >> [v2:172.21.15.82:6800/4285419340,v1:172.21.15.82:6801/4285419340] conn(0x7fcc5c03e420 msgr2=0x7fcc5c0408e0 unknown :-1 s=STATE_CONNECTING_RE l=1).process reconnect failed to v2:172.21.15.82:6800/4285419340
2024-05-08T04:47:25.956 INFO:teuthology.orchestra.run.smithi082.stdout:/usr/bin/ceph: stderr
2024-05-08T04:47:22.500+0000 7fcc72ffd700 1 --2- 172.21.15.82:0/1395575223 >> [v2:172.21.15.82:6800/4285419340,v1:172.21.15.82:6801/4285419340] conn(0x7fcc5c03e420 0x7fcc5c0408e0 unknown :-1 s=START_CONNECT pgs=0 cs=0 l=1 rev1=0 crypto rx=0 tx=0 comp rx=0 tx=0)._fault waiting 3.200000
2024-05-08T04:47:25.956 INFO:teuthology.orchestra.run.smithi082.stdout:/usr/bin/ceph: stderr
2024-05-08T04:47:24.422+0000 7fcc70ff9700 1 -- 172.21.15.82:0/1395575223 <== mon.0 v2:172.21.15.82:3300/0 6 ==== mgrmap(e 6) ==== 49989+0+0 (secure 0 0 0) 0x7fcc64019b90 con 0x7fcc741091a0
2024-05-08T04:47:25.956 INFO:teuthology.orchestra.run.smithi082.stdout:/usr/bin/ceph: stderr
2024-05-08T04:47:24.422+0000 7fcc70ff9700 1 -- 172.21.15.82:0/1395575223 >> [v2:172.21.15.82:6800/4285419340,v1:172.21.15.82:6801/4285419340] conn(0x7fcc5c03e420 msgr2=0x7fcc5c0408e0 unknown :-1 s=STATE_CONNECTING l=1).mark_down
2024-05-08T04:47:25.956 INFO:teuthology.orchestra.run.smithi082.stdout:/usr/bin/ceph: stderr
2024-05-08T04:47:24.422+0000 7fcc70ff9700 1 --2- 172.21.15.82:0/1395575223 >> [v2:172.21.15.82:6800/4285419340,v1:172.21.15.82:6801/4285419340] conn(0x7fcc5c03e420 0x7fcc5c0408e0 unknown :-1 s=START_CONNECT pgs=0 cs=0 l=1 rev1=0 crypto rx=0 tx=0 comp rx=0 tx=0).stop
2024-05-08T04:47:25.956 INFO:teuthology.orchestra.run.smithi082.stdout:/usr/bin/ceph: stderr
2024-05-08T04:47:25.424+0000 7fcc70ff9700 1 -- 172.21.15.82:0/1395575223 <== mon.0 v2:172.21.15.82:3300/0 7 ==== mgrmap(e 7) ==== 50116+0+0 (secure 0 0 0) 0x7fcc640559b0 con 0x7fcc741091a0
2024-05-08T04:47:25.956 INFO:teuthology.orchestra.run.smithi082.stdout:/usr/bin/ceph: stderr
2024-05-08T04:47:25.424+0000 7fcc70ff9700 1 --2- 172.21.15.82:0/1395575223 >> [v2:172.21.15.82:6800/244706506,v1:172.21.15.82:6801/244706506] conn(0x7fcc5c041d10 0x7fcc5c044100 unknown :-1 s=NONE pgs=0 cs=0 l=1 rev1=0 crypto rx=0 tx=0 comp rx=0 tx=0).connect
2024-05-08T04:47:25.956 INFO:teuthology.orchestra.run.smithi082.stdout:/usr/bin/ceph: stderr
2024-05-08T04:47:25.424+0000 7fcc70ff9700 1 -- 172.21.15.82:0/1395575223 --> [v2:172.21.15.82:6800/244706506,v1:172.21.15.82:6801/244706506] -- command(tid 0: {"prefix": "get_command_descriptions"}) -- 0x7fcc5c040ff0 con 0x7fcc5c041d10
2024-05-08T04:47:25.956 INFO:teuthology.orchestra.run.smithi082.stdout:/usr/bin/ceph: stderr
2024-05-08T04:47:25.424+0000 7fcc72ffd700 1 --2- 172.21.15.82:0/1395575223 >> [v2:172.21.15.82:6800/244706506,v1:172.21.15.82:6801/244706506] conn(0x7fcc5c041d10 0x7fcc5c044100 unknown :-1 s=BANNER_CONNECTING pgs=0 cs=0 l=1 rev1=0 crypto rx=0 tx=0 comp rx=0 tx=0)._handle_peer_banner_payload supported=3 required=0
2024-05-08T04:47:25.956 INFO:teuthology.orchestra.run.smithi082.stdout:/usr/bin/ceph: stderr
2024-05-08T04:47:25.425+0000 7fcc72ffd700 1 --2- 172.21.15.82:0/1395575223 >> [v2:172.21.15.82:6800/244706506,v1:172.21.15.82:6801/244706506] conn(0x7fcc5c041d10 0x7fcc5c044100 secure :-1 s=READY pgs=2 cs=0 l=1 rev1=1 crypto rx=0x7fcc68003a10 tx=0x7fcc68009290 comp rx=0 tx=0).ready entity=mgr.14120 client_cookie=0 server_cookie=0 in_seq=0 out_seq=0
2024-05-08T04:47:25.956 INFO:teuthology.orchestra.run.smithi082.stdout:/usr/bin/ceph: stderr
2024-05-08T04:47:25.425+0000 7fcc70ff9700 1 -- 172.21.15.82:0/1395575223 <== mgr.14120 v2:172.21.15.82:6800/244706506 1 ==== command_reply(tid 0: 0 ) ==== 8+0+9564 (secure 0 0 0) 0x7fcc5c040ff0 con 0x7fcc5c041d10
2024-05-08T04:47:25.956 INFO:teuthology.orchestra.run.smithi082.stdout:/usr/bin/ceph: stderr
2024-05-08T04:47:25.433+0000 7fcc5a7fc700 1 -- 172.21.15.82:0/1395575223 --> [v2:172.21.15.82:6800/244706506,v1:172.21.15.82:6801/244706506] -- command(tid 1: {"prefix": "mgr_status"}) -- 0x7fcc54002600 con 0x7fcc5c041d10
2024-05-08T04:47:25.956 INFO:teuthology.orchestra.run.smithi082.stdout:/usr/bin/ceph: stderr
2024-05-08T04:47:25.434+0000 7fcc70ff9700 1 -- 172.21.15.82:0/1395575223 <== mgr.14120 v2:172.21.15.82:6800/244706506 2 ==== command_reply(tid 1: 0 ) ==== 8+0+51 (secure 0 0 0) 0x7fcc54002600 con 0x7fcc5c041d10
2024-05-08T04:47:25.956 INFO:teuthology.orchestra.run.smithi082.stdout:/usr/bin/ceph: stderr
2024-05-08T04:47:25.434+0000 7fcc5a7fc700 1 -- 172.21.15.82:0/1395575223 >> [v2:172.21.15.82:6800/244706506,v1:172.21.15.82:6801/244706506] conn(0x7fcc5c041d10 msgr2=0x7fcc5c044100 secure :-1 s=STATE_CONNECTION_ESTABLISHED l=1).mark_down
2024-05-08T04:47:25.956 INFO:teuthology.orchestra.run.smithi082.stdout:/usr/bin/ceph: stderr
2024-05-08T04:47:25.434+0000 7fcc5a7fc700 1 --2- 172.21.15.82:0/1395575223 >> [v2:172.21.15.82:6800/244706506,v1:172.21.15.82:6801/244706506] conn(0x7fcc5c041d10 0x7fcc5c044100 secure :-1 s=READY pgs=2 cs=0 l=1 rev1=1 crypto rx=0x7fcc68003a10 tx=0x7fcc68009290 comp rx=0 tx=0).stop
2024-05-08T04:47:25.957 INFO:teuthology.orchestra.run.smithi082.stdout:/usr/bin/ceph: stderr
2024-05-08T04:47:25.434+0000 7fcc5a7fc700 1 -- 172.21.15.82:0/1395575223 >> [v2:172.21.15.82:3300/0,v1:172.21.15.82:6789/0] conn(0x7fcc741091a0 msgr2=0x7fcc7419bc10 secure :-1 s=STATE_CONNECTION_ESTABLISHED l=1).mark_down
2024-05-08T04:47:25.957 INFO:teuthology.orchestra.run.smithi082.stdout:/usr/bin/ceph: stderr
2024-05-08T04:47:25.434+0000 7fcc5a7fc700 1 --2- 172.21.15.82:0/1395575223 >> [v2:172.21.15.82:3300/0,v1:172.21.15.82:6789/0] conn(0x7fcc741091a0 0x7fcc7419bc10 secure :-1 s=READY pgs=29 cs=0 l=1 rev1=1 crypto rx=0x7fcc64009fb0 tx=0x7fcc64011940 comp rx=0 tx=0).stop
2024-05-08T04:47:25.957 INFO:teuthology.orchestra.run.smithi082.stdout:/usr/bin/ceph: stderr
2024-05-08T04:47:25.434+0000 7fcc5a7fc700 1 -- 172.21.15.82:0/1395575223 shutdown_connections
2024-05-08T04:47:25.957 INFO:teuthology.orchestra.run.smithi082.stdout:/usr/bin/ceph: stderr
2024-05-08T04:47:25.434+0000 7fcc5a7fc700 1 --2- 172.21.15.82:0/1395575223 >> [v2:172.21.15.82:6800/244706506,v1:172.21.15.82:6801/244706506] conn(0x7fcc5c041d10 0x7fcc5c044100 unknown :-1 s=CLOSED pgs=2 cs=0 l=1 rev1=1 crypto rx=0 tx=0 comp rx=0 tx=0).stop
2024-05-08T04:47:25.957 INFO:teuthology.orchestra.run.smithi082.stdout:/usr/bin/ceph: stderr
2024-05-08T04:47:25.434+0000 7fcc5a7fc700 1 --2- 172.21.15.82:0/1395575223 >> [v2:172.21.15.82:3300/0,v1:172.21.15.82:6789/0] conn(0x7fcc741091a0 0x7fcc7419bc10 unknown :-1 s=CLOSED pgs=29 cs=0 l=1 rev1=1 crypto rx=0 tx=0 comp rx=0 tx=0).stop
2024-05-08T04:47:25.957 INFO:teuthology.orchestra.run.smithi082.stdout:/usr/bin/ceph: stderr
2024-05-08T04:47:25.434+0000 7fcc5a7fc700 1 --2- 172.21.15.82:0/1395575223 >> [v2:172.21.15.82:6800/4285419340,v1:172.21.15.82:6801/4285419340] conn(0x7fcc5c03e420 0x7fcc5c0408e0 unknown :-1 s=CLOSED pgs=0 cs=0 l=1 rev1=0 crypto rx=0 tx=0 comp rx=0 tx=0).stop
2024-05-08T04:47:25.957 INFO:teuthology.orchestra.run.smithi082.stdout:/usr/bin/ceph: stderr
2024-05-08T04:47:25.434+0000 7fcc5a7fc700 1 -- 172.21.15.82:0/1395575223 >> 172.21.15.82:0/1395575223 conn(0x7fcc74102910 msgr2=0x7fcc74103580 unknown :-1 s=STATE_NONE l=0).mark_down
2024-05-08T04:47:25.957 INFO:teuthology.orchestra.run.smithi082.stdout:/usr/bin/ceph: stderr
2024-05-08T04:47:25.434+0000 7fcc5a7fc700 1 -- 172.21.15.82:0/1395575223 shutdown_connections
2024-05-08T04:47:25.957 INFO:teuthology.orchestra.run.smithi082.stdout:/usr/bin/ceph: stderr
2024-05-08T04:47:25.434+0000 7fcc5a7fc700 1 -- 172.21.15.82:0/1395575223 wait complete.
2024-05-08T04:47:25.957 INFO:teuthology.orchestra.run.smithi082.stdout:mgr epoch 5 is available
2024-05-08T04:47:25.957 INFO:teuthology.orchestra.run.smithi082.stdout:Setting orchestrator backend to cephadm...
2024-05-08T04:47:26.582 INFO:journalctl@ceph.mon.a.smithi082.stdout:May 08 04:47:26 smithi082 ceph-mon[30095]: [08/May/2024:04:47:25] ENGINE Serving on http://172.21.15.82:8765
2024-05-08T04:47:26.582 INFO:journalctl@ceph.mon.a.smithi082.stdout:May 08 04:47:26 smithi082 ceph-mon[30095]: from='client.14124 -' entity='client.admin' cmd=[{"prefix": "get_command_descriptions"}]: dispatch
2024-05-08T04:47:26.582 INFO:journalctl@ceph.mon.a.smithi082.stdout:May 08 04:47:26 smithi082 ceph-mon[30095]: from='client.14124 -' entity='client.admin' cmd=[{"prefix": "mgr_status"}]: dispatch
2024-05-08T04:47:26.582 INFO:journalctl@ceph.mon.a.smithi082.stdout:May 08 04:47:26 smithi082 ceph-mon[30095]: [08/May/2024:04:47:25] ENGINE Serving on https://172.21.15.82:7150
2024-05-08T04:47:26.582 INFO:journalctl@ceph.mon.a.smithi082.stdout:May 08 04:47:26 smithi082 ceph-mon[30095]: [08/May/2024:04:47:25] ENGINE Bus STARTED
2024-05-08T04:47:26.582 INFO:journalctl@ceph.mon.a.smithi082.stdout:May 08 04:47:26 smithi082 ceph-mon[30095]: from='mgr.14120 172.21.15.82:0/4113990545' entity='mgr.x' cmd=[{"prefix": "config dump", "format": "json"}]: dispatch
2024-05-08T04:47:27.114 INFO:teuthology.orchestra.run.smithi082.stdout:/usr/bin/ceph: stderr
2024-05-08T04:47:26.328+0000 7f294b86f700 1 Processor -- start
2024-05-08T04:47:27.114 INFO:teuthology.orchestra.run.smithi082.stdout:/usr/bin/ceph: stderr
2024-05-08T04:47:26.328+0000 7f294b86f700 1 -- start start
2024-05-08T04:47:27.114 INFO:teuthology.orchestra.run.smithi082.stdout:/usr/bin/ceph: stderr
2024-05-08T04:47:26.328+0000 7f294b86f700 1 --2- >> [v2:172.21.15.82:3300/0,v1:172.21.15.82:6789/0] conn(0x7f2944109800 0x7f294410bbf0 unknown :-1 s=NONE pgs=0 cs=0 l=0 rev1=0 crypto rx=0 tx=0 comp rx=0 tx=0).connect
2024-05-08T04:47:27.114 INFO:teuthology.orchestra.run.smithi082.stdout:/usr/bin/ceph: stderr
2024-05-08T04:47:26.328+0000 7f294b86f700 1 -- --> [v2:172.21.15.82:3300/0,v1:172.21.15.82:6789/0] -- mon_getmap magic: 0 -- 0x7f294407ce60 con 0x7f2944109800
2024-05-08T04:47:27.114 INFO:teuthology.orchestra.run.smithi082.stdout:/usr/bin/ceph: stderr
2024-05-08T04:47:26.328+0000 7f294960b700 1 --2- >> [v2:172.21.15.82:3300/0,v1:172.21.15.82:6789/0] conn(0x7f2944109800 0x7f294410bbf0 unknown :-1 s=BANNER_CONNECTING pgs=0 cs=0 l=0 rev1=0 crypto rx=0 tx=0 comp rx=0 tx=0)._handle_peer_banner_payload supported=3 required=0
2024-05-08T04:47:27.115 INFO:teuthology.orchestra.run.smithi082.stdout:/usr/bin/ceph: stderr
2024-05-08T04:47:26.328+0000 7f294960b700 1 --2- >> [v2:172.21.15.82:3300/0,v1:172.21.15.82:6789/0] conn(0x7f2944109800 0x7f294410bbf0 unknown :-1 s=HELLO_CONNECTING pgs=0 cs=0 l=0 rev1=1 crypto rx=0 tx=0 comp rx=0 tx=0).handle_hello peer v2:172.21.15.82:3300/0 says I am v2:172.21.15.82:53674/0 (socket says 172.21.15.82:53674)
2024-05-08T04:47:27.115 INFO:teuthology.orchestra.run.smithi082.stdout:/usr/bin/ceph: stderr
2024-05-08T04:47:26.328+0000 7f294960b700 1 -- 172.21.15.82:0/1619128802 learned_addr learned my addr 172.21.15.82:0/1619128802 (peer_addr_for_me v2:172.21.15.82:0/0)
2024-05-08T04:47:27.115 INFO:teuthology.orchestra.run.smithi082.stdout:/usr/bin/ceph: stderr
2024-05-08T04:47:26.328+0000 7f294960b700 1 -- 172.21.15.82:0/1619128802 --> [v2:172.21.15.82:3300/0,v1:172.21.15.82:6789/0] -- mon_subscribe({config=0+,monmap=0+}) -- 0x7f294410c130 con 0x7f2944109800
2024-05-08T04:47:27.115 INFO:teuthology.orchestra.run.smithi082.stdout:/usr/bin/ceph: stderr
2024-05-08T04:47:26.329+0000 7f294960b700 1 --2- 172.21.15.82:0/1619128802 >> [v2:172.21.15.82:3300/0,v1:172.21.15.82:6789/0] conn(0x7f2944109800 0x7f294410bbf0 secure :-1 s=READY pgs=37 cs=0 l=1 rev1=1 crypto rx=0x7f29380098a0 tx=0x7f2938009bb0 comp rx=0 tx=0).ready entity=mon.0 client_cookie=b5e1067ab95f984f server_cookie=0 in_seq=0 out_seq=0
2024-05-08T04:47:27.115 INFO:teuthology.orchestra.run.smithi082.stdout:/usr/bin/ceph: stderr
2024-05-08T04:47:26.329+0000 7f2937fff700 1 -- 172.21.15.82:0/1619128802 <== mon.0 v2:172.21.15.82:3300/0 1 ==== mon_map magic: 0 ==== 205+0+0 (secure 0 0 0) 0x7f2938004160 con 0x7f2944109800
2024-05-08T04:47:27.115 INFO:teuthology.orchestra.run.smithi082.stdout:/usr/bin/ceph: stderr
2024-05-08T04:47:26.329+0000 7f2937fff700 1 -- 172.21.15.82:0/1619128802 <== mon.0 v2:172.21.15.82:3300/0 2 ==== config(26 keys) ==== 1070+0+0 (secure 0 0 0) 0x7f2938004300 con 0x7f2944109800
2024-05-08T04:47:27.115 INFO:teuthology.orchestra.run.smithi082.stdout:/usr/bin/ceph: stderr
2024-05-08T04:47:26.329+0000 7f2937fff700 1 -- 172.21.15.82:0/1619128802 <== mon.0 v2:172.21.15.82:3300/0 3 ==== mon_map magic: 0 ==== 205+0+0 (secure 0 0 0) 0x7f2938011af0 con 0x7f2944109800
2024-05-08T04:47:27.115 INFO:teuthology.orchestra.run.smithi082.stdout:/usr/bin/ceph: stderr
2024-05-08T04:47:26.329+0000 7f294b86f700 1 -- 172.21.15.82:0/1619128802 >> [v2:172.21.15.82:3300/0,v1:172.21.15.82:6789/0] conn(0x7f2944109800 msgr2=0x7f294410bbf0 secure :-1 s=STATE_CONNECTION_ESTABLISHED l=1).mark_down
2024-05-08T04:47:27.115 INFO:teuthology.orchestra.run.smithi082.stdout:/usr/bin/ceph: stderr
2024-05-08T04:47:26.329+0000 7f294b86f700 1 --2- 172.21.15.82:0/1619128802 >> [v2:172.21.15.82:3300/0,v1:172.21.15.82:6789/0] conn(0x7f2944109800 0x7f294410bbf0 secure :-1 s=READY pgs=37 cs=0 l=1 rev1=1 crypto rx=0x7f29380098a0 tx=0x7f2938009bb0 comp rx=0 tx=0).stop
2024-05-08T04:47:27.115 INFO:teuthology.orchestra.run.smithi082.stdout:/usr/bin/ceph: stderr
2024-05-08T04:47:26.329+0000 7f294b86f700 1 -- 172.21.15.82:0/1619128802 shutdown_connections
2024-05-08T04:47:27.115 INFO:teuthology.orchestra.run.smithi082.stdout:/usr/bin/ceph: stderr
2024-05-08T04:47:26.329+0000 7f294b86f700 1 --2- 172.21.15.82:0/1619128802 >> [v2:172.21.15.82:3300/0,v1:172.21.15.82:6789/0] conn(0x7f2944109800 0x7f294410bbf0 unknown :-1 s=CLOSED pgs=37 cs=0 l=1 rev1=1 crypto rx=0 tx=0 comp rx=0 tx=0).stop
2024-05-08T04:47:27.115 INFO:teuthology.orchestra.run.smithi082.stdout:/usr/bin/ceph: stderr
2024-05-08T04:47:26.329+0000 7f294b86f700 1 -- 172.21.15.82:0/1619128802 >> 172.21.15.82:0/1619128802 conn(0x7f2944103210 msgr2=0x7f2944105630 unknown :-1 s=STATE_NONE l=0).mark_down
2024-05-08T04:47:27.115 INFO:teuthology.orchestra.run.smithi082.stdout:/usr/bin/ceph: stderr
2024-05-08T04:47:26.330+0000 7f294b86f700 1 -- 172.21.15.82:0/1619128802 shutdown_connections
2024-05-08T04:47:27.115 INFO:teuthology.orchestra.run.smithi082.stdout:/usr/bin/ceph: stderr
2024-05-08T04:47:26.330+0000 7f294b86f700 1 -- 172.21.15.82:0/1619128802 wait complete.
2024-05-08T04:47:27.116 INFO:teuthology.orchestra.run.smithi082.stdout:/usr/bin/ceph: stderr
2024-05-08T04:47:26.330+0000 7f294b86f700 1 Processor -- start
2024-05-08T04:47:27.116 INFO:teuthology.orchestra.run.smithi082.stdout:/usr/bin/ceph: stderr
2024-05-08T04:47:26.330+0000 7f294b86f700 1 -- start start
2024-05-08T04:47:27.116 INFO:teuthology.orchestra.run.smithi082.stdout:/usr/bin/ceph: stderr
2024-05-08T04:47:26.330+0000 7f294b86f700 1 --2- >> [v2:172.21.15.82:3300/0,v1:172.21.15.82:6789/0] conn(0x7f2944109800 0x7f294419ccc0 unknown :-1 s=NONE pgs=0 cs=0 l=1 rev1=0 crypto rx=0 tx=0 comp rx=0 tx=0).connect
2024-05-08T04:47:27.116 INFO:teuthology.orchestra.run.smithi082.stdout:/usr/bin/ceph: stderr
2024-05-08T04:47:26.330+0000 7f294b86f700 1 -- --> [v2:172.21.15.82:3300/0,v1:172.21.15.82:6789/0] -- mon_getmap magic: 0 -- 0x7f294410d0f0 con 0x7f2944109800
2024-05-08T04:47:27.116 INFO:teuthology.orchestra.run.smithi082.stdout:/usr/bin/ceph: stderr
2024-05-08T04:47:26.330+0000 7f294960b700 1 --2- >> [v2:172.21.15.82:3300/0,v1:172.21.15.82:6789/0] conn(0x7f2944109800 0x7f294419ccc0 unknown :-1 s=BANNER_CONNECTING pgs=0 cs=0 l=1 rev1=0 crypto rx=0 tx=0 comp rx=0 tx=0)._handle_peer_banner_payload supported=3 required=0
2024-05-08T04:47:27.116 INFO:teuthology.orchestra.run.smithi082.stdout:/usr/bin/ceph: stderr
2024-05-08T04:47:26.330+0000 7f294960b700 1 --2- >> [v2:172.21.15.82:3300/0,v1:172.21.15.82:6789/0] conn(0x7f2944109800 0x7f294419ccc0 unknown :-1 s=HELLO_CONNECTING pgs=0 cs=0 l=1 rev1=1 crypto rx=0 tx=0 comp rx=0 tx=0).handle_hello peer v2:172.21.15.82:3300/0 says I am v2:172.21.15.82:53688/0 (socket says 172.21.15.82:53688)
2024-05-08T04:47:27.116 INFO:teuthology.orchestra.run.smithi082.stdout:/usr/bin/ceph: stderr
2024-05-08T04:47:26.330+0000 7f294960b700 1 -- 172.21.15.82:0/1811729290 learned_addr learned my addr 172.21.15.82:0/1811729290 (peer_addr_for_me v2:172.21.15.82:0/0)
2024-05-08T04:47:27.116 INFO:teuthology.orchestra.run.smithi082.stdout:/usr/bin/ceph: stderr
2024-05-08T04:47:26.331+0000 7f294960b700 1 -- 172.21.15.82:0/1811729290 --> [v2:172.21.15.82:3300/0,v1:172.21.15.82:6789/0] -- mon_subscribe({config=0+,monmap=0+}) -- 0x7f294419d200 con 0x7f2944109800
2024-05-08T04:47:27.116 INFO:teuthology.orchestra.run.smithi082.stdout:/usr/bin/ceph: stderr
2024-05-08T04:47:26.331+0000 7f294960b700 1 --2- 172.21.15.82:0/1811729290 >> [v2:172.21.15.82:3300/0,v1:172.21.15.82:6789/0] conn(0x7f2944109800 0x7f294419ccc0 secure :-1 s=READY pgs=38 cs=0 l=1 rev1=1 crypto rx=0x7f2938009fb0 tx=0x7f2938011940 comp rx=0 tx=0).ready entity=mon.0 client_cookie=0 server_cookie=0 in_seq=0 out_seq=0
2024-05-08T04:47:27.116 INFO:teuthology.orchestra.run.smithi082.stdout:/usr/bin/ceph: stderr
2024-05-08T04:47:26.331+0000 7f29367fc700 1 -- 172.21.15.82:0/1811729290 <== mon.0 v2:172.21.15.82:3300/0 1 ==== mon_map magic: 0 ==== 205+0+0 (secure 0 0 0) 0x7f29380036a0 con 0x7f2944109800
2024-05-08T04:47:27.116 INFO:teuthology.orchestra.run.smithi082.stdout:/usr/bin/ceph: stderr
2024-05-08T04:47:26.331+0000 7f29367fc700 1 -- 172.21.15.82:0/1811729290 <== mon.0 v2:172.21.15.82:3300/0 2 ==== config(26 keys) ==== 1070+0+0 (secure 0 0 0) 0x7f293801a430 con 0x7f2944109800
2024-05-08T04:47:27.116 INFO:teuthology.orchestra.run.smithi082.stdout:/usr/bin/ceph: stderr
2024-05-08T04:47:26.331+0000 7f294b86f700 1 -- 172.21.15.82:0/1811729290 --> [v2:172.21.15.82:3300/0,v1:172.21.15.82:6789/0] -- mon_subscribe({mgrmap=0+}) -- 0x7f294419d490 con 0x7f2944109800
2024-05-08T04:47:27.116 INFO:teuthology.orchestra.run.smithi082.stdout:/usr/bin/ceph: stderr
2024-05-08T04:47:26.331+0000 7f29367fc700 1 -- 172.21.15.82:0/1811729290 <== mon.0 v2:172.21.15.82:3300/0 3 ==== mon_map magic: 0 ==== 205+0+0 (secure 0 0 0) 0x7f2938019550 con 0x7f2944109800
2024-05-08T04:47:27.116 INFO:teuthology.orchestra.run.smithi082.stdout:/usr/bin/ceph: stderr
2024-05-08T04:47:26.331+0000 7f294b86f700 1 -- 172.21.15.82:0/1811729290 --> [v2:172.21.15.82:3300/0,v1:172.21.15.82:6789/0] -- mon_subscribe({osdmap=0}) -- 0x7f29441a0180 con 0x7f2944109800
2024-05-08T04:47:27.116 INFO:teuthology.orchestra.run.smithi082.stdout:/usr/bin/ceph: stderr
2024-05-08T04:47:26.332+0000 7f29367fc700 1 -- 172.21.15.82:0/1811729290 <== mon.0 v2:172.21.15.82:3300/0 4 ==== mgrmap(e 7) ==== 50116+0+0 (secure 0 0 0) 0x7f2938019800 con 0x7f2944109800
2024-05-08T04:47:27.116 INFO:teuthology.orchestra.run.smithi082.stdout:/usr/bin/ceph: stderr
2024-05-08T04:47:26.332+0000 7f294b86f700 1 -- 172.21.15.82:0/1811729290 --> [v2:172.21.15.82:3300/0,v1:172.21.15.82:6789/0] -- mon_command({"prefix": "get_command_descriptions"} v 0) -- 0x7f2944064b00 con 0x7f2944109800
2024-05-08T04:47:27.117 INFO:teuthology.orchestra.run.smithi082.stdout:/usr/bin/ceph: stderr
2024-05-08T04:47:26.332+0000 7f29367fc700 1 --2- 172.21.15.82:0/1811729290 >> [v2:172.21.15.82:6800/244706506,v1:172.21.15.82:6801/244706506] conn(0x7f293003e340 0x7f2930040800 unknown :-1 s=NONE pgs=0 cs=0 l=1 rev1=0 crypto rx=0 tx=0 comp rx=0 tx=0).connect
2024-05-08T04:47:27.117 INFO:teuthology.orchestra.run.smithi082.stdout:/usr/bin/ceph: stderr
2024-05-08T04:47:26.332+0000 7f29367fc700 1 -- 172.21.15.82:0/1811729290 <== mon.0 v2:172.21.15.82:3300/0 5 ==== osd_map(2..2 src has 1..2) ==== 940+0+0 (secure 0 0 0) 0x7f2938053630 con 0x7f2944109800
2024-05-08T04:47:27.117 INFO:teuthology.orchestra.run.smithi082.stdout:/usr/bin/ceph: stderr
2024-05-08T04:47:26.332+0000 7f2948e0a700 1 --2- 172.21.15.82:0/1811729290 >> [v2:172.21.15.82:6800/244706506,v1:172.21.15.82:6801/244706506] conn(0x7f293003e340 0x7f2930040800 unknown :-1 s=BANNER_CONNECTING pgs=0 cs=0 l=1 rev1=0 crypto rx=0 tx=0 comp rx=0 tx=0)._handle_peer_banner_payload supported=3 required=0
2024-05-08T04:47:27.117 INFO:teuthology.orchestra.run.smithi082.stdout:/usr/bin/ceph: stderr
2024-05-08T04:47:26.333+0000 7f2948e0a700 1 --2- 172.21.15.82:0/1811729290 >> [v2:172.21.15.82:6800/244706506,v1:172.21.15.82:6801/244706506] conn(0x7f293003e340 0x7f2930040800 secure :-1 s=READY pgs=7 cs=0 l=1 rev1=1 crypto rx=0x7f2940006fd0 tx=0x7f2940006e40 comp rx=0 tx=0).ready entity=mgr.14120 client_cookie=0 server_cookie=0 in_seq=0 out_seq=0
2024-05-08T04:47:27.117 INFO:teuthology.orchestra.run.smithi082.stdout:/usr/bin/ceph: stderr
2024-05-08T04:47:26.337+0000 7f29367fc700 1 -- 172.21.15.82:0/1811729290 <== mon.0 v2:172.21.15.82:3300/0 6 ==== mon_command_ack([{"prefix": "get_command_descriptions"}]=0 v0) ==== 72+0+191963 (secure 0 0 0) 0x7f293801a5e0 con 0x7f2944109800
2024-05-08T04:47:27.117 INFO:teuthology.orchestra.run.smithi082.stdout:/usr/bin/ceph: stderr
2024-05-08T04:47:26.481+0000 7f29367fc700 1 -- 172.21.15.82:0/1811729290 <== mon.0 v2:172.21.15.82:3300/0 7 ==== mgrmap(e 8) ==== 50222+0+0 (secure 0 0 0) 0x7f2938023390 con 0x7f2944109800
2024-05-08T04:47:27.117 INFO:teuthology.orchestra.run.smithi082.stdout:/usr/bin/ceph: stderr
2024-05-08T04:47:26.561+0000 7f294b86f700 1 -- 172.21.15.82:0/1811729290 --> [v2:172.21.15.82:6800/244706506,v1:172.21.15.82:6801/244706506] -- mgr_command(tid 0: {"prefix": "orch set backend", "module_name": "cephadm", "target": ["mon-mgr", ""]}) -- 0x7f2944104460 con 0x7f293003e340
2024-05-08T04:47:27.117 INFO:teuthology.orchestra.run.smithi082.stdout:/usr/bin/ceph: stderr
2024-05-08T04:47:26.566+0000 7f29367fc700 1 -- 172.21.15.82:0/1811729290 <== mgr.14120 v2:172.21.15.82:6800/244706506 1 ==== mgr_command_reply(tid 0: 0 ) ==== 8+0+0 (secure 0 0 0) 0x7f2944104460 con 0x7f293003e340
2024-05-08T04:47:27.117 INFO:teuthology.orchestra.run.smithi082.stdout:/usr/bin/ceph: stderr
2024-05-08T04:47:26.569+0000 7f294b86f700 1 -- 172.21.15.82:0/1811729290 >> [v2:172.21.15.82:6800/244706506,v1:172.21.15.82:6801/244706506] conn(0x7f293003e340 msgr2=0x7f2930040800 secure :-1 s=STATE_CONNECTION_ESTABLISHED l=1).mark_down
2024-05-08T04:47:27.117 INFO:teuthology.orchestra.run.smithi082.stdout:/usr/bin/ceph: stderr
2024-05-08T04:47:26.569+0000 7f294b86f700 1 --2- 172.21.15.82:0/1811729290 >> [v2:172.21.15.82:6800/244706506,v1:172.21.15.82:6801/244706506] conn(0x7f293003e340 0x7f2930040800 secure :-1 s=READY pgs=7 cs=0 l=1 rev1=1 crypto rx=0x7f2940006fd0 tx=0x7f2940006e40 comp rx=0 tx=0).stop
2024-05-08T04:47:27.117 INFO:teuthology.orchestra.run.smithi082.stdout:/usr/bin/ceph: stderr
2024-05-08T04:47:26.569+0000 7f294b86f700 1 -- 172.21.15.82:0/1811729290 >> [v2:172.21.15.82:3300/0,v1:172.21.15.82:6789/0] conn(0x7f2944109800 msgr2=0x7f294419ccc0 secure :-1 s=STATE_CONNECTION_ESTABLISHED l=1).mark_down
2024-05-08T04:47:27.117 INFO:teuthology.orchestra.run.smithi082.stdout:/usr/bin/ceph: stderr
2024-05-08T04:47:26.569+0000 7f294b86f700 1 --2- 172.21.15.82:0/1811729290 >> [v2:172.21.15.82:3300/0,v1:172.21.15.82:6789/0] conn(0x7f2944109800 0x7f294419ccc0 secure :-1 s=READY pgs=38 cs=0 l=1 rev1=1 crypto rx=0x7f2938009fb0 tx=0x7f2938011940 comp rx=0 tx=0).stop
2024-05-08T04:47:27.117 INFO:teuthology.orchestra.run.smithi082.stdout:/usr/bin/ceph: stderr
2024-05-08T04:47:26.569+0000 7f294b86f700 1 -- 172.21.15.82:0/1811729290 shutdown_connections
2024-05-08T04:47:27.117 INFO:teuthology.orchestra.run.smithi082.stdout:/usr/bin/ceph: stderr
2024-05-08T04:47:26.569+0000 7f294b86f700 1 --2- 172.21.15.82:0/1811729290 >> [v2:172.21.15.82:6800/244706506,v1:172.21.15.82:6801/244706506] conn(0x7f293003e340 0x7f2930040800 unknown :-1 s=CLOSED pgs=7 cs=0 l=1 rev1=1 crypto rx=0 tx=0 comp rx=0 tx=0).stop
2024-05-08T04:47:27.117 INFO:teuthology.orchestra.run.smithi082.stdout:/usr/bin/ceph: stderr
2024-05-08T04:47:26.569+0000 7f294b86f700 1 --2- 172.21.15.82:0/1811729290 >> [v2:172.21.15.82:3300/0,v1:172.21.15.82:6789/0] conn(0x7f2944109800 0x7f294419ccc0 unknown :-1 s=CLOSED pgs=38 cs=0 l=1 rev1=1 crypto rx=0 tx=0 comp rx=0 tx=0).stop
2024-05-08T04:47:27.118 INFO:teuthology.orchestra.run.smithi082.stdout:/usr/bin/ceph: stderr
2024-05-08T04:47:26.569+0000 7f294b86f700 1 -- 172.21.15.82:0/1811729290 >> 172.21.15.82:0/1811729290 conn(0x7f2944103210 msgr2=0x7f2944103d50 unknown :-1 s=STATE_NONE l=0).mark_down
2024-05-08T04:47:27.118 INFO:teuthology.orchestra.run.smithi082.stdout:/usr/bin/ceph: stderr
2024-05-08T04:47:26.569+0000 7f294b86f700 1 -- 172.21.15.82:0/1811729290 shutdown_connections
2024-05-08T04:47:27.118 INFO:teuthology.orchestra.run.smithi082.stdout:/usr/bin/ceph: stderr
2024-05-08T04:47:26.569+0000 7f294b86f700 1 -- 172.21.15.82:0/1811729290 wait complete.
2024-05-08T04:47:27.734 INFO:journalctl@ceph.mon.a.smithi082.stdout:May 08 04:47:27 smithi082 ceph-mon[30095]: mgrmap e8: x(active, since 2s)
2024-05-08T04:47:27.734 INFO:journalctl@ceph.mon.a.smithi082.stdout:May 08 04:47:27 smithi082 ceph-mon[30095]: from='client.14132 -' entity='client.admin' cmd=[{"prefix": "orch set backend", "module_name": "cephadm", "target": ["mon-mgr", ""]}]: dispatch
2024-05-08T04:47:27.734 INFO:journalctl@ceph.mon.a.smithi082.stdout:May 08 04:47:27 smithi082 ceph-mon[30095]: from='mgr.14120 172.21.15.82:0/4113990545' entity='mgr.x'
2024-05-08T04:47:27.734 INFO:journalctl@ceph.mon.a.smithi082.stdout:May 08 04:47:27 smithi082 ceph-mon[30095]: from='mgr.14120 172.21.15.82:0/4113990545' entity='mgr.x' cmd=[{"prefix": "config dump", "format": "json"}]: dispatch
2024-05-08T04:47:28.329 INFO:teuthology.orchestra.run.smithi082.stdout:/usr/bin/ceph: stdout value unchanged
2024-05-08T04:47:28.329 INFO:teuthology.orchestra.run.smithi082.stdout:/usr/bin/ceph: stderr
2024-05-08T04:47:27.514+0000 7f5b3bbee700 1 Processor -- start
2024-05-08T04:47:28.329 INFO:teuthology.orchestra.run.smithi082.stdout:/usr/bin/ceph: stderr
2024-05-08T04:47:27.515+0000 7f5b3bbee700 1 -- start start
2024-05-08T04:47:28.329 INFO:teuthology.orchestra.run.smithi082.stdout:/usr/bin/ceph: stderr
2024-05-08T04:47:27.515+0000 7f5b3bbee700 1 --2- >> [v2:172.21.15.82:3300/0,v1:172.21.15.82:6789/0] conn(0x7f5b34108d20 0x7f5b34109140 unknown :-1 s=NONE pgs=0 cs=0 l=0 rev1=0 crypto rx=0 tx=0 comp rx=0 tx=0).connect
2024-05-08T04:47:28.330 INFO:teuthology.orchestra.run.smithi082.stdout:/usr/bin/ceph: stderr
2024-05-08T04:47:27.515+0000 7f5b3bbee700 1 -- --> [v2:172.21.15.82:3300/0,v1:172.21.15.82:6789/0] -- mon_getmap magic: 0 -- 0x7f5b34109710 con 0x7f5b34108d20
2024-05-08T04:47:28.330 INFO:teuthology.orchestra.run.smithi082.stdout:/usr/bin/ceph: stderr
2024-05-08T04:47:27.515+0000 7f5b3998a700 1 --2- >> [v2:172.21.15.82:3300/0,v1:172.21.15.82:6789/0] conn(0x7f5b34108d20 0x7f5b34109140 unknown :-1 s=BANNER_CONNECTING pgs=0 cs=0 l=0 rev1=0 crypto rx=0 tx=0 comp rx=0 tx=0)._handle_peer_banner_payload supported=3 required=0
2024-05-08T04:47:28.330 INFO:teuthology.orchestra.run.smithi082.stdout:/usr/bin/ceph: stderr
2024-05-08T04:47:27.515+0000 7f5b3998a700 1 --2- >> [v2:172.21.15.82:3300/0,v1:172.21.15.82:6789/0] conn(0x7f5b34108d20 0x7f5b34109140 unknown :-1 s=HELLO_CONNECTING pgs=0 cs=0 l=0 rev1=1 crypto rx=0 tx=0 comp rx=0 tx=0).handle_hello peer v2:172.21.15.82:3300/0 says I am v2:172.21.15.82:53700/0 (socket says 172.21.15.82:53700)
2024-05-08T04:47:28.330 INFO:teuthology.orchestra.run.smithi082.stdout:/usr/bin/ceph: stderr
2024-05-08T04:47:27.515+0000 7f5b3998a700 1 -- 172.21.15.82:0/766973915 learned_addr learned my addr 172.21.15.82:0/766973915 (peer_addr_for_me v2:172.21.15.82:0/0)
2024-05-08T04:47:28.330 INFO:teuthology.orchestra.run.smithi082.stdout:/usr/bin/ceph: stderr
2024-05-08T04:47:27.515+0000 7f5b3998a700 1 -- 172.21.15.82:0/766973915 --> [v2:172.21.15.82:3300/0,v1:172.21.15.82:6789/0] -- mon_subscribe({config=0+,monmap=0+}) -- 0x7f5b34109f20 con 0x7f5b34108d20
2024-05-08T04:47:28.330 INFO:teuthology.orchestra.run.smithi082.stdout:/usr/bin/ceph: stderr
2024-05-08T04:47:27.515+0000 7f5b3998a700 1 --2- 172.21.15.82:0/766973915 >> [v2:172.21.15.82:3300/0,v1:172.21.15.82:6789/0] conn(0x7f5b34108d20 0x7f5b34109140 secure :-1 s=READY pgs=39 cs=0 l=1 rev1=1 crypto rx=0x7f5b280098a0 tx=0x7f5b28009bb0 comp rx=0 tx=0).ready entity=mon.0 client_cookie=3b8607f04acf1d60 server_cookie=0 in_seq=0 out_seq=0
2024-05-08T04:47:28.330 INFO:teuthology.orchestra.run.smithi082.stdout:/usr/bin/ceph: stderr
2024-05-08T04:47:27.516+0000 7f5b38988700 1 -- 172.21.15.82:0/766973915 <== mon.0 v2:172.21.15.82:3300/0 1 ==== mon_map magic: 0 ==== 205+0+0 (secure 0 0 0) 0x7f5b28004160 con 0x7f5b34108d20
2024-05-08T04:47:28.330 INFO:teuthology.orchestra.run.smithi082.stdout:/usr/bin/ceph: stderr
2024-05-08T04:47:27.516+0000 7f5b38988700 1 -- 172.21.15.82:0/766973915 <== mon.0 v2:172.21.15.82:3300/0 2 ==== config(26 keys) ==== 1070+0+0 (secure 0 0 0) 0x7f5b28004300 con 0x7f5b34108d20
2024-05-08T04:47:28.330 INFO:teuthology.orchestra.run.smithi082.stdout:/usr/bin/ceph: stderr
2024-05-08T04:47:27.516+0000 7f5b38988700 1 -- 172.21.15.82:0/766973915 <== mon.0 v2:172.21.15.82:3300/0 3 ==== mon_map magic: 0 ==== 205+0+0 (secure 0 0 0) 0x7f5b28011af0 con 0x7f5b34108d20
2024-05-08T04:47:28.330 INFO:teuthology.orchestra.run.smithi082.stdout:/usr/bin/ceph: stderr
2024-05-08T04:47:27.516+0000 7f5b3bbee700 1 -- 172.21.15.82:0/766973915 >> [v2:172.21.15.82:3300/0,v1:172.21.15.82:6789/0] conn(0x7f5b34108d20 msgr2=0x7f5b34109140 secure :-1 s=STATE_CONNECTION_ESTABLISHED l=1).mark_down
2024-05-08T04:47:28.330 INFO:teuthology.orchestra.run.smithi082.stdout:/usr/bin/ceph: stderr
2024-05-08T04:47:27.516+0000 7f5b3bbee700 1 --2- 172.21.15.82:0/766973915 >> [v2:172.21.15.82:3300/0,v1:172.21.15.82:6789/0] conn(0x7f5b34108d20 0x7f5b34109140 secure :-1 s=READY pgs=39 cs=0 l=1 rev1=1 crypto rx=0x7f5b280098a0 tx=0x7f5b28009bb0 comp rx=0 tx=0).stop
2024-05-08T04:47:28.331 INFO:teuthology.orchestra.run.smithi082.stdout:/usr/bin/ceph: stderr
2024-05-08T04:47:27.516+0000 7f5b3bbee700 1 -- 172.21.15.82:0/766973915 shutdown_connections
2024-05-08T04:47:28.331 INFO:teuthology.orchestra.run.smithi082.stdout:/usr/bin/ceph: stderr
2024-05-08T04:47:27.516+0000 7f5b3bbee700 1 --2- 172.21.15.82:0/766973915 >> [v2:172.21.15.82:3300/0,v1:172.21.15.82:6789/0] conn(0x7f5b34108d20 0x7f5b34109140 unknown :-1 s=CLOSED pgs=39 cs=0 l=1 rev1=1 crypto rx=0 tx=0 comp rx=0 tx=0).stop
2024-05-08T04:47:28.331 INFO:teuthology.orchestra.run.smithi082.stdout:/usr/bin/ceph: stderr
2024-05-08T04:47:27.516+0000 7f5b3bbee700 1 -- 172.21.15.82:0/766973915 >> 172.21.15.82:0/766973915 conn(0x7f5b34104320 msgr2=0x7f5b34106740 unknown :-1 s=STATE_NONE l=0).mark_down
2024-05-08T04:47:28.331 INFO:teuthology.orchestra.run.smithi082.stdout:/usr/bin/ceph: stderr
2024-05-08T04:47:27.516+0000 7f5b3bbee700 1 -- 172.21.15.82:0/766973915 shutdown_connections
2024-05-08T04:47:28.331 INFO:teuthology.orchestra.run.smithi082.stdout:/usr/bin/ceph: stderr
2024-05-08T04:47:27.516+0000 7f5b3bbee700 1 -- 172.21.15.82:0/766973915 wait complete.
2024-05-08T04:47:28.331 INFO:teuthology.orchestra.run.smithi082.stdout:/usr/bin/ceph: stderr
2024-05-08T04:47:27.517+0000 7f5b3bbee700 1 Processor -- start
2024-05-08T04:47:28.331 INFO:teuthology.orchestra.run.smithi082.stdout:/usr/bin/ceph: stderr
2024-05-08T04:47:27.517+0000 7f5b3bbee700 1 -- start start
2024-05-08T04:47:28.331 INFO:teuthology.orchestra.run.smithi082.stdout:/usr/bin/ceph: stderr
