2024-05-08T04:47:52.583+0000 7f92c3fff700 1 --2- >> [v2:172.21.15.82:3300/0,v1:172.21.15.82:6789/0] conn(0x7f92c4107c50 0x7f92c407ca40 unknown :-1 s=HELLO_CONNECTING pgs=0 cs=0 l=1 rev1=1 crypto rx=0 tx=0 comp rx=0 tx=0).handle_hello peer v2:172.21.15.82:3300/0 says I am v2:172.21.15.82:46158/0 (socket says 172.21.15.82:46158)
2024-05-08T04:47:53.457 INFO:teuthology.orchestra.run.smithi082.stdout:/usr/bin/ceph: stderr
2024-05-08T04:47:52.583+0000 7f92c3fff700 1 -- 172.21.15.82:0/3299275268 learned_addr learned my addr 172.21.15.82:0/3299275268 (peer_addr_for_me v2:172.21.15.82:0/0)
2024-05-08T04:47:53.457 INFO:teuthology.orchestra.run.smithi082.stdout:/usr/bin/ceph: stderr
2024-05-08T04:47:52.583+0000 7f92c3fff700 1 -- 172.21.15.82:0/3299275268 --> [v2:172.21.15.82:3300/0,v1:172.21.15.82:6789/0] -- mon_subscribe({config=0+,monmap=0+}) -- 0x7f92c419fa20 con 0x7f92c4107c50
2024-05-08T04:47:53.457 INFO:teuthology.orchestra.run.smithi082.stdout:/usr/bin/ceph: stderr
2024-05-08T04:47:52.583+0000 7f92c3fff700 1 --2- 172.21.15.82:0/3299275268 >> [v2:172.21.15.82:3300/0,v1:172.21.15.82:6789/0] conn(0x7f92c4107c50 0x7f92c407ca40 secure :-1 s=READY pgs=71 cs=0 l=1 rev1=1 crypto rx=0x7f92b40119f0 tx=0x7f92b4011ad0 comp rx=0 tx=0).ready entity=mon.0 client_cookie=0 server_cookie=0 in_seq=0 out_seq=0
2024-05-08T04:47:53.457 INFO:teuthology.orchestra.run.smithi082.stdout:/usr/bin/ceph: stderr
2024-05-08T04:47:52.584+0000 7f92c17fa700 1 -- 172.21.15.82:0/3299275268 <== mon.0 v2:172.21.15.82:3300/0 1 ==== mon_map magic: 0 ==== 205+0+0 (secure 0 0 0) 0x7f92b40039e0 con 0x7f92c4107c50
2024-05-08T04:47:53.458 INFO:teuthology.orchestra.run.smithi082.stdout:/usr/bin/ceph: stderr
2024-05-08T04:47:52.584+0000 7f92c17fa700 1 -- 172.21.15.82:0/3299275268 <== mon.0 v2:172.21.15.82:3300/0 2 ==== config(26 keys) ==== 1101+0+0 (secure 0 0 0) 0x7f92b401b8f0 con 0x7f92c4107c50
2024-05-08T04:47:53.458 INFO:teuthology.orchestra.run.smithi082.stdout:/usr/bin/ceph: stderr
2024-05-08T04:47:52.584+0000 7f92c17fa700 1 -- 172.21.15.82:0/3299275268 <== mon.0 v2:172.21.15.82:3300/0 3 ==== mon_map magic: 0 ==== 205+0+0 (secure 0 0 0) 0x7f92b40237a0 con 0x7f92c4107c50
2024-05-08T04:47:53.458 INFO:teuthology.orchestra.run.smithi082.stdout:/usr/bin/ceph: stderr
2024-05-08T04:47:52.584+0000 7f92ca518700 1 -- 172.21.15.82:0/3299275268 --> [v2:172.21.15.82:3300/0,v1:172.21.15.82:6789/0] -- mon_subscribe({mgrmap=0+}) -- 0x7f92c419fbf0 con 0x7f92c4107c50
2024-05-08T04:47:53.458 INFO:teuthology.orchestra.run.smithi082.stdout:/usr/bin/ceph: stderr
2024-05-08T04:47:52.584+0000 7f92ca518700 1 -- 172.21.15.82:0/3299275268 --> [v2:172.21.15.82:3300/0,v1:172.21.15.82:6789/0] -- mon_subscribe({osdmap=0}) -- 0x7f92c419ff90 con 0x7f92c4107c50
2024-05-08T04:47:53.458 INFO:teuthology.orchestra.run.smithi082.stdout:/usr/bin/ceph: stderr
2024-05-08T04:47:52.585+0000 7f92c17fa700 1 -- 172.21.15.82:0/3299275268 <== mon.0 v2:172.21.15.82:3300/0 4 ==== mgrmap(e 11) ==== 50129+0+0 (secure 0 0 0) 0x7f92b40193d0 con 0x7f92c4107c50
2024-05-08T04:47:53.458 INFO:teuthology.orchestra.run.smithi082.stdout:/usr/bin/ceph: stderr
2024-05-08T04:47:52.585+0000 7f92ca518700 1 -- 172.21.15.82:0/3299275268 --> [v2:172.21.15.82:3300/0,v1:172.21.15.82:6789/0] -- mon_command({"prefix": "get_command_descriptions"} v 0) -- 0x7f92c4064b00 con 0x7f92c4107c50
2024-05-08T04:47:53.458 INFO:teuthology.orchestra.run.smithi082.stdout:/usr/bin/ceph: stderr
2024-05-08T04:47:52.585+0000 7f92c17fa700 1 --2- 172.21.15.82:0/3299275268 >> [v2:172.21.15.82:6800/467376000,v1:172.21.15.82:6801/467376000] conn(0x7f92ac03e360 0x7f92ac040820 unknown :-1 s=NONE pgs=0 cs=0 l=1 rev1=0 crypto rx=0 tx=0 comp rx=0 tx=0).connect
2024-05-08T04:47:53.458 INFO:teuthology.orchestra.run.smithi082.stdout:/usr/bin/ceph: stderr
2024-05-08T04:47:52.585+0000 7f92c17fa700 1 -- 172.21.15.82:0/3299275268 <== mon.0 v2:172.21.15.82:3300/0 5 ==== osd_map(3..3 src has 1..3) ==== 1155+0+0 (secure 0 0 0) 0x7f92b4053e00 con 0x7f92c4107c50
2024-05-08T04:47:53.458 INFO:teuthology.orchestra.run.smithi082.stdout:/usr/bin/ceph: stderr
2024-05-08T04:47:52.585+0000 7f92c37fe700 1 --2- 172.21.15.82:0/3299275268 >> [v2:172.21.15.82:6800/467376000,v1:172.21.15.82:6801/467376000] conn(0x7f92ac03e360 0x7f92ac040820 unknown :-1 s=BANNER_CONNECTING pgs=0 cs=0 l=1 rev1=0 crypto rx=0 tx=0 comp rx=0 tx=0)._handle_peer_banner_payload supported=3 required=0
2024-05-08T04:47:53.458 INFO:teuthology.orchestra.run.smithi082.stdout:/usr/bin/ceph: stderr
2024-05-08T04:47:52.586+0000 7f92c37fe700 1 --2- 172.21.15.82:0/3299275268 >> [v2:172.21.15.82:6800/467376000,v1:172.21.15.82:6801/467376000] conn(0x7f92ac03e360 0x7f92ac040820 secure :-1 s=READY pgs=7 cs=0 l=1 rev1=1 crypto rx=0x7f92b8006fd0 tx=0x7f92b8006e40 comp rx=0 tx=0).ready entity=mgr.14152 client_cookie=0 server_cookie=0 in_seq=0 out_seq=0
2024-05-08T04:47:53.458 INFO:teuthology.orchestra.run.smithi082.stdout:/usr/bin/ceph: stderr
2024-05-08T04:47:52.590+0000 7f92c17fa700 1 -- 172.21.15.82:0/3299275268 <== mon.0 v2:172.21.15.82:3300/0 6 ==== mon_command_ack([{"prefix": "get_command_descriptions"}]=0 v0) ==== 72+0+191963 (secure 0 0 0) 0x7f92b401f030 con 0x7f92c4107c50
2024-05-08T04:47:53.458 INFO:teuthology.orchestra.run.smithi082.stdout:/usr/bin/ceph: stderr
2024-05-08T04:47:52.811+0000 7f92ca518700 1 -- 172.21.15.82:0/3299275268 --> [v2:172.21.15.82:6800/467376000,v1:172.21.15.82:6801/467376000] -- mgr_command(tid 0: {"prefix": "dashboard create-self-signed-cert", "target": ["mon-mgr", ""]}) -- 0x7f92c4104460 con 0x7f92ac03e360
2024-05-08T04:47:53.458 INFO:teuthology.orchestra.run.smithi082.stdout:/usr/bin/ceph: stderr
2024-05-08T04:47:52.851+0000 7f92c17fa700 1 -- 172.21.15.82:0/3299275268 <== mon.0 v2:172.21.15.82:3300/0 7 ==== mgrmap(e 12) ==== 50235+0+0 (secure 0 0 0) 0x7f92b4019c80 con 0x7f92c4107c50
2024-05-08T04:47:53.458 INFO:teuthology.orchestra.run.smithi082.stdout:/usr/bin/ceph: stderr
2024-05-08T04:47:52.943+0000 7f92c17fa700 1 -- 172.21.15.82:0/3299275268 <== mgr.14152 v2:172.21.15.82:6800/467376000 1 ==== mgr_command_reply(tid 0: 0 ) ==== 8+0+32 (secure 0 0 0) 0x7f92c4104460 con 0x7f92ac03e360
2024-05-08T04:47:53.459 INFO:teuthology.orchestra.run.smithi082.stdout:/usr/bin/ceph: stderr
2024-05-08T04:47:52.946+0000 7f92ca518700 1 -- 172.21.15.82:0/3299275268 >> [v2:172.21.15.82:6800/467376000,v1:172.21.15.82:6801/467376000] conn(0x7f92ac03e360 msgr2=0x7f92ac040820 secure :-1 s=STATE_CONNECTION_ESTABLISHED l=1).mark_down
2024-05-08T04:47:53.459 INFO:teuthology.orchestra.run.smithi082.stdout:/usr/bin/ceph: stderr
2024-05-08T04:47:52.946+0000 7f92ca518700 1 --2- 172.21.15.82:0/3299275268 >> [v2:172.21.15.82:6800/467376000,v1:172.21.15.82:6801/467376000] conn(0x7f92ac03e360 0x7f92ac040820 secure :-1 s=READY pgs=7 cs=0 l=1 rev1=1 crypto rx=0x7f92b8006fd0 tx=0x7f92b8006e40 comp rx=0 tx=0).stop
2024-05-08T04:47:53.459 INFO:teuthology.orchestra.run.smithi082.stdout:/usr/bin/ceph: stderr
2024-05-08T04:47:52.946+0000 7f92ca518700 1 -- 172.21.15.82:0/3299275268 >> [v2:172.21.15.82:3300/0,v1:172.21.15.82:6789/0] conn(0x7f92c4107c50 msgr2=0x7f92c407ca40 secure :-1 s=STATE_CONNECTION_ESTABLISHED l=1).mark_down
2024-05-08T04:47:53.459 INFO:teuthology.orchestra.run.smithi082.stdout:/usr/bin/ceph: stderr
2024-05-08T04:47:52.946+0000 7f92ca518700 1 --2- 172.21.15.82:0/3299275268 >> [v2:172.21.15.82:3300/0,v1:172.21.15.82:6789/0] conn(0x7f92c4107c50 0x7f92c407ca40 secure :-1 s=READY pgs=71 cs=0 l=1 rev1=1 crypto rx=0x7f92b40119f0 tx=0x7f92b4011ad0 comp rx=0 tx=0).stop
2024-05-08T04:47:53.459 INFO:teuthology.orchestra.run.smithi082.stdout:/usr/bin/ceph: stderr
2024-05-08T04:47:52.946+0000 7f92ca518700 1 -- 172.21.15.82:0/3299275268 shutdown_connections
2024-05-08T04:47:53.459 INFO:teuthology.orchestra.run.smithi082.stdout:/usr/bin/ceph: stderr
2024-05-08T04:47:52.946+0000 7f92ca518700 1 --2- 172.21.15.82:0/3299275268 >> [v2:172.21.15.82:6800/467376000,v1:172.21.15.82:6801/467376000] conn(0x7f92ac03e360 0x7f92ac040820 unknown :-1 s=CLOSED pgs=7 cs=0 l=1 rev1=1 crypto rx=0 tx=0 comp rx=0 tx=0).stop
2024-05-08T04:47:53.459 INFO:teuthology.orchestra.run.smithi082.stdout:/usr/bin/ceph: stderr
2024-05-08T04:47:52.946+0000 7f92ca518700 1 --2- 172.21.15.82:0/3299275268 >> [v2:172.21.15.82:3300/0,v1:172.21.15.82:6789/0] conn(0x7f92c4107c50 0x7f92c407ca40 unknown :-1 s=CLOSED pgs=71 cs=0 l=1 rev1=1 crypto rx=0 tx=0 comp rx=0 tx=0).stop
2024-05-08T04:47:53.459 INFO:teuthology.orchestra.run.smithi082.stdout:/usr/bin/ceph: stderr
2024-05-08T04:47:52.946+0000 7f92ca518700 1 -- 172.21.15.82:0/3299275268 >> 172.21.15.82:0/3299275268 conn(0x7f92c4103210 msgr2=0x7f92c4103d50 unknown :-1 s=STATE_NONE l=0).mark_down
2024-05-08T04:47:53.459 INFO:teuthology.orchestra.run.smithi082.stdout:/usr/bin/ceph: stderr
2024-05-08T04:47:52.946+0000 7f92ca518700 1 -- 172.21.15.82:0/3299275268 shutdown_connections
2024-05-08T04:47:53.459 INFO:teuthology.orchestra.run.smithi082.stdout:/usr/bin/ceph: stderr
2024-05-08T04:47:52.946+0000 7f92ca518700 1 -- 172.21.15.82:0/3299275268 wait complete.
2024-05-08T04:47:53.459 INFO:teuthology.orchestra.run.smithi082.stdout:Creating initial admin user...
2024-05-08T04:47:54.075 INFO:journalctl@ceph.mon.a.smithi082.stdout:May 08 04:47:53 smithi082 ceph-mon[30095]: from='client.14164 -' entity='client.admin' cmd=[{"prefix": "dashboard create-self-signed-cert", "target": ["mon-mgr", ""]}]: dispatch
2024-05-08T04:47:54.075 INFO:journalctl@ceph.mon.a.smithi082.stdout:May 08 04:47:53 smithi082 ceph-mon[30095]: mgrmap e12: x(active, since 2s)
2024-05-08T04:47:54.076 INFO:journalctl@ceph.mon.a.smithi082.stdout:May 08 04:47:53 smithi082 ceph-mon[30095]: from='mgr.14152 172.21.15.82:0/563277523' entity='mgr.x'
2024-05-08T04:47:54.076 INFO:journalctl@ceph.mon.a.smithi082.stdout:May 08 04:47:53 smithi082 ceph-mon[30095]: from='mgr.14152 172.21.15.82:0/563277523' entity='mgr.x'
2024-05-08T04:47:54.076 INFO:journalctl@ceph.mon.a.smithi082.stdout:May 08 04:47:53 smithi082 ceph-mon[30095]: from='mgr.14152 172.21.15.82:0/563277523' entity='mgr.x'
2024-05-08T04:47:55.064 INFO:journalctl@ceph.mon.a.smithi082.stdout:May 08 04:47:54 smithi082 ceph-mon[30095]: from='client.14166 -' entity='client.admin' cmd=[{"prefix": "dashboard ac-user-create", "username": "admin", "rolename": "administrator", "force_password": true, "pwd_update_required": true, "target": ["mon-mgr", ""]}]: dispatch
2024-05-08T04:47:55.065 INFO:journalctl@ceph.mon.a.smithi082.stdout:May 08 04:47:54 smithi082 ceph-mon[30095]: from='mgr.14152 172.21.15.82:0/563277523' entity='mgr.x'
2024-05-08T04:47:55.156 INFO:teuthology.orchestra.run.smithi082.stdout:/usr/bin/ceph: stdout {"username": "admin", "password": "$2b$12$TNuibp8TFnUGu/89Fw7uVem9mZ5sWALuF9zoAzKjKLpxqEl3TZDVW", "roles": ["administrator"], "name": null, "email": null, "lastUpdate": 1715143674, "enabled": true, "pwdExpirationDate": null, "pwdUpdateRequired": true}
2024-05-08T04:47:55.156 INFO:teuthology.orchestra.run.smithi082.stdout:/usr/bin/ceph: stderr
2024-05-08T04:47:53.853+0000 7fda801f7700 1 Processor -- start
2024-05-08T04:47:55.156 INFO:teuthology.orchestra.run.smithi082.stdout:/usr/bin/ceph: stderr
2024-05-08T04:47:53.853+0000 7fda801f7700 1 -- start start
2024-05-08T04:47:55.157 INFO:teuthology.orchestra.run.smithi082.stdout:/usr/bin/ceph: stderr
2024-05-08T04:47:53.853+0000 7fda801f7700 1 --2- >> [v2:172.21.15.82:3300/0,v1:172.21.15.82:6789/0] conn(0x7fda78107430 0x7fda78107850 unknown :-1 s=NONE pgs=0 cs=0 l=0 rev1=0 crypto rx=0 tx=0 comp rx=0 tx=0).connect
2024-05-08T04:47:55.157 INFO:teuthology.orchestra.run.smithi082.stdout:/usr/bin/ceph: stderr
2024-05-08T04:47:53.853+0000 7fda801f7700 1 -- --> [v2:172.21.15.82:3300/0,v1:172.21.15.82:6789/0] -- mon_getmap magic: 0 -- 0x7fda78107e20 con 0x7fda78107430
2024-05-08T04:47:55.157 INFO:teuthology.orchestra.run.smithi082.stdout:/usr/bin/ceph: stderr
2024-05-08T04:47:53.854+0000 7fda7df93700 1 --2- >> [v2:172.21.15.82:3300/0,v1:172.21.15.82:6789/0] conn(0x7fda78107430 0x7fda78107850 unknown :-1 s=BANNER_CONNECTING pgs=0 cs=0 l=0 rev1=0 crypto rx=0 tx=0 comp rx=0 tx=0)._handle_peer_banner_payload supported=3 required=0
2024-05-08T04:47:55.157 INFO:teuthology.orchestra.run.smithi082.stdout:/usr/bin/ceph: stderr
2024-05-08T04:47:53.854+0000 7fda7df93700 1 --2- >> [v2:172.21.15.82:3300/0,v1:172.21.15.82:6789/0] conn(0x7fda78107430 0x7fda78107850 unknown :-1 s=HELLO_CONNECTING pgs=0 cs=0 l=0 rev1=1 crypto rx=0 tx=0 comp rx=0 tx=0).handle_hello peer v2:172.21.15.82:3300/0 says I am v2:172.21.15.82:46164/0 (socket says 172.21.15.82:46164)
2024-05-08T04:47:55.157 INFO:teuthology.orchestra.run.smithi082.stdout:/usr/bin/ceph: stderr
2024-05-08T04:47:53.854+0000 7fda7df93700 1 -- 172.21.15.82:0/158232476 learned_addr learned my addr 172.21.15.82:0/158232476 (peer_addr_for_me v2:172.21.15.82:0/0)
2024-05-08T04:47:55.157 INFO:teuthology.orchestra.run.smithi082.stdout:/usr/bin/ceph: stderr
2024-05-08T04:47:53.854+0000 7fda7df93700 1 -- 172.21.15.82:0/158232476 --> [v2:172.21.15.82:3300/0,v1:172.21.15.82:6789/0] -- mon_subscribe({config=0+,monmap=0+}) -- 0x7fda78108630 con 0x7fda78107430
2024-05-08T04:47:55.157 INFO:teuthology.orchestra.run.smithi082.stdout:/usr/bin/ceph: stderr
2024-05-08T04:47:53.854+0000 7fda7df93700 1 --2- 172.21.15.82:0/158232476 >> [v2:172.21.15.82:3300/0,v1:172.21.15.82:6789/0] conn(0x7fda78107430 0x7fda78107850 secure :-1 s=READY pgs=72 cs=0 l=1 rev1=1 crypto rx=0x7fda7400af90 tx=0x7fda7400c330 comp rx=0 tx=0).ready entity=mon.0 client_cookie=6723afde935163db server_cookie=0 in_seq=0 out_seq=0
2024-05-08T04:47:55.157 INFO:teuthology.orchestra.run.smithi082.stdout:/usr/bin/ceph: stderr
2024-05-08T04:47:53.854+0000 7fda7cf91700 1 -- 172.21.15.82:0/158232476 <== mon.0 v2:172.21.15.82:3300/0 1 ==== mon_map magic: 0 ==== 205+0+0 (secure 0 0 0) 0x7fda74018070 con 0x7fda78107430
2024-05-08T04:47:55.157 INFO:teuthology.orchestra.run.smithi082.stdout:/usr/bin/ceph: stderr
2024-05-08T04:47:53.854+0000 7fda7cf91700 1 -- 172.21.15.82:0/158232476 <== mon.0 v2:172.21.15.82:3300/0 2 ==== config(26 keys) ==== 1101+0+0 (secure 0 0 0) 0x7fda7400c9a0 con 0x7fda78107430
2024-05-08T04:47:55.157 INFO:teuthology.orchestra.run.smithi082.stdout:/usr/bin/ceph: stderr
2024-05-08T04:47:53.854+0000 7fda7cf91700 1 -- 172.21.15.82:0/158232476 <== mon.0 v2:172.21.15.82:3300/0 3 ==== mon_map magic: 0 ==== 205+0+0 (secure 0 0 0) 0x7fda74004500 con 0x7fda78107430
2024-05-08T04:47:55.157 INFO:teuthology.orchestra.run.smithi082.stdout:/usr/bin/ceph: stderr
2024-05-08T04:47:53.855+0000 7fda801f7700 1 -- 172.21.15.82:0/158232476 >> [v2:172.21.15.82:3300/0,v1:172.21.15.82:6789/0] conn(0x7fda78107430 msgr2=0x7fda78107850 secure :-1 s=STATE_CONNECTION_ESTABLISHED l=1).mark_down
2024-05-08T04:47:55.157 INFO:teuthology.orchestra.run.smithi082.stdout:/usr/bin/ceph: stderr
2024-05-08T04:47:53.855+0000 7fda801f7700 1 --2- 172.21.15.82:0/158232476 >> [v2:172.21.15.82:3300/0,v1:172.21.15.82:6789/0] conn(0x7fda78107430 0x7fda78107850 secure :-1 s=READY pgs=72 cs=0 l=1 rev1=1 crypto rx=0x7fda7400af90 tx=0x7fda7400c330 comp rx=0 tx=0).stop
2024-05-08T04:47:55.157 INFO:teuthology.orchestra.run.smithi082.stdout:/usr/bin/ceph: stderr
2024-05-08T04:47:53.855+0000 7fda801f7700 1 -- 172.21.15.82:0/158232476 shutdown_connections
2024-05-08T04:47:55.157 INFO:teuthology.orchestra.run.smithi082.stdout:/usr/bin/ceph: stderr
2024-05-08T04:47:53.855+0000 7fda801f7700 1 --2- 172.21.15.82:0/158232476 >> [v2:172.21.15.82:3300/0,v1:172.21.15.82:6789/0] conn(0x7fda78107430 0x7fda78107850 unknown :-1 s=CLOSED pgs=72 cs=0 l=1 rev1=1 crypto rx=0 tx=0 comp rx=0 tx=0).stop
2024-05-08T04:47:55.158 INFO:teuthology.orchestra.run.smithi082.stdout:/usr/bin/ceph: stderr
2024-05-08T04:47:53.855+0000 7fda801f7700 1 -- 172.21.15.82:0/158232476 >> 172.21.15.82:0/158232476 conn(0x7fda78102a90 msgr2=0x7fda78104eb0 unknown :-1 s=STATE_NONE l=0).mark_down
2024-05-08T04:47:55.158 INFO:teuthology.orchestra.run.smithi082.stdout:/usr/bin/ceph: stderr
2024-05-08T04:47:53.855+0000 7fda801f7700 1 -- 172.21.15.82:0/158232476 shutdown_connections
2024-05-08T04:47:55.158 INFO:teuthology.orchestra.run.smithi082.stdout:/usr/bin/ceph: stderr
2024-05-08T04:47:53.855+0000 7fda801f7700 1 -- 172.21.15.82:0/158232476 wait complete.
2024-05-08T04:47:55.158 INFO:teuthology.orchestra.run.smithi082.stdout:/usr/bin/ceph: stderr
2024-05-08T04:47:53.855+0000 7fda801f7700 1 Processor -- start
2024-05-08T04:47:55.158 INFO:teuthology.orchestra.run.smithi082.stdout:/usr/bin/ceph: stderr
2024-05-08T04:47:53.855+0000 7fda801f7700 1 -- start start
2024-05-08T04:47:55.158 INFO:teuthology.orchestra.run.smithi082.stdout:/usr/bin/ceph: stderr
2024-05-08T04:47:53.856+0000 7fda801f7700 1 --2- >> [v2:172.21.15.82:3300/0,v1:172.21.15.82:6789/0] conn(0x7fda78107430 0x7fda7819aaa0 unknown :-1 s=NONE pgs=0 cs=0 l=1 rev1=0 crypto rx=0 tx=0 comp rx=0 tx=0).connect
2024-05-08T04:47:55.158 INFO:teuthology.orchestra.run.smithi082.stdout:/usr/bin/ceph: stderr
2024-05-08T04:47:53.856+0000 7fda801f7700 1 -- --> [v2:172.21.15.82:3300/0,v1:172.21.15.82:6789/0] -- mon_getmap magic: 0 -- 0x7fda78108da0 con 0x7fda78107430
2024-05-08T04:47:55.158 INFO:teuthology.orchestra.run.smithi082.stdout:/usr/bin/ceph: stderr
2024-05-08T04:47:53.856+0000 7fda7df93700 1 --2- >> [v2:172.21.15.82:3300/0,v1:172.21.15.82:6789/0] conn(0x7fda78107430 0x7fda7819aaa0 unknown :-1 s=BANNER_CONNECTING pgs=0 cs=0 l=1 rev1=0 crypto rx=0 tx=0 comp rx=0 tx=0)._handle_peer_banner_payload supported=3 required=0
2024-05-08T04:47:55.158 INFO:teuthology.orchestra.run.smithi082.stdout:/usr/bin/ceph: stderr
2024-05-08T04:47:53.856+0000 7fda7df93700 1 --2- >> [v2:172.21.15.82:3300/0,v1:172.21.15.82:6789/0] conn(0x7fda78107430 0x7fda7819aaa0 unknown :-1 s=HELLO_CONNECTING pgs=0 cs=0 l=1 rev1=1 crypto rx=0 tx=0 comp rx=0 tx=0).handle_hello peer v2:172.21.15.82:3300/0 says I am v2:172.21.15.82:46170/0 (socket says 172.21.15.82:46170)
2024-05-08T04:47:55.158 INFO:teuthology.orchestra.run.smithi082.stdout:/usr/bin/ceph: stderr
2024-05-08T04:47:53.856+0000 7fda7df93700 1 -- 172.21.15.82:0/2596844526 learned_addr learned my addr 172.21.15.82:0/2596844526 (peer_addr_for_me v2:172.21.15.82:0/0)
2024-05-08T04:47:55.159 INFO:teuthology.orchestra.run.smithi082.stdout:/usr/bin/ceph: stderr
2024-05-08T04:47:53.856+0000 7fda7df93700 1 -- 172.21.15.82:0/2596844526 --> [v2:172.21.15.82:3300/0,v1:172.21.15.82:6789/0] -- mon_subscribe({config=0+,monmap=0+}) -- 0x7fda7819afe0 con 0x7fda78107430
2024-05-08T04:47:55.159 INFO:teuthology.orchestra.run.smithi082.stdout:/usr/bin/ceph: stderr
2024-05-08T04:47:53.856+0000 7fda7df93700 1 --2- 172.21.15.82:0/2596844526 >> [v2:172.21.15.82:3300/0,v1:172.21.15.82:6789/0] conn(0x7fda78107430 0x7fda7819aaa0 secure :-1 s=READY pgs=73 cs=0 l=1 rev1=1 crypto rx=0x7fda7400af60 tx=0x7fda7400ce30 comp rx=0 tx=0).ready entity=mon.0 client_cookie=0 server_cookie=0 in_seq=0 out_seq=0
2024-05-08T04:47:55.159 INFO:teuthology.orchestra.run.smithi082.stdout:/usr/bin/ceph: stderr
2024-05-08T04:47:53.856+0000 7fda6effd700 1 -- 172.21.15.82:0/2596844526 <== mon.0 v2:172.21.15.82:3300/0 1 ==== mon_map magic: 0 ==== 205+0+0 (secure 0 0 0) 0x7fda74021020 con 0x7fda78107430
2024-05-08T04:47:55.159 INFO:teuthology.orchestra.run.smithi082.stdout:/usr/bin/ceph: stderr
2024-05-08T04:47:53.856+0000 7fda6effd700 1 -- 172.21.15.82:0/2596844526 <== mon.0 v2:172.21.15.82:3300/0 2 ==== config(26 keys) ==== 1101+0+0 (secure 0 0 0) 0x7fda74003b50 con 0x7fda78107430
2024-05-08T04:47:55.159 INFO:teuthology.orchestra.run.smithi082.stdout:/usr/bin/ceph: stderr
2024-05-08T04:47:53.856+0000 7fda801f7700 1 -- 172.21.15.82:0/2596844526 --> [v2:172.21.15.82:3300/0,v1:172.21.15.82:6789/0] -- mon_subscribe({mgrmap=0+}) -- 0x7fda7819b270 con 0x7fda78107430
2024-05-08T04:47:55.159 INFO:teuthology.orchestra.run.smithi082.stdout:/usr/bin/ceph: stderr
2024-05-08T04:47:53.856+0000 7fda6effd700 1 -- 172.21.15.82:0/2596844526 <== mon.0 v2:172.21.15.82:3300/0 3 ==== mon_map magic: 0 ==== 205+0+0 (secure 0 0 0) 0x7fda74018040 con 0x7fda78107430
2024-05-08T04:47:55.159 INFO:teuthology.orchestra.run.smithi082.stdout:/usr/bin/ceph: stderr
2024-05-08T04:47:53.856+0000 7fda801f7700 1 -- 172.21.15.82:0/2596844526 --> [v2:172.21.15.82:3300/0,v1:172.21.15.82:6789/0] -- mon_subscribe({osdmap=0}) -- 0x7fda7819df60 con 0x7fda78107430
2024-05-08T04:47:55.159 INFO:teuthology.orchestra.run.smithi082.stdout:/usr/bin/ceph: stderr
2024-05-08T04:47:53.857+0000 7fda6effd700 1 -- 172.21.15.82:0/2596844526 <== mon.0 v2:172.21.15.82:3300/0 4 ==== mgrmap(e 12) ==== 50235+0+0 (secure 0 0 0) 0x7fda74024020 con 0x7fda78107430
2024-05-08T04:47:55.159 INFO:teuthology.orchestra.run.smithi082.stdout:/usr/bin/ceph: stderr
2024-05-08T04:47:53.857+0000 7fda801f7700 1 -- 172.21.15.82:0/2596844526 --> [v2:172.21.15.82:3300/0,v1:172.21.15.82:6789/0] -- mon_command({"prefix": "get_command_descriptions"} v 0) -- 0x7fda78064b00 con 0x7fda78107430
2024-05-08T04:47:55.159 INFO:teuthology.orchestra.run.smithi082.stdout:/usr/bin/ceph: stderr
2024-05-08T04:47:53.857+0000 7fda6effd700 1 --2- 172.21.15.82:0/2596844526 >> [v2:172.21.15.82:6800/467376000,v1:172.21.15.82:6801/467376000] conn(0x7fda6403e470 0x7fda64040930 unknown :-1 s=NONE pgs=0 cs=0 l=1 rev1=0 crypto rx=0 tx=0 comp rx=0 tx=0).connect
2024-05-08T04:47:55.159 INFO:teuthology.orchestra.run.smithi082.stdout:/usr/bin/ceph: stderr
2024-05-08T04:47:53.857+0000 7fda6effd700 1 -- 172.21.15.82:0/2596844526 <== mon.0 v2:172.21.15.82:3300/0 5 ==== osd_map(3..3 src has 1..3) ==== 1155+0+0 (secure 0 0 0) 0x7fda74010050 con 0x7fda78107430
2024-05-08T04:47:55.160 INFO:teuthology.orchestra.run.smithi082.stdout:/usr/bin/ceph: stderr
2024-05-08T04:47:53.857+0000 7fda7d792700 1 --2- 172.21.15.82:0/2596844526 >> [v2:172.21.15.82:6800/467376000,v1:172.21.15.82:6801/467376000] conn(0x7fda6403e470 0x7fda64040930 unknown :-1 s=BANNER_CONNECTING pgs=0 cs=0 l=1 rev1=0 crypto rx=0 tx=0 comp rx=0 tx=0)._handle_peer_banner_payload supported=3 required=0
2024-05-08T04:47:55.160 INFO:teuthology.orchestra.run.smithi082.stdout:/usr/bin/ceph: stderr
2024-05-08T04:47:53.858+0000 7fda7d792700 1 --2- 172.21.15.82:0/2596844526 >> [v2:172.21.15.82:6800/467376000,v1:172.21.15.82:6801/467376000] conn(0x7fda6403e470 0x7fda64040930 secure :-1 s=READY pgs=8 cs=0 l=1 rev1=1 crypto rx=0x7fda68006fd0 tx=0x7fda68006e40 comp rx=0 tx=0).ready entity=mgr.14152 client_cookie=0 server_cookie=0 in_seq=0 out_seq=0
2024-05-08T04:47:55.160 INFO:teuthology.orchestra.run.smithi082.stdout:/usr/bin/ceph: stderr
2024-05-08T04:47:53.863+0000 7fda6effd700 1 -- 172.21.15.82:0/2596844526 <== mon.0 v2:172.21.15.82:3300/0 6 ==== mon_command_ack([{"prefix": "get_command_descriptions"}]=0 v0) ==== 72+0+191963 (secure 0 0 0) 0x7fda7402b020 con 0x7fda78107430
2024-05-08T04:47:55.160 INFO:teuthology.orchestra.run.smithi082.stdout:/usr/bin/ceph: stderr
2024-05-08T04:47:54.092+0000 7fda801f7700 1 -- 172.21.15.82:0/2596844526 --> [v2:172.21.15.82:6800/467376000,v1:172.21.15.82:6801/467376000] -- mgr_command(tid 0: {"prefix": "dashboard ac-user-create", "username": "admin", "rolename": "administrator", "force_password": true, "pwd_update_required": true, "target": ["mon-mgr", ""]}) -- 0x7fda78194560 con 0x7fda6403e470
2024-05-08T04:47:55.160 INFO:teuthology.orchestra.run.smithi082.stdout:/usr/bin/ceph: stderr
2024-05-08T04:47:54.316+0000 7fda6effd700 1 -- 172.21.15.82:0/2596844526 <== mgr.14152 v2:172.21.15.82:6800/467376000 1 ==== mgr_command_reply(tid 0: 0 ) ==== 8+0+252 (secure 0 0 0) 0x7fda78194560 con 0x7fda6403e470
2024-05-08T04:47:55.160 INFO:teuthology.orchestra.run.smithi082.stdout:/usr/bin/ceph: stderr
2024-05-08T04:47:54.319+0000 7fda801f7700 1 -- 172.21.15.82:0/2596844526 >> [v2:172.21.15.82:6800/467376000,v1:172.21.15.82:6801/467376000] conn(0x7fda6403e470 msgr2=0x7fda64040930 secure :-1 s=STATE_CONNECTION_ESTABLISHED l=1).mark_down
2024-05-08T04:47:55.160 INFO:teuthology.orchestra.run.smithi082.stdout:/usr/bin/ceph: stderr
2024-05-08T04:47:54.319+0000 7fda801f7700 1 --2- 172.21.15.82:0/2596844526 >> [v2:172.21.15.82:6800/467376000,v1:172.21.15.82:6801/467376000] conn(0x7fda6403e470 0x7fda64040930 secure :-1 s=READY pgs=8 cs=0 l=1 rev1=1 crypto rx=0x7fda68006fd0 tx=0x7fda68006e40 comp rx=0 tx=0).stop
2024-05-08T04:47:55.160 INFO:teuthology.orchestra.run.smithi082.stdout:/usr/bin/ceph: stderr
2024-05-08T04:47:54.319+0000 7fda801f7700 1 -- 172.21.15.82:0/2596844526 >> [v2:172.21.15.82:3300/0,v1:172.21.15.82:6789/0] conn(0x7fda78107430 msgr2=0x7fda7819aaa0 secure :-1 s=STATE_CONNECTION_ESTABLISHED l=1).mark_down
2024-05-08T04:47:55.160 INFO:teuthology.orchestra.run.smithi082.stdout:/usr/bin/ceph: stderr
2024-05-08T04:47:54.319+0000 7fda801f7700 1 --2- 172.21.15.82:0/2596844526 >> [v2:172.21.15.82:3300/0,v1:172.21.15.82:6789/0] conn(0x7fda78107430 0x7fda7819aaa0 secure :-1 s=READY pgs=73 cs=0 l=1 rev1=1 crypto rx=0x7fda7400af60 tx=0x7fda7400ce30 comp rx=0 tx=0).stop
2024-05-08T04:47:55.160 INFO:teuthology.orchestra.run.smithi082.stdout:/usr/bin/ceph: stderr
2024-05-08T04:47:54.319+0000 7fda801f7700 1 -- 172.21.15.82:0/2596844526 shutdown_connections
2024-05-08T04:47:55.160 INFO:teuthology.orchestra.run.smithi082.stdout:/usr/bin/ceph: stderr
2024-05-08T04:47:54.319+0000 7fda801f7700 1 --2- 172.21.15.82:0/2596844526 >> [v2:172.21.15.82:6800/467376000,v1:172.21.15.82:6801/467376000] conn(0x7fda6403e470 0x7fda64040930 unknown :-1 s=CLOSED pgs=8 cs=0 l=1 rev1=1 crypto rx=0 tx=0 comp rx=0 tx=0).stop
2024-05-08T04:47:55.160 INFO:teuthology.orchestra.run.smithi082.stdout:/usr/bin/ceph: stderr
2024-05-08T04:47:54.319+0000 7fda801f7700 1 --2- 172.21.15.82:0/2596844526 >> [v2:172.21.15.82:3300/0,v1:172.21.15.82:6789/0] conn(0x7fda78107430 0x7fda7819aaa0 unknown :-1 s=CLOSED pgs=73 cs=0 l=1 rev1=1 crypto rx=0 tx=0 comp rx=0 tx=0).stop
2024-05-08T04:47:55.161 INFO:teuthology.orchestra.run.smithi082.stdout:/usr/bin/ceph: stderr
2024-05-08T04:47:54.319+0000 7fda801f7700 1 -- 172.21.15.82:0/2596844526 >> 172.21.15.82:0/2596844526 conn(0x7fda78102a90 msgr2=0x7fda781916a0 unknown :-1 s=STATE_NONE l=0).mark_down
2024-05-08T04:47:55.161 INFO:teuthology.orchestra.run.smithi082.stdout:/usr/bin/ceph: stderr
2024-05-08T04:47:54.319+0000 7fda801f7700 1 -- 172.21.15.82:0/2596844526 shutdown_connections
2024-05-08T04:47:55.161 INFO:teuthology.orchestra.run.smithi082.stdout:/usr/bin/ceph: stderr
2024-05-08T04:47:54.319+0000 7fda801f7700 1 -- 172.21.15.82:0/2596844526 wait complete.
2024-05-08T04:47:55.161 INFO:teuthology.orchestra.run.smithi082.stdout:Fetching dashboard port number...
2024-05-08T04:47:56.506 INFO:journalctl@ceph.mon.a.smithi082.stdout:May 08 04:47:56 smithi082 ceph-mon[30095]: from='client.? 172.21.15.82:0/595356305' entity='client.admin' cmd=[{"prefix": "config get", "who": "mgr", "key": "mgr/dashboard/ssl_server_port"}]: dispatch
2024-05-08T04:47:56.756 INFO:teuthology.orchestra.run.smithi082.stdout:/usr/bin/ceph: stdout 8443
2024-05-08T04:47:56.756 INFO:teuthology.orchestra.run.smithi082.stdout:/usr/bin/ceph: stderr
2024-05-08T04:47:55.945+0000 7f5981f2b700 1 Processor -- start
2024-05-08T04:47:56.756 INFO:teuthology.orchestra.run.smithi082.stdout:/usr/bin/ceph: stderr
2024-05-08T04:47:55.945+0000 7f5981f2b700 1 -- start start
2024-05-08T04:47:56.757 INFO:teuthology.orchestra.run.smithi082.stdout:/usr/bin/ceph: stderr
2024-05-08T04:47:55.945+0000 7f5981f2b700 1 --2- >> [v2:172.21.15.82:3300/0,v1:172.21.15.82:6789/0] conn(0x7f597c07ee70 0x7f597c07d2d0 unknown :-1 s=NONE pgs=0 cs=0 l=0 rev1=0 crypto rx=0 tx=0 comp rx=0 tx=0).connect
2024-05-08T04:47:56.757 INFO:teuthology.orchestra.run.smithi082.stdout:/usr/bin/ceph: stderr
2024-05-08T04:47:55.945+0000 7f5981f2b700 1 -- --> [v2:172.21.15.82:3300/0,v1:172.21.15.82:6789/0] -- mon_getmap magic: 0 -- 0x7f597c07d8a0 con 0x7f597c07ee70
2024-05-08T04:47:56.757 INFO:teuthology.orchestra.run.smithi082.stdout:/usr/bin/ceph: stderr
2024-05-08T04:47:55.945+0000 7f597b7fe700 1 --2- >> [v2:172.21.15.82:3300/0,v1:172.21.15.82:6789/0] conn(0x7f597c07ee70 0x7f597c07d2d0 unknown :-1 s=BANNER_CONNECTING pgs=0 cs=0 l=0 rev1=0 crypto rx=0 tx=0 comp rx=0 tx=0)._handle_peer_banner_payload supported=3 required=0
2024-05-08T04:47:56.757 INFO:teuthology.orchestra.run.smithi082.stdout:/usr/bin/ceph: stderr
2024-05-08T04:47:55.945+0000 7f597b7fe700 1 --2- >> [v2:172.21.15.82:3300/0,v1:172.21.15.82:6789/0] conn(0x7f597c07ee70 0x7f597c07d2d0 unknown :-1 s=HELLO_CONNECTING pgs=0 cs=0 l=0 rev1=1 crypto rx=0 tx=0 comp rx=0 tx=0).handle_hello peer v2:172.21.15.82:3300/0 says I am v2:172.21.15.82:58338/0 (socket says 172.21.15.82:58338)
2024-05-08T04:47:56.757 INFO:teuthology.orchestra.run.smithi082.stdout:/usr/bin/ceph: stderr
2024-05-08T04:47:55.945+0000 7f597b7fe700 1 -- 172.21.15.82:0/1516289548 learned_addr learned my addr 172.21.15.82:0/1516289548 (peer_addr_for_me v2:172.21.15.82:0/0)
2024-05-08T04:47:56.757 INFO:teuthology.orchestra.run.smithi082.stdout:/usr/bin/ceph: stderr
2024-05-08T04:47:55.945+0000 7f597b7fe700 1 -- 172.21.15.82:0/1516289548 --> [v2:172.21.15.82:3300/0,v1:172.21.15.82:6789/0] -- mon_subscribe({config=0+,monmap=0+}) -- 0x7f597c07da20 con 0x7f597c07ee70
2024-05-08T04:47:56.758 INFO:teuthology.orchestra.run.smithi082.stdout:/usr/bin/ceph: stderr
2024-05-08T04:47:55.945+0000 7f597b7fe700 1 --2- 172.21.15.82:0/1516289548 >> [v2:172.21.15.82:3300/0,v1:172.21.15.82:6789/0] conn(0x7f597c07ee70 0x7f597c07d2d0 secure :-1 s=READY pgs=74 cs=0 l=1 rev1=1 crypto rx=0x7f596c0098a0 tx=0x7f596c009bb0 comp rx=0 tx=0).ready entity=mon.0 client_cookie=c2ddd6bf59072895 server_cookie=0 in_seq=0 out_seq=0
2024-05-08T04:47:56.758 INFO:teuthology.orchestra.run.smithi082.stdout:/usr/bin/ceph: stderr
2024-05-08T04:47:55.946+0000 7f597a7fc700 1 -- 172.21.15.82:0/1516289548 <== mon.0 v2:172.21.15.82:3300/0 1 ==== mon_map magic: 0 ==== 205+0+0 (secure 0 0 0) 0x7f596c004160 con 0x7f597c07ee70
2024-05-08T04:47:56.758 INFO:teuthology.orchestra.run.smithi082.stdout:/usr/bin/ceph: stderr
2024-05-08T04:47:55.946+0000 7f597a7fc700 1 -- 172.21.15.82:0/1516289548 <== mon.0 v2:172.21.15.82:3300/0 2 ==== config(26 keys) ==== 1101+0+0 (secure 0 0 0) 0x7f596c004300 con 0x7f597c07ee70
2024-05-08T04:47:56.758 INFO:teuthology.orchestra.run.smithi082.stdout:/usr/bin/ceph: stderr
2024-05-08T04:47:55.946+0000 7f597a7fc700 1 -- 172.21.15.82:0/1516289548 <== mon.0 v2:172.21.15.82:3300/0 3 ==== mon_map magic: 0 ==== 205+0+0 (secure 0 0 0) 0x7f596c011a20 con 0x7f597c07ee70
2024-05-08T04:47:56.758 INFO:teuthology.orchestra.run.smithi082.stdout:/usr/bin/ceph: stderr
2024-05-08T04:47:55.946+0000 7f5981f2b700 1 -- 172.21.15.82:0/1516289548 >> [v2:172.21.15.82:3300/0,v1:172.21.15.82:6789/0] conn(0x7f597c07ee70 msgr2=0x7f597c07d2d0 secure :-1 s=STATE_CONNECTION_ESTABLISHED l=1).mark_down
2024-05-08T04:47:56.759 INFO:teuthology.orchestra.run.smithi082.stdout:/usr/bin/ceph: stderr
2024-05-08T04:47:55.946+0000 7f5981f2b700 1 --2- 172.21.15.82:0/1516289548 >> [v2:172.21.15.82:3300/0,v1:172.21.15.82:6789/0] conn(0x7f597c07ee70 0x7f597c07d2d0 secure :-1 s=READY pgs=74 cs=0 l=1 rev1=1 crypto rx=0x7f596c0098a0 tx=0x7f596c009bb0 comp rx=0 tx=0).stop
2024-05-08T04:47:56.759 INFO:teuthology.orchestra.run.smithi082.stdout:/usr/bin/ceph: stderr
2024-05-08T04:47:55.946+0000 7f5981f2b700 1 -- 172.21.15.82:0/1516289548 shutdown_connections
2024-05-08T04:47:56.759 INFO:teuthology.orchestra.run.smithi082.stdout:/usr/bin/ceph: stderr
2024-05-08T04:47:55.946+0000 7f5981f2b700 1 --2- 172.21.15.82:0/1516289548 >> [v2:172.21.15.82:3300/0,v1:172.21.15.82:6789/0] conn(0x7f597c07ee70 0x7f597c07d2d0 unknown :-1 s=CLOSED pgs=74 cs=0 l=1 rev1=1 crypto rx=0 tx=0 comp rx=0 tx=0).stop
2024-05-08T04:47:56.759 INFO:teuthology.orchestra.run.smithi082.stdout:/usr/bin/ceph: stderr
2024-05-08T04:47:55.946+0000 7f5981f2b700 1 -- 172.21.15.82:0/1516289548 >> 172.21.15.82:0/1516289548 conn(0x7f597c104320 msgr2=0x7f597c106740 unknown :-1 s=STATE_NONE l=0).mark_down
2024-05-08T04:47:56.759 INFO:teuthology.orchestra.run.smithi082.stdout:/usr/bin/ceph: stderr
2024-05-08T04:47:55.946+0000 7f5981f2b700 1 -- 172.21.15.82:0/1516289548 shutdown_connections
2024-05-08T04:47:56.759 INFO:teuthology.orchestra.run.smithi082.stdout:/usr/bin/ceph: stderr
2024-05-08T04:47:55.946+0000 7f5981f2b700 1 -- 172.21.15.82:0/1516289548 wait complete.
2024-05-08T04:47:56.760 INFO:teuthology.orchestra.run.smithi082.stdout:/usr/bin/ceph: stderr
2024-05-08T04:47:55.947+0000 7f5981f2b700 1 Processor -- start
2024-05-08T04:47:56.760 INFO:teuthology.orchestra.run.smithi082.stdout:/usr/bin/ceph: stderr
2024-05-08T04:47:55.947+0000 7f5981f2b700 1 -- start start
2024-05-08T04:47:56.760 INFO:teuthology.orchestra.run.smithi082.stdout:/usr/bin/ceph: stderr
2024-05-08T04:47:55.947+0000 7f5981f2b700 1 --2- >> [v2:172.21.15.82:3300/0,v1:172.21.15.82:6789/0] conn(0x7f597c07ee70 0x7f597c19edc0 unknown :-1 s=NONE pgs=0 cs=0 l=1 rev1=0 crypto rx=0 tx=0 comp rx=0 tx=0).connect
2024-05-08T04:47:56.760 INFO:teuthology.orchestra.run.smithi082.stdout:/usr/bin/ceph: stderr
2024-05-08T04:47:55.947+0000 7f5981f2b700 1 -- --> [v2:172.21.15.82:3300/0,v1:172.21.15.82:6789/0] -- mon_getmap magic: 0 -- 0x7f597c10f340 con 0x7f597c07ee70
2024-05-08T04:47:56.760 INFO:teuthology.orchestra.run.smithi082.stdout:/usr/bin/ceph: stderr
2024-05-08T04:47:55.947+0000 7f597b7fe700 1 --2- >> [v2:172.21.15.82:3300/0,v1:172.21.15.82:6789/0] conn(0x7f597c07ee70 0x7f597c19edc0 unknown :-1 s=BANNER_CONNECTING pgs=0 cs=0 l=1 rev1=0 crypto rx=0 tx=0 comp rx=0 tx=0)._handle_peer_banner_payload supported=3 required=0
2024-05-08T04:47:56.760 INFO:teuthology.orchestra.run.smithi082.stdout:/usr/bin/ceph: stderr
2024-05-08T04:47:55.947+0000 7f597b7fe700 1 --2- >> [v2:172.21.15.82:3300/0,v1:172.21.15.82:6789/0] conn(0x7f597c07ee70 0x7f597c19edc0 unknown :-1 s=HELLO_CONNECTING pgs=0 cs=0 l=1 rev1=1 crypto rx=0 tx=0 comp rx=0 tx=0).handle_hello peer v2:172.21.15.82:3300/0 says I am v2:172.21.15.82:58352/0 (socket says 172.21.15.82:58352)
2024-05-08T04:47:56.761 INFO:teuthology.orchestra.run.smithi082.stdout:/usr/bin/ceph: stderr
2024-05-08T04:47:55.947+0000 7f597b7fe700 1 -- 172.21.15.82:0/595356305 learned_addr learned my addr 172.21.15.82:0/595356305 (peer_addr_for_me v2:172.21.15.82:0/0)
2024-05-08T04:47:56.761 INFO:teuthology.orchestra.run.smithi082.stdout:/usr/bin/ceph: stderr
2024-05-08T04:47:55.948+0000 7f597b7fe700 1 -- 172.21.15.82:0/595356305 --> [v2:172.21.15.82:3300/0,v1:172.21.15.82:6789/0] -- mon_subscribe({config=0+,monmap=0+}) -- 0x7f597c19f300 con 0x7f597c07ee70
2024-05-08T04:47:56.761 INFO:teuthology.orchestra.run.smithi082.stdout:/usr/bin/ceph: stderr
2024-05-08T04:47:55.948+0000 7f597b7fe700 1 --2- 172.21.15.82:0/595356305 >> [v2:172.21.15.82:3300/0,v1:172.21.15.82:6789/0] conn(0x7f597c07ee70 0x7f597c19edc0 secure :-1 s=READY pgs=75 cs=0 l=1 rev1=1 crypto rx=0x7f596c0116e0 tx=0x7f596c011aa0 comp rx=0 tx=0).ready entity=mon.0 client_cookie=0 server_cookie=0 in_seq=0 out_seq=0
2024-05-08T04:47:56.761 INFO:teuthology.orchestra.run.smithi082.stdout:/usr/bin/ceph: stderr
2024-05-08T04:47:55.948+0000 7f5978ff9700 1 -- 172.21.15.82:0/595356305 <== mon.0 v2:172.21.15.82:3300/0 1 ==== mon_map magic: 0 ==== 205+0+0 (secure 0 0 0) 0x7f596c003a60 con 0x7f597c07ee70
2024-05-08T04:47:56.761 INFO:teuthology.orchestra.run.smithi082.stdout:/usr/bin/ceph: stderr
2024-05-08T04:47:55.948+0000 7f5978ff9700 1 -- 172.21.15.82:0/595356305 <== mon.0 v2:172.21.15.82:3300/0 2 ==== config(26 keys) ==== 1101+0+0 (secure 0 0 0) 0x7f596c01b8f0 con 0x7f597c07ee70
2024-05-08T04:47:56.761 INFO:teuthology.orchestra.run.smithi082.stdout:/usr/bin/ceph: stderr
2024-05-08T04:47:55.948+0000 7f5981f2b700 1 -- 172.21.15.82:0/595356305 --> [v2:172.21.15.82:3300/0,v1:172.21.15.82:6789/0] -- mon_subscribe({mgrmap=0+}) -- 0x7f597c19f590 con 0x7f597c07ee70
2024-05-08T04:47:56.761 INFO:teuthology.orchestra.run.smithi082.stdout:/usr/bin/ceph: stderr
2024-05-08T04:47:55.948+0000 7f5978ff9700 1 -- 172.21.15.82:0/595356305 <== mon.0 v2:172.21.15.82:3300/0 3 ==== mon_map magic: 0 ==== 205+0+0 (secure 0 0 0) 0x7f596c019860 con 0x7f597c07ee70
2024-05-08T04:47:56.761 INFO:teuthology.orchestra.run.smithi082.stdout:/usr/bin/ceph: stderr
2024-05-08T04:47:55.948+0000 7f5981f2b700 1 -- 172.21.15.82:0/595356305 --> [v2:172.21.15.82:3300/0,v1:172.21.15.82:6789/0] -- mon_subscribe({osdmap=0}) -- 0x7f597c1a2280 con 0x7f597c07ee70
2024-05-08T04:47:56.762 INFO:teuthology.orchestra.run.smithi082.stdout:/usr/bin/ceph: stderr
2024-05-08T04:47:55.949+0000 7f5978ff9700 1 -- 172.21.15.82:0/595356305 <== mon.0 v2:172.21.15.82:3300/0 4 ==== mgrmap(e 12) ==== 50235+0+0 (secure 0 0 0) 0x7f596c019b60 con 0x7f597c07ee70
2024-05-08T04:47:56.762 INFO:teuthology.orchestra.run.smithi082.stdout:/usr/bin/ceph: stderr
2024-05-08T04:47:55.949+0000 7f5981f2b700 1 -- 172.21.15.82:0/595356305 --> [v2:172.21.15.82:3300/0,v1:172.21.15.82:6789/0] -- mon_command({"prefix": "get_command_descriptions"} v 0) -- 0x7f597c064b00 con 0x7f597c07ee70
2024-05-08T04:47:56.762 INFO:teuthology.orchestra.run.smithi082.stdout:/usr/bin/ceph: stderr
2024-05-08T04:47:55.949+0000 7f5978ff9700 1 --2- 172.21.15.82:0/595356305 >> [v2:172.21.15.82:6800/467376000,v1:172.21.15.82:6801/467376000] conn(0x7f596403e470 0x7f5964040930 unknown :-1 s=NONE pgs=0 cs=0 l=1 rev1=0 crypto rx=0 tx=0 comp rx=0 tx=0).connect
2024-05-08T04:47:56.762 INFO:teuthology.orchestra.run.smithi082.stdout:/usr/bin/ceph: stderr
2024-05-08T04:47:55.949+0000 7f5978ff9700 1 -- 172.21.15.82:0/595356305 <== mon.0 v2:172.21.15.82:3300/0 5 ==== osd_map(3..3 src has 1..3) ==== 1155+0+0 (secure 0 0 0) 0x7f596c053d90 con 0x7f597c07ee70
2024-05-08T04:47:56.762 INFO:teuthology.orchestra.run.smithi082.stdout:/usr/bin/ceph: stderr
2024-05-08T04:47:55.949+0000 7f597affd700 1 --2- 172.21.15.82:0/595356305 >> [v2:172.21.15.82:6800/467376000,v1:172.21.15.82:6801/467376000] conn(0x7f596403e470 0x7f5964040930 unknown :-1 s=BANNER_CONNECTING pgs=0 cs=0 l=1 rev1=0 crypto rx=0 tx=0 comp rx=0 tx=0)._handle_peer_banner_payload supported=3 required=0
2024-05-08T04:47:56.762 INFO:teuthology.orchestra.run.smithi082.stdout:/usr/bin/ceph: stderr
2024-05-08T04:47:55.950+0000 7f597affd700 1 --2- 172.21.15.82:0/595356305 >> [v2:172.21.15.82:6800/467376000,v1:172.21.15.82:6801/467376000] conn(0x7f596403e470 0x7f5964040930 secure :-1 s=READY pgs=9 cs=0 l=1 rev1=1 crypto rx=0x7f5970006fd0 tx=0x7f5970006e40 comp rx=0 tx=0).ready entity=mgr.14152 client_cookie=0 server_cookie=0 in_seq=0 out_seq=0
2024-05-08T04:47:56.762 INFO:teuthology.orchestra.run.smithi082.stdout:/usr/bin/ceph: stderr
2024-05-08T04:47:55.954+0000 7f5978ff9700 1 -- 172.21.15.82:0/595356305 <== mon.0 v2:172.21.15.82:3300/0 6 ==== mon_command_ack([{"prefix": "get_command_descriptions"}]=0 v0) ==== 72+0+191963 (secure 0 0 0) 0x7f596c01f030 con 0x7f597c07ee70
2024-05-08T04:47:56.762 INFO:teuthology.orchestra.run.smithi082.stdout:/usr/bin/ceph: stderr
2024-05-08T04:47:56.158+0000 7f5981f2b700 1 -- 172.21.15.82:0/595356305 --> [v2:172.21.15.82:3300/0,v1:172.21.15.82:6789/0] -- mon_command({"prefix": "config get", "who": "mgr", "key": "mgr/dashboard/ssl_server_port"} v 0) -- 0x7f597c1a2450 con 0x7f597c07ee70
2024-05-08T04:47:56.763 INFO:teuthology.orchestra.run.smithi082.stdout:/usr/bin/ceph: stderr
2024-05-08T04:47:56.158+0000 7f5978ff9700 1 -- 172.21.15.82:0/595356305 <== mon.0 v2:172.21.15.82:3300/0 7 ==== mon_command_ack([{"prefix": "config get", "who": "mgr", "key": "mgr/dashboard/ssl_server_port"}]=0 v8) ==== 112+0+5 (secure 0 0 0) 0x7f596c0172b0 con 0x7f597c07ee70
2024-05-08T04:47:56.763 INFO:teuthology.orchestra.run.smithi082.stdout:/usr/bin/ceph: stderr
2024-05-08T04:47:56.160+0000 7f5981f2b700 1 -- 172.21.15.82:0/595356305 >> [v2:172.21.15.82:6800/467376000,v1:172.21.15.82:6801/467376000] conn(0x7f596403e470 msgr2=0x7f5964040930 secure :-1 s=STATE_CONNECTION_ESTABLISHED l=1).mark_down
2024-05-08T04:47:56.763 INFO:teuthology.orchestra.run.smithi082.stdout:/usr/bin/ceph: stderr
2024-05-08T04:47:56.160+0000 7f5981f2b700 1 --2- 172.21.15.82:0/595356305 >> [v2:172.21.15.82:6800/467376000,v1:172.21.15.82:6801/467376000] conn(0x7f596403e470 0x7f5964040930 secure :-1 s=READY pgs=9 cs=0 l=1 rev1=1 crypto rx=0x7f5970006fd0 tx=0x7f5970006e40 comp rx=0 tx=0).stop
2024-05-08T04:47:56.763 INFO:teuthology.orchestra.run.smithi082.stdout:/usr/bin/ceph: stderr
2024-05-08T04:47:56.160+0000 7f5981f2b700 1 -- 172.21.15.82:0/595356305 >> [v2:172.21.15.82:3300/0,v1:172.21.15.82:6789/0] conn(0x7f597c07ee70 msgr2=0x7f597c19edc0 secure :-1 s=STATE_CONNECTION_ESTABLISHED l=1).mark_down
2024-05-08T04:47:56.763 INFO:teuthology.orchestra.run.smithi082.stdout:/usr/bin/ceph: stderr
2024-05-08T04:47:56.160+0000 7f5981f2b700 1 --2- 172.21.15.82:0/595356305 >> [v2:172.21.15.82:3300/0,v1:172.21.15.82:6789/0] conn(0x7f597c07ee70 0x7f597c19edc0 secure :-1 s=READY pgs=75 cs=0 l=1 rev1=1 crypto rx=0x7f596c0116e0 tx=0x7f596c011aa0 comp rx=0 tx=0).stop
2024-05-08T04:47:56.763 INFO:teuthology.orchestra.run.smithi082.stdout:/usr/bin/ceph: stderr
2024-05-08T04:47:56.160+0000 7f5981f2b700 1 -- 172.21.15.82:0/595356305 shutdown_connections
2024-05-08T04:47:56.763 INFO:teuthology.orchestra.run.smithi082.stdout:/usr/bin/ceph: stderr
2024-05-08T04:47:56.161+0000 7f5981f2b700 1 --2- 172.21.15.82:0/595356305 >> [v2:172.21.15.82:6800/467376000,v1:172.21.15.82:6801/467376000] conn(0x7f596403e470 0x7f5964040930 unknown :-1 s=CLOSED pgs=9 cs=0 l=1 rev1=1 crypto rx=0 tx=0 comp rx=0 tx=0).stop
2024-05-08T04:47:56.764 INFO:teuthology.orchestra.run.smithi082.stdout:/usr/bin/ceph: stderr
2024-05-08T04:47:56.161+0000 7f5981f2b700 1 --2- 172.21.15.82:0/595356305 >> [v2:172.21.15.82:3300/0,v1:172.21.15.82:6789/0] conn(0x7f597c07ee70 0x7f597c19edc0 unknown :-1 s=CLOSED pgs=75 cs=0 l=1 rev1=1 crypto rx=0 tx=0 comp rx=0 tx=0).stop
2024-05-08T04:47:56.764 INFO:teuthology.orchestra.run.smithi082.stdout:/usr/bin/ceph: stderr
2024-05-08T04:47:56.161+0000 7f5981f2b700 1 -- 172.21.15.82:0/595356305 >> 172.21.15.82:0/595356305 conn(0x7f597c104320 msgr2=0x7f597c104dc0 unknown :-1 s=STATE_NONE l=0).mark_down
2024-05-08T04:47:56.764 INFO:teuthology.orchestra.run.smithi082.stdout:/usr/bin/ceph: stderr
2024-05-08T04:47:56.161+0000 7f5981f2b700 1 -- 172.21.15.82:0/595356305 shutdown_connections
2024-05-08T04:47:56.764 INFO:teuthology.orchestra.run.smithi082.stdout:/usr/bin/ceph: stderr
2024-05-08T04:47:56.161+0000 7f5981f2b700 1 -- 172.21.15.82:0/595356305 wait complete.
2024-05-08T04:47:56.764 INFO:teuthology.orchestra.run.smithi082.stdout:Non-zero exit code 1 from systemctl is-enabled firewalld.service
2024-05-08T04:47:56.764 INFO:teuthology.orchestra.run.smithi082.stdout:systemctl: stdout disabled
2024-05-08T04:47:56.766 INFO:teuthology.orchestra.run.smithi082.stdout:Non-zero exit code 3 from systemctl is-active firewalld.service
2024-05-08T04:47:56.766 INFO:teuthology.orchestra.run.smithi082.stdout:systemctl: stdout inactive
2024-05-08T04:47:56.766 INFO:teuthology.orchestra.run.smithi082.stdout:firewalld.service is not enabled
2024-05-08T04:47:56.766 INFO:teuthology.orchestra.run.smithi082.stdout:Not possible to open ports <[8443]>. firewalld.service is not available
2024-05-08T04:47:56.767 INFO:teuthology.orchestra.run.smithi082.stdout:Ceph Dashboard is now available at:
2024-05-08T04:47:56.767 INFO:teuthology.orchestra.run.smithi082.stdout:
2024-05-08T04:47:56.767 INFO:teuthology.orchestra.run.smithi082.stdout: URL: https://smithi082.front.sepia.ceph.com:8443/
2024-05-08T04:47:56.767 INFO:teuthology.orchestra.run.smithi082.stdout: User: admin
2024-05-08T04:47:56.767 INFO:teuthology.orchestra.run.smithi082.stdout: Password: l84m2pmp4h
2024-05-08T04:47:56.767 INFO:teuthology.orchestra.run.smithi082.stdout:
2024-05-08T04:47:56.768 INFO:teuthology.orchestra.run.smithi082.stdout:Saving cluster configuration to /var/lib/ceph/d465c2d8-0cf5-11ef-bc97-c7b262605968/config directory
2024-05-08T04:47:56.768 INFO:teuthology.orchestra.run.smithi082.stdout:Enabling autotune for osd_memory_target
2024-05-08T04:47:57.971 INFO:teuthology.orchestra.run.smithi082.stdout:/usr/bin/ceph: stderr
2024-05-08T04:47:57.195+0000 7ff73cc8e700 1 Processor -- start
2024-05-08T04:47:57.972 INFO:teuthology.orchestra.run.smithi082.stdout:/usr/bin/ceph: stderr
2024-05-08T04:47:57.195+0000 7ff73cc8e700 1 -- start start
2024-05-08T04:47:57.972 INFO:teuthology.orchestra.run.smithi082.stdout:/usr/bin/ceph: stderr
2024-05-08T04:47:57.195+0000 7ff73cc8e700 1 --2- >> [v2:172.21.15.82:3300/0,v1:172.21.15.82:6789/0] conn(0x7ff738107640 0x7ff738107a60 unknown :-1 s=NONE pgs=0 cs=0 l=0 rev1=0 crypto rx=0 tx=0 comp rx=0 tx=0).connect
2024-05-08T04:47:57.972 INFO:teuthology.orchestra.run.smithi082.stdout:/usr/bin/ceph: stderr
2024-05-08T04:47:57.195+0000 7ff73cc8e700 1 -- --> [v2:172.21.15.82:3300/0,v1:172.21.15.82:6789/0] -- mon_getmap magic: 0 -- 0x7ff73807ce20 con 0x7ff738107640
2024-05-08T04:47:57.972 INFO:teuthology.orchestra.run.smithi082.stdout:/usr/bin/ceph: stderr
2024-05-08T04:47:57.196+0000 7ff73659c700 1 --2- >> [v2:172.21.15.82:3300/0,v1:172.21.15.82:6789/0] conn(0x7ff738107640 0x7ff738107a60 unknown :-1 s=BANNER_CONNECTING pgs=0 cs=0 l=0 rev1=0 crypto rx=0 tx=0 comp rx=0 tx=0)._handle_peer_banner_payload supported=3 required=0
2024-05-08T04:47:57.972 INFO:teuthology.orchestra.run.smithi082.stdout:/usr/bin/ceph: stderr
2024-05-08T04:47:57.196+0000 7ff73659c700 1 --2- >> [v2:172.21.15.82:3300/0,v1:172.21.15.82:6789/0] conn(0x7ff738107640 0x7ff738107a60 unknown :-1 s=HELLO_CONNECTING pgs=0 cs=0 l=0 rev1=1 crypto rx=0 tx=0 comp rx=0 tx=0).handle_hello peer v2:172.21.15.82:3300/0 says I am v2:172.21.15.82:58354/0 (socket says 172.21.15.82:58354)
2024-05-08T04:47:57.972 INFO:teuthology.orchestra.run.smithi082.stdout:/usr/bin/ceph: stderr
2024-05-08T04:47:57.196+0000 7ff73659c700 1 -- 172.21.15.82:0/1973740768 learned_addr learned my addr 172.21.15.82:0/1973740768 (peer_addr_for_me v2:172.21.15.82:0/0)
2024-05-08T04:47:57.972 INFO:teuthology.orchestra.run.smithi082.stdout:/usr/bin/ceph: stderr
2024-05-08T04:47:57.196+0000 7ff73659c700 1 -- 172.21.15.82:0/1973740768 --> [v2:172.21.15.82:3300/0,v1:172.21.15.82:6789/0] -- mon_subscribe({config=0+,monmap=0+}) -- 0x7ff738107fa0 con 0x7ff738107640
2024-05-08T04:47:57.972 INFO:teuthology.orchestra.run.smithi082.stdout:/usr/bin/ceph: stderr
2024-05-08T04:47:57.196+0000 7ff73659c700 1 --2- 172.21.15.82:0/1973740768 >> [v2:172.21.15.82:3300/0,v1:172.21.15.82:6789/0] conn(0x7ff738107640 0x7ff738107a60 secure :-1 s=READY pgs=76 cs=0 l=1 rev1=1 crypto rx=0x7ff7280098a0 tx=0x7ff728009bb0 comp rx=0 tx=0).ready entity=mon.0 client_cookie=766d204c1313fbb0 server_cookie=0 in_seq=0 out_seq=0
2024-05-08T04:47:57.972 INFO:teuthology.orchestra.run.smithi082.stdout:/usr/bin/ceph: stderr
2024-05-08T04:47:57.196+0000 7ff735d9b700 1 -- 172.21.15.82:0/1973740768 <== mon.0 v2:172.21.15.82:3300/0 1 ==== mon_map magic: 0 ==== 205+0+0 (secure 0 0 0) 0x7ff728004160 con 0x7ff738107640
2024-05-08T04:47:57.972 INFO:teuthology.orchestra.run.smithi082.stdout:/usr/bin/ceph: stderr
2024-05-08T04:47:57.196+0000 7ff735d9b700 1 -- 172.21.15.82:0/1973740768 <== mon.0 v2:172.21.15.82:3300/0 2 ==== config(26 keys) ==== 1101+0+0 (secure 0 0 0) 0x7ff728004300 con 0x7ff738107640
2024-05-08T04:47:57.972 INFO:teuthology.orchestra.run.smithi082.stdout:/usr/bin/ceph: stderr
2024-05-08T04:47:57.196+0000 7ff735d9b700 1 -- 172.21.15.82:0/1973740768 <== mon.0 v2:172.21.15.82:3300/0 3 ==== mon_map magic: 0 ==== 205+0+0 (secure 0 0 0) 0x7ff728011a20 con 0x7ff738107640
2024-05-08T04:47:57.973 INFO:teuthology.orchestra.run.smithi082.stdout:/usr/bin/ceph: stderr
2024-05-08T04:47:57.197+0000 7ff73cc8e700 1 -- 172.21.15.82:0/1973740768 >> [v2:172.21.15.82:3300/0,v1:172.21.15.82:6789/0] conn(0x7ff738107640 msgr2=0x7ff738107a60 secure :-1 s=STATE_CONNECTION_ESTABLISHED l=1).mark_down
2024-05-08T04:47:57.973 INFO:teuthology.orchestra.run.smithi082.stdout:/usr/bin/ceph: stderr
2024-05-08T04:47:57.197+0000 7ff73cc8e700 1 --2- 172.21.15.82:0/1973740768 >> [v2:172.21.15.82:3300/0,v1:172.21.15.82:6789/0] conn(0x7ff738107640 0x7ff738107a60 secure :-1 s=READY pgs=76 cs=0 l=1 rev1=1 crypto rx=0x7ff7280098a0 tx=0x7ff728009bb0 comp rx=0 tx=0).stop
2024-05-08T04:47:57.973 INFO:teuthology.orchestra.run.smithi082.stdout:/usr/bin/ceph: stderr
2024-05-08T04:47:57.197+0000 7ff73cc8e700 1 -- 172.21.15.82:0/1973740768 shutdown_connections
2024-05-08T04:47:57.973 INFO:teuthology.orchestra.run.smithi082.stdout:/usr/bin/ceph: stderr
2024-05-08T04:47:57.197+0000 7ff73cc8e700 1 --2- 172.21.15.82:0/1973740768 >> [v2:172.21.15.82:3300/0,v1:172.21.15.82:6789/0] conn(0x7ff738107640 0x7ff738107a60 unknown :-1 s=CLOSED pgs=76 cs=0 l=1 rev1=1 crypto rx=0 tx=0 comp rx=0 tx=0).stop
2024-05-08T04:47:57.973 INFO:teuthology.orchestra.run.smithi082.stdout:/usr/bin/ceph: stderr
2024-05-08T04:47:57.197+0000 7ff73cc8e700 1 -- 172.21.15.82:0/1973740768 >> 172.21.15.82:0/1973740768 conn(0x7ff738103240 msgr2=0x7ff738105660 unknown :-1 s=STATE_NONE l=0).mark_down
2024-05-08T04:47:57.973 INFO:teuthology.orchestra.run.smithi082.stdout:/usr/bin/ceph: stderr
2024-05-08T04:47:57.197+0000 7ff73cc8e700 1 -- 172.21.15.82:0/1973740768 shutdown_connections
2024-05-08T04:47:57.973 INFO:teuthology.orchestra.run.smithi082.stdout:/usr/bin/ceph: stderr
2024-05-08T04:47:57.197+0000 7ff73cc8e700 1 -- 172.21.15.82:0/1973740768 wait complete.
2024-05-08T04:47:57.973 INFO:teuthology.orchestra.run.smithi082.stdout:/usr/bin/ceph: stderr
2024-05-08T04:47:57.198+0000 7ff73cc8e700 1 Processor -- start
2024-05-08T04:47:57.973 INFO:teuthology.orchestra.run.smithi082.stdout:/usr/bin/ceph: stderr
2024-05-08T04:47:57.198+0000 7ff73cc8e700 1 -- start start
2024-05-08T04:47:57.973 INFO:teuthology.orchestra.run.smithi082.stdout:/usr/bin/ceph: stderr
2024-05-08T04:47:57.198+0000 7ff73cc8e700 1 --2- >> [v2:172.21.15.82:3300/0,v1:172.21.15.82:6789/0] conn(0x7ff738107640 0x7ff73819ee70 unknown :-1 s=NONE pgs=0 cs=0 l=1 rev1=0 crypto rx=0 tx=0 comp rx=0 tx=0).connect
2024-05-08T04:47:57.973 INFO:teuthology.orchestra.run.smithi082.stdout:/usr/bin/ceph: stderr
