2024-05-08T04:52:35.603 INFO:teuthology.orchestra.run.smithi012.stdout:/usr/bin/ceph: stderr
2024-05-08T04:52:34.834+0000 7ffa1f982700 1 -- 172.21.15.12:0/1320817474 shutdown_connections
2024-05-08T04:52:35.603 INFO:teuthology.orchestra.run.smithi012.stdout:/usr/bin/ceph: stderr
2024-05-08T04:52:34.834+0000 7ffa1f982700 1 --2- 172.21.15.12:0/1320817474 >> [v2:172.21.15.12:3300/0,v1:172.21.15.12:6789/0] conn(0x7ffa1807f780 0x7ffa1807dbe0 unknown :-1 s=CLOSED pgs=20 cs=0 l=1 rev1=1 crypto rx=0 tx=0 comp rx=0 tx=0).stop
2024-05-08T04:52:35.603 INFO:teuthology.orchestra.run.smithi012.stdout:/usr/bin/ceph: stderr
2024-05-08T04:52:34.834+0000 7ffa1f982700 1 -- 172.21.15.12:0/1320817474 >> 172.21.15.12:0/1320817474 conn(0x7ffa181043d0 msgr2=0x7ffa181067f0 unknown :-1 s=STATE_NONE l=0).mark_down
2024-05-08T04:52:35.603 INFO:teuthology.orchestra.run.smithi012.stdout:/usr/bin/ceph: stderr
2024-05-08T04:52:34.834+0000 7ffa1f982700 1 -- 172.21.15.12:0/1320817474 shutdown_connections
2024-05-08T04:52:35.603 INFO:teuthology.orchestra.run.smithi012.stdout:/usr/bin/ceph: stderr
2024-05-08T04:52:34.834+0000 7ffa1f982700 1 -- 172.21.15.12:0/1320817474 wait complete.
2024-05-08T04:52:35.603 INFO:teuthology.orchestra.run.smithi012.stdout:/usr/bin/ceph: stderr
2024-05-08T04:52:34.834+0000 7ffa1f982700 1 Processor -- start
2024-05-08T04:52:35.603 INFO:teuthology.orchestra.run.smithi012.stdout:/usr/bin/ceph: stderr
2024-05-08T04:52:34.834+0000 7ffa1f982700 1 -- start start
2024-05-08T04:52:35.603 INFO:teuthology.orchestra.run.smithi012.stdout:/usr/bin/ceph: stderr
2024-05-08T04:52:34.834+0000 7ffa1f982700 1 --2- >> [v2:172.21.15.12:3300/0,v1:172.21.15.12:6789/0] conn(0x7ffa1807f780 0x7ffa1819efc0 unknown :-1 s=NONE pgs=0 cs=0 l=1 rev1=0 crypto rx=0 tx=0 comp rx=0 tx=0).connect
2024-05-08T04:52:35.603 INFO:teuthology.orchestra.run.smithi012.stdout:/usr/bin/ceph: stderr
2024-05-08T04:52:34.834+0000 7ffa1f982700 1 -- --> [v2:172.21.15.12:3300/0,v1:172.21.15.12:6789/0] -- mon_getmap magic: 0 -- 0x7ffa1810f3b0 con 0x7ffa1807f780
2024-05-08T04:52:35.603 INFO:teuthology.orchestra.run.smithi012.stdout:/usr/bin/ceph: stderr
2024-05-08T04:52:34.835+0000 7ffa1d71e700 1 --2- >> [v2:172.21.15.12:3300/0,v1:172.21.15.12:6789/0] conn(0x7ffa1807f780 0x7ffa1819efc0 unknown :-1 s=BANNER_CONNECTING pgs=0 cs=0 l=1 rev1=0 crypto rx=0 tx=0 comp rx=0 tx=0)._handle_peer_banner_payload supported=3 required=0
2024-05-08T04:52:35.603 INFO:teuthology.orchestra.run.smithi012.stdout:/usr/bin/ceph: stderr
2024-05-08T04:52:34.835+0000 7ffa1d71e700 1 --2- >> [v2:172.21.15.12:3300/0,v1:172.21.15.12:6789/0] conn(0x7ffa1807f780 0x7ffa1819efc0 unknown :-1 s=HELLO_CONNECTING pgs=0 cs=0 l=1 rev1=1 crypto rx=0 tx=0 comp rx=0 tx=0).handle_hello peer v2:172.21.15.12:3300/0 says I am v2:172.21.15.12:47186/0 (socket says 172.21.15.12:47186)
2024-05-08T04:52:35.603 INFO:teuthology.orchestra.run.smithi012.stdout:/usr/bin/ceph: stderr
2024-05-08T04:52:34.835+0000 7ffa1d71e700 1 -- 172.21.15.12:0/3154584750 learned_addr learned my addr 172.21.15.12:0/3154584750 (peer_addr_for_me v2:172.21.15.12:0/0)
2024-05-08T04:52:35.604 INFO:teuthology.orchestra.run.smithi012.stdout:/usr/bin/ceph: stderr
2024-05-08T04:52:34.835+0000 7ffa1d71e700 1 -- 172.21.15.12:0/3154584750 --> [v2:172.21.15.12:3300/0,v1:172.21.15.12:6789/0] -- mon_subscribe({config=0+,monmap=0+}) -- 0x7ffa1819f500 con 0x7ffa1807f780
2024-05-08T04:52:35.604 INFO:teuthology.orchestra.run.smithi012.stdout:/usr/bin/ceph: stderr
2024-05-08T04:52:34.835+0000 7ffa1d71e700 1 --2- 172.21.15.12:0/3154584750 >> [v2:172.21.15.12:3300/0,v1:172.21.15.12:6789/0] conn(0x7ffa1807f780 0x7ffa1819efc0 secure :-1 s=READY pgs=21 cs=0 l=1 rev1=1 crypto rx=0x7ffa14009fb0 tx=0x7ffa14011940 comp rx=0 tx=0).ready entity=mon.0 client_cookie=0 server_cookie=0 in_seq=0 out_seq=0
2024-05-08T04:52:35.604 INFO:teuthology.orchestra.run.smithi012.stdout:/usr/bin/ceph: stderr
2024-05-08T04:52:34.835+0000 7ffa0e7fc700 1 -- 172.21.15.12:0/3154584750 <== mon.0 v2:172.21.15.12:3300/0 1 ==== mon_map magic: 0 ==== 205+0+0 (secure 0 0 0) 0x7ffa140036a0 con 0x7ffa1807f780
2024-05-08T04:52:35.604 INFO:teuthology.orchestra.run.smithi012.stdout:/usr/bin/ceph: stderr
2024-05-08T04:52:34.835+0000 7ffa0e7fc700 1 -- 172.21.15.12:0/3154584750 <== mon.0 v2:172.21.15.12:3300/0 2 ==== config(26 keys) ==== 1070+0+0 (secure 0 0 0) 0x7ffa1401a430 con 0x7ffa1807f780
2024-05-08T04:52:35.604 INFO:teuthology.orchestra.run.smithi012.stdout:/usr/bin/ceph: stderr
2024-05-08T04:52:34.835+0000 7ffa1f982700 1 -- 172.21.15.12:0/3154584750 --> [v2:172.21.15.12:3300/0,v1:172.21.15.12:6789/0] -- mon_subscribe({mgrmap=0+}) -- 0x7ffa1819f790 con 0x7ffa1807f780
2024-05-08T04:52:35.604 INFO:teuthology.orchestra.run.smithi012.stdout:/usr/bin/ceph: stderr
2024-05-08T04:52:34.835+0000 7ffa0e7fc700 1 -- 172.21.15.12:0/3154584750 <== mon.0 v2:172.21.15.12:3300/0 3 ==== mon_map magic: 0 ==== 205+0+0 (secure 0 0 0) 0x7ffa14019550 con 0x7ffa1807f780
2024-05-08T04:52:35.604 INFO:teuthology.orchestra.run.smithi012.stdout:/usr/bin/ceph: stderr
2024-05-08T04:52:34.835+0000 7ffa1f982700 1 -- 172.21.15.12:0/3154584750 --> [v2:172.21.15.12:3300/0,v1:172.21.15.12:6789/0] -- mon_subscribe({osdmap=0}) -- 0x7ffa181a2480 con 0x7ffa1807f780
2024-05-08T04:52:35.604 INFO:teuthology.orchestra.run.smithi012.stdout:/usr/bin/ceph: stderr
2024-05-08T04:52:34.836+0000 7ffa0e7fc700 1 -- 172.21.15.12:0/3154584750 <== mon.0 v2:172.21.15.12:3300/0 4 ==== mgrmap(e 4) ==== 50211+0+0 (secure 0 0 0) 0x7ffa1401a8e0 con 0x7ffa1807f780
2024-05-08T04:52:35.604 INFO:teuthology.orchestra.run.smithi012.stdout:/usr/bin/ceph: stderr
2024-05-08T04:52:34.836+0000 7ffa1f982700 1 -- 172.21.15.12:0/3154584750 --> [v2:172.21.15.12:3300/0,v1:172.21.15.12:6789/0] -- mon_command({"prefix": "get_command_descriptions"} v 0) -- 0x7ffa1806a5c0 con 0x7ffa1807f780
2024-05-08T04:52:35.604 INFO:teuthology.orchestra.run.smithi012.stdout:/usr/bin/ceph: stderr
2024-05-08T04:52:34.836+0000 7ffa0e7fc700 1 --2- 172.21.15.12:0/3154584750 >> [v2:172.21.15.12:6800/1790243556,v1:172.21.15.12:6801/1790243556] conn(0x7ffa0403e420 0x7ffa040408e0 unknown :-1 s=NONE pgs=0 cs=0 l=1 rev1=0 crypto rx=0 tx=0 comp rx=0 tx=0).connect
2024-05-08T04:52:35.604 INFO:teuthology.orchestra.run.smithi012.stdout:/usr/bin/ceph: stderr
2024-05-08T04:52:34.837+0000 7ffa0e7fc700 1 -- 172.21.15.12:0/3154584750 <== mon.0 v2:172.21.15.12:3300/0 5 ==== osd_map(1..1 src has 1..1) ==== 725+0+0 (secure 0 0 0) 0x7ffa14053790 con 0x7ffa1807f780
2024-05-08T04:52:35.604 INFO:teuthology.orchestra.run.smithi012.stdout:/usr/bin/ceph: stderr
2024-05-08T04:52:34.837+0000 7ffa1cf1d700 1 --2- 172.21.15.12:0/3154584750 >> [v2:172.21.15.12:6800/1790243556,v1:172.21.15.12:6801/1790243556] conn(0x7ffa0403e420 0x7ffa040408e0 unknown :-1 s=BANNER_CONNECTING pgs=0 cs=0 l=1 rev1=0 crypto rx=0 tx=0 comp rx=0 tx=0)._handle_peer_banner_payload supported=3 required=0
2024-05-08T04:52:35.605 INFO:teuthology.orchestra.run.smithi012.stdout:/usr/bin/ceph: stderr
2024-05-08T04:52:34.837+0000 7ffa1cf1d700 1 --2- 172.21.15.12:0/3154584750 >> [v2:172.21.15.12:6800/1790243556,v1:172.21.15.12:6801/1790243556] conn(0x7ffa0403e420 0x7ffa040408e0 secure :-1 s=READY pgs=7 cs=0 l=1 rev1=1 crypto rx=0x7ffa08006fd0 tx=0x7ffa08006e40 comp rx=0 tx=0).ready entity=mgr.14100 client_cookie=0 server_cookie=0 in_seq=0 out_seq=0
2024-05-08T04:52:35.605 INFO:teuthology.orchestra.run.smithi012.stdout:/usr/bin/ceph: stderr
2024-05-08T04:52:34.842+0000 7ffa0e7fc700 1 -- 172.21.15.12:0/3154584750 <== mon.0 v2:172.21.15.12:3300/0 6 ==== mon_command_ack([{"prefix": "get_command_descriptions"}]=0 v0) ==== 72+0+191963 (secure 0 0 0) 0x7ffa1400b3e0 con 0x7ffa1807f780
2024-05-08T04:52:35.605 INFO:teuthology.orchestra.run.smithi012.stdout:/usr/bin/ceph: stderr
2024-05-08T04:52:35.056+0000 7ffa1f982700 1 -- 172.21.15.12:0/3154584750 --> [v2:172.21.15.12:3300/0,v1:172.21.15.12:6789/0] -- mon_command({"prefix": "config assimilate-conf"} v 0) -- 0x7ffa181a2650 con 0x7ffa1807f780
2024-05-08T04:52:35.605 INFO:teuthology.orchestra.run.smithi012.stdout:/usr/bin/ceph: stderr
2024-05-08T04:52:35.057+0000 7ffa0e7fc700 1 -- 172.21.15.12:0/3154584750 <== mon.0 v2:172.21.15.12:3300/0 7 ==== mon_command_ack([{"prefix": "config assimilate-conf"}]=0 v3) ==== 70+0+409 (secure 0 0 0) 0x7ffa181a2650 con 0x7ffa1807f780
2024-05-08T04:52:35.605 INFO:teuthology.orchestra.run.smithi012.stdout:/usr/bin/ceph: stderr
2024-05-08T04:52:35.059+0000 7ffa1f982700 1 -- 172.21.15.12:0/3154584750 >> [v2:172.21.15.12:6800/1790243556,v1:172.21.15.12:6801/1790243556] conn(0x7ffa0403e420 msgr2=0x7ffa040408e0 secure :-1 s=STATE_CONNECTION_ESTABLISHED l=1).mark_down
2024-05-08T04:52:35.605 INFO:teuthology.orchestra.run.smithi012.stdout:/usr/bin/ceph: stderr
2024-05-08T04:52:35.059+0000 7ffa1f982700 1 --2- 172.21.15.12:0/3154584750 >> [v2:172.21.15.12:6800/1790243556,v1:172.21.15.12:6801/1790243556] conn(0x7ffa0403e420 0x7ffa040408e0 secure :-1 s=READY pgs=7 cs=0 l=1 rev1=1 crypto rx=0x7ffa08006fd0 tx=0x7ffa08006e40 comp rx=0 tx=0).stop
2024-05-08T04:52:35.605 INFO:teuthology.orchestra.run.smithi012.stdout:/usr/bin/ceph: stderr
2024-05-08T04:52:35.059+0000 7ffa1f982700 1 -- 172.21.15.12:0/3154584750 >> [v2:172.21.15.12:3300/0,v1:172.21.15.12:6789/0] conn(0x7ffa1807f780 msgr2=0x7ffa1819efc0 secure :-1 s=STATE_CONNECTION_ESTABLISHED l=1).mark_down
2024-05-08T04:52:35.605 INFO:teuthology.orchestra.run.smithi012.stdout:/usr/bin/ceph: stderr
2024-05-08T04:52:35.059+0000 7ffa1f982700 1 --2- 172.21.15.12:0/3154584750 >> [v2:172.21.15.12:3300/0,v1:172.21.15.12:6789/0] conn(0x7ffa1807f780 0x7ffa1819efc0 secure :-1 s=READY pgs=21 cs=0 l=1 rev1=1 crypto rx=0x7ffa14009fb0 tx=0x7ffa14011940 comp rx=0 tx=0).stop
2024-05-08T04:52:35.605 INFO:teuthology.orchestra.run.smithi012.stdout:/usr/bin/ceph: stderr
2024-05-08T04:52:35.059+0000 7ffa1f982700 1 -- 172.21.15.12:0/3154584750 shutdown_connections
2024-05-08T04:52:35.605 INFO:teuthology.orchestra.run.smithi012.stdout:/usr/bin/ceph: stderr
2024-05-08T04:52:35.059+0000 7ffa1f982700 1 --2- 172.21.15.12:0/3154584750 >> [v2:172.21.15.12:6800/1790243556,v1:172.21.15.12:6801/1790243556] conn(0x7ffa0403e420 0x7ffa040408e0 unknown :-1 s=CLOSED pgs=7 cs=0 l=1 rev1=1 crypto rx=0 tx=0 comp rx=0 tx=0).stop
2024-05-08T04:52:35.605 INFO:teuthology.orchestra.run.smithi012.stdout:/usr/bin/ceph: stderr
2024-05-08T04:52:35.059+0000 7ffa1f982700 1 --2- 172.21.15.12:0/3154584750 >> [v2:172.21.15.12:3300/0,v1:172.21.15.12:6789/0] conn(0x7ffa1807f780 0x7ffa1819efc0 unknown :-1 s=CLOSED pgs=21 cs=0 l=1 rev1=1 crypto rx=0 tx=0 comp rx=0 tx=0).stop
2024-05-08T04:52:35.605 INFO:teuthology.orchestra.run.smithi012.stdout:/usr/bin/ceph: stderr
2024-05-08T04:52:35.059+0000 7ffa1f982700 1 -- 172.21.15.12:0/3154584750 >> 172.21.15.12:0/3154584750 conn(0x7ffa181043d0 msgr2=0x7ffa18104f80 unknown :-1 s=STATE_NONE l=0).mark_down
2024-05-08T04:52:35.605 INFO:teuthology.orchestra.run.smithi012.stdout:/usr/bin/ceph: stderr
2024-05-08T04:52:35.059+0000 7ffa1f982700 1 -- 172.21.15.12:0/3154584750 shutdown_connections
2024-05-08T04:52:35.605 INFO:teuthology.orchestra.run.smithi012.stdout:/usr/bin/ceph: stderr
2024-05-08T04:52:35.060+0000 7ffa1f982700 1 -- 172.21.15.12:0/3154584750 wait complete.
2024-05-08T04:52:35.606 INFO:teuthology.orchestra.run.smithi012.stdout:Enabling cephadm module...
2024-05-08T04:52:36.680 INFO:journalctl@ceph.mon.a.smithi012.stdout:May 08 04:52:36 smithi012 ceph-mon[30153]: from='client.? 172.21.15.12:0/1325251287' entity='client.admin' cmd=[{"prefix": "mgr module enable", "module": "cephadm"}]: dispatch
2024-05-08T04:52:36.681 INFO:journalctl@ceph.mgr.x.smithi012.stdout:May 08 04:52:36 smithi012 ceph-858a6ad2-0cf6-11ef-bc97-c7b262605968-mgr-x[30389]: ignoring --setuser ceph since I am not root
2024-05-08T04:52:36.681 INFO:journalctl@ceph.mgr.x.smithi012.stdout:May 08 04:52:36 smithi012 ceph-858a6ad2-0cf6-11ef-bc97-c7b262605968-mgr-x[30389]: ignoring --setgroup ceph since I am not root
2024-05-08T04:52:36.681 INFO:journalctl@ceph.mgr.x.smithi012.stdout:May 08 04:52:36 smithi012 ceph-858a6ad2-0cf6-11ef-bc97-c7b262605968-mgr-x[30389]:
2024-05-08T04:52:36.527+0000 7f49da528200 -1 mgr[py] Module balancer has missing NOTIFY_TYPES member
2024-05-08T04:52:36.945 INFO:journalctl@ceph.mgr.x.smithi012.stdout:May 08 04:52:36 smithi012 ceph-858a6ad2-0cf6-11ef-bc97-c7b262605968-mgr-x[30389]:
2024-05-08T04:52:36.722+0000 7f49da528200 -1 mgr[py] Module orchestrator has missing NOTIFY_TYPES member
2024-05-08T04:52:36.946 INFO:journalctl@ceph.mgr.x.smithi012.stdout:May 08 04:52:36 smithi012 ceph-858a6ad2-0cf6-11ef-bc97-c7b262605968-mgr-x[30389]:
2024-05-08T04:52:36.828+0000 7f49da528200 -1 mgr[py] Module snap_schedule has missing NOTIFY_TYPES member
2024-05-08T04:52:36.954 INFO:teuthology.orchestra.run.smithi012.stdout:/usr/bin/ceph: stderr
2024-05-08T04:52:36.017+0000 7f7afa8d4700 1 Processor -- start
2024-05-08T04:52:36.954 INFO:teuthology.orchestra.run.smithi012.stdout:/usr/bin/ceph: stderr
2024-05-08T04:52:36.017+0000 7f7afa8d4700 1 -- start start
2024-05-08T04:52:36.954 INFO:teuthology.orchestra.run.smithi012.stdout:/usr/bin/ceph: stderr
2024-05-08T04:52:36.017+0000 7f7afa8d4700 1 --2- >> [v2:172.21.15.12:3300/0,v1:172.21.15.12:6789/0] conn(0x7f7af407f760 0x7f7af407dbc0 unknown :-1 s=NONE pgs=0 cs=0 l=0 rev1=0 crypto rx=0 tx=0 comp rx=0 tx=0).connect
2024-05-08T04:52:36.954 INFO:teuthology.orchestra.run.smithi012.stdout:/usr/bin/ceph: stderr
2024-05-08T04:52:36.017+0000 7f7afa8d4700 1 -- --> [v2:172.21.15.12:3300/0,v1:172.21.15.12:6789/0] -- mon_getmap magic: 0 -- 0x7f7af407e190 con 0x7f7af407f760
2024-05-08T04:52:36.954 INFO:teuthology.orchestra.run.smithi012.stdout:/usr/bin/ceph: stderr
2024-05-08T04:52:36.018+0000 7f7af3fff700 1 --2- >> [v2:172.21.15.12:3300/0,v1:172.21.15.12:6789/0] conn(0x7f7af407f760 0x7f7af407dbc0 unknown :-1 s=BANNER_CONNECTING pgs=0 cs=0 l=0 rev1=0 crypto rx=0 tx=0 comp rx=0 tx=0)._handle_peer_banner_payload supported=3 required=0
2024-05-08T04:52:36.954 INFO:teuthology.orchestra.run.smithi012.stdout:/usr/bin/ceph: stderr
2024-05-08T04:52:36.018+0000 7f7af3fff700 1 --2- >> [v2:172.21.15.12:3300/0,v1:172.21.15.12:6789/0] conn(0x7f7af407f760 0x7f7af407dbc0 unknown :-1 s=HELLO_CONNECTING pgs=0 cs=0 l=0 rev1=1 crypto rx=0 tx=0 comp rx=0 tx=0).handle_hello peer v2:172.21.15.12:3300/0 says I am v2:172.21.15.12:47196/0 (socket says 172.21.15.12:47196)
2024-05-08T04:52:36.954 INFO:teuthology.orchestra.run.smithi012.stdout:/usr/bin/ceph: stderr
2024-05-08T04:52:36.018+0000 7f7af3fff700 1 -- 172.21.15.12:0/3947291196 learned_addr learned my addr 172.21.15.12:0/3947291196 (peer_addr_for_me v2:172.21.15.12:0/0)
2024-05-08T04:52:36.954 INFO:teuthology.orchestra.run.smithi012.stdout:/usr/bin/ceph: stderr
2024-05-08T04:52:36.018+0000 7f7af3fff700 1 -- 172.21.15.12:0/3947291196 --> [v2:172.21.15.12:3300/0,v1:172.21.15.12:6789/0] -- mon_subscribe({config=0+,monmap=0+}) -- 0x7f7af407e310 con 0x7f7af407f760
2024-05-08T04:52:36.955 INFO:teuthology.orchestra.run.smithi012.stdout:/usr/bin/ceph: stderr
2024-05-08T04:52:36.018+0000 7f7af3fff700 1 --2- 172.21.15.12:0/3947291196 >> [v2:172.21.15.12:3300/0,v1:172.21.15.12:6789/0] conn(0x7f7af407f760 0x7f7af407dbc0 secure :-1 s=READY pgs=22 cs=0 l=1 rev1=1 crypto rx=0x7f7ae40098a0 tx=0x7f7ae4009bb0 comp rx=0 tx=0).ready entity=mon.0 client_cookie=cf4991cc10e2ee15 server_cookie=0 in_seq=0 out_seq=0
2024-05-08T04:52:36.955 INFO:teuthology.orchestra.run.smithi012.stdout:/usr/bin/ceph: stderr
2024-05-08T04:52:36.018+0000 7f7af37fe700 1 -- 172.21.15.12:0/3947291196 <== mon.0 v2:172.21.15.12:3300/0 1 ==== mon_map magic: 0 ==== 205+0+0 (secure 0 0 0) 0x7f7ae4004160 con 0x7f7af407f760
2024-05-08T04:52:36.955 INFO:teuthology.orchestra.run.smithi012.stdout:/usr/bin/ceph: stderr
2024-05-08T04:52:36.018+0000 7f7af37fe700 1 -- 172.21.15.12:0/3947291196 <== mon.0 v2:172.21.15.12:3300/0 2 ==== config(26 keys) ==== 1070+0+0 (secure 0 0 0) 0x7f7ae4004300 con 0x7f7af407f760
2024-05-08T04:52:36.955 INFO:teuthology.orchestra.run.smithi012.stdout:/usr/bin/ceph: stderr
2024-05-08T04:52:36.018+0000 7f7af37fe700 1 -- 172.21.15.12:0/3947291196 <== mon.0 v2:172.21.15.12:3300/0 3 ==== mon_map magic: 0 ==== 205+0+0 (secure 0 0 0) 0x7f7ae4011af0 con 0x7f7af407f760
2024-05-08T04:52:36.955 INFO:teuthology.orchestra.run.smithi012.stdout:/usr/bin/ceph: stderr
2024-05-08T04:52:36.019+0000 7f7afa8d4700 1 -- 172.21.15.12:0/3947291196 >> [v2:172.21.15.12:3300/0,v1:172.21.15.12:6789/0] conn(0x7f7af407f760 msgr2=0x7f7af407dbc0 secure :-1 s=STATE_CONNECTION_ESTABLISHED l=1).mark_down
2024-05-08T04:52:36.955 INFO:teuthology.orchestra.run.smithi012.stdout:/usr/bin/ceph: stderr
2024-05-08T04:52:36.019+0000 7f7afa8d4700 1 --2- 172.21.15.12:0/3947291196 >> [v2:172.21.15.12:3300/0,v1:172.21.15.12:6789/0] conn(0x7f7af407f760 0x7f7af407dbc0 secure :-1 s=READY pgs=22 cs=0 l=1 rev1=1 crypto rx=0x7f7ae40098a0 tx=0x7f7ae4009bb0 comp rx=0 tx=0).stop
2024-05-08T04:52:36.955 INFO:teuthology.orchestra.run.smithi012.stdout:/usr/bin/ceph: stderr
2024-05-08T04:52:36.019+0000 7f7afa8d4700 1 -- 172.21.15.12:0/3947291196 shutdown_connections
2024-05-08T04:52:36.955 INFO:teuthology.orchestra.run.smithi012.stdout:/usr/bin/ceph: stderr
2024-05-08T04:52:36.019+0000 7f7afa8d4700 1 --2- 172.21.15.12:0/3947291196 >> [v2:172.21.15.12:3300/0,v1:172.21.15.12:6789/0] conn(0x7f7af407f760 0x7f7af407dbc0 unknown :-1 s=CLOSED pgs=22 cs=0 l=1 rev1=1 crypto rx=0 tx=0 comp rx=0 tx=0).stop
2024-05-08T04:52:36.955 INFO:teuthology.orchestra.run.smithi012.stdout:/usr/bin/ceph: stderr
2024-05-08T04:52:36.019+0000 7f7afa8d4700 1 -- 172.21.15.12:0/3947291196 >> 172.21.15.12:0/3947291196 conn(0x7f7af41043d0 msgr2=0x7f7af41067f0 unknown :-1 s=STATE_NONE l=0).mark_down
2024-05-08T04:52:36.955 INFO:teuthology.orchestra.run.smithi012.stdout:/usr/bin/ceph: stderr
2024-05-08T04:52:36.019+0000 7f7afa8d4700 1 -- 172.21.15.12:0/3947291196 shutdown_connections
2024-05-08T04:52:36.955 INFO:teuthology.orchestra.run.smithi012.stdout:/usr/bin/ceph: stderr
2024-05-08T04:52:36.019+0000 7f7afa8d4700 1 -- 172.21.15.12:0/3947291196 wait complete.
2024-05-08T04:52:36.955 INFO:teuthology.orchestra.run.smithi012.stdout:/usr/bin/ceph: stderr
2024-05-08T04:52:36.020+0000 7f7afa8d4700 1 Processor -- start
2024-05-08T04:52:36.955 INFO:teuthology.orchestra.run.smithi012.stdout:/usr/bin/ceph: stderr
2024-05-08T04:52:36.020+0000 7f7afa8d4700 1 -- start start
2024-05-08T04:52:36.955 INFO:teuthology.orchestra.run.smithi012.stdout:/usr/bin/ceph: stderr
2024-05-08T04:52:36.020+0000 7f7afa8d4700 1 --2- >> [v2:172.21.15.12:3300/0,v1:172.21.15.12:6789/0] conn(0x7f7af407f760 0x7f7af419ef80 unknown :-1 s=NONE pgs=0 cs=0 l=1 rev1=0 crypto rx=0 tx=0 comp rx=0 tx=0).connect
2024-05-08T04:52:36.956 INFO:teuthology.orchestra.run.smithi012.stdout:/usr/bin/ceph: stderr
2024-05-08T04:52:36.020+0000 7f7afa8d4700 1 -- --> [v2:172.21.15.12:3300/0,v1:172.21.15.12:6789/0] -- mon_getmap magic: 0 -- 0x7f7af410f3a0 con 0x7f7af407f760
2024-05-08T04:52:36.956 INFO:teuthology.orchestra.run.smithi012.stdout:/usr/bin/ceph: stderr
2024-05-08T04:52:36.020+0000 7f7af3fff700 1 --2- >> [v2:172.21.15.12:3300/0,v1:172.21.15.12:6789/0] conn(0x7f7af407f760 0x7f7af419ef80 unknown :-1 s=BANNER_CONNECTING pgs=0 cs=0 l=1 rev1=0 crypto rx=0 tx=0 comp rx=0 tx=0)._handle_peer_banner_payload supported=3 required=0
2024-05-08T04:52:36.956 INFO:teuthology.orchestra.run.smithi012.stdout:/usr/bin/ceph: stderr
2024-05-08T04:52:36.020+0000 7f7af3fff700 1 --2- >> [v2:172.21.15.12:3300/0,v1:172.21.15.12:6789/0] conn(0x7f7af407f760 0x7f7af419ef80 unknown :-1 s=HELLO_CONNECTING pgs=0 cs=0 l=1 rev1=1 crypto rx=0 tx=0 comp rx=0 tx=0).handle_hello peer v2:172.21.15.12:3300/0 says I am v2:172.21.15.12:47198/0 (socket says 172.21.15.12:47198)
2024-05-08T04:52:36.956 INFO:teuthology.orchestra.run.smithi012.stdout:/usr/bin/ceph: stderr
2024-05-08T04:52:36.020+0000 7f7af3fff700 1 -- 172.21.15.12:0/1325251287 learned_addr learned my addr 172.21.15.12:0/1325251287 (peer_addr_for_me v2:172.21.15.12:0/0)
2024-05-08T04:52:36.956 INFO:teuthology.orchestra.run.smithi012.stdout:/usr/bin/ceph: stderr
2024-05-08T04:52:36.020+0000 7f7af3fff700 1 -- 172.21.15.12:0/1325251287 --> [v2:172.21.15.12:3300/0,v1:172.21.15.12:6789/0] -- mon_subscribe({config=0+,monmap=0+}) -- 0x7f7af419f4c0 con 0x7f7af407f760
2024-05-08T04:52:36.956 INFO:teuthology.orchestra.run.smithi012.stdout:/usr/bin/ceph: stderr
2024-05-08T04:52:36.020+0000 7f7af3fff700 1 --2- 172.21.15.12:0/1325251287 >> [v2:172.21.15.12:3300/0,v1:172.21.15.12:6789/0] conn(0x7f7af407f760 0x7f7af419ef80 secure :-1 s=READY pgs=23 cs=0 l=1 rev1=1 crypto rx=0x7f7ae40117b0 tx=0x7f7ae4011b70 comp rx=0 tx=0).ready entity=mon.0 client_cookie=0 server_cookie=0 in_seq=0 out_seq=0
2024-05-08T04:52:36.956 INFO:teuthology.orchestra.run.smithi012.stdout:/usr/bin/ceph: stderr
2024-05-08T04:52:36.021+0000 7f7af1ffb700 1 -- 172.21.15.12:0/1325251287 <== mon.0 v2:172.21.15.12:3300/0 1 ==== mon_map magic: 0 ==== 205+0+0 (secure 0 0 0) 0x7f7ae4003af0 con 0x7f7af407f760
2024-05-08T04:52:36.956 INFO:teuthology.orchestra.run.smithi012.stdout:/usr/bin/ceph: stderr
2024-05-08T04:52:36.021+0000 7f7af1ffb700 1 -- 172.21.15.12:0/1325251287 <== mon.0 v2:172.21.15.12:3300/0 2 ==== config(26 keys) ==== 1070+0+0 (secure 0 0 0) 0x7f7ae4020070 con 0x7f7af407f760
2024-05-08T04:52:36.956 INFO:teuthology.orchestra.run.smithi012.stdout:/usr/bin/ceph: stderr
2024-05-08T04:52:36.021+0000 7f7afa8d4700 1 -- 172.21.15.12:0/1325251287 --> [v2:172.21.15.12:3300/0,v1:172.21.15.12:6789/0] -- mon_subscribe({mgrmap=0+}) -- 0x7f7af419f750 con 0x7f7af407f760
2024-05-08T04:52:36.956 INFO:teuthology.orchestra.run.smithi012.stdout:/usr/bin/ceph: stderr
2024-05-08T04:52:36.021+0000 7f7af1ffb700 1 -- 172.21.15.12:0/1325251287 <== mon.0 v2:172.21.15.12:3300/0 3 ==== mon_map magic: 0 ==== 205+0+0 (secure 0 0 0) 0x7f7ae4019630 con 0x7f7af407f760
2024-05-08T04:52:36.956 INFO:teuthology.orchestra.run.smithi012.stdout:/usr/bin/ceph: stderr
2024-05-08T04:52:36.021+0000 7f7afa8d4700 1 -- 172.21.15.12:0/1325251287 --> [v2:172.21.15.12:3300/0,v1:172.21.15.12:6789/0] -- mon_subscribe({osdmap=0}) -- 0x7f7af41a2440 con 0x7f7af407f760
2024-05-08T04:52:36.956 INFO:teuthology.orchestra.run.smithi012.stdout:/usr/bin/ceph: stderr
2024-05-08T04:52:36.021+0000 7f7af1ffb700 1 -- 172.21.15.12:0/1325251287 <== mon.0 v2:172.21.15.12:3300/0 4 ==== mgrmap(e 4) ==== 50211+0+0 (secure 0 0 0) 0x7f7ae40198a0 con 0x7f7af407f760
2024-05-08T04:52:36.956 INFO:teuthology.orchestra.run.smithi012.stdout:/usr/bin/ceph: stderr
2024-05-08T04:52:36.022+0000 7f7afa8d4700 1 -- 172.21.15.12:0/1325251287 --> [v2:172.21.15.12:3300/0,v1:172.21.15.12:6789/0] -- mon_command({"prefix": "get_command_descriptions"} v 0) -- 0x7f7af406a5c0 con 0x7f7af407f760
2024-05-08T04:52:36.956 INFO:teuthology.orchestra.run.smithi012.stdout:/usr/bin/ceph: stderr
2024-05-08T04:52:36.022+0000 7f7af1ffb700 1 --2- 172.21.15.12:0/1325251287 >> [v2:172.21.15.12:6800/1790243556,v1:172.21.15.12:6801/1790243556] conn(0x7f7ae003e470 0x7f7ae0040930 unknown :-1 s=NONE pgs=0 cs=0 l=1 rev1=0 crypto rx=0 tx=0 comp rx=0 tx=0).connect
2024-05-08T04:52:36.957 INFO:teuthology.orchestra.run.smithi012.stdout:/usr/bin/ceph: stderr
2024-05-08T04:52:36.022+0000 7f7af1ffb700 1 -- 172.21.15.12:0/1325251287 <== mon.0 v2:172.21.15.12:3300/0 5 ==== osd_map(1..1 src has 1..1) ==== 725+0+0 (secure 0 0 0) 0x7f7ae4053a10 con 0x7f7af407f760
2024-05-08T04:52:36.957 INFO:teuthology.orchestra.run.smithi012.stdout:/usr/bin/ceph: stderr
2024-05-08T04:52:36.022+0000 7f7aebfff700 1 --2- 172.21.15.12:0/1325251287 >> [v2:172.21.15.12:6800/1790243556,v1:172.21.15.12:6801/1790243556] conn(0x7f7ae003e470 0x7f7ae0040930 unknown :-1 s=BANNER_CONNECTING pgs=0 cs=0 l=1 rev1=0 crypto rx=0 tx=0 comp rx=0 tx=0)._handle_peer_banner_payload supported=3 required=0
2024-05-08T04:52:36.957 INFO:teuthology.orchestra.run.smithi012.stdout:/usr/bin/ceph: stderr
2024-05-08T04:52:36.022+0000 7f7aebfff700 1 --2- 172.21.15.12:0/1325251287 >> [v2:172.21.15.12:6800/1790243556,v1:172.21.15.12:6801/1790243556] conn(0x7f7ae003e470 0x7f7ae0040930 secure :-1 s=READY pgs=8 cs=0 l=1 rev1=1 crypto rx=0x7f7adc006fd0 tx=0x7f7adc006e40 comp rx=0 tx=0).ready entity=mgr.14100 client_cookie=0 server_cookie=0 in_seq=0 out_seq=0
2024-05-08T04:52:36.957 INFO:teuthology.orchestra.run.smithi012.stdout:/usr/bin/ceph: stderr
2024-05-08T04:52:36.027+0000 7f7af1ffb700 1 -- 172.21.15.12:0/1325251287 <== mon.0 v2:172.21.15.12:3300/0 6 ==== mon_command_ack([{"prefix": "get_command_descriptions"}]=0 v0) ==== 72+0+191963 (secure 0 0 0) 0x7f7ae402ade0 con 0x7f7af407f760
2024-05-08T04:52:36.957 INFO:teuthology.orchestra.run.smithi012.stdout:/usr/bin/ceph: stderr
2024-05-08T04:52:36.301+0000 7f7afa8d4700 1 -- 172.21.15.12:0/1325251287 --> [v2:172.21.15.12:3300/0,v1:172.21.15.12:6789/0] -- mon_command({"prefix": "mgr module enable", "module": "cephadm"} v 0) -- 0x7f7af41a2610 con 0x7f7af407f760
2024-05-08T04:52:36.957 INFO:teuthology.orchestra.run.smithi012.stdout:/usr/bin/ceph: stderr
2024-05-08T04:52:36.353+0000 7f7af1ffb700 1 -- 172.21.15.12:0/1325251287 <== mon.0 v2:172.21.15.12:3300/0 7 ==== mon_command_ack([{"prefix": "mgr module enable", "module": "cephadm"}]=0 v5) ==== 86+0+0 (secure 0 0 0) 0x7f7af41a2610 con 0x7f7af407f760
2024-05-08T04:52:36.957 INFO:teuthology.orchestra.run.smithi012.stdout:/usr/bin/ceph: stderr
2024-05-08T04:52:36.355+0000 7f7af1ffb700 1 -- 172.21.15.12:0/1325251287 <== mon.0 v2:172.21.15.12:3300/0 8 ==== mgrmap(e 5) ==== 50222+0+0 (secure 0 0 0) 0x7f7ae4019b90 con 0x7f7af407f760
2024-05-08T04:52:36.957 INFO:teuthology.orchestra.run.smithi012.stdout:/usr/bin/ceph: stderr
2024-05-08T04:52:36.356+0000 7f7afa8d4700 1 -- 172.21.15.12:0/1325251287 >> [v2:172.21.15.12:6800/1790243556,v1:172.21.15.12:6801/1790243556] conn(0x7f7ae003e470 msgr2=0x7f7ae0040930 secure :-1 s=STATE_CONNECTION_ESTABLISHED l=1).mark_down
2024-05-08T04:52:36.957 INFO:teuthology.orchestra.run.smithi012.stdout:/usr/bin/ceph: stderr
2024-05-08T04:52:36.356+0000 7f7afa8d4700 1 --2- 172.21.15.12:0/1325251287 >> [v2:172.21.15.12:6800/1790243556,v1:172.21.15.12:6801/1790243556] conn(0x7f7ae003e470 0x7f7ae0040930 secure :-1 s=READY pgs=8 cs=0 l=1 rev1=1 crypto rx=0x7f7adc006fd0 tx=0x7f7adc006e40 comp rx=0 tx=0).stop
2024-05-08T04:52:36.957 INFO:teuthology.orchestra.run.smithi012.stdout:/usr/bin/ceph: stderr
2024-05-08T04:52:36.356+0000 7f7afa8d4700 1 -- 172.21.15.12:0/1325251287 >> [v2:172.21.15.12:3300/0,v1:172.21.15.12:6789/0] conn(0x7f7af407f760 msgr2=0x7f7af419ef80 secure :-1 s=STATE_CONNECTION_ESTABLISHED l=1).mark_down
2024-05-08T04:52:36.957 INFO:teuthology.orchestra.run.smithi012.stdout:/usr/bin/ceph: stderr
2024-05-08T04:52:36.356+0000 7f7afa8d4700 1 --2- 172.21.15.12:0/1325251287 >> [v2:172.21.15.12:3300/0,v1:172.21.15.12:6789/0] conn(0x7f7af407f760 0x7f7af419ef80 secure :-1 s=READY pgs=23 cs=0 l=1 rev1=1 crypto rx=0x7f7ae40117b0 tx=0x7f7ae4011b70 comp rx=0 tx=0).stop
2024-05-08T04:52:36.957 INFO:teuthology.orchestra.run.smithi012.stdout:/usr/bin/ceph: stderr
2024-05-08T04:52:36.356+0000 7f7afa8d4700 1 -- 172.21.15.12:0/1325251287 shutdown_connections
2024-05-08T04:52:36.957 INFO:teuthology.orchestra.run.smithi012.stdout:/usr/bin/ceph: stderr
2024-05-08T04:52:36.356+0000 7f7afa8d4700 1 --2- 172.21.15.12:0/1325251287 >> [v2:172.21.15.12:6800/1790243556,v1:172.21.15.12:6801/1790243556] conn(0x7f7ae003e470 0x7f7ae0040930 unknown :-1 s=CLOSED pgs=8 cs=0 l=1 rev1=1 crypto rx=0 tx=0 comp rx=0 tx=0).stop
2024-05-08T04:52:36.957 INFO:teuthology.orchestra.run.smithi012.stdout:/usr/bin/ceph: stderr
2024-05-08T04:52:36.356+0000 7f7afa8d4700 1 --2- 172.21.15.12:0/1325251287 >> [v2:172.21.15.12:3300/0,v1:172.21.15.12:6789/0] conn(0x7f7af407f760 0x7f7af419ef80 unknown :-1 s=CLOSED pgs=23 cs=0 l=1 rev1=1 crypto rx=0 tx=0 comp rx=0 tx=0).stop
2024-05-08T04:52:36.958 INFO:teuthology.orchestra.run.smithi012.stdout:/usr/bin/ceph: stderr
2024-05-08T04:52:36.356+0000 7f7afa8d4700 1 -- 172.21.15.12:0/1325251287 >> 172.21.15.12:0/1325251287 conn(0x7f7af41043d0 msgr2=0x7f7af4104f10 unknown :-1 s=STATE_NONE l=0).mark_down
2024-05-08T04:52:36.958 INFO:teuthology.orchestra.run.smithi012.stdout:/usr/bin/ceph: stderr
2024-05-08T04:52:36.356+0000 7f7afa8d4700 1 -- 172.21.15.12:0/1325251287 shutdown_connections
2024-05-08T04:52:36.958 INFO:teuthology.orchestra.run.smithi012.stdout:/usr/bin/ceph: stderr
2024-05-08T04:52:36.356+0000 7f7afa8d4700 1 -- 172.21.15.12:0/1325251287 wait complete.
2024-05-08T04:52:37.252 INFO:journalctl@ceph.mgr.x.smithi012.stdout:May 08 04:52:37 smithi012 ceph-858a6ad2-0cf6-11ef-bc97-c7b262605968-mgr-x[30389]:
2024-05-08T04:52:37.159+0000 7f49da528200 -1 mgr[py] Module progress has missing NOTIFY_TYPES member
2024-05-08T04:52:37.252 INFO:journalctl@ceph.mgr.x.smithi012.stdout:May 08 04:52:37 smithi012 ceph-858a6ad2-0cf6-11ef-bc97-c7b262605968-mgr-x[30389]:
2024-05-08T04:52:37.250+0000 7f49da528200 -1 mgr[py] Module influx has missing NOTIFY_TYPES member
2024-05-08T04:52:37.583 INFO:journalctl@ceph.mon.a.smithi012.stdout:May 08 04:52:37 smithi012 ceph-mon[30153]: from='client.? 172.21.15.12:0/1325251287' entity='client.admin' cmd='[{"prefix": "mgr module enable", "module": "cephadm"}]': finished
2024-05-08T04:52:37.583 INFO:journalctl@ceph.mon.a.smithi012.stdout:May 08 04:52:37 smithi012 ceph-mon[30153]: mgrmap e5: x(active, since 5s)
2024-05-08T04:52:38.311 INFO:teuthology.orchestra.run.smithi012.stdout:/usr/bin/ceph: stdout {
2024-05-08T04:52:38.311 INFO:teuthology.orchestra.run.smithi012.stdout:/usr/bin/ceph: stdout "epoch": 5,
2024-05-08T04:52:38.311 INFO:teuthology.orchestra.run.smithi012.stdout:/usr/bin/ceph: stdout "available": true,
2024-05-08T04:52:38.311 INFO:teuthology.orchestra.run.smithi012.stdout:/usr/bin/ceph: stdout "active_name": "x",
2024-05-08T04:52:38.311 INFO:teuthology.orchestra.run.smithi012.stdout:/usr/bin/ceph: stdout "num_standby": 0
2024-05-08T04:52:38.311 INFO:teuthology.orchestra.run.smithi012.stdout:/usr/bin/ceph: stdout }
2024-05-08T04:52:38.312 INFO:teuthology.orchestra.run.smithi012.stdout:/usr/bin/ceph: stderr
2024-05-08T04:52:37.376+0000 7f5c69658700 1 Processor -- start
2024-05-08T04:52:38.312 INFO:teuthology.orchestra.run.smithi012.stdout:/usr/bin/ceph: stderr
2024-05-08T04:52:37.376+0000 7f5c69658700 1 -- start start
2024-05-08T04:52:38.312 INFO:teuthology.orchestra.run.smithi012.stdout:/usr/bin/ceph: stderr
2024-05-08T04:52:37.376+0000 7f5c69658700 1 --2- >> [v2:172.21.15.12:3300/0,v1:172.21.15.12:6789/0] conn(0x7f5c6410a450 0x7f5c6410a870 unknown :-1 s=NONE pgs=0 cs=0 l=0 rev1=0 crypto rx=0 tx=0 comp rx=0 tx=0).connect
2024-05-08T04:52:38.312 INFO:teuthology.orchestra.run.smithi012.stdout:/usr/bin/ceph: stderr
2024-05-08T04:52:37.376+0000 7f5c69658700 1 -- --> [v2:172.21.15.12:3300/0,v1:172.21.15.12:6789/0] -- mon_getmap magic: 0 -- 0x7f5c6410ae40 con 0x7f5c6410a450
2024-05-08T04:52:38.312 INFO:teuthology.orchestra.run.smithi012.stdout:/usr/bin/ceph: stderr
2024-05-08T04:52:37.376+0000 7f5c62ffd700 1 --2- >> [v2:172.21.15.12:3300/0,v1:172.21.15.12:6789/0] conn(0x7f5c6410a450 0x7f5c6410a870 unknown :-1 s=BANNER_CONNECTING pgs=0 cs=0 l=0 rev1=0 crypto rx=0 tx=0 comp rx=0 tx=0)._handle_peer_banner_payload supported=3 required=0
2024-05-08T04:52:38.312 INFO:teuthology.orchestra.run.smithi012.stdout:/usr/bin/ceph: stderr
2024-05-08T04:52:37.376+0000 7f5c62ffd700 1 --2- >> [v2:172.21.15.12:3300/0,v1:172.21.15.12:6789/0] conn(0x7f5c6410a450 0x7f5c6410a870 unknown :-1 s=HELLO_CONNECTING pgs=0 cs=0 l=0 rev1=1 crypto rx=0 tx=0 comp rx=0 tx=0).handle_hello peer v2:172.21.15.12:3300/0 says I am v2:172.21.15.12:47222/0 (socket says 172.21.15.12:47222)
2024-05-08T04:52:38.312 INFO:teuthology.orchestra.run.smithi012.stdout:/usr/bin/ceph: stderr
2024-05-08T04:52:37.376+0000 7f5c62ffd700 1 -- 172.21.15.12:0/1013431445 learned_addr learned my addr 172.21.15.12:0/1013431445 (peer_addr_for_me v2:172.21.15.12:0/0)
2024-05-08T04:52:38.312 INFO:teuthology.orchestra.run.smithi012.stdout:/usr/bin/ceph: stderr
2024-05-08T04:52:37.376+0000 7f5c62ffd700 1 -- 172.21.15.12:0/1013431445 --> [v2:172.21.15.12:3300/0,v1:172.21.15.12:6789/0] -- mon_subscribe({config=0+,monmap=0+}) -- 0x7f5c6410afc0 con 0x7f5c6410a450
2024-05-08T04:52:38.312 INFO:teuthology.orchestra.run.smithi012.stdout:/usr/bin/ceph: stderr
2024-05-08T04:52:37.376+0000 7f5c62ffd700 1 --2- 172.21.15.12:0/1013431445 >> [v2:172.21.15.12:3300/0,v1:172.21.15.12:6789/0] conn(0x7f5c6410a450 0x7f5c6410a870 secure :-1 s=READY pgs=26 cs=0 l=1 rev1=1 crypto rx=0x7f5c54009e80 tx=0x7f5c5400b330 comp rx=0 tx=0).ready entity=mon.0 client_cookie=5176725628c06904 server_cookie=0 in_seq=0 out_seq=0
2024-05-08T04:52:38.312 INFO:teuthology.orchestra.run.smithi012.stdout:/usr/bin/ceph: stderr
2024-05-08T04:52:37.377+0000 7f5c61ffb700 1 -- 172.21.15.12:0/1013431445 <== mon.0 v2:172.21.15.12:3300/0 1 ==== mon_map magic: 0 ==== 205+0+0 (secure 0 0 0) 0x7f5c54017070 con 0x7f5c6410a450
2024-05-08T04:52:38.312 INFO:teuthology.orchestra.run.smithi012.stdout:/usr/bin/ceph: stderr
2024-05-08T04:52:37.377+0000 7f5c61ffb700 1 -- 172.21.15.12:0/1013431445 <== mon.0 v2:172.21.15.12:3300/0 2 ==== config(26 keys) ==== 1070+0+0 (secure 0 0 0) 0x7f5c5400b8c0 con 0x7f5c6410a450
2024-05-08T04:52:38.312 INFO:teuthology.orchestra.run.smithi012.stdout:/usr/bin/ceph: stderr
2024-05-08T04:52:37.377+0000 7f5c61ffb700 1 -- 172.21.15.12:0/1013431445 <== mon.0 v2:172.21.15.12:3300/0 3 ==== mon_map magic: 0 ==== 205+0+0 (secure 0 0 0) 0x7f5c54004490 con 0x7f5c6410a450
2024-05-08T04:52:38.312 INFO:teuthology.orchestra.run.smithi012.stdout:/usr/bin/ceph: stderr
2024-05-08T04:52:37.377+0000 7f5c69658700 1 -- 172.21.15.12:0/1013431445 >> [v2:172.21.15.12:3300/0,v1:172.21.15.12:6789/0] conn(0x7f5c6410a450 msgr2=0x7f5c6410a870 secure :-1 s=STATE_CONNECTION_ESTABLISHED l=1).mark_down
2024-05-08T04:52:38.312 INFO:teuthology.orchestra.run.smithi012.stdout:/usr/bin/ceph: stderr
2024-05-08T04:52:37.377+0000 7f5c69658700 1 --2- 172.21.15.12:0/1013431445 >> [v2:172.21.15.12:3300/0,v1:172.21.15.12:6789/0] conn(0x7f5c6410a450 0x7f5c6410a870 secure :-1 s=READY pgs=26 cs=0 l=1 rev1=1 crypto rx=0x7f5c54009e80 tx=0x7f5c5400b330 comp rx=0 tx=0).stop
2024-05-08T04:52:38.313 INFO:teuthology.orchestra.run.smithi012.stdout:/usr/bin/ceph: stderr
2024-05-08T04:52:37.377+0000 7f5c69658700 1 -- 172.21.15.12:0/1013431445 shutdown_connections
2024-05-08T04:52:38.313 INFO:teuthology.orchestra.run.smithi012.stdout:/usr/bin/ceph: stderr
2024-05-08T04:52:37.377+0000 7f5c69658700 1 --2- 172.21.15.12:0/1013431445 >> [v2:172.21.15.12:3300/0,v1:172.21.15.12:6789/0] conn(0x7f5c6410a450 0x7f5c6410a870 unknown :-1 s=CLOSED pgs=26 cs=0 l=1 rev1=1 crypto rx=0 tx=0 comp rx=0 tx=0).stop
2024-05-08T04:52:38.313 INFO:teuthology.orchestra.run.smithi012.stdout:/usr/bin/ceph: stderr
2024-05-08T04:52:37.377+0000 7f5c69658700 1 -- 172.21.15.12:0/1013431445 >> 172.21.15.12:0/1013431445 conn(0x7f5c64102a70 msgr2=0x7f5c64104eb0 unknown :-1 s=STATE_NONE l=0).mark_down
2024-05-08T04:52:38.313 INFO:teuthology.orchestra.run.smithi012.stdout:/usr/bin/ceph: stderr
2024-05-08T04:52:37.378+0000 7f5c69658700 1 -- 172.21.15.12:0/1013431445 shutdown_connections
2024-05-08T04:52:38.313 INFO:teuthology.orchestra.run.smithi012.stdout:/usr/bin/ceph: stderr
2024-05-08T04:52:37.378+0000 7f5c69658700 1 -- 172.21.15.12:0/1013431445 wait complete.
2024-05-08T04:52:38.313 INFO:teuthology.orchestra.run.smithi012.stdout:/usr/bin/ceph: stderr
2024-05-08T04:52:37.378+0000 7f5c69658700 1 Processor -- start
2024-05-08T04:52:38.313 INFO:teuthology.orchestra.run.smithi012.stdout:/usr/bin/ceph: stderr
2024-05-08T04:52:37.378+0000 7f5c69658700 1 -- start start
2024-05-08T04:52:38.313 INFO:teuthology.orchestra.run.smithi012.stdout:/usr/bin/ceph: stderr
2024-05-08T04:52:37.378+0000 7f5c69658700 1 --2- >> [v2:172.21.15.12:3300/0,v1:172.21.15.12:6789/0] conn(0x7f5c6410a450 0x7f5c6419cd60 unknown :-1 s=NONE pgs=0 cs=0 l=1 rev1=0 crypto rx=0 tx=0 comp rx=0 tx=0).connect
2024-05-08T04:52:38.313 INFO:teuthology.orchestra.run.smithi012.stdout:/usr/bin/ceph: stderr
2024-05-08T04:52:37.379+0000 7f5c69658700 1 -- --> [v2:172.21.15.12:3300/0,v1:172.21.15.12:6789/0] -- mon_getmap magic: 0 -- 0x7f5c64107c50 con 0x7f5c6410a450
2024-05-08T04:52:38.313 INFO:teuthology.orchestra.run.smithi012.stdout:/usr/bin/ceph: stderr
2024-05-08T04:52:37.379+0000 7f5c62ffd700 1 --2- >> [v2:172.21.15.12:3300/0,v1:172.21.15.12:6789/0] conn(0x7f5c6410a450 0x7f5c6419cd60 unknown :-1 s=BANNER_CONNECTING pgs=0 cs=0 l=1 rev1=0 crypto rx=0 tx=0 comp rx=0 tx=0)._handle_peer_banner_payload supported=3 required=0
2024-05-08T04:52:38.313 INFO:teuthology.orchestra.run.smithi012.stdout:/usr/bin/ceph: stderr
2024-05-08T04:52:37.379+0000 7f5c62ffd700 1 --2- >> [v2:172.21.15.12:3300/0,v1:172.21.15.12:6789/0] conn(0x7f5c6410a450 0x7f5c6419cd60 unknown :-1 s=HELLO_CONNECTING pgs=0 cs=0 l=1 rev1=1 crypto rx=0 tx=0 comp rx=0 tx=0).handle_hello peer v2:172.21.15.12:3300/0 says I am v2:172.21.15.12:47224/0 (socket says 172.21.15.12:47224)
2024-05-08T04:52:38.313 INFO:teuthology.orchestra.run.smithi012.stdout:/usr/bin/ceph: stderr
2024-05-08T04:52:37.379+0000 7f5c62ffd700 1 -- 172.21.15.12:0/3426173857 learned_addr learned my addr 172.21.15.12:0/3426173857 (peer_addr_for_me v2:172.21.15.12:0/0)
2024-05-08T04:52:38.313 INFO:teuthology.orchestra.run.smithi012.stdout:/usr/bin/ceph: stderr
2024-05-08T04:52:37.379+0000 7f5c62ffd700 1 -- 172.21.15.12:0/3426173857 --> [v2:172.21.15.12:3300/0,v1:172.21.15.12:6789/0] -- mon_subscribe({config=0+,monmap=0+}) -- 0x7f5c6419d2a0 con 0x7f5c6410a450
2024-05-08T04:52:38.314 INFO:teuthology.orchestra.run.smithi012.stdout:/usr/bin/ceph: stderr
2024-05-08T04:52:37.379+0000 7f5c62ffd700 1 --2- 172.21.15.12:0/3426173857 >> [v2:172.21.15.12:3300/0,v1:172.21.15.12:6789/0] conn(0x7f5c6410a450 0x7f5c6419cd60 secure :-1 s=READY pgs=27 cs=0 l=1 rev1=1 crypto rx=0x7f5c54004220 tx=0x7f5c5400be90 comp rx=0 tx=0).ready entity=mon.0 client_cookie=0 server_cookie=0 in_seq=0 out_seq=0
2024-05-08T04:52:38.314 INFO:teuthology.orchestra.run.smithi012.stdout:/usr/bin/ceph: stderr
2024-05-08T04:52:37.379+0000 7f5c5bfff700 1 -- 172.21.15.12:0/3426173857 <== mon.0 v2:172.21.15.12:3300/0 1 ==== mon_map magic: 0 ==== 205+0+0 (secure 0 0 0) 0x7f5c54020020 con 0x7f5c6410a450
2024-05-08T04:52:38.315 INFO:teuthology.orchestra.run.smithi012.stdout:/usr/bin/ceph: stderr
2024-05-08T04:52:37.379+0000 7f5c5bfff700 1 -- 172.21.15.12:0/3426173857 <== mon.0 v2:172.21.15.12:3300/0 2 ==== config(26 keys) ==== 1070+0+0 (secure 0 0 0) 0x7f5c54012430 con 0x7f5c6410a450
2024-05-08T04:52:38.315 INFO:teuthology.orchestra.run.smithi012.stdout:/usr/bin/ceph: stderr
2024-05-08T04:52:37.379+0000 7f5c69658700 1 -- 172.21.15.12:0/3426173857 --> [v2:172.21.15.12:3300/0,v1:172.21.15.12:6789/0] -- mon_subscribe({mgrmap=0+}) -- 0x7f5c6419d530 con 0x7f5c6410a450
2024-05-08T04:52:38.315 INFO:teuthology.orchestra.run.smithi012.stdout:/usr/bin/ceph: stderr
2024-05-08T04:52:37.380+0000 7f5c5bfff700 1 -- 172.21.15.12:0/3426173857 <== mon.0 v2:172.21.15.12:3300/0 3 ==== mon_map magic: 0 ==== 205+0+0 (secure 0 0 0) 0x7f5c54017040 con 0x7f5c6410a450
2024-05-08T04:52:38.315 INFO:teuthology.orchestra.run.smithi012.stdout:/usr/bin/ceph: stderr
2024-05-08T04:52:37.380+0000 7f5c69658700 1 -- 172.21.15.12:0/3426173857 --> [v2:172.21.15.12:3300/0,v1:172.21.15.12:6789/0] -- mon_subscribe({osdmap=0}) -- 0x7f5c641a0220 con 0x7f5c6410a450
2024-05-08T04:52:38.315 INFO:teuthology.orchestra.run.smithi012.stdout:/usr/bin/ceph: stderr
2024-05-08T04:52:37.380+0000 7f5c5bfff700 1 -- 172.21.15.12:0/3426173857 <== mon.0 v2:172.21.15.12:3300/0 4 ==== mgrmap(e 5) ==== 50222+0+0 (secure 0 0 0) 0x7f5c54023020 con 0x7f5c6410a450
2024-05-08T04:52:38.315 INFO:teuthology.orchestra.run.smithi012.stdout:/usr/bin/ceph: stderr
2024-05-08T04:52:37.381+0000 7f5c69658700 1 -- 172.21.15.12:0/3426173857 --> [v2:172.21.15.12:3300/0,v1:172.21.15.12:6789/0] -- mon_command({"prefix": "get_command_descriptions"} v 0) -- 0x7f5c6410d420 con 0x7f5c6410a450
2024-05-08T04:52:38.315 INFO:teuthology.orchestra.run.smithi012.stdout:/usr/bin/ceph: stderr
2024-05-08T04:52:37.381+0000 7f5c5bfff700 1 --2- 172.21.15.12:0/3426173857 >> [v2:172.21.15.12:6800/1790243556,v1:172.21.15.12:6801/1790243556] conn(0x7f5c5003e420 0x7f5c500408e0 unknown :-1 s=NONE pgs=0 cs=0 l=1 rev1=0 crypto rx=0 tx=0 comp rx=0 tx=0).connect
2024-05-08T04:52:38.315 INFO:teuthology.orchestra.run.smithi012.stdout:/usr/bin/ceph: stderr
2024-05-08T04:52:37.381+0000 7f5c5bfff700 1 -- 172.21.15.12:0/3426173857 <== mon.0 v2:172.21.15.12:3300/0 5 ==== osd_map(1..1 src has 1..1) ==== 725+0+0 (secure 0 0 0) 0x7f5c5400f050 con 0x7f5c6410a450
2024-05-08T04:52:38.315 INFO:teuthology.orchestra.run.smithi012.stdout:/usr/bin/ceph: stderr
2024-05-08T04:52:37.381+0000 7f5c627fc700 1 -- 172.21.15.12:0/3426173857 >> [v2:172.21.15.12:6800/1790243556,v1:172.21.15.12:6801/1790243556] conn(0x7f5c5003e420 msgr2=0x7f5c500408e0 unknown :-1 s=STATE_CONNECTING_RE l=1).process reconnect failed to v2:172.21.15.12:6800/1790243556
2024-05-08T04:52:38.316 INFO:teuthology.orchestra.run.smithi012.stdout:/usr/bin/ceph: stderr
2024-05-08T04:52:37.381+0000 7f5c627fc700 1 --2- 172.21.15.12:0/3426173857 >> [v2:172.21.15.12:6800/1790243556,v1:172.21.15.12:6801/1790243556] conn(0x7f5c5003e420 0x7f5c500408e0 unknown :-1 s=START_CONNECT pgs=0 cs=0 l=1 rev1=0 crypto rx=0 tx=0 comp rx=0 tx=0)._fault waiting 0.200000
2024-05-08T04:52:38.316 INFO:teuthology.orchestra.run.smithi012.stdout:/usr/bin/ceph: stderr
2024-05-08T04:52:37.386+0000 7f5c5bfff700 1 -- 172.21.15.12:0/3426173857 <== mon.0 v2:172.21.15.12:3300/0 6 ==== mon_command_ack([{"prefix": "get_command_descriptions"}]=0 v0) ==== 72+0+191963 (secure 0 0 0) 0x7f5c5402a020 con 0x7f5c6410a450
2024-05-08T04:52:38.316 INFO:teuthology.orchestra.run.smithi012.stdout:/usr/bin/ceph: stderr
2024-05-08T04:52:37.582+0000 7f5c627fc700 1 -- 172.21.15.12:0/3426173857 >> [v2:172.21.15.12:6800/1790243556,v1:172.21.15.12:6801/1790243556] conn(0x7f5c5003e420 msgr2=0x7f5c500408e0 unknown :-1 s=STATE_CONNECTING_RE l=1).process reconnect failed to v2:172.21.15.12:6800/1790243556
2024-05-08T04:52:38.316 INFO:teuthology.orchestra.run.smithi012.stdout:/usr/bin/ceph: stderr
2024-05-08T04:52:37.582+0000 7f5c627fc700 1 --2- 172.21.15.12:0/3426173857 >> [v2:172.21.15.12:6800/1790243556,v1:172.21.15.12:6801/1790243556] conn(0x7f5c5003e420 0x7f5c500408e0 unknown :-1 s=START_CONNECT pgs=0 cs=0 l=1 rev1=0 crypto rx=0 tx=0 comp rx=0 tx=0)._fault waiting 0.400000
2024-05-08T04:52:38.316 INFO:teuthology.orchestra.run.smithi012.stdout:/usr/bin/ceph: stderr
2024-05-08T04:52:37.696+0000 7f5c69658700 1 -- 172.21.15.12:0/3426173857 --> [v2:172.21.15.12:3300/0,v1:172.21.15.12:6789/0] -- mon_command({"prefix": "mgr stat"} v 0) -- 0x7f5c641a03f0 con 0x7f5c6410a450
2024-05-08T04:52:38.316 INFO:teuthology.orchestra.run.smithi012.stdout:/usr/bin/ceph: stderr
2024-05-08T04:52:37.697+0000 7f5c5bfff700 1 -- 172.21.15.12:0/3426173857 <== mon.0 v2:172.21.15.12:3300/0 7 ==== mon_command_ack([{"prefix": "mgr stat"}]=0 v5) ==== 56+0+88 (secure 0 0 0) 0x7f5c5402b260 con 0x7f5c6410a450
2024-05-08T04:52:38.316 INFO:teuthology.orchestra.run.smithi012.stdout:/usr/bin/ceph: stderr
2024-05-08T04:52:37.702+0000 7f5c69658700 1 -- 172.21.15.12:0/3426173857 >> [v2:172.21.15.12:6800/1790243556,v1:172.21.15.12:6801/1790243556] conn(0x7f5c5003e420 msgr2=0x7f5c500408e0 unknown :-1 s=STATE_CONNECTING l=1).mark_down
2024-05-08T04:52:38.316 INFO:teuthology.orchestra.run.smithi012.stdout:/usr/bin/ceph: stderr
2024-05-08T04:52:37.702+0000 7f5c69658700 1 --2- 172.21.15.12:0/3426173857 >> [v2:172.21.15.12:6800/1790243556,v1:172.21.15.12:6801/1790243556] conn(0x7f5c5003e420 0x7f5c500408e0 unknown :-1 s=START_CONNECT pgs=0 cs=0 l=1 rev1=0 crypto rx=0 tx=0 comp rx=0 tx=0).stop
2024-05-08T04:52:38.316 INFO:teuthology.orchestra.run.smithi012.stdout:/usr/bin/ceph: stderr
2024-05-08T04:52:37.702+0000 7f5c69658700 1 -- 172.21.15.12:0/3426173857 >> [v2:172.21.15.12:3300/0,v1:172.21.15.12:6789/0] conn(0x7f5c6410a450 msgr2=0x7f5c6419cd60 secure :-1 s=STATE_CONNECTION_ESTABLISHED l=1).mark_down
2024-05-08T04:52:38.316 INFO:teuthology.orchestra.run.smithi012.stdout:/usr/bin/ceph: stderr
2024-05-08T04:52:37.702+0000 7f5c69658700 1 --2- 172.21.15.12:0/3426173857 >> [v2:172.21.15.12:3300/0,v1:172.21.15.12:6789/0] conn(0x7f5c6410a450 0x7f5c6419cd60 secure :-1 s=READY pgs=27 cs=0 l=1 rev1=1 crypto rx=0x7f5c54004220 tx=0x7f5c5400be90 comp rx=0 tx=0).stop
2024-05-08T04:52:38.316 INFO:teuthology.orchestra.run.smithi012.stdout:/usr/bin/ceph: stderr
2024-05-08T04:52:37.702+0000 7f5c69658700 1 -- 172.21.15.12:0/3426173857 shutdown_connections
2024-05-08T04:52:38.316 INFO:teuthology.orchestra.run.smithi012.stdout:/usr/bin/ceph: stderr
2024-05-08T04:52:37.702+0000 7f5c69658700 1 --2- 172.21.15.12:0/3426173857 >> [v2:172.21.15.12:6800/1790243556,v1:172.21.15.12:6801/1790243556] conn(0x7f5c5003e420 0x7f5c500408e0 unknown :-1 s=CLOSED pgs=0 cs=0 l=1 rev1=0 crypto rx=0 tx=0 comp rx=0 tx=0).stop
2024-05-08T04:52:38.316 INFO:teuthology.orchestra.run.smithi012.stdout:/usr/bin/ceph: stderr
2024-05-08T04:52:37.702+0000 7f5c69658700 1 --2- 172.21.15.12:0/3426173857 >> [v2:172.21.15.12:3300/0,v1:172.21.15.12:6789/0] conn(0x7f5c6410a450 0x7f5c6419cd60 secure :-1 s=CLOSED pgs=27 cs=0 l=1 rev1=1 crypto rx=0x7f5c54004220 tx=0x7f5c5400be90 comp rx=0 tx=0).stop
2024-05-08T04:52:38.316 INFO:teuthology.orchestra.run.smithi012.stdout:/usr/bin/ceph: stderr
2024-05-08T04:52:37.702+0000 7f5c69658700 1 -- 172.21.15.12:0/3426173857 >> 172.21.15.12:0/3426173857 conn(0x7f5c64102a70 msgr2=0x7f5c641035d0 unknown :-1 s=STATE_NONE l=0).mark_down
2024-05-08T04:52:38.316 INFO:teuthology.orchestra.run.smithi012.stdout:/usr/bin/ceph: stderr
2024-05-08T04:52:37.702+0000 7f5c69658700 1 -- 172.21.15.12:0/3426173857 shutdown_connections
2024-05-08T04:52:38.317 INFO:teuthology.orchestra.run.smithi012.stdout:/usr/bin/ceph: stderr
2024-05-08T04:52:37.702+0000 7f5c69658700 1 -- 172.21.15.12:0/3426173857 wait complete.
2024-05-08T04:52:38.317 INFO:teuthology.orchestra.run.smithi012.stdout:Waiting for the mgr to restart...
2024-05-08T04:52:38.317 INFO:teuthology.orchestra.run.smithi012.stdout:Waiting for mgr epoch 5...
2024-05-08T04:52:38.559 INFO:journalctl@ceph.mon.a.smithi012.stdout:May 08 04:52:38 smithi012 ceph-mon[30153]: from='client.? 172.21.15.12:0/3426173857' entity='client.admin' cmd=[{"prefix": "mgr stat"}]: dispatch
2024-05-08T04:52:38.559 INFO:journalctl@ceph.mgr.x.smithi012.stdout:May 08 04:52:38 smithi012 ceph-858a6ad2-0cf6-11ef-bc97-c7b262605968-mgr-x[30389]:
2024-05-08T04:52:38.533+0000 7f49da528200 -1 mgr[py] Module telegraf has missing NOTIFY_TYPES member
2024-05-08T04:52:38.898 INFO:journalctl@ceph.mgr.x.smithi012.stdout:May 08 04:52:38 smithi012 ceph-858a6ad2-0cf6-11ef-bc97-c7b262605968-mgr-x[30389]:
2024-05-08T04:52:38.718+0000 7f49da528200 -1 mgr[py] Module osd_support has missing NOTIFY_TYPES member
2024-05-08T04:52:38.899 INFO:journalctl@ceph.mgr.x.smithi012.stdout:May 08 04:52:38 smithi012 ceph-858a6ad2-0cf6-11ef-bc97-c7b262605968-mgr-x[30389]:
2024-05-08T04:52:38.897+0000 7f49da528200 -1 mgr[py] Module iostat has missing NOTIFY_TYPES member
2024-05-08T04:52:39.509 INFO:journalctl@ceph.mgr.x.smithi012.stdout:May 08 04:52:39 smithi012 ceph-858a6ad2-0cf6-11ef-bc97-c7b262605968-mgr-x[30389]:
2024-05-08T04:52:39.200+0000 7f49da528200 -1 mgr[py] Module alerts has missing NOTIFY_TYPES member
2024-05-08T04:52:39.509 INFO:journalctl@ceph.mgr.x.smithi012.stdout:May 08 04:52:39 smithi012 ceph-858a6ad2-0cf6-11ef-bc97-c7b262605968-mgr-x[30389]:
2024-05-08T04:52:39.297+0000 7f49da528200 -1 mgr[py] Module selftest has missing NOTIFY_TYPES member
2024-05-08T04:52:39.509 INFO:journalctl@ceph.mgr.x.smithi012.stdout:May 08 04:52:39 smithi012 ceph-858a6ad2-0cf6-11ef-bc97-c7b262605968-mgr-x[30389]:
2024-05-08T04:52:39.508+0000 7f49da528200 -1 mgr[py] Module pg_autoscaler has missing NOTIFY_TYPES member
2024-05-08T04:52:39.930 INFO:journalctl@ceph.mgr.x.smithi012.stdout:May 08 04:52:39 smithi012 ceph-858a6ad2-0cf6-11ef-bc97-c7b262605968-mgr-x[30389]:
2024-05-08T04:52:39.709+0000 7f49da528200 -1 mgr[py] Module test_orchestrator has missing NOTIFY_TYPES member
2024-05-08T04:52:40.430 INFO:journalctl@ceph.mgr.x.smithi012.stdout:May 08 04:52:40 smithi012 ceph-858a6ad2-0cf6-11ef-bc97-c7b262605968-mgr-x[30389]:
2024-05-08T04:52:40.343+0000 7f49da528200 -1 mgr[py] Module rook has missing NOTIFY_TYPES member
2024-05-08T04:52:40.930 INFO:journalctl@ceph.mgr.x.smithi012.stdout:May 08 04:52:40 smithi012 ceph-858a6ad2-0cf6-11ef-bc97-c7b262605968-mgr-x[30389]:
2024-05-08T04:52:40.575+0000 7f49da528200 -1 mgr[py] Module smb has missing NOTIFY_TYPES member
2024-05-08T04:52:41.431 INFO:journalctl@ceph.mgr.x.smithi012.stdout:May 08 04:52:41 smithi012 ceph-858a6ad2-0cf6-11ef-bc97-c7b262605968-mgr-x[30389]:
2024-05-08T04:52:41.016+0000 7f49da528200 -1 mgr[py] Module volumes has missing NOTIFY_TYPES member
2024-05-08T04:52:41.431 INFO:journalctl@ceph.mgr.x.smithi012.stdout:May 08 04:52:41 smithi012 ceph-858a6ad2-0cf6-11ef-bc97-c7b262605968-mgr-x[30389]:
2024-05-08T04:52:41.117+0000 7f49da528200 -1 mgr[py] Module crash has missing NOTIFY_TYPES member
2024-05-08T04:52:41.760 INFO:journalctl@ceph.mgr.x.smithi012.stdout:May 08 04:52:41 smithi012 ceph-858a6ad2-0cf6-11ef-bc97-c7b262605968-mgr-x[30389]:
2024-05-08T04:52:41.500+0000 7f49da528200 -1 mgr[py] Module rgw has missing NOTIFY_TYPES member
2024-05-08T04:52:42.180 INFO:journalctl@ceph.mgr.x.smithi012.stdout:May 08 04:52:41 smithi012 ceph-858a6ad2-0cf6-11ef-bc97-c7b262605968-mgr-x[30389]:
2024-05-08T04:52:41.875+0000 7f49da528200 -1 mgr[py] Module prometheus has missing NOTIFY_TYPES member
2024-05-08T04:52:42.180 INFO:journalctl@ceph.mgr.x.smithi012.stdout:May 08 04:52:41 smithi012 ceph-858a6ad2-0cf6-11ef-bc97-c7b262605968-mgr-x[30389]:
2024-05-08T04:52:41.972+0000 7f49da528200 -1 mgr[py] Module devicehealth has missing NOTIFY_TYPES member
