2024-05-08T05:10:37.242+0000 7f6ffbe00700 1 -- 172.21.15.122:0/2996939791 <== mon.0 v2:172.21.15.122:3300/0 2 ==== config(26 keys) ==== 1101+0+0 (secure 0 0 0) 0x7f6ff0004300 con 0x7f6ffc109960
2024-05-08T05:10:38.769 INFO:teuthology.orchestra.run.smithi122.stdout:/usr/bin/ceph: stderr
2024-05-08T05:10:37.242+0000 7f6ffbe00700 1 -- 172.21.15.122:0/2996939791 <== mon.0 v2:172.21.15.122:3300/0 3 ==== mon_map magic: 0 ==== 205+0+0 (secure 0 0 0) 0x7f6ff0011a20 con 0x7f6ffc109960
2024-05-08T05:10:38.769 INFO:teuthology.orchestra.run.smithi122.stdout:/usr/bin/ceph: stderr
2024-05-08T05:10:37.242+0000 7f7004400700 1 -- 172.21.15.122:0/2996939791 >> [v2:172.21.15.122:3300/0,v1:172.21.15.122:6789/0] conn(0x7f6ffc109960 msgr2=0x7f6ffc10bd50 secure :-1 s=STATE_CONNECTION_ESTABLISHED l=1).mark_down
2024-05-08T05:10:38.769 INFO:teuthology.orchestra.run.smithi122.stdout:/usr/bin/ceph: stderr
2024-05-08T05:10:37.242+0000 7f7004400700 1 --2- 172.21.15.122:0/2996939791 >> [v2:172.21.15.122:3300/0,v1:172.21.15.122:6789/0] conn(0x7f6ffc109960 0x7f6ffc10bd50 secure :-1 s=READY pgs=53 cs=0 l=1 rev1=1 crypto rx=0x7f6ff00098a0 tx=0x7f6ff0009bb0 comp rx=0 tx=0).stop
2024-05-08T05:10:38.769 INFO:teuthology.orchestra.run.smithi122.stdout:/usr/bin/ceph: stderr
2024-05-08T05:10:37.242+0000 7f7004400700 1 -- 172.21.15.122:0/2996939791 shutdown_connections
2024-05-08T05:10:38.769 INFO:teuthology.orchestra.run.smithi122.stdout:/usr/bin/ceph: stderr
2024-05-08T05:10:37.242+0000 7f7004400700 1 --2- 172.21.15.122:0/2996939791 >> [v2:172.21.15.122:3300/0,v1:172.21.15.122:6789/0] conn(0x7f6ffc109960 0x7f6ffc10bd50 unknown :-1 s=CLOSED pgs=53 cs=0 l=1 rev1=1 crypto rx=0 tx=0 comp rx=0 tx=0).stop
2024-05-08T05:10:38.770 INFO:teuthology.orchestra.run.smithi122.stdout:/usr/bin/ceph: stderr
2024-05-08T05:10:37.242+0000 7f7004400700 1 -- 172.21.15.122:0/2996939791 >> 172.21.15.122:0/2996939791 conn(0x7f6ffc103370 msgr2=0x7f6ffc1057d0 unknown :-1 s=STATE_NONE l=0).mark_down
2024-05-08T05:10:38.770 INFO:teuthology.orchestra.run.smithi122.stdout:/usr/bin/ceph: stderr
2024-05-08T05:10:37.242+0000 7f7004400700 1 -- 172.21.15.122:0/2996939791 shutdown_connections
2024-05-08T05:10:38.770 INFO:teuthology.orchestra.run.smithi122.stdout:/usr/bin/ceph: stderr
2024-05-08T05:10:37.242+0000 7f7004400700 1 -- 172.21.15.122:0/2996939791 wait complete.
2024-05-08T05:10:38.770 INFO:teuthology.orchestra.run.smithi122.stdout:/usr/bin/ceph: stderr
2024-05-08T05:10:37.243+0000 7f7004400700 1 Processor -- start
2024-05-08T05:10:38.770 INFO:teuthology.orchestra.run.smithi122.stdout:/usr/bin/ceph: stderr
2024-05-08T05:10:37.244+0000 7f7004400700 1 -- start start
2024-05-08T05:10:38.770 INFO:teuthology.orchestra.run.smithi122.stdout:/usr/bin/ceph: stderr
2024-05-08T05:10:37.244+0000 7f7004400700 1 --2- >> [v2:172.21.15.122:3300/0,v1:172.21.15.122:6789/0] conn(0x7f6ffc109960 0x7f6ffc1091e0 unknown :-1 s=NONE pgs=0 cs=0 l=1 rev1=0 crypto rx=0 tx=0 comp rx=0 tx=0).connect
2024-05-08T05:10:38.770 INFO:teuthology.orchestra.run.smithi122.stdout:/usr/bin/ceph: stderr
2024-05-08T05:10:37.244+0000 7f7004400700 1 -- --> [v2:172.21.15.122:3300/0,v1:172.21.15.122:6789/0] -- mon_getmap magic: 0 -- 0x7f6ffc10d2a0 con 0x7f6ffc109960
2024-05-08T05:10:38.770 INFO:teuthology.orchestra.run.smithi122.stdout:/usr/bin/ceph: stderr
2024-05-08T05:10:37.244+0000 7f7001a00700 1 --2- >> [v2:172.21.15.122:3300/0,v1:172.21.15.122:6789/0] conn(0x7f6ffc109960 0x7f6ffc1091e0 unknown :-1 s=BANNER_CONNECTING pgs=0 cs=0 l=1 rev1=0 crypto rx=0 tx=0 comp rx=0 tx=0)._handle_peer_banner_payload supported=3 required=0
2024-05-08T05:10:38.770 INFO:teuthology.orchestra.run.smithi122.stdout:/usr/bin/ceph: stderr
2024-05-08T05:10:37.244+0000 7f7001a00700 1 --2- >> [v2:172.21.15.122:3300/0,v1:172.21.15.122:6789/0] conn(0x7f6ffc109960 0x7f6ffc1091e0 unknown :-1 s=HELLO_CONNECTING pgs=0 cs=0 l=1 rev1=1 crypto rx=0 tx=0 comp rx=0 tx=0).handle_hello peer v2:172.21.15.122:3300/0 says I am v2:172.21.15.122:39738/0 (socket says 172.21.15.122:39738)
2024-05-08T05:10:38.770 INFO:teuthology.orchestra.run.smithi122.stdout:/usr/bin/ceph: stderr
2024-05-08T05:10:37.244+0000 7f7001a00700 1 -- 172.21.15.122:0/2385542047 learned_addr learned my addr 172.21.15.122:0/2385542047 (peer_addr_for_me v2:172.21.15.122:0/0)
2024-05-08T05:10:38.770 INFO:teuthology.orchestra.run.smithi122.stdout:/usr/bin/ceph: stderr
2024-05-08T05:10:37.244+0000 7f7001a00700 1 -- 172.21.15.122:0/2385542047 --> [v2:172.21.15.122:3300/0,v1:172.21.15.122:6789/0] -- mon_subscribe({config=0+,monmap=0+}) -- 0x7f6ffc109720 con 0x7f6ffc109960
2024-05-08T05:10:38.770 INFO:teuthology.orchestra.run.smithi122.stdout:/usr/bin/ceph: stderr
2024-05-08T05:10:37.245+0000 7f7001a00700 1 --2- 172.21.15.122:0/2385542047 >> [v2:172.21.15.122:3300/0,v1:172.21.15.122:6789/0] conn(0x7f6ffc109960 0x7f6ffc1091e0 secure :-1 s=READY pgs=54 cs=0 l=1 rev1=1 crypto rx=0x7f6ff0000c00 tx=0x7f6ff0011aa0 comp rx=0 tx=0).ready entity=mon.0 client_cookie=0 server_cookie=0 in_seq=0 out_seq=0
2024-05-08T05:10:38.770 INFO:teuthology.orchestra.run.smithi122.stdout:/usr/bin/ceph: stderr
2024-05-08T05:10:37.245+0000 7f6ffa000700 1 -- 172.21.15.122:0/2385542047 <== mon.0 v2:172.21.15.122:3300/0 1 ==== mon_map magic: 0 ==== 205+0+0 (secure 0 0 0) 0x7f6ff0003aa0 con 0x7f6ffc109960
2024-05-08T05:10:38.771 INFO:teuthology.orchestra.run.smithi122.stdout:/usr/bin/ceph: stderr
2024-05-08T05:10:37.245+0000 7f6ffa000700 1 -- 172.21.15.122:0/2385542047 <== mon.0 v2:172.21.15.122:3300/0 2 ==== config(26 keys) ==== 1101+0+0 (secure 0 0 0) 0x7f6ff001b8f0 con 0x7f6ffc109960
2024-05-08T05:10:38.771 INFO:teuthology.orchestra.run.smithi122.stdout:/usr/bin/ceph: stderr
2024-05-08T05:10:37.245+0000 7f7004400700 1 -- 172.21.15.122:0/2385542047 --> [v2:172.21.15.122:3300/0,v1:172.21.15.122:6789/0] -- mon_subscribe({mgrmap=0+}) -- 0x7f6ffc107910 con 0x7f6ffc109960
2024-05-08T05:10:38.771 INFO:teuthology.orchestra.run.smithi122.stdout:/usr/bin/ceph: stderr
2024-05-08T05:10:37.245+0000 7f6ffa000700 1 -- 172.21.15.122:0/2385542047 <== mon.0 v2:172.21.15.122:3300/0 3 ==== mon_map magic: 0 ==== 205+0+0 (secure 0 0 0) 0x7f6ff0023870 con 0x7f6ffc109960
2024-05-08T05:10:38.771 INFO:teuthology.orchestra.run.smithi122.stdout:/usr/bin/ceph: stderr
2024-05-08T05:10:37.245+0000 7f7004400700 1 -- 172.21.15.122:0/2385542047 --> [v2:172.21.15.122:3300/0,v1:172.21.15.122:6789/0] -- mon_subscribe({osdmap=0}) -- 0x7f6ffc107e50 con 0x7f6ffc109960
2024-05-08T05:10:38.771 INFO:teuthology.orchestra.run.smithi122.stdout:/usr/bin/ceph: stderr
2024-05-08T05:10:37.246+0000 7f7004400700 1 -- 172.21.15.122:0/2385542047 --> [v2:172.21.15.122:3300/0,v1:172.21.15.122:6789/0] -- mon_command({"prefix": "get_command_descriptions"} v 0) -- 0x7f6ffc064b00 con 0x7f6ffc109960
2024-05-08T05:10:38.771 INFO:teuthology.orchestra.run.smithi122.stdout:/usr/bin/ceph: stderr
2024-05-08T05:10:37.246+0000 7f6ffa000700 1 -- 172.21.15.122:0/2385542047 <== mon.0 v2:172.21.15.122:3300/0 4 ==== mgrmap(e 8) ==== 50222+0+0 (secure 0 0 0) 0x7f6ff001b440 con 0x7f6ffc109960
2024-05-08T05:10:38.771 INFO:teuthology.orchestra.run.smithi122.stdout:/usr/bin/ceph: stderr
2024-05-08T05:10:37.247+0000 7f6ffa000700 1 --2- 172.21.15.122:0/2385542047 >> [v2:172.21.15.122:6800/1440117086,v1:172.21.15.122:6801/1440117086] conn(0x7f6fe403e4c0 0x7f6fe4040980 unknown :-1 s=NONE pgs=0 cs=0 l=1 rev1=0 crypto rx=0 tx=0 comp rx=0 tx=0).connect
2024-05-08T05:10:38.771 INFO:teuthology.orchestra.run.smithi122.stdout:/usr/bin/ceph: stderr
2024-05-08T05:10:37.247+0000 7f6ffa000700 1 -- 172.21.15.122:0/2385542047 <== mon.0 v2:172.21.15.122:3300/0 5 ==== osd_map(2..2 src has 1..2) ==== 940+0+0 (secure 0 0 0) 0x7f6ff0053d20 con 0x7f6ffc109960
2024-05-08T05:10:38.771 INFO:teuthology.orchestra.run.smithi122.stdout:/usr/bin/ceph: stderr
2024-05-08T05:10:37.247+0000 7f7001000700 1 --2- 172.21.15.122:0/2385542047 >> [v2:172.21.15.122:6800/1440117086,v1:172.21.15.122:6801/1440117086] conn(0x7f6fe403e4c0 0x7f6fe4040980 unknown :-1 s=BANNER_CONNECTING pgs=0 cs=0 l=1 rev1=0 crypto rx=0 tx=0 comp rx=0 tx=0)._handle_peer_banner_payload supported=3 required=0
2024-05-08T05:10:38.771 INFO:teuthology.orchestra.run.smithi122.stdout:/usr/bin/ceph: stderr
2024-05-08T05:10:37.248+0000 7f7001000700 1 --2- 172.21.15.122:0/2385542047 >> [v2:172.21.15.122:6800/1440117086,v1:172.21.15.122:6801/1440117086] conn(0x7f6fe403e4c0 0x7f6fe4040980 secure :-1 s=READY pgs=15 cs=0 l=1 rev1=1 crypto rx=0x7f6fe8006fd0 tx=0x7f6fe8006e40 comp rx=0 tx=0).ready entity=mgr.14120 client_cookie=0 server_cookie=0 in_seq=0 out_seq=0
2024-05-08T05:10:38.771 INFO:teuthology.orchestra.run.smithi122.stdout:/usr/bin/ceph: stderr
2024-05-08T05:10:37.252+0000 7f6ffa000700 1 -- 172.21.15.122:0/2385542047 <== mon.0 v2:172.21.15.122:3300/0 6 ==== mon_command_ack([{"prefix": "get_command_descriptions"}]=0 v0) ==== 72+0+191963 (secure 0 0 0) 0x7f6ff001f030 con 0x7f6ffc109960
2024-05-08T05:10:38.771 INFO:teuthology.orchestra.run.smithi122.stdout:/usr/bin/ceph: stderr
2024-05-08T05:10:37.489+0000 7f7004400700 1 -- 172.21.15.122:0/2385542047 --> [v2:172.21.15.122:3300/0,v1:172.21.15.122:6789/0] -- mon_command([{prefix=config set, name=mgr/dashboard/ssl_server_port}] v 0) -- 0x7f6ffc1087a0 con 0x7f6ffc109960
2024-05-08T05:10:38.771 INFO:teuthology.orchestra.run.smithi122.stdout:/usr/bin/ceph: stderr
2024-05-08T05:10:37.498+0000 7f6ffa000700 1 -- 172.21.15.122:0/2385542047 <== mon.0 v2:172.21.15.122:3300/0 7 ==== mon_command_ack([{prefix=config set, name=mgr/dashboard/ssl_server_port}]=0 v8)=0 v8) ==== 130+0+0 (secure 0 0 0) 0x7f6ffc1087a0 con 0x7f6ffc109960
2024-05-08T05:10:38.772 INFO:teuthology.orchestra.run.smithi122.stdout:/usr/bin/ceph: stderr
2024-05-08T05:10:37.501+0000 7f7004400700 1 -- 172.21.15.122:0/2385542047 >> [v2:172.21.15.122:6800/1440117086,v1:172.21.15.122:6801/1440117086] conn(0x7f6fe403e4c0 msgr2=0x7f6fe4040980 secure :-1 s=STATE_CONNECTION_ESTABLISHED l=1).mark_down
2024-05-08T05:10:38.772 INFO:teuthology.orchestra.run.smithi122.stdout:/usr/bin/ceph: stderr
2024-05-08T05:10:37.501+0000 7f7004400700 1 --2- 172.21.15.122:0/2385542047 >> [v2:172.21.15.122:6800/1440117086,v1:172.21.15.122:6801/1440117086] conn(0x7f6fe403e4c0 0x7f6fe4040980 secure :-1 s=READY pgs=15 cs=0 l=1 rev1=1 crypto rx=0x7f6fe8006fd0 tx=0x7f6fe8006e40 comp rx=0 tx=0).stop
2024-05-08T05:10:38.772 INFO:teuthology.orchestra.run.smithi122.stdout:/usr/bin/ceph: stderr
2024-05-08T05:10:37.501+0000 7f7004400700 1 -- 172.21.15.122:0/2385542047 >> [v2:172.21.15.122:3300/0,v1:172.21.15.122:6789/0] conn(0x7f6ffc109960 msgr2=0x7f6ffc1091e0 secure :-1 s=STATE_CONNECTION_ESTABLISHED l=1).mark_down
2024-05-08T05:10:38.772 INFO:teuthology.orchestra.run.smithi122.stdout:/usr/bin/ceph: stderr
2024-05-08T05:10:37.501+0000 7f7004400700 1 --2- 172.21.15.122:0/2385542047 >> [v2:172.21.15.122:3300/0,v1:172.21.15.122:6789/0] conn(0x7f6ffc109960 0x7f6ffc1091e0 secure :-1 s=READY pgs=54 cs=0 l=1 rev1=1 crypto rx=0x7f6ff0000c00 tx=0x7f6ff0011aa0 comp rx=0 tx=0).stop
2024-05-08T05:10:38.772 INFO:teuthology.orchestra.run.smithi122.stdout:/usr/bin/ceph: stderr
2024-05-08T05:10:37.502+0000 7f7004400700 1 -- 172.21.15.122:0/2385542047 shutdown_connections
2024-05-08T05:10:38.772 INFO:teuthology.orchestra.run.smithi122.stdout:/usr/bin/ceph: stderr
2024-05-08T05:10:37.502+0000 7f7004400700 1 --2- 172.21.15.122:0/2385542047 >> [v2:172.21.15.122:6800/1440117086,v1:172.21.15.122:6801/1440117086] conn(0x7f6fe403e4c0 0x7f6fe4040980 unknown :-1 s=CLOSED pgs=15 cs=0 l=1 rev1=1 crypto rx=0 tx=0 comp rx=0 tx=0).stop
2024-05-08T05:10:38.772 INFO:teuthology.orchestra.run.smithi122.stdout:/usr/bin/ceph: stderr
2024-05-08T05:10:37.502+0000 7f7004400700 1 --2- 172.21.15.122:0/2385542047 >> [v2:172.21.15.122:3300/0,v1:172.21.15.122:6789/0] conn(0x7f6ffc109960 0x7f6ffc1091e0 unknown :-1 s=CLOSED pgs=54 cs=0 l=1 rev1=1 crypto rx=0 tx=0 comp rx=0 tx=0).stop
2024-05-08T05:10:38.772 INFO:teuthology.orchestra.run.smithi122.stdout:/usr/bin/ceph: stderr
2024-05-08T05:10:37.502+0000 7f7004400700 1 -- 172.21.15.122:0/2385542047 >> 172.21.15.122:0/2385542047 conn(0x7f6ffc103370 msgr2=0x7f6ffc103de0 unknown :-1 s=STATE_NONE l=0).mark_down
2024-05-08T05:10:38.772 INFO:teuthology.orchestra.run.smithi122.stdout:/usr/bin/ceph: stderr
2024-05-08T05:10:37.502+0000 7f7004400700 1 -- 172.21.15.122:0/2385542047 shutdown_connections
2024-05-08T05:10:38.772 INFO:teuthology.orchestra.run.smithi122.stdout:/usr/bin/ceph: stderr
2024-05-08T05:10:37.502+0000 7f7004400700 1 -- 172.21.15.122:0/2385542047 wait complete.
2024-05-08T05:10:38.772 INFO:teuthology.orchestra.run.smithi122.stdout:Enabling the dashboard module...
2024-05-08T05:10:40.209 INFO:journalctl@ceph.mon.a.smithi122.stdout:May 08 05:10:39 smithi122 ceph-mon[29552]: pgmap v5: 0 pgs: ; 0 B data, 0 B used, 0 B / 0 B avail
2024-05-08T05:10:40.209 INFO:journalctl@ceph.mon.a.smithi122.stdout:May 08 05:10:39 smithi122 ceph-mon[29552]: from='mgr.14120 172.21.15.122:0/1055441192' entity='mgr.x'
2024-05-08T05:10:40.209 INFO:journalctl@ceph.mon.a.smithi122.stdout:May 08 05:10:39 smithi122 ceph-mon[29552]: from='client.? 172.21.15.122:0/3094063355' entity='client.admin' cmd=[{"prefix": "mgr module enable", "module": "dashboard"}]: dispatch
2024-05-08T05:10:40.820 INFO:journalctl@ceph.mgr.x.smithi122.stdout:May 08 05:10:40 smithi122 ceph-f1fa2e94-0cf8-11ef-bc97-c7b262605968-mgr-x[29794]: ignoring --setuser ceph since I am not root
2024-05-08T05:10:40.820 INFO:journalctl@ceph.mgr.x.smithi122.stdout:May 08 05:10:40 smithi122 ceph-f1fa2e94-0cf8-11ef-bc97-c7b262605968-mgr-x[29794]: ignoring --setgroup ceph since I am not root
2024-05-08T05:10:40.820 INFO:journalctl@ceph.mgr.x.smithi122.stdout:May 08 05:10:40 smithi122 ceph-f1fa2e94-0cf8-11ef-bc97-c7b262605968-mgr-x[29794]:
2024-05-08T05:10:40.818+0000 7f2807bd1200 -1 mgr[py] Module balancer has missing NOTIFY_TYPES member
2024-05-08T05:10:41.344 INFO:journalctl@ceph.mgr.x.smithi122.stdout:May 08 05:10:41 smithi122 ceph-f1fa2e94-0cf8-11ef-bc97-c7b262605968-mgr-x[29794]:
2024-05-08T05:10:41.084+0000 7f2807bd1200 -1 mgr[py] Module orchestrator has missing NOTIFY_TYPES member
2024-05-08T05:10:41.344 INFO:journalctl@ceph.mgr.x.smithi122.stdout:May 08 05:10:41 smithi122 ceph-f1fa2e94-0cf8-11ef-bc97-c7b262605968-mgr-x[29794]:
2024-05-08T05:10:41.214+0000 7f2807bd1200 -1 mgr[py] Module snap_schedule has missing NOTIFY_TYPES member
2024-05-08T05:10:41.354 INFO:teuthology.orchestra.run.smithi122.stdout:/usr/bin/ceph: stderr
2024-05-08T05:10:39.382+0000 7ff2bc600700 1 Processor -- start
2024-05-08T05:10:41.354 INFO:teuthology.orchestra.run.smithi122.stdout:/usr/bin/ceph: stderr
2024-05-08T05:10:39.383+0000 7ff2bc600700 1 -- start start
2024-05-08T05:10:41.354 INFO:teuthology.orchestra.run.smithi122.stdout:/usr/bin/ceph: stderr
2024-05-08T05:10:39.383+0000 7ff2bc600700 1 --2- >> [v2:172.21.15.122:3300/0,v1:172.21.15.122:6789/0] conn(0x7ff2b407ddb0 0x7ff2b407c210 unknown :-1 s=NONE pgs=0 cs=0 l=0 rev1=0 crypto rx=0 tx=0 comp rx=0 tx=0).connect
2024-05-08T05:10:41.354 INFO:teuthology.orchestra.run.smithi122.stdout:/usr/bin/ceph: stderr
2024-05-08T05:10:39.383+0000 7ff2bc600700 1 -- --> [v2:172.21.15.122:3300/0,v1:172.21.15.122:6789/0] -- mon_getmap magic: 0 -- 0x7ff2b407c7e0 con 0x7ff2b407ddb0
2024-05-08T05:10:41.354 INFO:teuthology.orchestra.run.smithi122.stdout:/usr/bin/ceph: stderr
2024-05-08T05:10:39.383+0000 7ff2b9c00700 1 --2- >> [v2:172.21.15.122:3300/0,v1:172.21.15.122:6789/0] conn(0x7ff2b407ddb0 0x7ff2b407c210 unknown :-1 s=BANNER_CONNECTING pgs=0 cs=0 l=0 rev1=0 crypto rx=0 tx=0 comp rx=0 tx=0)._handle_peer_banner_payload supported=3 required=0
2024-05-08T05:10:41.354 INFO:teuthology.orchestra.run.smithi122.stdout:/usr/bin/ceph: stderr
2024-05-08T05:10:39.384+0000 7ff2b9c00700 1 --2- >> [v2:172.21.15.122:3300/0,v1:172.21.15.122:6789/0] conn(0x7ff2b407ddb0 0x7ff2b407c210 unknown :-1 s=HELLO_CONNECTING pgs=0 cs=0 l=0 rev1=1 crypto rx=0 tx=0 comp rx=0 tx=0).handle_hello peer v2:172.21.15.122:3300/0 says I am v2:172.21.15.122:39744/0 (socket says 172.21.15.122:39744)
2024-05-08T05:10:41.354 INFO:teuthology.orchestra.run.smithi122.stdout:/usr/bin/ceph: stderr
2024-05-08T05:10:39.384+0000 7ff2b9c00700 1 -- 172.21.15.122:0/350488827 learned_addr learned my addr 172.21.15.122:0/350488827 (peer_addr_for_me v2:172.21.15.122:0/0)
2024-05-08T05:10:41.354 INFO:teuthology.orchestra.run.smithi122.stdout:/usr/bin/ceph: stderr
2024-05-08T05:10:39.384+0000 7ff2b9c00700 1 -- 172.21.15.122:0/350488827 --> [v2:172.21.15.122:3300/0,v1:172.21.15.122:6789/0] -- mon_subscribe({config=0+,monmap=0+}) -- 0x7ff2b407c960 con 0x7ff2b407ddb0
2024-05-08T05:10:41.354 INFO:teuthology.orchestra.run.smithi122.stdout:/usr/bin/ceph: stderr
2024-05-08T05:10:39.384+0000 7ff2b9c00700 1 --2- 172.21.15.122:0/350488827 >> [v2:172.21.15.122:3300/0,v1:172.21.15.122:6789/0] conn(0x7ff2b407ddb0 0x7ff2b407c210 secure :-1 s=READY pgs=55 cs=0 l=1 rev1=1 crypto rx=0x7ff2a80098a0 tx=0x7ff2a8009bb0 comp rx=0 tx=0).ready entity=mon.0 client_cookie=c28eecd76085d334 server_cookie=0 in_seq=0 out_seq=0
2024-05-08T05:10:41.355 INFO:teuthology.orchestra.run.smithi122.stdout:/usr/bin/ceph: stderr
2024-05-08T05:10:39.385+0000 7ff2b3e00700 1 -- 172.21.15.122:0/350488827 <== mon.0 v2:172.21.15.122:3300/0 1 ==== mon_map magic: 0 ==== 205+0+0 (secure 0 0 0) 0x7ff2a8004160 con 0x7ff2b407ddb0
2024-05-08T05:10:41.355 INFO:teuthology.orchestra.run.smithi122.stdout:/usr/bin/ceph: stderr
2024-05-08T05:10:39.385+0000 7ff2b3e00700 1 -- 172.21.15.122:0/350488827 <== mon.0 v2:172.21.15.122:3300/0 2 ==== config(26 keys) ==== 1101+0+0 (secure 0 0 0) 0x7ff2a8004300 con 0x7ff2b407ddb0
2024-05-08T05:10:41.355 INFO:teuthology.orchestra.run.smithi122.stdout:/usr/bin/ceph: stderr
2024-05-08T05:10:39.385+0000 7ff2b3e00700 1 -- 172.21.15.122:0/350488827 <== mon.0 v2:172.21.15.122:3300/0 3 ==== mon_map magic: 0 ==== 205+0+0 (secure 0 0 0) 0x7ff2a8011a20 con 0x7ff2b407ddb0
2024-05-08T05:10:41.355 INFO:teuthology.orchestra.run.smithi122.stdout:/usr/bin/ceph: stderr
2024-05-08T05:10:39.385+0000 7ff2bc600700 1 -- 172.21.15.122:0/350488827 >> [v2:172.21.15.122:3300/0,v1:172.21.15.122:6789/0] conn(0x7ff2b407ddb0 msgr2=0x7ff2b407c210 secure :-1 s=STATE_CONNECTION_ESTABLISHED l=1).mark_down
2024-05-08T05:10:41.355 INFO:teuthology.orchestra.run.smithi122.stdout:/usr/bin/ceph: stderr
2024-05-08T05:10:39.385+0000 7ff2bc600700 1 --2- 172.21.15.122:0/350488827 >> [v2:172.21.15.122:3300/0,v1:172.21.15.122:6789/0] conn(0x7ff2b407ddb0 0x7ff2b407c210 secure :-1 s=READY pgs=55 cs=0 l=1 rev1=1 crypto rx=0x7ff2a80098a0 tx=0x7ff2a8009bb0 comp rx=0 tx=0).stop
2024-05-08T05:10:41.355 INFO:teuthology.orchestra.run.smithi122.stdout:/usr/bin/ceph: stderr
2024-05-08T05:10:39.386+0000 7ff2bc600700 1 -- 172.21.15.122:0/350488827 shutdown_connections
2024-05-08T05:10:41.355 INFO:teuthology.orchestra.run.smithi122.stdout:/usr/bin/ceph: stderr
2024-05-08T05:10:39.386+0000 7ff2bc600700 1 --2- 172.21.15.122:0/350488827 >> [v2:172.21.15.122:3300/0,v1:172.21.15.122:6789/0] conn(0x7ff2b407ddb0 0x7ff2b407c210 unknown :-1 s=CLOSED pgs=55 cs=0 l=1 rev1=1 crypto rx=0 tx=0 comp rx=0 tx=0).stop
2024-05-08T05:10:41.355 INFO:teuthology.orchestra.run.smithi122.stdout:/usr/bin/ceph: stderr
2024-05-08T05:10:39.386+0000 7ff2bc600700 1 -- 172.21.15.122:0/350488827 >> 172.21.15.122:0/350488827 conn(0x7ff2b4104490 msgr2=0x7ff2b41068b0 unknown :-1 s=STATE_NONE l=0).mark_down
2024-05-08T05:10:41.355 INFO:teuthology.orchestra.run.smithi122.stdout:/usr/bin/ceph: stderr
2024-05-08T05:10:39.386+0000 7ff2bc600700 1 -- 172.21.15.122:0/350488827 shutdown_connections
2024-05-08T05:10:41.355 INFO:teuthology.orchestra.run.smithi122.stdout:/usr/bin/ceph: stderr
2024-05-08T05:10:39.386+0000 7ff2bc600700 1 -- 172.21.15.122:0/350488827 wait complete.
2024-05-08T05:10:41.355 INFO:teuthology.orchestra.run.smithi122.stdout:/usr/bin/ceph: stderr
2024-05-08T05:10:39.387+0000 7ff2bc600700 1 Processor -- start
2024-05-08T05:10:41.355 INFO:teuthology.orchestra.run.smithi122.stdout:/usr/bin/ceph: stderr
2024-05-08T05:10:39.387+0000 7ff2bc600700 1 -- start start
2024-05-08T05:10:41.355 INFO:teuthology.orchestra.run.smithi122.stdout:/usr/bin/ceph: stderr
2024-05-08T05:10:39.387+0000 7ff2bc600700 1 --2- >> [v2:172.21.15.122:3300/0,v1:172.21.15.122:6789/0] conn(0x7ff2b407ddb0 0x7ff2b419ef70 unknown :-1 s=NONE pgs=0 cs=0 l=1 rev1=0 crypto rx=0 tx=0 comp rx=0 tx=0).connect
2024-05-08T05:10:41.356 INFO:teuthology.orchestra.run.smithi122.stdout:/usr/bin/ceph: stderr
2024-05-08T05:10:39.387+0000 7ff2bc600700 1 -- --> [v2:172.21.15.122:3300/0,v1:172.21.15.122:6789/0] -- mon_getmap magic: 0 -- 0x7ff2b410f4d0 con 0x7ff2b407ddb0
2024-05-08T05:10:41.356 INFO:teuthology.orchestra.run.smithi122.stdout:/usr/bin/ceph: stderr
2024-05-08T05:10:39.388+0000 7ff2b9c00700 1 --2- >> [v2:172.21.15.122:3300/0,v1:172.21.15.122:6789/0] conn(0x7ff2b407ddb0 0x7ff2b419ef70 unknown :-1 s=BANNER_CONNECTING pgs=0 cs=0 l=1 rev1=0 crypto rx=0 tx=0 comp rx=0 tx=0)._handle_peer_banner_payload supported=3 required=0
2024-05-08T05:10:41.356 INFO:teuthology.orchestra.run.smithi122.stdout:/usr/bin/ceph: stderr
2024-05-08T05:10:39.388+0000 7ff2b9c00700 1 --2- >> [v2:172.21.15.122:3300/0,v1:172.21.15.122:6789/0] conn(0x7ff2b407ddb0 0x7ff2b419ef70 unknown :-1 s=HELLO_CONNECTING pgs=0 cs=0 l=1 rev1=1 crypto rx=0 tx=0 comp rx=0 tx=0).handle_hello peer v2:172.21.15.122:3300/0 says I am v2:172.21.15.122:39756/0 (socket says 172.21.15.122:39756)
2024-05-08T05:10:41.356 INFO:teuthology.orchestra.run.smithi122.stdout:/usr/bin/ceph: stderr
2024-05-08T05:10:39.388+0000 7ff2b9c00700 1 -- 172.21.15.122:0/3094063355 learned_addr learned my addr 172.21.15.122:0/3094063355 (peer_addr_for_me v2:172.21.15.122:0/0)
2024-05-08T05:10:41.356 INFO:teuthology.orchestra.run.smithi122.stdout:/usr/bin/ceph: stderr
2024-05-08T05:10:39.388+0000 7ff2b9c00700 1 -- 172.21.15.122:0/3094063355 --> [v2:172.21.15.122:3300/0,v1:172.21.15.122:6789/0] -- mon_subscribe({config=0+,monmap=0+}) -- 0x7ff2b419f4b0 con 0x7ff2b407ddb0
2024-05-08T05:10:41.356 INFO:teuthology.orchestra.run.smithi122.stdout:/usr/bin/ceph: stderr
2024-05-08T05:10:39.388+0000 7ff2b9c00700 1 --2- 172.21.15.122:0/3094063355 >> [v2:172.21.15.122:3300/0,v1:172.21.15.122:6789/0] conn(0x7ff2b407ddb0 0x7ff2b419ef70 secure :-1 s=READY pgs=56 cs=0 l=1 rev1=1 crypto rx=0x7ff2a8009520 tx=0x7ff2a8011aa0 comp rx=0 tx=0).ready entity=mon.0 client_cookie=0 server_cookie=0 in_seq=0 out_seq=0
2024-05-08T05:10:41.356 INFO:teuthology.orchestra.run.smithi122.stdout:/usr/bin/ceph: stderr
2024-05-08T05:10:39.388+0000 7ff2b2000700 1 -- 172.21.15.122:0/3094063355 <== mon.0 v2:172.21.15.122:3300/0 1 ==== mon_map magic: 0 ==== 205+0+0 (secure 0 0 0) 0x7ff2a80039e0 con 0x7ff2b407ddb0
2024-05-08T05:10:41.356 INFO:teuthology.orchestra.run.smithi122.stdout:/usr/bin/ceph: stderr
2024-05-08T05:10:39.388+0000 7ff2b2000700 1 -- 172.21.15.122:0/3094063355 <== mon.0 v2:172.21.15.122:3300/0 2 ==== config(26 keys) ==== 1101+0+0 (secure 0 0 0) 0x7ff2a801b8f0 con 0x7ff2b407ddb0
2024-05-08T05:10:41.356 INFO:teuthology.orchestra.run.smithi122.stdout:/usr/bin/ceph: stderr
2024-05-08T05:10:39.389+0000 7ff2b2000700 1 -- 172.21.15.122:0/3094063355 <== mon.0 v2:172.21.15.122:3300/0 3 ==== mon_map magic: 0 ==== 205+0+0 (secure 0 0 0) 0x7ff2a8019770 con 0x7ff2b407ddb0
2024-05-08T05:10:41.356 INFO:teuthology.orchestra.run.smithi122.stdout:/usr/bin/ceph: stderr
2024-05-08T05:10:39.389+0000 7ff2bc600700 1 -- 172.21.15.122:0/3094063355 --> [v2:172.21.15.122:3300/0,v1:172.21.15.122:6789/0] -- mon_subscribe({mgrmap=0+}) -- 0x7ff2b419f740 con 0x7ff2b407ddb0
2024-05-08T05:10:41.356 INFO:teuthology.orchestra.run.smithi122.stdout:/usr/bin/ceph: stderr
2024-05-08T05:10:39.389+0000 7ff2bc600700 1 -- 172.21.15.122:0/3094063355 --> [v2:172.21.15.122:3300/0,v1:172.21.15.122:6789/0] -- mon_subscribe({osdmap=0}) -- 0x7ff2b41a2430 con 0x7ff2b407ddb0
2024-05-08T05:10:41.356 INFO:teuthology.orchestra.run.smithi122.stdout:/usr/bin/ceph: stderr
2024-05-08T05:10:39.390+0000 7ff2b2000700 1 -- 172.21.15.122:0/3094063355 <== mon.0 v2:172.21.15.122:3300/0 4 ==== mgrmap(e 8) ==== 50222+0+0 (secure 0 0 0) 0x7ff2a801b440 con 0x7ff2b407ddb0
2024-05-08T05:10:41.356 INFO:teuthology.orchestra.run.smithi122.stdout:/usr/bin/ceph: stderr
2024-05-08T05:10:39.390+0000 7ff2bc600700 1 -- 172.21.15.122:0/3094063355 --> [v2:172.21.15.122:3300/0,v1:172.21.15.122:6789/0] -- mon_command({"prefix": "get_command_descriptions"} v 0) -- 0x7ff2b4064b00 con 0x7ff2b407ddb0
2024-05-08T05:10:41.356 INFO:teuthology.orchestra.run.smithi122.stdout:/usr/bin/ceph: stderr
2024-05-08T05:10:39.391+0000 7ff2b2000700 1 --2- 172.21.15.122:0/3094063355 >> [v2:172.21.15.122:6800/1440117086,v1:172.21.15.122:6801/1440117086] conn(0x7ff29c03e470 0x7ff29c040930 unknown :-1 s=NONE pgs=0 cs=0 l=1 rev1=0 crypto rx=0 tx=0 comp rx=0 tx=0).connect
2024-05-08T05:10:41.357 INFO:teuthology.orchestra.run.smithi122.stdout:/usr/bin/ceph: stderr
2024-05-08T05:10:39.391+0000 7ff2b2000700 1 -- 172.21.15.122:0/3094063355 <== mon.0 v2:172.21.15.122:3300/0 5 ==== osd_map(2..2 src has 1..2) ==== 940+0+0 (secure 0 0 0) 0x7ff2a8053f10 con 0x7ff2b407ddb0
2024-05-08T05:10:41.357 INFO:teuthology.orchestra.run.smithi122.stdout:/usr/bin/ceph: stderr
2024-05-08T05:10:39.391+0000 7ff2b9200700 1 --2- 172.21.15.122:0/3094063355 >> [v2:172.21.15.122:6800/1440117086,v1:172.21.15.122:6801/1440117086] conn(0x7ff29c03e470 0x7ff29c040930 unknown :-1 s=BANNER_CONNECTING pgs=0 cs=0 l=1 rev1=0 crypto rx=0 tx=0 comp rx=0 tx=0)._handle_peer_banner_payload supported=3 required=0
2024-05-08T05:10:41.357 INFO:teuthology.orchestra.run.smithi122.stdout:/usr/bin/ceph: stderr
2024-05-08T05:10:39.392+0000 7ff2b9200700 1 --2- 172.21.15.122:0/3094063355 >> [v2:172.21.15.122:6800/1440117086,v1:172.21.15.122:6801/1440117086] conn(0x7ff29c03e470 0x7ff29c040930 secure :-1 s=READY pgs=16 cs=0 l=1 rev1=1 crypto rx=0x7ff2a0006fd0 tx=0x7ff2a0006e40 comp rx=0 tx=0).ready entity=mgr.14120 client_cookie=0 server_cookie=0 in_seq=0 out_seq=0
2024-05-08T05:10:41.357 INFO:teuthology.orchestra.run.smithi122.stdout:/usr/bin/ceph: stderr
2024-05-08T05:10:39.397+0000 7ff2b2000700 1 -- 172.21.15.122:0/3094063355 <== mon.0 v2:172.21.15.122:3300/0 6 ==== mon_command_ack([{"prefix": "get_command_descriptions"}]=0 v0) ==== 72+0+191963 (secure 0 0 0) 0x7ff2a801f030 con 0x7ff2b407ddb0
2024-05-08T05:10:41.357 INFO:teuthology.orchestra.run.smithi122.stdout:/usr/bin/ceph: stderr
2024-05-08T05:10:39.714+0000 7ff2bc600700 1 -- 172.21.15.122:0/3094063355 --> [v2:172.21.15.122:3300/0,v1:172.21.15.122:6789/0] -- mon_command({"prefix": "mgr module enable", "module": "dashboard"} v 0) -- 0x7ff2b41a29f0 con 0x7ff2b407ddb0
2024-05-08T05:10:41.357 INFO:teuthology.orchestra.run.smithi122.stdout:/usr/bin/ceph: stderr
2024-05-08T05:10:40.499+0000 7ff2b2000700 1 -- 172.21.15.122:0/3094063355 <== mon.0 v2:172.21.15.122:3300/0 7 ==== mon_command_ack([{"prefix": "mgr module enable", "module": "dashboard"}]=0 v9) ==== 88+0+0 (secure 0 0 0) 0x7ff2a8018d60 con 0x7ff2b407ddb0
2024-05-08T05:10:41.357 INFO:teuthology.orchestra.run.smithi122.stdout:/usr/bin/ceph: stderr
2024-05-08T05:10:40.503+0000 7ff2b2000700 1 -- 172.21.15.122:0/3094063355 <== mon.0 v2:172.21.15.122:3300/0 8 ==== mgrmap(e 9) ==== 50235+0+0 (secure 0 0 0) 0x7ff2a802ac20 con 0x7ff2b407ddb0
2024-05-08T05:10:41.357 INFO:teuthology.orchestra.run.smithi122.stdout:/usr/bin/ceph: stderr
2024-05-08T05:10:40.505+0000 7ff2bc600700 1 -- 172.21.15.122:0/3094063355 >> [v2:172.21.15.122:6800/1440117086,v1:172.21.15.122:6801/1440117086] conn(0x7ff29c03e470 msgr2=0x7ff29c040930 secure :-1 s=STATE_CONNECTION_ESTABLISHED l=1).mark_down
2024-05-08T05:10:41.357 INFO:teuthology.orchestra.run.smithi122.stdout:/usr/bin/ceph: stderr
2024-05-08T05:10:40.505+0000 7ff2bc600700 1 --2- 172.21.15.122:0/3094063355 >> [v2:172.21.15.122:6800/1440117086,v1:172.21.15.122:6801/1440117086] conn(0x7ff29c03e470 0x7ff29c040930 secure :-1 s=READY pgs=16 cs=0 l=1 rev1=1 crypto rx=0x7ff2a0006fd0 tx=0x7ff2a0006e40 comp rx=0 tx=0).stop
2024-05-08T05:10:41.357 INFO:teuthology.orchestra.run.smithi122.stdout:/usr/bin/ceph: stderr
2024-05-08T05:10:40.505+0000 7ff2bc600700 1 -- 172.21.15.122:0/3094063355 >> [v2:172.21.15.122:3300/0,v1:172.21.15.122:6789/0] conn(0x7ff2b407ddb0 msgr2=0x7ff2b419ef70 secure :-1 s=STATE_CONNECTION_ESTABLISHED l=1).mark_down
2024-05-08T05:10:41.357 INFO:teuthology.orchestra.run.smithi122.stdout:/usr/bin/ceph: stderr
2024-05-08T05:10:40.505+0000 7ff2bc600700 1 --2- 172.21.15.122:0/3094063355 >> [v2:172.21.15.122:3300/0,v1:172.21.15.122:6789/0] conn(0x7ff2b407ddb0 0x7ff2b419ef70 secure :-1 s=READY pgs=56 cs=0 l=1 rev1=1 crypto rx=0x7ff2a8009520 tx=0x7ff2a8011aa0 comp rx=0 tx=0).stop
2024-05-08T05:10:41.358 INFO:teuthology.orchestra.run.smithi122.stdout:/usr/bin/ceph: stderr
2024-05-08T05:10:40.505+0000 7ff2bc600700 1 -- 172.21.15.122:0/3094063355 shutdown_connections
2024-05-08T05:10:41.358 INFO:teuthology.orchestra.run.smithi122.stdout:/usr/bin/ceph: stderr
2024-05-08T05:10:40.505+0000 7ff2bc600700 1 --2- 172.21.15.122:0/3094063355 >> [v2:172.21.15.122:6800/1440117086,v1:172.21.15.122:6801/1440117086] conn(0x7ff29c03e470 0x7ff29c040930 unknown :-1 s=CLOSED pgs=16 cs=0 l=1 rev1=1 crypto rx=0 tx=0 comp rx=0 tx=0).stop
2024-05-08T05:10:41.358 INFO:teuthology.orchestra.run.smithi122.stdout:/usr/bin/ceph: stderr
2024-05-08T05:10:40.505+0000 7ff2bc600700 1 --2- 172.21.15.122:0/3094063355 >> [v2:172.21.15.122:3300/0,v1:172.21.15.122:6789/0] conn(0x7ff2b407ddb0 0x7ff2b419ef70 unknown :-1 s=CLOSED pgs=56 cs=0 l=1 rev1=1 crypto rx=0 tx=0 comp rx=0 tx=0).stop
2024-05-08T05:10:41.358 INFO:teuthology.orchestra.run.smithi122.stdout:/usr/bin/ceph: stderr
2024-05-08T05:10:40.505+0000 7ff2bc600700 1 -- 172.21.15.122:0/3094063355 >> 172.21.15.122:0/3094063355 conn(0x7ff2b4104490 msgr2=0x7ff2b4104f80 unknown :-1 s=STATE_NONE l=0).mark_down
2024-05-08T05:10:41.358 INFO:teuthology.orchestra.run.smithi122.stdout:/usr/bin/ceph: stderr
2024-05-08T05:10:40.505+0000 7ff2bc600700 1 -- 172.21.15.122:0/3094063355 shutdown_connections
2024-05-08T05:10:41.358 INFO:teuthology.orchestra.run.smithi122.stdout:/usr/bin/ceph: stderr
2024-05-08T05:10:40.505+0000 7ff2bc600700 1 -- 172.21.15.122:0/3094063355 wait complete.
2024-05-08T05:10:41.619 INFO:journalctl@ceph.mon.a.smithi122.stdout:May 08 05:10:41 smithi122 ceph-mon[29552]: from='client.? 172.21.15.122:0/3094063355' entity='client.admin' cmd='[{"prefix": "mgr module enable", "module": "dashboard"}]': finished
2024-05-08T05:10:41.619 INFO:journalctl@ceph.mon.a.smithi122.stdout:May 08 05:10:41 smithi122 ceph-mon[29552]: mgrmap e9: x(active, since 25s)
2024-05-08T05:10:41.959 INFO:journalctl@ceph.mgr.x.smithi122.stdout:May 08 05:10:41 smithi122 ceph-f1fa2e94-0cf8-11ef-bc97-c7b262605968-mgr-x[29794]:
2024-05-08T05:10:41.617+0000 7f2807bd1200 -1 mgr[py] Module progress has missing NOTIFY_TYPES member
2024-05-08T05:10:41.960 INFO:journalctl@ceph.mgr.x.smithi122.stdout:May 08 05:10:41 smithi122 ceph-f1fa2e94-0cf8-11ef-bc97-c7b262605968-mgr-x[29794]:
2024-05-08T05:10:41.739+0000 7f2807bd1200 -1 mgr[py] Module influx has missing NOTIFY_TYPES member
2024-05-08T05:10:42.709 INFO:journalctl@ceph.mon.a.smithi122.stdout:May 08 05:10:42 smithi122 ceph-mon[29552]: from='client.? 172.21.15.122:0/3142998431' entity='client.admin' cmd=[{"prefix": "mgr stat"}]: dispatch
2024-05-08T05:10:43.037 INFO:teuthology.orchestra.run.smithi122.stdout:/usr/bin/ceph: stdout {
2024-05-08T05:10:43.037 INFO:teuthology.orchestra.run.smithi122.stdout:/usr/bin/ceph: stdout "epoch": 9,
2024-05-08T05:10:43.037 INFO:teuthology.orchestra.run.smithi122.stdout:/usr/bin/ceph: stdout "available": true,
2024-05-08T05:10:43.037 INFO:teuthology.orchestra.run.smithi122.stdout:/usr/bin/ceph: stdout "active_name": "x",
2024-05-08T05:10:43.037 INFO:teuthology.orchestra.run.smithi122.stdout:/usr/bin/ceph: stdout "num_standby": 0
2024-05-08T05:10:43.037 INFO:teuthology.orchestra.run.smithi122.stdout:/usr/bin/ceph: stdout }
2024-05-08T05:10:43.037 INFO:teuthology.orchestra.run.smithi122.stdout:/usr/bin/ceph: stderr
2024-05-08T05:10:42.006+0000 7fa995a00700 1 Processor -- start
2024-05-08T05:10:43.037 INFO:teuthology.orchestra.run.smithi122.stdout:/usr/bin/ceph: stderr
2024-05-08T05:10:42.006+0000 7fa995a00700 1 -- start start
2024-05-08T05:10:43.037 INFO:teuthology.orchestra.run.smithi122.stdout:/usr/bin/ceph: stderr
2024-05-08T05:10:42.006+0000 7fa995a00700 1 --2- >> [v2:172.21.15.122:3300/0,v1:172.21.15.122:6789/0] conn(0x7fa99007ddd0 0x7fa99007c230 unknown :-1 s=NONE pgs=0 cs=0 l=0 rev1=0 crypto rx=0 tx=0 comp rx=0 tx=0).connect
2024-05-08T05:10:43.038 INFO:teuthology.orchestra.run.smithi122.stdout:/usr/bin/ceph: stderr
2024-05-08T05:10:42.006+0000 7fa995a00700 1 -- --> [v2:172.21.15.122:3300/0,v1:172.21.15.122:6789/0] -- mon_getmap magic: 0 -- 0x7fa99007c800 con 0x7fa99007ddd0
2024-05-08T05:10:43.038 INFO:teuthology.orchestra.run.smithi122.stdout:/usr/bin/ceph: stderr
2024-05-08T05:10:42.007+0000 7fa98fe00700 1 --2- >> [v2:172.21.15.122:3300/0,v1:172.21.15.122:6789/0] conn(0x7fa99007ddd0 0x7fa99007c230 unknown :-1 s=BANNER_CONNECTING pgs=0 cs=0 l=0 rev1=0 crypto rx=0 tx=0 comp rx=0 tx=0)._handle_peer_banner_payload supported=3 required=0
2024-05-08T05:10:43.038 INFO:teuthology.orchestra.run.smithi122.stdout:/usr/bin/ceph: stderr
2024-05-08T05:10:42.007+0000 7fa98fe00700 1 --2- >> [v2:172.21.15.122:3300/0,v1:172.21.15.122:6789/0] conn(0x7fa99007ddd0 0x7fa99007c230 unknown :-1 s=HELLO_CONNECTING pgs=0 cs=0 l=0 rev1=1 crypto rx=0 tx=0 comp rx=0 tx=0).handle_hello peer v2:172.21.15.122:3300/0 says I am v2:172.21.15.122:39782/0 (socket says 172.21.15.122:39782)
2024-05-08T05:10:43.038 INFO:teuthology.orchestra.run.smithi122.stdout:/usr/bin/ceph: stderr
2024-05-08T05:10:42.007+0000 7fa98fe00700 1 -- 172.21.15.122:0/1123045888 learned_addr learned my addr 172.21.15.122:0/1123045888 (peer_addr_for_me v2:172.21.15.122:0/0)
2024-05-08T05:10:43.038 INFO:teuthology.orchestra.run.smithi122.stdout:/usr/bin/ceph: stderr
2024-05-08T05:10:42.007+0000 7fa98fe00700 1 -- 172.21.15.122:0/1123045888 --> [v2:172.21.15.122:3300/0,v1:172.21.15.122:6789/0] -- mon_subscribe({config=0+,monmap=0+}) -- 0x7fa99007c980 con 0x7fa99007ddd0
2024-05-08T05:10:43.038 INFO:teuthology.orchestra.run.smithi122.stdout:/usr/bin/ceph: stderr
2024-05-08T05:10:42.008+0000 7fa98fe00700 1 --2- 172.21.15.122:0/1123045888 >> [v2:172.21.15.122:3300/0,v1:172.21.15.122:6789/0] conn(0x7fa99007ddd0 0x7fa99007c230 secure :-1 s=READY pgs=59 cs=0 l=1 rev1=1 crypto rx=0x7fa9800098a0 tx=0x7fa980009bb0 comp rx=0 tx=0).ready entity=mon.0 client_cookie=ebc75341273c17c6 server_cookie=0 in_seq=0 out_seq=0
2024-05-08T05:10:43.038 INFO:teuthology.orchestra.run.smithi122.stdout:/usr/bin/ceph: stderr
2024-05-08T05:10:42.008+0000 7fa98ea00700 1 -- 172.21.15.122:0/1123045888 <== mon.0 v2:172.21.15.122:3300/0 1 ==== mon_map magic: 0 ==== 205+0+0 (secure 0 0 0) 0x7fa980004160 con 0x7fa99007ddd0
2024-05-08T05:10:43.038 INFO:teuthology.orchestra.run.smithi122.stdout:/usr/bin/ceph: stderr
2024-05-08T05:10:42.008+0000 7fa98ea00700 1 -- 172.21.15.122:0/1123045888 <== mon.0 v2:172.21.15.122:3300/0 2 ==== config(26 keys) ==== 1101+0+0 (secure 0 0 0) 0x7fa980004300 con 0x7fa99007ddd0
2024-05-08T05:10:43.038 INFO:teuthology.orchestra.run.smithi122.stdout:/usr/bin/ceph: stderr
2024-05-08T05:10:42.008+0000 7fa98ea00700 1 -- 172.21.15.122:0/1123045888 <== mon.0 v2:172.21.15.122:3300/0 3 ==== mon_map magic: 0 ==== 205+0+0 (secure 0 0 0) 0x7fa980011a20 con 0x7fa99007ddd0
2024-05-08T05:10:43.038 INFO:teuthology.orchestra.run.smithi122.stdout:/usr/bin/ceph: stderr
2024-05-08T05:10:42.009+0000 7fa995a00700 1 -- 172.21.15.122:0/1123045888 >> [v2:172.21.15.122:3300/0,v1:172.21.15.122:6789/0] conn(0x7fa99007ddd0 msgr2=0x7fa99007c230 secure :-1 s=STATE_CONNECTION_ESTABLISHED l=1).mark_down
2024-05-08T05:10:43.038 INFO:teuthology.orchestra.run.smithi122.stdout:/usr/bin/ceph: stderr
2024-05-08T05:10:42.009+0000 7fa995a00700 1 --2- 172.21.15.122:0/1123045888 >> [v2:172.21.15.122:3300/0,v1:172.21.15.122:6789/0] conn(0x7fa99007ddd0 0x7fa99007c230 secure :-1 s=READY pgs=59 cs=0 l=1 rev1=1 crypto rx=0x7fa9800098a0 tx=0x7fa980009bb0 comp rx=0 tx=0).stop
2024-05-08T05:10:43.038 INFO:teuthology.orchestra.run.smithi122.stdout:/usr/bin/ceph: stderr
2024-05-08T05:10:42.009+0000 7fa995a00700 1 -- 172.21.15.122:0/1123045888 shutdown_connections
2024-05-08T05:10:43.038 INFO:teuthology.orchestra.run.smithi122.stdout:/usr/bin/ceph: stderr
2024-05-08T05:10:42.009+0000 7fa995a00700 1 --2- 172.21.15.122:0/1123045888 >> [v2:172.21.15.122:3300/0,v1:172.21.15.122:6789/0] conn(0x7fa99007ddd0 0x7fa99007c230 unknown :-1 s=CLOSED pgs=59 cs=0 l=1 rev1=1 crypto rx=0 tx=0 comp rx=0 tx=0).stop
2024-05-08T05:10:43.039 INFO:teuthology.orchestra.run.smithi122.stdout:/usr/bin/ceph: stderr
2024-05-08T05:10:42.009+0000 7fa995a00700 1 -- 172.21.15.122:0/1123045888 >> 172.21.15.122:0/1123045888 conn(0x7fa9901042d0 msgr2=0x7fa9901066f0 unknown :-1 s=STATE_NONE l=0).mark_down
2024-05-08T05:10:43.039 INFO:teuthology.orchestra.run.smithi122.stdout:/usr/bin/ceph: stderr
2024-05-08T05:10:42.009+0000 7fa995a00700 1 -- 172.21.15.122:0/1123045888 shutdown_connections
2024-05-08T05:10:43.039 INFO:teuthology.orchestra.run.smithi122.stdout:/usr/bin/ceph: stderr
2024-05-08T05:10:42.009+0000 7fa995a00700 1 -- 172.21.15.122:0/1123045888 wait complete.
2024-05-08T05:10:43.039 INFO:teuthology.orchestra.run.smithi122.stdout:/usr/bin/ceph: stderr
2024-05-08T05:10:42.010+0000 7fa995a00700 1 Processor -- start
2024-05-08T05:10:43.039 INFO:teuthology.orchestra.run.smithi122.stdout:/usr/bin/ceph: stderr
2024-05-08T05:10:42.010+0000 7fa995a00700 1 -- start start
2024-05-08T05:10:43.039 INFO:teuthology.orchestra.run.smithi122.stdout:/usr/bin/ceph: stderr
2024-05-08T05:10:42.010+0000 7fa995a00700 1 --2- >> [v2:172.21.15.122:3300/0,v1:172.21.15.122:6789/0] conn(0x7fa99007ddd0 0x7fa99019eda0 unknown :-1 s=NONE pgs=0 cs=0 l=1 rev1=0 crypto rx=0 tx=0 comp rx=0 tx=0).connect
2024-05-08T05:10:43.039 INFO:teuthology.orchestra.run.smithi122.stdout:/usr/bin/ceph: stderr
2024-05-08T05:10:42.010+0000 7fa995a00700 1 -- --> [v2:172.21.15.122:3300/0,v1:172.21.15.122:6789/0] -- mon_getmap magic: 0 -- 0x7fa99010f2f0 con 0x7fa99007ddd0
2024-05-08T05:10:43.039 INFO:teuthology.orchestra.run.smithi122.stdout:/usr/bin/ceph: stderr
2024-05-08T05:10:42.010+0000 7fa98fe00700 1 --2- >> [v2:172.21.15.122:3300/0,v1:172.21.15.122:6789/0] conn(0x7fa99007ddd0 0x7fa99019eda0 unknown :-1 s=BANNER_CONNECTING pgs=0 cs=0 l=1 rev1=0 crypto rx=0 tx=0 comp rx=0 tx=0)._handle_peer_banner_payload supported=3 required=0
2024-05-08T05:10:43.039 INFO:teuthology.orchestra.run.smithi122.stdout:/usr/bin/ceph: stderr
2024-05-08T05:10:42.011+0000 7fa98fe00700 1 --2- >> [v2:172.21.15.122:3300/0,v1:172.21.15.122:6789/0] conn(0x7fa99007ddd0 0x7fa99019eda0 unknown :-1 s=HELLO_CONNECTING pgs=0 cs=0 l=1 rev1=1 crypto rx=0 tx=0 comp rx=0 tx=0).handle_hello peer v2:172.21.15.122:3300/0 says I am v2:172.21.15.122:39794/0 (socket says 172.21.15.122:39794)
2024-05-08T05:10:43.039 INFO:teuthology.orchestra.run.smithi122.stdout:/usr/bin/ceph: stderr
2024-05-08T05:10:42.011+0000 7fa98fe00700 1 -- 172.21.15.122:0/3142998431 learned_addr learned my addr 172.21.15.122:0/3142998431 (peer_addr_for_me v2:172.21.15.122:0/0)
2024-05-08T05:10:43.039 INFO:teuthology.orchestra.run.smithi122.stdout:/usr/bin/ceph: stderr
2024-05-08T05:10:42.011+0000 7fa98fe00700 1 -- 172.21.15.122:0/3142998431 --> [v2:172.21.15.122:3300/0,v1:172.21.15.122:6789/0] -- mon_subscribe({config=0+,monmap=0+}) -- 0x7fa99019f2e0 con 0x7fa99007ddd0
2024-05-08T05:10:43.039 INFO:teuthology.orchestra.run.smithi122.stdout:/usr/bin/ceph: stderr
2024-05-08T05:10:42.011+0000 7fa98fe00700 1 --2- 172.21.15.122:0/3142998431 >> [v2:172.21.15.122:3300/0,v1:172.21.15.122:6789/0] conn(0x7fa99007ddd0 0x7fa99019eda0 secure :-1 s=READY pgs=60 cs=0 l=1 rev1=1 crypto rx=0x7fa980000c00 tx=0x7fa980011aa0 comp rx=0 tx=0).ready entity=mon.0 client_cookie=0 server_cookie=0 in_seq=0 out_seq=0
2024-05-08T05:10:43.039 INFO:teuthology.orchestra.run.smithi122.stdout:/usr/bin/ceph: stderr
2024-05-08T05:10:42.011+0000 7fa98cc00700 1 -- 172.21.15.122:0/3142998431 <== mon.0 v2:172.21.15.122:3300/0 1 ==== mon_map magic: 0 ==== 205+0+0 (secure 0 0 0) 0x7fa980003aa0 con 0x7fa99007ddd0
2024-05-08T05:10:43.039 INFO:teuthology.orchestra.run.smithi122.stdout:/usr/bin/ceph: stderr
2024-05-08T05:10:42.011+0000 7fa98cc00700 1 -- 172.21.15.122:0/3142998431 <== mon.0 v2:172.21.15.122:3300/0 2 ==== config(26 keys) ==== 1101+0+0 (secure 0 0 0) 0x7fa98001b8f0 con 0x7fa99007ddd0
2024-05-08T05:10:43.040 INFO:teuthology.orchestra.run.smithi122.stdout:/usr/bin/ceph: stderr
2024-05-08T05:10:42.011+0000 7fa98cc00700 1 -- 172.21.15.122:0/3142998431 <== mon.0 v2:172.21.15.122:3300/0 3 ==== mon_map magic: 0 ==== 205+0+0 (secure 0 0 0) 0x7fa980023890 con 0x7fa99007ddd0
2024-05-08T05:10:43.040 INFO:teuthology.orchestra.run.smithi122.stdout:/usr/bin/ceph: stderr
2024-05-08T05:10:42.011+0000 7fa995a00700 1 -- 172.21.15.122:0/3142998431 --> [v2:172.21.15.122:3300/0,v1:172.21.15.122:6789/0] -- mon_subscribe({mgrmap=0+}) -- 0x7fa99019f570 con 0x7fa99007ddd0
2024-05-08T05:10:43.040 INFO:teuthology.orchestra.run.smithi122.stdout:/usr/bin/ceph: stderr
2024-05-08T05:10:42.012+0000 7fa995a00700 1 -- 172.21.15.122:0/3142998431 --> [v2:172.21.15.122:3300/0,v1:172.21.15.122:6789/0] -- mon_subscribe({osdmap=0}) -- 0x7fa9901a2260 con 0x7fa99007ddd0
2024-05-08T05:10:43.040 INFO:teuthology.orchestra.run.smithi122.stdout:/usr/bin/ceph: stderr
2024-05-08T05:10:42.013+0000 7fa995a00700 1 -- 172.21.15.122:0/3142998431 --> [v2:172.21.15.122:3300/0,v1:172.21.15.122:6789/0] -- mon_command({"prefix": "get_command_descriptions"} v 0) -- 0x7fa990064b00 con 0x7fa99007ddd0
2024-05-08T05:10:43.040 INFO:teuthology.orchestra.run.smithi122.stdout:/usr/bin/ceph: stderr
2024-05-08T05:10:42.013+0000 7fa98cc00700 1 -- 172.21.15.122:0/3142998431 <== mon.0 v2:172.21.15.122:3300/0 4 ==== mgrmap(e 9) ==== 50235+0+0 (secure 0 0 0) 0x7fa98001b440 con 0x7fa99007ddd0
2024-05-08T05:10:43.040 INFO:teuthology.orchestra.run.smithi122.stdout:/usr/bin/ceph: stderr
2024-05-08T05:10:42.014+0000 7fa98cc00700 1 --2- 172.21.15.122:0/3142998431 >> [v2:172.21.15.122:6800/1440117086,v1:172.21.15.122:6801/1440117086] conn(0x7fa97403e520 0x7fa9740409e0 unknown :-1 s=NONE pgs=0 cs=0 l=1 rev1=0 crypto rx=0 tx=0 comp rx=0 tx=0).connect
2024-05-08T05:10:43.040 INFO:teuthology.orchestra.run.smithi122.stdout:/usr/bin/ceph: stderr
2024-05-08T05:10:42.014+0000 7fa98cc00700 1 -- 172.21.15.122:0/3142998431 <== mon.0 v2:172.21.15.122:3300/0 5 ==== osd_map(2..2 src has 1..2) ==== 940+0+0 (secure 0 0 0) 0x7fa980053e70 con 0x7fa99007ddd0
2024-05-08T05:10:43.040 INFO:teuthology.orchestra.run.smithi122.stdout:/usr/bin/ceph: stderr
2024-05-08T05:10:42.014+0000 7fa98f400700 1 -- 172.21.15.122:0/3142998431 >> [v2:172.21.15.122:6800/1440117086,v1:172.21.15.122:6801/1440117086] conn(0x7fa97403e520 msgr2=0x7fa9740409e0 unknown :-1 s=STATE_CONNECTING_RE l=1).process reconnect failed to v2:172.21.15.122:6800/1440117086
2024-05-08T05:10:43.040 INFO:teuthology.orchestra.run.smithi122.stdout:/usr/bin/ceph: stderr
2024-05-08T05:10:42.014+0000 7fa98f400700 1 --2- 172.21.15.122:0/3142998431 >> [v2:172.21.15.122:6800/1440117086,v1:172.21.15.122:6801/1440117086] conn(0x7fa97403e520 0x7fa9740409e0 unknown :-1 s=START_CONNECT pgs=0 cs=0 l=1 rev1=0 crypto rx=0 tx=0 comp rx=0 tx=0)._fault waiting 0.200000
2024-05-08T05:10:43.040 INFO:teuthology.orchestra.run.smithi122.stdout:/usr/bin/ceph: stderr
2024-05-08T05:10:42.023+0000 7fa98cc00700 1 -- 172.21.15.122:0/3142998431 <== mon.0 v2:172.21.15.122:3300/0 6 ==== mon_command_ack([{"prefix": "get_command_descriptions"}]=0 v0) ==== 72+0+191963 (secure 0 0 0) 0x7fa98001f030 con 0x7fa99007ddd0
2024-05-08T05:10:43.040 INFO:teuthology.orchestra.run.smithi122.stdout:/usr/bin/ceph: stderr
2024-05-08T05:10:42.215+0000 7fa98f400700 1 -- 172.21.15.122:0/3142998431 >> [v2:172.21.15.122:6800/1440117086,v1:172.21.15.122:6801/1440117086] conn(0x7fa97403e520 msgr2=0x7fa9740409e0 unknown :-1 s=STATE_CONNECTING_RE l=1).process reconnect failed to v2:172.21.15.122:6800/1440117086
2024-05-08T05:10:43.040 INFO:teuthology.orchestra.run.smithi122.stdout:/usr/bin/ceph: stderr
2024-05-08T05:10:42.215+0000 7fa98f400700 1 --2- 172.21.15.122:0/3142998431 >> [v2:172.21.15.122:6800/1440117086,v1:172.21.15.122:6801/1440117086] conn(0x7fa97403e520 0x7fa9740409e0 unknown :-1 s=START_CONNECT pgs=0 cs=0 l=1 rev1=0 crypto rx=0 tx=0 comp rx=0 tx=0)._fault waiting 0.400000
2024-05-08T05:10:43.040 INFO:teuthology.orchestra.run.smithi122.stdout:/usr/bin/ceph: stderr
2024-05-08T05:10:42.352+0000 7fa995a00700 1 -- 172.21.15.122:0/3142998431 --> [v2:172.21.15.122:3300/0,v1:172.21.15.122:6789/0] -- mon_command({"prefix": "mgr stat"} v 0) -- 0x7fa9901a2850 con 0x7fa99007ddd0
2024-05-08T05:10:43.040 INFO:teuthology.orchestra.run.smithi122.stdout:/usr/bin/ceph: stderr
2024-05-08T05:10:42.353+0000 7fa98cc00700 1 -- 172.21.15.122:0/3142998431 <== mon.0 v2:172.21.15.122:3300/0 7 ==== mon_command_ack([{"prefix": "mgr stat"}]=0 v9) ==== 56+0+88 (secure 0 0 0) 0x7fa980053800 con 0x7fa99007ddd0
2024-05-08T05:10:43.041 INFO:teuthology.orchestra.run.smithi122.stdout:/usr/bin/ceph: stderr
2024-05-08T05:10:42.355+0000 7fa995a00700 1 -- 172.21.15.122:0/3142998431 >> [v2:172.21.15.122:6800/1440117086,v1:172.21.15.122:6801/1440117086] conn(0x7fa97403e520 msgr2=0x7fa9740409e0 unknown :-1 s=STATE_CONNECTING l=1).mark_down
2024-05-08T05:10:43.041 INFO:teuthology.orchestra.run.smithi122.stdout:/usr/bin/ceph: stderr
2024-05-08T05:10:42.355+0000 7fa995a00700 1 --2- 172.21.15.122:0/3142998431 >> [v2:172.21.15.122:6800/1440117086,v1:172.21.15.122:6801/1440117086] conn(0x7fa97403e520 0x7fa9740409e0 unknown :-1 s=START_CONNECT pgs=0 cs=0 l=1 rev1=0 crypto rx=0 tx=0 comp rx=0 tx=0).stop
2024-05-08T05:10:43.041 INFO:teuthology.orchestra.run.smithi122.stdout:/usr/bin/ceph: stderr
2024-05-08T05:10:42.355+0000 7fa995a00700 1 -- 172.21.15.122:0/3142998431 >> [v2:172.21.15.122:3300/0,v1:172.21.15.122:6789/0] conn(0x7fa99007ddd0 msgr2=0x7fa99019eda0 secure :-1 s=STATE_CONNECTION_ESTABLISHED l=1).mark_down
2024-05-08T05:10:43.041 INFO:teuthology.orchestra.run.smithi122.stdout:/usr/bin/ceph: stderr
2024-05-08T05:10:42.355+0000 7fa995a00700 1 --2- 172.21.15.122:0/3142998431 >> [v2:172.21.15.122:3300/0,v1:172.21.15.122:6789/0] conn(0x7fa99007ddd0 0x7fa99019eda0 secure :-1 s=READY pgs=60 cs=0 l=1 rev1=1 crypto rx=0x7fa980000c00 tx=0x7fa980011aa0 comp rx=0 tx=0).stop
2024-05-08T05:10:43.041 INFO:teuthology.orchestra.run.smithi122.stdout:/usr/bin/ceph: stderr
2024-05-08T05:10:42.355+0000 7fa995a00700 1 -- 172.21.15.122:0/3142998431 shutdown_connections
2024-05-08T05:10:43.041 INFO:teuthology.orchestra.run.smithi122.stdout:/usr/bin/ceph: stderr
2024-05-08T05:10:42.355+0000 7fa995a00700 1 --2- 172.21.15.122:0/3142998431 >> [v2:172.21.15.122:6800/1440117086,v1:172.21.15.122:6801/1440117086] conn(0x7fa97403e520 0x7fa9740409e0 unknown :-1 s=CLOSED pgs=0 cs=0 l=1 rev1=0 crypto rx=0 tx=0 comp rx=0 tx=0).stop
2024-05-08T05:10:43.041 INFO:teuthology.orchestra.run.smithi122.stdout:/usr/bin/ceph: stderr
2024-05-08T05:10:42.355+0000 7fa995a00700 1 --2- 172.21.15.122:0/3142998431 >> [v2:172.21.15.122:3300/0,v1:172.21.15.122:6789/0] conn(0x7fa99007ddd0 0x7fa99019eda0 unknown :-1 s=CLOSED pgs=60 cs=0 l=1 rev1=1 crypto rx=0 tx=0 comp rx=0 tx=0).stop
2024-05-08T05:10:43.041 INFO:teuthology.orchestra.run.smithi122.stdout:/usr/bin/ceph: stderr
2024-05-08T05:10:42.355+0000 7fa995a00700 1 -- 172.21.15.122:0/3142998431 >> 172.21.15.122:0/3142998431 conn(0x7fa9901042d0 msgr2=0x7fa990104dc0 unknown :-1 s=STATE_NONE l=0).mark_down
2024-05-08T05:10:43.041 INFO:teuthology.orchestra.run.smithi122.stdout:/usr/bin/ceph: stderr
2024-05-08T05:10:42.356+0000 7fa995a00700 1 -- 172.21.15.122:0/3142998431 shutdown_connections
2024-05-08T05:10:43.041 INFO:teuthology.orchestra.run.smithi122.stdout:/usr/bin/ceph: stderr
2024-05-08T05:10:42.356+0000 7fa995a00700 1 -- 172.21.15.122:0/3142998431 wait complete.
2024-05-08T05:10:43.042 INFO:teuthology.orchestra.run.smithi122.stdout:Waiting for the mgr to restart...
2024-05-08T05:10:43.042 INFO:teuthology.orchestra.run.smithi122.stdout:Waiting for mgr epoch 9...
2024-05-08T05:10:43.572 INFO:journalctl@ceph.mgr.x.smithi122.stdout:May 08 05:10:43 smithi122 ceph-f1fa2e94-0cf8-11ef-bc97-c7b262605968-mgr-x[29794]:
2024-05-08T05:10:43.315+0000 7f2807bd1200 -1 mgr[py] Module telegraf has missing NOTIFY_TYPES member
2024-05-08T05:10:43.572 INFO:journalctl@ceph.mgr.x.smithi122.stdout:May 08 05:10:43 smithi122 ceph-f1fa2e94-0cf8-11ef-bc97-c7b262605968-mgr-x[29794]:
2024-05-08T05:10:43.558+0000 7f2807bd1200 -1 mgr[py] Module osd_support has missing NOTIFY_TYPES member
2024-05-08T05:10:43.832 INFO:journalctl@ceph.mgr.x.smithi122.stdout:May 08 05:10:43 smithi122 ceph-f1fa2e94-0cf8-11ef-bc97-c7b262605968-mgr-x[29794]:
2024-05-08T05:10:43.777+0000 7f2807bd1200 -1 mgr[py] Module iostat has missing NOTIFY_TYPES member
2024-05-08T05:10:44.459 INFO:journalctl@ceph.mgr.x.smithi122.stdout:May 08 05:10:44 smithi122 ceph-f1fa2e94-0cf8-11ef-bc97-c7b262605968-mgr-x[29794]:
2024-05-08T05:10:44.157+0000 7f2807bd1200 -1 mgr[py] Module alerts has missing NOTIFY_TYPES member
2024-05-08T05:10:44.459 INFO:journalctl@ceph.mgr.x.smithi122.stdout:May 08 05:10:44 smithi122 ceph-f1fa2e94-0cf8-11ef-bc97-c7b262605968-mgr-x[29794]:
2024-05-08T05:10:44.279+0000 7f2807bd1200 -1 mgr[py] Module selftest has missing NOTIFY_TYPES member
2024-05-08T05:10:44.796 INFO:journalctl@ceph.mgr.x.smithi122.stdout:May 08 05:10:44 smithi122 ceph-f1fa2e94-0cf8-11ef-bc97-c7b262605968-mgr-x[29794]:
2024-05-08T05:10:44.543+0000 7f2807bd1200 -1 mgr[py] Module pg_autoscaler has missing NOTIFY_TYPES member
2024-05-08T05:10:44.796 INFO:journalctl@ceph.mgr.x.smithi122.stdout:May 08 05:10:44 smithi122 ceph-f1fa2e94-0cf8-11ef-bc97-c7b262605968-mgr-x[29794]:
2024-05-08T05:10:44.794+0000 7f2807bd1200 -1 mgr[py] Module test_orchestrator has missing NOTIFY_TYPES member
