2024-05-08T05:10:45.865 INFO:journalctl@ceph.mgr.x.smithi122.stdout:May 08 05:10:45 smithi122 ceph-f1fa2e94-0cf8-11ef-bc97-c7b262605968-mgr-x[29794]:
2024-05-08T05:10:45.577+0000 7f2807bd1200 -1 mgr[py] Module rook has missing NOTIFY_TYPES member
2024-05-08T05:10:45.865 INFO:journalctl@ceph.mgr.x.smithi122.stdout:May 08 05:10:45 smithi122 ceph-f1fa2e94-0cf8-11ef-bc97-c7b262605968-mgr-x[29794]:
2024-05-08T05:10:45.863+0000 7f2807bd1200 -1 mgr[py] Module smb has missing NOTIFY_TYPES member
2024-05-08T05:10:46.709 INFO:journalctl@ceph.mgr.x.smithi122.stdout:May 08 05:10:46 smithi122 ceph-f1fa2e94-0cf8-11ef-bc97-c7b262605968-mgr-x[29794]:
2024-05-08T05:10:46.411+0000 7f2807bd1200 -1 mgr[py] Module volumes has missing NOTIFY_TYPES member
2024-05-08T05:10:46.709 INFO:journalctl@ceph.mgr.x.smithi122.stdout:May 08 05:10:46 smithi122 ceph-f1fa2e94-0cf8-11ef-bc97-c7b262605968-mgr-x[29794]:
2024-05-08T05:10:46.538+0000 7f2807bd1200 -1 mgr[py] Module crash has missing NOTIFY_TYPES member
2024-05-08T05:10:47.447 INFO:journalctl@ceph.mgr.x.smithi122.stdout:May 08 05:10:47 smithi122 ceph-f1fa2e94-0cf8-11ef-bc97-c7b262605968-mgr-x[29794]:
2024-05-08T05:10:46.998+0000 7f2807bd1200 -1 mgr[py] Module rgw has missing NOTIFY_TYPES member
2024-05-08T05:10:47.447 INFO:journalctl@ceph.mgr.x.smithi122.stdout:May 08 05:10:47 smithi122 ceph-f1fa2e94-0cf8-11ef-bc97-c7b262605968-mgr-x[29794]:
2024-05-08T05:10:47.445+0000 7f2807bd1200 -1 mgr[py] Module prometheus has missing NOTIFY_TYPES member
2024-05-08T05:10:47.709 INFO:journalctl@ceph.mgr.x.smithi122.stdout:May 08 05:10:47 smithi122 ceph-f1fa2e94-0cf8-11ef-bc97-c7b262605968-mgr-x[29794]:
2024-05-08T05:10:47.569+0000 7f2807bd1200 -1 mgr[py] Module devicehealth has missing NOTIFY_TYPES member
2024-05-08T05:10:48.204 INFO:journalctl@ceph.mgr.x.smithi122.stdout:May 08 05:10:47 smithi122 ceph-f1fa2e94-0cf8-11ef-bc97-c7b262605968-mgr-x[29794]:
2024-05-08T05:10:47.889+0000 7f2807bd1200 -1 mgr[py] Module telemetry has missing NOTIFY_TYPES member
2024-05-08T05:10:48.204 INFO:journalctl@ceph.mgr.x.smithi122.stdout:May 08 05:10:48 smithi122 ceph-f1fa2e94-0cf8-11ef-bc97-c7b262605968-mgr-x[29794]:
2024-05-08T05:10:48.071+0000 7f2807bd1200 -1 mgr[py] Module diskprediction_local has missing NOTIFY_TYPES member
2024-05-08T05:10:48.204 INFO:journalctl@ceph.mgr.x.smithi122.stdout:May 08 05:10:48 smithi122 ceph-f1fa2e94-0cf8-11ef-bc97-c7b262605968-mgr-x[29794]:
2024-05-08T05:10:48.202+0000 7f2807bd1200 -1 mgr[py] Module osd_perf_query has missing NOTIFY_TYPES member
2024-05-08T05:10:48.959 INFO:journalctl@ceph.mgr.x.smithi122.stdout:May 08 05:10:48 smithi122 ceph-f1fa2e94-0cf8-11ef-bc97-c7b262605968-mgr-x[29794]:
2024-05-08T05:10:48.597+0000 7f2807bd1200 -1 mgr[py] Module rbd_support has missing NOTIFY_TYPES member
2024-05-08T05:10:48.959 INFO:journalctl@ceph.mgr.x.smithi122.stdout:May 08 05:10:48 smithi122 ceph-f1fa2e94-0cf8-11ef-bc97-c7b262605968-mgr-x[29794]:
2024-05-08T05:10:48.723+0000 7f2807bd1200 -1 mgr[py] Module zabbix has missing NOTIFY_TYPES member
2024-05-08T05:10:49.793 INFO:journalctl@ceph.mgr.x.smithi122.stdout:May 08 05:10:49 smithi122 ceph-f1fa2e94-0cf8-11ef-bc97-c7b262605968-mgr-x[29794]:
2024-05-08T05:10:49.496+0000 7f2807bd1200 -1 mgr[py] Module status has missing NOTIFY_TYPES member
2024-05-08T05:10:49.793 INFO:journalctl@ceph.mgr.x.smithi122.stdout:May 08 05:10:49 smithi122 ceph-f1fa2e94-0cf8-11ef-bc97-c7b262605968-mgr-x[29794]:
2024-05-08T05:10:49.791+0000 7f2807bd1200 -1 mgr[py] Module nfs has missing NOTIFY_TYPES member
2024-05-08T05:10:50.209 INFO:journalctl@ceph.mon.a.smithi122.stdout:May 08 05:10:49 smithi122 ceph-mon[29552]: Active manager daemon x restarted
2024-05-08T05:10:50.209 INFO:journalctl@ceph.mon.a.smithi122.stdout:May 08 05:10:49 smithi122 ceph-mon[29552]: Activating manager daemon x
2024-05-08T05:10:50.209 INFO:journalctl@ceph.mon.a.smithi122.stdout:May 08 05:10:49 smithi122 ceph-mon[29552]: osdmap e3: 0 total, 0 up, 0 in
2024-05-08T05:10:50.209 INFO:journalctl@ceph.mon.a.smithi122.stdout:May 08 05:10:49 smithi122 ceph-mon[29552]: mgrmap e10: x(active, starting, since 0.00921672s)
2024-05-08T05:10:50.209 INFO:journalctl@ceph.mon.a.smithi122.stdout:May 08 05:10:49 smithi122 ceph-mon[29552]: from='mgr.14152 172.21.15.122:0/3403219678' entity='mgr.x' cmd=[{"prefix": "mon metadata", "id": "a"}]: dispatch
2024-05-08T05:10:50.209 INFO:journalctl@ceph.mon.a.smithi122.stdout:May 08 05:10:49 smithi122 ceph-mon[29552]: from='mgr.14152 172.21.15.122:0/3403219678' entity='mgr.x' cmd=[{"prefix": "mgr metadata", "who": "x", "id": "x"}]: dispatch
2024-05-08T05:10:50.209 INFO:journalctl@ceph.mon.a.smithi122.stdout:May 08 05:10:49 smithi122 ceph-mon[29552]: from='mgr.14152 172.21.15.122:0/3403219678' entity='mgr.x' cmd=[{"prefix": "mds metadata"}]: dispatch
2024-05-08T05:10:50.209 INFO:journalctl@ceph.mon.a.smithi122.stdout:May 08 05:10:49 smithi122 ceph-mon[29552]: from='mgr.14152 172.21.15.122:0/3403219678' entity='mgr.x' cmd=[{"prefix": "osd metadata"}]: dispatch
2024-05-08T05:10:50.209 INFO:journalctl@ceph.mon.a.smithi122.stdout:May 08 05:10:49 smithi122 ceph-mon[29552]: from='mgr.14152 172.21.15.122:0/3403219678' entity='mgr.x' cmd=[{"prefix": "mon metadata"}]: dispatch
2024-05-08T05:10:50.209 INFO:journalctl@ceph.mon.a.smithi122.stdout:May 08 05:10:49 smithi122 ceph-mon[29552]: Manager daemon x is now available
2024-05-08T05:10:51.174 INFO:journalctl@ceph.mon.a.smithi122.stdout:May 08 05:10:50 smithi122 ceph-mon[29552]: from='mgr.14152 172.21.15.122:0/3403219678' entity='mgr.x' cmd=[{"prefix": "config dump", "format": "json"}]: dispatch
2024-05-08T05:10:51.174 INFO:journalctl@ceph.mon.a.smithi122.stdout:May 08 05:10:50 smithi122 ceph-mon[29552]: from='mgr.14152 172.21.15.122:0/3403219678' entity='mgr.x' cmd=[{"prefix":"config rm","who":"mgr","name":"mgr/rbd_support/x/mirror_snapshot_schedule"}]: dispatch
2024-05-08T05:10:51.174 INFO:journalctl@ceph.mon.a.smithi122.stdout:May 08 05:10:50 smithi122 ceph-mon[29552]: from='mgr.14152 172.21.15.122:0/3403219678' entity='mgr.x' cmd=[{"prefix":"config rm","who":"mgr","name":"mgr/rbd_support/x/trash_purge_schedule"}]: dispatch
2024-05-08T05:10:51.174 INFO:journalctl@ceph.mon.a.smithi122.stdout:May 08 05:10:50 smithi122 ceph-mon[29552]: [08/May/2024:05:10:50] ENGINE Bus STARTING
2024-05-08T05:10:51.174 INFO:journalctl@ceph.mon.a.smithi122.stdout:May 08 05:10:50 smithi122 ceph-mon[29552]: [08/May/2024:05:10:50] ENGINE Serving on http://172.21.15.122:8765
2024-05-08T05:10:51.174 INFO:journalctl@ceph.mon.a.smithi122.stdout:May 08 05:10:50 smithi122 ceph-mon[29552]: mgrmap e11: x(active, since 1.00984s)
2024-05-08T05:10:51.556 INFO:teuthology.orchestra.run.smithi122.stdout:/usr/bin/ceph: stdout {
2024-05-08T05:10:51.557 INFO:teuthology.orchestra.run.smithi122.stdout:/usr/bin/ceph: stdout "mgrmap_epoch": 11,
2024-05-08T05:10:51.557 INFO:teuthology.orchestra.run.smithi122.stdout:/usr/bin/ceph: stdout "initialized": true
2024-05-08T05:10:51.557 INFO:teuthology.orchestra.run.smithi122.stdout:/usr/bin/ceph: stdout }
2024-05-08T05:10:51.559 INFO:teuthology.orchestra.run.smithi122.stdout:/usr/bin/ceph: stderr
2024-05-08T05:10:43.621+0000 7f0aa3400700 1 Processor -- start
2024-05-08T05:10:51.559 INFO:teuthology.orchestra.run.smithi122.stdout:/usr/bin/ceph: stderr
2024-05-08T05:10:43.621+0000 7f0aa3400700 1 -- start start
2024-05-08T05:10:51.559 INFO:teuthology.orchestra.run.smithi122.stdout:/usr/bin/ceph: stderr
2024-05-08T05:10:43.622+0000 7f0aa3400700 1 --2- >> [v2:172.21.15.122:3300/0,v1:172.21.15.122:6789/0] conn(0x7f0a9c07dd90 0x7f0a9c07c1f0 unknown :-1 s=NONE pgs=0 cs=0 l=0 rev1=0 crypto rx=0 tx=0 comp rx=0 tx=0).connect
2024-05-08T05:10:51.559 INFO:teuthology.orchestra.run.smithi122.stdout:/usr/bin/ceph: stderr
2024-05-08T05:10:43.622+0000 7f0aa3400700 1 -- --> [v2:172.21.15.122:3300/0,v1:172.21.15.122:6789/0] -- mon_getmap magic: 0 -- 0x7f0a9c07c7c0 con 0x7f0a9c07dd90
2024-05-08T05:10:51.559 INFO:teuthology.orchestra.run.smithi122.stdout:/usr/bin/ceph: stderr
2024-05-08T05:10:43.622+0000 7f0aa0a00700 1 --2- >> [v2:172.21.15.122:3300/0,v1:172.21.15.122:6789/0] conn(0x7f0a9c07dd90 0x7f0a9c07c1f0 unknown :-1 s=BANNER_CONNECTING pgs=0 cs=0 l=0 rev1=0 crypto rx=0 tx=0 comp rx=0 tx=0)._handle_peer_banner_payload supported=3 required=0
2024-05-08T05:10:51.559 INFO:teuthology.orchestra.run.smithi122.stdout:/usr/bin/ceph: stderr
2024-05-08T05:10:43.622+0000 7f0aa0a00700 1 --2- >> [v2:172.21.15.122:3300/0,v1:172.21.15.122:6789/0] conn(0x7f0a9c07dd90 0x7f0a9c07c1f0 unknown :-1 s=HELLO_CONNECTING pgs=0 cs=0 l=0 rev1=1 crypto rx=0 tx=0 comp rx=0 tx=0).handle_hello peer v2:172.21.15.122:3300/0 says I am v2:172.21.15.122:39796/0 (socket says 172.21.15.122:39796)
2024-05-08T05:10:51.559 INFO:teuthology.orchestra.run.smithi122.stdout:/usr/bin/ceph: stderr
2024-05-08T05:10:43.622+0000 7f0aa0a00700 1 -- 172.21.15.122:0/4241801692 learned_addr learned my addr 172.21.15.122:0/4241801692 (peer_addr_for_me v2:172.21.15.122:0/0)
2024-05-08T05:10:51.559 INFO:teuthology.orchestra.run.smithi122.stdout:/usr/bin/ceph: stderr
2024-05-08T05:10:43.623+0000 7f0aa0a00700 1 -- 172.21.15.122:0/4241801692 --> [v2:172.21.15.122:3300/0,v1:172.21.15.122:6789/0] -- mon_subscribe({config=0+,monmap=0+}) -- 0x7f0a9c07c940 con 0x7f0a9c07dd90
2024-05-08T05:10:51.560 INFO:teuthology.orchestra.run.smithi122.stdout:/usr/bin/ceph: stderr
2024-05-08T05:10:43.623+0000 7f0aa0a00700 1 --2- 172.21.15.122:0/4241801692 >> [v2:172.21.15.122:3300/0,v1:172.21.15.122:6789/0] conn(0x7f0a9c07dd90 0x7f0a9c07c1f0 secure :-1 s=READY pgs=61 cs=0 l=1 rev1=1 crypto rx=0x7f0a90009e80 tx=0x7f0a9000b330 comp rx=0 tx=0).ready entity=mon.0 client_cookie=35f3d0cd5c543e8b server_cookie=0 in_seq=0 out_seq=0
2024-05-08T05:10:51.560 INFO:teuthology.orchestra.run.smithi122.stdout:/usr/bin/ceph: stderr
2024-05-08T05:10:43.623+0000 7f0a9b400700 1 -- 172.21.15.122:0/4241801692 <== mon.0 v2:172.21.15.122:3300/0 1 ==== mon_map magic: 0 ==== 205+0+0 (secure 0 0 0) 0x7f0a90017070 con 0x7f0a9c07dd90
2024-05-08T05:10:51.560 INFO:teuthology.orchestra.run.smithi122.stdout:/usr/bin/ceph: stderr
2024-05-08T05:10:43.623+0000 7f0a9b400700 1 -- 172.21.15.122:0/4241801692 <== mon.0 v2:172.21.15.122:3300/0 2 ==== config(26 keys) ==== 1101+0+0 (secure 0 0 0) 0x7f0a9000b8c0 con 0x7f0a9c07dd90
2024-05-08T05:10:51.560 INFO:teuthology.orchestra.run.smithi122.stdout:/usr/bin/ceph: stderr
2024-05-08T05:10:43.623+0000 7f0a9b400700 1 -- 172.21.15.122:0/4241801692 <== mon.0 v2:172.21.15.122:3300/0 3 ==== mon_map magic: 0 ==== 205+0+0 (secure 0 0 0) 0x7f0a90004490 con 0x7f0a9c07dd90
2024-05-08T05:10:51.563 INFO:teuthology.orchestra.run.smithi122.stdout:/usr/bin/ceph: stderr
2024-05-08T05:10:43.624+0000 7f0aa3400700 1 -- 172.21.15.122:0/4241801692 >> [v2:172.21.15.122:3300/0,v1:172.21.15.122:6789/0] conn(0x7f0a9c07dd90 msgr2=0x7f0a9c07c1f0 secure :-1 s=STATE_CONNECTION_ESTABLISHED l=1).mark_down
2024-05-08T05:10:51.563 INFO:teuthology.orchestra.run.smithi122.stdout:/usr/bin/ceph: stderr
2024-05-08T05:10:43.624+0000 7f0aa3400700 1 --2- 172.21.15.122:0/4241801692 >> [v2:172.21.15.122:3300/0,v1:172.21.15.122:6789/0] conn(0x7f0a9c07dd90 0x7f0a9c07c1f0 secure :-1 s=READY pgs=61 cs=0 l=1 rev1=1 crypto rx=0x7f0a90009e80 tx=0x7f0a9000b330 comp rx=0 tx=0).stop
2024-05-08T05:10:51.563 INFO:teuthology.orchestra.run.smithi122.stdout:/usr/bin/ceph: stderr
2024-05-08T05:10:43.624+0000 7f0aa3400700 1 -- 172.21.15.122:0/4241801692 shutdown_connections
2024-05-08T05:10:51.563 INFO:teuthology.orchestra.run.smithi122.stdout:/usr/bin/ceph: stderr
2024-05-08T05:10:43.624+0000 7f0aa3400700 1 --2- 172.21.15.122:0/4241801692 >> [v2:172.21.15.122:3300/0,v1:172.21.15.122:6789/0] conn(0x7f0a9c07dd90 0x7f0a9c07c1f0 unknown :-1 s=CLOSED pgs=61 cs=0 l=1 rev1=1 crypto rx=0 tx=0 comp rx=0 tx=0).stop
2024-05-08T05:10:51.563 INFO:teuthology.orchestra.run.smithi122.stdout:/usr/bin/ceph: stderr
2024-05-08T05:10:43.624+0000 7f0aa3400700 1 -- 172.21.15.122:0/4241801692 >> 172.21.15.122:0/4241801692 conn(0x7f0a9c104490 msgr2=0x7f0a9c1068b0 unknown :-1 s=STATE_NONE l=0).mark_down
2024-05-08T05:10:51.563 INFO:teuthology.orchestra.run.smithi122.stdout:/usr/bin/ceph: stderr
2024-05-08T05:10:43.625+0000 7f0aa3400700 1 -- 172.21.15.122:0/4241801692 shutdown_connections
2024-05-08T05:10:51.564 INFO:teuthology.orchestra.run.smithi122.stdout:/usr/bin/ceph: stderr
2024-05-08T05:10:43.625+0000 7f0aa3400700 1 -- 172.21.15.122:0/4241801692 wait complete.
2024-05-08T05:10:51.564 INFO:teuthology.orchestra.run.smithi122.stdout:/usr/bin/ceph: stderr
2024-05-08T05:10:43.625+0000 7f0aa3400700 1 Processor -- start
2024-05-08T05:10:51.564 INFO:teuthology.orchestra.run.smithi122.stdout:/usr/bin/ceph: stderr
2024-05-08T05:10:43.626+0000 7f0aa3400700 1 -- start start
2024-05-08T05:10:51.564 INFO:teuthology.orchestra.run.smithi122.stdout:/usr/bin/ceph: stderr
2024-05-08T05:10:43.626+0000 7f0aa3400700 1 --2- >> [v2:172.21.15.122:3300/0,v1:172.21.15.122:6789/0] conn(0x7f0a9c07dd90 0x7f0a9c19efc0 unknown :-1 s=NONE pgs=0 cs=0 l=1 rev1=0 crypto rx=0 tx=0 comp rx=0 tx=0).connect
2024-05-08T05:10:51.564 INFO:teuthology.orchestra.run.smithi122.stdout:/usr/bin/ceph: stderr
2024-05-08T05:10:43.626+0000 7f0aa3400700 1 -- --> [v2:172.21.15.122:3300/0,v1:172.21.15.122:6789/0] -- mon_getmap magic: 0 -- 0x7f0a9c10f4f0 con 0x7f0a9c07dd90
2024-05-08T05:10:51.564 INFO:teuthology.orchestra.run.smithi122.stdout:/usr/bin/ceph: stderr
2024-05-08T05:10:43.626+0000 7f0aa0a00700 1 --2- >> [v2:172.21.15.122:3300/0,v1:172.21.15.122:6789/0] conn(0x7f0a9c07dd90 0x7f0a9c19efc0 unknown :-1 s=BANNER_CONNECTING pgs=0 cs=0 l=1 rev1=0 crypto rx=0 tx=0 comp rx=0 tx=0)._handle_peer_banner_payload supported=3 required=0
2024-05-08T05:10:51.564 INFO:teuthology.orchestra.run.smithi122.stdout:/usr/bin/ceph: stderr
2024-05-08T05:10:43.626+0000 7f0aa0a00700 1 --2- >> [v2:172.21.15.122:3300/0,v1:172.21.15.122:6789/0] conn(0x7f0a9c07dd90 0x7f0a9c19efc0 unknown :-1 s=HELLO_CONNECTING pgs=0 cs=0 l=1 rev1=1 crypto rx=0 tx=0 comp rx=0 tx=0).handle_hello peer v2:172.21.15.122:3300/0 says I am v2:172.21.15.122:39804/0 (socket says 172.21.15.122:39804)
2024-05-08T05:10:51.564 INFO:teuthology.orchestra.run.smithi122.stdout:/usr/bin/ceph: stderr
2024-05-08T05:10:43.626+0000 7f0aa0a00700 1 -- 172.21.15.122:0/4041263243 learned_addr learned my addr 172.21.15.122:0/4041263243 (peer_addr_for_me v2:172.21.15.122:0/0)
2024-05-08T05:10:51.564 INFO:teuthology.orchestra.run.smithi122.stdout:/usr/bin/ceph: stderr
2024-05-08T05:10:43.627+0000 7f0aa0a00700 1 -- 172.21.15.122:0/4041263243 --> [v2:172.21.15.122:3300/0,v1:172.21.15.122:6789/0] -- mon_subscribe({config=0+,monmap=0+}) -- 0x7f0a9c19f500 con 0x7f0a9c07dd90
2024-05-08T05:10:51.564 INFO:teuthology.orchestra.run.smithi122.stdout:/usr/bin/ceph: stderr
2024-05-08T05:10:43.627+0000 7f0aa0a00700 1 --2- 172.21.15.122:0/4041263243 >> [v2:172.21.15.122:3300/0,v1:172.21.15.122:6789/0] conn(0x7f0a9c07dd90 0x7f0a9c19efc0 secure :-1 s=READY pgs=62 cs=0 l=1 rev1=1 crypto rx=0x7f0a90004220 tx=0x7f0a900093e0 comp rx=0 tx=0).ready entity=mon.0 client_cookie=0 server_cookie=0 in_seq=0 out_seq=0
2024-05-08T05:10:51.564 INFO:teuthology.orchestra.run.smithi122.stdout:/usr/bin/ceph: stderr
2024-05-08T05:10:43.627+0000 7f0a99600700 1 -- 172.21.15.122:0/4041263243 <== mon.0 v2:172.21.15.122:3300/0 1 ==== mon_map magic: 0 ==== 205+0+0 (secure 0 0 0) 0x7f0a90020020 con 0x7f0a9c07dd90
2024-05-08T05:10:51.564 INFO:teuthology.orchestra.run.smithi122.stdout:/usr/bin/ceph: stderr
2024-05-08T05:10:43.627+0000 7f0a99600700 1 -- 172.21.15.122:0/4041263243 <== mon.0 v2:172.21.15.122:3300/0 2 ==== config(26 keys) ==== 1101+0+0 (secure 0 0 0) 0x7f0a90003b50 con 0x7f0a9c07dd90
2024-05-08T05:10:51.564 INFO:teuthology.orchestra.run.smithi122.stdout:/usr/bin/ceph: stderr
2024-05-08T05:10:43.627+0000 7f0aa3400700 1 -- 172.21.15.122:0/4041263243 --> [v2:172.21.15.122:3300/0,v1:172.21.15.122:6789/0] -- mon_subscribe({mgrmap=0+}) -- 0x7f0a9c19f790 con 0x7f0a9c07dd90
2024-05-08T05:10:51.565 INFO:teuthology.orchestra.run.smithi122.stdout:/usr/bin/ceph: stderr
2024-05-08T05:10:43.627+0000 7f0a99600700 1 -- 172.21.15.122:0/4041263243 <== mon.0 v2:172.21.15.122:3300/0 3 ==== mon_map magic: 0 ==== 205+0+0 (secure 0 0 0) 0x7f0a90017040 con 0x7f0a9c07dd90
2024-05-08T05:10:51.565 INFO:teuthology.orchestra.run.smithi122.stdout:/usr/bin/ceph: stderr
2024-05-08T05:10:43.627+0000 7f0aa3400700 1 -- 172.21.15.122:0/4041263243 --> [v2:172.21.15.122:3300/0,v1:172.21.15.122:6789/0] -- mon_subscribe({osdmap=0}) -- 0x7f0a9c1a2480 con 0x7f0a9c07dd90
2024-05-08T05:10:51.565 INFO:teuthology.orchestra.run.smithi122.stdout:/usr/bin/ceph: stderr
2024-05-08T05:10:43.629+0000 7f0a99600700 1 -- 172.21.15.122:0/4041263243 <== mon.0 v2:172.21.15.122:3300/0 4 ==== mgrmap(e 9) ==== 50235+0+0 (secure 0 0 0) 0x7f0a90023020 con 0x7f0a9c07dd90
2024-05-08T05:10:51.565 INFO:teuthology.orchestra.run.smithi122.stdout:/usr/bin/ceph: stderr
2024-05-08T05:10:43.629+0000 7f0a99600700 1 --2- 172.21.15.122:0/4041263243 >> [v2:172.21.15.122:6800/1440117086,v1:172.21.15.122:6801/1440117086] conn(0x7f0a8403e4c0 0x7f0a84040980 unknown :-1 s=NONE pgs=0 cs=0 l=1 rev1=0 crypto rx=0 tx=0 comp rx=0 tx=0).connect
2024-05-08T05:10:51.565 INFO:teuthology.orchestra.run.smithi122.stdout:/usr/bin/ceph: stderr
2024-05-08T05:10:43.629+0000 7f0a99600700 1 -- 172.21.15.122:0/4041263243 --> [v2:172.21.15.122:6800/1440117086,v1:172.21.15.122:6801/1440117086] -- command(tid 0: {"prefix": "get_command_descriptions"}) -- 0x7f0a84041090 con 0x7f0a8403e4c0
2024-05-08T05:10:51.565 INFO:teuthology.orchestra.run.smithi122.stdout:/usr/bin/ceph: stderr
2024-05-08T05:10:43.629+0000 7f0a99600700 1 -- 172.21.15.122:0/4041263243 <== mon.0 v2:172.21.15.122:3300/0 5 ==== osd_map(2..2 src has 1..2) ==== 940+0+0 (secure 0 0 0) 0x7f0a9000f050 con 0x7f0a9c07dd90
2024-05-08T05:10:51.565 INFO:teuthology.orchestra.run.smithi122.stdout:/usr/bin/ceph: stderr
2024-05-08T05:10:43.629+0000 7f0a9be00700 1 -- 172.21.15.122:0/4041263243 >> [v2:172.21.15.122:6800/1440117086,v1:172.21.15.122:6801/1440117086] conn(0x7f0a8403e4c0 msgr2=0x7f0a84040980 unknown :-1 s=STATE_CONNECTING_RE l=1).process reconnect failed to v2:172.21.15.122:6800/1440117086
2024-05-08T05:10:51.565 INFO:teuthology.orchestra.run.smithi122.stdout:/usr/bin/ceph: stderr
2024-05-08T05:10:43.630+0000 7f0a9be00700 1 --2- 172.21.15.122:0/4041263243 >> [v2:172.21.15.122:6800/1440117086,v1:172.21.15.122:6801/1440117086] conn(0x7f0a8403e4c0 0x7f0a84040980 unknown :-1 s=START_CONNECT pgs=0 cs=0 l=1 rev1=0 crypto rx=0 tx=0 comp rx=0 tx=0)._fault waiting 0.200000
2024-05-08T05:10:51.565 INFO:teuthology.orchestra.run.smithi122.stdout:/usr/bin/ceph: stderr
2024-05-08T05:10:43.831+0000 7f0a9be00700 1 -- 172.21.15.122:0/4041263243 >> [v2:172.21.15.122:6800/1440117086,v1:172.21.15.122:6801/1440117086] conn(0x7f0a8403e4c0 msgr2=0x7f0a84040980 unknown :-1 s=STATE_CONNECTING_RE l=1).process reconnect failed to v2:172.21.15.122:6800/1440117086
2024-05-08T05:10:51.568 INFO:teuthology.orchestra.run.smithi122.stdout:/usr/bin/ceph: stderr
2024-05-08T05:10:43.831+0000 7f0a9be00700 1 --2- 172.21.15.122:0/4041263243 >> [v2:172.21.15.122:6800/1440117086,v1:172.21.15.122:6801/1440117086] conn(0x7f0a8403e4c0 0x7f0a84040980 unknown :-1 s=START_CONNECT pgs=0 cs=0 l=1 rev1=0 crypto rx=0 tx=0 comp rx=0 tx=0)._fault waiting 0.400000
2024-05-08T05:10:51.569 INFO:teuthology.orchestra.run.smithi122.stdout:/usr/bin/ceph: stderr
2024-05-08T05:10:44.232+0000 7f0a9be00700 1 -- 172.21.15.122:0/4041263243 >> [v2:172.21.15.122:6800/1440117086,v1:172.21.15.122:6801/1440117086] conn(0x7f0a8403e4c0 msgr2=0x7f0a84040980 unknown :-1 s=STATE_CONNECTING_RE l=1).process reconnect failed to v2:172.21.15.122:6800/1440117086
2024-05-08T05:10:51.569 INFO:teuthology.orchestra.run.smithi122.stdout:/usr/bin/ceph: stderr
2024-05-08T05:10:44.232+0000 7f0a9be00700 1 --2- 172.21.15.122:0/4041263243 >> [v2:172.21.15.122:6800/1440117086,v1:172.21.15.122:6801/1440117086] conn(0x7f0a8403e4c0 0x7f0a84040980 unknown :-1 s=START_CONNECT pgs=0 cs=0 l=1 rev1=0 crypto rx=0 tx=0 comp rx=0 tx=0)._fault waiting 0.800000
2024-05-08T05:10:51.569 INFO:teuthology.orchestra.run.smithi122.stdout:/usr/bin/ceph: stderr
2024-05-08T05:10:45.033+0000 7f0a9be00700 1 -- 172.21.15.122:0/4041263243 >> [v2:172.21.15.122:6800/1440117086,v1:172.21.15.122:6801/1440117086] conn(0x7f0a8403e4c0 msgr2=0x7f0a84040980 unknown :-1 s=STATE_CONNECTING_RE l=1).process reconnect failed to v2:172.21.15.122:6800/1440117086
2024-05-08T05:10:51.569 INFO:teuthology.orchestra.run.smithi122.stdout:/usr/bin/ceph: stderr
2024-05-08T05:10:45.033+0000 7f0a9be00700 1 --2- 172.21.15.122:0/4041263243 >> [v2:172.21.15.122:6800/1440117086,v1:172.21.15.122:6801/1440117086] conn(0x7f0a8403e4c0 0x7f0a84040980 unknown :-1 s=START_CONNECT pgs=0 cs=0 l=1 rev1=0 crypto rx=0 tx=0 comp rx=0 tx=0)._fault waiting 1.600000
2024-05-08T05:10:51.569 INFO:teuthology.orchestra.run.smithi122.stdout:/usr/bin/ceph: stderr
2024-05-08T05:10:46.635+0000 7f0a9be00700 1 -- 172.21.15.122:0/4041263243 >> [v2:172.21.15.122:6800/1440117086,v1:172.21.15.122:6801/1440117086] conn(0x7f0a8403e4c0 msgr2=0x7f0a84040980 unknown :-1 s=STATE_CONNECTING_RE l=1).process reconnect failed to v2:172.21.15.122:6800/1440117086
2024-05-08T05:10:51.569 INFO:teuthology.orchestra.run.smithi122.stdout:/usr/bin/ceph: stderr
2024-05-08T05:10:46.635+0000 7f0a9be00700 1 --2- 172.21.15.122:0/4041263243 >> [v2:172.21.15.122:6800/1440117086,v1:172.21.15.122:6801/1440117086] conn(0x7f0a8403e4c0 0x7f0a84040980 unknown :-1 s=START_CONNECT pgs=0 cs=0 l=1 rev1=0 crypto rx=0 tx=0 comp rx=0 tx=0)._fault waiting 3.200000
2024-05-08T05:10:51.569 INFO:teuthology.orchestra.run.smithi122.stdout:/usr/bin/ceph: stderr
2024-05-08T05:10:49.802+0000 7f0a99600700 1 -- 172.21.15.122:0/4041263243 <== mon.0 v2:172.21.15.122:3300/0 6 ==== mgrmap(e 10) ==== 50002+0+0 (secure 0 0 0) 0x7f0a90012950 con 0x7f0a9c07dd90
2024-05-08T05:10:51.569 INFO:teuthology.orchestra.run.smithi122.stdout:/usr/bin/ceph: stderr
2024-05-08T05:10:49.802+0000 7f0a99600700 1 -- 172.21.15.122:0/4041263243 >> [v2:172.21.15.122:6800/1440117086,v1:172.21.15.122:6801/1440117086] conn(0x7f0a8403e4c0 msgr2=0x7f0a84040980 unknown :-1 s=STATE_CONNECTING l=1).mark_down
2024-05-08T05:10:51.569 INFO:teuthology.orchestra.run.smithi122.stdout:/usr/bin/ceph: stderr
2024-05-08T05:10:49.802+0000 7f0a99600700 1 --2- 172.21.15.122:0/4041263243 >> [v2:172.21.15.122:6800/1440117086,v1:172.21.15.122:6801/1440117086] conn(0x7f0a8403e4c0 0x7f0a84040980 unknown :-1 s=START_CONNECT pgs=0 cs=0 l=1 rev1=0 crypto rx=0 tx=0 comp rx=0 tx=0).stop
2024-05-08T05:10:51.569 INFO:teuthology.orchestra.run.smithi122.stdout:/usr/bin/ceph: stderr
2024-05-08T05:10:50.801+0000 7f0a99600700 1 -- 172.21.15.122:0/4041263243 <== mon.0 v2:172.21.15.122:3300/0 7 ==== mgrmap(e 11) ==== 50129+0+0 (secure 0 0 0) 0x7f0a90023d50 con 0x7f0a9c07dd90
2024-05-08T05:10:51.569 INFO:teuthology.orchestra.run.smithi122.stdout:/usr/bin/ceph: stderr
2024-05-08T05:10:50.801+0000 7f0a99600700 1 --2- 172.21.15.122:0/4041263243 >> [v2:172.21.15.122:6800/2582011257,v1:172.21.15.122:6801/2582011257] conn(0x7f0a84041f90 0x7f0a84044380 unknown :-1 s=NONE pgs=0 cs=0 l=1 rev1=0 crypto rx=0 tx=0 comp rx=0 tx=0).connect
2024-05-08T05:10:51.569 INFO:teuthology.orchestra.run.smithi122.stdout:/usr/bin/ceph: stderr
2024-05-08T05:10:50.801+0000 7f0a99600700 1 -- 172.21.15.122:0/4041263243 --> [v2:172.21.15.122:6800/2582011257,v1:172.21.15.122:6801/2582011257] -- command(tid 0: {"prefix": "get_command_descriptions"}) -- 0x7f0a9000fec0 con 0x7f0a84041f90
2024-05-08T05:10:51.570 INFO:teuthology.orchestra.run.smithi122.stdout:/usr/bin/ceph: stderr
2024-05-08T05:10:50.802+0000 7f0a9be00700 1 --2- 172.21.15.122:0/4041263243 >> [v2:172.21.15.122:6800/2582011257,v1:172.21.15.122:6801/2582011257] conn(0x7f0a84041f90 0x7f0a84044380 unknown :-1 s=BANNER_CONNECTING pgs=0 cs=0 l=1 rev1=0 crypto rx=0 tx=0 comp rx=0 tx=0)._handle_peer_banner_payload supported=3 required=0
2024-05-08T05:10:51.570 INFO:teuthology.orchestra.run.smithi122.stdout:/usr/bin/ceph: stderr
2024-05-08T05:10:50.803+0000 7f0a9be00700 1 --2- 172.21.15.122:0/4041263243 >> [v2:172.21.15.122:6800/2582011257,v1:172.21.15.122:6801/2582011257] conn(0x7f0a84041f90 0x7f0a84044380 secure :-1 s=READY pgs=1 cs=0 l=1 rev1=1 crypto rx=0x7f0a88003a10 tx=0x7f0a880092b0 comp rx=0 tx=0).ready entity=mgr.14152 client_cookie=0 server_cookie=0 in_seq=0 out_seq=0
2024-05-08T05:10:51.570 INFO:teuthology.orchestra.run.smithi122.stdout:/usr/bin/ceph: stderr
2024-05-08T05:10:50.804+0000 7f0a99600700 1 -- 172.21.15.122:0/4041263243 <== mgr.14152 v2:172.21.15.122:6800/2582011257 1 ==== command_reply(tid 0: 0 ) ==== 8+0+9564 (secure 0 0 0) 0x7f0a9000fec0 con 0x7f0a84041f90
2024-05-08T05:10:51.570 INFO:teuthology.orchestra.run.smithi122.stdout:/usr/bin/ceph: stderr
2024-05-08T05:10:50.815+0000 7f0aa3400700 1 -- 172.21.15.122:0/4041263243 --> [v2:172.21.15.122:6800/2582011257,v1:172.21.15.122:6801/2582011257] -- command(tid 1: {"prefix": "mgr_status"}) -- 0x7f0a9c064b00 con 0x7f0a84041f90
2024-05-08T05:10:51.570 INFO:teuthology.orchestra.run.smithi122.stdout:/usr/bin/ceph: stderr
2024-05-08T05:10:50.816+0000 7f0a99600700 1 -- 172.21.15.122:0/4041263243 <== mgr.14152 v2:172.21.15.122:6800/2582011257 2 ==== command_reply(tid 1: 0 ) ==== 8+0+52 (secure 0 0 0) 0x7f0a9c064b00 con 0x7f0a84041f90
2024-05-08T05:10:51.570 INFO:teuthology.orchestra.run.smithi122.stdout:/usr/bin/ceph: stderr
2024-05-08T05:10:50.816+0000 7f0aa3400700 1 -- 172.21.15.122:0/4041263243 >> [v2:172.21.15.122:6800/2582011257,v1:172.21.15.122:6801/2582011257] conn(0x7f0a84041f90 msgr2=0x7f0a84044380 secure :-1 s=STATE_CONNECTION_ESTABLISHED l=1).mark_down
2024-05-08T05:10:51.570 INFO:teuthology.orchestra.run.smithi122.stdout:/usr/bin/ceph: stderr
2024-05-08T05:10:50.816+0000 7f0aa3400700 1 --2- 172.21.15.122:0/4041263243 >> [v2:172.21.15.122:6800/2582011257,v1:172.21.15.122:6801/2582011257] conn(0x7f0a84041f90 0x7f0a84044380 secure :-1 s=READY pgs=1 cs=0 l=1 rev1=1 crypto rx=0x7f0a88003a10 tx=0x7f0a880092b0 comp rx=0 tx=0).stop
2024-05-08T05:10:51.570 INFO:teuthology.orchestra.run.smithi122.stdout:/usr/bin/ceph: stderr
2024-05-08T05:10:50.816+0000 7f0aa3400700 1 -- 172.21.15.122:0/4041263243 >> [v2:172.21.15.122:3300/0,v1:172.21.15.122:6789/0] conn(0x7f0a9c07dd90 msgr2=0x7f0a9c19efc0 secure :-1 s=STATE_CONNECTION_ESTABLISHED l=1).mark_down
2024-05-08T05:10:51.570 INFO:teuthology.orchestra.run.smithi122.stdout:/usr/bin/ceph: stderr
2024-05-08T05:10:50.816+0000 7f0aa3400700 1 --2- 172.21.15.122:0/4041263243 >> [v2:172.21.15.122:3300/0,v1:172.21.15.122:6789/0] conn(0x7f0a9c07dd90 0x7f0a9c19efc0 secure :-1 s=READY pgs=62 cs=0 l=1 rev1=1 crypto rx=0x7f0a90004220 tx=0x7f0a900093e0 comp rx=0 tx=0).stop
2024-05-08T05:10:51.570 INFO:teuthology.orchestra.run.smithi122.stdout:/usr/bin/ceph: stderr
2024-05-08T05:10:50.816+0000 7f0aa3400700 1 -- 172.21.15.122:0/4041263243 shutdown_connections
2024-05-08T05:10:51.570 INFO:teuthology.orchestra.run.smithi122.stdout:/usr/bin/ceph: stderr
2024-05-08T05:10:50.816+0000 7f0aa3400700 1 --2- 172.21.15.122:0/4041263243 >> [v2:172.21.15.122:6800/2582011257,v1:172.21.15.122:6801/2582011257] conn(0x7f0a84041f90 0x7f0a84044380 unknown :-1 s=CLOSED pgs=1 cs=0 l=1 rev1=1 crypto rx=0 tx=0 comp rx=0 tx=0).stop
2024-05-08T05:10:51.570 INFO:teuthology.orchestra.run.smithi122.stdout:/usr/bin/ceph: stderr
2024-05-08T05:10:50.816+0000 7f0aa3400700 1 --2- 172.21.15.122:0/4041263243 >> [v2:172.21.15.122:3300/0,v1:172.21.15.122:6789/0] conn(0x7f0a9c07dd90 0x7f0a9c19efc0 unknown :-1 s=CLOSED pgs=62 cs=0 l=1 rev1=1 crypto rx=0 tx=0 comp rx=0 tx=0).stop
2024-05-08T05:10:51.570 INFO:teuthology.orchestra.run.smithi122.stdout:/usr/bin/ceph: stderr
2024-05-08T05:10:50.816+0000 7f0aa3400700 1 --2- 172.21.15.122:0/4041263243 >> [v2:172.21.15.122:6800/1440117086,v1:172.21.15.122:6801/1440117086] conn(0x7f0a8403e4c0 0x7f0a84040980 unknown :-1 s=CLOSED pgs=0 cs=0 l=1 rev1=0 crypto rx=0 tx=0 comp rx=0 tx=0).stop
2024-05-08T05:10:51.571 INFO:teuthology.orchestra.run.smithi122.stdout:/usr/bin/ceph: stderr
2024-05-08T05:10:50.816+0000 7f0aa3400700 1 -- 172.21.15.122:0/4041263243 >> 172.21.15.122:0/4041263243 conn(0x7f0a9c104490 msgr2=0x7f0a9c104f60 unknown :-1 s=STATE_NONE l=0).mark_down
2024-05-08T05:10:51.571 INFO:teuthology.orchestra.run.smithi122.stdout:/usr/bin/ceph: stderr
2024-05-08T05:10:50.817+0000 7f0aa3400700 1 -- 172.21.15.122:0/4041263243 shutdown_connections
2024-05-08T05:10:51.571 INFO:teuthology.orchestra.run.smithi122.stdout:/usr/bin/ceph: stderr
2024-05-08T05:10:50.817+0000 7f0aa3400700 1 -- 172.21.15.122:0/4041263243 wait complete.
2024-05-08T05:10:51.571 INFO:teuthology.orchestra.run.smithi122.stdout:mgr epoch 9 is available
2024-05-08T05:10:51.571 INFO:teuthology.orchestra.run.smithi122.stdout:Generating a dashboard self-signed certificate...
2024-05-08T05:10:52.156 INFO:journalctl@ceph.mon.a.smithi122.stdout:May 08 05:10:51 smithi122 ceph-mon[29552]: [08/May/2024:05:10:50] ENGINE Serving on https://172.21.15.122:7150
2024-05-08T05:10:52.156 INFO:journalctl@ceph.mon.a.smithi122.stdout:May 08 05:10:51 smithi122 ceph-mon[29552]: [08/May/2024:05:10:50] ENGINE Bus STARTED
2024-05-08T05:10:52.156 INFO:journalctl@ceph.mon.a.smithi122.stdout:May 08 05:10:51 smithi122 ceph-mon[29552]: from='client.14156 -' entity='client.admin' cmd=[{"prefix": "get_command_descriptions"}]: dispatch
2024-05-08T05:10:52.156 INFO:journalctl@ceph.mon.a.smithi122.stdout:May 08 05:10:51 smithi122 ceph-mon[29552]: from='client.14156 -' entity='client.admin' cmd=[{"prefix": "mgr_status"}]: dispatch
2024-05-08T05:10:53.209 INFO:journalctl@ceph.mon.a.smithi122.stdout:May 08 05:10:52 smithi122 ceph-mon[29552]: mgrmap e12: x(active, since 2s)
2024-05-08T05:10:53.209 INFO:journalctl@ceph.mon.a.smithi122.stdout:May 08 05:10:52 smithi122 ceph-mon[29552]: from='mgr.14152 172.21.15.122:0/3403219678' entity='mgr.x'
2024-05-08T05:10:53.209 INFO:journalctl@ceph.mon.a.smithi122.stdout:May 08 05:10:52 smithi122 ceph-mon[29552]: from='mgr.14152 172.21.15.122:0/3403219678' entity='mgr.x'
2024-05-08T05:10:53.615 INFO:teuthology.orchestra.run.smithi122.stdout:/usr/bin/ceph: stdout Self-signed certificate created
2024-05-08T05:10:53.615 INFO:teuthology.orchestra.run.smithi122.stdout:/usr/bin/ceph: stderr
2024-05-08T05:10:52.438+0000 7f7d2a400700 1 Processor -- start
2024-05-08T05:10:53.615 INFO:teuthology.orchestra.run.smithi122.stdout:/usr/bin/ceph: stderr
2024-05-08T05:10:52.438+0000 7f7d2a400700 1 -- start start
2024-05-08T05:10:53.615 INFO:teuthology.orchestra.run.smithi122.stdout:/usr/bin/ceph: stderr
2024-05-08T05:10:52.438+0000 7f7d2a400700 1 --2- >> [v2:172.21.15.122:3300/0,v1:172.21.15.122:6789/0] conn(0x7f7d2407dd90 0x7f7d2407c1f0 unknown :-1 s=NONE pgs=0 cs=0 l=0 rev1=0 crypto rx=0 tx=0 comp rx=0 tx=0).connect
2024-05-08T05:10:53.615 INFO:teuthology.orchestra.run.smithi122.stdout:/usr/bin/ceph: stderr
2024-05-08T05:10:52.438+0000 7f7d2a400700 1 -- --> [v2:172.21.15.122:3300/0,v1:172.21.15.122:6789/0] -- mon_getmap magic: 0 -- 0x7f7d2407c7c0 con 0x7f7d2407dd90
2024-05-08T05:10:53.615 INFO:teuthology.orchestra.run.smithi122.stdout:/usr/bin/ceph: stderr
2024-05-08T05:10:52.439+0000 7f7d23400700 1 --2- >> [v2:172.21.15.122:3300/0,v1:172.21.15.122:6789/0] conn(0x7f7d2407dd90 0x7f7d2407c1f0 unknown :-1 s=BANNER_CONNECTING pgs=0 cs=0 l=0 rev1=0 crypto rx=0 tx=0 comp rx=0 tx=0)._handle_peer_banner_payload supported=3 required=0
2024-05-08T05:10:53.615 INFO:teuthology.orchestra.run.smithi122.stdout:/usr/bin/ceph: stderr
2024-05-08T05:10:52.439+0000 7f7d23400700 1 --2- >> [v2:172.21.15.122:3300/0,v1:172.21.15.122:6789/0] conn(0x7f7d2407dd90 0x7f7d2407c1f0 unknown :-1 s=HELLO_CONNECTING pgs=0 cs=0 l=0 rev1=1 crypto rx=0 tx=0 comp rx=0 tx=0).handle_hello peer v2:172.21.15.122:3300/0 says I am v2:172.21.15.122:51632/0 (socket says 172.21.15.122:51632)
2024-05-08T05:10:53.615 INFO:teuthology.orchestra.run.smithi122.stdout:/usr/bin/ceph: stderr
2024-05-08T05:10:52.439+0000 7f7d23400700 1 -- 172.21.15.122:0/1475260016 learned_addr learned my addr 172.21.15.122:0/1475260016 (peer_addr_for_me v2:172.21.15.122:0/0)
2024-05-08T05:10:53.615 INFO:teuthology.orchestra.run.smithi122.stdout:/usr/bin/ceph: stderr
2024-05-08T05:10:52.439+0000 7f7d23400700 1 -- 172.21.15.122:0/1475260016 --> [v2:172.21.15.122:3300/0,v1:172.21.15.122:6789/0] -- mon_subscribe({config=0+,monmap=0+}) -- 0x7f7d2407c940 con 0x7f7d2407dd90
2024-05-08T05:10:53.616 INFO:teuthology.orchestra.run.smithi122.stdout:/usr/bin/ceph: stderr
2024-05-08T05:10:52.440+0000 7f7d23400700 1 --2- 172.21.15.122:0/1475260016 >> [v2:172.21.15.122:3300/0,v1:172.21.15.122:6789/0] conn(0x7f7d2407dd90 0x7f7d2407c1f0 secure :-1 s=READY pgs=70 cs=0 l=1 rev1=1 crypto rx=0x7f7d140098a0 tx=0x7f7d14009bb0 comp rx=0 tx=0).ready entity=mon.0 client_cookie=272770cd00202db8 server_cookie=0 in_seq=0 out_seq=0
2024-05-08T05:10:53.616 INFO:teuthology.orchestra.run.smithi122.stdout:/usr/bin/ceph: stderr
2024-05-08T05:10:52.440+0000 7f7d22a00700 1 -- 172.21.15.122:0/1475260016 <== mon.0 v2:172.21.15.122:3300/0 1 ==== mon_map magic: 0 ==== 205+0+0 (secure 0 0 0) 0x7f7d14004160 con 0x7f7d2407dd90
2024-05-08T05:10:53.616 INFO:teuthology.orchestra.run.smithi122.stdout:/usr/bin/ceph: stderr
2024-05-08T05:10:52.440+0000 7f7d22a00700 1 -- 172.21.15.122:0/1475260016 <== mon.0 v2:172.21.15.122:3300/0 2 ==== config(26 keys) ==== 1101+0+0 (secure 0 0 0) 0x7f7d14004300 con 0x7f7d2407dd90
2024-05-08T05:10:53.616 INFO:teuthology.orchestra.run.smithi122.stdout:/usr/bin/ceph: stderr
2024-05-08T05:10:52.440+0000 7f7d22a00700 1 -- 172.21.15.122:0/1475260016 <== mon.0 v2:172.21.15.122:3300/0 3 ==== mon_map magic: 0 ==== 205+0+0 (secure 0 0 0) 0x7f7d14011a20 con 0x7f7d2407dd90
2024-05-08T05:10:53.616 INFO:teuthology.orchestra.run.smithi122.stdout:/usr/bin/ceph: stderr
2024-05-08T05:10:52.441+0000 7f7d2a400700 1 -- 172.21.15.122:0/1475260016 >> [v2:172.21.15.122:3300/0,v1:172.21.15.122:6789/0] conn(0x7f7d2407dd90 msgr2=0x7f7d2407c1f0 secure :-1 s=STATE_CONNECTION_ESTABLISHED l=1).mark_down
2024-05-08T05:10:53.616 INFO:teuthology.orchestra.run.smithi122.stdout:/usr/bin/ceph: stderr
2024-05-08T05:10:52.441+0000 7f7d2a400700 1 --2- 172.21.15.122:0/1475260016 >> [v2:172.21.15.122:3300/0,v1:172.21.15.122:6789/0] conn(0x7f7d2407dd90 0x7f7d2407c1f0 secure :-1 s=READY pgs=70 cs=0 l=1 rev1=1 crypto rx=0x7f7d140098a0 tx=0x7f7d14009bb0 comp rx=0 tx=0).stop
2024-05-08T05:10:53.616 INFO:teuthology.orchestra.run.smithi122.stdout:/usr/bin/ceph: stderr
2024-05-08T05:10:52.441+0000 7f7d2a400700 1 -- 172.21.15.122:0/1475260016 shutdown_connections
2024-05-08T05:10:53.616 INFO:teuthology.orchestra.run.smithi122.stdout:/usr/bin/ceph: stderr
2024-05-08T05:10:52.441+0000 7f7d2a400700 1 --2- 172.21.15.122:0/1475260016 >> [v2:172.21.15.122:3300/0,v1:172.21.15.122:6789/0] conn(0x7f7d2407dd90 0x7f7d2407c1f0 unknown :-1 s=CLOSED pgs=70 cs=0 l=1 rev1=1 crypto rx=0 tx=0 comp rx=0 tx=0).stop
2024-05-08T05:10:53.616 INFO:teuthology.orchestra.run.smithi122.stdout:/usr/bin/ceph: stderr
2024-05-08T05:10:52.441+0000 7f7d2a400700 1 -- 172.21.15.122:0/1475260016 >> 172.21.15.122:0/1475260016 conn(0x7f7d24104490 msgr2=0x7f7d241068b0 unknown :-1 s=STATE_NONE l=0).mark_down
2024-05-08T05:10:53.616 INFO:teuthology.orchestra.run.smithi122.stdout:/usr/bin/ceph: stderr
2024-05-08T05:10:52.441+0000 7f7d2a400700 1 -- 172.21.15.122:0/1475260016 shutdown_connections
2024-05-08T05:10:53.616 INFO:teuthology.orchestra.run.smithi122.stdout:/usr/bin/ceph: stderr
2024-05-08T05:10:52.441+0000 7f7d2a400700 1 -- 172.21.15.122:0/1475260016 wait complete.
2024-05-08T05:10:53.617 INFO:teuthology.orchestra.run.smithi122.stdout:/usr/bin/ceph: stderr
2024-05-08T05:10:52.442+0000 7f7d2a400700 1 Processor -- start
2024-05-08T05:10:53.617 INFO:teuthology.orchestra.run.smithi122.stdout:/usr/bin/ceph: stderr
2024-05-08T05:10:52.442+0000 7f7d2a400700 1 -- start start
2024-05-08T05:10:53.617 INFO:teuthology.orchestra.run.smithi122.stdout:/usr/bin/ceph: stderr
2024-05-08T05:10:52.442+0000 7f7d2a400700 1 --2- >> [v2:172.21.15.122:3300/0,v1:172.21.15.122:6789/0] conn(0x7f7d2407dd90 0x7f7d2419eef0 unknown :-1 s=NONE pgs=0 cs=0 l=1 rev1=0 crypto rx=0 tx=0 comp rx=0 tx=0).connect
2024-05-08T05:10:53.617 INFO:teuthology.orchestra.run.smithi122.stdout:/usr/bin/ceph: stderr
2024-05-08T05:10:52.442+0000 7f7d2a400700 1 -- --> [v2:172.21.15.122:3300/0,v1:172.21.15.122:6789/0] -- mon_getmap magic: 0 -- 0x7f7d2410f4f0 con 0x7f7d2407dd90
2024-05-08T05:10:53.617 INFO:teuthology.orchestra.run.smithi122.stdout:/usr/bin/ceph: stderr
2024-05-08T05:10:52.443+0000 7f7d23400700 1 --2- >> [v2:172.21.15.122:3300/0,v1:172.21.15.122:6789/0] conn(0x7f7d2407dd90 0x7f7d2419eef0 unknown :-1 s=BANNER_CONNECTING pgs=0 cs=0 l=1 rev1=0 crypto rx=0 tx=0 comp rx=0 tx=0)._handle_peer_banner_payload supported=3 required=0
2024-05-08T05:10:53.617 INFO:teuthology.orchestra.run.smithi122.stdout:/usr/bin/ceph: stderr
2024-05-08T05:10:52.443+0000 7f7d23400700 1 --2- >> [v2:172.21.15.122:3300/0,v1:172.21.15.122:6789/0] conn(0x7f7d2407dd90 0x7f7d2419eef0 unknown :-1 s=HELLO_CONNECTING pgs=0 cs=0 l=1 rev1=1 crypto rx=0 tx=0 comp rx=0 tx=0).handle_hello peer v2:172.21.15.122:3300/0 says I am v2:172.21.15.122:51638/0 (socket says 172.21.15.122:51638)
2024-05-08T05:10:53.617 INFO:teuthology.orchestra.run.smithi122.stdout:/usr/bin/ceph: stderr
2024-05-08T05:10:52.443+0000 7f7d23400700 1 -- 172.21.15.122:0/4151307657 learned_addr learned my addr 172.21.15.122:0/4151307657 (peer_addr_for_me v2:172.21.15.122:0/0)
2024-05-08T05:10:53.617 INFO:teuthology.orchestra.run.smithi122.stdout:/usr/bin/ceph: stderr
2024-05-08T05:10:52.443+0000 7f7d23400700 1 -- 172.21.15.122:0/4151307657 --> [v2:172.21.15.122:3300/0,v1:172.21.15.122:6789/0] -- mon_subscribe({config=0+,monmap=0+}) -- 0x7f7d2419f430 con 0x7f7d2407dd90
2024-05-08T05:10:53.617 INFO:teuthology.orchestra.run.smithi122.stdout:/usr/bin/ceph: stderr
2024-05-08T05:10:52.443+0000 7f7d23400700 1 --2- 172.21.15.122:0/4151307657 >> [v2:172.21.15.122:3300/0,v1:172.21.15.122:6789/0] conn(0x7f7d2407dd90 0x7f7d2419eef0 secure :-1 s=READY pgs=71 cs=0 l=1 rev1=1 crypto rx=0x7f7d140116e0 tx=0x7f7d14011aa0 comp rx=0 tx=0).ready entity=mon.0 client_cookie=0 server_cookie=0 in_seq=0 out_seq=0
2024-05-08T05:10:53.617 INFO:teuthology.orchestra.run.smithi122.stdout:/usr/bin/ceph: stderr
2024-05-08T05:10:52.444+0000 7f7d20c00700 1 -- 172.21.15.122:0/4151307657 <== mon.0 v2:172.21.15.122:3300/0 1 ==== mon_map magic: 0 ==== 205+0+0 (secure 0 0 0) 0x7f7d14003a60 con 0x7f7d2407dd90
2024-05-08T05:10:53.617 INFO:teuthology.orchestra.run.smithi122.stdout:/usr/bin/ceph: stderr
2024-05-08T05:10:52.444+0000 7f7d2a400700 1 -- 172.21.15.122:0/4151307657 --> [v2:172.21.15.122:3300/0,v1:172.21.15.122:6789/0] -- mon_subscribe({mgrmap=0+}) -- 0x7f7d2419f6c0 con 0x7f7d2407dd90
2024-05-08T05:10:53.617 INFO:teuthology.orchestra.run.smithi122.stdout:/usr/bin/ceph: stderr
2024-05-08T05:10:52.444+0000 7f7d20c00700 1 -- 172.21.15.122:0/4151307657 <== mon.0 v2:172.21.15.122:3300/0 2 ==== config(26 keys) ==== 1101+0+0 (secure 0 0 0) 0x7f7d1401b8f0 con 0x7f7d2407dd90
2024-05-08T05:10:53.617 INFO:teuthology.orchestra.run.smithi122.stdout:/usr/bin/ceph: stderr
2024-05-08T05:10:52.444+0000 7f7d20c00700 1 -- 172.21.15.122:0/4151307657 <== mon.0 v2:172.21.15.122:3300/0 3 ==== mon_map magic: 0 ==== 205+0+0 (secure 0 0 0) 0x7f7d14019860 con 0x7f7d2407dd90
2024-05-08T05:10:53.618 INFO:teuthology.orchestra.run.smithi122.stdout:/usr/bin/ceph: stderr
2024-05-08T05:10:52.444+0000 7f7d2a400700 1 -- 172.21.15.122:0/4151307657 --> [v2:172.21.15.122:3300/0,v1:172.21.15.122:6789/0] -- mon_subscribe({osdmap=0}) -- 0x7f7d241a23b0 con 0x7f7d2407dd90
2024-05-08T05:10:53.618 INFO:teuthology.orchestra.run.smithi122.stdout:/usr/bin/ceph: stderr
2024-05-08T05:10:52.445+0000 7f7d2a400700 1 -- 172.21.15.122:0/4151307657 --> [v2:172.21.15.122:3300/0,v1:172.21.15.122:6789/0] -- mon_command({"prefix": "get_command_descriptions"} v 0) -- 0x7f7d24064b00 con 0x7f7d2407dd90
2024-05-08T05:10:53.618 INFO:teuthology.orchestra.run.smithi122.stdout:/usr/bin/ceph: stderr
2024-05-08T05:10:52.445+0000 7f7d20c00700 1 -- 172.21.15.122:0/4151307657 <== mon.0 v2:172.21.15.122:3300/0 4 ==== mgrmap(e 12) ==== 50235+0+0 (secure 0 0 0) 0x7f7d14019b60 con 0x7f7d2407dd90
2024-05-08T05:10:53.618 INFO:teuthology.orchestra.run.smithi122.stdout:/usr/bin/ceph: stderr
2024-05-08T05:10:52.446+0000 7f7d20c00700 1 --2- 172.21.15.122:0/4151307657 >> [v2:172.21.15.122:6800/2582011257,v1:172.21.15.122:6801/2582011257] conn(0x7f7d0803e470 0x7f7d08040930 unknown :-1 s=NONE pgs=0 cs=0 l=1 rev1=0 crypto rx=0 tx=0 comp rx=0 tx=0).connect
2024-05-08T05:10:53.619 INFO:teuthology.orchestra.run.smithi122.stdout:/usr/bin/ceph: stderr
2024-05-08T05:10:52.446+0000 7f7d20c00700 1 -- 172.21.15.122:0/4151307657 <== mon.0 v2:172.21.15.122:3300/0 5 ==== osd_map(3..3 src has 1..3) ==== 1155+0+0 (secure 0 0 0) 0x7f7d14053e70 con 0x7f7d2407dd90
2024-05-08T05:10:53.619 INFO:teuthology.orchestra.run.smithi122.stdout:/usr/bin/ceph: stderr
2024-05-08T05:10:52.446+0000 7f7d1aa00700 1 --2- 172.21.15.122:0/4151307657 >> [v2:172.21.15.122:6800/2582011257,v1:172.21.15.122:6801/2582011257] conn(0x7f7d0803e470 0x7f7d08040930 unknown :-1 s=BANNER_CONNECTING pgs=0 cs=0 l=1 rev1=0 crypto rx=0 tx=0 comp rx=0 tx=0)._handle_peer_banner_payload supported=3 required=0
2024-05-08T05:10:53.619 INFO:teuthology.orchestra.run.smithi122.stdout:/usr/bin/ceph: stderr
2024-05-08T05:10:52.446+0000 7f7d1aa00700 1 --2- 172.21.15.122:0/4151307657 >> [v2:172.21.15.122:6800/2582011257,v1:172.21.15.122:6801/2582011257] conn(0x7f7d0803e470 0x7f7d08040930 secure :-1 s=READY pgs=7 cs=0 l=1 rev1=1 crypto rx=0x7f7d0c006fd0 tx=0x7f7d0c006e40 comp rx=0 tx=0).ready entity=mgr.14152 client_cookie=0 server_cookie=0 in_seq=0 out_seq=0
2024-05-08T05:10:53.619 INFO:teuthology.orchestra.run.smithi122.stdout:/usr/bin/ceph: stderr
2024-05-08T05:10:52.451+0000 7f7d20c00700 1 -- 172.21.15.122:0/4151307657 <== mon.0 v2:172.21.15.122:3300/0 6 ==== mon_command_ack([{"prefix": "get_command_descriptions"}]=0 v0) ==== 72+0+191963 (secure 0 0 0) 0x7f7d1401f030 con 0x7f7d2407dd90
2024-05-08T05:10:53.619 INFO:teuthology.orchestra.run.smithi122.stdout:/usr/bin/ceph: stderr
2024-05-08T05:10:52.688+0000 7f7d2a400700 1 -- 172.21.15.122:0/4151307657 --> [v2:172.21.15.122:6800/2582011257,v1:172.21.15.122:6801/2582011257] -- mgr_command(tid 0: {"prefix": "dashboard create-self-signed-cert", "target": ["mon-mgr", ""]}) -- 0x7f7d24105630 con 0x7f7d0803e470
2024-05-08T05:10:53.619 INFO:teuthology.orchestra.run.smithi122.stdout:/usr/bin/ceph: stderr
2024-05-08T05:10:52.837+0000 7f7d20c00700 1 -- 172.21.15.122:0/4151307657 <== mgr.14152 v2:172.21.15.122:6800/2582011257 1 ==== mgr_command_reply(tid 0: 0 ) ==== 8+0+32 (secure 0 0 0) 0x7f7d24105630 con 0x7f7d0803e470
2024-05-08T05:10:53.619 INFO:teuthology.orchestra.run.smithi122.stdout:/usr/bin/ceph: stderr
2024-05-08T05:10:52.841+0000 7f7d2a400700 1 -- 172.21.15.122:0/4151307657 >> [v2:172.21.15.122:6800/2582011257,v1:172.21.15.122:6801/2582011257] conn(0x7f7d0803e470 msgr2=0x7f7d08040930 secure :-1 s=STATE_CONNECTION_ESTABLISHED l=1).mark_down
2024-05-08T05:10:53.619 INFO:teuthology.orchestra.run.smithi122.stdout:/usr/bin/ceph: stderr
2024-05-08T05:10:52.841+0000 7f7d2a400700 1 --2- 172.21.15.122:0/4151307657 >> [v2:172.21.15.122:6800/2582011257,v1:172.21.15.122:6801/2582011257] conn(0x7f7d0803e470 0x7f7d08040930 secure :-1 s=READY pgs=7 cs=0 l=1 rev1=1 crypto rx=0x7f7d0c006fd0 tx=0x7f7d0c006e40 comp rx=0 tx=0).stop
2024-05-08T05:10:53.619 INFO:teuthology.orchestra.run.smithi122.stdout:/usr/bin/ceph: stderr
2024-05-08T05:10:52.841+0000 7f7d2a400700 1 -- 172.21.15.122:0/4151307657 >> [v2:172.21.15.122:3300/0,v1:172.21.15.122:6789/0] conn(0x7f7d2407dd90 msgr2=0x7f7d2419eef0 secure :-1 s=STATE_CONNECTION_ESTABLISHED l=1).mark_down
2024-05-08T05:10:53.619 INFO:teuthology.orchestra.run.smithi122.stdout:/usr/bin/ceph: stderr
2024-05-08T05:10:52.841+0000 7f7d2a400700 1 --2- 172.21.15.122:0/4151307657 >> [v2:172.21.15.122:3300/0,v1:172.21.15.122:6789/0] conn(0x7f7d2407dd90 0x7f7d2419eef0 secure :-1 s=READY pgs=71 cs=0 l=1 rev1=1 crypto rx=0x7f7d140116e0 tx=0x7f7d14011aa0 comp rx=0 tx=0).stop
2024-05-08T05:10:53.619 INFO:teuthology.orchestra.run.smithi122.stdout:/usr/bin/ceph: stderr
2024-05-08T05:10:52.841+0000 7f7d2a400700 1 -- 172.21.15.122:0/4151307657 shutdown_connections
2024-05-08T05:10:53.619 INFO:teuthology.orchestra.run.smithi122.stdout:/usr/bin/ceph: stderr
2024-05-08T05:10:52.841+0000 7f7d2a400700 1 --2- 172.21.15.122:0/4151307657 >> [v2:172.21.15.122:6800/2582011257,v1:172.21.15.122:6801/2582011257] conn(0x7f7d0803e470 0x7f7d08040930 unknown :-1 s=CLOSED pgs=7 cs=0 l=1 rev1=1 crypto rx=0 tx=0 comp rx=0 tx=0).stop
2024-05-08T05:10:53.619 INFO:teuthology.orchestra.run.smithi122.stdout:/usr/bin/ceph: stderr
2024-05-08T05:10:52.841+0000 7f7d2a400700 1 --2- 172.21.15.122:0/4151307657 >> [v2:172.21.15.122:3300/0,v1:172.21.15.122:6789/0] conn(0x7f7d2407dd90 0x7f7d2419eef0 unknown :-1 s=CLOSED pgs=71 cs=0 l=1 rev1=1 crypto rx=0 tx=0 comp rx=0 tx=0).stop
2024-05-08T05:10:53.620 INFO:teuthology.orchestra.run.smithi122.stdout:/usr/bin/ceph: stderr
2024-05-08T05:10:52.841+0000 7f7d2a400700 1 -- 172.21.15.122:0/4151307657 >> 172.21.15.122:0/4151307657 conn(0x7f7d24104490 msgr2=0x7f7d24104f20 unknown :-1 s=STATE_NONE l=0).mark_down
2024-05-08T05:10:53.620 INFO:teuthology.orchestra.run.smithi122.stdout:/usr/bin/ceph: stderr
2024-05-08T05:10:52.841+0000 7f7d2a400700 1 -- 172.21.15.122:0/4151307657 shutdown_connections
2024-05-08T05:10:53.620 INFO:teuthology.orchestra.run.smithi122.stdout:/usr/bin/ceph: stderr
2024-05-08T05:10:52.841+0000 7f7d2a400700 1 -- 172.21.15.122:0/4151307657 wait complete.
2024-05-08T05:10:53.620 INFO:teuthology.orchestra.run.smithi122.stdout:Creating initial admin user...
2024-05-08T05:10:54.208 INFO:journalctl@ceph.mon.a.smithi122.stdout:May 08 05:10:54 smithi122 ceph-mon[29552]: from='client.14164 -' entity='client.admin' cmd=[{"prefix": "dashboard create-self-signed-cert", "target": ["mon-mgr", ""]}]: dispatch
2024-05-08T05:10:54.209 INFO:journalctl@ceph.mon.a.smithi122.stdout:May 08 05:10:54 smithi122 ceph-mon[29552]: from='mgr.14152 172.21.15.122:0/3403219678' entity='mgr.x'
2024-05-08T05:10:55.458 INFO:journalctl@ceph.mon.a.smithi122.stdout:May 08 05:10:55 smithi122 ceph-mon[29552]: from='client.14166 -' entity='client.admin' cmd=[{"prefix": "dashboard ac-user-create", "username": "admin", "rolename": "administrator", "force_password": true, "pwd_update_required": true, "target": ["mon-mgr", ""]}]: dispatch
2024-05-08T05:10:55.459 INFO:journalctl@ceph.mon.a.smithi122.stdout:May 08 05:10:55 smithi122 ceph-mon[29552]: from='mgr.14152 172.21.15.122:0/3403219678' entity='mgr.x'
2024-05-08T05:10:55.532 INFO:teuthology.orchestra.run.smithi122.stdout:/usr/bin/ceph: stdout {"username": "admin", "password": "$2b$12$gM23t.okUT5/alrCoAlJxOqFcNvoUJuoxClM4mdzLP5i6K50JJarS", "roles": ["administrator"], "name": null, "email": null, "lastUpdate": 1715145054, "enabled": true, "pwdExpirationDate": null, "pwdUpdateRequired": true}
2024-05-08T05:10:55.533 INFO:teuthology.orchestra.run.smithi122.stdout:/usr/bin/ceph: stderr
2024-05-08T05:10:54.208+0000 7f01f7e00700 1 Processor -- start
2024-05-08T05:10:55.533 INFO:teuthology.orchestra.run.smithi122.stdout:/usr/bin/ceph: stderr
2024-05-08T05:10:54.208+0000 7f01f7e00700 1 -- start start
2024-05-08T05:10:55.533 INFO:teuthology.orchestra.run.smithi122.stdout:/usr/bin/ceph: stderr
2024-05-08T05:10:54.208+0000 7f01f7e00700 1 --2- >> [v2:172.21.15.122:3300/0,v1:172.21.15.122:6789/0] conn(0x7f01f0108e80 0x7f01f01092a0 unknown :-1 s=NONE pgs=0 cs=0 l=0 rev1=0 crypto rx=0 tx=0 comp rx=0 tx=0).connect
2024-05-08T05:10:55.533 INFO:teuthology.orchestra.run.smithi122.stdout:/usr/bin/ceph: stderr
2024-05-08T05:10:54.208+0000 7f01f7e00700 1 -- --> [v2:172.21.15.122:3300/0,v1:172.21.15.122:6789/0] -- mon_getmap magic: 0 -- 0x7f01f01097e0 con 0x7f01f0108e80
2024-05-08T05:10:55.533 INFO:teuthology.orchestra.run.smithi122.stdout:/usr/bin/ceph: stderr
2024-05-08T05:10:54.209+0000 7f01f5400700 1 --2- >> [v2:172.21.15.122:3300/0,v1:172.21.15.122:6789/0] conn(0x7f01f0108e80 0x7f01f01092a0 unknown :-1 s=BANNER_CONNECTING pgs=0 cs=0 l=0 rev1=0 crypto rx=0 tx=0 comp rx=0 tx=0)._handle_peer_banner_payload supported=3 required=0
2024-05-08T05:10:55.533 INFO:teuthology.orchestra.run.smithi122.stdout:/usr/bin/ceph: stderr
2024-05-08T05:10:54.209+0000 7f01f5400700 1 --2- >> [v2:172.21.15.122:3300/0,v1:172.21.15.122:6789/0] conn(0x7f01f0108e80 0x7f01f01092a0 unknown :-1 s=HELLO_CONNECTING pgs=0 cs=0 l=0 rev1=1 crypto rx=0 tx=0 comp rx=0 tx=0).handle_hello peer v2:172.21.15.122:3300/0 says I am v2:172.21.15.122:37092/0 (socket says 172.21.15.122:37092)
2024-05-08T05:10:55.533 INFO:teuthology.orchestra.run.smithi122.stdout:/usr/bin/ceph: stderr
2024-05-08T05:10:54.209+0000 7f01f5400700 1 -- 172.21.15.122:0/834197725 learned_addr learned my addr 172.21.15.122:0/834197725 (peer_addr_for_me v2:172.21.15.122:0/0)
2024-05-08T05:10:55.533 INFO:teuthology.orchestra.run.smithi122.stdout:/usr/bin/ceph: stderr
2024-05-08T05:10:54.209+0000 7f01f5400700 1 -- 172.21.15.122:0/834197725 --> [v2:172.21.15.122:3300/0,v1:172.21.15.122:6789/0] -- mon_subscribe({config=0+,monmap=0+}) -- 0x7f01f010a070 con 0x7f01f0108e80
2024-05-08T05:10:55.533 INFO:teuthology.orchestra.run.smithi122.stdout:/usr/bin/ceph: stderr
2024-05-08T05:10:54.210+0000 7f01f5400700 1 --2- 172.21.15.122:0/834197725 >> [v2:172.21.15.122:3300/0,v1:172.21.15.122:6789/0] conn(0x7f01f0108e80 0x7f01f01092a0 secure :-1 s=READY pgs=72 cs=0 l=1 rev1=1 crypto rx=0x7f01e40098a0 tx=0x7f01e4009bb0 comp rx=0 tx=0).ready entity=mon.0 client_cookie=37bda3bba79b44d2 server_cookie=0 in_seq=0 out_seq=0
2024-05-08T05:10:55.533 INFO:teuthology.orchestra.run.smithi122.stdout:/usr/bin/ceph: stderr
