2024-05-08T05:17:10.616+0000 7fa59aa00700 1 -- 172.21.15.87:0/3552594769 wait complete.
2024-05-08T05:17:11.499 INFO:teuthology.orchestra.run.smithi087.stdout:/usr/bin/ceph: stderr
2024-05-08T05:17:10.617+0000 7fa59aa00700 1 Processor -- start
2024-05-08T05:17:11.499 INFO:teuthology.orchestra.run.smithi087.stdout:/usr/bin/ceph: stderr
2024-05-08T05:17:10.618+0000 7fa59aa00700 1 -- start start
2024-05-08T05:17:11.499 INFO:teuthology.orchestra.run.smithi087.stdout:/usr/bin/ceph: stderr
2024-05-08T05:17:10.618+0000 7fa59aa00700 1 --2- >> [v2:172.21.15.87:3300/0,v1:172.21.15.87:6789/0] conn(0x7fa594108fa0 0x7fa59419f000 unknown :-1 s=NONE pgs=0 cs=0 l=1 rev1=0 crypto rx=0 tx=0 comp rx=0 tx=0).connect
2024-05-08T05:17:11.499 INFO:teuthology.orchestra.run.smithi087.stdout:/usr/bin/ceph: stderr
2024-05-08T05:17:10.618+0000 7fa59aa00700 1 -- --> [v2:172.21.15.87:3300/0,v1:172.21.15.87:6789/0] -- mon_getmap magic: 0 -- 0x7fa59410d550 con 0x7fa594108fa0
2024-05-08T05:17:11.499 INFO:teuthology.orchestra.run.smithi087.stdout:/usr/bin/ceph: stderr
2024-05-08T05:17:10.618+0000 7fa593e00700 1 --2- >> [v2:172.21.15.87:3300/0,v1:172.21.15.87:6789/0] conn(0x7fa594108fa0 0x7fa59419f000 unknown :-1 s=BANNER_CONNECTING pgs=0 cs=0 l=1 rev1=0 crypto rx=0 tx=0 comp rx=0 tx=0)._handle_peer_banner_payload supported=3 required=0
2024-05-08T05:17:11.499 INFO:teuthology.orchestra.run.smithi087.stdout:/usr/bin/ceph: stderr
2024-05-08T05:17:10.618+0000 7fa593e00700 1 --2- >> [v2:172.21.15.87:3300/0,v1:172.21.15.87:6789/0] conn(0x7fa594108fa0 0x7fa59419f000 unknown :-1 s=HELLO_CONNECTING pgs=0 cs=0 l=1 rev1=1 crypto rx=0 tx=0 comp rx=0 tx=0).handle_hello peer v2:172.21.15.87:3300/0 says I am v2:172.21.15.87:47356/0 (socket says 172.21.15.87:47356)
2024-05-08T05:17:11.499 INFO:teuthology.orchestra.run.smithi087.stdout:/usr/bin/ceph: stderr
2024-05-08T05:17:10.618+0000 7fa593e00700 1 -- 172.21.15.87:0/853369416 learned_addr learned my addr 172.21.15.87:0/853369416 (peer_addr_for_me v2:172.21.15.87:0/0)
2024-05-08T05:17:11.499 INFO:teuthology.orchestra.run.smithi087.stdout:/usr/bin/ceph: stderr
2024-05-08T05:17:10.619+0000 7fa593e00700 1 -- 172.21.15.87:0/853369416 --> [v2:172.21.15.87:3300/0,v1:172.21.15.87:6789/0] -- mon_subscribe({config=0+,monmap=0+}) -- 0x7fa59419f540 con 0x7fa594108fa0
2024-05-08T05:17:11.499 INFO:teuthology.orchestra.run.smithi087.stdout:/usr/bin/ceph: stderr
2024-05-08T05:17:10.619+0000 7fa593e00700 1 --2- 172.21.15.87:0/853369416 >> [v2:172.21.15.87:3300/0,v1:172.21.15.87:6789/0] conn(0x7fa594108fa0 0x7fa59419f000 secure :-1 s=READY pgs=54 cs=0 l=1 rev1=1 crypto rx=0x7fa5840119f0 tx=0x7fa584011ad0 comp rx=0 tx=0).ready entity=mon.0 client_cookie=0 server_cookie=0 in_seq=0 out_seq=0
2024-05-08T05:17:11.499 INFO:teuthology.orchestra.run.smithi087.stdout:/usr/bin/ceph: stderr
2024-05-08T05:17:10.619+0000 7fa590c00700 1 -- 172.21.15.87:0/853369416 <== mon.0 v2:172.21.15.87:3300/0 1 ==== mon_map magic: 0 ==== 205+0+0 (secure 0 0 0) 0x7fa5840039e0 con 0x7fa594108fa0
2024-05-08T05:17:11.499 INFO:teuthology.orchestra.run.smithi087.stdout:/usr/bin/ceph: stderr
2024-05-08T05:17:10.619+0000 7fa590c00700 1 -- 172.21.15.87:0/853369416 <== mon.0 v2:172.21.15.87:3300/0 2 ==== config(26 keys) ==== 1101+0+0 (secure 0 0 0) 0x7fa58401b8f0 con 0x7fa594108fa0
2024-05-08T05:17:11.500 INFO:teuthology.orchestra.run.smithi087.stdout:/usr/bin/ceph: stderr
2024-05-08T05:17:10.619+0000 7fa59aa00700 1 -- 172.21.15.87:0/853369416 --> [v2:172.21.15.87:3300/0,v1:172.21.15.87:6789/0] -- mon_subscribe({mgrmap=0+}) -- 0x7fa59419f7d0 con 0x7fa594108fa0
2024-05-08T05:17:11.500 INFO:teuthology.orchestra.run.smithi087.stdout:/usr/bin/ceph: stderr
2024-05-08T05:17:10.619+0000 7fa590c00700 1 -- 172.21.15.87:0/853369416 <== mon.0 v2:172.21.15.87:3300/0 3 ==== mon_map magic: 0 ==== 205+0+0 (secure 0 0 0) 0x7fa5840237a0 con 0x7fa594108fa0
2024-05-08T05:17:11.500 INFO:teuthology.orchestra.run.smithi087.stdout:/usr/bin/ceph: stderr
2024-05-08T05:17:10.619+0000 7fa59aa00700 1 -- 172.21.15.87:0/853369416 --> [v2:172.21.15.87:3300/0,v1:172.21.15.87:6789/0] -- mon_subscribe({osdmap=0}) -- 0x7fa5941a24c0 con 0x7fa594108fa0
2024-05-08T05:17:11.500 INFO:teuthology.orchestra.run.smithi087.stdout:/usr/bin/ceph: stderr
2024-05-08T05:17:10.621+0000 7fa59aa00700 1 -- 172.21.15.87:0/853369416 --> [v2:172.21.15.87:3300/0,v1:172.21.15.87:6789/0] -- mon_command({"prefix": "get_command_descriptions"} v 0) -- 0x7fa59410d6d0 con 0x7fa594108fa0
2024-05-08T05:17:11.500 INFO:teuthology.orchestra.run.smithi087.stdout:/usr/bin/ceph: stderr
2024-05-08T05:17:10.621+0000 7fa590c00700 1 -- 172.21.15.87:0/853369416 <== mon.0 v2:172.21.15.87:3300/0 4 ==== mgrmap(e 8) ==== 50222+0+0 (secure 0 0 0) 0x7fa58401b440 con 0x7fa594108fa0
2024-05-08T05:17:11.500 INFO:teuthology.orchestra.run.smithi087.stdout:/usr/bin/ceph: stderr
2024-05-08T05:17:10.622+0000 7fa590c00700 1 --2- 172.21.15.87:0/853369416 >> [v2:172.21.15.87:6800/2710124295,v1:172.21.15.87:6801/2710124295] conn(0x7fa57803e4e0 0x7fa5780409a0 unknown :-1 s=NONE pgs=0 cs=0 l=1 rev1=0 crypto rx=0 tx=0 comp rx=0 tx=0).connect
2024-05-08T05:17:11.500 INFO:teuthology.orchestra.run.smithi087.stdout:/usr/bin/ceph: stderr
2024-05-08T05:17:10.622+0000 7fa590c00700 1 -- 172.21.15.87:0/853369416 <== mon.0 v2:172.21.15.87:3300/0 5 ==== osd_map(2..2 src has 1..2) ==== 940+0+0 (secure 0 0 0) 0x7fa584053ef0 con 0x7fa594108fa0
2024-05-08T05:17:11.500 INFO:teuthology.orchestra.run.smithi087.stdout:/usr/bin/ceph: stderr
2024-05-08T05:17:10.622+0000 7fa593400700 1 --2- 172.21.15.87:0/853369416 >> [v2:172.21.15.87:6800/2710124295,v1:172.21.15.87:6801/2710124295] conn(0x7fa57803e4e0 0x7fa5780409a0 unknown :-1 s=BANNER_CONNECTING pgs=0 cs=0 l=1 rev1=0 crypto rx=0 tx=0 comp rx=0 tx=0)._handle_peer_banner_payload supported=3 required=0
2024-05-08T05:17:11.500 INFO:teuthology.orchestra.run.smithi087.stdout:/usr/bin/ceph: stderr
2024-05-08T05:17:10.623+0000 7fa593400700 1 --2- 172.21.15.87:0/853369416 >> [v2:172.21.15.87:6800/2710124295,v1:172.21.15.87:6801/2710124295] conn(0x7fa57803e4e0 0x7fa5780409a0 secure :-1 s=READY pgs=15 cs=0 l=1 rev1=1 crypto rx=0x7fa580006fd0 tx=0x7fa580006e40 comp rx=0 tx=0).ready entity=mgr.14120 client_cookie=0 server_cookie=0 in_seq=0 out_seq=0
2024-05-08T05:17:11.500 INFO:teuthology.orchestra.run.smithi087.stdout:/usr/bin/ceph: stderr
2024-05-08T05:17:10.632+0000 7fa590c00700 1 -- 172.21.15.87:0/853369416 <== mon.0 v2:172.21.15.87:3300/0 6 ==== mon_command_ack([{"prefix": "get_command_descriptions"}]=0 v0) ==== 72+0+191963 (secure 0 0 0) 0x7fa58401f030 con 0x7fa594108fa0
2024-05-08T05:17:11.500 INFO:teuthology.orchestra.run.smithi087.stdout:/usr/bin/ceph: stderr
2024-05-08T05:17:10.862+0000 7fa59aa00700 1 -- 172.21.15.87:0/853369416 --> [v2:172.21.15.87:3300/0,v1:172.21.15.87:6789/0] -- mon_command([{prefix=config set, name=mgr/dashboard/ssl_server_port}] v 0) -- 0x7fa5941a2ae0 con 0x7fa594108fa0
2024-05-08T05:17:11.500 INFO:teuthology.orchestra.run.smithi087.stdout:/usr/bin/ceph: stderr
2024-05-08T05:17:10.867+0000 7fa590c00700 1 -- 172.21.15.87:0/853369416 <== mon.0 v2:172.21.15.87:3300/0 7 ==== mon_command_ack([{prefix=config set, name=mgr/dashboard/ssl_server_port}]=0 v8)=0 v8) ==== 130+0+0 (secure 0 0 0) 0x7fa584019e20 con 0x7fa594108fa0
2024-05-08T05:17:11.500 INFO:teuthology.orchestra.run.smithi087.stdout:/usr/bin/ceph: stderr
2024-05-08T05:17:10.871+0000 7fa59aa00700 1 -- 172.21.15.87:0/853369416 >> [v2:172.21.15.87:6800/2710124295,v1:172.21.15.87:6801/2710124295] conn(0x7fa57803e4e0 msgr2=0x7fa5780409a0 secure :-1 s=STATE_CONNECTION_ESTABLISHED l=1).mark_down
2024-05-08T05:17:11.501 INFO:teuthology.orchestra.run.smithi087.stdout:/usr/bin/ceph: stderr
2024-05-08T05:17:10.871+0000 7fa59aa00700 1 --2- 172.21.15.87:0/853369416 >> [v2:172.21.15.87:6800/2710124295,v1:172.21.15.87:6801/2710124295] conn(0x7fa57803e4e0 0x7fa5780409a0 secure :-1 s=READY pgs=15 cs=0 l=1 rev1=1 crypto rx=0x7fa580006fd0 tx=0x7fa580006e40 comp rx=0 tx=0).stop
2024-05-08T05:17:11.501 INFO:teuthology.orchestra.run.smithi087.stdout:/usr/bin/ceph: stderr
2024-05-08T05:17:10.871+0000 7fa59aa00700 1 -- 172.21.15.87:0/853369416 >> [v2:172.21.15.87:3300/0,v1:172.21.15.87:6789/0] conn(0x7fa594108fa0 msgr2=0x7fa59419f000 secure :-1 s=STATE_CONNECTION_ESTABLISHED l=1).mark_down
2024-05-08T05:17:11.501 INFO:teuthology.orchestra.run.smithi087.stdout:/usr/bin/ceph: stderr
2024-05-08T05:17:10.871+0000 7fa59aa00700 1 --2- 172.21.15.87:0/853369416 >> [v2:172.21.15.87:3300/0,v1:172.21.15.87:6789/0] conn(0x7fa594108fa0 0x7fa59419f000 secure :-1 s=READY pgs=54 cs=0 l=1 rev1=1 crypto rx=0x7fa5840119f0 tx=0x7fa584011ad0 comp rx=0 tx=0).stop
2024-05-08T05:17:11.501 INFO:teuthology.orchestra.run.smithi087.stdout:/usr/bin/ceph: stderr
2024-05-08T05:17:10.872+0000 7fa59aa00700 1 -- 172.21.15.87:0/853369416 shutdown_connections
2024-05-08T05:17:11.501 INFO:teuthology.orchestra.run.smithi087.stdout:/usr/bin/ceph: stderr
2024-05-08T05:17:10.872+0000 7fa59aa00700 1 --2- 172.21.15.87:0/853369416 >> [v2:172.21.15.87:6800/2710124295,v1:172.21.15.87:6801/2710124295] conn(0x7fa57803e4e0 0x7fa5780409a0 unknown :-1 s=CLOSED pgs=15 cs=0 l=1 rev1=1 crypto rx=0 tx=0 comp rx=0 tx=0).stop
2024-05-08T05:17:11.501 INFO:teuthology.orchestra.run.smithi087.stdout:/usr/bin/ceph: stderr
2024-05-08T05:17:10.872+0000 7fa59aa00700 1 --2- 172.21.15.87:0/853369416 >> [v2:172.21.15.87:3300/0,v1:172.21.15.87:6789/0] conn(0x7fa594108fa0 0x7fa59419f000 unknown :-1 s=CLOSED pgs=54 cs=0 l=1 rev1=1 crypto rx=0 tx=0 comp rx=0 tx=0).stop
2024-05-08T05:17:11.501 INFO:teuthology.orchestra.run.smithi087.stdout:/usr/bin/ceph: stderr
2024-05-08T05:17:10.872+0000 7fa59aa00700 1 -- 172.21.15.87:0/853369416 >> 172.21.15.87:0/853369416 conn(0x7fa594104560 msgr2=0x7fa594104f10 unknown :-1 s=STATE_NONE l=0).mark_down
2024-05-08T05:17:11.501 INFO:teuthology.orchestra.run.smithi087.stdout:/usr/bin/ceph: stderr
2024-05-08T05:17:10.872+0000 7fa59aa00700 1 -- 172.21.15.87:0/853369416 shutdown_connections
2024-05-08T05:17:11.501 INFO:teuthology.orchestra.run.smithi087.stdout:/usr/bin/ceph: stderr
2024-05-08T05:17:10.872+0000 7fa59aa00700 1 -- 172.21.15.87:0/853369416 wait complete.
2024-05-08T05:17:11.501 INFO:teuthology.orchestra.run.smithi087.stdout:Enabling the dashboard module...
2024-05-08T05:17:13.681 INFO:journalctl@ceph.mon.a.smithi087.stdout:May 08 05:17:13 smithi087 ceph-mon[29523]: pgmap v5: 0 pgs: ; 0 B data, 0 B used, 0 B / 0 B avail
2024-05-08T05:17:13.681 INFO:journalctl@ceph.mon.a.smithi087.stdout:May 08 05:17:13 smithi087 ceph-mon[29523]: from='client.? 172.21.15.87:0/393848608' entity='client.admin' cmd=[{"prefix": "mgr module enable", "module": "dashboard"}]: dispatch
2024-05-08T05:17:13.681 INFO:journalctl@ceph.mon.a.smithi087.stdout:May 08 05:17:13 smithi087 ceph-mon[29523]: from='mgr.14120 172.21.15.87:0/603415166' entity='mgr.x'
2024-05-08T05:17:13.681 INFO:journalctl@ceph.mgr.x.smithi087.stdout:May 08 05:17:13 smithi087 ceph-eeeb813e-0cf9-11ef-bc97-c7b262605968-mgr-x[29765]: ignoring --setuser ceph since I am not root
2024-05-08T05:17:13.681 INFO:journalctl@ceph.mgr.x.smithi087.stdout:May 08 05:17:13 smithi087 ceph-eeeb813e-0cf9-11ef-bc97-c7b262605968-mgr-x[29765]: ignoring --setgroup ceph since I am not root
2024-05-08T05:17:13.681 INFO:journalctl@ceph.mgr.x.smithi087.stdout:May 08 05:17:13 smithi087 ceph-eeeb813e-0cf9-11ef-bc97-c7b262605968-mgr-x[29765]:
2024-05-08T05:17:13.679+0000 7f6e450ec200 -1 mgr[py] Module balancer has missing NOTIFY_TYPES member
2024-05-08T05:17:14.093 INFO:teuthology.orchestra.run.smithi087.stdout:/usr/bin/ceph: stderr
2024-05-08T05:17:12.141+0000 7fec55400700 1 Processor -- start
2024-05-08T05:17:14.094 INFO:teuthology.orchestra.run.smithi087.stdout:/usr/bin/ceph: stderr
2024-05-08T05:17:12.141+0000 7fec55400700 1 -- start start
2024-05-08T05:17:14.094 INFO:teuthology.orchestra.run.smithi087.stdout:/usr/bin/ceph: stderr
2024-05-08T05:17:12.142+0000 7fec55400700 1 --2- >> [v2:172.21.15.87:3300/0,v1:172.21.15.87:6789/0] conn(0x7fec50108e00 0x7fec50109220 unknown :-1 s=NONE pgs=0 cs=0 l=0 rev1=0 crypto rx=0 tx=0 comp rx=0 tx=0).connect
2024-05-08T05:17:14.095 INFO:teuthology.orchestra.run.smithi087.stdout:/usr/bin/ceph: stderr
2024-05-08T05:17:12.142+0000 7fec55400700 1 -- --> [v2:172.21.15.87:3300/0,v1:172.21.15.87:6789/0] -- mon_getmap magic: 0 -- 0x7fec501097f0 con 0x7fec50108e00
2024-05-08T05:17:14.095 INFO:teuthology.orchestra.run.smithi087.stdout:/usr/bin/ceph: stderr
2024-05-08T05:17:12.142+0000 7fec4fe00700 1 --2- >> [v2:172.21.15.87:3300/0,v1:172.21.15.87:6789/0] conn(0x7fec50108e00 0x7fec50109220 unknown :-1 s=BANNER_CONNECTING pgs=0 cs=0 l=0 rev1=0 crypto rx=0 tx=0 comp rx=0 tx=0)._handle_peer_banner_payload supported=3 required=0
2024-05-08T05:17:14.095 INFO:teuthology.orchestra.run.smithi087.stdout:/usr/bin/ceph: stderr
2024-05-08T05:17:12.142+0000 7fec4fe00700 1 --2- >> [v2:172.21.15.87:3300/0,v1:172.21.15.87:6789/0] conn(0x7fec50108e00 0x7fec50109220 unknown :-1 s=HELLO_CONNECTING pgs=0 cs=0 l=0 rev1=1 crypto rx=0 tx=0 comp rx=0 tx=0).handle_hello peer v2:172.21.15.87:3300/0 says I am v2:172.21.15.87:47370/0 (socket says 172.21.15.87:47370)
2024-05-08T05:17:14.095 INFO:teuthology.orchestra.run.smithi087.stdout:/usr/bin/ceph: stderr
2024-05-08T05:17:12.142+0000 7fec4fe00700 1 -- 172.21.15.87:0/2532647625 learned_addr learned my addr 172.21.15.87:0/2532647625 (peer_addr_for_me v2:172.21.15.87:0/0)
2024-05-08T05:17:14.096 INFO:teuthology.orchestra.run.smithi087.stdout:/usr/bin/ceph: stderr
2024-05-08T05:17:12.143+0000 7fec4fe00700 1 -- 172.21.15.87:0/2532647625 --> [v2:172.21.15.87:3300/0,v1:172.21.15.87:6789/0] -- mon_subscribe({config=0+,monmap=0+}) -- 0x7fec50109fb0 con 0x7fec50108e00
2024-05-08T05:17:14.097 INFO:teuthology.orchestra.run.smithi087.stdout:/usr/bin/ceph: stderr
2024-05-08T05:17:12.143+0000 7fec4fe00700 1 --2- 172.21.15.87:0/2532647625 >> [v2:172.21.15.87:3300/0,v1:172.21.15.87:6789/0] conn(0x7fec50108e00 0x7fec50109220 secure :-1 s=READY pgs=55 cs=0 l=1 rev1=1 crypto rx=0x7fec400098a0 tx=0x7fec40009bb0 comp rx=0 tx=0).ready entity=mon.0 client_cookie=39dd62b58382279e server_cookie=0 in_seq=0 out_seq=0
2024-05-08T05:17:14.097 INFO:teuthology.orchestra.run.smithi087.stdout:/usr/bin/ceph: stderr
2024-05-08T05:17:12.143+0000 7fec4ea00700 1 -- 172.21.15.87:0/2532647625 <== mon.0 v2:172.21.15.87:3300/0 1 ==== mon_map magic: 0 ==== 205+0+0 (secure 0 0 0) 0x7fec40004160 con 0x7fec50108e00
2024-05-08T05:17:14.097 INFO:teuthology.orchestra.run.smithi087.stdout:/usr/bin/ceph: stderr
2024-05-08T05:17:12.143+0000 7fec4ea00700 1 -- 172.21.15.87:0/2532647625 <== mon.0 v2:172.21.15.87:3300/0 2 ==== config(26 keys) ==== 1101+0+0 (secure 0 0 0) 0x7fec40004300 con 0x7fec50108e00
2024-05-08T05:17:14.097 INFO:teuthology.orchestra.run.smithi087.stdout:/usr/bin/ceph: stderr
2024-05-08T05:17:12.143+0000 7fec4ea00700 1 -- 172.21.15.87:0/2532647625 <== mon.0 v2:172.21.15.87:3300/0 3 ==== mon_map magic: 0 ==== 205+0+0 (secure 0 0 0) 0x7fec40011a20 con 0x7fec50108e00
2024-05-08T05:17:14.097 INFO:teuthology.orchestra.run.smithi087.stdout:/usr/bin/ceph: stderr
2024-05-08T05:17:12.144+0000 7fec55400700 1 -- 172.21.15.87:0/2532647625 >> [v2:172.21.15.87:3300/0,v1:172.21.15.87:6789/0] conn(0x7fec50108e00 msgr2=0x7fec50109220 secure :-1 s=STATE_CONNECTION_ESTABLISHED l=1).mark_down
2024-05-08T05:17:14.097 INFO:teuthology.orchestra.run.smithi087.stdout:/usr/bin/ceph: stderr
2024-05-08T05:17:12.144+0000 7fec55400700 1 --2- 172.21.15.87:0/2532647625 >> [v2:172.21.15.87:3300/0,v1:172.21.15.87:6789/0] conn(0x7fec50108e00 0x7fec50109220 secure :-1 s=READY pgs=55 cs=0 l=1 rev1=1 crypto rx=0x7fec400098a0 tx=0x7fec40009bb0 comp rx=0 tx=0).stop
2024-05-08T05:17:14.097 INFO:teuthology.orchestra.run.smithi087.stdout:/usr/bin/ceph: stderr
2024-05-08T05:17:12.144+0000 7fec55400700 1 -- 172.21.15.87:0/2532647625 shutdown_connections
2024-05-08T05:17:14.097 INFO:teuthology.orchestra.run.smithi087.stdout:/usr/bin/ceph: stderr
2024-05-08T05:17:12.144+0000 7fec55400700 1 --2- 172.21.15.87:0/2532647625 >> [v2:172.21.15.87:3300/0,v1:172.21.15.87:6789/0] conn(0x7fec50108e00 0x7fec50109220 unknown :-1 s=CLOSED pgs=55 cs=0 l=1 rev1=1 crypto rx=0 tx=0 comp rx=0 tx=0).stop
2024-05-08T05:17:14.097 INFO:teuthology.orchestra.run.smithi087.stdout:/usr/bin/ceph: stderr
2024-05-08T05:17:12.144+0000 7fec55400700 1 -- 172.21.15.87:0/2532647625 >> 172.21.15.87:0/2532647625 conn(0x7fec501043a0 msgr2=0x7fec501067e0 unknown :-1 s=STATE_NONE l=0).mark_down
2024-05-08T05:17:14.097 INFO:teuthology.orchestra.run.smithi087.stdout:/usr/bin/ceph: stderr
2024-05-08T05:17:12.144+0000 7fec55400700 1 -- 172.21.15.87:0/2532647625 shutdown_connections
2024-05-08T05:17:14.099 INFO:teuthology.orchestra.run.smithi087.stdout:/usr/bin/ceph: stderr
2024-05-08T05:17:12.145+0000 7fec55400700 1 -- 172.21.15.87:0/2532647625 wait complete.
2024-05-08T05:17:14.099 INFO:teuthology.orchestra.run.smithi087.stdout:/usr/bin/ceph: stderr
2024-05-08T05:17:12.146+0000 7fec55400700 1 Processor -- start
2024-05-08T05:17:14.099 INFO:teuthology.orchestra.run.smithi087.stdout:/usr/bin/ceph: stderr
2024-05-08T05:17:12.146+0000 7fec55400700 1 -- start start
2024-05-08T05:17:14.099 INFO:teuthology.orchestra.run.smithi087.stdout:/usr/bin/ceph: stderr
2024-05-08T05:17:12.146+0000 7fec55400700 1 --2- >> [v2:172.21.15.87:3300/0,v1:172.21.15.87:6789/0] conn(0x7fec50108e00 0x7fec5019cb90 unknown :-1 s=NONE pgs=0 cs=0 l=1 rev1=0 crypto rx=0 tx=0 comp rx=0 tx=0).connect
2024-05-08T05:17:14.099 INFO:teuthology.orchestra.run.smithi087.stdout:/usr/bin/ceph: stderr
2024-05-08T05:17:12.146+0000 7fec55400700 1 -- --> [v2:172.21.15.87:3300/0,v1:172.21.15.87:6789/0] -- mon_getmap magic: 0 -- 0x7fec5010d360 con 0x7fec50108e00
2024-05-08T05:17:14.099 INFO:teuthology.orchestra.run.smithi087.stdout:/usr/bin/ceph: stderr
2024-05-08T05:17:12.146+0000 7fec4fe00700 1 --2- >> [v2:172.21.15.87:3300/0,v1:172.21.15.87:6789/0] conn(0x7fec50108e00 0x7fec5019cb90 unknown :-1 s=BANNER_CONNECTING pgs=0 cs=0 l=1 rev1=0 crypto rx=0 tx=0 comp rx=0 tx=0)._handle_peer_banner_payload supported=3 required=0
2024-05-08T05:17:14.099 INFO:teuthology.orchestra.run.smithi087.stdout:/usr/bin/ceph: stderr
2024-05-08T05:17:12.146+0000 7fec4fe00700 1 --2- >> [v2:172.21.15.87:3300/0,v1:172.21.15.87:6789/0] conn(0x7fec50108e00 0x7fec5019cb90 unknown :-1 s=HELLO_CONNECTING pgs=0 cs=0 l=1 rev1=1 crypto rx=0 tx=0 comp rx=0 tx=0).handle_hello peer v2:172.21.15.87:3300/0 says I am v2:172.21.15.87:47386/0 (socket says 172.21.15.87:47386)
2024-05-08T05:17:14.099 INFO:teuthology.orchestra.run.smithi087.stdout:/usr/bin/ceph: stderr
2024-05-08T05:17:12.146+0000 7fec4fe00700 1 -- 172.21.15.87:0/393848608 learned_addr learned my addr 172.21.15.87:0/393848608 (peer_addr_for_me v2:172.21.15.87:0/0)
2024-05-08T05:17:14.099 INFO:teuthology.orchestra.run.smithi087.stdout:/usr/bin/ceph: stderr
2024-05-08T05:17:12.147+0000 7fec4fe00700 1 -- 172.21.15.87:0/393848608 --> [v2:172.21.15.87:3300/0,v1:172.21.15.87:6789/0] -- mon_subscribe({config=0+,monmap=0+}) -- 0x7fec5019d0d0 con 0x7fec50108e00
2024-05-08T05:17:14.099 INFO:teuthology.orchestra.run.smithi087.stdout:/usr/bin/ceph: stderr
2024-05-08T05:17:12.147+0000 7fec4fe00700 1 --2- 172.21.15.87:0/393848608 >> [v2:172.21.15.87:3300/0,v1:172.21.15.87:6789/0] conn(0x7fec50108e00 0x7fec5019cb90 secure :-1 s=READY pgs=56 cs=0 l=1 rev1=1 crypto rx=0x7fec40000c00 tx=0x7fec40011aa0 comp rx=0 tx=0).ready entity=mon.0 client_cookie=0 server_cookie=0 in_seq=0 out_seq=0
2024-05-08T05:17:14.099 INFO:teuthology.orchestra.run.smithi087.stdout:/usr/bin/ceph: stderr
2024-05-08T05:17:12.147+0000 7fec4cc00700 1 -- 172.21.15.87:0/393848608 <== mon.0 v2:172.21.15.87:3300/0 1 ==== mon_map magic: 0 ==== 205+0+0 (secure 0 0 0) 0x7fec40003aa0 con 0x7fec50108e00
2024-05-08T05:17:14.100 INFO:teuthology.orchestra.run.smithi087.stdout:/usr/bin/ceph: stderr
2024-05-08T05:17:12.147+0000 7fec4cc00700 1 -- 172.21.15.87:0/393848608 <== mon.0 v2:172.21.15.87:3300/0 2 ==== config(26 keys) ==== 1101+0+0 (secure 0 0 0) 0x7fec4001b8f0 con 0x7fec50108e00
2024-05-08T05:17:14.101 INFO:teuthology.orchestra.run.smithi087.stdout:/usr/bin/ceph: stderr
2024-05-08T05:17:12.147+0000 7fec55400700 1 -- 172.21.15.87:0/393848608 --> [v2:172.21.15.87:3300/0,v1:172.21.15.87:6789/0] -- mon_subscribe({mgrmap=0+}) -- 0x7fec5019d360 con 0x7fec50108e00
2024-05-08T05:17:14.101 INFO:teuthology.orchestra.run.smithi087.stdout:/usr/bin/ceph: stderr
2024-05-08T05:17:12.147+0000 7fec4cc00700 1 -- 172.21.15.87:0/393848608 <== mon.0 v2:172.21.15.87:3300/0 3 ==== mon_map magic: 0 ==== 205+0+0 (secure 0 0 0) 0x7fec40023890 con 0x7fec50108e00
2024-05-08T05:17:14.101 INFO:teuthology.orchestra.run.smithi087.stdout:/usr/bin/ceph: stderr
2024-05-08T05:17:12.147+0000 7fec55400700 1 -- 172.21.15.87:0/393848608 --> [v2:172.21.15.87:3300/0,v1:172.21.15.87:6789/0] -- mon_subscribe({osdmap=0}) -- 0x7fec501a0050 con 0x7fec50108e00
2024-05-08T05:17:14.101 INFO:teuthology.orchestra.run.smithi087.stdout:/usr/bin/ceph: stderr
2024-05-08T05:17:12.149+0000 7fec55400700 1 -- 172.21.15.87:0/393848608 --> [v2:172.21.15.87:3300/0,v1:172.21.15.87:6789/0] -- mon_command({"prefix": "get_command_descriptions"} v 0) -- 0x7fec5010d4e0 con 0x7fec50108e00
2024-05-08T05:17:14.101 INFO:teuthology.orchestra.run.smithi087.stdout:/usr/bin/ceph: stderr
2024-05-08T05:17:12.149+0000 7fec4cc00700 1 -- 172.21.15.87:0/393848608 <== mon.0 v2:172.21.15.87:3300/0 4 ==== mgrmap(e 8) ==== 50222+0+0 (secure 0 0 0) 0x7fec4001b440 con 0x7fec50108e00
2024-05-08T05:17:14.101 INFO:teuthology.orchestra.run.smithi087.stdout:/usr/bin/ceph: stderr
2024-05-08T05:17:12.150+0000 7fec4cc00700 1 --2- 172.21.15.87:0/393848608 >> [v2:172.21.15.87:6800/2710124295,v1:172.21.15.87:6801/2710124295] conn(0x7fec3403e530 0x7fec340409f0 unknown :-1 s=NONE pgs=0 cs=0 l=1 rev1=0 crypto rx=0 tx=0 comp rx=0 tx=0).connect
2024-05-08T05:17:14.101 INFO:teuthology.orchestra.run.smithi087.stdout:/usr/bin/ceph: stderr
2024-05-08T05:17:12.150+0000 7fec4cc00700 1 -- 172.21.15.87:0/393848608 <== mon.0 v2:172.21.15.87:3300/0 5 ==== osd_map(2..2 src has 1..2) ==== 940+0+0 (secure 0 0 0) 0x7fec40053ec0 con 0x7fec50108e00
2024-05-08T05:17:14.102 INFO:teuthology.orchestra.run.smithi087.stdout:/usr/bin/ceph: stderr
2024-05-08T05:17:12.150+0000 7fec4f400700 1 --2- 172.21.15.87:0/393848608 >> [v2:172.21.15.87:6800/2710124295,v1:172.21.15.87:6801/2710124295] conn(0x7fec3403e530 0x7fec340409f0 unknown :-1 s=BANNER_CONNECTING pgs=0 cs=0 l=1 rev1=0 crypto rx=0 tx=0 comp rx=0 tx=0)._handle_peer_banner_payload supported=3 required=0
2024-05-08T05:17:14.102 INFO:teuthology.orchestra.run.smithi087.stdout:/usr/bin/ceph: stderr
2024-05-08T05:17:12.151+0000 7fec4f400700 1 --2- 172.21.15.87:0/393848608 >> [v2:172.21.15.87:6800/2710124295,v1:172.21.15.87:6801/2710124295] conn(0x7fec3403e530 0x7fec340409f0 secure :-1 s=READY pgs=16 cs=0 l=1 rev1=1 crypto rx=0x7fec3c006fd0 tx=0x7fec3c006e40 comp rx=0 tx=0).ready entity=mgr.14120 client_cookie=0 server_cookie=0 in_seq=0 out_seq=0
2024-05-08T05:17:14.102 INFO:teuthology.orchestra.run.smithi087.stdout:/usr/bin/ceph: stderr
2024-05-08T05:17:12.156+0000 7fec4cc00700 1 -- 172.21.15.87:0/393848608 <== mon.0 v2:172.21.15.87:3300/0 6 ==== mon_command_ack([{"prefix": "get_command_descriptions"}]=0 v0) ==== 72+0+191963 (secure 0 0 0) 0x7fec4001f030 con 0x7fec50108e00
2024-05-08T05:17:14.102 INFO:teuthology.orchestra.run.smithi087.stdout:/usr/bin/ceph: stderr
2024-05-08T05:17:12.455+0000 7fec55400700 1 -- 172.21.15.87:0/393848608 --> [v2:172.21.15.87:3300/0,v1:172.21.15.87:6789/0] -- mon_command({"prefix": "mgr module enable", "module": "dashboard"} v 0) -- 0x7fec501a0650 con 0x7fec50108e00
2024-05-08T05:17:14.102 INFO:teuthology.orchestra.run.smithi087.stdout:/usr/bin/ceph: stderr
2024-05-08T05:17:13.377+0000 7fec4cc00700 1 -- 172.21.15.87:0/393848608 <== mon.0 v2:172.21.15.87:3300/0 7 ==== mon_command_ack([{"prefix": "mgr module enable", "module": "dashboard"}]=0 v9) ==== 88+0+0 (secure 0 0 0) 0x7fec40016260 con 0x7fec50108e00
2024-05-08T05:17:14.103 INFO:teuthology.orchestra.run.smithi087.stdout:/usr/bin/ceph: stderr
2024-05-08T05:17:13.380+0000 7fec4cc00700 1 -- 172.21.15.87:0/393848608 <== mon.0 v2:172.21.15.87:3300/0 8 ==== mgrmap(e 9) ==== 50235+0+0 (secure 0 0 0) 0x7fec40058070 con 0x7fec50108e00
2024-05-08T05:17:14.103 INFO:teuthology.orchestra.run.smithi087.stdout:/usr/bin/ceph: stderr
2024-05-08T05:17:13.381+0000 7fec55400700 1 -- 172.21.15.87:0/393848608 >> [v2:172.21.15.87:6800/2710124295,v1:172.21.15.87:6801/2710124295] conn(0x7fec3403e530 msgr2=0x7fec340409f0 secure :-1 s=STATE_CONNECTION_ESTABLISHED l=1).mark_down
2024-05-08T05:17:14.103 INFO:teuthology.orchestra.run.smithi087.stdout:/usr/bin/ceph: stderr
2024-05-08T05:17:13.381+0000 7fec55400700 1 --2- 172.21.15.87:0/393848608 >> [v2:172.21.15.87:6800/2710124295,v1:172.21.15.87:6801/2710124295] conn(0x7fec3403e530 0x7fec340409f0 secure :-1 s=READY pgs=16 cs=0 l=1 rev1=1 crypto rx=0x7fec3c006fd0 tx=0x7fec3c006e40 comp rx=0 tx=0).stop
2024-05-08T05:17:14.104 INFO:teuthology.orchestra.run.smithi087.stdout:/usr/bin/ceph: stderr
2024-05-08T05:17:13.381+0000 7fec55400700 1 -- 172.21.15.87:0/393848608 >> [v2:172.21.15.87:3300/0,v1:172.21.15.87:6789/0] conn(0x7fec50108e00 msgr2=0x7fec5019cb90 secure :-1 s=STATE_CONNECTION_ESTABLISHED l=1).mark_down
2024-05-08T05:17:14.104 INFO:teuthology.orchestra.run.smithi087.stdout:/usr/bin/ceph: stderr
2024-05-08T05:17:13.381+0000 7fec55400700 1 --2- 172.21.15.87:0/393848608 >> [v2:172.21.15.87:3300/0,v1:172.21.15.87:6789/0] conn(0x7fec50108e00 0x7fec5019cb90 secure :-1 s=READY pgs=56 cs=0 l=1 rev1=1 crypto rx=0x7fec40000c00 tx=0x7fec40011aa0 comp rx=0 tx=0).stop
2024-05-08T05:17:14.104 INFO:teuthology.orchestra.run.smithi087.stdout:/usr/bin/ceph: stderr
2024-05-08T05:17:13.381+0000 7fec55400700 1 -- 172.21.15.87:0/393848608 shutdown_connections
2024-05-08T05:17:14.104 INFO:teuthology.orchestra.run.smithi087.stdout:/usr/bin/ceph: stderr
2024-05-08T05:17:13.381+0000 7fec55400700 1 --2- 172.21.15.87:0/393848608 >> [v2:172.21.15.87:6800/2710124295,v1:172.21.15.87:6801/2710124295] conn(0x7fec3403e530 0x7fec340409f0 unknown :-1 s=CLOSED pgs=16 cs=0 l=1 rev1=1 crypto rx=0 tx=0 comp rx=0 tx=0).stop
2024-05-08T05:17:14.104 INFO:teuthology.orchestra.run.smithi087.stdout:/usr/bin/ceph: stderr
2024-05-08T05:17:13.381+0000 7fec55400700 1 --2- 172.21.15.87:0/393848608 >> [v2:172.21.15.87:3300/0,v1:172.21.15.87:6789/0] conn(0x7fec50108e00 0x7fec5019cb90 unknown :-1 s=CLOSED pgs=56 cs=0 l=1 rev1=1 crypto rx=0 tx=0 comp rx=0 tx=0).stop
2024-05-08T05:17:14.104 INFO:teuthology.orchestra.run.smithi087.stdout:/usr/bin/ceph: stderr
2024-05-08T05:17:13.381+0000 7fec55400700 1 -- 172.21.15.87:0/393848608 >> 172.21.15.87:0/393848608 conn(0x7fec501043a0 msgr2=0x7fec50104df0 unknown :-1 s=STATE_NONE l=0).mark_down
2024-05-08T05:17:14.104 INFO:teuthology.orchestra.run.smithi087.stdout:/usr/bin/ceph: stderr
2024-05-08T05:17:13.381+0000 7fec55400700 1 -- 172.21.15.87:0/393848608 shutdown_connections
2024-05-08T05:17:14.104 INFO:teuthology.orchestra.run.smithi087.stdout:/usr/bin/ceph: stderr
2024-05-08T05:17:13.381+0000 7fec55400700 1 -- 172.21.15.87:0/393848608 wait complete.
2024-05-08T05:17:14.208 INFO:journalctl@ceph.mgr.x.smithi087.stdout:May 08 05:17:13 smithi087 ceph-eeeb813e-0cf9-11ef-bc97-c7b262605968-mgr-x[29765]:
2024-05-08T05:17:13.930+0000 7f6e450ec200 -1 mgr[py] Module orchestrator has missing NOTIFY_TYPES member
2024-05-08T05:17:14.208 INFO:journalctl@ceph.mgr.x.smithi087.stdout:May 08 05:17:14 smithi087 ceph-eeeb813e-0cf9-11ef-bc97-c7b262605968-mgr-x[29765]:
2024-05-08T05:17:14.061+0000 7f6e450ec200 -1 mgr[py] Module snap_schedule has missing NOTIFY_TYPES member
2024-05-08T05:17:14.591 INFO:journalctl@ceph.mon.a.smithi087.stdout:May 08 05:17:14 smithi087 ceph-mon[29523]: from='client.? 172.21.15.87:0/393848608' entity='client.admin' cmd='[{"prefix": "mgr module enable", "module": "dashboard"}]': finished
2024-05-08T05:17:14.591 INFO:journalctl@ceph.mon.a.smithi087.stdout:May 08 05:17:14 smithi087 ceph-mon[29523]: mgrmap e9: x(active, since 25s)
2024-05-08T05:17:14.591 INFO:journalctl@ceph.mgr.x.smithi087.stdout:May 08 05:17:14 smithi087 ceph-eeeb813e-0cf9-11ef-bc97-c7b262605968-mgr-x[29765]:
2024-05-08T05:17:14.476+0000 7f6e450ec200 -1 mgr[py] Module progress has missing NOTIFY_TYPES member
2024-05-08T05:17:14.876 INFO:journalctl@ceph.mgr.x.smithi087.stdout:May 08 05:17:14 smithi087 ceph-eeeb813e-0cf9-11ef-bc97-c7b262605968-mgr-x[29765]:
2024-05-08T05:17:14.589+0000 7f6e450ec200 -1 mgr[py] Module influx has missing NOTIFY_TYPES member
2024-05-08T05:17:15.665 INFO:journalctl@ceph.mon.a.smithi087.stdout:May 08 05:17:15 smithi087 ceph-mon[29523]: from='client.? 172.21.15.87:0/2329323509' entity='client.admin' cmd=[{"prefix": "mgr stat"}]: dispatch
2024-05-08T05:17:15.980 INFO:teuthology.orchestra.run.smithi087.stdout:/usr/bin/ceph: stdout {
2024-05-08T05:17:15.986 INFO:teuthology.orchestra.run.smithi087.stdout:/usr/bin/ceph: stdout "epoch": 9,
2024-05-08T05:17:15.987 INFO:teuthology.orchestra.run.smithi087.stdout:/usr/bin/ceph: stdout "available": true,
2024-05-08T05:17:15.987 INFO:teuthology.orchestra.run.smithi087.stdout:/usr/bin/ceph: stdout "active_name": "x",
2024-05-08T05:17:15.987 INFO:teuthology.orchestra.run.smithi087.stdout:/usr/bin/ceph: stdout "num_standby": 0
2024-05-08T05:17:15.987 INFO:teuthology.orchestra.run.smithi087.stdout:/usr/bin/ceph: stdout }
2024-05-08T05:17:15.987 INFO:teuthology.orchestra.run.smithi087.stdout:/usr/bin/ceph: stderr
2024-05-08T05:17:14.776+0000 7fc1f5400700 1 Processor -- start
2024-05-08T05:17:15.987 INFO:teuthology.orchestra.run.smithi087.stdout:/usr/bin/ceph: stderr
2024-05-08T05:17:14.776+0000 7fc1f5400700 1 -- start start
2024-05-08T05:17:15.987 INFO:teuthology.orchestra.run.smithi087.stdout:/usr/bin/ceph: stderr
2024-05-08T05:17:14.776+0000 7fc1f5400700 1 --2- >> [v2:172.21.15.87:3300/0,v1:172.21.15.87:6789/0] conn(0x7fc1f0107d10 0x7fc1f0108130 unknown :-1 s=NONE pgs=0 cs=0 l=0 rev1=0 crypto rx=0 tx=0 comp rx=0 tx=0).connect
2024-05-08T05:17:15.987 INFO:teuthology.orchestra.run.smithi087.stdout:/usr/bin/ceph: stderr
2024-05-08T05:17:14.776+0000 7fc1f5400700 1 -- --> [v2:172.21.15.87:3300/0,v1:172.21.15.87:6789/0] -- mon_getmap magic: 0 -- 0x7fc1f0108700 con 0x7fc1f0107d10
2024-05-08T05:17:15.987 INFO:teuthology.orchestra.run.smithi087.stdout:/usr/bin/ceph: stderr
2024-05-08T05:17:14.777+0000 7fc1efe00700 1 --2- >> [v2:172.21.15.87:3300/0,v1:172.21.15.87:6789/0] conn(0x7fc1f0107d10 0x7fc1f0108130 unknown :-1 s=BANNER_CONNECTING pgs=0 cs=0 l=0 rev1=0 crypto rx=0 tx=0 comp rx=0 tx=0)._handle_peer_banner_payload supported=3 required=0
2024-05-08T05:17:15.988 INFO:teuthology.orchestra.run.smithi087.stdout:/usr/bin/ceph: stderr
2024-05-08T05:17:14.777+0000 7fc1efe00700 1 --2- >> [v2:172.21.15.87:3300/0,v1:172.21.15.87:6789/0] conn(0x7fc1f0107d10 0x7fc1f0108130 unknown :-1 s=HELLO_CONNECTING pgs=0 cs=0 l=0 rev1=1 crypto rx=0 tx=0 comp rx=0 tx=0).handle_hello peer v2:172.21.15.87:3300/0 says I am v2:172.21.15.87:47432/0 (socket says 172.21.15.87:47432)
2024-05-08T05:17:15.988 INFO:teuthology.orchestra.run.smithi087.stdout:/usr/bin/ceph: stderr
2024-05-08T05:17:14.777+0000 7fc1efe00700 1 -- 172.21.15.87:0/1215817513 learned_addr learned my addr 172.21.15.87:0/1215817513 (peer_addr_for_me v2:172.21.15.87:0/0)
2024-05-08T05:17:15.988 INFO:teuthology.orchestra.run.smithi087.stdout:/usr/bin/ceph: stderr
2024-05-08T05:17:14.777+0000 7fc1efe00700 1 -- 172.21.15.87:0/1215817513 --> [v2:172.21.15.87:3300/0,v1:172.21.15.87:6789/0] -- mon_subscribe({config=0+,monmap=0+}) -- 0x7fc1f0108f10 con 0x7fc1f0107d10
2024-05-08T05:17:15.988 INFO:teuthology.orchestra.run.smithi087.stdout:/usr/bin/ceph: stderr
2024-05-08T05:17:14.777+0000 7fc1efe00700 1 --2- 172.21.15.87:0/1215817513 >> [v2:172.21.15.87:3300/0,v1:172.21.15.87:6789/0] conn(0x7fc1f0107d10 0x7fc1f0108130 secure :-1 s=READY pgs=59 cs=0 l=1 rev1=1 crypto rx=0x7fc1e000bb40 tx=0x7fc1e000be50 comp rx=0 tx=0).ready entity=mon.0 client_cookie=bfde064f136b537b server_cookie=0 in_seq=0 out_seq=0
2024-05-08T05:17:15.988 INFO:teuthology.orchestra.run.smithi087.stdout:/usr/bin/ceph: stderr
2024-05-08T05:17:14.778+0000 7fc1eea00700 1 -- 172.21.15.87:0/1215817513 <== mon.0 v2:172.21.15.87:3300/0 1 ==== mon_map magic: 0 ==== 205+0+0 (secure 0 0 0) 0x7fc1e000dbe0 con 0x7fc1f0107d10
2024-05-08T05:17:15.988 INFO:teuthology.orchestra.run.smithi087.stdout:/usr/bin/ceph: stderr
2024-05-08T05:17:14.778+0000 7fc1eea00700 1 -- 172.21.15.87:0/1215817513 <== mon.0 v2:172.21.15.87:3300/0 2 ==== config(26 keys) ==== 1101+0+0 (secure 0 0 0) 0x7fc1e00044e0 con 0x7fc1f0107d10
2024-05-08T05:17:15.988 INFO:teuthology.orchestra.run.smithi087.stdout:/usr/bin/ceph: stderr
2024-05-08T05:17:14.778+0000 7fc1eea00700 1 -- 172.21.15.87:0/1215817513 <== mon.0 v2:172.21.15.87:3300/0 3 ==== mon_map magic: 0 ==== 205+0+0 (secure 0 0 0) 0x7fc1e0010470 con 0x7fc1f0107d10
2024-05-08T05:17:15.988 INFO:teuthology.orchestra.run.smithi087.stdout:/usr/bin/ceph: stderr
2024-05-08T05:17:14.778+0000 7fc1f5400700 1 -- 172.21.15.87:0/1215817513 >> [v2:172.21.15.87:3300/0,v1:172.21.15.87:6789/0] conn(0x7fc1f0107d10 msgr2=0x7fc1f0108130 secure :-1 s=STATE_CONNECTION_ESTABLISHED l=1).mark_down
2024-05-08T05:17:15.988 INFO:teuthology.orchestra.run.smithi087.stdout:/usr/bin/ceph: stderr
2024-05-08T05:17:14.778+0000 7fc1f5400700 1 --2- 172.21.15.87:0/1215817513 >> [v2:172.21.15.87:3300/0,v1:172.21.15.87:6789/0] conn(0x7fc1f0107d10 0x7fc1f0108130 secure :-1 s=READY pgs=59 cs=0 l=1 rev1=1 crypto rx=0x7fc1e000bb40 tx=0x7fc1e000be50 comp rx=0 tx=0).stop
2024-05-08T05:17:15.988 INFO:teuthology.orchestra.run.smithi087.stdout:/usr/bin/ceph: stderr
2024-05-08T05:17:14.779+0000 7fc1f5400700 1 -- 172.21.15.87:0/1215817513 shutdown_connections
2024-05-08T05:17:15.988 INFO:teuthology.orchestra.run.smithi087.stdout:/usr/bin/ceph: stderr
2024-05-08T05:17:14.779+0000 7fc1f5400700 1 --2- 172.21.15.87:0/1215817513 >> [v2:172.21.15.87:3300/0,v1:172.21.15.87:6789/0] conn(0x7fc1f0107d10 0x7fc1f0108130 unknown :-1 s=CLOSED pgs=59 cs=0 l=1 rev1=1 crypto rx=0 tx=0 comp rx=0 tx=0).stop
2024-05-08T05:17:15.988 INFO:teuthology.orchestra.run.smithi087.stdout:/usr/bin/ceph: stderr
2024-05-08T05:17:14.779+0000 7fc1f5400700 1 -- 172.21.15.87:0/1215817513 >> 172.21.15.87:0/1215817513 conn(0x7fc1f01032b0 msgr2=0x7fc1f01056f0 unknown :-1 s=STATE_NONE l=0).mark_down
2024-05-08T05:17:15.989 INFO:teuthology.orchestra.run.smithi087.stdout:/usr/bin/ceph: stderr
2024-05-08T05:17:14.779+0000 7fc1f5400700 1 -- 172.21.15.87:0/1215817513 shutdown_connections
2024-05-08T05:17:15.989 INFO:teuthology.orchestra.run.smithi087.stdout:/usr/bin/ceph: stderr
2024-05-08T05:17:14.779+0000 7fc1f5400700 1 -- 172.21.15.87:0/1215817513 wait complete.
2024-05-08T05:17:15.989 INFO:teuthology.orchestra.run.smithi087.stdout:/usr/bin/ceph: stderr
2024-05-08T05:17:14.780+0000 7fc1f5400700 1 Processor -- start
2024-05-08T05:17:15.989 INFO:teuthology.orchestra.run.smithi087.stdout:/usr/bin/ceph: stderr
2024-05-08T05:17:14.780+0000 7fc1f5400700 1 -- start start
2024-05-08T05:17:15.989 INFO:teuthology.orchestra.run.smithi087.stdout:/usr/bin/ceph: stderr
2024-05-08T05:17:14.780+0000 7fc1f5400700 1 --2- >> [v2:172.21.15.87:3300/0,v1:172.21.15.87:6789/0] conn(0x7fc1f0107d10 0x7fc1f019ee00 unknown :-1 s=NONE pgs=0 cs=0 l=1 rev1=0 crypto rx=0 tx=0 comp rx=0 tx=0).connect
2024-05-08T05:17:15.989 INFO:teuthology.orchestra.run.smithi087.stdout:/usr/bin/ceph: stderr
2024-05-08T05:17:14.780+0000 7fc1f5400700 1 -- --> [v2:172.21.15.87:3300/0,v1:172.21.15.87:6789/0] -- mon_getmap magic: 0 -- 0x7fc1f0075ec0 con 0x7fc1f0107d10
2024-05-08T05:17:15.989 INFO:teuthology.orchestra.run.smithi087.stdout:/usr/bin/ceph: stderr
2024-05-08T05:17:14.780+0000 7fc1efe00700 1 --2- >> [v2:172.21.15.87:3300/0,v1:172.21.15.87:6789/0] conn(0x7fc1f0107d10 0x7fc1f019ee00 unknown :-1 s=BANNER_CONNECTING pgs=0 cs=0 l=1 rev1=0 crypto rx=0 tx=0 comp rx=0 tx=0)._handle_peer_banner_payload supported=3 required=0
2024-05-08T05:17:15.989 INFO:teuthology.orchestra.run.smithi087.stdout:/usr/bin/ceph: stderr
2024-05-08T05:17:14.780+0000 7fc1efe00700 1 --2- >> [v2:172.21.15.87:3300/0,v1:172.21.15.87:6789/0] conn(0x7fc1f0107d10 0x7fc1f019ee00 unknown :-1 s=HELLO_CONNECTING pgs=0 cs=0 l=1 rev1=1 crypto rx=0 tx=0 comp rx=0 tx=0).handle_hello peer v2:172.21.15.87:3300/0 says I am v2:172.21.15.87:47444/0 (socket says 172.21.15.87:47444)
2024-05-08T05:17:15.989 INFO:teuthology.orchestra.run.smithi087.stdout:/usr/bin/ceph: stderr
2024-05-08T05:17:14.781+0000 7fc1efe00700 1 -- 172.21.15.87:0/2329323509 learned_addr learned my addr 172.21.15.87:0/2329323509 (peer_addr_for_me v2:172.21.15.87:0/0)
2024-05-08T05:17:15.989 INFO:teuthology.orchestra.run.smithi087.stdout:/usr/bin/ceph: stderr
2024-05-08T05:17:14.781+0000 7fc1efe00700 1 -- 172.21.15.87:0/2329323509 --> [v2:172.21.15.87:3300/0,v1:172.21.15.87:6789/0] -- mon_subscribe({config=0+,monmap=0+}) -- 0x7fc1f019f340 con 0x7fc1f0107d10
2024-05-08T05:17:15.989 INFO:teuthology.orchestra.run.smithi087.stdout:/usr/bin/ceph: stderr
2024-05-08T05:17:14.781+0000 7fc1efe00700 1 --2- 172.21.15.87:0/2329323509 >> [v2:172.21.15.87:3300/0,v1:172.21.15.87:6789/0] conn(0x7fc1f0107d10 0x7fc1f019ee00 secure :-1 s=READY pgs=60 cs=0 l=1 rev1=1 crypto rx=0x7fc1e0003c30 tx=0x7fc1e0003ff0 comp rx=0 tx=0).ready entity=mon.0 client_cookie=0 server_cookie=0 in_seq=0 out_seq=0
2024-05-08T05:17:15.989 INFO:teuthology.orchestra.run.smithi087.stdout:/usr/bin/ceph: stderr
2024-05-08T05:17:14.781+0000 7fc1ecc00700 1 -- 172.21.15.87:0/2329323509 <== mon.0 v2:172.21.15.87:3300/0 1 ==== mon_map magic: 0 ==== 205+0+0 (secure 0 0 0) 0x7fc1e0010720 con 0x7fc1f0107d10
2024-05-08T05:17:15.989 INFO:teuthology.orchestra.run.smithi087.stdout:/usr/bin/ceph: stderr
2024-05-08T05:17:14.781+0000 7fc1ecc00700 1 -- 172.21.15.87:0/2329323509 <== mon.0 v2:172.21.15.87:3300/0 2 ==== config(26 keys) ==== 1101+0+0 (secure 0 0 0) 0x7fc1e001d070 con 0x7fc1f0107d10
2024-05-08T05:17:15.989 INFO:teuthology.orchestra.run.smithi087.stdout:/usr/bin/ceph: stderr
2024-05-08T05:17:14.781+0000 7fc1f5400700 1 -- 172.21.15.87:0/2329323509 --> [v2:172.21.15.87:3300/0,v1:172.21.15.87:6789/0] -- mon_subscribe({mgrmap=0+}) -- 0x7fc1f019f5d0 con 0x7fc1f0107d10
2024-05-08T05:17:15.990 INFO:teuthology.orchestra.run.smithi087.stdout:/usr/bin/ceph: stderr
2024-05-08T05:17:14.781+0000 7fc1ecc00700 1 -- 172.21.15.87:0/2329323509 <== mon.0 v2:172.21.15.87:3300/0 3 ==== mon_map magic: 0 ==== 205+0+0 (secure 0 0 0) 0x7fc1e0021aa0 con 0x7fc1f0107d10
2024-05-08T05:17:15.990 INFO:teuthology.orchestra.run.smithi087.stdout:/usr/bin/ceph: stderr
2024-05-08T05:17:14.782+0000 7fc1f5400700 1 -- 172.21.15.87:0/2329323509 --> [v2:172.21.15.87:3300/0,v1:172.21.15.87:6789/0] -- mon_subscribe({osdmap=0}) -- 0x7fc1f01a22c0 con 0x7fc1f0107d10
2024-05-08T05:17:15.990 INFO:teuthology.orchestra.run.smithi087.stdout:/usr/bin/ceph: stderr
2024-05-08T05:17:14.783+0000 7fc1ecc00700 1 -- 172.21.15.87:0/2329323509 <== mon.0 v2:172.21.15.87:3300/0 4 ==== mgrmap(e 9) ==== 50235+0+0 (secure 0 0 0) 0x7fc1e001f030 con 0x7fc1f0107d10
2024-05-08T05:17:15.990 INFO:teuthology.orchestra.run.smithi087.stdout:/usr/bin/ceph: stderr
2024-05-08T05:17:14.783+0000 7fc1f5400700 1 -- 172.21.15.87:0/2329323509 --> [v2:172.21.15.87:3300/0,v1:172.21.15.87:6789/0] -- mon_command({"prefix": "get_command_descriptions"} v 0) -- 0x7fc1f0064b00 con 0x7fc1f0107d10
2024-05-08T05:17:15.990 INFO:teuthology.orchestra.run.smithi087.stdout:/usr/bin/ceph: stderr
2024-05-08T05:17:14.783+0000 7fc1ecc00700 1 --2- 172.21.15.87:0/2329323509 >> [v2:172.21.15.87:6800/2710124295,v1:172.21.15.87:6801/2710124295] conn(0x7fc1d403e5e0 0x7fc1d4040aa0 unknown :-1 s=NONE pgs=0 cs=0 l=1 rev1=0 crypto rx=0 tx=0 comp rx=0 tx=0).connect
2024-05-08T05:17:15.990 INFO:teuthology.orchestra.run.smithi087.stdout:/usr/bin/ceph: stderr
2024-05-08T05:17:14.783+0000 7fc1ecc00700 1 -- 172.21.15.87:0/2329323509 <== mon.0 v2:172.21.15.87:3300/0 5 ==== osd_map(2..2 src has 1..2) ==== 940+0+0 (secure 0 0 0) 0x7fc1e0053980 con 0x7fc1f0107d10
2024-05-08T05:17:15.990 INFO:teuthology.orchestra.run.smithi087.stdout:/usr/bin/ceph: stderr
2024-05-08T05:17:14.783+0000 7fc1ef400700 1 -- 172.21.15.87:0/2329323509 >> [v2:172.21.15.87:6800/2710124295,v1:172.21.15.87:6801/2710124295] conn(0x7fc1d403e5e0 msgr2=0x7fc1d4040aa0 unknown :-1 s=STATE_CONNECTING_RE l=1).process reconnect failed to v2:172.21.15.87:6800/2710124295
2024-05-08T05:17:15.990 INFO:teuthology.orchestra.run.smithi087.stdout:/usr/bin/ceph: stderr
2024-05-08T05:17:14.783+0000 7fc1ef400700 1 --2- 172.21.15.87:0/2329323509 >> [v2:172.21.15.87:6800/2710124295,v1:172.21.15.87:6801/2710124295] conn(0x7fc1d403e5e0 0x7fc1d4040aa0 unknown :-1 s=START_CONNECT pgs=0 cs=0 l=1 rev1=0 crypto rx=0 tx=0 comp rx=0 tx=0)._fault waiting 0.200000
2024-05-08T05:17:15.990 INFO:teuthology.orchestra.run.smithi087.stdout:/usr/bin/ceph: stderr
2024-05-08T05:17:14.789+0000 7fc1ecc00700 1 -- 172.21.15.87:0/2329323509 <== mon.0 v2:172.21.15.87:3300/0 6 ==== mon_command_ack([{"prefix": "get_command_descriptions"}]=0 v0) ==== 72+0+191963 (secure 0 0 0) 0x7fc1e0015070 con 0x7fc1f0107d10
2024-05-08T05:17:15.990 INFO:teuthology.orchestra.run.smithi087.stdout:/usr/bin/ceph: stderr
2024-05-08T05:17:14.984+0000 7fc1ef400700 1 -- 172.21.15.87:0/2329323509 >> [v2:172.21.15.87:6800/2710124295,v1:172.21.15.87:6801/2710124295] conn(0x7fc1d403e5e0 msgr2=0x7fc1d4040aa0 unknown :-1 s=STATE_CONNECTING_RE l=1).process reconnect failed to v2:172.21.15.87:6800/2710124295
2024-05-08T05:17:15.990 INFO:teuthology.orchestra.run.smithi087.stdout:/usr/bin/ceph: stderr
2024-05-08T05:17:14.984+0000 7fc1ef400700 1 --2- 172.21.15.87:0/2329323509 >> [v2:172.21.15.87:6800/2710124295,v1:172.21.15.87:6801/2710124295] conn(0x7fc1d403e5e0 0x7fc1d4040aa0 unknown :-1 s=START_CONNECT pgs=0 cs=0 l=1 rev1=0 crypto rx=0 tx=0 comp rx=0 tx=0)._fault waiting 0.400000
2024-05-08T05:17:15.990 INFO:teuthology.orchestra.run.smithi087.stdout:/usr/bin/ceph: stderr
2024-05-08T05:17:15.086+0000 7fc1f5400700 1 -- 172.21.15.87:0/2329323509 --> [v2:172.21.15.87:3300/0,v1:172.21.15.87:6789/0] -- mon_command({"prefix": "mgr stat"} v 0) -- 0x7fc1f0198360 con 0x7fc1f0107d10
2024-05-08T05:17:15.990 INFO:teuthology.orchestra.run.smithi087.stdout:/usr/bin/ceph: stderr
2024-05-08T05:17:15.087+0000 7fc1ecc00700 1 -- 172.21.15.87:0/2329323509 <== mon.0 v2:172.21.15.87:3300/0 7 ==== mon_command_ack([{"prefix": "mgr stat"}]=0 v9) ==== 56+0+88 (secure 0 0 0) 0x7fc1f0198360 con 0x7fc1f0107d10
2024-05-08T05:17:15.990 INFO:teuthology.orchestra.run.smithi087.stdout:/usr/bin/ceph: stderr
2024-05-08T05:17:15.090+0000 7fc1f5400700 1 -- 172.21.15.87:0/2329323509 >> [v2:172.21.15.87:6800/2710124295,v1:172.21.15.87:6801/2710124295] conn(0x7fc1d403e5e0 msgr2=0x7fc1d4040aa0 unknown :-1 s=STATE_CONNECTING l=1).mark_down
2024-05-08T05:17:15.991 INFO:teuthology.orchestra.run.smithi087.stdout:/usr/bin/ceph: stderr
2024-05-08T05:17:15.090+0000 7fc1f5400700 1 --2- 172.21.15.87:0/2329323509 >> [v2:172.21.15.87:6800/2710124295,v1:172.21.15.87:6801/2710124295] conn(0x7fc1d403e5e0 0x7fc1d4040aa0 unknown :-1 s=START_CONNECT pgs=0 cs=0 l=1 rev1=0 crypto rx=0 tx=0 comp rx=0 tx=0).stop
2024-05-08T05:17:15.991 INFO:teuthology.orchestra.run.smithi087.stdout:/usr/bin/ceph: stderr
2024-05-08T05:17:15.090+0000 7fc1f5400700 1 -- 172.21.15.87:0/2329323509 >> [v2:172.21.15.87:3300/0,v1:172.21.15.87:6789/0] conn(0x7fc1f0107d10 msgr2=0x7fc1f019ee00 secure :-1 s=STATE_CONNECTION_ESTABLISHED l=1).mark_down
2024-05-08T05:17:15.991 INFO:teuthology.orchestra.run.smithi087.stdout:/usr/bin/ceph: stderr
2024-05-08T05:17:15.090+0000 7fc1f5400700 1 --2- 172.21.15.87:0/2329323509 >> [v2:172.21.15.87:3300/0,v1:172.21.15.87:6789/0] conn(0x7fc1f0107d10 0x7fc1f019ee00 secure :-1 s=READY pgs=60 cs=0 l=1 rev1=1 crypto rx=0x7fc1e0003c30 tx=0x7fc1e0003ff0 comp rx=0 tx=0).stop
2024-05-08T05:17:15.991 INFO:teuthology.orchestra.run.smithi087.stdout:/usr/bin/ceph: stderr
2024-05-08T05:17:15.090+0000 7fc1f5400700 1 -- 172.21.15.87:0/2329323509 shutdown_connections
2024-05-08T05:17:15.991 INFO:teuthology.orchestra.run.smithi087.stdout:/usr/bin/ceph: stderr
2024-05-08T05:17:15.090+0000 7fc1f5400700 1 --2- 172.21.15.87:0/2329323509 >> [v2:172.21.15.87:6800/2710124295,v1:172.21.15.87:6801/2710124295] conn(0x7fc1d403e5e0 0x7fc1d4040aa0 unknown :-1 s=CLOSED pgs=0 cs=0 l=1 rev1=0 crypto rx=0 tx=0 comp rx=0 tx=0).stop
2024-05-08T05:17:15.991 INFO:teuthology.orchestra.run.smithi087.stdout:/usr/bin/ceph: stderr
2024-05-08T05:17:15.090+0000 7fc1f5400700 1 --2- 172.21.15.87:0/2329323509 >> [v2:172.21.15.87:3300/0,v1:172.21.15.87:6789/0] conn(0x7fc1f0107d10 0x7fc1f019ee00 unknown :-1 s=CLOSED pgs=60 cs=0 l=1 rev1=1 crypto rx=0 tx=0 comp rx=0 tx=0).stop
2024-05-08T05:17:15.991 INFO:teuthology.orchestra.run.smithi087.stdout:/usr/bin/ceph: stderr
2024-05-08T05:17:15.090+0000 7fc1f5400700 1 -- 172.21.15.87:0/2329323509 >> 172.21.15.87:0/2329323509 conn(0x7fc1f01032b0 msgr2=0x7fc1f0195440 unknown :-1 s=STATE_NONE l=0).mark_down
2024-05-08T05:17:15.991 INFO:teuthology.orchestra.run.smithi087.stdout:/usr/bin/ceph: stderr
2024-05-08T05:17:15.090+0000 7fc1f5400700 1 -- 172.21.15.87:0/2329323509 shutdown_connections
2024-05-08T05:17:15.991 INFO:teuthology.orchestra.run.smithi087.stdout:/usr/bin/ceph: stderr
2024-05-08T05:17:15.090+0000 7fc1f5400700 1 -- 172.21.15.87:0/2329323509 wait complete.
2024-05-08T05:17:15.992 INFO:teuthology.orchestra.run.smithi087.stdout:Waiting for the mgr to restart...
2024-05-08T05:17:15.992 INFO:teuthology.orchestra.run.smithi087.stdout:Waiting for mgr epoch 9...
2024-05-08T05:17:16.630 INFO:journalctl@ceph.mgr.x.smithi087.stdout:May 08 05:17:16 smithi087 ceph-eeeb813e-0cf9-11ef-bc97-c7b262605968-mgr-x[29765]:
2024-05-08T05:17:16.224+0000 7f6e450ec200 -1 mgr[py] Module telegraf has missing NOTIFY_TYPES member
2024-05-08T05:17:16.630 INFO:journalctl@ceph.mgr.x.smithi087.stdout:May 08 05:17:16 smithi087 ceph-eeeb813e-0cf9-11ef-bc97-c7b262605968-mgr-x[29765]:
2024-05-08T05:17:16.454+0000 7f6e450ec200 -1 mgr[py] Module osd_support has missing NOTIFY_TYPES member
2024-05-08T05:17:16.925 INFO:journalctl@ceph.mgr.x.smithi087.stdout:May 08 05:17:16 smithi087 ceph-eeeb813e-0cf9-11ef-bc97-c7b262605968-mgr-x[29765]:
2024-05-08T05:17:16.673+0000 7f6e450ec200 -1 mgr[py] Module iostat has missing NOTIFY_TYPES member
2024-05-08T05:17:17.190 INFO:journalctl@ceph.mgr.x.smithi087.stdout:May 08 05:17:17 smithi087 ceph-eeeb813e-0cf9-11ef-bc97-c7b262605968-mgr-x[29765]:
2024-05-08T05:17:17.065+0000 7f6e450ec200 -1 mgr[py] Module alerts has missing NOTIFY_TYPES member
2024-05-08T05:17:17.440 INFO:journalctl@ceph.mgr.x.smithi087.stdout:May 08 05:17:17 smithi087 ceph-eeeb813e-0cf9-11ef-bc97-c7b262605968-mgr-x[29765]:
2024-05-08T05:17:17.189+0000 7f6e450ec200 -1 mgr[py] Module selftest has missing NOTIFY_TYPES member
2024-05-08T05:17:17.708 INFO:journalctl@ceph.mgr.x.smithi087.stdout:May 08 05:17:17 smithi087 ceph-eeeb813e-0cf9-11ef-bc97-c7b262605968-mgr-x[29765]:
2024-05-08T05:17:17.439+0000 7f6e450ec200 -1 mgr[py] Module pg_autoscaler has missing NOTIFY_TYPES member
2024-05-08T05:17:17.708 INFO:journalctl@ceph.mgr.x.smithi087.stdout:May 08 05:17:17 smithi087 ceph-eeeb813e-0cf9-11ef-bc97-c7b262605968-mgr-x[29765]:
2024-05-08T05:17:17.686+0000 7f6e450ec200 -1 mgr[py] Module test_orchestrator has missing NOTIFY_TYPES member
2024-05-08T05:17:18.753 INFO:journalctl@ceph.mgr.x.smithi087.stdout:May 08 05:17:18 smithi087 ceph-eeeb813e-0cf9-11ef-bc97-c7b262605968-mgr-x[29765]:
2024-05-08T05:17:18.467+0000 7f6e450ec200 -1 mgr[py] Module rook has missing NOTIFY_TYPES member
2024-05-08T05:17:19.208 INFO:journalctl@ceph.mgr.x.smithi087.stdout:May 08 05:17:18 smithi087 ceph-eeeb813e-0cf9-11ef-bc97-c7b262605968-mgr-x[29765]:
2024-05-08T05:17:18.752+0000 7f6e450ec200 -1 mgr[py] Module smb has missing NOTIFY_TYPES member
2024-05-08T05:17:19.708 INFO:journalctl@ceph.mgr.x.smithi087.stdout:May 08 05:17:19 smithi087 ceph-eeeb813e-0cf9-11ef-bc97-c7b262605968-mgr-x[29765]:
2024-05-08T05:17:19.309+0000 7f6e450ec200 -1 mgr[py] Module volumes has missing NOTIFY_TYPES member
2024-05-08T05:17:19.708 INFO:journalctl@ceph.mgr.x.smithi087.stdout:May 08 05:17:19 smithi087 ceph-eeeb813e-0cf9-11ef-bc97-c7b262605968-mgr-x[29765]:
2024-05-08T05:17:19.436+0000 7f6e450ec200 -1 mgr[py] Module crash has missing NOTIFY_TYPES member
2024-05-08T05:17:20.208 INFO:journalctl@ceph.mgr.x.smithi087.stdout:May 08 05:17:19 smithi087 ceph-eeeb813e-0cf9-11ef-bc97-c7b262605968-mgr-x[29765]:
2024-05-08T05:17:19.898+0000 7f6e450ec200 -1 mgr[py] Module rgw has missing NOTIFY_TYPES member
2024-05-08T05:17:20.471 INFO:journalctl@ceph.mgr.x.smithi087.stdout:May 08 05:17:20 smithi087 ceph-eeeb813e-0cf9-11ef-bc97-c7b262605968-mgr-x[29765]:
2024-05-08T05:17:20.345+0000 7f6e450ec200 -1 mgr[py] Module prometheus has missing NOTIFY_TYPES member
2024-05-08T05:17:20.789 INFO:journalctl@ceph.mgr.x.smithi087.stdout:May 08 05:17:20 smithi087 ceph-eeeb813e-0cf9-11ef-bc97-c7b262605968-mgr-x[29765]:
2024-05-08T05:17:20.470+0000 7f6e450ec200 -1 mgr[py] Module devicehealth has missing NOTIFY_TYPES member
2024-05-08T05:17:21.101 INFO:journalctl@ceph.mgr.x.smithi087.stdout:May 08 05:17:20 smithi087 ceph-eeeb813e-0cf9-11ef-bc97-c7b262605968-mgr-x[29765]:
2024-05-08T05:17:20.788+0000 7f6e450ec200 -1 mgr[py] Module telemetry has missing NOTIFY_TYPES member
2024-05-08T05:17:21.101 INFO:journalctl@ceph.mgr.x.smithi087.stdout:May 08 05:17:20 smithi087 ceph-eeeb813e-0cf9-11ef-bc97-c7b262605968-mgr-x[29765]:
2024-05-08T05:17:20.970+0000 7f6e450ec200 -1 mgr[py] Module diskprediction_local has missing NOTIFY_TYPES member
2024-05-08T05:17:21.101 INFO:journalctl@ceph.mgr.x.smithi087.stdout:May 08 05:17:21 smithi087 ceph-eeeb813e-0cf9-11ef-bc97-c7b262605968-mgr-x[29765]:
2024-05-08T05:17:21.100+0000 7f6e450ec200 -1 mgr[py] Module osd_perf_query has missing NOTIFY_TYPES member
