2024-05-08T05:17:04.377+0000 7fc367000700 1 -- 172.21.15.87:0/2175962390 shutdown_connections
2024-05-08T05:17:05.432 INFO:teuthology.orchestra.run.smithi087.stdout:/usr/bin/ceph: stderr
2024-05-08T05:17:04.377+0000 7fc367000700 1 --2- 172.21.15.87:0/2175962390 >> [v2:172.21.15.87:3300/0,v1:172.21.15.87:6789/0] conn(0x7fc360107870 0x7fc360107c90 unknown :-1 s=CLOSED pgs=47 cs=0 l=1 rev1=1 crypto rx=0 tx=0 comp rx=0 tx=0).stop
2024-05-08T05:17:05.432 INFO:teuthology.orchestra.run.smithi087.stdout:/usr/bin/ceph: stderr
2024-05-08T05:17:04.377+0000 7fc367000700 1 -- 172.21.15.87:0/2175962390 >> 172.21.15.87:0/2175962390 conn(0x7fc360103450 msgr2=0x7fc360105870 unknown :-1 s=STATE_NONE l=0).mark_down
2024-05-08T05:17:05.432 INFO:teuthology.orchestra.run.smithi087.stdout:/usr/bin/ceph: stderr
2024-05-08T05:17:04.377+0000 7fc367000700 1 -- 172.21.15.87:0/2175962390 shutdown_connections
2024-05-08T05:17:05.432 INFO:teuthology.orchestra.run.smithi087.stdout:/usr/bin/ceph: stderr
2024-05-08T05:17:04.377+0000 7fc367000700 1 -- 172.21.15.87:0/2175962390 wait complete.
2024-05-08T05:17:05.433 INFO:teuthology.orchestra.run.smithi087.stdout:/usr/bin/ceph: stderr
2024-05-08T05:17:04.378+0000 7fc367000700 1 Processor -- start
2024-05-08T05:17:05.433 INFO:teuthology.orchestra.run.smithi087.stdout:/usr/bin/ceph: stderr
2024-05-08T05:17:04.379+0000 7fc367000700 1 -- start start
2024-05-08T05:17:05.433 INFO:teuthology.orchestra.run.smithi087.stdout:/usr/bin/ceph: stderr
2024-05-08T05:17:04.379+0000 7fc367000700 1 --2- >> [v2:172.21.15.87:3300/0,v1:172.21.15.87:6789/0] conn(0x7fc360107870 0x7fc36019ef60 unknown :-1 s=NONE pgs=0 cs=0 l=1 rev1=0 crypto rx=0 tx=0 comp rx=0 tx=0).connect
2024-05-08T05:17:05.433 INFO:teuthology.orchestra.run.smithi087.stdout:/usr/bin/ceph: stderr
2024-05-08T05:17:04.379+0000 7fc367000700 1 -- --> [v2:172.21.15.87:3300/0,v1:172.21.15.87:6789/0] -- mon_getmap magic: 0 -- 0x7fc360109190 con 0x7fc360107870
2024-05-08T05:17:05.433 INFO:teuthology.orchestra.run.smithi087.stdout:/usr/bin/ceph: stderr
2024-05-08T05:17:04.379+0000 7fc35fe00700 1 --2- >> [v2:172.21.15.87:3300/0,v1:172.21.15.87:6789/0] conn(0x7fc360107870 0x7fc36019ef60 unknown :-1 s=BANNER_CONNECTING pgs=0 cs=0 l=1 rev1=0 crypto rx=0 tx=0 comp rx=0 tx=0)._handle_peer_banner_payload supported=3 required=0
2024-05-08T05:17:05.433 INFO:teuthology.orchestra.run.smithi087.stdout:/usr/bin/ceph: stderr
2024-05-08T05:17:04.379+0000 7fc35fe00700 1 --2- >> [v2:172.21.15.87:3300/0,v1:172.21.15.87:6789/0] conn(0x7fc360107870 0x7fc36019ef60 unknown :-1 s=HELLO_CONNECTING pgs=0 cs=0 l=1 rev1=1 crypto rx=0 tx=0 comp rx=0 tx=0).handle_hello peer v2:172.21.15.87:3300/0 says I am v2:172.21.15.87:41196/0 (socket says 172.21.15.87:41196)
2024-05-08T05:17:05.433 INFO:teuthology.orchestra.run.smithi087.stdout:/usr/bin/ceph: stderr
2024-05-08T05:17:04.379+0000 7fc35fe00700 1 -- 172.21.15.87:0/3201870839 learned_addr learned my addr 172.21.15.87:0/3201870839 (peer_addr_for_me v2:172.21.15.87:0/0)
2024-05-08T05:17:05.433 INFO:teuthology.orchestra.run.smithi087.stdout:/usr/bin/ceph: stderr
2024-05-08T05:17:04.380+0000 7fc35fe00700 1 -- 172.21.15.87:0/3201870839 --> [v2:172.21.15.87:3300/0,v1:172.21.15.87:6789/0] -- mon_subscribe({config=0+,monmap=0+}) -- 0x7fc36019f4a0 con 0x7fc360107870
2024-05-08T05:17:05.433 INFO:teuthology.orchestra.run.smithi087.stdout:/usr/bin/ceph: stderr
2024-05-08T05:17:04.380+0000 7fc35fe00700 1 --2- 172.21.15.87:0/3201870839 >> [v2:172.21.15.87:3300/0,v1:172.21.15.87:6789/0] conn(0x7fc360107870 0x7fc36019ef60 secure :-1 s=READY pgs=48 cs=0 l=1 rev1=1 crypto rx=0x7fc350011ac0 tx=0x7fc350011ba0 comp rx=0 tx=0).ready entity=mon.0 client_cookie=0 server_cookie=0 in_seq=0 out_seq=0
2024-05-08T05:17:05.433 INFO:teuthology.orchestra.run.smithi087.stdout:/usr/bin/ceph: stderr
2024-05-08T05:17:04.380+0000 7fc35d600700 1 -- 172.21.15.87:0/3201870839 <== mon.0 v2:172.21.15.87:3300/0 1 ==== mon_map magic: 0 ==== 205+0+0 (secure 0 0 0) 0x7fc350003b20 con 0x7fc360107870
2024-05-08T05:17:05.433 INFO:teuthology.orchestra.run.smithi087.stdout:/usr/bin/ceph: stderr
2024-05-08T05:17:04.380+0000 7fc35d600700 1 -- 172.21.15.87:0/3201870839 <== mon.0 v2:172.21.15.87:3300/0 2 ==== config(26 keys) ==== 1070+0+0 (secure 0 0 0) 0x7fc35001a8c0 con 0x7fc360107870
2024-05-08T05:17:05.433 INFO:teuthology.orchestra.run.smithi087.stdout:/usr/bin/ceph: stderr
2024-05-08T05:17:04.380+0000 7fc367000700 1 -- 172.21.15.87:0/3201870839 --> [v2:172.21.15.87:3300/0,v1:172.21.15.87:6789/0] -- mon_subscribe({mgrmap=0+}) -- 0x7fc36019f730 con 0x7fc360107870
2024-05-08T05:17:05.433 INFO:teuthology.orchestra.run.smithi087.stdout:/usr/bin/ceph: stderr
2024-05-08T05:17:04.380+0000 7fc35d600700 1 -- 172.21.15.87:0/3201870839 <== mon.0 v2:172.21.15.87:3300/0 3 ==== mon_map magic: 0 ==== 205+0+0 (secure 0 0 0) 0x7fc3500248d0 con 0x7fc360107870
2024-05-08T05:17:05.434 INFO:teuthology.orchestra.run.smithi087.stdout:/usr/bin/ceph: stderr
2024-05-08T05:17:04.380+0000 7fc367000700 1 -- 172.21.15.87:0/3201870839 --> [v2:172.21.15.87:3300/0,v1:172.21.15.87:6789/0] -- mon_subscribe({osdmap=0}) -- 0x7fc3601a2420 con 0x7fc360107870
2024-05-08T05:17:05.434 INFO:teuthology.orchestra.run.smithi087.stdout:/usr/bin/ceph: stderr
2024-05-08T05:17:04.382+0000 7fc35d600700 1 -- 172.21.15.87:0/3201870839 <== mon.0 v2:172.21.15.87:3300/0 4 ==== mgrmap(e 8) ==== 50222+0+0 (secure 0 0 0) 0x7fc350022020 con 0x7fc360107870
2024-05-08T05:17:05.434 INFO:teuthology.orchestra.run.smithi087.stdout:/usr/bin/ceph: stderr
2024-05-08T05:17:04.382+0000 7fc367000700 1 -- 172.21.15.87:0/3201870839 --> [v2:172.21.15.87:3300/0,v1:172.21.15.87:6789/0] -- mon_command({"prefix": "get_command_descriptions"} v 0) -- 0x7fc360064b00 con 0x7fc360107870
2024-05-08T05:17:05.434 INFO:teuthology.orchestra.run.smithi087.stdout:/usr/bin/ceph: stderr
2024-05-08T05:17:04.382+0000 7fc35d600700 1 --2- 172.21.15.87:0/3201870839 >> [v2:172.21.15.87:6800/2710124295,v1:172.21.15.87:6801/2710124295] conn(0x7fc34403e580 0x7fc344040a40 unknown :-1 s=NONE pgs=0 cs=0 l=1 rev1=0 crypto rx=0 tx=0 comp rx=0 tx=0).connect
2024-05-08T05:17:05.434 INFO:teuthology.orchestra.run.smithi087.stdout:/usr/bin/ceph: stderr
2024-05-08T05:17:04.382+0000 7fc35d600700 1 -- 172.21.15.87:0/3201870839 <== mon.0 v2:172.21.15.87:3300/0 5 ==== osd_map(2..2 src has 1..2) ==== 940+0+0 (secure 0 0 0) 0x7fc350053810 con 0x7fc360107870
2024-05-08T05:17:05.434 INFO:teuthology.orchestra.run.smithi087.stdout:/usr/bin/ceph: stderr
2024-05-08T05:17:04.382+0000 7fc357e00700 1 --2- 172.21.15.87:0/3201870839 >> [v2:172.21.15.87:6800/2710124295,v1:172.21.15.87:6801/2710124295] conn(0x7fc34403e580 0x7fc344040a40 unknown :-1 s=BANNER_CONNECTING pgs=0 cs=0 l=1 rev1=0 crypto rx=0 tx=0 comp rx=0 tx=0)._handle_peer_banner_payload supported=3 required=0
2024-05-08T05:17:05.434 INFO:teuthology.orchestra.run.smithi087.stdout:/usr/bin/ceph: stderr
2024-05-08T05:17:04.383+0000 7fc357e00700 1 --2- 172.21.15.87:0/3201870839 >> [v2:172.21.15.87:6800/2710124295,v1:172.21.15.87:6801/2710124295] conn(0x7fc34403e580 0x7fc344040a40 secure :-1 s=READY pgs=12 cs=0 l=1 rev1=1 crypto rx=0x7fc348006fd0 tx=0x7fc348006e40 comp rx=0 tx=0).ready entity=mgr.14120 client_cookie=0 server_cookie=0 in_seq=0 out_seq=0
2024-05-08T05:17:05.434 INFO:teuthology.orchestra.run.smithi087.stdout:/usr/bin/ceph: stderr
2024-05-08T05:17:04.388+0000 7fc35d600700 1 -- 172.21.15.87:0/3201870839 <== mon.0 v2:172.21.15.87:3300/0 6 ==== mon_command_ack([{"prefix": "get_command_descriptions"}]=0 v0) ==== 72+0+191963 (secure 0 0 0) 0x7fc35001aa70 con 0x7fc360107870
2024-05-08T05:17:05.434 INFO:teuthology.orchestra.run.smithi087.stdout:/usr/bin/ceph: stderr
2024-05-08T05:17:04.651+0000 7fc367000700 1 -- 172.21.15.87:0/3201870839 --> [v2:172.21.15.87:6800/2710124295,v1:172.21.15.87:6801/2710124295] -- mgr_command(tid 0: {"prefix": "orch apply", "service_type": "mon", "unmanaged": true, "target": ["mon-mgr", ""]}) -- 0x7fc3600008d0 con 0x7fc34403e580
2024-05-08T05:17:05.434 INFO:teuthology.orchestra.run.smithi087.stdout:/usr/bin/ceph: stderr
2024-05-08T05:17:04.658+0000 7fc35d600700 1 -- 172.21.15.87:0/3201870839 <== mgr.14120 v2:172.21.15.87:6800/2710124295 1 ==== mgr_command_reply(tid 0: 0 ) ==== 8+0+24 (secure 0 0 0) 0x7fc3600008d0 con 0x7fc34403e580
2024-05-08T05:17:05.434 INFO:teuthology.orchestra.run.smithi087.stdout:/usr/bin/ceph: stderr
2024-05-08T05:17:04.661+0000 7fc367000700 1 -- 172.21.15.87:0/3201870839 >> [v2:172.21.15.87:6800/2710124295,v1:172.21.15.87:6801/2710124295] conn(0x7fc34403e580 msgr2=0x7fc344040a40 secure :-1 s=STATE_CONNECTION_ESTABLISHED l=1).mark_down
2024-05-08T05:17:05.434 INFO:teuthology.orchestra.run.smithi087.stdout:/usr/bin/ceph: stderr
2024-05-08T05:17:04.661+0000 7fc367000700 1 --2- 172.21.15.87:0/3201870839 >> [v2:172.21.15.87:6800/2710124295,v1:172.21.15.87:6801/2710124295] conn(0x7fc34403e580 0x7fc344040a40 secure :-1 s=READY pgs=12 cs=0 l=1 rev1=1 crypto rx=0x7fc348006fd0 tx=0x7fc348006e40 comp rx=0 tx=0).stop
2024-05-08T05:17:05.434 INFO:teuthology.orchestra.run.smithi087.stdout:/usr/bin/ceph: stderr
2024-05-08T05:17:04.661+0000 7fc367000700 1 -- 172.21.15.87:0/3201870839 >> [v2:172.21.15.87:3300/0,v1:172.21.15.87:6789/0] conn(0x7fc360107870 msgr2=0x7fc36019ef60 secure :-1 s=STATE_CONNECTION_ESTABLISHED l=1).mark_down
2024-05-08T05:17:05.434 INFO:teuthology.orchestra.run.smithi087.stdout:/usr/bin/ceph: stderr
2024-05-08T05:17:04.661+0000 7fc367000700 1 --2- 172.21.15.87:0/3201870839 >> [v2:172.21.15.87:3300/0,v1:172.21.15.87:6789/0] conn(0x7fc360107870 0x7fc36019ef60 secure :-1 s=READY pgs=48 cs=0 l=1 rev1=1 crypto rx=0x7fc350011ac0 tx=0x7fc350011ba0 comp rx=0 tx=0).stop
2024-05-08T05:17:05.435 INFO:teuthology.orchestra.run.smithi087.stdout:/usr/bin/ceph: stderr
2024-05-08T05:17:04.661+0000 7fc367000700 1 -- 172.21.15.87:0/3201870839 shutdown_connections
2024-05-08T05:17:05.436 INFO:teuthology.orchestra.run.smithi087.stdout:/usr/bin/ceph: stderr
2024-05-08T05:17:04.661+0000 7fc367000700 1 --2- 172.21.15.87:0/3201870839 >> [v2:172.21.15.87:6800/2710124295,v1:172.21.15.87:6801/2710124295] conn(0x7fc34403e580 0x7fc344040a40 unknown :-1 s=CLOSED pgs=12 cs=0 l=1 rev1=1 crypto rx=0 tx=0 comp rx=0 tx=0).stop
2024-05-08T05:17:05.436 INFO:teuthology.orchestra.run.smithi087.stdout:/usr/bin/ceph: stderr
2024-05-08T05:17:04.661+0000 7fc367000700 1 --2- 172.21.15.87:0/3201870839 >> [v2:172.21.15.87:3300/0,v1:172.21.15.87:6789/0] conn(0x7fc360107870 0x7fc36019ef60 unknown :-1 s=CLOSED pgs=48 cs=0 l=1 rev1=1 crypto rx=0 tx=0 comp rx=0 tx=0).stop
2024-05-08T05:17:05.436 INFO:teuthology.orchestra.run.smithi087.stdout:/usr/bin/ceph: stderr
2024-05-08T05:17:04.661+0000 7fc367000700 1 -- 172.21.15.87:0/3201870839 >> 172.21.15.87:0/3201870839 conn(0x7fc360103450 msgr2=0x7fc360193200 unknown :-1 s=STATE_NONE l=0).mark_down
2024-05-08T05:17:05.436 INFO:teuthology.orchestra.run.smithi087.stdout:/usr/bin/ceph: stderr
2024-05-08T05:17:04.661+0000 7fc367000700 1 -- 172.21.15.87:0/3201870839 shutdown_connections
2024-05-08T05:17:05.436 INFO:teuthology.orchestra.run.smithi087.stdout:/usr/bin/ceph: stderr
2024-05-08T05:17:04.661+0000 7fc367000700 1 -- 172.21.15.87:0/3201870839 wait complete.
2024-05-08T05:17:05.436 INFO:teuthology.orchestra.run.smithi087.stdout:Deploying unmanaged mgr service...
2024-05-08T05:17:05.667 INFO:journalctl@ceph.mon.a.smithi087.stdout:May 08 05:17:05 smithi087 ceph-mon[29523]: from='client.14142 -' entity='client.admin' cmd=[{"prefix": "orch apply", "service_type": "mon", "unmanaged": true, "target": ["mon-mgr", ""]}]: dispatch
2024-05-08T05:17:05.667 INFO:journalctl@ceph.mon.a.smithi087.stdout:May 08 05:17:05 smithi087 ceph-mon[29523]: Saving service mon spec with placement count:5
2024-05-08T05:17:05.667 INFO:journalctl@ceph.mon.a.smithi087.stdout:May 08 05:17:05 smithi087 ceph-mon[29523]: from='mgr.14120 172.21.15.87:0/603415166' entity='mgr.x'
2024-05-08T05:17:07.708 INFO:journalctl@ceph.mon.a.smithi087.stdout:May 08 05:17:07 smithi087 ceph-mon[29523]: from='mgr.14120 172.21.15.87:0/603415166' entity='mgr.x'
2024-05-08T05:17:07.708 INFO:journalctl@ceph.mon.a.smithi087.stdout:May 08 05:17:07 smithi087 ceph-mon[29523]: from='mgr.14120 172.21.15.87:0/603415166' entity='mgr.x'
2024-05-08T05:17:07.708 INFO:journalctl@ceph.mon.a.smithi087.stdout:May 08 05:17:07 smithi087 ceph-mon[29523]: from='mgr.14120 172.21.15.87:0/603415166' entity='mgr.x'
2024-05-08T05:17:07.861 INFO:teuthology.orchestra.run.smithi087.stdout:/usr/bin/ceph: stdout Scheduled mgr update...
2024-05-08T05:17:07.862 INFO:teuthology.orchestra.run.smithi087.stdout:/usr/bin/ceph: stderr
2024-05-08T05:17:06.917+0000 7f8722600700 1 Processor -- start
2024-05-08T05:17:07.862 INFO:teuthology.orchestra.run.smithi087.stdout:/usr/bin/ceph: stderr
2024-05-08T05:17:06.917+0000 7f8722600700 1 -- start start
2024-05-08T05:17:07.862 INFO:teuthology.orchestra.run.smithi087.stdout:/usr/bin/ceph: stderr
2024-05-08T05:17:06.918+0000 7f8722600700 1 --2- >> [v2:172.21.15.87:3300/0,v1:172.21.15.87:6789/0] conn(0x7f871c07dd90 0x7f871c07c1f0 unknown :-1 s=NONE pgs=0 cs=0 l=0 rev1=0 crypto rx=0 tx=0 comp rx=0 tx=0).connect
2024-05-08T05:17:07.862 INFO:teuthology.orchestra.run.smithi087.stdout:/usr/bin/ceph: stderr
2024-05-08T05:17:06.918+0000 7f8722600700 1 -- --> [v2:172.21.15.87:3300/0,v1:172.21.15.87:6789/0] -- mon_getmap magic: 0 -- 0x7f871c07c7c0 con 0x7f871c07dd90
2024-05-08T05:17:07.862 INFO:teuthology.orchestra.run.smithi087.stdout:/usr/bin/ceph: stderr
2024-05-08T05:17:06.918+0000 7f871b400700 1 --2- >> [v2:172.21.15.87:3300/0,v1:172.21.15.87:6789/0] conn(0x7f871c07dd90 0x7f871c07c1f0 unknown :-1 s=BANNER_CONNECTING pgs=0 cs=0 l=0 rev1=0 crypto rx=0 tx=0 comp rx=0 tx=0)._handle_peer_banner_payload supported=3 required=0
2024-05-08T05:17:07.862 INFO:teuthology.orchestra.run.smithi087.stdout:/usr/bin/ceph: stderr
2024-05-08T05:17:06.918+0000 7f871b400700 1 --2- >> [v2:172.21.15.87:3300/0,v1:172.21.15.87:6789/0] conn(0x7f871c07dd90 0x7f871c07c1f0 unknown :-1 s=HELLO_CONNECTING pgs=0 cs=0 l=0 rev1=1 crypto rx=0 tx=0 comp rx=0 tx=0).handle_hello peer v2:172.21.15.87:3300/0 says I am v2:172.21.15.87:47326/0 (socket says 172.21.15.87:47326)
2024-05-08T05:17:07.862 INFO:teuthology.orchestra.run.smithi087.stdout:/usr/bin/ceph: stderr
2024-05-08T05:17:06.918+0000 7f871b400700 1 -- 172.21.15.87:0/2903159349 learned_addr learned my addr 172.21.15.87:0/2903159349 (peer_addr_for_me v2:172.21.15.87:0/0)
2024-05-08T05:17:07.862 INFO:teuthology.orchestra.run.smithi087.stdout:/usr/bin/ceph: stderr
2024-05-08T05:17:06.919+0000 7f871b400700 1 -- 172.21.15.87:0/2903159349 --> [v2:172.21.15.87:3300/0,v1:172.21.15.87:6789/0] -- mon_subscribe({config=0+,monmap=0+}) -- 0x7f871c07c940 con 0x7f871c07dd90
2024-05-08T05:17:07.862 INFO:teuthology.orchestra.run.smithi087.stdout:/usr/bin/ceph: stderr
2024-05-08T05:17:06.919+0000 7f871b400700 1 --2- 172.21.15.87:0/2903159349 >> [v2:172.21.15.87:3300/0,v1:172.21.15.87:6789/0] conn(0x7f871c07dd90 0x7f871c07c1f0 secure :-1 s=READY pgs=49 cs=0 l=1 rev1=1 crypto rx=0x7f870c0098a0 tx=0x7f870c009bb0 comp rx=0 tx=0).ready entity=mon.0 client_cookie=b6b1b5a6bf55bfdd server_cookie=0 in_seq=0 out_seq=0
2024-05-08T05:17:07.862 INFO:teuthology.orchestra.run.smithi087.stdout:/usr/bin/ceph: stderr
2024-05-08T05:17:06.919+0000 7f871a000700 1 -- 172.21.15.87:0/2903159349 <== mon.0 v2:172.21.15.87:3300/0 1 ==== mon_map magic: 0 ==== 205+0+0 (secure 0 0 0) 0x7f870c004160 con 0x7f871c07dd90
2024-05-08T05:17:07.862 INFO:teuthology.orchestra.run.smithi087.stdout:/usr/bin/ceph: stderr
2024-05-08T05:17:06.919+0000 7f871a000700 1 -- 172.21.15.87:0/2903159349 <== mon.0 v2:172.21.15.87:3300/0 2 ==== config(26 keys) ==== 1101+0+0 (secure 0 0 0) 0x7f870c004300 con 0x7f871c07dd90
2024-05-08T05:17:07.862 INFO:teuthology.orchestra.run.smithi087.stdout:/usr/bin/ceph: stderr
2024-05-08T05:17:06.919+0000 7f871a000700 1 -- 172.21.15.87:0/2903159349 <== mon.0 v2:172.21.15.87:3300/0 3 ==== mon_map magic: 0 ==== 205+0+0 (secure 0 0 0) 0x7f870c011a20 con 0x7f871c07dd90
2024-05-08T05:17:07.863 INFO:teuthology.orchestra.run.smithi087.stdout:/usr/bin/ceph: stderr
2024-05-08T05:17:06.920+0000 7f8722600700 1 -- 172.21.15.87:0/2903159349 >> [v2:172.21.15.87:3300/0,v1:172.21.15.87:6789/0] conn(0x7f871c07dd90 msgr2=0x7f871c07c1f0 secure :-1 s=STATE_CONNECTION_ESTABLISHED l=1).mark_down
2024-05-08T05:17:07.863 INFO:teuthology.orchestra.run.smithi087.stdout:/usr/bin/ceph: stderr
2024-05-08T05:17:06.920+0000 7f8722600700 1 --2- 172.21.15.87:0/2903159349 >> [v2:172.21.15.87:3300/0,v1:172.21.15.87:6789/0] conn(0x7f871c07dd90 0x7f871c07c1f0 secure :-1 s=READY pgs=49 cs=0 l=1 rev1=1 crypto rx=0x7f870c0098a0 tx=0x7f870c009bb0 comp rx=0 tx=0).stop
2024-05-08T05:17:07.863 INFO:teuthology.orchestra.run.smithi087.stdout:/usr/bin/ceph: stderr
2024-05-08T05:17:06.920+0000 7f8722600700 1 -- 172.21.15.87:0/2903159349 shutdown_connections
2024-05-08T05:17:07.863 INFO:teuthology.orchestra.run.smithi087.stdout:/usr/bin/ceph: stderr
2024-05-08T05:17:06.920+0000 7f8722600700 1 --2- 172.21.15.87:0/2903159349 >> [v2:172.21.15.87:3300/0,v1:172.21.15.87:6789/0] conn(0x7f871c07dd90 0x7f871c07c1f0 unknown :-1 s=CLOSED pgs=49 cs=0 l=1 rev1=1 crypto rx=0 tx=0 comp rx=0 tx=0).stop
2024-05-08T05:17:07.863 INFO:teuthology.orchestra.run.smithi087.stdout:/usr/bin/ceph: stderr
2024-05-08T05:17:06.920+0000 7f8722600700 1 -- 172.21.15.87:0/2903159349 >> 172.21.15.87:0/2903159349 conn(0x7f871c104560 msgr2=0x7f871c106980 unknown :-1 s=STATE_NONE l=0).mark_down
2024-05-08T05:17:07.863 INFO:teuthology.orchestra.run.smithi087.stdout:/usr/bin/ceph: stderr
2024-05-08T05:17:06.920+0000 7f8722600700 1 -- 172.21.15.87:0/2903159349 shutdown_connections
2024-05-08T05:17:07.863 INFO:teuthology.orchestra.run.smithi087.stdout:/usr/bin/ceph: stderr
2024-05-08T05:17:06.920+0000 7f8722600700 1 -- 172.21.15.87:0/2903159349 wait complete.
2024-05-08T05:17:07.863 INFO:teuthology.orchestra.run.smithi087.stdout:/usr/bin/ceph: stderr
2024-05-08T05:17:06.921+0000 7f8722600700 1 Processor -- start
2024-05-08T05:17:07.863 INFO:teuthology.orchestra.run.smithi087.stdout:/usr/bin/ceph: stderr
2024-05-08T05:17:06.921+0000 7f8722600700 1 -- start start
2024-05-08T05:17:07.863 INFO:teuthology.orchestra.run.smithi087.stdout:/usr/bin/ceph: stderr
2024-05-08T05:17:06.922+0000 7f8722600700 1 --2- >> [v2:172.21.15.87:3300/0,v1:172.21.15.87:6789/0] conn(0x7f871c07dd90 0x7f871c19ef70 unknown :-1 s=NONE pgs=0 cs=0 l=1 rev1=0 crypto rx=0 tx=0 comp rx=0 tx=0).connect
2024-05-08T05:17:07.863 INFO:teuthology.orchestra.run.smithi087.stdout:/usr/bin/ceph: stderr
2024-05-08T05:17:06.922+0000 7f8722600700 1 -- --> [v2:172.21.15.87:3300/0,v1:172.21.15.87:6789/0] -- mon_getmap magic: 0 -- 0x7f871c10f580 con 0x7f871c07dd90
2024-05-08T05:17:07.863 INFO:teuthology.orchestra.run.smithi087.stdout:/usr/bin/ceph: stderr
2024-05-08T05:17:06.922+0000 7f871b400700 1 --2- >> [v2:172.21.15.87:3300/0,v1:172.21.15.87:6789/0] conn(0x7f871c07dd90 0x7f871c19ef70 unknown :-1 s=BANNER_CONNECTING pgs=0 cs=0 l=1 rev1=0 crypto rx=0 tx=0 comp rx=0 tx=0)._handle_peer_banner_payload supported=3 required=0
2024-05-08T05:17:07.863 INFO:teuthology.orchestra.run.smithi087.stdout:/usr/bin/ceph: stderr
2024-05-08T05:17:06.922+0000 7f871b400700 1 --2- >> [v2:172.21.15.87:3300/0,v1:172.21.15.87:6789/0] conn(0x7f871c07dd90 0x7f871c19ef70 unknown :-1 s=HELLO_CONNECTING pgs=0 cs=0 l=1 rev1=1 crypto rx=0 tx=0 comp rx=0 tx=0).handle_hello peer v2:172.21.15.87:3300/0 says I am v2:172.21.15.87:47330/0 (socket says 172.21.15.87:47330)
2024-05-08T05:17:07.863 INFO:teuthology.orchestra.run.smithi087.stdout:/usr/bin/ceph: stderr
2024-05-08T05:17:06.922+0000 7f871b400700 1 -- 172.21.15.87:0/2614355293 learned_addr learned my addr 172.21.15.87:0/2614355293 (peer_addr_for_me v2:172.21.15.87:0/0)
2024-05-08T05:17:07.863 INFO:teuthology.orchestra.run.smithi087.stdout:/usr/bin/ceph: stderr
2024-05-08T05:17:06.922+0000 7f871b400700 1 -- 172.21.15.87:0/2614355293 --> [v2:172.21.15.87:3300/0,v1:172.21.15.87:6789/0] -- mon_subscribe({config=0+,monmap=0+}) -- 0x7f871c19f4b0 con 0x7f871c07dd90
2024-05-08T05:17:07.864 INFO:teuthology.orchestra.run.smithi087.stdout:/usr/bin/ceph: stderr
2024-05-08T05:17:06.923+0000 7f871b400700 1 --2- 172.21.15.87:0/2614355293 >> [v2:172.21.15.87:3300/0,v1:172.21.15.87:6789/0] conn(0x7f871c07dd90 0x7f871c19ef70 secure :-1 s=READY pgs=50 cs=0 l=1 rev1=1 crypto rx=0x7f870c000c00 tx=0x7f870c011aa0 comp rx=0 tx=0).ready entity=mon.0 client_cookie=0 server_cookie=0 in_seq=0 out_seq=0
2024-05-08T05:17:07.864 INFO:teuthology.orchestra.run.smithi087.stdout:/usr/bin/ceph: stderr
2024-05-08T05:17:06.923+0000 7f8713e00700 1 -- 172.21.15.87:0/2614355293 <== mon.0 v2:172.21.15.87:3300/0 1 ==== mon_map magic: 0 ==== 205+0+0 (secure 0 0 0) 0x7f870c003aa0 con 0x7f871c07dd90
2024-05-08T05:17:07.864 INFO:teuthology.orchestra.run.smithi087.stdout:/usr/bin/ceph: stderr
2024-05-08T05:17:06.923+0000 7f8713e00700 1 -- 172.21.15.87:0/2614355293 <== mon.0 v2:172.21.15.87:3300/0 2 ==== config(26 keys) ==== 1101+0+0 (secure 0 0 0) 0x7f870c01b8f0 con 0x7f871c07dd90
2024-05-08T05:17:07.864 INFO:teuthology.orchestra.run.smithi087.stdout:/usr/bin/ceph: stderr
2024-05-08T05:17:06.923+0000 7f8713e00700 1 -- 172.21.15.87:0/2614355293 <== mon.0 v2:172.21.15.87:3300/0 3 ==== mon_map magic: 0 ==== 205+0+0 (secure 0 0 0) 0x7f870c023890 con 0x7f871c07dd90
2024-05-08T05:17:07.864 INFO:teuthology.orchestra.run.smithi087.stdout:/usr/bin/ceph: stderr
2024-05-08T05:17:06.923+0000 7f8722600700 1 -- 172.21.15.87:0/2614355293 --> [v2:172.21.15.87:3300/0,v1:172.21.15.87:6789/0] -- mon_subscribe({mgrmap=0+}) -- 0x7f871c19f740 con 0x7f871c07dd90
2024-05-08T05:17:07.864 INFO:teuthology.orchestra.run.smithi087.stdout:/usr/bin/ceph: stderr
2024-05-08T05:17:06.923+0000 7f8722600700 1 -- 172.21.15.87:0/2614355293 --> [v2:172.21.15.87:3300/0,v1:172.21.15.87:6789/0] -- mon_subscribe({osdmap=0}) -- 0x7f871c1a2430 con 0x7f871c07dd90
2024-05-08T05:17:07.864 INFO:teuthology.orchestra.run.smithi087.stdout:/usr/bin/ceph: stderr
2024-05-08T05:17:06.924+0000 7f8722600700 1 -- 172.21.15.87:0/2614355293 --> [v2:172.21.15.87:3300/0,v1:172.21.15.87:6789/0] -- mon_command({"prefix": "get_command_descriptions"} v 0) -- 0x7f871c064b00 con 0x7f871c07dd90
2024-05-08T05:17:07.864 INFO:teuthology.orchestra.run.smithi087.stdout:/usr/bin/ceph: stderr
2024-05-08T05:17:06.925+0000 7f8713e00700 1 -- 172.21.15.87:0/2614355293 <== mon.0 v2:172.21.15.87:3300/0 4 ==== mgrmap(e 8) ==== 50222+0+0 (secure 0 0 0) 0x7f870c01b440 con 0x7f871c07dd90
2024-05-08T05:17:07.864 INFO:teuthology.orchestra.run.smithi087.stdout:/usr/bin/ceph: stderr
2024-05-08T05:17:06.925+0000 7f8713e00700 1 --2- 172.21.15.87:0/2614355293 >> [v2:172.21.15.87:6800/2710124295,v1:172.21.15.87:6801/2710124295] conn(0x7f870003e530 0x7f87000409f0 unknown :-1 s=NONE pgs=0 cs=0 l=1 rev1=0 crypto rx=0 tx=0 comp rx=0 tx=0).connect
2024-05-08T05:17:07.864 INFO:teuthology.orchestra.run.smithi087.stdout:/usr/bin/ceph: stderr
2024-05-08T05:17:06.925+0000 7f8713e00700 1 -- 172.21.15.87:0/2614355293 <== mon.0 v2:172.21.15.87:3300/0 5 ==== osd_map(2..2 src has 1..2) ==== 940+0+0 (secure 0 0 0) 0x7f870c053f40 con 0x7f871c07dd90
2024-05-08T05:17:07.864 INFO:teuthology.orchestra.run.smithi087.stdout:/usr/bin/ceph: stderr
2024-05-08T05:17:06.926+0000 7f871aa00700 1 --2- 172.21.15.87:0/2614355293 >> [v2:172.21.15.87:6800/2710124295,v1:172.21.15.87:6801/2710124295] conn(0x7f870003e530 0x7f87000409f0 unknown :-1 s=BANNER_CONNECTING pgs=0 cs=0 l=1 rev1=0 crypto rx=0 tx=0 comp rx=0 tx=0)._handle_peer_banner_payload supported=3 required=0
2024-05-08T05:17:07.864 INFO:teuthology.orchestra.run.smithi087.stdout:/usr/bin/ceph: stderr
2024-05-08T05:17:06.926+0000 7f871aa00700 1 --2- 172.21.15.87:0/2614355293 >> [v2:172.21.15.87:6800/2710124295,v1:172.21.15.87:6801/2710124295] conn(0x7f870003e530 0x7f87000409f0 secure :-1 s=READY pgs=13 cs=0 l=1 rev1=1 crypto rx=0x7f8708006fd0 tx=0x7f8708006e40 comp rx=0 tx=0).ready entity=mgr.14120 client_cookie=0 server_cookie=0 in_seq=0 out_seq=0
2024-05-08T05:17:07.864 INFO:teuthology.orchestra.run.smithi087.stdout:/usr/bin/ceph: stderr
2024-05-08T05:17:06.932+0000 7f8713e00700 1 -- 172.21.15.87:0/2614355293 <== mon.0 v2:172.21.15.87:3300/0 6 ==== mon_command_ack([{"prefix": "get_command_descriptions"}]=0 v0) ==== 72+0+191963 (secure 0 0 0) 0x7f870c01f030 con 0x7f871c07dd90
2024-05-08T05:17:07.864 INFO:teuthology.orchestra.run.smithi087.stdout:/usr/bin/ceph: stderr
2024-05-08T05:17:07.180+0000 7f8722600700 1 -- 172.21.15.87:0/2614355293 --> [v2:172.21.15.87:6800/2710124295,v1:172.21.15.87:6801/2710124295] -- mgr_command(tid 0: {"prefix": "orch apply", "service_type": "mgr", "unmanaged": true, "target": ["mon-mgr", ""]}) -- 0x7f871c105650 con 0x7f870003e530
2024-05-08T05:17:07.864 INFO:teuthology.orchestra.run.smithi087.stdout:/usr/bin/ceph: stderr
2024-05-08T05:17:07.187+0000 7f8713e00700 1 -- 172.21.15.87:0/2614355293 <== mgr.14120 v2:172.21.15.87:6800/2710124295 1 ==== mgr_command_reply(tid 0: 0 ) ==== 8+0+24 (secure 0 0 0) 0x7f871c105650 con 0x7f870003e530
2024-05-08T05:17:07.865 INFO:teuthology.orchestra.run.smithi087.stdout:/usr/bin/ceph: stderr
2024-05-08T05:17:07.191+0000 7f8722600700 1 -- 172.21.15.87:0/2614355293 >> [v2:172.21.15.87:6800/2710124295,v1:172.21.15.87:6801/2710124295] conn(0x7f870003e530 msgr2=0x7f87000409f0 secure :-1 s=STATE_CONNECTION_ESTABLISHED l=1).mark_down
2024-05-08T05:17:07.865 INFO:teuthology.orchestra.run.smithi087.stdout:/usr/bin/ceph: stderr
2024-05-08T05:17:07.191+0000 7f8722600700 1 --2- 172.21.15.87:0/2614355293 >> [v2:172.21.15.87:6800/2710124295,v1:172.21.15.87:6801/2710124295] conn(0x7f870003e530 0x7f87000409f0 secure :-1 s=READY pgs=13 cs=0 l=1 rev1=1 crypto rx=0x7f8708006fd0 tx=0x7f8708006e40 comp rx=0 tx=0).stop
2024-05-08T05:17:07.865 INFO:teuthology.orchestra.run.smithi087.stdout:/usr/bin/ceph: stderr
2024-05-08T05:17:07.191+0000 7f8722600700 1 -- 172.21.15.87:0/2614355293 >> [v2:172.21.15.87:3300/0,v1:172.21.15.87:6789/0] conn(0x7f871c07dd90 msgr2=0x7f871c19ef70 secure :-1 s=STATE_CONNECTION_ESTABLISHED l=1).mark_down
2024-05-08T05:17:07.865 INFO:teuthology.orchestra.run.smithi087.stdout:/usr/bin/ceph: stderr
2024-05-08T05:17:07.191+0000 7f8722600700 1 --2- 172.21.15.87:0/2614355293 >> [v2:172.21.15.87:3300/0,v1:172.21.15.87:6789/0] conn(0x7f871c07dd90 0x7f871c19ef70 secure :-1 s=READY pgs=50 cs=0 l=1 rev1=1 crypto rx=0x7f870c000c00 tx=0x7f870c011aa0 comp rx=0 tx=0).stop
2024-05-08T05:17:07.865 INFO:teuthology.orchestra.run.smithi087.stdout:/usr/bin/ceph: stderr
2024-05-08T05:17:07.192+0000 7f8722600700 1 -- 172.21.15.87:0/2614355293 shutdown_connections
2024-05-08T05:17:07.865 INFO:teuthology.orchestra.run.smithi087.stdout:/usr/bin/ceph: stderr
2024-05-08T05:17:07.192+0000 7f8722600700 1 --2- 172.21.15.87:0/2614355293 >> [v2:172.21.15.87:6800/2710124295,v1:172.21.15.87:6801/2710124295] conn(0x7f870003e530 0x7f87000409f0 unknown :-1 s=CLOSED pgs=13 cs=0 l=1 rev1=1 crypto rx=0 tx=0 comp rx=0 tx=0).stop
2024-05-08T05:17:07.865 INFO:teuthology.orchestra.run.smithi087.stdout:/usr/bin/ceph: stderr
2024-05-08T05:17:07.192+0000 7f8722600700 1 --2- 172.21.15.87:0/2614355293 >> [v2:172.21.15.87:3300/0,v1:172.21.15.87:6789/0] conn(0x7f871c07dd90 0x7f871c19ef70 unknown :-1 s=CLOSED pgs=50 cs=0 l=1 rev1=1 crypto rx=0 tx=0 comp rx=0 tx=0).stop
2024-05-08T05:17:07.865 INFO:teuthology.orchestra.run.smithi087.stdout:/usr/bin/ceph: stderr
2024-05-08T05:17:07.192+0000 7f8722600700 1 -- 172.21.15.87:0/2614355293 >> 172.21.15.87:0/2614355293 conn(0x7f871c104560 msgr2=0x7f871c104f40 unknown :-1 s=STATE_NONE l=0).mark_down
2024-05-08T05:17:07.865 INFO:teuthology.orchestra.run.smithi087.stdout:/usr/bin/ceph: stderr
2024-05-08T05:17:07.192+0000 7f8722600700 1 -- 172.21.15.87:0/2614355293 shutdown_connections
2024-05-08T05:17:07.865 INFO:teuthology.orchestra.run.smithi087.stdout:/usr/bin/ceph: stderr
2024-05-08T05:17:07.192+0000 7f8722600700 1 -- 172.21.15.87:0/2614355293 wait complete.
2024-05-08T05:17:08.708 INFO:journalctl@ceph.mon.a.smithi087.stdout:May 08 05:17:08 smithi087 ceph-mon[29523]: from='client.14144 -' entity='client.admin' cmd=[{"prefix": "orch apply", "service_type": "mgr", "unmanaged": true, "target": ["mon-mgr", ""]}]: dispatch
2024-05-08T05:17:08.708 INFO:journalctl@ceph.mon.a.smithi087.stdout:May 08 05:17:08 smithi087 ceph-mon[29523]: Saving service mgr spec with placement count:2
2024-05-08T05:17:09.673 INFO:teuthology.orchestra.run.smithi087.stdout:/usr/bin/ceph: stderr
2024-05-08T05:17:08.459+0000 7fa608c00700 1 Processor -- start
2024-05-08T05:17:09.673 INFO:teuthology.orchestra.run.smithi087.stdout:/usr/bin/ceph: stderr
2024-05-08T05:17:08.459+0000 7fa608c00700 1 -- start start
2024-05-08T05:17:09.673 INFO:teuthology.orchestra.run.smithi087.stdout:/usr/bin/ceph: stderr
2024-05-08T05:17:08.460+0000 7fa608c00700 1 --2- >> [v2:172.21.15.87:3300/0,v1:172.21.15.87:6789/0] conn(0x7fa60410b180 0x7fa60410b5a0 unknown :-1 s=NONE pgs=0 cs=0 l=0 rev1=0 crypto rx=0 tx=0 comp rx=0 tx=0).connect
2024-05-08T05:17:09.673 INFO:teuthology.orchestra.run.smithi087.stdout:/usr/bin/ceph: stderr
2024-05-08T05:17:08.460+0000 7fa608c00700 1 -- --> [v2:172.21.15.87:3300/0,v1:172.21.15.87:6789/0] -- mon_getmap magic: 0 -- 0x7fa60410bb70 con 0x7fa60410b180
2024-05-08T05:17:09.673 INFO:teuthology.orchestra.run.smithi087.stdout:/usr/bin/ceph: stderr
2024-05-08T05:17:08.460+0000 7fa601e00700 1 --2- >> [v2:172.21.15.87:3300/0,v1:172.21.15.87:6789/0] conn(0x7fa60410b180 0x7fa60410b5a0 unknown :-1 s=BANNER_CONNECTING pgs=0 cs=0 l=0 rev1=0 crypto rx=0 tx=0 comp rx=0 tx=0)._handle_peer_banner_payload supported=3 required=0
2024-05-08T05:17:09.674 INFO:teuthology.orchestra.run.smithi087.stdout:/usr/bin/ceph: stderr
2024-05-08T05:17:08.460+0000 7fa601e00700 1 --2- >> [v2:172.21.15.87:3300/0,v1:172.21.15.87:6789/0] conn(0x7fa60410b180 0x7fa60410b5a0 unknown :-1 s=HELLO_CONNECTING pgs=0 cs=0 l=0 rev1=1 crypto rx=0 tx=0 comp rx=0 tx=0).handle_hello peer v2:172.21.15.87:3300/0 says I am v2:172.21.15.87:47332/0 (socket says 172.21.15.87:47332)
2024-05-08T05:17:09.674 INFO:teuthology.orchestra.run.smithi087.stdout:/usr/bin/ceph: stderr
2024-05-08T05:17:08.460+0000 7fa601e00700 1 -- 172.21.15.87:0/4176317800 learned_addr learned my addr 172.21.15.87:0/4176317800 (peer_addr_for_me v2:172.21.15.87:0/0)
2024-05-08T05:17:09.674 INFO:teuthology.orchestra.run.smithi087.stdout:/usr/bin/ceph: stderr
2024-05-08T05:17:08.461+0000 7fa601e00700 1 -- 172.21.15.87:0/4176317800 --> [v2:172.21.15.87:3300/0,v1:172.21.15.87:6789/0] -- mon_subscribe({config=0+,monmap=0+}) -- 0x7fa60410c380 con 0x7fa60410b180
2024-05-08T05:17:09.674 INFO:teuthology.orchestra.run.smithi087.stdout:/usr/bin/ceph: stderr
2024-05-08T05:17:08.461+0000 7fa601e00700 1 --2- 172.21.15.87:0/4176317800 >> [v2:172.21.15.87:3300/0,v1:172.21.15.87:6789/0] conn(0x7fa60410b180 0x7fa60410b5a0 secure :-1 s=READY pgs=51 cs=0 l=1 rev1=1 crypto rx=0x7fa5f40098a0 tx=0x7fa5f4009bb0 comp rx=0 tx=0).ready entity=mon.0 client_cookie=e6d2d93d9e21032e server_cookie=0 in_seq=0 out_seq=0
2024-05-08T05:17:09.674 INFO:teuthology.orchestra.run.smithi087.stdout:/usr/bin/ceph: stderr
2024-05-08T05:17:08.461+0000 7fa600a00700 1 -- 172.21.15.87:0/4176317800 <== mon.0 v2:172.21.15.87:3300/0 1 ==== mon_map magic: 0 ==== 205+0+0 (secure 0 0 0) 0x7fa5f4004160 con 0x7fa60410b180
2024-05-08T05:17:09.674 INFO:teuthology.orchestra.run.smithi087.stdout:/usr/bin/ceph: stderr
2024-05-08T05:17:08.461+0000 7fa600a00700 1 -- 172.21.15.87:0/4176317800 <== mon.0 v2:172.21.15.87:3300/0 2 ==== config(26 keys) ==== 1101+0+0 (secure 0 0 0) 0x7fa5f4004300 con 0x7fa60410b180
2024-05-08T05:17:09.674 INFO:teuthology.orchestra.run.smithi087.stdout:/usr/bin/ceph: stderr
2024-05-08T05:17:08.461+0000 7fa600a00700 1 -- 172.21.15.87:0/4176317800 <== mon.0 v2:172.21.15.87:3300/0 3 ==== mon_map magic: 0 ==== 205+0+0 (secure 0 0 0) 0x7fa5f4011a20 con 0x7fa60410b180
2024-05-08T05:17:09.674 INFO:teuthology.orchestra.run.smithi087.stdout:/usr/bin/ceph: stderr
2024-05-08T05:17:08.462+0000 7fa608c00700 1 -- 172.21.15.87:0/4176317800 >> [v2:172.21.15.87:3300/0,v1:172.21.15.87:6789/0] conn(0x7fa60410b180 msgr2=0x7fa60410b5a0 secure :-1 s=STATE_CONNECTION_ESTABLISHED l=1).mark_down
2024-05-08T05:17:09.674 INFO:teuthology.orchestra.run.smithi087.stdout:/usr/bin/ceph: stderr
2024-05-08T05:17:08.462+0000 7fa608c00700 1 --2- 172.21.15.87:0/4176317800 >> [v2:172.21.15.87:3300/0,v1:172.21.15.87:6789/0] conn(0x7fa60410b180 0x7fa60410b5a0 secure :-1 s=READY pgs=51 cs=0 l=1 rev1=1 crypto rx=0x7fa5f40098a0 tx=0x7fa5f4009bb0 comp rx=0 tx=0).stop
2024-05-08T05:17:09.674 INFO:teuthology.orchestra.run.smithi087.stdout:/usr/bin/ceph: stderr
2024-05-08T05:17:08.462+0000 7fa608c00700 1 -- 172.21.15.87:0/4176317800 shutdown_connections
2024-05-08T05:17:09.674 INFO:teuthology.orchestra.run.smithi087.stdout:/usr/bin/ceph: stderr
2024-05-08T05:17:08.462+0000 7fa608c00700 1 --2- 172.21.15.87:0/4176317800 >> [v2:172.21.15.87:3300/0,v1:172.21.15.87:6789/0] conn(0x7fa60410b180 0x7fa60410b5a0 unknown :-1 s=CLOSED pgs=51 cs=0 l=1 rev1=1 crypto rx=0 tx=0 comp rx=0 tx=0).stop
2024-05-08T05:17:09.674 INFO:teuthology.orchestra.run.smithi087.stdout:/usr/bin/ceph: stderr
2024-05-08T05:17:08.462+0000 7fa608c00700 1 -- 172.21.15.87:0/4176317800 >> 172.21.15.87:0/4176317800 conn(0x7fa604106900 msgr2=0x7fa604108cf0 unknown :-1 s=STATE_NONE l=0).mark_down
2024-05-08T05:17:09.674 INFO:teuthology.orchestra.run.smithi087.stdout:/usr/bin/ceph: stderr
2024-05-08T05:17:08.462+0000 7fa608c00700 1 -- 172.21.15.87:0/4176317800 shutdown_connections
2024-05-08T05:17:09.675 INFO:teuthology.orchestra.run.smithi087.stdout:/usr/bin/ceph: stderr
2024-05-08T05:17:08.462+0000 7fa608c00700 1 -- 172.21.15.87:0/4176317800 wait complete.
2024-05-08T05:17:09.675 INFO:teuthology.orchestra.run.smithi087.stdout:/usr/bin/ceph: stderr
2024-05-08T05:17:08.463+0000 7fa608c00700 1 Processor -- start
2024-05-08T05:17:09.675 INFO:teuthology.orchestra.run.smithi087.stdout:/usr/bin/ceph: stderr
2024-05-08T05:17:08.463+0000 7fa608c00700 1 -- start start
2024-05-08T05:17:09.675 INFO:teuthology.orchestra.run.smithi087.stdout:/usr/bin/ceph: stderr
2024-05-08T05:17:08.464+0000 7fa608c00700 1 --2- >> [v2:172.21.15.87:3300/0,v1:172.21.15.87:6789/0] conn(0x7fa60410b180 0x7fa60419ef30 unknown :-1 s=NONE pgs=0 cs=0 l=1 rev1=0 crypto rx=0 tx=0 comp rx=0 tx=0).connect
2024-05-08T05:17:09.675 INFO:teuthology.orchestra.run.smithi087.stdout:/usr/bin/ceph: stderr
2024-05-08T05:17:08.464+0000 7fa608c00700 1 -- --> [v2:172.21.15.87:3300/0,v1:172.21.15.87:6789/0] -- mon_getmap magic: 0 -- 0x7fa60410f730 con 0x7fa60410b180
2024-05-08T05:17:09.675 INFO:teuthology.orchestra.run.smithi087.stdout:/usr/bin/ceph: stderr
2024-05-08T05:17:08.464+0000 7fa601e00700 1 --2- >> [v2:172.21.15.87:3300/0,v1:172.21.15.87:6789/0] conn(0x7fa60410b180 0x7fa60419ef30 unknown :-1 s=BANNER_CONNECTING pgs=0 cs=0 l=1 rev1=0 crypto rx=0 tx=0 comp rx=0 tx=0)._handle_peer_banner_payload supported=3 required=0
2024-05-08T05:17:09.675 INFO:teuthology.orchestra.run.smithi087.stdout:/usr/bin/ceph: stderr
2024-05-08T05:17:08.464+0000 7fa601e00700 1 --2- >> [v2:172.21.15.87:3300/0,v1:172.21.15.87:6789/0] conn(0x7fa60410b180 0x7fa60419ef30 unknown :-1 s=HELLO_CONNECTING pgs=0 cs=0 l=1 rev1=1 crypto rx=0 tx=0 comp rx=0 tx=0).handle_hello peer v2:172.21.15.87:3300/0 says I am v2:172.21.15.87:47336/0 (socket says 172.21.15.87:47336)
2024-05-08T05:17:09.675 INFO:teuthology.orchestra.run.smithi087.stdout:/usr/bin/ceph: stderr
2024-05-08T05:17:08.464+0000 7fa601e00700 1 -- 172.21.15.87:0/3434106291 learned_addr learned my addr 172.21.15.87:0/3434106291 (peer_addr_for_me v2:172.21.15.87:0/0)
2024-05-08T05:17:09.675 INFO:teuthology.orchestra.run.smithi087.stdout:/usr/bin/ceph: stderr
2024-05-08T05:17:08.464+0000 7fa601e00700 1 -- 172.21.15.87:0/3434106291 --> [v2:172.21.15.87:3300/0,v1:172.21.15.87:6789/0] -- mon_subscribe({config=0+,monmap=0+}) -- 0x7fa60419f470 con 0x7fa60410b180
2024-05-08T05:17:09.675 INFO:teuthology.orchestra.run.smithi087.stdout:/usr/bin/ceph: stderr
2024-05-08T05:17:08.464+0000 7fa601e00700 1 --2- 172.21.15.87:0/3434106291 >> [v2:172.21.15.87:3300/0,v1:172.21.15.87:6789/0] conn(0x7fa60410b180 0x7fa60419ef30 secure :-1 s=READY pgs=52 cs=0 l=1 rev1=1 crypto rx=0x7fa5f40116e0 tx=0x7fa5f4011aa0 comp rx=0 tx=0).ready entity=mon.0 client_cookie=0 server_cookie=0 in_seq=0 out_seq=0
2024-05-08T05:17:09.675 INFO:teuthology.orchestra.run.smithi087.stdout:/usr/bin/ceph: stderr
2024-05-08T05:17:08.465+0000 7fa5faa00700 1 -- 172.21.15.87:0/3434106291 <== mon.0 v2:172.21.15.87:3300/0 1 ==== mon_map magic: 0 ==== 205+0+0 (secure 0 0 0) 0x7fa5f40039e0 con 0x7fa60410b180
2024-05-08T05:17:09.675 INFO:teuthology.orchestra.run.smithi087.stdout:/usr/bin/ceph: stderr
2024-05-08T05:17:08.465+0000 7fa608c00700 1 -- 172.21.15.87:0/3434106291 --> [v2:172.21.15.87:3300/0,v1:172.21.15.87:6789/0] -- mon_subscribe({mgrmap=0+}) -- 0x7fa60419f700 con 0x7fa60410b180
2024-05-08T05:17:09.675 INFO:teuthology.orchestra.run.smithi087.stdout:/usr/bin/ceph: stderr
2024-05-08T05:17:08.465+0000 7fa5faa00700 1 -- 172.21.15.87:0/3434106291 <== mon.0 v2:172.21.15.87:3300/0 2 ==== config(26 keys) ==== 1101+0+0 (secure 0 0 0) 0x7fa5f401b8f0 con 0x7fa60410b180
2024-05-08T05:17:09.675 INFO:teuthology.orchestra.run.smithi087.stdout:/usr/bin/ceph: stderr
2024-05-08T05:17:08.465+0000 7fa5faa00700 1 -- 172.21.15.87:0/3434106291 <== mon.0 v2:172.21.15.87:3300/0 3 ==== mon_map magic: 0 ==== 205+0+0 (secure 0 0 0) 0x7fa5f4023760 con 0x7fa60410b180
2024-05-08T05:17:09.676 INFO:teuthology.orchestra.run.smithi087.stdout:/usr/bin/ceph: stderr
2024-05-08T05:17:08.465+0000 7fa608c00700 1 -- 172.21.15.87:0/3434106291 --> [v2:172.21.15.87:3300/0,v1:172.21.15.87:6789/0] -- mon_subscribe({osdmap=0}) -- 0x7fa6041a23f0 con 0x7fa60410b180
2024-05-08T05:17:09.676 INFO:teuthology.orchestra.run.smithi087.stdout:/usr/bin/ceph: stderr
2024-05-08T05:17:08.466+0000 7fa5faa00700 1 -- 172.21.15.87:0/3434106291 <== mon.0 v2:172.21.15.87:3300/0 4 ==== mgrmap(e 8) ==== 50222+0+0 (secure 0 0 0) 0x7fa5f401b440 con 0x7fa60410b180
2024-05-08T05:17:09.676 INFO:teuthology.orchestra.run.smithi087.stdout:/usr/bin/ceph: stderr
2024-05-08T05:17:08.466+0000 7fa608c00700 1 -- 172.21.15.87:0/3434106291 --> [v2:172.21.15.87:3300/0,v1:172.21.15.87:6789/0] -- mon_command({"prefix": "get_command_descriptions"} v 0) -- 0x7fa60410f8b0 con 0x7fa60410b180
2024-05-08T05:17:09.676 INFO:teuthology.orchestra.run.smithi087.stdout:/usr/bin/ceph: stderr
2024-05-08T05:17:08.467+0000 7fa5faa00700 1 --2- 172.21.15.87:0/3434106291 >> [v2:172.21.15.87:6800/2710124295,v1:172.21.15.87:6801/2710124295] conn(0x7fa5e803e4e0 0x7fa5e80409a0 unknown :-1 s=NONE pgs=0 cs=0 l=1 rev1=0 crypto rx=0 tx=0 comp rx=0 tx=0).connect
2024-05-08T05:17:09.676 INFO:teuthology.orchestra.run.smithi087.stdout:/usr/bin/ceph: stderr
2024-05-08T05:17:08.467+0000 7fa5faa00700 1 -- 172.21.15.87:0/3434106291 <== mon.0 v2:172.21.15.87:3300/0 5 ==== osd_map(2..2 src has 1..2) ==== 940+0+0 (secure 0 0 0) 0x7fa5f4053e10 con 0x7fa60410b180
2024-05-08T05:17:09.676 INFO:teuthology.orchestra.run.smithi087.stdout:/usr/bin/ceph: stderr
2024-05-08T05:17:08.467+0000 7fa601400700 1 --2- 172.21.15.87:0/3434106291 >> [v2:172.21.15.87:6800/2710124295,v1:172.21.15.87:6801/2710124295] conn(0x7fa5e803e4e0 0x7fa5e80409a0 unknown :-1 s=BANNER_CONNECTING pgs=0 cs=0 l=1 rev1=0 crypto rx=0 tx=0 comp rx=0 tx=0)._handle_peer_banner_payload supported=3 required=0
2024-05-08T05:17:09.676 INFO:teuthology.orchestra.run.smithi087.stdout:/usr/bin/ceph: stderr
2024-05-08T05:17:08.468+0000 7fa601400700 1 --2- 172.21.15.87:0/3434106291 >> [v2:172.21.15.87:6800/2710124295,v1:172.21.15.87:6801/2710124295] conn(0x7fa5e803e4e0 0x7fa5e80409a0 secure :-1 s=READY pgs=14 cs=0 l=1 rev1=1 crypto rx=0x7fa5f0006fd0 tx=0x7fa5f0006e40 comp rx=0 tx=0).ready entity=mgr.14120 client_cookie=0 server_cookie=0 in_seq=0 out_seq=0
2024-05-08T05:17:09.676 INFO:teuthology.orchestra.run.smithi087.stdout:/usr/bin/ceph: stderr
2024-05-08T05:17:08.472+0000 7fa5faa00700 1 -- 172.21.15.87:0/3434106291 <== mon.0 v2:172.21.15.87:3300/0 6 ==== mon_command_ack([{"prefix": "get_command_descriptions"}]=0 v0) ==== 72+0+191963 (secure 0 0 0) 0x7fa5f401f030 con 0x7fa60410b180
2024-05-08T05:17:09.676 INFO:teuthology.orchestra.run.smithi087.stdout:/usr/bin/ceph: stderr
2024-05-08T05:17:08.734+0000 7fa608c00700 1 -- 172.21.15.87:0/3434106291 --> [v2:172.21.15.87:3300/0,v1:172.21.15.87:6789/0] -- mon_command([{prefix=config set, name=mgr/cephadm/container_init}] v 0) -- 0x7fa6041a29a0 con 0x7fa60410b180
2024-05-08T05:17:09.676 INFO:teuthology.orchestra.run.smithi087.stdout:/usr/bin/ceph: stderr
2024-05-08T05:17:08.738+0000 7fa5faa00700 1 -- 172.21.15.87:0/3434106291 <== mon.0 v2:172.21.15.87:3300/0 7 ==== mon_command_ack([{prefix=config set, name=mgr/cephadm/container_init}]=0 v7)=0 v7) ==== 142+0+0 (secure 0 0 0) 0x7fa5f4023e00 con 0x7fa60410b180
2024-05-08T05:17:09.676 INFO:teuthology.orchestra.run.smithi087.stdout:/usr/bin/ceph: stderr
2024-05-08T05:17:08.741+0000 7fa608c00700 1 -- 172.21.15.87:0/3434106291 >> [v2:172.21.15.87:6800/2710124295,v1:172.21.15.87:6801/2710124295] conn(0x7fa5e803e4e0 msgr2=0x7fa5e80409a0 secure :-1 s=STATE_CONNECTION_ESTABLISHED l=1).mark_down
2024-05-08T05:17:09.676 INFO:teuthology.orchestra.run.smithi087.stdout:/usr/bin/ceph: stderr
2024-05-08T05:17:08.741+0000 7fa608c00700 1 --2- 172.21.15.87:0/3434106291 >> [v2:172.21.15.87:6800/2710124295,v1:172.21.15.87:6801/2710124295] conn(0x7fa5e803e4e0 0x7fa5e80409a0 secure :-1 s=READY pgs=14 cs=0 l=1 rev1=1 crypto rx=0x7fa5f0006fd0 tx=0x7fa5f0006e40 comp rx=0 tx=0).stop
2024-05-08T05:17:09.676 INFO:teuthology.orchestra.run.smithi087.stdout:/usr/bin/ceph: stderr
2024-05-08T05:17:08.741+0000 7fa608c00700 1 -- 172.21.15.87:0/3434106291 >> [v2:172.21.15.87:3300/0,v1:172.21.15.87:6789/0] conn(0x7fa60410b180 msgr2=0x7fa60419ef30 secure :-1 s=STATE_CONNECTION_ESTABLISHED l=1).mark_down
2024-05-08T05:17:09.676 INFO:teuthology.orchestra.run.smithi087.stdout:/usr/bin/ceph: stderr
2024-05-08T05:17:08.741+0000 7fa608c00700 1 --2- 172.21.15.87:0/3434106291 >> [v2:172.21.15.87:3300/0,v1:172.21.15.87:6789/0] conn(0x7fa60410b180 0x7fa60419ef30 secure :-1 s=READY pgs=52 cs=0 l=1 rev1=1 crypto rx=0x7fa5f40116e0 tx=0x7fa5f4011aa0 comp rx=0 tx=0).stop
2024-05-08T05:17:09.677 INFO:teuthology.orchestra.run.smithi087.stdout:/usr/bin/ceph: stderr
2024-05-08T05:17:08.741+0000 7fa608c00700 1 -- 172.21.15.87:0/3434106291 shutdown_connections
2024-05-08T05:17:09.677 INFO:teuthology.orchestra.run.smithi087.stdout:/usr/bin/ceph: stderr
2024-05-08T05:17:08.741+0000 7fa608c00700 1 --2- 172.21.15.87:0/3434106291 >> [v2:172.21.15.87:6800/2710124295,v1:172.21.15.87:6801/2710124295] conn(0x7fa5e803e4e0 0x7fa5e80409a0 unknown :-1 s=CLOSED pgs=14 cs=0 l=1 rev1=1 crypto rx=0 tx=0 comp rx=0 tx=0).stop
2024-05-08T05:17:09.677 INFO:teuthology.orchestra.run.smithi087.stdout:/usr/bin/ceph: stderr
2024-05-08T05:17:08.741+0000 7fa608c00700 1 --2- 172.21.15.87:0/3434106291 >> [v2:172.21.15.87:3300/0,v1:172.21.15.87:6789/0] conn(0x7fa60410b180 0x7fa60419ef30 unknown :-1 s=CLOSED pgs=52 cs=0 l=1 rev1=1 crypto rx=0 tx=0 comp rx=0 tx=0).stop
2024-05-08T05:17:09.677 INFO:teuthology.orchestra.run.smithi087.stdout:/usr/bin/ceph: stderr
2024-05-08T05:17:08.741+0000 7fa608c00700 1 -- 172.21.15.87:0/3434106291 >> 172.21.15.87:0/3434106291 conn(0x7fa604106900 msgr2=0x7fa6041082a0 unknown :-1 s=STATE_NONE l=0).mark_down
2024-05-08T05:17:09.677 INFO:teuthology.orchestra.run.smithi087.stdout:/usr/bin/ceph: stderr
2024-05-08T05:17:08.742+0000 7fa608c00700 1 -- 172.21.15.87:0/3434106291 shutdown_connections
2024-05-08T05:17:09.677 INFO:teuthology.orchestra.run.smithi087.stdout:/usr/bin/ceph: stderr
2024-05-08T05:17:08.742+0000 7fa608c00700 1 -- 172.21.15.87:0/3434106291 wait complete.
2024-05-08T05:17:09.823 INFO:journalctl@ceph.mon.a.smithi087.stdout:May 08 05:17:09 smithi087 ceph-mon[29523]: pgmap v3: 0 pgs: ; 0 B data, 0 B used, 0 B / 0 B avail
2024-05-08T05:17:09.823 INFO:journalctl@ceph.mon.a.smithi087.stdout:May 08 05:17:09 smithi087 ceph-mon[29523]: from='client.? 172.21.15.87:0/3434106291' entity='client.admin'
2024-05-08T05:17:11.458 INFO:journalctl@ceph.mon.a.smithi087.stdout:May 08 05:17:11 smithi087 ceph-mon[29523]: pgmap v4: 0 pgs: ; 0 B data, 0 B used, 0 B / 0 B avail
2024-05-08T05:17:11.458 INFO:journalctl@ceph.mon.a.smithi087.stdout:May 08 05:17:11 smithi087 ceph-mon[29523]: from='mgr.14120 172.21.15.87:0/603415166' entity='mgr.x'
2024-05-08T05:17:11.459 INFO:journalctl@ceph.mon.a.smithi087.stdout:May 08 05:17:11 smithi087 ceph-mon[29523]: from='client.? 172.21.15.87:0/853369416' entity='client.admin'
2024-05-08T05:17:11.492 INFO:teuthology.orchestra.run.smithi087.stdout:/usr/bin/ceph: stderr
2024-05-08T05:17:10.613+0000 7fa59aa00700 1 Processor -- start
2024-05-08T05:17:11.492 INFO:teuthology.orchestra.run.smithi087.stdout:/usr/bin/ceph: stderr
2024-05-08T05:17:10.613+0000 7fa59aa00700 1 -- start start
2024-05-08T05:17:11.492 INFO:teuthology.orchestra.run.smithi087.stdout:/usr/bin/ceph: stderr
2024-05-08T05:17:10.614+0000 7fa59aa00700 1 --2- >> [v2:172.21.15.87:3300/0,v1:172.21.15.87:6789/0] conn(0x7fa594108fa0 0x7fa5941093c0 unknown :-1 s=NONE pgs=0 cs=0 l=0 rev1=0 crypto rx=0 tx=0 comp rx=0 tx=0).connect
2024-05-08T05:17:11.493 INFO:teuthology.orchestra.run.smithi087.stdout:/usr/bin/ceph: stderr
2024-05-08T05:17:10.614+0000 7fa59aa00700 1 -- --> [v2:172.21.15.87:3300/0,v1:172.21.15.87:6789/0] -- mon_getmap magic: 0 -- 0x7fa594109990 con 0x7fa594108fa0
2024-05-08T05:17:11.493 INFO:teuthology.orchestra.run.smithi087.stdout:/usr/bin/ceph: stderr
2024-05-08T05:17:10.614+0000 7fa593e00700 1 --2- >> [v2:172.21.15.87:3300/0,v1:172.21.15.87:6789/0] conn(0x7fa594108fa0 0x7fa5941093c0 unknown :-1 s=BANNER_CONNECTING pgs=0 cs=0 l=0 rev1=0 crypto rx=0 tx=0 comp rx=0 tx=0)._handle_peer_banner_payload supported=3 required=0
2024-05-08T05:17:11.493 INFO:teuthology.orchestra.run.smithi087.stdout:/usr/bin/ceph: stderr
2024-05-08T05:17:10.614+0000 7fa593e00700 1 --2- >> [v2:172.21.15.87:3300/0,v1:172.21.15.87:6789/0] conn(0x7fa594108fa0 0x7fa5941093c0 unknown :-1 s=HELLO_CONNECTING pgs=0 cs=0 l=0 rev1=1 crypto rx=0 tx=0 comp rx=0 tx=0).handle_hello peer v2:172.21.15.87:3300/0 says I am v2:172.21.15.87:47352/0 (socket says 172.21.15.87:47352)
2024-05-08T05:17:11.493 INFO:teuthology.orchestra.run.smithi087.stdout:/usr/bin/ceph: stderr
2024-05-08T05:17:10.614+0000 7fa593e00700 1 -- 172.21.15.87:0/3552594769 learned_addr learned my addr 172.21.15.87:0/3552594769 (peer_addr_for_me v2:172.21.15.87:0/0)
2024-05-08T05:17:11.493 INFO:teuthology.orchestra.run.smithi087.stdout:/usr/bin/ceph: stderr
2024-05-08T05:17:10.615+0000 7fa593e00700 1 -- 172.21.15.87:0/3552594769 --> [v2:172.21.15.87:3300/0,v1:172.21.15.87:6789/0] -- mon_subscribe({config=0+,monmap=0+}) -- 0x7fa59410a1a0 con 0x7fa594108fa0
2024-05-08T05:17:11.497 INFO:teuthology.orchestra.run.smithi087.stdout:/usr/bin/ceph: stderr
2024-05-08T05:17:10.615+0000 7fa593e00700 1 --2- 172.21.15.87:0/3552594769 >> [v2:172.21.15.87:3300/0,v1:172.21.15.87:6789/0] conn(0x7fa594108fa0 0x7fa5941093c0 secure :-1 s=READY pgs=53 cs=0 l=1 rev1=1 crypto rx=0x7fa5840098a0 tx=0x7fa584009bb0 comp rx=0 tx=0).ready entity=mon.0 client_cookie=3c3fc6088cc6590e server_cookie=0 in_seq=0 out_seq=0
2024-05-08T05:17:11.497 INFO:teuthology.orchestra.run.smithi087.stdout:/usr/bin/ceph: stderr
2024-05-08T05:17:10.615+0000 7fa592a00700 1 -- 172.21.15.87:0/3552594769 <== mon.0 v2:172.21.15.87:3300/0 1 ==== mon_map magic: 0 ==== 205+0+0 (secure 0 0 0) 0x7fa584004160 con 0x7fa594108fa0
2024-05-08T05:17:11.498 INFO:teuthology.orchestra.run.smithi087.stdout:/usr/bin/ceph: stderr
2024-05-08T05:17:10.615+0000 7fa592a00700 1 -- 172.21.15.87:0/3552594769 <== mon.0 v2:172.21.15.87:3300/0 2 ==== config(26 keys) ==== 1101+0+0 (secure 0 0 0) 0x7fa584004300 con 0x7fa594108fa0
2024-05-08T05:17:11.498 INFO:teuthology.orchestra.run.smithi087.stdout:/usr/bin/ceph: stderr
2024-05-08T05:17:10.615+0000 7fa592a00700 1 -- 172.21.15.87:0/3552594769 <== mon.0 v2:172.21.15.87:3300/0 3 ==== mon_map magic: 0 ==== 205+0+0 (secure 0 0 0) 0x7fa584011a20 con 0x7fa594108fa0
2024-05-08T05:17:11.498 INFO:teuthology.orchestra.run.smithi087.stdout:/usr/bin/ceph: stderr
2024-05-08T05:17:10.616+0000 7fa59aa00700 1 -- 172.21.15.87:0/3552594769 >> [v2:172.21.15.87:3300/0,v1:172.21.15.87:6789/0] conn(0x7fa594108fa0 msgr2=0x7fa5941093c0 secure :-1 s=STATE_CONNECTION_ESTABLISHED l=1).mark_down
2024-05-08T05:17:11.498 INFO:teuthology.orchestra.run.smithi087.stdout:/usr/bin/ceph: stderr
2024-05-08T05:17:10.616+0000 7fa59aa00700 1 --2- 172.21.15.87:0/3552594769 >> [v2:172.21.15.87:3300/0,v1:172.21.15.87:6789/0] conn(0x7fa594108fa0 0x7fa5941093c0 secure :-1 s=READY pgs=53 cs=0 l=1 rev1=1 crypto rx=0x7fa5840098a0 tx=0x7fa584009bb0 comp rx=0 tx=0).stop
2024-05-08T05:17:11.498 INFO:teuthology.orchestra.run.smithi087.stdout:/usr/bin/ceph: stderr
2024-05-08T05:17:10.616+0000 7fa59aa00700 1 -- 172.21.15.87:0/3552594769 shutdown_connections
2024-05-08T05:17:11.498 INFO:teuthology.orchestra.run.smithi087.stdout:/usr/bin/ceph: stderr
2024-05-08T05:17:10.616+0000 7fa59aa00700 1 --2- 172.21.15.87:0/3552594769 >> [v2:172.21.15.87:3300/0,v1:172.21.15.87:6789/0] conn(0x7fa594108fa0 0x7fa5941093c0 unknown :-1 s=CLOSED pgs=53 cs=0 l=1 rev1=1 crypto rx=0 tx=0 comp rx=0 tx=0).stop
2024-05-08T05:17:11.498 INFO:teuthology.orchestra.run.smithi087.stdout:/usr/bin/ceph: stderr
2024-05-08T05:17:10.616+0000 7fa59aa00700 1 -- 172.21.15.87:0/3552594769 >> 172.21.15.87:0/3552594769 conn(0x7fa594104560 msgr2=0x7fa594106980 unknown :-1 s=STATE_NONE l=0).mark_down
2024-05-08T05:17:11.499 INFO:teuthology.orchestra.run.smithi087.stdout:/usr/bin/ceph: stderr
2024-05-08T05:17:10.616+0000 7fa59aa00700 1 -- 172.21.15.87:0/3552594769 shutdown_connections
2024-05-08T05:17:11.499 INFO:teuthology.orchestra.run.smithi087.stdout:/usr/bin/ceph: stderr
