2024-05-08T05:17:28.577 INFO:teuthology.orchestra.run.smithi087.stdout:/usr/bin/ceph: stderr
2024-05-08T05:17:27.336+0000 7fe3fda00700 1 --2- >> [v2:172.21.15.87:3300/0,v1:172.21.15.87:6789/0] conn(0x7fe3f807eec0 0x7fe3f819ef90 unknown :-1 s=BANNER_CONNECTING pgs=0 cs=0 l=1 rev1=0 crypto rx=0 tx=0 comp rx=0 tx=0)._handle_peer_banner_payload supported=3 required=0
2024-05-08T05:17:28.578 INFO:teuthology.orchestra.run.smithi087.stdout:/usr/bin/ceph: stderr
2024-05-08T05:17:27.336+0000 7fe3fda00700 1 --2- >> [v2:172.21.15.87:3300/0,v1:172.21.15.87:6789/0] conn(0x7fe3f807eec0 0x7fe3f819ef90 unknown :-1 s=HELLO_CONNECTING pgs=0 cs=0 l=1 rev1=1 crypto rx=0 tx=0 comp rx=0 tx=0).handle_hello peer v2:172.21.15.87:3300/0 says I am v2:172.21.15.87:57646/0 (socket says 172.21.15.87:57646)
2024-05-08T05:17:28.578 INFO:teuthology.orchestra.run.smithi087.stdout:/usr/bin/ceph: stderr
2024-05-08T05:17:27.336+0000 7fe3fda00700 1 -- 172.21.15.87:0/4011341759 learned_addr learned my addr 172.21.15.87:0/4011341759 (peer_addr_for_me v2:172.21.15.87:0/0)
2024-05-08T05:17:28.578 INFO:teuthology.orchestra.run.smithi087.stdout:/usr/bin/ceph: stderr
2024-05-08T05:17:27.336+0000 7fe3fda00700 1 -- 172.21.15.87:0/4011341759 --> [v2:172.21.15.87:3300/0,v1:172.21.15.87:6789/0] -- mon_subscribe({config=0+,monmap=0+}) -- 0x7fe3f819f4d0 con 0x7fe3f807eec0
2024-05-08T05:17:28.578 INFO:teuthology.orchestra.run.smithi087.stdout:/usr/bin/ceph: stderr
2024-05-08T05:17:27.337+0000 7fe3fda00700 1 --2- 172.21.15.87:0/4011341759 >> [v2:172.21.15.87:3300/0,v1:172.21.15.87:6789/0] conn(0x7fe3f807eec0 0x7fe3f819ef90 secure :-1 s=READY pgs=73 cs=0 l=1 rev1=1 crypto rx=0x7fe3ec009520 tx=0x7fe3ec011aa0 comp rx=0 tx=0).ready entity=mon.0 client_cookie=0 server_cookie=0 in_seq=0 out_seq=0
2024-05-08T05:17:28.578 INFO:teuthology.orchestra.run.smithi087.stdout:/usr/bin/ceph: stderr
2024-05-08T05:17:27.337+0000 7fe3f6000700 1 -- 172.21.15.87:0/4011341759 <== mon.0 v2:172.21.15.87:3300/0 1 ==== mon_map magic: 0 ==== 205+0+0 (secure 0 0 0) 0x7fe3ec003af0 con 0x7fe3f807eec0
2024-05-08T05:17:28.578 INFO:teuthology.orchestra.run.smithi087.stdout:/usr/bin/ceph: stderr
2024-05-08T05:17:27.337+0000 7fe3f6000700 1 -- 172.21.15.87:0/4011341759 <== mon.0 v2:172.21.15.87:3300/0 2 ==== config(26 keys) ==== 1101+0+0 (secure 0 0 0) 0x7fe3ec01a8e0 con 0x7fe3f807eec0
2024-05-08T05:17:28.578 INFO:teuthology.orchestra.run.smithi087.stdout:/usr/bin/ceph: stderr
2024-05-08T05:17:27.337+0000 7fe3f6000700 1 -- 172.21.15.87:0/4011341759 <== mon.0 v2:172.21.15.87:3300/0 3 ==== mon_map magic: 0 ==== 205+0+0 (secure 0 0 0) 0x7fe3ec0247a0 con 0x7fe3f807eec0
2024-05-08T05:17:28.578 INFO:teuthology.orchestra.run.smithi087.stdout:/usr/bin/ceph: stderr
2024-05-08T05:17:27.337+0000 7fe400400700 1 -- 172.21.15.87:0/4011341759 --> [v2:172.21.15.87:3300/0,v1:172.21.15.87:6789/0] -- mon_subscribe({mgrmap=0+}) -- 0x7fe3f819f760 con 0x7fe3f807eec0
2024-05-08T05:17:28.578 INFO:teuthology.orchestra.run.smithi087.stdout:/usr/bin/ceph: stderr
2024-05-08T05:17:27.337+0000 7fe400400700 1 -- 172.21.15.87:0/4011341759 --> [v2:172.21.15.87:3300/0,v1:172.21.15.87:6789/0] -- mon_subscribe({osdmap=0}) -- 0x7fe3f81a2450 con 0x7fe3f807eec0
2024-05-08T05:17:28.578 INFO:teuthology.orchestra.run.smithi087.stdout:/usr/bin/ceph: stderr
2024-05-08T05:17:27.338+0000 7fe3f6000700 1 -- 172.21.15.87:0/4011341759 <== mon.0 v2:172.21.15.87:3300/0 4 ==== mgrmap(e 12) ==== 50235+0+0 (secure 0 0 0) 0x7fe3ec022020 con 0x7fe3f807eec0
2024-05-08T05:17:28.578 INFO:teuthology.orchestra.run.smithi087.stdout:/usr/bin/ceph: stderr
2024-05-08T05:17:27.338+0000 7fe400400700 1 -- 172.21.15.87:0/4011341759 --> [v2:172.21.15.87:3300/0,v1:172.21.15.87:6789/0] -- mon_command({"prefix": "get_command_descriptions"} v 0) -- 0x7fe3f8064b00 con 0x7fe3f807eec0
2024-05-08T05:17:28.578 INFO:teuthology.orchestra.run.smithi087.stdout:/usr/bin/ceph: stderr
2024-05-08T05:17:27.339+0000 7fe3f6000700 1 --2- 172.21.15.87:0/4011341759 >> [v2:172.21.15.87:6800/1189186457,v1:172.21.15.87:6801/1189186457] conn(0x7fe3e003e5e0 0x7fe3e0040aa0 unknown :-1 s=NONE pgs=0 cs=0 l=1 rev1=0 crypto rx=0 tx=0 comp rx=0 tx=0).connect
2024-05-08T05:17:28.578 INFO:teuthology.orchestra.run.smithi087.stdout:/usr/bin/ceph: stderr
2024-05-08T05:17:27.339+0000 7fe3f6000700 1 -- 172.21.15.87:0/4011341759 <== mon.0 v2:172.21.15.87:3300/0 5 ==== osd_map(3..3 src has 1..3) ==== 1155+0+0 (secure 0 0 0) 0x7fe3ec053910 con 0x7fe3f807eec0
2024-05-08T05:17:28.579 INFO:teuthology.orchestra.run.smithi087.stdout:/usr/bin/ceph: stderr
2024-05-08T05:17:27.339+0000 7fe3fd000700 1 --2- 172.21.15.87:0/4011341759 >> [v2:172.21.15.87:6800/1189186457,v1:172.21.15.87:6801/1189186457] conn(0x7fe3e003e5e0 0x7fe3e0040aa0 unknown :-1 s=BANNER_CONNECTING pgs=0 cs=0 l=1 rev1=0 crypto rx=0 tx=0 comp rx=0 tx=0)._handle_peer_banner_payload supported=3 required=0
2024-05-08T05:17:28.579 INFO:teuthology.orchestra.run.smithi087.stdout:/usr/bin/ceph: stderr
2024-05-08T05:17:27.340+0000 7fe3fd000700 1 --2- 172.21.15.87:0/4011341759 >> [v2:172.21.15.87:6800/1189186457,v1:172.21.15.87:6801/1189186457] conn(0x7fe3e003e5e0 0x7fe3e0040aa0 secure :-1 s=READY pgs=8 cs=0 l=1 rev1=1 crypto rx=0x7fe3e4006fd0 tx=0x7fe3e4006e40 comp rx=0 tx=0).ready entity=mgr.14152 client_cookie=0 server_cookie=0 in_seq=0 out_seq=0
2024-05-08T05:17:28.579 INFO:teuthology.orchestra.run.smithi087.stdout:/usr/bin/ceph: stderr
2024-05-08T05:17:27.345+0000 7fe3f6000700 1 -- 172.21.15.87:0/4011341759 <== mon.0 v2:172.21.15.87:3300/0 6 ==== mon_command_ack([{"prefix": "get_command_descriptions"}]=0 v0) ==== 72+0+191963 (secure 0 0 0) 0x7fe3ec021d80 con 0x7fe3f807eec0
2024-05-08T05:17:28.579 INFO:teuthology.orchestra.run.smithi087.stdout:/usr/bin/ceph: stderr
2024-05-08T05:17:27.593+0000 7fe400400700 1 -- 172.21.15.87:0/4011341759 --> [v2:172.21.15.87:6800/1189186457,v1:172.21.15.87:6801/1189186457] -- mgr_command(tid 0: {"prefix": "dashboard ac-user-create", "username": "admin", "rolename": "administrator", "force_password": true, "pwd_update_required": true, "target": ["mon-mgr", ""]}) -- 0x7fe3f819fc40 con 0x7fe3e003e5e0
2024-05-08T05:17:28.579 INFO:teuthology.orchestra.run.smithi087.stdout:/usr/bin/ceph: stderr
2024-05-08T05:17:27.848+0000 7fe3f6000700 1 -- 172.21.15.87:0/4011341759 <== mgr.14152 v2:172.21.15.87:6800/1189186457 1 ==== mgr_command_reply(tid 0: 0 ) ==== 8+0+252 (secure 0 0 0) 0x7fe3f819fc40 con 0x7fe3e003e5e0
2024-05-08T05:17:28.579 INFO:teuthology.orchestra.run.smithi087.stdout:/usr/bin/ceph: stderr
2024-05-08T05:17:27.851+0000 7fe400400700 1 -- 172.21.15.87:0/4011341759 >> [v2:172.21.15.87:6800/1189186457,v1:172.21.15.87:6801/1189186457] conn(0x7fe3e003e5e0 msgr2=0x7fe3e0040aa0 secure :-1 s=STATE_CONNECTION_ESTABLISHED l=1).mark_down
2024-05-08T05:17:28.579 INFO:teuthology.orchestra.run.smithi087.stdout:/usr/bin/ceph: stderr
2024-05-08T05:17:27.851+0000 7fe400400700 1 --2- 172.21.15.87:0/4011341759 >> [v2:172.21.15.87:6800/1189186457,v1:172.21.15.87:6801/1189186457] conn(0x7fe3e003e5e0 0x7fe3e0040aa0 secure :-1 s=READY pgs=8 cs=0 l=1 rev1=1 crypto rx=0x7fe3e4006fd0 tx=0x7fe3e4006e40 comp rx=0 tx=0).stop
2024-05-08T05:17:28.579 INFO:teuthology.orchestra.run.smithi087.stdout:/usr/bin/ceph: stderr
2024-05-08T05:17:27.851+0000 7fe400400700 1 -- 172.21.15.87:0/4011341759 >> [v2:172.21.15.87:3300/0,v1:172.21.15.87:6789/0] conn(0x7fe3f807eec0 msgr2=0x7fe3f819ef90 secure :-1 s=STATE_CONNECTION_ESTABLISHED l=1).mark_down
2024-05-08T05:17:28.579 INFO:teuthology.orchestra.run.smithi087.stdout:/usr/bin/ceph: stderr
2024-05-08T05:17:27.851+0000 7fe400400700 1 --2- 172.21.15.87:0/4011341759 >> [v2:172.21.15.87:3300/0,v1:172.21.15.87:6789/0] conn(0x7fe3f807eec0 0x7fe3f819ef90 secure :-1 s=READY pgs=73 cs=0 l=1 rev1=1 crypto rx=0x7fe3ec009520 tx=0x7fe3ec011aa0 comp rx=0 tx=0).stop
2024-05-08T05:17:28.579 INFO:teuthology.orchestra.run.smithi087.stdout:/usr/bin/ceph: stderr
2024-05-08T05:17:27.851+0000 7fe400400700 1 -- 172.21.15.87:0/4011341759 shutdown_connections
2024-05-08T05:17:28.579 INFO:teuthology.orchestra.run.smithi087.stdout:/usr/bin/ceph: stderr
2024-05-08T05:17:27.851+0000 7fe400400700 1 --2- 172.21.15.87:0/4011341759 >> [v2:172.21.15.87:6800/1189186457,v1:172.21.15.87:6801/1189186457] conn(0x7fe3e003e5e0 0x7fe3e0040aa0 unknown :-1 s=CLOSED pgs=8 cs=0 l=1 rev1=1 crypto rx=0 tx=0 comp rx=0 tx=0).stop
2024-05-08T05:17:28.579 INFO:teuthology.orchestra.run.smithi087.stdout:/usr/bin/ceph: stderr
2024-05-08T05:17:27.851+0000 7fe400400700 1 --2- 172.21.15.87:0/4011341759 >> [v2:172.21.15.87:3300/0,v1:172.21.15.87:6789/0] conn(0x7fe3f807eec0 0x7fe3f819ef90 unknown :-1 s=CLOSED pgs=73 cs=0 l=1 rev1=1 crypto rx=0 tx=0 comp rx=0 tx=0).stop
2024-05-08T05:17:28.579 INFO:teuthology.orchestra.run.smithi087.stdout:/usr/bin/ceph: stderr
2024-05-08T05:17:27.851+0000 7fe400400700 1 -- 172.21.15.87:0/4011341759 >> 172.21.15.87:0/4011341759 conn(0x7fe3f8104590 msgr2=0x7fe3f8104f90 unknown :-1 s=STATE_NONE l=0).mark_down
2024-05-08T05:17:28.579 INFO:teuthology.orchestra.run.smithi087.stdout:/usr/bin/ceph: stderr
2024-05-08T05:17:27.851+0000 7fe400400700 1 -- 172.21.15.87:0/4011341759 shutdown_connections
2024-05-08T05:17:28.579 INFO:teuthology.orchestra.run.smithi087.stdout:/usr/bin/ceph: stderr
2024-05-08T05:17:27.851+0000 7fe400400700 1 -- 172.21.15.87:0/4011341759 wait complete.
2024-05-08T05:17:28.580 INFO:teuthology.orchestra.run.smithi087.stdout:Fetching dashboard port number...
2024-05-08T05:17:28.878 INFO:journalctl@ceph.mon.a.smithi087.stdout:May 08 05:17:28 smithi087 ceph-mon[29523]: from='client.14166 -' entity='client.admin' cmd=[{"prefix": "dashboard ac-user-create", "username": "admin", "rolename": "administrator", "force_password": true, "pwd_update_required": true, "target": ["mon-mgr", ""]}]: dispatch
2024-05-08T05:17:28.878 INFO:journalctl@ceph.mon.a.smithi087.stdout:May 08 05:17:28 smithi087 ceph-mon[29523]: from='mgr.14152 172.21.15.87:0/2327281680' entity='mgr.x'
2024-05-08T05:17:28.878 INFO:journalctl@ceph.mon.a.smithi087.stdout:May 08 05:17:28 smithi087 ceph-mon[29523]: from='mgr.14152 172.21.15.87:0/2327281680' entity='mgr.x'
2024-05-08T05:17:29.709 INFO:journalctl@ceph.mon.a.smithi087.stdout:May 08 05:17:29 smithi087 ceph-mon[29523]: from='client.? 172.21.15.87:0/3763843341' entity='client.admin' cmd=[{"prefix": "config get", "who": "mgr", "key": "mgr/dashboard/ssl_server_port"}]: dispatch
2024-05-08T05:17:30.958 INFO:journalctl@ceph.mon.a.smithi087.stdout:May 08 05:17:30 smithi087 ceph-mon[29523]: mgrmap e13: x(active, since 6s)
2024-05-08T05:17:31.065 INFO:teuthology.orchestra.run.smithi087.stdout:/usr/bin/ceph: stdout 8443
2024-05-08T05:17:31.065 INFO:teuthology.orchestra.run.smithi087.stdout:/usr/bin/ceph: stderr
2024-05-08T05:17:29.178+0000 7fb66f200700 1 Processor -- start
2024-05-08T05:17:31.065 INFO:teuthology.orchestra.run.smithi087.stdout:/usr/bin/ceph: stderr
2024-05-08T05:17:29.178+0000 7fb66f200700 1 -- start start
2024-05-08T05:17:31.066 INFO:teuthology.orchestra.run.smithi087.stdout:/usr/bin/ceph: stderr
2024-05-08T05:17:29.178+0000 7fb66f200700 1 --2- >> [v2:172.21.15.87:3300/0,v1:172.21.15.87:6789/0] conn(0x7fb66807dd50 0x7fb66807c1b0 unknown :-1 s=NONE pgs=0 cs=0 l=0 rev1=0 crypto rx=0 tx=0 comp rx=0 tx=0).connect
2024-05-08T05:17:31.066 INFO:teuthology.orchestra.run.smithi087.stdout:/usr/bin/ceph: stderr
2024-05-08T05:17:29.178+0000 7fb66f200700 1 -- --> [v2:172.21.15.87:3300/0,v1:172.21.15.87:6789/0] -- mon_getmap magic: 0 -- 0x7fb66807c780 con 0x7fb66807dd50
2024-05-08T05:17:31.066 INFO:teuthology.orchestra.run.smithi087.stdout:/usr/bin/ceph: stderr
2024-05-08T05:17:29.179+0000 7fb667e00700 1 --2- >> [v2:172.21.15.87:3300/0,v1:172.21.15.87:6789/0] conn(0x7fb66807dd50 0x7fb66807c1b0 unknown :-1 s=BANNER_CONNECTING pgs=0 cs=0 l=0 rev1=0 crypto rx=0 tx=0 comp rx=0 tx=0)._handle_peer_banner_payload supported=3 required=0
2024-05-08T05:17:31.066 INFO:teuthology.orchestra.run.smithi087.stdout:/usr/bin/ceph: stderr
2024-05-08T05:17:29.179+0000 7fb667e00700 1 --2- >> [v2:172.21.15.87:3300/0,v1:172.21.15.87:6789/0] conn(0x7fb66807dd50 0x7fb66807c1b0 unknown :-1 s=HELLO_CONNECTING pgs=0 cs=0 l=0 rev1=1 crypto rx=0 tx=0 comp rx=0 tx=0).handle_hello peer v2:172.21.15.87:3300/0 says I am v2:172.21.15.87:57656/0 (socket says 172.21.15.87:57656)
2024-05-08T05:17:31.067 INFO:teuthology.orchestra.run.smithi087.stdout:/usr/bin/ceph: stderr
2024-05-08T05:17:29.179+0000 7fb667e00700 1 -- 172.21.15.87:0/1406003747 learned_addr learned my addr 172.21.15.87:0/1406003747 (peer_addr_for_me v2:172.21.15.87:0/0)
2024-05-08T05:17:31.067 INFO:teuthology.orchestra.run.smithi087.stdout:/usr/bin/ceph: stderr
2024-05-08T05:17:29.179+0000 7fb667e00700 1 -- 172.21.15.87:0/1406003747 --> [v2:172.21.15.87:3300/0,v1:172.21.15.87:6789/0] -- mon_subscribe({config=0+,monmap=0+}) -- 0x7fb66807c900 con 0x7fb66807dd50
2024-05-08T05:17:31.067 INFO:teuthology.orchestra.run.smithi087.stdout:/usr/bin/ceph: stderr
2024-05-08T05:17:29.179+0000 7fb667e00700 1 --2- 172.21.15.87:0/1406003747 >> [v2:172.21.15.87:3300/0,v1:172.21.15.87:6789/0] conn(0x7fb66807dd50 0x7fb66807c1b0 secure :-1 s=READY pgs=74 cs=0 l=1 rev1=1 crypto rx=0x7fb6580098a0 tx=0x7fb658009bb0 comp rx=0 tx=0).ready entity=mon.0 client_cookie=666120954bc15b54 server_cookie=0 in_seq=0 out_seq=0
2024-05-08T05:17:31.067 INFO:teuthology.orchestra.run.smithi087.stdout:/usr/bin/ceph: stderr
2024-05-08T05:17:29.180+0000 7fb666a00700 1 -- 172.21.15.87:0/1406003747 <== mon.0 v2:172.21.15.87:3300/0 1 ==== mon_map magic: 0 ==== 205+0+0 (secure 0 0 0) 0x7fb658004160 con 0x7fb66807dd50
2024-05-08T05:17:31.067 INFO:teuthology.orchestra.run.smithi087.stdout:/usr/bin/ceph: stderr
2024-05-08T05:17:29.180+0000 7fb666a00700 1 -- 172.21.15.87:0/1406003747 <== mon.0 v2:172.21.15.87:3300/0 2 ==== config(26 keys) ==== 1101+0+0 (secure 0 0 0) 0x7fb658004300 con 0x7fb66807dd50
2024-05-08T05:17:31.068 INFO:teuthology.orchestra.run.smithi087.stdout:/usr/bin/ceph: stderr
2024-05-08T05:17:29.180+0000 7fb666a00700 1 -- 172.21.15.87:0/1406003747 <== mon.0 v2:172.21.15.87:3300/0 3 ==== mon_map magic: 0 ==== 205+0+0 (secure 0 0 0) 0x7fb658011a20 con 0x7fb66807dd50
2024-05-08T05:17:31.068 INFO:teuthology.orchestra.run.smithi087.stdout:/usr/bin/ceph: stderr
2024-05-08T05:17:29.181+0000 7fb66f200700 1 -- 172.21.15.87:0/1406003747 >> [v2:172.21.15.87:3300/0,v1:172.21.15.87:6789/0] conn(0x7fb66807dd50 msgr2=0x7fb66807c1b0 secure :-1 s=STATE_CONNECTION_ESTABLISHED l=1).mark_down
2024-05-08T05:17:31.068 INFO:teuthology.orchestra.run.smithi087.stdout:/usr/bin/ceph: stderr
2024-05-08T05:17:29.181+0000 7fb66f200700 1 --2- 172.21.15.87:0/1406003747 >> [v2:172.21.15.87:3300/0,v1:172.21.15.87:6789/0] conn(0x7fb66807dd50 0x7fb66807c1b0 secure :-1 s=READY pgs=74 cs=0 l=1 rev1=1 crypto rx=0x7fb6580098a0 tx=0x7fb658009bb0 comp rx=0 tx=0).stop
2024-05-08T05:17:31.073 INFO:teuthology.orchestra.run.smithi087.stdout:/usr/bin/ceph: stderr
2024-05-08T05:17:29.181+0000 7fb66f200700 1 -- 172.21.15.87:0/1406003747 shutdown_connections
2024-05-08T05:17:31.073 INFO:teuthology.orchestra.run.smithi087.stdout:/usr/bin/ceph: stderr
2024-05-08T05:17:29.181+0000 7fb66f200700 1 --2- 172.21.15.87:0/1406003747 >> [v2:172.21.15.87:3300/0,v1:172.21.15.87:6789/0] conn(0x7fb66807dd50 0x7fb66807c1b0 unknown :-1 s=CLOSED pgs=74 cs=0 l=1 rev1=1 crypto rx=0 tx=0 comp rx=0 tx=0).stop
2024-05-08T05:17:31.073 INFO:teuthology.orchestra.run.smithi087.stdout:/usr/bin/ceph: stderr
2024-05-08T05:17:29.181+0000 7fb66f200700 1 -- 172.21.15.87:0/1406003747 >> 172.21.15.87:0/1406003747 conn(0x7fb668104560 msgr2=0x7fb668106980 unknown :-1 s=STATE_NONE l=0).mark_down
2024-05-08T05:17:31.074 INFO:teuthology.orchestra.run.smithi087.stdout:/usr/bin/ceph: stderr
2024-05-08T05:17:29.181+0000 7fb66f200700 1 -- 172.21.15.87:0/1406003747 shutdown_connections
2024-05-08T05:17:31.074 INFO:teuthology.orchestra.run.smithi087.stdout:/usr/bin/ceph: stderr
2024-05-08T05:17:29.181+0000 7fb66f200700 1 -- 172.21.15.87:0/1406003747 wait complete.
2024-05-08T05:17:31.074 INFO:teuthology.orchestra.run.smithi087.stdout:/usr/bin/ceph: stderr
2024-05-08T05:17:29.182+0000 7fb66f200700 1 Processor -- start
2024-05-08T05:17:31.074 INFO:teuthology.orchestra.run.smithi087.stdout:/usr/bin/ceph: stderr
2024-05-08T05:17:29.182+0000 7fb66f200700 1 -- start start
2024-05-08T05:17:31.074 INFO:teuthology.orchestra.run.smithi087.stdout:/usr/bin/ceph: stderr
2024-05-08T05:17:29.182+0000 7fb66f200700 1 --2- >> [v2:172.21.15.87:3300/0,v1:172.21.15.87:6789/0] conn(0x7fb66807dd50 0x7fb66819ef50 unknown :-1 s=NONE pgs=0 cs=0 l=1 rev1=0 crypto rx=0 tx=0 comp rx=0 tx=0).connect
2024-05-08T05:17:31.074 INFO:teuthology.orchestra.run.smithi087.stdout:/usr/bin/ceph: stderr
2024-05-08T05:17:29.182+0000 7fb66f200700 1 -- --> [v2:172.21.15.87:3300/0,v1:172.21.15.87:6789/0] -- mon_getmap magic: 0 -- 0x7fb66810f5c0 con 0x7fb66807dd50
2024-05-08T05:17:31.077 INFO:teuthology.orchestra.run.smithi087.stdout:/usr/bin/ceph: stderr
2024-05-08T05:17:29.183+0000 7fb667e00700 1 --2- >> [v2:172.21.15.87:3300/0,v1:172.21.15.87:6789/0] conn(0x7fb66807dd50 0x7fb66819ef50 unknown :-1 s=BANNER_CONNECTING pgs=0 cs=0 l=1 rev1=0 crypto rx=0 tx=0 comp rx=0 tx=0)._handle_peer_banner_payload supported=3 required=0
2024-05-08T05:17:31.077 INFO:teuthology.orchestra.run.smithi087.stdout:/usr/bin/ceph: stderr
2024-05-08T05:17:29.183+0000 7fb667e00700 1 --2- >> [v2:172.21.15.87:3300/0,v1:172.21.15.87:6789/0] conn(0x7fb66807dd50 0x7fb66819ef50 unknown :-1 s=HELLO_CONNECTING pgs=0 cs=0 l=1 rev1=1 crypto rx=0 tx=0 comp rx=0 tx=0).handle_hello peer v2:172.21.15.87:3300/0 says I am v2:172.21.15.87:57664/0 (socket says 172.21.15.87:57664)
2024-05-08T05:17:31.077 INFO:teuthology.orchestra.run.smithi087.stdout:/usr/bin/ceph: stderr
2024-05-08T05:17:29.183+0000 7fb667e00700 1 -- 172.21.15.87:0/3763843341 learned_addr learned my addr 172.21.15.87:0/3763843341 (peer_addr_for_me v2:172.21.15.87:0/0)
2024-05-08T05:17:31.078 INFO:teuthology.orchestra.run.smithi087.stdout:/usr/bin/ceph: stderr
2024-05-08T05:17:29.183+0000 7fb667e00700 1 -- 172.21.15.87:0/3763843341 --> [v2:172.21.15.87:3300/0,v1:172.21.15.87:6789/0] -- mon_subscribe({config=0+,monmap=0+}) -- 0x7fb66819f490 con 0x7fb66807dd50
2024-05-08T05:17:31.078 INFO:teuthology.orchestra.run.smithi087.stdout:/usr/bin/ceph: stderr
2024-05-08T05:17:29.183+0000 7fb667e00700 1 --2- 172.21.15.87:0/3763843341 >> [v2:172.21.15.87:3300/0,v1:172.21.15.87:6789/0] conn(0x7fb66807dd50 0x7fb66819ef50 secure :-1 s=READY pgs=75 cs=0 l=1 rev1=1 crypto rx=0x7fb6580116e0 tx=0x7fb658011aa0 comp rx=0 tx=0).ready entity=mon.0 client_cookie=0 server_cookie=0 in_seq=0 out_seq=0
2024-05-08T05:17:31.078 INFO:teuthology.orchestra.run.smithi087.stdout:/usr/bin/ceph: stderr
2024-05-08T05:17:29.184+0000 7fb664c00700 1 -- 172.21.15.87:0/3763843341 <== mon.0 v2:172.21.15.87:3300/0 1 ==== mon_map magic: 0 ==== 205+0+0 (secure 0 0 0) 0x7fb658003b20 con 0x7fb66807dd50
2024-05-08T05:17:31.078 INFO:teuthology.orchestra.run.smithi087.stdout:/usr/bin/ceph: stderr
2024-05-08T05:17:29.184+0000 7fb664c00700 1 -- 172.21.15.87:0/3763843341 <== mon.0 v2:172.21.15.87:3300/0 2 ==== config(26 keys) ==== 1101+0+0 (secure 0 0 0) 0x7fb65801b8f0 con 0x7fb66807dd50
2024-05-08T05:17:31.078 INFO:teuthology.orchestra.run.smithi087.stdout:/usr/bin/ceph: stderr
2024-05-08T05:17:29.184+0000 7fb66f200700 1 -- 172.21.15.87:0/3763843341 --> [v2:172.21.15.87:3300/0,v1:172.21.15.87:6789/0] -- mon_subscribe({mgrmap=0+}) -- 0x7fb66819f720 con 0x7fb66807dd50
2024-05-08T05:17:31.078 INFO:teuthology.orchestra.run.smithi087.stdout:/usr/bin/ceph: stderr
2024-05-08T05:17:29.184+0000 7fb664c00700 1 -- 172.21.15.87:0/3763843341 <== mon.0 v2:172.21.15.87:3300/0 3 ==== mon_map magic: 0 ==== 205+0+0 (secure 0 0 0) 0x7fb6580238c0 con 0x7fb66807dd50
2024-05-08T05:17:31.078 INFO:teuthology.orchestra.run.smithi087.stdout:/usr/bin/ceph: stderr
2024-05-08T05:17:29.184+0000 7fb66f200700 1 -- 172.21.15.87:0/3763843341 --> [v2:172.21.15.87:3300/0,v1:172.21.15.87:6789/0] -- mon_subscribe({osdmap=0}) -- 0x7fb6681a2410 con 0x7fb66807dd50
2024-05-08T05:17:31.078 INFO:teuthology.orchestra.run.smithi087.stdout:/usr/bin/ceph: stderr
2024-05-08T05:17:29.185+0000 7fb66f200700 1 -- 172.21.15.87:0/3763843341 --> [v2:172.21.15.87:3300/0,v1:172.21.15.87:6789/0] -- mon_command({"prefix": "get_command_descriptions"} v 0) -- 0x7fb668064b00 con 0x7fb66807dd50
2024-05-08T05:17:31.078 INFO:teuthology.orchestra.run.smithi087.stdout:/usr/bin/ceph: stderr
2024-05-08T05:17:29.185+0000 7fb664c00700 1 -- 172.21.15.87:0/3763843341 <== mon.0 v2:172.21.15.87:3300/0 4 ==== mgrmap(e 12) ==== 50235+0+0 (secure 0 0 0) 0x7fb65801b440 con 0x7fb66807dd50
2024-05-08T05:17:31.078 INFO:teuthology.orchestra.run.smithi087.stdout:/usr/bin/ceph: stderr
2024-05-08T05:17:29.186+0000 7fb664c00700 1 --2- 172.21.15.87:0/3763843341 >> [v2:172.21.15.87:6800/1189186457,v1:172.21.15.87:6801/1189186457] conn(0x7fb64c03e590 0x7fb64c040a50 unknown :-1 s=NONE pgs=0 cs=0 l=1 rev1=0 crypto rx=0 tx=0 comp rx=0 tx=0).connect
2024-05-08T05:17:31.078 INFO:teuthology.orchestra.run.smithi087.stdout:/usr/bin/ceph: stderr
2024-05-08T05:17:29.186+0000 7fb664c00700 1 -- 172.21.15.87:0/3763843341 <== mon.0 v2:172.21.15.87:3300/0 5 ==== osd_map(3..3 src has 1..3) ==== 1155+0+0 (secure 0 0 0) 0x7fb6580541b0 con 0x7fb66807dd50
2024-05-08T05:17:31.078 INFO:teuthology.orchestra.run.smithi087.stdout:/usr/bin/ceph: stderr
2024-05-08T05:17:29.186+0000 7fb667400700 1 --2- 172.21.15.87:0/3763843341 >> [v2:172.21.15.87:6800/1189186457,v1:172.21.15.87:6801/1189186457] conn(0x7fb64c03e590 0x7fb64c040a50 unknown :-1 s=BANNER_CONNECTING pgs=0 cs=0 l=1 rev1=0 crypto rx=0 tx=0 comp rx=0 tx=0)._handle_peer_banner_payload supported=3 required=0
2024-05-08T05:17:31.078 INFO:teuthology.orchestra.run.smithi087.stdout:/usr/bin/ceph: stderr
2024-05-08T05:17:29.187+0000 7fb667400700 1 --2- 172.21.15.87:0/3763843341 >> [v2:172.21.15.87:6800/1189186457,v1:172.21.15.87:6801/1189186457] conn(0x7fb64c03e590 0x7fb64c040a50 secure :-1 s=READY pgs=9 cs=0 l=1 rev1=1 crypto rx=0x7fb654006fd0 tx=0x7fb654006e40 comp rx=0 tx=0).ready entity=mgr.14152 client_cookie=0 server_cookie=0 in_seq=0 out_seq=0
2024-05-08T05:17:31.079 INFO:teuthology.orchestra.run.smithi087.stdout:/usr/bin/ceph: stderr
2024-05-08T05:17:29.192+0000 7fb664c00700 1 -- 172.21.15.87:0/3763843341 <== mon.0 v2:172.21.15.87:3300/0 6 ==== mon_command_ack([{"prefix": "get_command_descriptions"}]=0 v0) ==== 72+0+191963 (secure 0 0 0) 0x7fb65801f030 con 0x7fb66807dd50
2024-05-08T05:17:31.079 INFO:teuthology.orchestra.run.smithi087.stdout:/usr/bin/ceph: stderr
2024-05-08T05:17:29.431+0000 7fb66f200700 1 -- 172.21.15.87:0/3763843341 --> [v2:172.21.15.87:3300/0,v1:172.21.15.87:6789/0] -- mon_command({"prefix": "config get", "who": "mgr", "key": "mgr/dashboard/ssl_server_port"} v 0) -- 0x7fb6681a25e0 con 0x7fb66807dd50
2024-05-08T05:17:31.079 INFO:teuthology.orchestra.run.smithi087.stdout:/usr/bin/ceph: stderr
2024-05-08T05:17:29.432+0000 7fb664c00700 1 -- 172.21.15.87:0/3763843341 <== mon.0 v2:172.21.15.87:3300/0 7 ==== mon_command_ack([{"prefix": "config get", "who": "mgr", "key": "mgr/dashboard/ssl_server_port"}]=0 v8) ==== 112+0+5 (secure 0 0 0) 0x7fb65801baa0 con 0x7fb66807dd50
2024-05-08T05:17:31.079 INFO:teuthology.orchestra.run.smithi087.stdout:/usr/bin/ceph: stderr
2024-05-08T05:17:29.435+0000 7fb66f200700 1 -- 172.21.15.87:0/3763843341 >> [v2:172.21.15.87:6800/1189186457,v1:172.21.15.87:6801/1189186457] conn(0x7fb64c03e590 msgr2=0x7fb64c040a50 secure :-1 s=STATE_CONNECTION_ESTABLISHED l=1).mark_down
2024-05-08T05:17:31.079 INFO:teuthology.orchestra.run.smithi087.stdout:/usr/bin/ceph: stderr
2024-05-08T05:17:29.435+0000 7fb66f200700 1 --2- 172.21.15.87:0/3763843341 >> [v2:172.21.15.87:6800/1189186457,v1:172.21.15.87:6801/1189186457] conn(0x7fb64c03e590 0x7fb64c040a50 secure :-1 s=READY pgs=9 cs=0 l=1 rev1=1 crypto rx=0x7fb654006fd0 tx=0x7fb654006e40 comp rx=0 tx=0).stop
2024-05-08T05:17:31.079 INFO:teuthology.orchestra.run.smithi087.stdout:/usr/bin/ceph: stderr
2024-05-08T05:17:29.436+0000 7fb66f200700 1 -- 172.21.15.87:0/3763843341 >> [v2:172.21.15.87:3300/0,v1:172.21.15.87:6789/0] conn(0x7fb66807dd50 msgr2=0x7fb66819ef50 secure :-1 s=STATE_CONNECTION_ESTABLISHED l=1).mark_down
2024-05-08T05:17:31.079 INFO:teuthology.orchestra.run.smithi087.stdout:/usr/bin/ceph: stderr
2024-05-08T05:17:29.436+0000 7fb66f200700 1 --2- 172.21.15.87:0/3763843341 >> [v2:172.21.15.87:3300/0,v1:172.21.15.87:6789/0] conn(0x7fb66807dd50 0x7fb66819ef50 secure :-1 s=READY pgs=75 cs=0 l=1 rev1=1 crypto rx=0x7fb6580116e0 tx=0x7fb658011aa0 comp rx=0 tx=0).stop
2024-05-08T05:17:31.079 INFO:teuthology.orchestra.run.smithi087.stdout:/usr/bin/ceph: stderr
2024-05-08T05:17:29.436+0000 7fb66f200700 1 -- 172.21.15.87:0/3763843341 shutdown_connections
2024-05-08T05:17:31.079 INFO:teuthology.orchestra.run.smithi087.stdout:/usr/bin/ceph: stderr
2024-05-08T05:17:29.436+0000 7fb66f200700 1 --2- 172.21.15.87:0/3763843341 >> [v2:172.21.15.87:6800/1189186457,v1:172.21.15.87:6801/1189186457] conn(0x7fb64c03e590 0x7fb64c040a50 unknown :-1 s=CLOSED pgs=9 cs=0 l=1 rev1=1 crypto rx=0 tx=0 comp rx=0 tx=0).stop
2024-05-08T05:17:31.079 INFO:teuthology.orchestra.run.smithi087.stdout:/usr/bin/ceph: stderr
2024-05-08T05:17:29.436+0000 7fb66f200700 1 --2- 172.21.15.87:0/3763843341 >> [v2:172.21.15.87:3300/0,v1:172.21.15.87:6789/0] conn(0x7fb66807dd50 0x7fb66819ef50 unknown :-1 s=CLOSED pgs=75 cs=0 l=1 rev1=1 crypto rx=0 tx=0 comp rx=0 tx=0).stop
2024-05-08T05:17:31.079 INFO:teuthology.orchestra.run.smithi087.stdout:/usr/bin/ceph: stderr
2024-05-08T05:17:29.436+0000 7fb66f200700 1 -- 172.21.15.87:0/3763843341 >> 172.21.15.87:0/3763843341 conn(0x7fb668104560 msgr2=0x7fb668104f30 unknown :-1 s=STATE_NONE l=0).mark_down
2024-05-08T05:17:31.079 INFO:teuthology.orchestra.run.smithi087.stdout:/usr/bin/ceph: stderr
2024-05-08T05:17:29.437+0000 7fb66f200700 1 -- 172.21.15.87:0/3763843341 shutdown_connections
2024-05-08T05:17:31.079 INFO:teuthology.orchestra.run.smithi087.stdout:/usr/bin/ceph: stderr
2024-05-08T05:17:29.437+0000 7fb66f200700 1 -- 172.21.15.87:0/3763843341 wait complete.
2024-05-08T05:17:31.108 INFO:teuthology.orchestra.run.smithi087.stdout:Non-zero exit code 1 from systemctl is-enabled firewalld.service
2024-05-08T05:17:31.108 INFO:teuthology.orchestra.run.smithi087.stdout:systemctl: stdout disabled
2024-05-08T05:17:31.127 INFO:teuthology.orchestra.run.smithi087.stdout:Non-zero exit code 3 from systemctl is-active firewalld.service
2024-05-08T05:17:31.127 INFO:teuthology.orchestra.run.smithi087.stdout:systemctl: stdout inactive
2024-05-08T05:17:31.127 INFO:teuthology.orchestra.run.smithi087.stdout:firewalld.service is not enabled
2024-05-08T05:17:31.127 INFO:teuthology.orchestra.run.smithi087.stdout:Not possible to open ports <[8443]>. firewalld.service is not available
2024-05-08T05:17:31.131 INFO:teuthology.orchestra.run.smithi087.stdout:Ceph Dashboard is now available at:
2024-05-08T05:17:31.131 INFO:teuthology.orchestra.run.smithi087.stdout:
2024-05-08T05:17:31.131 INFO:teuthology.orchestra.run.smithi087.stdout: URL: https://smithi087.front.sepia.ceph.com:8443/
2024-05-08T05:17:31.131 INFO:teuthology.orchestra.run.smithi087.stdout: User: admin
2024-05-08T05:17:31.131 INFO:teuthology.orchestra.run.smithi087.stdout: Password: hlb5rguwes
2024-05-08T05:17:31.131 INFO:teuthology.orchestra.run.smithi087.stdout:
2024-05-08T05:17:31.131 INFO:teuthology.orchestra.run.smithi087.stdout:Saving cluster configuration to /var/lib/ceph/eeeb813e-0cf9-11ef-bc97-c7b262605968/config directory
2024-05-08T05:17:31.132 INFO:teuthology.orchestra.run.smithi087.stdout:Enabling autotune for osd_memory_target
2024-05-08T05:17:32.667 INFO:teuthology.orchestra.run.smithi087.stdout:/usr/bin/ceph: stderr
2024-05-08T05:17:31.706+0000 7f51dd600700 1 Processor -- start
2024-05-08T05:17:32.667 INFO:teuthology.orchestra.run.smithi087.stdout:/usr/bin/ceph: stderr
2024-05-08T05:17:31.706+0000 7f51dd600700 1 -- start start
2024-05-08T05:17:32.667 INFO:teuthology.orchestra.run.smithi087.stdout:/usr/bin/ceph: stderr
2024-05-08T05:17:31.707+0000 7f51dd600700 1 --2- >> [v2:172.21.15.87:3300/0,v1:172.21.15.87:6789/0] conn(0x7f51d8107e80 0x7f51d81082a0 unknown :-1 s=NONE pgs=0 cs=0 l=0 rev1=0 crypto rx=0 tx=0 comp rx=0 tx=0).connect
2024-05-08T05:17:32.667 INFO:teuthology.orchestra.run.smithi087.stdout:/usr/bin/ceph: stderr
2024-05-08T05:17:31.707+0000 7f51dd600700 1 -- --> [v2:172.21.15.87:3300/0,v1:172.21.15.87:6789/0] -- mon_getmap magic: 0 -- 0x7f51d81087e0 con 0x7f51d8107e80
2024-05-08T05:17:32.667 INFO:teuthology.orchestra.run.smithi087.stdout:/usr/bin/ceph: stderr
2024-05-08T05:17:31.707+0000 7f51d6a00700 1 --2- >> [v2:172.21.15.87:3300/0,v1:172.21.15.87:6789/0] conn(0x7f51d8107e80 0x7f51d81082a0 unknown :-1 s=BANNER_CONNECTING pgs=0 cs=0 l=0 rev1=0 crypto rx=0 tx=0 comp rx=0 tx=0)._handle_peer_banner_payload supported=3 required=0
2024-05-08T05:17:32.667 INFO:teuthology.orchestra.run.smithi087.stdout:/usr/bin/ceph: stderr
2024-05-08T05:17:31.707+0000 7f51d6a00700 1 --2- >> [v2:172.21.15.87:3300/0,v1:172.21.15.87:6789/0] conn(0x7f51d8107e80 0x7f51d81082a0 unknown :-1 s=HELLO_CONNECTING pgs=0 cs=0 l=0 rev1=1 crypto rx=0 tx=0 comp rx=0 tx=0).handle_hello peer v2:172.21.15.87:3300/0 says I am v2:172.21.15.87:57676/0 (socket says 172.21.15.87:57676)
2024-05-08T05:17:32.667 INFO:teuthology.orchestra.run.smithi087.stdout:/usr/bin/ceph: stderr
2024-05-08T05:17:31.707+0000 7f51d6a00700 1 -- 172.21.15.87:0/3560528408 learned_addr learned my addr 172.21.15.87:0/3560528408 (peer_addr_for_me v2:172.21.15.87:0/0)
2024-05-08T05:17:32.667 INFO:teuthology.orchestra.run.smithi087.stdout:/usr/bin/ceph: stderr
2024-05-08T05:17:31.708+0000 7f51d6a00700 1 -- 172.21.15.87:0/3560528408 --> [v2:172.21.15.87:3300/0,v1:172.21.15.87:6789/0] -- mon_subscribe({config=0+,monmap=0+}) -- 0x7f51d8108fe0 con 0x7f51d8107e80
2024-05-08T05:17:32.667 INFO:teuthology.orchestra.run.smithi087.stdout:/usr/bin/ceph: stderr
2024-05-08T05:17:31.708+0000 7f51d6a00700 1 --2- 172.21.15.87:0/3560528408 >> [v2:172.21.15.87:3300/0,v1:172.21.15.87:6789/0] conn(0x7f51d8107e80 0x7f51d81082a0 secure :-1 s=READY pgs=76 cs=0 l=1 rev1=1 crypto rx=0x7f51c800bb40 tx=0x7f51c800be50 comp rx=0 tx=0).ready entity=mon.0 client_cookie=51a52d571ff791a server_cookie=0 in_seq=0 out_seq=0
2024-05-08T05:17:32.667 INFO:teuthology.orchestra.run.smithi087.stdout:/usr/bin/ceph: stderr
2024-05-08T05:17:31.708+0000 7f51d5600700 1 -- 172.21.15.87:0/3560528408 <== mon.0 v2:172.21.15.87:3300/0 1 ==== mon_map magic: 0 ==== 205+0+0 (secure 0 0 0) 0x7f51c800dbe0 con 0x7f51d8107e80
2024-05-08T05:17:32.667 INFO:teuthology.orchestra.run.smithi087.stdout:/usr/bin/ceph: stderr
2024-05-08T05:17:31.708+0000 7f51d5600700 1 -- 172.21.15.87:0/3560528408 <== mon.0 v2:172.21.15.87:3300/0 2 ==== config(26 keys) ==== 1101+0+0 (secure 0 0 0) 0x7f51c80044e0 con 0x7f51d8107e80
2024-05-08T05:17:32.667 INFO:teuthology.orchestra.run.smithi087.stdout:/usr/bin/ceph: stderr
2024-05-08T05:17:31.708+0000 7f51d5600700 1 -- 172.21.15.87:0/3560528408 <== mon.0 v2:172.21.15.87:3300/0 3 ==== mon_map magic: 0 ==== 205+0+0 (secure 0 0 0) 0x7f51c8010470 con 0x7f51d8107e80
2024-05-08T05:17:32.668 INFO:teuthology.orchestra.run.smithi087.stdout:/usr/bin/ceph: stderr
2024-05-08T05:17:31.709+0000 7f51dd600700 1 -- 172.21.15.87:0/3560528408 >> [v2:172.21.15.87:3300/0,v1:172.21.15.87:6789/0] conn(0x7f51d8107e80 msgr2=0x7f51d81082a0 secure :-1 s=STATE_CONNECTION_ESTABLISHED l=1).mark_down
2024-05-08T05:17:32.668 INFO:teuthology.orchestra.run.smithi087.stdout:/usr/bin/ceph: stderr
2024-05-08T05:17:31.709+0000 7f51dd600700 1 --2- 172.21.15.87:0/3560528408 >> [v2:172.21.15.87:3300/0,v1:172.21.15.87:6789/0] conn(0x7f51d8107e80 0x7f51d81082a0 secure :-1 s=READY pgs=76 cs=0 l=1 rev1=1 crypto rx=0x7f51c800bb40 tx=0x7f51c800be50 comp rx=0 tx=0).stop
2024-05-08T05:17:32.668 INFO:teuthology.orchestra.run.smithi087.stdout:/usr/bin/ceph: stderr
2024-05-08T05:17:31.709+0000 7f51dd600700 1 -- 172.21.15.87:0/3560528408 shutdown_connections
2024-05-08T05:17:32.668 INFO:teuthology.orchestra.run.smithi087.stdout:/usr/bin/ceph: stderr
2024-05-08T05:17:31.709+0000 7f51dd600700 1 --2- 172.21.15.87:0/3560528408 >> [v2:172.21.15.87:3300/0,v1:172.21.15.87:6789/0] conn(0x7f51d8107e80 0x7f51d81082a0 unknown :-1 s=CLOSED pgs=76 cs=0 l=1 rev1=1 crypto rx=0 tx=0 comp rx=0 tx=0).stop
2024-05-08T05:17:32.668 INFO:teuthology.orchestra.run.smithi087.stdout:/usr/bin/ceph: stderr
2024-05-08T05:17:31.709+0000 7f51dd600700 1 -- 172.21.15.87:0/3560528408 >> 172.21.15.87:0/3560528408 conn(0x7f51d8103480 msgr2=0x7f51d81058a0 unknown :-1 s=STATE_NONE l=0).mark_down
2024-05-08T05:17:32.668 INFO:teuthology.orchestra.run.smithi087.stdout:/usr/bin/ceph: stderr
2024-05-08T05:17:31.709+0000 7f51dd600700 1 -- 172.21.15.87:0/3560528408 shutdown_connections
2024-05-08T05:17:32.668 INFO:teuthology.orchestra.run.smithi087.stdout:/usr/bin/ceph: stderr
2024-05-08T05:17:31.709+0000 7f51dd600700 1 -- 172.21.15.87:0/3560528408 wait complete.
2024-05-08T05:17:32.668 INFO:teuthology.orchestra.run.smithi087.stdout:/usr/bin/ceph: stderr
2024-05-08T05:17:31.711+0000 7f51dd600700 1 Processor -- start
2024-05-08T05:17:32.668 INFO:teuthology.orchestra.run.smithi087.stdout:/usr/bin/ceph: stderr
2024-05-08T05:17:31.711+0000 7f51dd600700 1 -- start start
2024-05-08T05:17:32.668 INFO:teuthology.orchestra.run.smithi087.stdout:/usr/bin/ceph: stderr
2024-05-08T05:17:31.711+0000 7f51dd600700 1 --2- >> [v2:172.21.15.87:3300/0,v1:172.21.15.87:6789/0] conn(0x7f51d8107e80 0x7f51d819ef60 unknown :-1 s=NONE pgs=0 cs=0 l=1 rev1=0 crypto rx=0 tx=0 comp rx=0 tx=0).connect
2024-05-08T05:17:32.668 INFO:teuthology.orchestra.run.smithi087.stdout:/usr/bin/ceph: stderr
2024-05-08T05:17:31.711+0000 7f51dd600700 1 -- --> [v2:172.21.15.87:3300/0,v1:172.21.15.87:6789/0] -- mon_getmap magic: 0 -- 0x7f51d8075ec0 con 0x7f51d8107e80
2024-05-08T05:17:32.668 INFO:teuthology.orchestra.run.smithi087.stdout:/usr/bin/ceph: stderr
2024-05-08T05:17:31.712+0000 7f51d6a00700 1 --2- >> [v2:172.21.15.87:3300/0,v1:172.21.15.87:6789/0] conn(0x7f51d8107e80 0x7f51d819ef60 unknown :-1 s=BANNER_CONNECTING pgs=0 cs=0 l=1 rev1=0 crypto rx=0 tx=0 comp rx=0 tx=0)._handle_peer_banner_payload supported=3 required=0
2024-05-08T05:17:32.668 INFO:teuthology.orchestra.run.smithi087.stdout:/usr/bin/ceph: stderr
2024-05-08T05:17:31.712+0000 7f51d6a00700 1 --2- >> [v2:172.21.15.87:3300/0,v1:172.21.15.87:6789/0] conn(0x7f51d8107e80 0x7f51d819ef60 unknown :-1 s=HELLO_CONNECTING pgs=0 cs=0 l=1 rev1=1 crypto rx=0 tx=0 comp rx=0 tx=0).handle_hello peer v2:172.21.15.87:3300/0 says I am v2:172.21.15.87:57688/0 (socket says 172.21.15.87:57688)
2024-05-08T05:17:32.668 INFO:teuthology.orchestra.run.smithi087.stdout:/usr/bin/ceph: stderr
2024-05-08T05:17:31.712+0000 7f51d6a00700 1 -- 172.21.15.87:0/2910603780 learned_addr learned my addr 172.21.15.87:0/2910603780 (peer_addr_for_me v2:172.21.15.87:0/0)
2024-05-08T05:17:32.669 INFO:teuthology.orchestra.run.smithi087.stdout:/usr/bin/ceph: stderr
2024-05-08T05:17:31.712+0000 7f51d6a00700 1 -- 172.21.15.87:0/2910603780 --> [v2:172.21.15.87:3300/0,v1:172.21.15.87:6789/0] -- mon_subscribe({config=0+,monmap=0+}) -- 0x7f51d819f4a0 con 0x7f51d8107e80
2024-05-08T05:17:32.669 INFO:teuthology.orchestra.run.smithi087.stdout:/usr/bin/ceph: stderr
2024-05-08T05:17:31.712+0000 7f51d6a00700 1 --2- 172.21.15.87:0/2910603780 >> [v2:172.21.15.87:3300/0,v1:172.21.15.87:6789/0] conn(0x7f51d8107e80 0x7f51d819ef60 secure :-1 s=READY pgs=77 cs=0 l=1 rev1=1 crypto rx=0x7f51c8003c30 tx=0x7f51c8003ff0 comp rx=0 tx=0).ready entity=mon.0 client_cookie=0 server_cookie=0 in_seq=0 out_seq=0
2024-05-08T05:17:32.669 INFO:teuthology.orchestra.run.smithi087.stdout:/usr/bin/ceph: stderr
2024-05-08T05:17:31.712+0000 7f51cf400700 1 -- 172.21.15.87:0/2910603780 <== mon.0 v2:172.21.15.87:3300/0 1 ==== mon_map magic: 0 ==== 205+0+0 (secure 0 0 0) 0x7f51c8010850 con 0x7f51d8107e80
2024-05-08T05:17:32.669 INFO:teuthology.orchestra.run.smithi087.stdout:/usr/bin/ceph: stderr
2024-05-08T05:17:31.713+0000 7f51cf400700 1 -- 172.21.15.87:0/2910603780 <== mon.0 v2:172.21.15.87:3300/0 2 ==== config(26 keys) ==== 1101+0+0 (secure 0 0 0) 0x7f51c801d070 con 0x7f51d8107e80
2024-05-08T05:17:32.669 INFO:teuthology.orchestra.run.smithi087.stdout:/usr/bin/ceph: stderr
2024-05-08T05:17:31.713+0000 7f51cf400700 1 -- 172.21.15.87:0/2910603780 <== mon.0 v2:172.21.15.87:3300/0 3 ==== mon_map magic: 0 ==== 205+0+0 (secure 0 0 0) 0x7f51c8021b30 con 0x7f51d8107e80
2024-05-08T05:17:32.669 INFO:teuthology.orchestra.run.smithi087.stdout:/usr/bin/ceph: stderr
2024-05-08T05:17:31.713+0000 7f51dd600700 1 -- 172.21.15.87:0/2910603780 --> [v2:172.21.15.87:3300/0,v1:172.21.15.87:6789/0] -- mon_subscribe({mgrmap=0+}) -- 0x7f51d819f730 con 0x7f51d8107e80
2024-05-08T05:17:32.669 INFO:teuthology.orchestra.run.smithi087.stdout:/usr/bin/ceph: stderr
2024-05-08T05:17:31.713+0000 7f51dd600700 1 -- 172.21.15.87:0/2910603780 --> [v2:172.21.15.87:3300/0,v1:172.21.15.87:6789/0] -- mon_subscribe({osdmap=0}) -- 0x7f51d81a2420 con 0x7f51d8107e80
2024-05-08T05:17:32.669 INFO:teuthology.orchestra.run.smithi087.stdout:/usr/bin/ceph: stderr
2024-05-08T05:17:31.714+0000 7f51dd600700 1 -- 172.21.15.87:0/2910603780 --> [v2:172.21.15.87:3300/0,v1:172.21.15.87:6789/0] -- mon_command({"prefix": "get_command_descriptions"} v 0) -- 0x7f51d8064b00 con 0x7f51d8107e80
2024-05-08T05:17:32.669 INFO:teuthology.orchestra.run.smithi087.stdout:/usr/bin/ceph: stderr
2024-05-08T05:17:31.714+0000 7f51cf400700 1 -- 172.21.15.87:0/2910603780 <== mon.0 v2:172.21.15.87:3300/0 4 ==== mgrmap(e 13) ==== 50278+0+0 (secure 0 0 0) 0x7f51c801f030 con 0x7f51d8107e80
2024-05-08T05:17:32.669 INFO:teuthology.orchestra.run.smithi087.stdout:/usr/bin/ceph: stderr
2024-05-08T05:17:31.715+0000 7f51cf400700 1 --2- 172.21.15.87:0/2910603780 >> [v2:172.21.15.87:6800/1189186457,v1:172.21.15.87:6801/1189186457] conn(0x7f51bc03e680 0x7f51bc040b40 unknown :-1 s=NONE pgs=0 cs=0 l=1 rev1=0 crypto rx=0 tx=0 comp rx=0 tx=0).connect
2024-05-08T05:17:32.669 INFO:teuthology.orchestra.run.smithi087.stdout:/usr/bin/ceph: stderr
2024-05-08T05:17:31.715+0000 7f51cf400700 1 -- 172.21.15.87:0/2910603780 <== mon.0 v2:172.21.15.87:3300/0 5 ==== osd_map(3..3 src has 1..3) ==== 1155+0+0 (secure 0 0 0) 0x7f51c8053c60 con 0x7f51d8107e80
2024-05-08T05:17:32.669 INFO:teuthology.orchestra.run.smithi087.stdout:/usr/bin/ceph: stderr
2024-05-08T05:17:31.715+0000 7f51d6000700 1 --2- 172.21.15.87:0/2910603780 >> [v2:172.21.15.87:6800/1189186457,v1:172.21.15.87:6801/1189186457] conn(0x7f51bc03e680 0x7f51bc040b40 unknown :-1 s=BANNER_CONNECTING pgs=0 cs=0 l=1 rev1=0 crypto rx=0 tx=0 comp rx=0 tx=0)._handle_peer_banner_payload supported=3 required=0
2024-05-08T05:17:32.669 INFO:teuthology.orchestra.run.smithi087.stdout:/usr/bin/ceph: stderr
2024-05-08T05:17:31.716+0000 7f51d6000700 1 --2- 172.21.15.87:0/2910603780 >> [v2:172.21.15.87:6800/1189186457,v1:172.21.15.87:6801/1189186457] conn(0x7f51bc03e680 0x7f51bc040b40 secure :-1 s=READY pgs=10 cs=0 l=1 rev1=1 crypto rx=0x7f51c4006fd0 tx=0x7f51c4006e40 comp rx=0 tx=0).ready entity=mgr.14152 client_cookie=0 server_cookie=0 in_seq=0 out_seq=0
2024-05-08T05:17:32.669 INFO:teuthology.orchestra.run.smithi087.stdout:/usr/bin/ceph: stderr
2024-05-08T05:17:31.720+0000 7f51cf400700 1 -- 172.21.15.87:0/2910603780 <== mon.0 v2:172.21.15.87:3300/0 6 ==== mon_command_ack([{"prefix": "get_command_descriptions"}]=0 v0) ==== 72+0+191963 (secure 0 0 0) 0x7f51c8015070 con 0x7f51d8107e80
2024-05-08T05:17:32.669 INFO:teuthology.orchestra.run.smithi087.stdout:/usr/bin/ceph: stderr
2024-05-08T05:17:31.949+0000 7f51dd600700 1 -- 172.21.15.87:0/2910603780 --> [v2:172.21.15.87:3300/0,v1:172.21.15.87:6789/0] -- mon_command([{prefix=config set, name=osd_memory_target_autotune}] v 0) -- 0x7f51d8198420 con 0x7f51d8107e80
2024-05-08T05:17:32.670 INFO:teuthology.orchestra.run.smithi087.stdout:/usr/bin/ceph: stderr
2024-05-08T05:17:31.950+0000 7f51cf400700 1 -- 172.21.15.87:0/2910603780 <== mon.0 v2:172.21.15.87:3300/0 7 ==== mon_command_ack([{prefix=config set, name=osd_memory_target_autotune}]=0 v8)=0 v8) ==== 127+0+0 (secure 0 0 0) 0x7f51d8198420 con 0x7f51d8107e80
2024-05-08T05:17:32.670 INFO:teuthology.orchestra.run.smithi087.stdout:/usr/bin/ceph: stderr
2024-05-08T05:17:31.953+0000 7f51dd600700 1 -- 172.21.15.87:0/2910603780 >> [v2:172.21.15.87:6800/1189186457,v1:172.21.15.87:6801/1189186457] conn(0x7f51bc03e680 msgr2=0x7f51bc040b40 secure :-1 s=STATE_CONNECTION_ESTABLISHED l=1).mark_down
2024-05-08T05:17:32.670 INFO:teuthology.orchestra.run.smithi087.stdout:/usr/bin/ceph: stderr
2024-05-08T05:17:31.953+0000 7f51dd600700 1 --2- 172.21.15.87:0/2910603780 >> [v2:172.21.15.87:6800/1189186457,v1:172.21.15.87:6801/1189186457] conn(0x7f51bc03e680 0x7f51bc040b40 secure :-1 s=READY pgs=10 cs=0 l=1 rev1=1 crypto rx=0x7f51c4006fd0 tx=0x7f51c4006e40 comp rx=0 tx=0).stop
2024-05-08T05:17:32.670 INFO:teuthology.orchestra.run.smithi087.stdout:/usr/bin/ceph: stderr
2024-05-08T05:17:31.953+0000 7f51dd600700 1 -- 172.21.15.87:0/2910603780 >> [v2:172.21.15.87:3300/0,v1:172.21.15.87:6789/0] conn(0x7f51d8107e80 msgr2=0x7f51d819ef60 secure :-1 s=STATE_CONNECTION_ESTABLISHED l=1).mark_down
2024-05-08T05:17:32.670 INFO:teuthology.orchestra.run.smithi087.stdout:/usr/bin/ceph: stderr
2024-05-08T05:17:31.953+0000 7f51dd600700 1 --2- 172.21.15.87:0/2910603780 >> [v2:172.21.15.87:3300/0,v1:172.21.15.87:6789/0] conn(0x7f51d8107e80 0x7f51d819ef60 secure :-1 s=READY pgs=77 cs=0 l=1 rev1=1 crypto rx=0x7f51c8003c30 tx=0x7f51c8003ff0 comp rx=0 tx=0).stop
2024-05-08T05:17:32.670 INFO:teuthology.orchestra.run.smithi087.stdout:/usr/bin/ceph: stderr
2024-05-08T05:17:31.953+0000 7f51dd600700 1 -- 172.21.15.87:0/2910603780 shutdown_connections
2024-05-08T05:17:32.670 INFO:teuthology.orchestra.run.smithi087.stdout:/usr/bin/ceph: stderr
2024-05-08T05:17:31.953+0000 7f51dd600700 1 --2- 172.21.15.87:0/2910603780 >> [v2:172.21.15.87:6800/1189186457,v1:172.21.15.87:6801/1189186457] conn(0x7f51bc03e680 0x7f51bc040b40 unknown :-1 s=CLOSED pgs=10 cs=0 l=1 rev1=1 crypto rx=0 tx=0 comp rx=0 tx=0).stop
2024-05-08T05:17:32.670 INFO:teuthology.orchestra.run.smithi087.stdout:/usr/bin/ceph: stderr
2024-05-08T05:17:31.953+0000 7f51dd600700 1 --2- 172.21.15.87:0/2910603780 >> [v2:172.21.15.87:3300/0,v1:172.21.15.87:6789/0] conn(0x7f51d8107e80 0x7f51d819ef60 unknown :-1 s=CLOSED pgs=77 cs=0 l=1 rev1=1 crypto rx=0 tx=0 comp rx=0 tx=0).stop
2024-05-08T05:17:32.670 INFO:teuthology.orchestra.run.smithi087.stdout:/usr/bin/ceph: stderr
2024-05-08T05:17:31.953+0000 7f51dd600700 1 -- 172.21.15.87:0/2910603780 >> 172.21.15.87:0/2910603780 conn(0x7f51d8103480 msgr2=0x7f51d8195500 unknown :-1 s=STATE_NONE l=0).mark_down
2024-05-08T05:17:32.670 INFO:teuthology.orchestra.run.smithi087.stdout:/usr/bin/ceph: stderr
2024-05-08T05:17:31.953+0000 7f51dd600700 1 -- 172.21.15.87:0/2910603780 shutdown_connections
2024-05-08T05:17:32.671 INFO:teuthology.orchestra.run.smithi087.stdout:/usr/bin/ceph: stderr
2024-05-08T05:17:31.953+0000 7f51dd600700 1 -- 172.21.15.87:0/2910603780 wait complete.
2024-05-08T05:17:34.324 INFO:teuthology.orchestra.run.smithi087.stdout:/usr/bin/ceph: stderr
2024-05-08T05:17:33.287+0000 7fa534000700 1 Processor -- start
2024-05-08T05:17:34.324 INFO:teuthology.orchestra.run.smithi087.stdout:/usr/bin/ceph: stderr
2024-05-08T05:17:33.287+0000 7fa534000700 1 -- start start
2024-05-08T05:17:34.324 INFO:teuthology.orchestra.run.smithi087.stdout:/usr/bin/ceph: stderr
2024-05-08T05:17:33.287+0000 7fa534000700 1 --2- >> [v2:172.21.15.87:3300/0,v1:172.21.15.87:6789/0] conn(0x7fa52c10b180 0x7fa52c10b5a0 unknown :-1 s=NONE pgs=0 cs=0 l=0 rev1=0 crypto rx=0 tx=0 comp rx=0 tx=0).connect
2024-05-08T05:17:34.324 INFO:teuthology.orchestra.run.smithi087.stdout:/usr/bin/ceph: stderr
2024-05-08T05:17:33.288+0000 7fa534000700 1 -- --> [v2:172.21.15.87:3300/0,v1:172.21.15.87:6789/0] -- mon_getmap magic: 0 -- 0x7fa52c10bb70 con 0x7fa52c10b180
2024-05-08T05:17:34.325 INFO:teuthology.orchestra.run.smithi087.stdout:/usr/bin/ceph: stderr
2024-05-08T05:17:33.288+0000 7fa531600700 1 --2- >> [v2:172.21.15.87:3300/0,v1:172.21.15.87:6789/0] conn(0x7fa52c10b180 0x7fa52c10b5a0 unknown :-1 s=BANNER_CONNECTING pgs=0 cs=0 l=0 rev1=0 crypto rx=0 tx=0 comp rx=0 tx=0)._handle_peer_banner_payload supported=3 required=0
2024-05-08T05:17:34.325 INFO:teuthology.orchestra.run.smithi087.stdout:/usr/bin/ceph: stderr
2024-05-08T05:17:33.288+0000 7fa531600700 1 --2- >> [v2:172.21.15.87:3300/0,v1:172.21.15.87:6789/0] conn(0x7fa52c10b180 0x7fa52c10b5a0 unknown :-1 s=HELLO_CONNECTING pgs=0 cs=0 l=0 rev1=1 crypto rx=0 tx=0 comp rx=0 tx=0).handle_hello peer v2:172.21.15.87:3300/0 says I am v2:172.21.15.87:57690/0 (socket says 172.21.15.87:57690)
2024-05-08T05:17:34.325 INFO:teuthology.orchestra.run.smithi087.stdout:/usr/bin/ceph: stderr
2024-05-08T05:17:33.288+0000 7fa531600700 1 -- 172.21.15.87:0/1611835568 learned_addr learned my addr 172.21.15.87:0/1611835568 (peer_addr_for_me v2:172.21.15.87:0/0)
2024-05-08T05:17:34.325 INFO:teuthology.orchestra.run.smithi087.stdout:/usr/bin/ceph: stderr
2024-05-08T05:17:33.288+0000 7fa531600700 1 -- 172.21.15.87:0/1611835568 --> [v2:172.21.15.87:3300/0,v1:172.21.15.87:6789/0] -- mon_subscribe({config=0+,monmap=0+}) -- 0x7fa52c10c370 con 0x7fa52c10b180
2024-05-08T05:17:34.325 INFO:teuthology.orchestra.run.smithi087.stdout:/usr/bin/ceph: stderr
2024-05-08T05:17:33.289+0000 7fa531600700 1 --2- 172.21.15.87:0/1611835568 >> [v2:172.21.15.87:3300/0,v1:172.21.15.87:6789/0] conn(0x7fa52c10b180 0x7fa52c10b5a0 secure :-1 s=READY pgs=78 cs=0 l=1 rev1=1 crypto rx=0x7fa5200098a0 tx=0x7fa520009bb0 comp rx=0 tx=0).ready entity=mon.0 client_cookie=c34a2e7e693f433a server_cookie=0 in_seq=0 out_seq=0
2024-05-08T05:17:34.325 INFO:teuthology.orchestra.run.smithi087.stdout:/usr/bin/ceph: stderr
2024-05-08T05:17:33.289+0000 7fa52be00700 1 -- 172.21.15.87:0/1611835568 <== mon.0 v2:172.21.15.87:3300/0 1 ==== mon_map magic: 0 ==== 205+0+0 (secure 0 0 0) 0x7fa520004160 con 0x7fa52c10b180
2024-05-08T05:17:34.325 INFO:teuthology.orchestra.run.smithi087.stdout:/usr/bin/ceph: stderr
2024-05-08T05:17:33.289+0000 7fa52be00700 1 -- 172.21.15.87:0/1611835568 <== mon.0 v2:172.21.15.87:3300/0 2 ==== config(26 keys) ==== 1101+0+0 (secure 0 0 0) 0x7fa520004300 con 0x7fa52c10b180
2024-05-08T05:17:34.325 INFO:teuthology.orchestra.run.smithi087.stdout:/usr/bin/ceph: stderr
2024-05-08T05:17:33.289+0000 7fa52be00700 1 -- 172.21.15.87:0/1611835568 <== mon.0 v2:172.21.15.87:3300/0 3 ==== mon_map magic: 0 ==== 205+0+0 (secure 0 0 0) 0x7fa520011a20 con 0x7fa52c10b180
2024-05-08T05:17:34.325 INFO:teuthology.orchestra.run.smithi087.stdout:/usr/bin/ceph: stderr
2024-05-08T05:17:33.290+0000 7fa534000700 1 -- 172.21.15.87:0/1611835568 >> [v2:172.21.15.87:3300/0,v1:172.21.15.87:6789/0] conn(0x7fa52c10b180 msgr2=0x7fa52c10b5a0 secure :-1 s=STATE_CONNECTION_ESTABLISHED l=1).mark_down
2024-05-08T05:17:34.325 INFO:teuthology.orchestra.run.smithi087.stdout:/usr/bin/ceph: stderr
2024-05-08T05:17:33.290+0000 7fa534000700 1 --2- 172.21.15.87:0/1611835568 >> [v2:172.21.15.87:3300/0,v1:172.21.15.87:6789/0] conn(0x7fa52c10b180 0x7fa52c10b5a0 secure :-1 s=READY pgs=78 cs=0 l=1 rev1=1 crypto rx=0x7fa5200098a0 tx=0x7fa520009bb0 comp rx=0 tx=0).stop
2024-05-08T05:17:34.325 INFO:teuthology.orchestra.run.smithi087.stdout:/usr/bin/ceph: stderr
2024-05-08T05:17:33.290+0000 7fa534000700 1 -- 172.21.15.87:0/1611835568 shutdown_connections
2024-05-08T05:17:34.325 INFO:teuthology.orchestra.run.smithi087.stdout:/usr/bin/ceph: stderr
2024-05-08T05:17:33.290+0000 7fa534000700 1 --2- 172.21.15.87:0/1611835568 >> [v2:172.21.15.87:3300/0,v1:172.21.15.87:6789/0] conn(0x7fa52c10b180 0x7fa52c10b5a0 unknown :-1 s=CLOSED pgs=78 cs=0 l=1 rev1=1 crypto rx=0 tx=0 comp rx=0 tx=0).stop
2024-05-08T05:17:34.326 INFO:teuthology.orchestra.run.smithi087.stdout:/usr/bin/ceph: stderr
2024-05-08T05:17:33.290+0000 7fa534000700 1 -- 172.21.15.87:0/1611835568 >> 172.21.15.87:0/1611835568 conn(0x7fa52c07e960 msgr2=0x7fa52c1094b0 unknown :-1 s=STATE_NONE l=0).mark_down
2024-05-08T05:17:34.326 INFO:teuthology.orchestra.run.smithi087.stdout:/usr/bin/ceph: stderr
2024-05-08T05:17:33.290+0000 7fa534000700 1 -- 172.21.15.87:0/1611835568 shutdown_connections
2024-05-08T05:17:34.326 INFO:teuthology.orchestra.run.smithi087.stdout:/usr/bin/ceph: stderr
2024-05-08T05:17:33.290+0000 7fa534000700 1 -- 172.21.15.87:0/1611835568 wait complete.
2024-05-08T05:17:34.326 INFO:teuthology.orchestra.run.smithi087.stdout:/usr/bin/ceph: stderr
2024-05-08T05:17:33.291+0000 7fa534000700 1 Processor -- start
2024-05-08T05:17:34.326 INFO:teuthology.orchestra.run.smithi087.stdout:/usr/bin/ceph: stderr
2024-05-08T05:17:33.291+0000 7fa534000700 1 -- start start
2024-05-08T05:17:34.326 INFO:teuthology.orchestra.run.smithi087.stdout:/usr/bin/ceph: stderr
2024-05-08T05:17:33.292+0000 7fa534000700 1 --2- >> [v2:172.21.15.87:3300/0,v1:172.21.15.87:6789/0] conn(0x7fa52c10b180 0x7fa52c19efa0 unknown :-1 s=NONE pgs=0 cs=0 l=1 rev1=0 crypto rx=0 tx=0 comp rx=0 tx=0).connect
2024-05-08T05:17:34.326 INFO:teuthology.orchestra.run.smithi087.stdout:/usr/bin/ceph: stderr
2024-05-08T05:17:33.292+0000 7fa534000700 1 -- --> [v2:172.21.15.87:3300/0,v1:172.21.15.87:6789/0] -- mon_getmap magic: 0 -- 0x7fa52c10f720 con 0x7fa52c10b180
2024-05-08T05:17:34.326 INFO:teuthology.orchestra.run.smithi087.stdout:/usr/bin/ceph: stderr
2024-05-08T05:17:33.292+0000 7fa531600700 1 --2- >> [v2:172.21.15.87:3300/0,v1:172.21.15.87:6789/0] conn(0x7fa52c10b180 0x7fa52c19efa0 unknown :-1 s=BANNER_CONNECTING pgs=0 cs=0 l=1 rev1=0 crypto rx=0 tx=0 comp rx=0 tx=0)._handle_peer_banner_payload supported=3 required=0
2024-05-08T05:17:34.326 INFO:teuthology.orchestra.run.smithi087.stdout:/usr/bin/ceph: stderr
