2024-05-08T05:18:10.617+0000 7f5026ffd700 1 --2- >> [v2:172.21.15.59:3300/0,v1:172.21.15.59:6789/0] conn(0x7f5028107d50 0x7f5028108170 unknown :-1 s=HELLO_CONNECTING pgs=0 cs=0 l=0 rev1=1 crypto rx=0 tx=0 comp rx=0 tx=0).handle_hello peer v2:172.21.15.59:3300/0 says I am v2:172.21.15.59:40774/0 (socket says 172.21.15.59:40774)
2024-05-08T05:18:11.401 INFO:teuthology.orchestra.run.smithi059.stdout:/usr/bin/ceph: stderr
2024-05-08T05:18:10.617+0000 7f5026ffd700 1 -- 172.21.15.59:0/2866557896 learned_addr learned my addr 172.21.15.59:0/2866557896 (peer_addr_for_me v2:172.21.15.59:0/0)
2024-05-08T05:18:11.401 INFO:teuthology.orchestra.run.smithi059.stdout:/usr/bin/ceph: stderr
2024-05-08T05:18:10.618+0000 7f5026ffd700 1 -- 172.21.15.59:0/2866557896 --> [v2:172.21.15.59:3300/0,v1:172.21.15.59:6789/0] -- mon_subscribe({config=0+,monmap=0+}) -- 0x7f5028108f50 con 0x7f5028107d50
2024-05-08T05:18:11.401 INFO:teuthology.orchestra.run.smithi059.stdout:/usr/bin/ceph: stderr
2024-05-08T05:18:10.618+0000 7f5026ffd700 1 --2- 172.21.15.59:0/2866557896 >> [v2:172.21.15.59:3300/0,v1:172.21.15.59:6789/0] conn(0x7f5028107d50 0x7f5028108170 secure :-1 s=READY pgs=76 cs=0 l=1 rev1=1 crypto rx=0x7f501800bb40 tx=0x7f501800be50 comp rx=0 tx=0).ready entity=mon.0 client_cookie=bae9d3c6aef8d971 server_cookie=0 in_seq=0 out_seq=0
2024-05-08T05:18:11.401 INFO:teuthology.orchestra.run.smithi059.stdout:/usr/bin/ceph: stderr
2024-05-08T05:18:10.618+0000 7f5025ffb700 1 -- 172.21.15.59:0/2866557896 <== mon.0 v2:172.21.15.59:3300/0 1 ==== mon_map magic: 0 ==== 205+0+0 (secure 0 0 0) 0x7f501800dbe0 con 0x7f5028107d50
2024-05-08T05:18:11.401 INFO:teuthology.orchestra.run.smithi059.stdout:/usr/bin/ceph: stderr
2024-05-08T05:18:10.618+0000 7f5025ffb700 1 -- 172.21.15.59:0/2866557896 <== mon.0 v2:172.21.15.59:3300/0 2 ==== config(26 keys) ==== 1101+0+0 (secure 0 0 0) 0x7f50180044e0 con 0x7f5028107d50
2024-05-08T05:18:11.401 INFO:teuthology.orchestra.run.smithi059.stdout:/usr/bin/ceph: stderr
2024-05-08T05:18:10.618+0000 7f5025ffb700 1 -- 172.21.15.59:0/2866557896 <== mon.0 v2:172.21.15.59:3300/0 3 ==== mon_map magic: 0 ==== 205+0+0 (secure 0 0 0) 0x7f5018010470 con 0x7f5028107d50
2024-05-08T05:18:11.401 INFO:teuthology.orchestra.run.smithi059.stdout:/usr/bin/ceph: stderr
2024-05-08T05:18:10.619+0000 7f502d3e7700 1 -- 172.21.15.59:0/2866557896 >> [v2:172.21.15.59:3300/0,v1:172.21.15.59:6789/0] conn(0x7f5028107d50 msgr2=0x7f5028108170 secure :-1 s=STATE_CONNECTION_ESTABLISHED l=1).mark_down
2024-05-08T05:18:11.401 INFO:teuthology.orchestra.run.smithi059.stdout:/usr/bin/ceph: stderr
2024-05-08T05:18:10.619+0000 7f502d3e7700 1 --2- 172.21.15.59:0/2866557896 >> [v2:172.21.15.59:3300/0,v1:172.21.15.59:6789/0] conn(0x7f5028107d50 0x7f5028108170 secure :-1 s=READY pgs=76 cs=0 l=1 rev1=1 crypto rx=0x7f501800bb40 tx=0x7f501800be50 comp rx=0 tx=0).stop
2024-05-08T05:18:11.401 INFO:teuthology.orchestra.run.smithi059.stdout:/usr/bin/ceph: stderr
2024-05-08T05:18:10.619+0000 7f502d3e7700 1 -- 172.21.15.59:0/2866557896 shutdown_connections
2024-05-08T05:18:11.402 INFO:teuthology.orchestra.run.smithi059.stdout:/usr/bin/ceph: stderr
2024-05-08T05:18:10.619+0000 7f502d3e7700 1 --2- 172.21.15.59:0/2866557896 >> [v2:172.21.15.59:3300/0,v1:172.21.15.59:6789/0] conn(0x7f5028107d50 0x7f5028108170 unknown :-1 s=CLOSED pgs=76 cs=0 l=1 rev1=1 crypto rx=0 tx=0 comp rx=0 tx=0).stop
2024-05-08T05:18:11.402 INFO:teuthology.orchestra.run.smithi059.stdout:/usr/bin/ceph: stderr
2024-05-08T05:18:10.619+0000 7f502d3e7700 1 -- 172.21.15.59:0/2866557896 >> 172.21.15.59:0/2866557896 conn(0x7f50281032b0 msgr2=0x7f5028105730 unknown :-1 s=STATE_NONE l=0).mark_down
2024-05-08T05:18:11.402 INFO:teuthology.orchestra.run.smithi059.stdout:/usr/bin/ceph: stderr
2024-05-08T05:18:10.619+0000 7f502d3e7700 1 -- 172.21.15.59:0/2866557896 shutdown_connections
2024-05-08T05:18:11.402 INFO:teuthology.orchestra.run.smithi059.stdout:/usr/bin/ceph: stderr
2024-05-08T05:18:10.619+0000 7f502d3e7700 1 -- 172.21.15.59:0/2866557896 wait complete.
2024-05-08T05:18:11.402 INFO:teuthology.orchestra.run.smithi059.stdout:/usr/bin/ceph: stderr
2024-05-08T05:18:10.620+0000 7f502d3e7700 1 Processor -- start
2024-05-08T05:18:11.402 INFO:teuthology.orchestra.run.smithi059.stdout:/usr/bin/ceph: stderr
2024-05-08T05:18:10.620+0000 7f502d3e7700 1 -- start start
2024-05-08T05:18:11.402 INFO:teuthology.orchestra.run.smithi059.stdout:/usr/bin/ceph: stderr
2024-05-08T05:18:10.620+0000 7f502d3e7700 1 --2- >> [v2:172.21.15.59:3300/0,v1:172.21.15.59:6789/0] conn(0x7f5028107d50 0x7f502819f020 unknown :-1 s=NONE pgs=0 cs=0 l=1 rev1=0 crypto rx=0 tx=0 comp rx=0 tx=0).connect
2024-05-08T05:18:11.402 INFO:teuthology.orchestra.run.smithi059.stdout:/usr/bin/ceph: stderr
2024-05-08T05:18:10.620+0000 7f502d3e7700 1 -- --> [v2:172.21.15.59:3300/0,v1:172.21.15.59:6789/0] -- mon_getmap magic: 0 -- 0x7f502807bfb0 con 0x7f5028107d50
2024-05-08T05:18:11.402 INFO:teuthology.orchestra.run.smithi059.stdout:/usr/bin/ceph: stderr
2024-05-08T05:18:10.620+0000 7f5026ffd700 1 --2- >> [v2:172.21.15.59:3300/0,v1:172.21.15.59:6789/0] conn(0x7f5028107d50 0x7f502819f020 unknown :-1 s=BANNER_CONNECTING pgs=0 cs=0 l=1 rev1=0 crypto rx=0 tx=0 comp rx=0 tx=0)._handle_peer_banner_payload supported=3 required=0
2024-05-08T05:18:11.402 INFO:teuthology.orchestra.run.smithi059.stdout:/usr/bin/ceph: stderr
2024-05-08T05:18:10.620+0000 7f5026ffd700 1 --2- >> [v2:172.21.15.59:3300/0,v1:172.21.15.59:6789/0] conn(0x7f5028107d50 0x7f502819f020 unknown :-1 s=HELLO_CONNECTING pgs=0 cs=0 l=1 rev1=1 crypto rx=0 tx=0 comp rx=0 tx=0).handle_hello peer v2:172.21.15.59:3300/0 says I am v2:172.21.15.59:40780/0 (socket says 172.21.15.59:40780)
2024-05-08T05:18:11.402 INFO:teuthology.orchestra.run.smithi059.stdout:/usr/bin/ceph: stderr
2024-05-08T05:18:10.620+0000 7f5026ffd700 1 -- 172.21.15.59:0/41493776 learned_addr learned my addr 172.21.15.59:0/41493776 (peer_addr_for_me v2:172.21.15.59:0/0)
2024-05-08T05:18:11.402 INFO:teuthology.orchestra.run.smithi059.stdout:/usr/bin/ceph: stderr
2024-05-08T05:18:10.620+0000 7f5026ffd700 1 -- 172.21.15.59:0/41493776 --> [v2:172.21.15.59:3300/0,v1:172.21.15.59:6789/0] -- mon_subscribe({config=0+,monmap=0+}) -- 0x7f502819f560 con 0x7f5028107d50
2024-05-08T05:18:11.402 INFO:teuthology.orchestra.run.smithi059.stdout:/usr/bin/ceph: stderr
2024-05-08T05:18:10.621+0000 7f5026ffd700 1 --2- 172.21.15.59:0/41493776 >> [v2:172.21.15.59:3300/0,v1:172.21.15.59:6789/0] conn(0x7f5028107d50 0x7f502819f020 secure :-1 s=READY pgs=77 cs=0 l=1 rev1=1 crypto rx=0x7f5018003c30 tx=0x7f5018003ff0 comp rx=0 tx=0).ready entity=mon.0 client_cookie=0 server_cookie=0 in_seq=0 out_seq=0
2024-05-08T05:18:11.402 INFO:teuthology.orchestra.run.smithi059.stdout:/usr/bin/ceph: stderr
2024-05-08T05:18:10.621+0000 7f501ffff700 1 -- 172.21.15.59:0/41493776 <== mon.0 v2:172.21.15.59:3300/0 1 ==== mon_map magic: 0 ==== 205+0+0 (secure 0 0 0) 0x7f5018010720 con 0x7f5028107d50
2024-05-08T05:18:11.403 INFO:teuthology.orchestra.run.smithi059.stdout:/usr/bin/ceph: stderr
2024-05-08T05:18:10.621+0000 7f501ffff700 1 -- 172.21.15.59:0/41493776 <== mon.0 v2:172.21.15.59:3300/0 2 ==== config(26 keys) ==== 1101+0+0 (secure 0 0 0) 0x7f501801d070 con 0x7f5028107d50
2024-05-08T05:18:11.403 INFO:teuthology.orchestra.run.smithi059.stdout:/usr/bin/ceph: stderr
2024-05-08T05:18:10.621+0000 7f501ffff700 1 -- 172.21.15.59:0/41493776 <== mon.0 v2:172.21.15.59:3300/0 3 ==== mon_map magic: 0 ==== 205+0+0 (secure 0 0 0) 0x7f5018021aa0 con 0x7f5028107d50
2024-05-08T05:18:11.403 INFO:teuthology.orchestra.run.smithi059.stdout:/usr/bin/ceph: stderr
2024-05-08T05:18:10.621+0000 7f502d3e7700 1 -- 172.21.15.59:0/41493776 --> [v2:172.21.15.59:3300/0,v1:172.21.15.59:6789/0] -- mon_subscribe({mgrmap=0+}) -- 0x7f502819f7f0 con 0x7f5028107d50
2024-05-08T05:18:11.403 INFO:teuthology.orchestra.run.smithi059.stdout:/usr/bin/ceph: stderr
2024-05-08T05:18:10.621+0000 7f502d3e7700 1 -- 172.21.15.59:0/41493776 --> [v2:172.21.15.59:3300/0,v1:172.21.15.59:6789/0] -- mon_subscribe({osdmap=0}) -- 0x7f50281a0310 con 0x7f5028107d50
2024-05-08T05:18:11.403 INFO:teuthology.orchestra.run.smithi059.stdout:/usr/bin/ceph: stderr
2024-05-08T05:18:10.622+0000 7f501ffff700 1 -- 172.21.15.59:0/41493776 <== mon.0 v2:172.21.15.59:3300/0 4 ==== mgrmap(e 13) ==== 50278+0+0 (secure 0 0 0) 0x7f501801f030 con 0x7f5028107d50
2024-05-08T05:18:11.403 INFO:teuthology.orchestra.run.smithi059.stdout:/usr/bin/ceph: stderr
2024-05-08T05:18:10.622+0000 7f502d3e7700 1 -- 172.21.15.59:0/41493776 --> [v2:172.21.15.59:3300/0,v1:172.21.15.59:6789/0] -- mon_command({"prefix": "get_command_descriptions"} v 0) -- 0x7f5028064b00 con 0x7f5028107d50
2024-05-08T05:18:11.403 INFO:teuthology.orchestra.run.smithi059.stdout:/usr/bin/ceph: stderr
2024-05-08T05:18:10.622+0000 7f501ffff700 1 --2- 172.21.15.59:0/41493776 >> [v2:172.21.15.59:6800/546809822,v1:172.21.15.59:6801/546809822] conn(0x7f501403e620 0x7f5014040ae0 unknown :-1 s=NONE pgs=0 cs=0 l=1 rev1=0 crypto rx=0 tx=0 comp rx=0 tx=0).connect
2024-05-08T05:18:11.403 INFO:teuthology.orchestra.run.smithi059.stdout:/usr/bin/ceph: stderr
2024-05-08T05:18:10.622+0000 7f501ffff700 1 -- 172.21.15.59:0/41493776 <== mon.0 v2:172.21.15.59:3300/0 5 ==== osd_map(3..3 src has 1..3) ==== 1155+0+0 (secure 0 0 0) 0x7f5018053e40 con 0x7f5028107d50
2024-05-08T05:18:11.403 INFO:teuthology.orchestra.run.smithi059.stdout:/usr/bin/ceph: stderr
2024-05-08T05:18:10.622+0000 7f50267fc700 1 --2- 172.21.15.59:0/41493776 >> [v2:172.21.15.59:6800/546809822,v1:172.21.15.59:6801/546809822] conn(0x7f501403e620 0x7f5014040ae0 unknown :-1 s=BANNER_CONNECTING pgs=0 cs=0 l=1 rev1=0 crypto rx=0 tx=0 comp rx=0 tx=0)._handle_peer_banner_payload supported=3 required=0
2024-05-08T05:18:11.403 INFO:teuthology.orchestra.run.smithi059.stdout:/usr/bin/ceph: stderr
2024-05-08T05:18:10.623+0000 7f50267fc700 1 --2- 172.21.15.59:0/41493776 >> [v2:172.21.15.59:6800/546809822,v1:172.21.15.59:6801/546809822] conn(0x7f501403e620 0x7f5014040ae0 secure :-1 s=READY pgs=10 cs=0 l=1 rev1=1 crypto rx=0x7f5010006fd0 tx=0x7f5010006e40 comp rx=0 tx=0).ready entity=mgr.14152 client_cookie=0 server_cookie=0 in_seq=0 out_seq=0
2024-05-08T05:18:11.403 INFO:teuthology.orchestra.run.smithi059.stdout:/usr/bin/ceph: stderr
2024-05-08T05:18:10.627+0000 7f501ffff700 1 -- 172.21.15.59:0/41493776 <== mon.0 v2:172.21.15.59:3300/0 6 ==== mon_command_ack([{"prefix": "get_command_descriptions"}]=0 v0) ==== 72+0+191963 (secure 0 0 0) 0x7f5018015070 con 0x7f5028107d50
2024-05-08T05:18:11.403 INFO:teuthology.orchestra.run.smithi059.stdout:/usr/bin/ceph: stderr
2024-05-08T05:18:10.839+0000 7f502d3e7700 1 -- 172.21.15.59:0/41493776 --> [v2:172.21.15.59:3300/0,v1:172.21.15.59:6789/0] -- mon_command([{prefix=config set, name=osd_memory_target_autotune}] v 0) -- 0x7f502806bcb0 con 0x7f5028107d50
2024-05-08T05:18:11.403 INFO:teuthology.orchestra.run.smithi059.stdout:/usr/bin/ceph: stderr
2024-05-08T05:18:10.840+0000 7f501ffff700 1 -- 172.21.15.59:0/41493776 <== mon.0 v2:172.21.15.59:3300/0 7 ==== mon_command_ack([{prefix=config set, name=osd_memory_target_autotune}]=0 v8)=0 v8) ==== 127+0+0 (secure 0 0 0) 0x7f50180183a0 con 0x7f5028107d50
2024-05-08T05:18:11.403 INFO:teuthology.orchestra.run.smithi059.stdout:/usr/bin/ceph: stderr
2024-05-08T05:18:10.842+0000 7f502d3e7700 1 -- 172.21.15.59:0/41493776 >> [v2:172.21.15.59:6800/546809822,v1:172.21.15.59:6801/546809822] conn(0x7f501403e620 msgr2=0x7f5014040ae0 secure :-1 s=STATE_CONNECTION_ESTABLISHED l=1).mark_down
2024-05-08T05:18:11.404 INFO:teuthology.orchestra.run.smithi059.stdout:/usr/bin/ceph: stderr
2024-05-08T05:18:10.842+0000 7f502d3e7700 1 --2- 172.21.15.59:0/41493776 >> [v2:172.21.15.59:6800/546809822,v1:172.21.15.59:6801/546809822] conn(0x7f501403e620 0x7f5014040ae0 secure :-1 s=READY pgs=10 cs=0 l=1 rev1=1 crypto rx=0x7f5010006fd0 tx=0x7f5010006e40 comp rx=0 tx=0).stop
2024-05-08T05:18:11.404 INFO:teuthology.orchestra.run.smithi059.stdout:/usr/bin/ceph: stderr
2024-05-08T05:18:10.842+0000 7f502d3e7700 1 -- 172.21.15.59:0/41493776 >> [v2:172.21.15.59:3300/0,v1:172.21.15.59:6789/0] conn(0x7f5028107d50 msgr2=0x7f502819f020 secure :-1 s=STATE_CONNECTION_ESTABLISHED l=1).mark_down
2024-05-08T05:18:11.404 INFO:teuthology.orchestra.run.smithi059.stdout:/usr/bin/ceph: stderr
2024-05-08T05:18:10.842+0000 7f502d3e7700 1 --2- 172.21.15.59:0/41493776 >> [v2:172.21.15.59:3300/0,v1:172.21.15.59:6789/0] conn(0x7f5028107d50 0x7f502819f020 secure :-1 s=READY pgs=77 cs=0 l=1 rev1=1 crypto rx=0x7f5018003c30 tx=0x7f5018003ff0 comp rx=0 tx=0).stop
2024-05-08T05:18:11.404 INFO:teuthology.orchestra.run.smithi059.stdout:/usr/bin/ceph: stderr
2024-05-08T05:18:10.842+0000 7f502d3e7700 1 -- 172.21.15.59:0/41493776 shutdown_connections
2024-05-08T05:18:11.404 INFO:teuthology.orchestra.run.smithi059.stdout:/usr/bin/ceph: stderr
2024-05-08T05:18:10.842+0000 7f502d3e7700 1 --2- 172.21.15.59:0/41493776 >> [v2:172.21.15.59:6800/546809822,v1:172.21.15.59:6801/546809822] conn(0x7f501403e620 0x7f5014040ae0 unknown :-1 s=CLOSED pgs=10 cs=0 l=1 rev1=1 crypto rx=0 tx=0 comp rx=0 tx=0).stop
2024-05-08T05:18:11.404 INFO:teuthology.orchestra.run.smithi059.stdout:/usr/bin/ceph: stderr
2024-05-08T05:18:10.842+0000 7f502d3e7700 1 --2- 172.21.15.59:0/41493776 >> [v2:172.21.15.59:3300/0,v1:172.21.15.59:6789/0] conn(0x7f5028107d50 0x7f502819f020 unknown :-1 s=CLOSED pgs=77 cs=0 l=1 rev1=1 crypto rx=0 tx=0 comp rx=0 tx=0).stop
2024-05-08T05:18:11.404 INFO:teuthology.orchestra.run.smithi059.stdout:/usr/bin/ceph: stderr
2024-05-08T05:18:10.842+0000 7f502d3e7700 1 -- 172.21.15.59:0/41493776 >> 172.21.15.59:0/41493776 conn(0x7f50281032b0 msgr2=0x7f5028195580 unknown :-1 s=STATE_NONE l=0).mark_down
2024-05-08T05:18:11.404 INFO:teuthology.orchestra.run.smithi059.stdout:/usr/bin/ceph: stderr
2024-05-08T05:18:10.842+0000 7f502d3e7700 1 -- 172.21.15.59:0/41493776 shutdown_connections
2024-05-08T05:18:11.404 INFO:teuthology.orchestra.run.smithi059.stdout:/usr/bin/ceph: stderr
2024-05-08T05:18:10.842+0000 7f502d3e7700 1 -- 172.21.15.59:0/41493776 wait complete.
2024-05-08T05:18:12.708 INFO:teuthology.orchestra.run.smithi059.stdout:/usr/bin/ceph: stderr
2024-05-08T05:18:11.824+0000 7fd23eb92700 1 Processor -- start
2024-05-08T05:18:12.708 INFO:teuthology.orchestra.run.smithi059.stdout:/usr/bin/ceph: stderr
2024-05-08T05:18:11.824+0000 7fd23eb92700 1 -- start start
2024-05-08T05:18:12.708 INFO:teuthology.orchestra.run.smithi059.stdout:/usr/bin/ceph: stderr
2024-05-08T05:18:11.824+0000 7fd23eb92700 1 --2- >> [v2:172.21.15.59:3300/0,v1:172.21.15.59:6789/0] conn(0x7fd238108e30 0x7fd238109250 unknown :-1 s=NONE pgs=0 cs=0 l=0 rev1=0 crypto rx=0 tx=0 comp rx=0 tx=0).connect
2024-05-08T05:18:12.708 INFO:teuthology.orchestra.run.smithi059.stdout:/usr/bin/ceph: stderr
2024-05-08T05:18:11.824+0000 7fd23eb92700 1 -- --> [v2:172.21.15.59:3300/0,v1:172.21.15.59:6789/0] -- mon_getmap magic: 0 -- 0x7fd238109790 con 0x7fd238108e30
2024-05-08T05:18:12.708 INFO:teuthology.orchestra.run.smithi059.stdout:/usr/bin/ceph: stderr
2024-05-08T05:18:11.824+0000 7fd23c92e700 1 --2- >> [v2:172.21.15.59:3300/0,v1:172.21.15.59:6789/0] conn(0x7fd238108e30 0x7fd238109250 unknown :-1 s=BANNER_CONNECTING pgs=0 cs=0 l=0 rev1=0 crypto rx=0 tx=0 comp rx=0 tx=0)._handle_peer_banner_payload supported=3 required=0
2024-05-08T05:18:12.708 INFO:teuthology.orchestra.run.smithi059.stdout:/usr/bin/ceph: stderr
2024-05-08T05:18:11.824+0000 7fd23c92e700 1 --2- >> [v2:172.21.15.59:3300/0,v1:172.21.15.59:6789/0] conn(0x7fd238108e30 0x7fd238109250 unknown :-1 s=HELLO_CONNECTING pgs=0 cs=0 l=0 rev1=1 crypto rx=0 tx=0 comp rx=0 tx=0).handle_hello peer v2:172.21.15.59:3300/0 says I am v2:172.21.15.59:40786/0 (socket says 172.21.15.59:40786)
2024-05-08T05:18:12.708 INFO:teuthology.orchestra.run.smithi059.stdout:/usr/bin/ceph: stderr
2024-05-08T05:18:11.824+0000 7fd23c92e700 1 -- 172.21.15.59:0/2242188109 learned_addr learned my addr 172.21.15.59:0/2242188109 (peer_addr_for_me v2:172.21.15.59:0/0)
2024-05-08T05:18:12.708 INFO:teuthology.orchestra.run.smithi059.stdout:/usr/bin/ceph: stderr
2024-05-08T05:18:11.825+0000 7fd23c92e700 1 -- 172.21.15.59:0/2242188109 --> [v2:172.21.15.59:3300/0,v1:172.21.15.59:6789/0] -- mon_subscribe({config=0+,monmap=0+}) -- 0x7fd238109f90 con 0x7fd238108e30
2024-05-08T05:18:12.709 INFO:teuthology.orchestra.run.smithi059.stdout:/usr/bin/ceph: stderr
2024-05-08T05:18:11.825+0000 7fd23c92e700 1 --2- 172.21.15.59:0/2242188109 >> [v2:172.21.15.59:3300/0,v1:172.21.15.59:6789/0] conn(0x7fd238108e30 0x7fd238109250 secure :-1 s=READY pgs=78 cs=0 l=1 rev1=1 crypto rx=0x7fd22c0098a0 tx=0x7fd22c009bb0 comp rx=0 tx=0).ready entity=mon.0 client_cookie=9d7696ba336b6e79 server_cookie=0 in_seq=0 out_seq=0
2024-05-08T05:18:12.709 INFO:teuthology.orchestra.run.smithi059.stdout:/usr/bin/ceph: stderr
2024-05-08T05:18:11.825+0000 7fd2377fe700 1 -- 172.21.15.59:0/2242188109 <== mon.0 v2:172.21.15.59:3300/0 1 ==== mon_map magic: 0 ==== 205+0+0 (secure 0 0 0) 0x7fd22c004160 con 0x7fd238108e30
2024-05-08T05:18:12.709 INFO:teuthology.orchestra.run.smithi059.stdout:/usr/bin/ceph: stderr
2024-05-08T05:18:11.825+0000 7fd2377fe700 1 -- 172.21.15.59:0/2242188109 <== mon.0 v2:172.21.15.59:3300/0 2 ==== config(26 keys) ==== 1101+0+0 (secure 0 0 0) 0x7fd22c004300 con 0x7fd238108e30
2024-05-08T05:18:12.709 INFO:teuthology.orchestra.run.smithi059.stdout:/usr/bin/ceph: stderr
2024-05-08T05:18:11.825+0000 7fd2377fe700 1 -- 172.21.15.59:0/2242188109 <== mon.0 v2:172.21.15.59:3300/0 3 ==== mon_map magic: 0 ==== 205+0+0 (secure 0 0 0) 0x7fd22c011a20 con 0x7fd238108e30
2024-05-08T05:18:12.709 INFO:teuthology.orchestra.run.smithi059.stdout:/usr/bin/ceph: stderr
2024-05-08T05:18:11.826+0000 7fd23eb92700 1 -- 172.21.15.59:0/2242188109 >> [v2:172.21.15.59:3300/0,v1:172.21.15.59:6789/0] conn(0x7fd238108e30 msgr2=0x7fd238109250 secure :-1 s=STATE_CONNECTION_ESTABLISHED l=1).mark_down
2024-05-08T05:18:12.709 INFO:teuthology.orchestra.run.smithi059.stdout:/usr/bin/ceph: stderr
2024-05-08T05:18:11.826+0000 7fd23eb92700 1 --2- 172.21.15.59:0/2242188109 >> [v2:172.21.15.59:3300/0,v1:172.21.15.59:6789/0] conn(0x7fd238108e30 0x7fd238109250 secure :-1 s=READY pgs=78 cs=0 l=1 rev1=1 crypto rx=0x7fd22c0098a0 tx=0x7fd22c009bb0 comp rx=0 tx=0).stop
2024-05-08T05:18:12.709 INFO:teuthology.orchestra.run.smithi059.stdout:/usr/bin/ceph: stderr
2024-05-08T05:18:11.826+0000 7fd23eb92700 1 -- 172.21.15.59:0/2242188109 shutdown_connections
2024-05-08T05:18:12.709 INFO:teuthology.orchestra.run.smithi059.stdout:/usr/bin/ceph: stderr
2024-05-08T05:18:11.826+0000 7fd23eb92700 1 --2- 172.21.15.59:0/2242188109 >> [v2:172.21.15.59:3300/0,v1:172.21.15.59:6789/0] conn(0x7fd238108e30 0x7fd238109250 unknown :-1 s=CLOSED pgs=78 cs=0 l=1 rev1=1 crypto rx=0 tx=0 comp rx=0 tx=0).stop
2024-05-08T05:18:12.709 INFO:teuthology.orchestra.run.smithi059.stdout:/usr/bin/ceph: stderr
2024-05-08T05:18:11.826+0000 7fd23eb92700 1 -- 172.21.15.59:0/2242188109 >> 172.21.15.59:0/2242188109 conn(0x7fd238104410 msgr2=0x7fd238106830 unknown :-1 s=STATE_NONE l=0).mark_down
2024-05-08T05:18:12.709 INFO:teuthology.orchestra.run.smithi059.stdout:/usr/bin/ceph: stderr
2024-05-08T05:18:11.826+0000 7fd23eb92700 1 -- 172.21.15.59:0/2242188109 shutdown_connections
2024-05-08T05:18:12.709 INFO:teuthology.orchestra.run.smithi059.stdout:/usr/bin/ceph: stderr
2024-05-08T05:18:11.826+0000 7fd23eb92700 1 -- 172.21.15.59:0/2242188109 wait complete.
2024-05-08T05:18:12.710 INFO:teuthology.orchestra.run.smithi059.stdout:/usr/bin/ceph: stderr
2024-05-08T05:18:11.826+0000 7fd23eb92700 1 Processor -- start
2024-05-08T05:18:12.710 INFO:teuthology.orchestra.run.smithi059.stdout:/usr/bin/ceph: stderr
2024-05-08T05:18:11.826+0000 7fd23eb92700 1 -- start start
2024-05-08T05:18:12.710 INFO:teuthology.orchestra.run.smithi059.stdout:/usr/bin/ceph: stderr
2024-05-08T05:18:11.827+0000 7fd23eb92700 1 --2- >> [v2:172.21.15.59:3300/0,v1:172.21.15.59:6789/0] conn(0x7fd238108e30 0x7fd23819cce0 unknown :-1 s=NONE pgs=0 cs=0 l=1 rev1=0 crypto rx=0 tx=0 comp rx=0 tx=0).connect
2024-05-08T05:18:12.710 INFO:teuthology.orchestra.run.smithi059.stdout:/usr/bin/ceph: stderr
2024-05-08T05:18:11.827+0000 7fd23eb92700 1 -- --> [v2:172.21.15.59:3300/0,v1:172.21.15.59:6789/0] -- mon_getmap magic: 0 -- 0x7fd23810d3d0 con 0x7fd238108e30
2024-05-08T05:18:12.710 INFO:teuthology.orchestra.run.smithi059.stdout:/usr/bin/ceph: stderr
2024-05-08T05:18:11.827+0000 7fd23c92e700 1 --2- >> [v2:172.21.15.59:3300/0,v1:172.21.15.59:6789/0] conn(0x7fd238108e30 0x7fd23819cce0 unknown :-1 s=BANNER_CONNECTING pgs=0 cs=0 l=1 rev1=0 crypto rx=0 tx=0 comp rx=0 tx=0)._handle_peer_banner_payload supported=3 required=0
2024-05-08T05:18:12.710 INFO:teuthology.orchestra.run.smithi059.stdout:/usr/bin/ceph: stderr
2024-05-08T05:18:11.827+0000 7fd23c92e700 1 --2- >> [v2:172.21.15.59:3300/0,v1:172.21.15.59:6789/0] conn(0x7fd238108e30 0x7fd23819cce0 unknown :-1 s=HELLO_CONNECTING pgs=0 cs=0 l=1 rev1=1 crypto rx=0 tx=0 comp rx=0 tx=0).handle_hello peer v2:172.21.15.59:3300/0 says I am v2:172.21.15.59:40800/0 (socket says 172.21.15.59:40800)
2024-05-08T05:18:12.710 INFO:teuthology.orchestra.run.smithi059.stdout:/usr/bin/ceph: stderr
2024-05-08T05:18:11.827+0000 7fd23c92e700 1 -- 172.21.15.59:0/4223593669 learned_addr learned my addr 172.21.15.59:0/4223593669 (peer_addr_for_me v2:172.21.15.59:0/0)
2024-05-08T05:18:12.710 INFO:teuthology.orchestra.run.smithi059.stdout:/usr/bin/ceph: stderr
2024-05-08T05:18:11.827+0000 7fd23c92e700 1 -- 172.21.15.59:0/4223593669 --> [v2:172.21.15.59:3300/0,v1:172.21.15.59:6789/0] -- mon_subscribe({config=0+,monmap=0+}) -- 0x7fd23819d220 con 0x7fd238108e30
2024-05-08T05:18:12.710 INFO:teuthology.orchestra.run.smithi059.stdout:/usr/bin/ceph: stderr
2024-05-08T05:18:11.827+0000 7fd23c92e700 1 --2- 172.21.15.59:0/4223593669 >> [v2:172.21.15.59:3300/0,v1:172.21.15.59:6789/0] conn(0x7fd238108e30 0x7fd23819cce0 secure :-1 s=READY pgs=79 cs=0 l=1 rev1=1 crypto rx=0x7fd22c000c00 tx=0x7fd22c011aa0 comp rx=0 tx=0).ready entity=mon.0 client_cookie=0 server_cookie=0 in_seq=0 out_seq=0
2024-05-08T05:18:12.710 INFO:teuthology.orchestra.run.smithi059.stdout:/usr/bin/ceph: stderr
2024-05-08T05:18:11.827+0000 7fd235ffb700 1 -- 172.21.15.59:0/4223593669 <== mon.0 v2:172.21.15.59:3300/0 1 ==== mon_map magic: 0 ==== 205+0+0 (secure 0 0 0) 0x7fd22c003aa0 con 0x7fd238108e30
2024-05-08T05:18:12.710 INFO:teuthology.orchestra.run.smithi059.stdout:/usr/bin/ceph: stderr
2024-05-08T05:18:11.827+0000 7fd23eb92700 1 -- 172.21.15.59:0/4223593669 --> [v2:172.21.15.59:3300/0,v1:172.21.15.59:6789/0] -- mon_subscribe({mgrmap=0+}) -- 0x7fd23819d4b0 con 0x7fd238108e30
2024-05-08T05:18:12.710 INFO:teuthology.orchestra.run.smithi059.stdout:/usr/bin/ceph: stderr
2024-05-08T05:18:11.827+0000 7fd235ffb700 1 -- 172.21.15.59:0/4223593669 <== mon.0 v2:172.21.15.59:3300/0 2 ==== config(26 keys) ==== 1101+0+0 (secure 0 0 0) 0x7fd22c01b8f0 con 0x7fd238108e30
2024-05-08T05:18:12.710 INFO:teuthology.orchestra.run.smithi059.stdout:/usr/bin/ceph: stderr
2024-05-08T05:18:11.827+0000 7fd235ffb700 1 -- 172.21.15.59:0/4223593669 <== mon.0 v2:172.21.15.59:3300/0 3 ==== mon_map magic: 0 ==== 205+0+0 (secure 0 0 0) 0x7fd22c023870 con 0x7fd238108e30
2024-05-08T05:18:12.711 INFO:teuthology.orchestra.run.smithi059.stdout:/usr/bin/ceph: stderr
2024-05-08T05:18:11.828+0000 7fd23eb92700 1 -- 172.21.15.59:0/4223593669 --> [v2:172.21.15.59:3300/0,v1:172.21.15.59:6789/0] -- mon_subscribe({osdmap=0}) -- 0x7fd23819dfd0 con 0x7fd238108e30
2024-05-08T05:18:12.711 INFO:teuthology.orchestra.run.smithi059.stdout:/usr/bin/ceph: stderr
2024-05-08T05:18:11.828+0000 7fd23eb92700 1 -- 172.21.15.59:0/4223593669 --> [v2:172.21.15.59:3300/0,v1:172.21.15.59:6789/0] -- mon_command({"prefix": "get_command_descriptions"} v 0) -- 0x7fd23810d550 con 0x7fd238108e30
2024-05-08T05:18:12.711 INFO:teuthology.orchestra.run.smithi059.stdout:/usr/bin/ceph: stderr
2024-05-08T05:18:11.828+0000 7fd235ffb700 1 -- 172.21.15.59:0/4223593669 <== mon.0 v2:172.21.15.59:3300/0 4 ==== mgrmap(e 13) ==== 50278+0+0 (secure 0 0 0) 0x7fd22c023b70 con 0x7fd238108e30
2024-05-08T05:18:12.711 INFO:teuthology.orchestra.run.smithi059.stdout:/usr/bin/ceph: stderr
2024-05-08T05:18:11.829+0000 7fd235ffb700 1 --2- 172.21.15.59:0/4223593669 >> [v2:172.21.15.59:6800/546809822,v1:172.21.15.59:6801/546809822] conn(0x7fd22803e620 0x7fd228040ae0 unknown :-1 s=NONE pgs=0 cs=0 l=1 rev1=0 crypto rx=0 tx=0 comp rx=0 tx=0).connect
2024-05-08T05:18:12.711 INFO:teuthology.orchestra.run.smithi059.stdout:/usr/bin/ceph: stderr
2024-05-08T05:18:11.829+0000 7fd235ffb700 1 -- 172.21.15.59:0/4223593669 <== mon.0 v2:172.21.15.59:3300/0 5 ==== osd_map(3..3 src has 1..3) ==== 1155+0+0 (secure 0 0 0) 0x7fd22c053fe0 con 0x7fd238108e30
2024-05-08T05:18:12.711 INFO:teuthology.orchestra.run.smithi059.stdout:/usr/bin/ceph: stderr
2024-05-08T05:18:11.829+0000 7fd237fff700 1 --2- 172.21.15.59:0/4223593669 >> [v2:172.21.15.59:6800/546809822,v1:172.21.15.59:6801/546809822] conn(0x7fd22803e620 0x7fd228040ae0 unknown :-1 s=BANNER_CONNECTING pgs=0 cs=0 l=1 rev1=0 crypto rx=0 tx=0 comp rx=0 tx=0)._handle_peer_banner_payload supported=3 required=0
2024-05-08T05:18:12.711 INFO:teuthology.orchestra.run.smithi059.stdout:/usr/bin/ceph: stderr
2024-05-08T05:18:11.829+0000 7fd237fff700 1 --2- 172.21.15.59:0/4223593669 >> [v2:172.21.15.59:6800/546809822,v1:172.21.15.59:6801/546809822] conn(0x7fd22803e620 0x7fd228040ae0 secure :-1 s=READY pgs=11 cs=0 l=1 rev1=1 crypto rx=0x7fd224006fd0 tx=0x7fd224006e40 comp rx=0 tx=0).ready entity=mgr.14152 client_cookie=0 server_cookie=0 in_seq=0 out_seq=0
2024-05-08T05:18:12.711 INFO:teuthology.orchestra.run.smithi059.stdout:/usr/bin/ceph: stderr
2024-05-08T05:18:11.834+0000 7fd235ffb700 1 -- 172.21.15.59:0/4223593669 <== mon.0 v2:172.21.15.59:3300/0 6 ==== mon_command_ack([{"prefix": "get_command_descriptions"}]=0 v0) ==== 72+0+191963 (secure 0 0 0) 0x7fd22c01f030 con 0x7fd238108e30
2024-05-08T05:18:12.711 INFO:teuthology.orchestra.run.smithi059.stdout:/usr/bin/ceph: stderr
2024-05-08T05:18:12.168+0000 7fd23eb92700 1 -- 172.21.15.59:0/4223593669 --> [v2:172.21.15.59:3300/0,v1:172.21.15.59:6789/0] -- mon_command([{prefix=config-key set, key=mgr/dashboard/cluster/status}] v 0) -- 0x7fd238064b00 con 0x7fd238108e30
2024-05-08T05:18:12.711 INFO:teuthology.orchestra.run.smithi059.stdout:/usr/bin/ceph: stderr
2024-05-08T05:18:12.171+0000 7fd235ffb700 1 -- 172.21.15.59:0/4223593669 <== mon.0 v2:172.21.15.59:3300/0 7 ==== mon_command_ack([{prefix=config-key set, key=mgr/dashboard/cluster/status}]=0 set mgr/dashboard/cluster/status v28)=0 set mgr/dashboard/cluster/status v28) ==== 153+0+0 (secure 0 0 0) 0x7fd238064b00 con 0x7fd238108e30
2024-05-08T05:18:12.711 INFO:teuthology.orchestra.run.smithi059.stdout:/usr/bin/ceph: stderr
2024-05-08T05:18:12.173+0000 7fd23eb92700 1 -- 172.21.15.59:0/4223593669 >> [v2:172.21.15.59:6800/546809822,v1:172.21.15.59:6801/546809822] conn(0x7fd22803e620 msgr2=0x7fd228040ae0 secure :-1 s=STATE_CONNECTION_ESTABLISHED l=1).mark_down
2024-05-08T05:18:12.711 INFO:teuthology.orchestra.run.smithi059.stdout:/usr/bin/ceph: stderr
2024-05-08T05:18:12.173+0000 7fd23eb92700 1 --2- 172.21.15.59:0/4223593669 >> [v2:172.21.15.59:6800/546809822,v1:172.21.15.59:6801/546809822] conn(0x7fd22803e620 0x7fd228040ae0 secure :-1 s=READY pgs=11 cs=0 l=1 rev1=1 crypto rx=0x7fd224006fd0 tx=0x7fd224006e40 comp rx=0 tx=0).stop
2024-05-08T05:18:12.711 INFO:teuthology.orchestra.run.smithi059.stdout:/usr/bin/ceph: stderr
2024-05-08T05:18:12.173+0000 7fd23eb92700 1 -- 172.21.15.59:0/4223593669 >> [v2:172.21.15.59:3300/0,v1:172.21.15.59:6789/0] conn(0x7fd238108e30 msgr2=0x7fd23819cce0 secure :-1 s=STATE_CONNECTION_ESTABLISHED l=1).mark_down
2024-05-08T05:18:12.712 INFO:teuthology.orchestra.run.smithi059.stdout:/usr/bin/ceph: stderr
2024-05-08T05:18:12.173+0000 7fd23eb92700 1 --2- 172.21.15.59:0/4223593669 >> [v2:172.21.15.59:3300/0,v1:172.21.15.59:6789/0] conn(0x7fd238108e30 0x7fd23819cce0 secure :-1 s=READY pgs=79 cs=0 l=1 rev1=1 crypto rx=0x7fd22c000c00 tx=0x7fd22c011aa0 comp rx=0 tx=0).stop
2024-05-08T05:18:12.712 INFO:teuthology.orchestra.run.smithi059.stdout:/usr/bin/ceph: stderr
2024-05-08T05:18:12.173+0000 7fd23eb92700 1 -- 172.21.15.59:0/4223593669 shutdown_connections
2024-05-08T05:18:12.712 INFO:teuthology.orchestra.run.smithi059.stdout:/usr/bin/ceph: stderr
2024-05-08T05:18:12.173+0000 7fd23eb92700 1 --2- 172.21.15.59:0/4223593669 >> [v2:172.21.15.59:6800/546809822,v1:172.21.15.59:6801/546809822] conn(0x7fd22803e620 0x7fd228040ae0 unknown :-1 s=CLOSED pgs=11 cs=0 l=1 rev1=1 crypto rx=0 tx=0 comp rx=0 tx=0).stop
2024-05-08T05:18:12.712 INFO:teuthology.orchestra.run.smithi059.stdout:/usr/bin/ceph: stderr
2024-05-08T05:18:12.173+0000 7fd23eb92700 1 --2- 172.21.15.59:0/4223593669 >> [v2:172.21.15.59:3300/0,v1:172.21.15.59:6789/0] conn(0x7fd238108e30 0x7fd23819cce0 unknown :-1 s=CLOSED pgs=79 cs=0 l=1 rev1=1 crypto rx=0 tx=0 comp rx=0 tx=0).stop
2024-05-08T05:18:12.712 INFO:teuthology.orchestra.run.smithi059.stdout:/usr/bin/ceph: stderr
2024-05-08T05:18:12.173+0000 7fd23eb92700 1 -- 172.21.15.59:0/4223593669 >> 172.21.15.59:0/4223593669 conn(0x7fd238104410 msgr2=0x7fd238104d80 unknown :-1 s=STATE_NONE l=0).mark_down
2024-05-08T05:18:12.712 INFO:teuthology.orchestra.run.smithi059.stdout:/usr/bin/ceph: stderr
2024-05-08T05:18:12.173+0000 7fd23eb92700 1 -- 172.21.15.59:0/4223593669 shutdown_connections
2024-05-08T05:18:12.712 INFO:teuthology.orchestra.run.smithi059.stdout:/usr/bin/ceph: stderr
2024-05-08T05:18:12.173+0000 7fd23eb92700 1 -- 172.21.15.59:0/4223593669 wait complete.
2024-05-08T05:18:12.712 INFO:teuthology.orchestra.run.smithi059.stdout:/usr/bin/ceph: stderr set mgr/dashboard/cluster/status
2024-05-08T05:18:12.712 INFO:teuthology.orchestra.run.smithi059.stdout:You can access the Ceph CLI as following in case of multi-cluster or non-default config:
2024-05-08T05:18:12.712 INFO:teuthology.orchestra.run.smithi059.stdout:
2024-05-08T05:18:12.712 INFO:teuthology.orchestra.run.smithi059.stdout: sudo /home/ubuntu/cephtest/cephadm shell --fsid 0bf01a10-0cfa-11ef-bc97-c7b262605968 -c /etc/ceph/ceph.conf -k /etc/ceph/ceph.client.admin.keyring
2024-05-08T05:18:12.713 INFO:teuthology.orchestra.run.smithi059.stdout:
2024-05-08T05:18:12.713 INFO:teuthology.orchestra.run.smithi059.stdout:Or, if you are only running a single cluster on this host:
2024-05-08T05:18:12.713 INFO:teuthology.orchestra.run.smithi059.stdout:
2024-05-08T05:18:12.713 INFO:teuthology.orchestra.run.smithi059.stdout: sudo /home/ubuntu/cephtest/cephadm shell
2024-05-08T05:18:12.713 INFO:teuthology.orchestra.run.smithi059.stdout:
2024-05-08T05:18:12.713 INFO:teuthology.orchestra.run.smithi059.stdout:Please consider enabling telemetry to help improve Ceph:
2024-05-08T05:18:12.713 INFO:teuthology.orchestra.run.smithi059.stdout:
2024-05-08T05:18:12.713 INFO:teuthology.orchestra.run.smithi059.stdout: ceph telemetry on
2024-05-08T05:18:12.713 INFO:teuthology.orchestra.run.smithi059.stdout:
2024-05-08T05:18:12.713 INFO:teuthology.orchestra.run.smithi059.stdout:For more information see:
2024-05-08T05:18:12.713 INFO:teuthology.orchestra.run.smithi059.stdout:
2024-05-08T05:18:12.713 INFO:teuthology.orchestra.run.smithi059.stdout: https://docs.ceph.com/en/latest/mgr/telemetry/
2024-05-08T05:18:12.713 INFO:teuthology.orchestra.run.smithi059.stdout:
2024-05-08T05:18:12.713 INFO:teuthology.orchestra.run.smithi059.stdout:Bootstrap complete.
2024-05-08T05:18:12.748 INFO:tasks.cephadm:Fetching config...
2024-05-08T05:18:12.749 DEBUG:teuthology.orchestra.run.smithi059:> set -ex
2024-05-08T05:18:12.749 DEBUG:teuthology.orchestra.run.smithi059:> dd if=/etc/ceph/ceph.conf of=/dev/stdout
2024-05-08T05:18:12.769 INFO:tasks.cephadm:Fetching client.admin keyring...
2024-05-08T05:18:12.769 DEBUG:teuthology.orchestra.run.smithi059:> set -ex
2024-05-08T05:18:12.769 DEBUG:teuthology.orchestra.run.smithi059:> dd if=/etc/ceph/ceph.client.admin.keyring of=/dev/stdout
2024-05-08T05:18:12.823 INFO:tasks.cephadm:Fetching mon keyring...
2024-05-08T05:18:12.823 DEBUG:teuthology.orchestra.run.smithi059:> set -ex
2024-05-08T05:18:12.823 DEBUG:teuthology.orchestra.run.smithi059:> sudo dd if=/var/lib/ceph/0bf01a10-0cfa-11ef-bc97-c7b262605968/mon.a/keyring of=/dev/stdout
2024-05-08T05:18:12.889 INFO:tasks.cephadm:Fetching pub ssh key...
2024-05-08T05:18:12.889 DEBUG:teuthology.orchestra.run.smithi059:> set -ex
2024-05-08T05:18:12.889 DEBUG:teuthology.orchestra.run.smithi059:> dd if=/home/ubuntu/cephtest/ceph.pub of=/dev/stdout
2024-05-08T05:18:12.945 INFO:tasks.cephadm:Installing pub ssh key for root users...
2024-05-08T05:18:12.946 DEBUG:teuthology.orchestra.run.smithi059:> sudo install -d -m 0700 /root/.ssh && echo 'ssh-rsa AAAAB3NzaC1yc2EAAAADAQABAAABgQC/LY86J0TNyKyLtTYInAC8Sz4DMgi1qJDt7LzAXVoDYvBOGdTPXDeXmnE/HlHjvKXYdJP06z1+0MOBi9uvsrv5bZKN2E9SCiHW0s+cjJEqXTpGJotrpR/iQFyAoWXSjUFgrd9h3WBDlwzXETsKFAkPVR3ZuP3YR+PS8Zxe4wfFrkypkw4JxfVnnwERS5EKpR+LizRpJF40s3iM+0vKcvv+oaGJ7keE4uER2zPSPOGwfRwmuJy6ropjt2uZl8y5Zq5HKCGETDk6DOFMLJP1xANSUYCcqiHUyU8vJX9U05FyWosecHewxzQcuq6u7FIyztMwXKVHRjZ9WyZ8p3RHklcNk2NZpMxzT1IxaApEhjPYk/MInCHxcjZpxRvb5trko8LJW2MbUC2SzFnhk8pMwp4+GoLuuE+6YF9rLfCjLQOKT/AcDq0tFkM+mxA0SWk+IogaYpzcG+5bdCd6LT8fkAKqYAQIjMrtTshbVNGYI9kgzbta5tiLgDJsddw/APnYwlM= ceph-0bf01a10-0cfa-11ef-bc97-c7b262605968' | sudo tee -a /root/.ssh/authorized_keys && sudo chmod 0600 /root/.ssh/authorized_keys
2024-05-08T05:18:13.036 INFO:teuthology.orchestra.run.smithi059.stdout:ssh-rsa AAAAB3NzaC1yc2EAAAADAQABAAABgQC/LY86J0TNyKyLtTYInAC8Sz4DMgi1qJDt7LzAXVoDYvBOGdTPXDeXmnE/HlHjvKXYdJP06z1+0MOBi9uvsrv5bZKN2E9SCiHW0s+cjJEqXTpGJotrpR/iQFyAoWXSjUFgrd9h3WBDlwzXETsKFAkPVR3ZuP3YR+PS8Zxe4wfFrkypkw4JxfVnnwERS5EKpR+LizRpJF40s3iM+0vKcvv+oaGJ7keE4uER2zPSPOGwfRwmuJy6ropjt2uZl8y5Zq5HKCGETDk6DOFMLJP1xANSUYCcqiHUyU8vJX9U05FyWosecHewxzQcuq6u7FIyztMwXKVHRjZ9WyZ8p3RHklcNk2NZpMxzT1IxaApEhjPYk/MInCHxcjZpxRvb5trko8LJW2MbUC2SzFnhk8pMwp4+GoLuuE+6YF9rLfCjLQOKT/AcDq0tFkM+mxA0SWk+IogaYpzcG+5bdCd6LT8fkAKqYAQIjMrtTshbVNGYI9kgzbta5tiLgDJsddw/APnYwlM= ceph-0bf01a10-0cfa-11ef-bc97-c7b262605968
2024-05-08T05:18:13.049 DEBUG:teuthology.orchestra.run.smithi096:> sudo install -d -m 0700 /root/.ssh && echo 'ssh-rsa AAAAB3NzaC1yc2EAAAADAQABAAABgQC/LY86J0TNyKyLtTYInAC8Sz4DMgi1qJDt7LzAXVoDYvBOGdTPXDeXmnE/HlHjvKXYdJP06z1+0MOBi9uvsrv5bZKN2E9SCiHW0s+cjJEqXTpGJotrpR/iQFyAoWXSjUFgrd9h3WBDlwzXETsKFAkPVR3ZuP3YR+PS8Zxe4wfFrkypkw4JxfVnnwERS5EKpR+LizRpJF40s3iM+0vKcvv+oaGJ7keE4uER2zPSPOGwfRwmuJy6ropjt2uZl8y5Zq5HKCGETDk6DOFMLJP1xANSUYCcqiHUyU8vJX9U05FyWosecHewxzQcuq6u7FIyztMwXKVHRjZ9WyZ8p3RHklcNk2NZpMxzT1IxaApEhjPYk/MInCHxcjZpxRvb5trko8LJW2MbUC2SzFnhk8pMwp4+GoLuuE+6YF9rLfCjLQOKT/AcDq0tFkM+mxA0SWk+IogaYpzcG+5bdCd6LT8fkAKqYAQIjMrtTshbVNGYI9kgzbta5tiLgDJsddw/APnYwlM= ceph-0bf01a10-0cfa-11ef-bc97-c7b262605968' | sudo tee -a /root/.ssh/authorized_keys && sudo chmod 0600 /root/.ssh/authorized_keys
2024-05-08T05:18:13.088 INFO:teuthology.orchestra.run.smithi096.stdout:ssh-rsa AAAAB3NzaC1yc2EAAAADAQABAAABgQC/LY86J0TNyKyLtTYInAC8Sz4DMgi1qJDt7LzAXVoDYvBOGdTPXDeXmnE/HlHjvKXYdJP06z1+0MOBi9uvsrv5bZKN2E9SCiHW0s+cjJEqXTpGJotrpR/iQFyAoWXSjUFgrd9h3WBDlwzXETsKFAkPVR3ZuP3YR+PS8Zxe4wfFrkypkw4JxfVnnwERS5EKpR+LizRpJF40s3iM+0vKcvv+oaGJ7keE4uER2zPSPOGwfRwmuJy6ropjt2uZl8y5Zq5HKCGETDk6DOFMLJP1xANSUYCcqiHUyU8vJX9U05FyWosecHewxzQcuq6u7FIyztMwXKVHRjZ9WyZ8p3RHklcNk2NZpMxzT1IxaApEhjPYk/MInCHxcjZpxRvb5trko8LJW2MbUC2SzFnhk8pMwp4+GoLuuE+6YF9rLfCjLQOKT/AcDq0tFkM+mxA0SWk+IogaYpzcG+5bdCd6LT8fkAKqYAQIjMrtTshbVNGYI9kgzbta5tiLgDJsddw/APnYwlM= ceph-0bf01a10-0cfa-11ef-bc97-c7b262605968
2024-05-08T05:18:13.100 DEBUG:teuthology.orchestra.run.smithi143:> sudo install -d -m 0700 /root/.ssh && echo 'ssh-rsa AAAAB3NzaC1yc2EAAAADAQABAAABgQC/LY86J0TNyKyLtTYInAC8Sz4DMgi1qJDt7LzAXVoDYvBOGdTPXDeXmnE/HlHjvKXYdJP06z1+0MOBi9uvsrv5bZKN2E9SCiHW0s+cjJEqXTpGJotrpR/iQFyAoWXSjUFgrd9h3WBDlwzXETsKFAkPVR3ZuP3YR+PS8Zxe4wfFrkypkw4JxfVnnwERS5EKpR+LizRpJF40s3iM+0vKcvv+oaGJ7keE4uER2zPSPOGwfRwmuJy6ropjt2uZl8y5Zq5HKCGETDk6DOFMLJP1xANSUYCcqiHUyU8vJX9U05FyWosecHewxzQcuq6u7FIyztMwXKVHRjZ9WyZ8p3RHklcNk2NZpMxzT1IxaApEhjPYk/MInCHxcjZpxRvb5trko8LJW2MbUC2SzFnhk8pMwp4+GoLuuE+6YF9rLfCjLQOKT/AcDq0tFkM+mxA0SWk+IogaYpzcG+5bdCd6LT8fkAKqYAQIjMrtTshbVNGYI9kgzbta5tiLgDJsddw/APnYwlM= ceph-0bf01a10-0cfa-11ef-bc97-c7b262605968' | sudo tee -a /root/.ssh/authorized_keys && sudo chmod 0600 /root/.ssh/authorized_keys
2024-05-08T05:18:13.140 INFO:teuthology.orchestra.run.smithi143.stdout:ssh-rsa AAAAB3NzaC1yc2EAAAADAQABAAABgQC/LY86J0TNyKyLtTYInAC8Sz4DMgi1qJDt7LzAXVoDYvBOGdTPXDeXmnE/HlHjvKXYdJP06z1+0MOBi9uvsrv5bZKN2E9SCiHW0s+cjJEqXTpGJotrpR/iQFyAoWXSjUFgrd9h3WBDlwzXETsKFAkPVR3ZuP3YR+PS8Zxe4wfFrkypkw4JxfVnnwERS5EKpR+LizRpJF40s3iM+0vKcvv+oaGJ7keE4uER2zPSPOGwfRwmuJy6ropjt2uZl8y5Zq5HKCGETDk6DOFMLJP1xANSUYCcqiHUyU8vJX9U05FyWosecHewxzQcuq6u7FIyztMwXKVHRjZ9WyZ8p3RHklcNk2NZpMxzT1IxaApEhjPYk/MInCHxcjZpxRvb5trko8LJW2MbUC2SzFnhk8pMwp4+GoLuuE+6YF9rLfCjLQOKT/AcDq0tFkM+mxA0SWk+IogaYpzcG+5bdCd6LT8fkAKqYAQIjMrtTshbVNGYI9kgzbta5tiLgDJsddw/APnYwlM= ceph-0bf01a10-0cfa-11ef-bc97-c7b262605968
2024-05-08T05:18:13.152 DEBUG:teuthology.orchestra.run.smithi059:> sudo /home/ubuntu/cephtest/cephadm --image quay-quay-quay.apps.os.sepia.ceph.com/ceph-ci/ceph:bee299f4ac344e4c45e550d7a80abcadd7bc3d5a shell -c /etc/ceph/ceph.conf -k /etc/ceph/ceph.client.admin.keyring --fsid 0bf01a10-0cfa-11ef-bc97-c7b262605968 -- ceph config set mgr mgr/cephadm/allow_ptrace true
2024-05-08T05:18:13.336 INFO:journalctl@ceph.mon.a.smithi059.stdout:May 08 05:18:13 smithi059 ceph-mon[30304]: from='client.? 172.21.15.59:0/4223593669' entity='client.admin'
2024-05-08T05:18:13.400 INFO:teuthology.orchestra.run.smithi059.stderr:Inferring config /var/lib/ceph/0bf01a10-0cfa-11ef-bc97-c7b262605968/mon.a/config
2024-05-08T05:18:15.836 INFO:journalctl@ceph.mon.a.smithi059.stdout:May 08 05:18:15 smithi059 ceph-mon[30304]: from='mgr.14152 172.21.15.59:0/745353230' entity='mgr.x'
2024-05-08T05:18:15.836 INFO:journalctl@ceph.mon.a.smithi059.stdout:May 08 05:18:15 smithi059 ceph-mon[30304]: from='mgr.14152 172.21.15.59:0/745353230' entity='mgr.x'
2024-05-08T05:18:15.837 INFO:journalctl@ceph.mon.a.smithi059.stdout:May 08 05:18:15 smithi059 ceph-mon[30304]: from='mgr.14152 172.21.15.59:0/745353230' entity='mgr.x' cmd=[{"prefix": "config rm", "who": "osd/host:smithi059", "name": "osd_memory_target"}]: dispatch
2024-05-08T05:18:15.837 INFO:journalctl@ceph.mon.a.smithi059.stdout:May 08 05:18:15 smithi059 ceph-mon[30304]: from='mgr.14152 172.21.15.59:0/745353230' entity='mgr.x'
2024-05-08T05:18:15.837 INFO:journalctl@ceph.mon.a.smithi059.stdout:May 08 05:18:15 smithi059 ceph-mon[30304]: from='mgr.14152 172.21.15.59:0/745353230' entity='mgr.x' cmd=[{"prefix": "config dump", "format": "json"}]: dispatch
2024-05-08T05:18:15.837 INFO:journalctl@ceph.mon.a.smithi059.stdout:May 08 05:18:15 smithi059 ceph-mon[30304]: from='mgr.14152 172.21.15.59:0/745353230' entity='mgr.x'
2024-05-08T05:18:15.908 INFO:teuthology.orchestra.run.smithi059.stderr:2024-05-08T05:18:15.906+0000 7f3e1329b700 1 -- 172.21.15.59:0/1483427193 >> [v2:172.21.15.59:3300/0,v1:172.21.15.59:6789/0] conn(0x7f3e0c102f20 msgr2=0x7f3e0c103340 secure :-1 s=STATE_CONNECTION_ESTABLISHED l=1).mark_down
2024-05-08T05:18:15.908 INFO:teuthology.orchestra.run.smithi059.stderr:2024-05-08T05:18:15.906+0000 7f3e1329b700 1 --2- 172.21.15.59:0/1483427193 >> [v2:172.21.15.59:3300/0,v1:172.21.15.59:6789/0] conn(0x7f3e0c102f20 0x7f3e0c103340 secure :-1 s=READY pgs=80 cs=0 l=1 rev1=1 crypto rx=0x7f3e08009910 tx=0x7f3e08009c20 comp rx=0 tx=0).stop
2024-05-08T05:18:15.908 INFO:teuthology.orchestra.run.smithi059.stderr:2024-05-08T05:18:15.906+0000 7f3e1329b700 1 -- 172.21.15.59:0/1483427193 shutdown_connections
2024-05-08T05:18:15.908 INFO:teuthology.orchestra.run.smithi059.stderr:2024-05-08T05:18:15.906+0000 7f3e1329b700 1 --2- 172.21.15.59:0/1483427193 >> [v2:172.21.15.59:3300/0,v1:172.21.15.59:6789/0] conn(0x7f3e0c102f20 0x7f3e0c103340 unknown :-1 s=CLOSED pgs=80 cs=0 l=1 rev1=1 crypto rx=0 tx=0 comp rx=0 tx=0).stop
2024-05-08T05:18:15.908 INFO:teuthology.orchestra.run.smithi059.stderr:2024-05-08T05:18:15.906+0000 7f3e1329b700 1 -- 172.21.15.59:0/1483427193 >> 172.21.15.59:0/1483427193 conn(0x7f3e0c0fe4c0 msgr2=0x7f3e0c100900 unknown :-1 s=STATE_NONE l=0).mark_down
2024-05-08T05:18:15.908 INFO:teuthology.orchestra.run.smithi059.stderr:2024-05-08T05:18:15.906+0000 7f3e1329b700 1 -- 172.21.15.59:0/1483427193 shutdown_connections
2024-05-08T05:18:15.908 INFO:teuthology.orchestra.run.smithi059.stderr:2024-05-08T05:18:15.906+0000 7f3e1329b700 1 -- 172.21.15.59:0/1483427193 wait complete.
2024-05-08T05:18:15.910 INFO:teuthology.orchestra.run.smithi059.stderr:2024-05-08T05:18:15.907+0000 7f3e1329b700 1 Processor -- start
2024-05-08T05:18:15.910 INFO:teuthology.orchestra.run.smithi059.stderr:2024-05-08T05:18:15.907+0000 7f3e1329b700 1 -- start start
2024-05-08T05:18:15.910 INFO:teuthology.orchestra.run.smithi059.stderr:2024-05-08T05:18:15.907+0000 7f3e1329b700 1 --2- >> [v2:172.21.15.59:3300/0,v1:172.21.15.59:6789/0] conn(0x7f3e0c102f20 0x7f3e0c077160 unknown :-1 s=NONE pgs=0 cs=0 l=1 rev1=0 crypto rx=0 tx=0 comp rx=0 tx=0).connect
2024-05-08T05:18:15.910 INFO:teuthology.orchestra.run.smithi059.stderr:2024-05-08T05:18:15.907+0000 7f3e1329b700 1 -- --> [v2:172.21.15.59:3300/0,v1:172.21.15.59:6789/0] -- mon_getmap magic: 0 -- 0x7f3e0c108de0 con 0x7f3e0c102f20
2024-05-08T05:18:15.910 INFO:teuthology.orchestra.run.smithi059.stderr:2024-05-08T05:18:15.907+0000 7f3e11037700 1 --2- >> [v2:172.21.15.59:3300/0,v1:172.21.15.59:6789/0] conn(0x7f3e0c102f20 0x7f3e0c077160 unknown :-1 s=BANNER_CONNECTING pgs=0 cs=0 l=1 rev1=0 crypto rx=0 tx=0 comp rx=0 tx=0)._handle_peer_banner_payload supported=3 required=0
2024-05-08T05:18:15.910 INFO:teuthology.orchestra.run.smithi059.stderr:2024-05-08T05:18:15.907+0000 7f3e11037700 1 --2- >> [v2:172.21.15.59:3300/0,v1:172.21.15.59:6789/0] conn(0x7f3e0c102f20 0x7f3e0c077160 unknown :-1 s=HELLO_CONNECTING pgs=0 cs=0 l=1 rev1=1 crypto rx=0 tx=0 comp rx=0 tx=0).handle_hello peer v2:172.21.15.59:3300/0 says I am v2:172.21.15.59:40818/0 (socket says 172.21.15.59:40818)
2024-05-08T05:18:15.910 INFO:teuthology.orchestra.run.smithi059.stderr:2024-05-08T05:18:15.907+0000 7f3e11037700 1 -- 172.21.15.59:0/3309624984 learned_addr learned my addr 172.21.15.59:0/3309624984 (peer_addr_for_me v2:172.21.15.59:0/0)
2024-05-08T05:18:15.910 INFO:teuthology.orchestra.run.smithi059.stderr:2024-05-08T05:18:15.908+0000 7f3e11037700 1 -- 172.21.15.59:0/3309624984 --> [v2:172.21.15.59:3300/0,v1:172.21.15.59:6789/0] -- mon_subscribe({config=0+,monmap=0+}) -- 0x7f3e0c0776a0 con 0x7f3e0c102f20
2024-05-08T05:18:15.910 INFO:teuthology.orchestra.run.smithi059.stderr:2024-05-08T05:18:15.908+0000 7f3e11037700 1 --2- 172.21.15.59:0/3309624984 >> [v2:172.21.15.59:3300/0,v1:172.21.15.59:6789/0] conn(0x7f3e0c102f20 0x7f3e0c077160 secure :-1 s=READY pgs=81 cs=0 l=1 rev1=1 crypto rx=0x7f3e08005b40 tx=0x7f3e08004f80 comp rx=0 tx=0).ready entity=mon.0 client_cookie=0 server_cookie=0 in_seq=0 out_seq=0
2024-05-08T05:18:15.911 INFO:teuthology.orchestra.run.smithi059.stderr:2024-05-08T05:18:15.908+0000 7f3e027fc700 1 -- 172.21.15.59:0/3309624984 <== mon.0 v2:172.21.15.59:3300/0 1 ==== mon_map magic: 0 ==== 205+0+0 (secure 0 0 0) 0x7f3e08027070 con 0x7f3e0c102f20
2024-05-08T05:18:15.911 INFO:teuthology.orchestra.run.smithi059.stderr:2024-05-08T05:18:15.908+0000 7f3e1329b700 1 -- 172.21.15.59:0/3309624984 --> [v2:172.21.15.59:3300/0,v1:172.21.15.59:6789/0] -- mon_subscribe({mgrmap=0+}) -- 0x7f3e0c075890 con 0x7f3e0c102f20
2024-05-08T05:18:15.911 INFO:teuthology.orchestra.run.smithi059.stderr:2024-05-08T05:18:15.908+0000 7f3e027fc700 1 -- 172.21.15.59:0/3309624984 <== mon.0 v2:172.21.15.59:3300/0 2 ==== config(26 keys) ==== 1101+0+0 (secure 0 0 0) 0x7f3e0800be10 con 0x7f3e0c102f20
2024-05-08T05:18:15.911 INFO:teuthology.orchestra.run.smithi059.stderr:2024-05-08T05:18:15.908+0000 7f3e027fc700 1 -- 172.21.15.59:0/3309624984 <== mon.0 v2:172.21.15.59:3300/0 3 ==== mon_map magic: 0 ==== 205+0+0 (secure 0 0 0) 0x7f3e08022de0 con 0x7f3e0c102f20
2024-05-08T05:18:15.911 INFO:teuthology.orchestra.run.smithi059.stderr:2024-05-08T05:18:15.908+0000 7f3e1329b700 1 -- 172.21.15.59:0/3309624984 --> [v2:172.21.15.59:3300/0,v1:172.21.15.59:6789/0] -- mon_subscribe({osdmap=0}) -- 0x7f3e0c075dd0 con 0x7f3e0c102f20
2024-05-08T05:18:15.912 INFO:teuthology.orchestra.run.smithi059.stderr:2024-05-08T05:18:15.909+0000 7f3e1329b700 1 -- 172.21.15.59:0/3309624984 --> [v2:172.21.15.59:3300/0,v1:172.21.15.59:6789/0] -- mon_command({"prefix": "get_command_descriptions"} v 0) -- 0x7f3e0c109560 con 0x7f3e0c102f20
2024-05-08T05:18:15.912 INFO:teuthology.orchestra.run.smithi059.stderr:2024-05-08T05:18:15.909+0000 7f3e027fc700 1 -- 172.21.15.59:0/3309624984 <== mon.0 v2:172.21.15.59:3300/0 4 ==== mgrmap(e 13) ==== 50278+0+0 (secure 0 0 0) 0x7f3e0802a070 con 0x7f3e0c102f20
2024-05-08T05:18:15.912 INFO:teuthology.orchestra.run.smithi059.stderr:2024-05-08T05:18:15.909+0000 7f3e027fc700 1 --2- 172.21.15.59:0/3309624984 >> [v2:172.21.15.59:6800/546809822,v1:172.21.15.59:6801/546809822] conn(0x7f3df803e510 0x7f3df80409d0 unknown :-1 s=NONE pgs=0 cs=0 l=1 rev1=0 crypto rx=0 tx=0 comp rx=0 tx=0).connect
2024-05-08T05:18:15.912 INFO:teuthology.orchestra.run.smithi059.stderr:2024-05-08T05:18:15.909+0000 7f3e027fc700 1 -- 172.21.15.59:0/3309624984 <== mon.0 v2:172.21.15.59:3300/0 5 ==== osd_map(3..3 src has 1..3) ==== 1155+0+0 (secure 0 0 0) 0x7f3e0801e030 con 0x7f3e0c102f20
2024-05-08T05:18:15.912 INFO:teuthology.orchestra.run.smithi059.stderr:2024-05-08T05:18:15.910+0000 7f3e10836700 1 --2- 172.21.15.59:0/3309624984 >> [v2:172.21.15.59:6800/546809822,v1:172.21.15.59:6801/546809822] conn(0x7f3df803e510 0x7f3df80409d0 unknown :-1 s=BANNER_CONNECTING pgs=0 cs=0 l=1 rev1=0 crypto rx=0 tx=0 comp rx=0 tx=0)._handle_peer_banner_payload supported=3 required=0
2024-05-08T05:18:15.912 INFO:teuthology.orchestra.run.smithi059.stderr:2024-05-08T05:18:15.910+0000 7f3e10836700 1 --2- 172.21.15.59:0/3309624984 >> [v2:172.21.15.59:6800/546809822,v1:172.21.15.59:6801/546809822] conn(0x7f3df803e510 0x7f3df80409d0 secure :-1 s=READY pgs=12 cs=0 l=1 rev1=1 crypto rx=0x7f3dfc006fd0 tx=0x7f3dfc006e40 comp rx=0 tx=0).ready entity=mgr.14152 client_cookie=0 server_cookie=0 in_seq=0 out_seq=0
2024-05-08T05:18:15.916 INFO:teuthology.orchestra.run.smithi059.stderr:2024-05-08T05:18:15.915+0000 7f3e027fc700 1 -- 172.21.15.59:0/3309624984 <== mon.0 v2:172.21.15.59:3300/0 6 ==== mon_command_ack([{"prefix": "get_command_descriptions"}]=0 v0) ==== 72+0+191963 (secure 0 0 0) 0x7f3e08013070 con 0x7f3e0c102f20
2024-05-08T05:18:16.156 INFO:teuthology.orchestra.run.smithi059.stderr:2024-05-08T05:18:16.154+0000 7f3e1329b700 1 -- 172.21.15.59:0/3309624984 --> [v2:172.21.15.59:3300/0,v1:172.21.15.59:6789/0] -- mon_command([{prefix=config set, name=mgr/cephadm/allow_ptrace}] v 0) -- 0x7f3e0c191860 con 0x7f3e0c102f20
2024-05-08T05:18:16.161 INFO:teuthology.orchestra.run.smithi059.stderr:2024-05-08T05:18:16.159+0000 7f3e027fc700 1 -- 172.21.15.59:0/3309624984 <== mon.0 v2:172.21.15.59:3300/0 7 ==== mon_command_ack([{prefix=config set, name=mgr/cephadm/allow_ptrace}]=0 v9)=0 v9) ==== 125+0+0 (secure 0 0 0) 0x7f3e08031020 con 0x7f3e0c102f20
2024-05-08T05:18:16.164 INFO:teuthology.orchestra.run.smithi059.stderr:2024-05-08T05:18:16.162+0000 7f3e1329b700 1 -- 172.21.15.59:0/3309624984 >> [v2:172.21.15.59:6800/546809822,v1:172.21.15.59:6801/546809822] conn(0x7f3df803e510 msgr2=0x7f3df80409d0 secure :-1 s=STATE_CONNECTION_ESTABLISHED l=1).mark_down
2024-05-08T05:18:16.164 INFO:teuthology.orchestra.run.smithi059.stderr:2024-05-08T05:18:16.162+0000 7f3e1329b700 1 --2- 172.21.15.59:0/3309624984 >> [v2:172.21.15.59:6800/546809822,v1:172.21.15.59:6801/546809822] conn(0x7f3df803e510 0x7f3df80409d0 secure :-1 s=READY pgs=12 cs=0 l=1 rev1=1 crypto rx=0x7f3dfc006fd0 tx=0x7f3dfc006e40 comp rx=0 tx=0).stop
2024-05-08T05:18:16.164 INFO:teuthology.orchestra.run.smithi059.stderr:2024-05-08T05:18:16.162+0000 7f3e1329b700 1 -- 172.21.15.59:0/3309624984 >> [v2:172.21.15.59:3300/0,v1:172.21.15.59:6789/0] conn(0x7f3e0c102f20 msgr2=0x7f3e0c077160 secure :-1 s=STATE_CONNECTION_ESTABLISHED l=1).mark_down
2024-05-08T05:18:16.164 INFO:teuthology.orchestra.run.smithi059.stderr:2024-05-08T05:18:16.162+0000 7f3e1329b700 1 --2- 172.21.15.59:0/3309624984 >> [v2:172.21.15.59:3300/0,v1:172.21.15.59:6789/0] conn(0x7f3e0c102f20 0x7f3e0c077160 secure :-1 s=READY pgs=81 cs=0 l=1 rev1=1 crypto rx=0x7f3e08005b40 tx=0x7f3e08004f80 comp rx=0 tx=0).stop
2024-05-08T05:18:16.164 INFO:teuthology.orchestra.run.smithi059.stderr:2024-05-08T05:18:16.162+0000 7f3e1329b700 1 -- 172.21.15.59:0/3309624984 shutdown_connections
2024-05-08T05:18:16.164 INFO:teuthology.orchestra.run.smithi059.stderr:2024-05-08T05:18:16.162+0000 7f3e1329b700 1 --2- 172.21.15.59:0/3309624984 >> [v2:172.21.15.59:6800/546809822,v1:172.21.15.59:6801/546809822] conn(0x7f3df803e510 0x7f3df80409d0 unknown :-1 s=CLOSED pgs=12 cs=0 l=1 rev1=1 crypto rx=0 tx=0 comp rx=0 tx=0).stop
2024-05-08T05:18:16.164 INFO:teuthology.orchestra.run.smithi059.stderr:2024-05-08T05:18:16.162+0000 7f3e1329b700 1 --2- 172.21.15.59:0/3309624984 >> [v2:172.21.15.59:3300/0,v1:172.21.15.59:6789/0] conn(0x7f3e0c102f20 0x7f3e0c077160 unknown :-1 s=CLOSED pgs=81 cs=0 l=1 rev1=1 crypto rx=0 tx=0 comp rx=0 tx=0).stop
2024-05-08T05:18:16.164 INFO:teuthology.orchestra.run.smithi059.stderr:2024-05-08T05:18:16.162+0000 7f3e1329b700 1 -- 172.21.15.59:0/3309624984 >> 172.21.15.59:0/3309624984 conn(0x7f3e0c0fe4c0 msgr2=0x7f3e0c0fef70 unknown :-1 s=STATE_NONE l=0).mark_down
2024-05-08T05:18:16.164 INFO:teuthology.orchestra.run.smithi059.stderr:2024-05-08T05:18:16.162+0000 7f3e1329b700 1 -- 172.21.15.59:0/3309624984 shutdown_connections
2024-05-08T05:18:16.165 INFO:teuthology.orchestra.run.smithi059.stderr:2024-05-08T05:18:16.162+0000 7f3e1329b700 1 -- 172.21.15.59:0/3309624984 wait complete.
2024-05-08T05:18:17.245 INFO:tasks.cephadm:Distributing conf and client.admin keyring to all hosts + 0755
