2024-05-08T05:17:30.366 INFO:teuthology.orchestra.run.smithi059.stdout:/usr/bin/ceph: stderr
2024-05-08T05:17:29.754+0000 7fb27b19e700 1 -- 172.21.15.59:0/3237239644 shutdown_connections
2024-05-08T05:17:30.366 INFO:teuthology.orchestra.run.smithi059.stdout:/usr/bin/ceph: stderr
2024-05-08T05:17:29.754+0000 7fb27b19e700 1 -- 172.21.15.59:0/3237239644 wait complete.
2024-05-08T05:17:30.366 INFO:teuthology.orchestra.run.smithi059.stdout:Waiting for the mgr to restart...
2024-05-08T05:17:30.366 INFO:teuthology.orchestra.run.smithi059.stdout:Waiting for mgr epoch 5...
2024-05-08T05:17:30.619 INFO:journalctl@ceph.mgr.x.smithi059.stdout:May 08 05:17:30 smithi059 ceph-0bf01a10-0cfa-11ef-bc97-c7b262605968-mgr-x[30539]:
2024-05-08T05:17:30.345+0000 7f9d5da05200 -1 mgr[py] Module osd_support has missing NOTIFY_TYPES member
2024-05-08T05:17:30.620 INFO:journalctl@ceph.mgr.x.smithi059.stdout:May 08 05:17:30 smithi059 ceph-0bf01a10-0cfa-11ef-bc97-c7b262605968-mgr-x[30539]:
2024-05-08T05:17:30.525+0000 7f9d5da05200 -1 mgr[py] Module iostat has missing NOTIFY_TYPES member
2024-05-08T05:17:30.933 INFO:journalctl@ceph.mgr.x.smithi059.stdout:May 08 05:17:30 smithi059 ceph-0bf01a10-0cfa-11ef-bc97-c7b262605968-mgr-x[30539]:
2024-05-08T05:17:30.835+0000 7f9d5da05200 -1 mgr[py] Module alerts has missing NOTIFY_TYPES member
2024-05-08T05:17:30.933 INFO:journalctl@ceph.mgr.x.smithi059.stdout:May 08 05:17:30 smithi059 ceph-0bf01a10-0cfa-11ef-bc97-c7b262605968-mgr-x[30539]:
2024-05-08T05:17:30.932+0000 7f9d5da05200 -1 mgr[py] Module selftest has missing NOTIFY_TYPES member
2024-05-08T05:17:31.336 INFO:journalctl@ceph.mgr.x.smithi059.stdout:May 08 05:17:31 smithi059 ceph-0bf01a10-0cfa-11ef-bc97-c7b262605968-mgr-x[30539]:
2024-05-08T05:17:31.142+0000 7f9d5da05200 -1 mgr[py] Module pg_autoscaler has missing NOTIFY_TYPES member
2024-05-08T05:17:31.836 INFO:journalctl@ceph.mgr.x.smithi059.stdout:May 08 05:17:31 smithi059 ceph-0bf01a10-0cfa-11ef-bc97-c7b262605968-mgr-x[30539]:
2024-05-08T05:17:31.343+0000 7f9d5da05200 -1 mgr[py] Module test_orchestrator has missing NOTIFY_TYPES member
2024-05-08T05:17:32.227 INFO:journalctl@ceph.mgr.x.smithi059.stdout:May 08 05:17:31 smithi059 ceph-0bf01a10-0cfa-11ef-bc97-c7b262605968-mgr-x[30539]:
2024-05-08T05:17:31.976+0000 7f9d5da05200 -1 mgr[py] Module rook has missing NOTIFY_TYPES member
2024-05-08T05:17:32.228 INFO:journalctl@ceph.mgr.x.smithi059.stdout:May 08 05:17:32 smithi059 ceph-0bf01a10-0cfa-11ef-bc97-c7b262605968-mgr-x[30539]:
2024-05-08T05:17:32.211+0000 7f9d5da05200 -1 mgr[py] Module smb has missing NOTIFY_TYPES member
2024-05-08T05:17:33.086 INFO:journalctl@ceph.mgr.x.smithi059.stdout:May 08 05:17:32 smithi059 ceph-0bf01a10-0cfa-11ef-bc97-c7b262605968-mgr-x[30539]:
2024-05-08T05:17:32.654+0000 7f9d5da05200 -1 mgr[py] Module volumes has missing NOTIFY_TYPES member
2024-05-08T05:17:33.086 INFO:journalctl@ceph.mgr.x.smithi059.stdout:May 08 05:17:32 smithi059 ceph-0bf01a10-0cfa-11ef-bc97-c7b262605968-mgr-x[30539]:
2024-05-08T05:17:32.755+0000 7f9d5da05200 -1 mgr[py] Module crash has missing NOTIFY_TYPES member
2024-05-08T05:17:33.514 INFO:journalctl@ceph.mgr.x.smithi059.stdout:May 08 05:17:33 smithi059 ceph-0bf01a10-0cfa-11ef-bc97-c7b262605968-mgr-x[30539]:
2024-05-08T05:17:33.139+0000 7f9d5da05200 -1 mgr[py] Module rgw has missing NOTIFY_TYPES member
2024-05-08T05:17:33.829 INFO:journalctl@ceph.mgr.x.smithi059.stdout:May 08 05:17:33 smithi059 ceph-0bf01a10-0cfa-11ef-bc97-c7b262605968-mgr-x[30539]:
2024-05-08T05:17:33.513+0000 7f9d5da05200 -1 mgr[py] Module prometheus has missing NOTIFY_TYPES member
2024-05-08T05:17:33.829 INFO:journalctl@ceph.mgr.x.smithi059.stdout:May 08 05:17:33 smithi059 ceph-0bf01a10-0cfa-11ef-bc97-c7b262605968-mgr-x[30539]:
2024-05-08T05:17:33.611+0000 7f9d5da05200 -1 mgr[py] Module devicehealth has missing NOTIFY_TYPES member
2024-05-08T05:17:34.086 INFO:journalctl@ceph.mgr.x.smithi059.stdout:May 08 05:17:33 smithi059 ceph-0bf01a10-0cfa-11ef-bc97-c7b262605968-mgr-x[30539]:
2024-05-08T05:17:33.870+0000 7f9d5da05200 -1 mgr[py] Module telemetry has missing NOTIFY_TYPES member
2024-05-08T05:17:34.086 INFO:journalctl@ceph.mgr.x.smithi059.stdout:May 08 05:17:34 smithi059 ceph-0bf01a10-0cfa-11ef-bc97-c7b262605968-mgr-x[30539]:
2024-05-08T05:17:34.011+0000 7f9d5da05200 -1 mgr[py] Module diskprediction_local has missing NOTIFY_TYPES member
2024-05-08T05:17:34.452 INFO:journalctl@ceph.mgr.x.smithi059.stdout:May 08 05:17:34 smithi059 ceph-0bf01a10-0cfa-11ef-bc97-c7b262605968-mgr-x[30539]:
2024-05-08T05:17:34.113+0000 7f9d5da05200 -1 mgr[py] Module osd_perf_query has missing NOTIFY_TYPES member
2024-05-08T05:17:34.836 INFO:journalctl@ceph.mgr.x.smithi059.stdout:May 08 05:17:34 smithi059 ceph-0bf01a10-0cfa-11ef-bc97-c7b262605968-mgr-x[30539]:
2024-05-08T05:17:34.452+0000 7f9d5da05200 -1 mgr[py] Module rbd_support has missing NOTIFY_TYPES member
2024-05-08T05:17:34.836 INFO:journalctl@ceph.mgr.x.smithi059.stdout:May 08 05:17:34 smithi059 ceph-0bf01a10-0cfa-11ef-bc97-c7b262605968-mgr-x[30539]:
2024-05-08T05:17:34.549+0000 7f9d5da05200 -1 mgr[py] Module zabbix has missing NOTIFY_TYPES member
2024-05-08T05:17:35.464 INFO:journalctl@ceph.mgr.x.smithi059.stdout:May 08 05:17:35 smithi059 ceph-0bf01a10-0cfa-11ef-bc97-c7b262605968-mgr-x[30539]:
2024-05-08T05:17:35.184+0000 7f9d5da05200 -1 mgr[py] Module status has missing NOTIFY_TYPES member
2024-05-08T05:17:35.464 INFO:journalctl@ceph.mgr.x.smithi059.stdout:May 08 05:17:35 smithi059 ceph-0bf01a10-0cfa-11ef-bc97-c7b262605968-mgr-x[30539]:
2024-05-08T05:17:35.410+0000 7f9d5da05200 -1 mgr[py] Module nfs has missing NOTIFY_TYPES member
2024-05-08T05:17:35.836 INFO:journalctl@ceph.mon.a.smithi059.stdout:May 08 05:17:35 smithi059 ceph-mon[30304]: Active manager daemon x restarted
2024-05-08T05:17:35.836 INFO:journalctl@ceph.mon.a.smithi059.stdout:May 08 05:17:35 smithi059 ceph-mon[30304]: Activating manager daemon x
2024-05-08T05:17:35.836 INFO:journalctl@ceph.mon.a.smithi059.stdout:May 08 05:17:35 smithi059 ceph-mon[30304]: osdmap e2: 0 total, 0 up, 0 in
2024-05-08T05:17:35.836 INFO:journalctl@ceph.mon.a.smithi059.stdout:May 08 05:17:35 smithi059 ceph-mon[30304]: mgrmap e6: x(active, starting, since 0.00339224s)
2024-05-08T05:17:35.836 INFO:journalctl@ceph.mon.a.smithi059.stdout:May 08 05:17:35 smithi059 ceph-mon[30304]: from='mgr.14120 172.21.15.59:0/886324536' entity='mgr.x' cmd=[{"prefix": "mon metadata", "id": "a"}]: dispatch
2024-05-08T05:17:35.837 INFO:journalctl@ceph.mon.a.smithi059.stdout:May 08 05:17:35 smithi059 ceph-mon[30304]: from='mgr.14120 172.21.15.59:0/886324536' entity='mgr.x' cmd=[{"prefix": "mgr metadata", "who": "x", "id": "x"}]: dispatch
2024-05-08T05:17:35.837 INFO:journalctl@ceph.mon.a.smithi059.stdout:May 08 05:17:35 smithi059 ceph-mon[30304]: from='mgr.14120 172.21.15.59:0/886324536' entity='mgr.x' cmd=[{"prefix": "mds metadata"}]: dispatch
2024-05-08T05:17:35.837 INFO:journalctl@ceph.mon.a.smithi059.stdout:May 08 05:17:35 smithi059 ceph-mon[30304]: from='mgr.14120 172.21.15.59:0/886324536' entity='mgr.x' cmd=[{"prefix": "osd metadata"}]: dispatch
2024-05-08T05:17:35.837 INFO:journalctl@ceph.mon.a.smithi059.stdout:May 08 05:17:35 smithi059 ceph-mon[30304]: from='mgr.14120 172.21.15.59:0/886324536' entity='mgr.x' cmd=[{"prefix": "mon metadata"}]: dispatch
2024-05-08T05:17:35.837 INFO:journalctl@ceph.mon.a.smithi059.stdout:May 08 05:17:35 smithi059 ceph-mon[30304]: Manager daemon x is now available
2024-05-08T05:17:35.837 INFO:journalctl@ceph.mon.a.smithi059.stdout:May 08 05:17:35 smithi059 ceph-mon[30304]: from='mgr.14120 172.21.15.59:0/886324536' entity='mgr.x'
2024-05-08T05:17:35.837 INFO:journalctl@ceph.mon.a.smithi059.stdout:May 08 05:17:35 smithi059 ceph-mon[30304]: from='mgr.14120 172.21.15.59:0/886324536' entity='mgr.x'
2024-05-08T05:17:35.837 INFO:journalctl@ceph.mon.a.smithi059.stdout:May 08 05:17:35 smithi059 ceph-mon[30304]: from='mgr.14120 172.21.15.59:0/886324536' entity='mgr.x' cmd=[{"prefix": "config dump", "format": "json"}]: dispatch
2024-05-08T05:17:35.837 INFO:journalctl@ceph.mon.a.smithi059.stdout:May 08 05:17:35 smithi059 ceph-mon[30304]: from='mgr.14120 172.21.15.59:0/886324536' entity='mgr.x' cmd=[{"prefix": "config dump", "format": "json"}]: dispatch
2024-05-08T05:17:36.785 INFO:journalctl@ceph.mon.a.smithi059.stdout:May 08 05:17:36 smithi059 ceph-mon[30304]: Found migration_current of "None". Setting to last migration.
2024-05-08T05:17:36.785 INFO:journalctl@ceph.mon.a.smithi059.stdout:May 08 05:17:36 smithi059 ceph-mon[30304]: from='mgr.14120 172.21.15.59:0/886324536' entity='mgr.x' cmd=[{"prefix":"config rm","who":"mgr","name":"mgr/rbd_support/x/mirror_snapshot_schedule"}]: dispatch
2024-05-08T05:17:36.785 INFO:journalctl@ceph.mon.a.smithi059.stdout:May 08 05:17:36 smithi059 ceph-mon[30304]: from='mgr.14120 172.21.15.59:0/886324536' entity='mgr.x' cmd=[{"prefix":"config rm","who":"mgr","name":"mgr/rbd_support/x/trash_purge_schedule"}]: dispatch
2024-05-08T05:17:36.785 INFO:journalctl@ceph.mon.a.smithi059.stdout:May 08 05:17:36 smithi059 ceph-mon[30304]: mgrmap e7: x(active, since 1.0061s)
2024-05-08T05:17:37.048 INFO:teuthology.orchestra.run.smithi059.stdout:/usr/bin/ceph: stdout {
2024-05-08T05:17:37.048 INFO:teuthology.orchestra.run.smithi059.stdout:/usr/bin/ceph: stdout "mgrmap_epoch": 7,
2024-05-08T05:17:37.048 INFO:teuthology.orchestra.run.smithi059.stdout:/usr/bin/ceph: stdout "initialized": true
2024-05-08T05:17:37.048 INFO:teuthology.orchestra.run.smithi059.stdout:/usr/bin/ceph: stdout }
2024-05-08T05:17:37.048 INFO:teuthology.orchestra.run.smithi059.stdout:/usr/bin/ceph: stderr
2024-05-08T05:17:30.819+0000 7f8778b91700 1 Processor -- start
2024-05-08T05:17:37.048 INFO:teuthology.orchestra.run.smithi059.stdout:/usr/bin/ceph: stderr
2024-05-08T05:17:30.819+0000 7f8778b91700 1 -- start start
2024-05-08T05:17:37.048 INFO:teuthology.orchestra.run.smithi059.stdout:/usr/bin/ceph: stderr
2024-05-08T05:17:30.819+0000 7f8778b91700 1 --2- >> [v2:172.21.15.59:3300/0,v1:172.21.15.59:6789/0] conn(0x7f87741099b0 0x7f877410bda0 unknown :-1 s=NONE pgs=0 cs=0 l=0 rev1=0 crypto rx=0 tx=0 comp rx=0 tx=0).connect
2024-05-08T05:17:37.048 INFO:teuthology.orchestra.run.smithi059.stdout:/usr/bin/ceph: stderr
2024-05-08T05:17:30.819+0000 7f8778b91700 1 -- --> [v2:172.21.15.59:3300/0,v1:172.21.15.59:6789/0] -- mon_getmap magic: 0 -- 0x7f877407cdb0 con 0x7f87741099b0
2024-05-08T05:17:37.048 INFO:teuthology.orchestra.run.smithi059.stdout:/usr/bin/ceph: stderr
2024-05-08T05:17:30.820+0000 7f877259c700 1 --2- >> [v2:172.21.15.59:3300/0,v1:172.21.15.59:6789/0] conn(0x7f87741099b0 0x7f877410bda0 unknown :-1 s=BANNER_CONNECTING pgs=0 cs=0 l=0 rev1=0 crypto rx=0 tx=0 comp rx=0 tx=0)._handle_peer_banner_payload supported=3 required=0
2024-05-08T05:17:37.048 INFO:teuthology.orchestra.run.smithi059.stdout:/usr/bin/ceph: stderr
2024-05-08T05:17:30.820+0000 7f877259c700 1 --2- >> [v2:172.21.15.59:3300/0,v1:172.21.15.59:6789/0] conn(0x7f87741099b0 0x7f877410bda0 unknown :-1 s=HELLO_CONNECTING pgs=0 cs=0 l=0 rev1=1 crypto rx=0 tx=0 comp rx=0 tx=0).handle_hello peer v2:172.21.15.59:3300/0 says I am v2:172.21.15.59:39488/0 (socket says 172.21.15.59:39488)
2024-05-08T05:17:37.049 INFO:teuthology.orchestra.run.smithi059.stdout:/usr/bin/ceph: stderr
2024-05-08T05:17:30.820+0000 7f877259c700 1 -- 172.21.15.59:0/2380808708 learned_addr learned my addr 172.21.15.59:0/2380808708 (peer_addr_for_me v2:172.21.15.59:0/0)
2024-05-08T05:17:37.049 INFO:teuthology.orchestra.run.smithi059.stdout:/usr/bin/ceph: stderr
2024-05-08T05:17:30.820+0000 7f877259c700 1 -- 172.21.15.59:0/2380808708 --> [v2:172.21.15.59:3300/0,v1:172.21.15.59:6789/0] -- mon_subscribe({config=0+,monmap=0+}) -- 0x7f877410c2e0 con 0x7f87741099b0
2024-05-08T05:17:37.049 INFO:teuthology.orchestra.run.smithi059.stdout:/usr/bin/ceph: stderr
2024-05-08T05:17:30.820+0000 7f877259c700 1 --2- 172.21.15.59:0/2380808708 >> [v2:172.21.15.59:3300/0,v1:172.21.15.59:6789/0] conn(0x7f87741099b0 0x7f877410bda0 secure :-1 s=READY pgs=28 cs=0 l=1 rev1=1 crypto rx=0x7f875c0098a0 tx=0x7f875c009bb0 comp rx=0 tx=0).ready entity=mon.0 client_cookie=fc195d1659fb40bb server_cookie=0 in_seq=0 out_seq=0
2024-05-08T05:17:37.049 INFO:teuthology.orchestra.run.smithi059.stdout:/usr/bin/ceph: stderr
2024-05-08T05:17:30.820+0000 7f877159a700 1 -- 172.21.15.59:0/2380808708 <== mon.0 v2:172.21.15.59:3300/0 1 ==== mon_map magic: 0 ==== 205+0+0 (secure 0 0 0) 0x7f875c004160 con 0x7f87741099b0
2024-05-08T05:17:37.049 INFO:teuthology.orchestra.run.smithi059.stdout:/usr/bin/ceph: stderr
2024-05-08T05:17:30.820+0000 7f877159a700 1 -- 172.21.15.59:0/2380808708 <== mon.0 v2:172.21.15.59:3300/0 2 ==== config(26 keys) ==== 1070+0+0 (secure 0 0 0) 0x7f875c004300 con 0x7f87741099b0
2024-05-08T05:17:37.049 INFO:teuthology.orchestra.run.smithi059.stdout:/usr/bin/ceph: stderr
2024-05-08T05:17:30.820+0000 7f877159a700 1 -- 172.21.15.59:0/2380808708 <== mon.0 v2:172.21.15.59:3300/0 3 ==== mon_map magic: 0 ==== 205+0+0 (secure 0 0 0) 0x7f875c011af0 con 0x7f87741099b0
2024-05-08T05:17:37.049 INFO:teuthology.orchestra.run.smithi059.stdout:/usr/bin/ceph: stderr
2024-05-08T05:17:30.821+0000 7f8778b91700 1 -- 172.21.15.59:0/2380808708 >> [v2:172.21.15.59:3300/0,v1:172.21.15.59:6789/0] conn(0x7f87741099b0 msgr2=0x7f877410bda0 secure :-1 s=STATE_CONNECTION_ESTABLISHED l=1).mark_down
2024-05-08T05:17:37.049 INFO:teuthology.orchestra.run.smithi059.stdout:/usr/bin/ceph: stderr
2024-05-08T05:17:30.821+0000 7f8778b91700 1 --2- 172.21.15.59:0/2380808708 >> [v2:172.21.15.59:3300/0,v1:172.21.15.59:6789/0] conn(0x7f87741099b0 0x7f877410bda0 secure :-1 s=READY pgs=28 cs=0 l=1 rev1=1 crypto rx=0x7f875c0098a0 tx=0x7f875c009bb0 comp rx=0 tx=0).stop
2024-05-08T05:17:37.049 INFO:teuthology.orchestra.run.smithi059.stdout:/usr/bin/ceph: stderr
2024-05-08T05:17:30.821+0000 7f8778b91700 1 -- 172.21.15.59:0/2380808708 shutdown_connections
2024-05-08T05:17:37.049 INFO:teuthology.orchestra.run.smithi059.stdout:/usr/bin/ceph: stderr
2024-05-08T05:17:30.821+0000 7f8778b91700 1 --2- 172.21.15.59:0/2380808708 >> [v2:172.21.15.59:3300/0,v1:172.21.15.59:6789/0] conn(0x7f87741099b0 0x7f877410bda0 unknown :-1 s=CLOSED pgs=28 cs=0 l=1 rev1=1 crypto rx=0 tx=0 comp rx=0 tx=0).stop
2024-05-08T05:17:37.049 INFO:teuthology.orchestra.run.smithi059.stdout:/usr/bin/ceph: stderr
2024-05-08T05:17:30.821+0000 7f8778b91700 1 -- 172.21.15.59:0/2380808708 >> 172.21.15.59:0/2380808708 conn(0x7f87741032c0 msgr2=0x7f8774105740 unknown :-1 s=STATE_NONE l=0).mark_down
2024-05-08T05:17:37.049 INFO:teuthology.orchestra.run.smithi059.stdout:/usr/bin/ceph: stderr
2024-05-08T05:17:30.821+0000 7f8778b91700 1 -- 172.21.15.59:0/2380808708 shutdown_connections
2024-05-08T05:17:37.049 INFO:teuthology.orchestra.run.smithi059.stdout:/usr/bin/ceph: stderr
2024-05-08T05:17:30.821+0000 7f8778b91700 1 -- 172.21.15.59:0/2380808708 wait complete.
2024-05-08T05:17:37.049 INFO:teuthology.orchestra.run.smithi059.stdout:/usr/bin/ceph: stderr
2024-05-08T05:17:30.822+0000 7f8778b91700 1 Processor -- start
2024-05-08T05:17:37.050 INFO:teuthology.orchestra.run.smithi059.stdout:/usr/bin/ceph: stderr
2024-05-08T05:17:30.822+0000 7f8778b91700 1 -- start start
2024-05-08T05:17:37.050 INFO:teuthology.orchestra.run.smithi059.stdout:/usr/bin/ceph: stderr
2024-05-08T05:17:30.822+0000 7f8778b91700 1 --2- >> [v2:172.21.15.59:3300/0,v1:172.21.15.59:6789/0] conn(0x7f87741099b0 0x7f8774109230 unknown :-1 s=NONE pgs=0 cs=0 l=1 rev1=0 crypto rx=0 tx=0 comp rx=0 tx=0).connect
2024-05-08T05:17:37.050 INFO:teuthology.orchestra.run.smithi059.stdout:/usr/bin/ceph: stderr
2024-05-08T05:17:30.822+0000 7f8778b91700 1 -- --> [v2:172.21.15.59:3300/0,v1:172.21.15.59:6789/0] -- mon_getmap magic: 0 -- 0x7f877410d1e0 con 0x7f87741099b0
2024-05-08T05:17:37.050 INFO:teuthology.orchestra.run.smithi059.stdout:/usr/bin/ceph: stderr
2024-05-08T05:17:30.822+0000 7f877259c700 1 --2- >> [v2:172.21.15.59:3300/0,v1:172.21.15.59:6789/0] conn(0x7f87741099b0 0x7f8774109230 unknown :-1 s=BANNER_CONNECTING pgs=0 cs=0 l=1 rev1=0 crypto rx=0 tx=0 comp rx=0 tx=0)._handle_peer_banner_payload supported=3 required=0
2024-05-08T05:17:37.050 INFO:teuthology.orchestra.run.smithi059.stdout:/usr/bin/ceph: stderr
2024-05-08T05:17:30.822+0000 7f877259c700 1 --2- >> [v2:172.21.15.59:3300/0,v1:172.21.15.59:6789/0] conn(0x7f87741099b0 0x7f8774109230 unknown :-1 s=HELLO_CONNECTING pgs=0 cs=0 l=1 rev1=1 crypto rx=0 tx=0 comp rx=0 tx=0).handle_hello peer v2:172.21.15.59:3300/0 says I am v2:172.21.15.59:39490/0 (socket says 172.21.15.59:39490)
2024-05-08T05:17:37.050 INFO:teuthology.orchestra.run.smithi059.stdout:/usr/bin/ceph: stderr
2024-05-08T05:17:30.822+0000 7f877259c700 1 -- 172.21.15.59:0/820059889 learned_addr learned my addr 172.21.15.59:0/820059889 (peer_addr_for_me v2:172.21.15.59:0/0)
2024-05-08T05:17:37.050 INFO:teuthology.orchestra.run.smithi059.stdout:/usr/bin/ceph: stderr
2024-05-08T05:17:30.823+0000 7f877259c700 1 -- 172.21.15.59:0/820059889 --> [v2:172.21.15.59:3300/0,v1:172.21.15.59:6789/0] -- mon_subscribe({config=0+,monmap=0+}) -- 0x7f8774109770 con 0x7f87741099b0
2024-05-08T05:17:37.050 INFO:teuthology.orchestra.run.smithi059.stdout:/usr/bin/ceph: stderr
2024-05-08T05:17:30.823+0000 7f877259c700 1 --2- 172.21.15.59:0/820059889 >> [v2:172.21.15.59:3300/0,v1:172.21.15.59:6789/0] conn(0x7f87741099b0 0x7f8774109230 secure :-1 s=READY pgs=29 cs=0 l=1 rev1=1 crypto rx=0x7f875c011ac0 tx=0x7f875c011ba0 comp rx=0 tx=0).ready entity=mon.0 client_cookie=0 server_cookie=0 in_seq=0 out_seq=0
2024-05-08T05:17:37.050 INFO:teuthology.orchestra.run.smithi059.stdout:/usr/bin/ceph: stderr
2024-05-08T05:17:30.823+0000 7f876b7fe700 1 -- 172.21.15.59:0/820059889 <== mon.0 v2:172.21.15.59:3300/0 1 ==== mon_map magic: 0 ==== 205+0+0 (secure 0 0 0) 0x7f875c003970 con 0x7f87741099b0
2024-05-08T05:17:37.050 INFO:teuthology.orchestra.run.smithi059.stdout:/usr/bin/ceph: stderr
2024-05-08T05:17:30.823+0000 7f876b7fe700 1 -- 172.21.15.59:0/820059889 <== mon.0 v2:172.21.15.59:3300/0 2 ==== config(26 keys) ==== 1070+0+0 (secure 0 0 0) 0x7f875c003b10 con 0x7f87741099b0
2024-05-08T05:17:37.050 INFO:teuthology.orchestra.run.smithi059.stdout:/usr/bin/ceph: stderr
2024-05-08T05:17:30.823+0000 7f8778b91700 1 -- 172.21.15.59:0/820059889 --> [v2:172.21.15.59:3300/0,v1:172.21.15.59:6789/0] -- mon_subscribe({mgrmap=0+}) -- 0x7f8774107960 con 0x7f87741099b0
2024-05-08T05:17:37.050 INFO:teuthology.orchestra.run.smithi059.stdout:/usr/bin/ceph: stderr
2024-05-08T05:17:30.823+0000 7f876b7fe700 1 -- 172.21.15.59:0/820059889 <== mon.0 v2:172.21.15.59:3300/0 3 ==== mon_map magic: 0 ==== 205+0+0 (secure 0 0 0) 0x7f875c024610 con 0x7f87741099b0
2024-05-08T05:17:37.050 INFO:teuthology.orchestra.run.smithi059.stdout:/usr/bin/ceph: stderr
2024-05-08T05:17:30.823+0000 7f8778b91700 1 -- 172.21.15.59:0/820059889 --> [v2:172.21.15.59:3300/0,v1:172.21.15.59:6789/0] -- mon_subscribe({osdmap=0}) -- 0x7f8774107ea0 con 0x7f87741099b0
2024-05-08T05:17:37.050 INFO:teuthology.orchestra.run.smithi059.stdout:/usr/bin/ceph: stderr
2024-05-08T05:17:30.824+0000 7f876b7fe700 1 -- 172.21.15.59:0/820059889 <== mon.0 v2:172.21.15.59:3300/0 4 ==== mgrmap(e 5) ==== 50222+0+0 (secure 0 0 0) 0x7f875c024840 con 0x7f87741099b0
2024-05-08T05:17:37.051 INFO:teuthology.orchestra.run.smithi059.stdout:/usr/bin/ceph: stderr
2024-05-08T05:17:30.824+0000 7f876b7fe700 1 --2- 172.21.15.59:0/820059889 >> [v2:172.21.15.59:6800/817743540,v1:172.21.15.59:6801/817743540] conn(0x7f876003e580 0x7f8760040a40 unknown :-1 s=NONE pgs=0 cs=0 l=1 rev1=0 crypto rx=0 tx=0 comp rx=0 tx=0).connect
2024-05-08T05:17:37.051 INFO:teuthology.orchestra.run.smithi059.stdout:/usr/bin/ceph: stderr
2024-05-08T05:17:30.824+0000 7f876b7fe700 1 -- 172.21.15.59:0/820059889 --> [v2:172.21.15.59:6800/817743540,v1:172.21.15.59:6801/817743540] -- command(tid 0: {"prefix": "get_command_descriptions"}) -- 0x7f8760041150 con 0x7f876003e580
2024-05-08T05:17:37.051 INFO:teuthology.orchestra.run.smithi059.stdout:/usr/bin/ceph: stderr
2024-05-08T05:17:30.824+0000 7f876b7fe700 1 -- 172.21.15.59:0/820059889 <== mon.0 v2:172.21.15.59:3300/0 5 ==== osd_map(1..1 src has 1..1) ==== 725+0+0 (secure 0 0 0) 0x7f875c0539a0 con 0x7f87741099b0
2024-05-08T05:17:37.051 INFO:teuthology.orchestra.run.smithi059.stdout:/usr/bin/ceph: stderr
2024-05-08T05:17:30.824+0000 7f8771d9b700 1 -- 172.21.15.59:0/820059889 >> [v2:172.21.15.59:6800/817743540,v1:172.21.15.59:6801/817743540] conn(0x7f876003e580 msgr2=0x7f8760040a40 unknown :-1 s=STATE_CONNECTING_RE l=1).process reconnect failed to v2:172.21.15.59:6800/817743540
2024-05-08T05:17:37.051 INFO:teuthology.orchestra.run.smithi059.stdout:/usr/bin/ceph: stderr
2024-05-08T05:17:30.824+0000 7f8771d9b700 1 --2- 172.21.15.59:0/820059889 >> [v2:172.21.15.59:6800/817743540,v1:172.21.15.59:6801/817743540] conn(0x7f876003e580 0x7f8760040a40 unknown :-1 s=START_CONNECT pgs=0 cs=0 l=1 rev1=0 crypto rx=0 tx=0 comp rx=0 tx=0)._fault waiting 0.200000
2024-05-08T05:17:37.051 INFO:teuthology.orchestra.run.smithi059.stdout:/usr/bin/ceph: stderr
2024-05-08T05:17:31.025+0000 7f8771d9b700 1 -- 172.21.15.59:0/820059889 >> [v2:172.21.15.59:6800/817743540,v1:172.21.15.59:6801/817743540] conn(0x7f876003e580 msgr2=0x7f8760040a40 unknown :-1 s=STATE_CONNECTING_RE l=1).process reconnect failed to v2:172.21.15.59:6800/817743540
2024-05-08T05:17:37.051 INFO:teuthology.orchestra.run.smithi059.stdout:/usr/bin/ceph: stderr
2024-05-08T05:17:31.025+0000 7f8771d9b700 1 --2- 172.21.15.59:0/820059889 >> [v2:172.21.15.59:6800/817743540,v1:172.21.15.59:6801/817743540] conn(0x7f876003e580 0x7f8760040a40 unknown :-1 s=START_CONNECT pgs=0 cs=0 l=1 rev1=0 crypto rx=0 tx=0 comp rx=0 tx=0)._fault waiting 0.400000
2024-05-08T05:17:37.051 INFO:teuthology.orchestra.run.smithi059.stdout:/usr/bin/ceph: stderr
2024-05-08T05:17:31.426+0000 7f8771d9b700 1 -- 172.21.15.59:0/820059889 >> [v2:172.21.15.59:6800/817743540,v1:172.21.15.59:6801/817743540] conn(0x7f876003e580 msgr2=0x7f8760040a40 unknown :-1 s=STATE_CONNECTING_RE l=1).process reconnect failed to v2:172.21.15.59:6800/817743540
2024-05-08T05:17:37.051 INFO:teuthology.orchestra.run.smithi059.stdout:/usr/bin/ceph: stderr
2024-05-08T05:17:31.426+0000 7f8771d9b700 1 --2- 172.21.15.59:0/820059889 >> [v2:172.21.15.59:6800/817743540,v1:172.21.15.59:6801/817743540] conn(0x7f876003e580 0x7f8760040a40 unknown :-1 s=START_CONNECT pgs=0 cs=0 l=1 rev1=0 crypto rx=0 tx=0 comp rx=0 tx=0)._fault waiting 0.800000
2024-05-08T05:17:37.051 INFO:teuthology.orchestra.run.smithi059.stdout:/usr/bin/ceph: stderr
2024-05-08T05:17:32.227+0000 7f8771d9b700 1 -- 172.21.15.59:0/820059889 >> [v2:172.21.15.59:6800/817743540,v1:172.21.15.59:6801/817743540] conn(0x7f876003e580 msgr2=0x7f8760040a40 unknown :-1 s=STATE_CONNECTING_RE l=1).process reconnect failed to v2:172.21.15.59:6800/817743540
2024-05-08T05:17:37.051 INFO:teuthology.orchestra.run.smithi059.stdout:/usr/bin/ceph: stderr
2024-05-08T05:17:32.227+0000 7f8771d9b700 1 --2- 172.21.15.59:0/820059889 >> [v2:172.21.15.59:6800/817743540,v1:172.21.15.59:6801/817743540] conn(0x7f876003e580 0x7f8760040a40 unknown :-1 s=START_CONNECT pgs=0 cs=0 l=1 rev1=0 crypto rx=0 tx=0 comp rx=0 tx=0)._fault waiting 1.600000
2024-05-08T05:17:37.051 INFO:teuthology.orchestra.run.smithi059.stdout:/usr/bin/ceph: stderr
2024-05-08T05:17:33.828+0000 7f8771d9b700 1 -- 172.21.15.59:0/820059889 >> [v2:172.21.15.59:6800/817743540,v1:172.21.15.59:6801/817743540] conn(0x7f876003e580 msgr2=0x7f8760040a40 unknown :-1 s=STATE_CONNECTING_RE l=1).process reconnect failed to v2:172.21.15.59:6800/817743540
2024-05-08T05:17:37.051 INFO:teuthology.orchestra.run.smithi059.stdout:/usr/bin/ceph: stderr
2024-05-08T05:17:33.828+0000 7f8771d9b700 1 --2- 172.21.15.59:0/820059889 >> [v2:172.21.15.59:6800/817743540,v1:172.21.15.59:6801/817743540] conn(0x7f876003e580 0x7f8760040a40 unknown :-1 s=START_CONNECT pgs=0 cs=0 l=1 rev1=0 crypto rx=0 tx=0 comp rx=0 tx=0)._fault waiting 3.200000
2024-05-08T05:17:37.052 INFO:teuthology.orchestra.run.smithi059.stdout:/usr/bin/ceph: stderr
2024-05-08T05:17:35.413+0000 7f876b7fe700 1 -- 172.21.15.59:0/820059889 <== mon.0 v2:172.21.15.59:3300/0 6 ==== mgrmap(e 6) ==== 49989+0+0 (secure 0 0 0) 0x7f875c024b30 con 0x7f87741099b0
2024-05-08T05:17:37.052 INFO:teuthology.orchestra.run.smithi059.stdout:/usr/bin/ceph: stderr
2024-05-08T05:17:35.413+0000 7f876b7fe700 1 -- 172.21.15.59:0/820059889 >> [v2:172.21.15.59:6800/817743540,v1:172.21.15.59:6801/817743540] conn(0x7f876003e580 msgr2=0x7f8760040a40 unknown :-1 s=STATE_CONNECTING l=1).mark_down
2024-05-08T05:17:37.052 INFO:teuthology.orchestra.run.smithi059.stdout:/usr/bin/ceph: stderr
2024-05-08T05:17:35.413+0000 7f876b7fe700 1 --2- 172.21.15.59:0/820059889 >> [v2:172.21.15.59:6800/817743540,v1:172.21.15.59:6801/817743540] conn(0x7f876003e580 0x7f8760040a40 unknown :-1 s=START_CONNECT pgs=0 cs=0 l=1 rev1=0 crypto rx=0 tx=0 comp rx=0 tx=0).stop
2024-05-08T05:17:37.052 INFO:teuthology.orchestra.run.smithi059.stdout:/usr/bin/ceph: stderr
2024-05-08T05:17:36.415+0000 7f876b7fe700 1 -- 172.21.15.59:0/820059889 <== mon.0 v2:172.21.15.59:3300/0 7 ==== mgrmap(e 7) ==== 50116+0+0 (secure 0 0 0) 0x7f875c055880 con 0x7f87741099b0
2024-05-08T05:17:37.052 INFO:teuthology.orchestra.run.smithi059.stdout:/usr/bin/ceph: stderr
2024-05-08T05:17:36.415+0000 7f876b7fe700 1 --2- 172.21.15.59:0/820059889 >> [v2:172.21.15.59:6800/95297313,v1:172.21.15.59:6801/95297313] conn(0x7f8760041e70 0x7f8760044260 unknown :-1 s=NONE pgs=0 cs=0 l=1 rev1=0 crypto rx=0 tx=0 comp rx=0 tx=0).connect
2024-05-08T05:17:37.052 INFO:teuthology.orchestra.run.smithi059.stdout:/usr/bin/ceph: stderr
2024-05-08T05:17:36.415+0000 7f876b7fe700 1 -- 172.21.15.59:0/820059889 --> [v2:172.21.15.59:6800/95297313,v1:172.21.15.59:6801/95297313] -- command(tid 0: {"prefix": "get_command_descriptions"}) -- 0x7f875c021e70 con 0x7f8760041e70
2024-05-08T05:17:37.052 INFO:teuthology.orchestra.run.smithi059.stdout:/usr/bin/ceph: stderr
2024-05-08T05:17:36.416+0000 7f8771d9b700 1 --2- 172.21.15.59:0/820059889 >> [v2:172.21.15.59:6800/95297313,v1:172.21.15.59:6801/95297313] conn(0x7f8760041e70 0x7f8760044260 unknown :-1 s=BANNER_CONNECTING pgs=0 cs=0 l=1 rev1=0 crypto rx=0 tx=0 comp rx=0 tx=0)._handle_peer_banner_payload supported=3 required=0
2024-05-08T05:17:37.052 INFO:teuthology.orchestra.run.smithi059.stdout:/usr/bin/ceph: stderr
2024-05-08T05:17:36.416+0000 7f8771d9b700 1 --2- 172.21.15.59:0/820059889 >> [v2:172.21.15.59:6800/95297313,v1:172.21.15.59:6801/95297313] conn(0x7f8760041e70 0x7f8760044260 secure :-1 s=READY pgs=2 cs=0 l=1 rev1=1 crypto rx=0x7f8764003a10 tx=0x7f87640092b0 comp rx=0 tx=0).ready entity=mgr.14120 client_cookie=0 server_cookie=0 in_seq=0 out_seq=0
2024-05-08T05:17:37.052 INFO:teuthology.orchestra.run.smithi059.stdout:/usr/bin/ceph: stderr
2024-05-08T05:17:36.417+0000 7f876b7fe700 1 -- 172.21.15.59:0/820059889 <== mgr.14120 v2:172.21.15.59:6800/95297313 1 ==== command_reply(tid 0: 0 ) ==== 8+0+9564 (secure 0 0 0) 0x7f875c021e70 con 0x7f8760041e70
2024-05-08T05:17:37.052 INFO:teuthology.orchestra.run.smithi059.stdout:/usr/bin/ceph: stderr
2024-05-08T05:17:36.425+0000 7f8778b91700 1 -- 172.21.15.59:0/820059889 --> [v2:172.21.15.59:6800/95297313,v1:172.21.15.59:6801/95297313] -- command(tid 1: {"prefix": "mgr_status"}) -- 0x7f877406a5d0 con 0x7f8760041e70
2024-05-08T05:17:37.052 INFO:teuthology.orchestra.run.smithi059.stdout:/usr/bin/ceph: stderr
2024-05-08T05:17:36.425+0000 7f876b7fe700 1 -- 172.21.15.59:0/820059889 <== mgr.14120 v2:172.21.15.59:6800/95297313 2 ==== command_reply(tid 1: 0 ) ==== 8+0+51 (secure 0 0 0) 0x7f877406a5d0 con 0x7f8760041e70
2024-05-08T05:17:37.052 INFO:teuthology.orchestra.run.smithi059.stdout:/usr/bin/ceph: stderr
2024-05-08T05:17:36.426+0000 7f8778b91700 1 -- 172.21.15.59:0/820059889 >> [v2:172.21.15.59:6800/95297313,v1:172.21.15.59:6801/95297313] conn(0x7f8760041e70 msgr2=0x7f8760044260 secure :-1 s=STATE_CONNECTION_ESTABLISHED l=1).mark_down
2024-05-08T05:17:37.052 INFO:teuthology.orchestra.run.smithi059.stdout:/usr/bin/ceph: stderr
2024-05-08T05:17:36.426+0000 7f8778b91700 1 --2- 172.21.15.59:0/820059889 >> [v2:172.21.15.59:6800/95297313,v1:172.21.15.59:6801/95297313] conn(0x7f8760041e70 0x7f8760044260 secure :-1 s=READY pgs=2 cs=0 l=1 rev1=1 crypto rx=0x7f8764003a10 tx=0x7f87640092b0 comp rx=0 tx=0).stop
2024-05-08T05:17:37.052 INFO:teuthology.orchestra.run.smithi059.stdout:/usr/bin/ceph: stderr
2024-05-08T05:17:36.426+0000 7f8778b91700 1 -- 172.21.15.59:0/820059889 >> [v2:172.21.15.59:3300/0,v1:172.21.15.59:6789/0] conn(0x7f87741099b0 msgr2=0x7f8774109230 secure :-1 s=STATE_CONNECTION_ESTABLISHED l=1).mark_down
2024-05-08T05:17:37.052 INFO:teuthology.orchestra.run.smithi059.stdout:/usr/bin/ceph: stderr
2024-05-08T05:17:36.426+0000 7f8778b91700 1 --2- 172.21.15.59:0/820059889 >> [v2:172.21.15.59:3300/0,v1:172.21.15.59:6789/0] conn(0x7f87741099b0 0x7f8774109230 secure :-1 s=READY pgs=29 cs=0 l=1 rev1=1 crypto rx=0x7f875c011ac0 tx=0x7f875c011ba0 comp rx=0 tx=0).stop
2024-05-08T05:17:37.053 INFO:teuthology.orchestra.run.smithi059.stdout:/usr/bin/ceph: stderr
2024-05-08T05:17:36.426+0000 7f8778b91700 1 -- 172.21.15.59:0/820059889 shutdown_connections
2024-05-08T05:17:37.053 INFO:teuthology.orchestra.run.smithi059.stdout:/usr/bin/ceph: stderr
2024-05-08T05:17:36.426+0000 7f8778b91700 1 --2- 172.21.15.59:0/820059889 >> [v2:172.21.15.59:6800/95297313,v1:172.21.15.59:6801/95297313] conn(0x7f8760041e70 0x7f8760044260 unknown :-1 s=CLOSED pgs=2 cs=0 l=1 rev1=1 crypto rx=0 tx=0 comp rx=0 tx=0).stop
2024-05-08T05:17:37.053 INFO:teuthology.orchestra.run.smithi059.stdout:/usr/bin/ceph: stderr
2024-05-08T05:17:36.426+0000 7f8778b91700 1 --2- 172.21.15.59:0/820059889 >> [v2:172.21.15.59:3300/0,v1:172.21.15.59:6789/0] conn(0x7f87741099b0 0x7f8774109230 unknown :-1 s=CLOSED pgs=29 cs=0 l=1 rev1=1 crypto rx=0 tx=0 comp rx=0 tx=0).stop
2024-05-08T05:17:37.053 INFO:teuthology.orchestra.run.smithi059.stdout:/usr/bin/ceph: stderr
2024-05-08T05:17:36.426+0000 7f8778b91700 1 --2- 172.21.15.59:0/820059889 >> [v2:172.21.15.59:6800/817743540,v1:172.21.15.59:6801/817743540] conn(0x7f876003e580 0x7f8760040a40 unknown :-1 s=CLOSED pgs=0 cs=0 l=1 rev1=0 crypto rx=0 tx=0 comp rx=0 tx=0).stop
2024-05-08T05:17:37.053 INFO:teuthology.orchestra.run.smithi059.stdout:/usr/bin/ceph: stderr
2024-05-08T05:17:36.426+0000 7f8778b91700 1 -- 172.21.15.59:0/820059889 >> 172.21.15.59:0/820059889 conn(0x7f87741032c0 msgr2=0x7f8774103e10 unknown :-1 s=STATE_NONE l=0).mark_down
2024-05-08T05:17:37.053 INFO:teuthology.orchestra.run.smithi059.stdout:/usr/bin/ceph: stderr
2024-05-08T05:17:36.426+0000 7f8778b91700 1 -- 172.21.15.59:0/820059889 shutdown_connections
2024-05-08T05:17:37.053 INFO:teuthology.orchestra.run.smithi059.stdout:/usr/bin/ceph: stderr
2024-05-08T05:17:36.426+0000 7f8778b91700 1 -- 172.21.15.59:0/820059889 wait complete.
2024-05-08T05:17:37.053 INFO:teuthology.orchestra.run.smithi059.stdout:mgr epoch 5 is available
2024-05-08T05:17:37.053 INFO:teuthology.orchestra.run.smithi059.stdout:Setting orchestrator backend to cephadm...
2024-05-08T05:17:37.586 INFO:journalctl@ceph.mon.a.smithi059.stdout:May 08 05:17:37 smithi059 ceph-mon[30304]: from='client.14124 -' entity='client.admin' cmd=[{"prefix": "get_command_descriptions"}]: dispatch
2024-05-08T05:17:37.586 INFO:journalctl@ceph.mon.a.smithi059.stdout:May 08 05:17:37 smithi059 ceph-mon[30304]: from='client.14124 -' entity='client.admin' cmd=[{"prefix": "mgr_status"}]: dispatch
2024-05-08T05:17:37.586 INFO:journalctl@ceph.mon.a.smithi059.stdout:May 08 05:17:37 smithi059 ceph-mon[30304]: from='mgr.14120 172.21.15.59:0/886324536' entity='mgr.x'
2024-05-08T05:17:37.587 INFO:journalctl@ceph.mon.a.smithi059.stdout:May 08 05:17:37 smithi059 ceph-mon[30304]: from='mgr.14120 172.21.15.59:0/886324536' entity='mgr.x'
2024-05-08T05:17:38.224 INFO:teuthology.orchestra.run.smithi059.stdout:/usr/bin/ceph: stderr
2024-05-08T05:17:37.424+0000 7f297901b700 1 Processor -- start
2024-05-08T05:17:38.224 INFO:teuthology.orchestra.run.smithi059.stdout:/usr/bin/ceph: stderr
2024-05-08T05:17:37.424+0000 7f297901b700 1 -- start start
2024-05-08T05:17:38.224 INFO:teuthology.orchestra.run.smithi059.stdout:/usr/bin/ceph: stderr
2024-05-08T05:17:37.425+0000 7f297901b700 1 --2- >> [v2:172.21.15.59:3300/0,v1:172.21.15.59:6789/0] conn(0x7f2974107140 0x7f2974107560 unknown :-1 s=NONE pgs=0 cs=0 l=0 rev1=0 crypto rx=0 tx=0 comp rx=0 tx=0).connect
2024-05-08T05:17:38.225 INFO:teuthology.orchestra.run.smithi059.stdout:/usr/bin/ceph: stderr
2024-05-08T05:17:37.425+0000 7f297901b700 1 -- --> [v2:172.21.15.59:3300/0,v1:172.21.15.59:6789/0] -- mon_getmap magic: 0 -- 0x7f2974107b30 con 0x7f2974107140
2024-05-08T05:17:38.225 INFO:teuthology.orchestra.run.smithi059.stdout:/usr/bin/ceph: stderr
2024-05-08T05:17:37.425+0000 7f2972d9d700 1 --2- >> [v2:172.21.15.59:3300/0,v1:172.21.15.59:6789/0] conn(0x7f2974107140 0x7f2974107560 unknown :-1 s=BANNER_CONNECTING pgs=0 cs=0 l=0 rev1=0 crypto rx=0 tx=0 comp rx=0 tx=0)._handle_peer_banner_payload supported=3 required=0
2024-05-08T05:17:38.225 INFO:teuthology.orchestra.run.smithi059.stdout:/usr/bin/ceph: stderr
2024-05-08T05:17:37.425+0000 7f2972d9d700 1 --2- >> [v2:172.21.15.59:3300/0,v1:172.21.15.59:6789/0] conn(0x7f2974107140 0x7f2974107560 unknown :-1 s=HELLO_CONNECTING pgs=0 cs=0 l=0 rev1=1 crypto rx=0 tx=0 comp rx=0 tx=0).handle_hello peer v2:172.21.15.59:3300/0 says I am v2:172.21.15.59:39566/0 (socket says 172.21.15.59:39566)
2024-05-08T05:17:38.225 INFO:teuthology.orchestra.run.smithi059.stdout:/usr/bin/ceph: stderr
2024-05-08T05:17:37.425+0000 7f2972d9d700 1 -- 172.21.15.59:0/3766903149 learned_addr learned my addr 172.21.15.59:0/3766903149 (peer_addr_for_me v2:172.21.15.59:0/0)
2024-05-08T05:17:38.225 INFO:teuthology.orchestra.run.smithi059.stdout:/usr/bin/ceph: stderr
2024-05-08T05:17:37.425+0000 7f2972d9d700 1 -- 172.21.15.59:0/3766903149 --> [v2:172.21.15.59:3300/0,v1:172.21.15.59:6789/0] -- mon_subscribe({config=0+,monmap=0+}) -- 0x7f297410a0d0 con 0x7f2974107140
2024-05-08T05:17:38.225 INFO:teuthology.orchestra.run.smithi059.stdout:/usr/bin/ceph: stderr
2024-05-08T05:17:37.425+0000 7f2972d9d700 1 --2- 172.21.15.59:0/3766903149 >> [v2:172.21.15.59:3300/0,v1:172.21.15.59:6789/0] conn(0x7f2974107140 0x7f2974107560 secure :-1 s=READY pgs=37 cs=0 l=1 rev1=1 crypto rx=0x7f29640098a0 tx=0x7f2964009bb0 comp rx=0 tx=0).ready entity=mon.0 client_cookie=ea1484a329d1825c server_cookie=0 in_seq=0 out_seq=0
2024-05-08T05:17:38.225 INFO:teuthology.orchestra.run.smithi059.stdout:/usr/bin/ceph: stderr
2024-05-08T05:17:37.425+0000 7f2971d9b700 1 -- 172.21.15.59:0/3766903149 <== mon.0 v2:172.21.15.59:3300/0 1 ==== mon_map magic: 0 ==== 205+0+0 (secure 0 0 0) 0x7f2964004160 con 0x7f2974107140
2024-05-08T05:17:38.225 INFO:teuthology.orchestra.run.smithi059.stdout:/usr/bin/ceph: stderr
2024-05-08T05:17:37.426+0000 7f2971d9b700 1 -- 172.21.15.59:0/3766903149 <== mon.0 v2:172.21.15.59:3300/0 2 ==== config(26 keys) ==== 1070+0+0 (secure 0 0 0) 0x7f2964004300 con 0x7f2974107140
2024-05-08T05:17:38.225 INFO:teuthology.orchestra.run.smithi059.stdout:/usr/bin/ceph: stderr
2024-05-08T05:17:37.426+0000 7f2971d9b700 1 -- 172.21.15.59:0/3766903149 <== mon.0 v2:172.21.15.59:3300/0 3 ==== mon_map magic: 0 ==== 205+0+0 (secure 0 0 0) 0x7f2964011af0 con 0x7f2974107140
2024-05-08T05:17:38.225 INFO:teuthology.orchestra.run.smithi059.stdout:/usr/bin/ceph: stderr
2024-05-08T05:17:37.426+0000 7f297901b700 1 -- 172.21.15.59:0/3766903149 >> [v2:172.21.15.59:3300/0,v1:172.21.15.59:6789/0] conn(0x7f2974107140 msgr2=0x7f2974107560 secure :-1 s=STATE_CONNECTION_ESTABLISHED l=1).mark_down
2024-05-08T05:17:38.225 INFO:teuthology.orchestra.run.smithi059.stdout:/usr/bin/ceph: stderr
2024-05-08T05:17:37.426+0000 7f297901b700 1 --2- 172.21.15.59:0/3766903149 >> [v2:172.21.15.59:3300/0,v1:172.21.15.59:6789/0] conn(0x7f2974107140 0x7f2974107560 secure :-1 s=READY pgs=37 cs=0 l=1 rev1=1 crypto rx=0x7f29640098a0 tx=0x7f2964009bb0 comp rx=0 tx=0).stop
2024-05-08T05:17:38.225 INFO:teuthology.orchestra.run.smithi059.stdout:/usr/bin/ceph: stderr
2024-05-08T05:17:37.426+0000 7f297901b700 1 -- 172.21.15.59:0/3766903149 shutdown_connections
2024-05-08T05:17:38.225 INFO:teuthology.orchestra.run.smithi059.stdout:/usr/bin/ceph: stderr
2024-05-08T05:17:37.426+0000 7f297901b700 1 --2- 172.21.15.59:0/3766903149 >> [v2:172.21.15.59:3300/0,v1:172.21.15.59:6789/0] conn(0x7f2974107140 0x7f2974107560 unknown :-1 s=CLOSED pgs=37 cs=0 l=1 rev1=1 crypto rx=0 tx=0 comp rx=0 tx=0).stop
2024-05-08T05:17:38.225 INFO:teuthology.orchestra.run.smithi059.stdout:/usr/bin/ceph: stderr
2024-05-08T05:17:37.426+0000 7f297901b700 1 -- 172.21.15.59:0/3766903149 >> 172.21.15.59:0/3766903149 conn(0x7f2974102a30 msgr2=0x7f2974104eb0 unknown :-1 s=STATE_NONE l=0).mark_down
2024-05-08T05:17:38.226 INFO:teuthology.orchestra.run.smithi059.stdout:/usr/bin/ceph: stderr
2024-05-08T05:17:37.426+0000 7f297901b700 1 -- 172.21.15.59:0/3766903149 shutdown_connections
2024-05-08T05:17:38.226 INFO:teuthology.orchestra.run.smithi059.stdout:/usr/bin/ceph: stderr
2024-05-08T05:17:37.426+0000 7f297901b700 1 -- 172.21.15.59:0/3766903149 wait complete.
2024-05-08T05:17:38.226 INFO:teuthology.orchestra.run.smithi059.stdout:/usr/bin/ceph: stderr
2024-05-08T05:17:37.427+0000 7f297901b700 1 Processor -- start
2024-05-08T05:17:38.226 INFO:teuthology.orchestra.run.smithi059.stdout:/usr/bin/ceph: stderr
2024-05-08T05:17:37.427+0000 7f297901b700 1 -- start start
2024-05-08T05:17:38.226 INFO:teuthology.orchestra.run.smithi059.stdout:/usr/bin/ceph: stderr
2024-05-08T05:17:37.427+0000 7f297901b700 1 --2- >> [v2:172.21.15.59:3300/0,v1:172.21.15.59:6789/0] conn(0x7f2974107140 0x7f2974109b30 unknown :-1 s=NONE pgs=0 cs=0 l=1 rev1=0 crypto rx=0 tx=0 comp rx=0 tx=0).connect
2024-05-08T05:17:38.226 INFO:teuthology.orchestra.run.smithi059.stdout:/usr/bin/ceph: stderr
2024-05-08T05:17:37.427+0000 7f297901b700 1 -- --> [v2:172.21.15.59:3300/0,v1:172.21.15.59:6789/0] -- mon_getmap magic: 0 -- 0x7f297410d480 con 0x7f2974107140
2024-05-08T05:17:38.226 INFO:teuthology.orchestra.run.smithi059.stdout:/usr/bin/ceph: stderr
2024-05-08T05:17:37.427+0000 7f2972d9d700 1 --2- >> [v2:172.21.15.59:3300/0,v1:172.21.15.59:6789/0] conn(0x7f2974107140 0x7f2974109b30 unknown :-1 s=BANNER_CONNECTING pgs=0 cs=0 l=1 rev1=0 crypto rx=0 tx=0 comp rx=0 tx=0)._handle_peer_banner_payload supported=3 required=0
2024-05-08T05:17:38.226 INFO:teuthology.orchestra.run.smithi059.stdout:/usr/bin/ceph: stderr
2024-05-08T05:17:37.427+0000 7f2972d9d700 1 --2- >> [v2:172.21.15.59:3300/0,v1:172.21.15.59:6789/0] conn(0x7f2974107140 0x7f2974109b30 unknown :-1 s=HELLO_CONNECTING pgs=0 cs=0 l=1 rev1=1 crypto rx=0 tx=0 comp rx=0 tx=0).handle_hello peer v2:172.21.15.59:3300/0 says I am v2:172.21.15.59:39570/0 (socket says 172.21.15.59:39570)
2024-05-08T05:17:38.226 INFO:teuthology.orchestra.run.smithi059.stdout:/usr/bin/ceph: stderr
2024-05-08T05:17:37.427+0000 7f2972d9d700 1 -- 172.21.15.59:0/523020555 learned_addr learned my addr 172.21.15.59:0/523020555 (peer_addr_for_me v2:172.21.15.59:0/0)
2024-05-08T05:17:38.226 INFO:teuthology.orchestra.run.smithi059.stdout:/usr/bin/ceph: stderr
2024-05-08T05:17:37.428+0000 7f2972d9d700 1 -- 172.21.15.59:0/523020555 --> [v2:172.21.15.59:3300/0,v1:172.21.15.59:6789/0] -- mon_subscribe({config=0+,monmap=0+}) -- 0x7f2974108080 con 0x7f2974107140
2024-05-08T05:17:38.226 INFO:teuthology.orchestra.run.smithi059.stdout:/usr/bin/ceph: stderr
2024-05-08T05:17:37.428+0000 7f2972d9d700 1 --2- 172.21.15.59:0/523020555 >> [v2:172.21.15.59:3300/0,v1:172.21.15.59:6789/0] conn(0x7f2974107140 0x7f2974109b30 secure :-1 s=READY pgs=38 cs=0 l=1 rev1=1 crypto rx=0x7f29640117b0 tx=0x7f2964011b70 comp rx=0 tx=0).ready entity=mon.0 client_cookie=0 server_cookie=0 in_seq=0 out_seq=0
2024-05-08T05:17:38.226 INFO:teuthology.orchestra.run.smithi059.stdout:/usr/bin/ceph: stderr
2024-05-08T05:17:37.428+0000 7f296bfff700 1 -- 172.21.15.59:0/523020555 <== mon.0 v2:172.21.15.59:3300/0 1 ==== mon_map magic: 0 ==== 205+0+0 (secure 0 0 0) 0x7f2964003af0 con 0x7f2974107140
2024-05-08T05:17:38.226 INFO:teuthology.orchestra.run.smithi059.stdout:/usr/bin/ceph: stderr
2024-05-08T05:17:37.428+0000 7f297901b700 1 -- 172.21.15.59:0/523020555 --> [v2:172.21.15.59:3300/0,v1:172.21.15.59:6789/0] -- mon_subscribe({mgrmap=0+}) -- 0x7f2974108310 con 0x7f2974107140
2024-05-08T05:17:38.226 INFO:teuthology.orchestra.run.smithi059.stdout:/usr/bin/ceph: stderr
2024-05-08T05:17:37.428+0000 7f296bfff700 1 -- 172.21.15.59:0/523020555 <== mon.0 v2:172.21.15.59:3300/0 2 ==== config(26 keys) ==== 1070+0+0 (secure 0 0 0) 0x7f2964020070 con 0x7f2974107140
2024-05-08T05:17:38.227 INFO:teuthology.orchestra.run.smithi059.stdout:/usr/bin/ceph: stderr
2024-05-08T05:17:37.428+0000 7f296bfff700 1 -- 172.21.15.59:0/523020555 <== mon.0 v2:172.21.15.59:3300/0 3 ==== mon_map magic: 0 ==== 205+0+0 (secure 0 0 0) 0x7f2964019630 con 0x7f2974107140
2024-05-08T05:17:38.227 INFO:teuthology.orchestra.run.smithi059.stdout:/usr/bin/ceph: stderr
2024-05-08T05:17:37.428+0000 7f297901b700 1 -- 172.21.15.59:0/523020555 --> [v2:172.21.15.59:3300/0,v1:172.21.15.59:6789/0] -- mon_subscribe({osdmap=0}) -- 0x7f29741087f0 con 0x7f2974107140
2024-05-08T05:17:38.227 INFO:teuthology.orchestra.run.smithi059.stdout:/usr/bin/ceph: stderr
2024-05-08T05:17:37.429+0000 7f296bfff700 1 -- 172.21.15.59:0/523020555 <== mon.0 v2:172.21.15.59:3300/0 4 ==== mgrmap(e 7) ==== 50116+0+0 (secure 0 0 0) 0x7f296401a430 con 0x7f2974107140
2024-05-08T05:17:38.227 INFO:teuthology.orchestra.run.smithi059.stdout:/usr/bin/ceph: stderr
2024-05-08T05:17:37.429+0000 7f297901b700 1 -- 172.21.15.59:0/523020555 --> [v2:172.21.15.59:3300/0,v1:172.21.15.59:6789/0] -- mon_command({"prefix": "get_command_descriptions"} v 0) -- 0x7f2974064b00 con 0x7f2974107140
2024-05-08T05:17:38.227 INFO:teuthology.orchestra.run.smithi059.stdout:/usr/bin/ceph: stderr
2024-05-08T05:17:37.429+0000 7f296bfff700 1 --2- 172.21.15.59:0/523020555 >> [v2:172.21.15.59:6800/95297313,v1:172.21.15.59:6801/95297313] conn(0x7f296003e460 0x7f2960040920 unknown :-1 s=NONE pgs=0 cs=0 l=1 rev1=0 crypto rx=0 tx=0 comp rx=0 tx=0).connect
2024-05-08T05:17:38.227 INFO:teuthology.orchestra.run.smithi059.stdout:/usr/bin/ceph: stderr
2024-05-08T05:17:37.430+0000 7f296bfff700 1 -- 172.21.15.59:0/523020555 <== mon.0 v2:172.21.15.59:3300/0 5 ==== osd_map(2..2 src has 1..2) ==== 940+0+0 (secure 0 0 0) 0x7f2964053910 con 0x7f2974107140
2024-05-08T05:17:38.227 INFO:teuthology.orchestra.run.smithi059.stdout:/usr/bin/ceph: stderr
2024-05-08T05:17:37.430+0000 7f297259c700 1 --2- 172.21.15.59:0/523020555 >> [v2:172.21.15.59:6800/95297313,v1:172.21.15.59:6801/95297313] conn(0x7f296003e460 0x7f2960040920 unknown :-1 s=BANNER_CONNECTING pgs=0 cs=0 l=1 rev1=0 crypto rx=0 tx=0 comp rx=0 tx=0)._handle_peer_banner_payload supported=3 required=0
2024-05-08T05:17:38.227 INFO:teuthology.orchestra.run.smithi059.stdout:/usr/bin/ceph: stderr
2024-05-08T05:17:37.430+0000 7f297259c700 1 --2- 172.21.15.59:0/523020555 >> [v2:172.21.15.59:6800/95297313,v1:172.21.15.59:6801/95297313] conn(0x7f296003e460 0x7f2960040920 secure :-1 s=READY pgs=7 cs=0 l=1 rev1=1 crypto rx=0x7f295c006fd0 tx=0x7f295c006e40 comp rx=0 tx=0).ready entity=mgr.14120 client_cookie=0 server_cookie=0 in_seq=0 out_seq=0
2024-05-08T05:17:38.227 INFO:teuthology.orchestra.run.smithi059.stdout:/usr/bin/ceph: stderr
2024-05-08T05:17:37.435+0000 7f296bfff700 1 -- 172.21.15.59:0/523020555 <== mon.0 v2:172.21.15.59:3300/0 6 ==== mon_command_ack([{"prefix": "get_command_descriptions"}]=0 v0) ==== 72+0+191963 (secure 0 0 0) 0x7f29640042a0 con 0x7f2974107140
2024-05-08T05:17:38.227 INFO:teuthology.orchestra.run.smithi059.stdout:/usr/bin/ceph: stderr
2024-05-08T05:17:37.690+0000 7f297901b700 1 -- 172.21.15.59:0/523020555 --> [v2:172.21.15.59:6800/95297313,v1:172.21.15.59:6801/95297313] -- mgr_command(tid 0: {"prefix": "orch set backend", "module_name": "cephadm", "target": ["mon-mgr", ""]}) -- 0x7f2974108e10 con 0x7f296003e460
2024-05-08T05:17:38.227 INFO:teuthology.orchestra.run.smithi059.stdout:/usr/bin/ceph: stderr
2024-05-08T05:17:37.698+0000 7f296bfff700 1 -- 172.21.15.59:0/523020555 <== mgr.14120 v2:172.21.15.59:6800/95297313 1 ==== mgr_command_reply(tid 0: 0 ) ==== 8+0+0 (secure 0 0 0) 0x7f2974108e10 con 0x7f296003e460
2024-05-08T05:17:38.227 INFO:teuthology.orchestra.run.smithi059.stdout:/usr/bin/ceph: stderr
2024-05-08T05:17:37.700+0000 7f297901b700 1 -- 172.21.15.59:0/523020555 >> [v2:172.21.15.59:6800/95297313,v1:172.21.15.59:6801/95297313] conn(0x7f296003e460 msgr2=0x7f2960040920 secure :-1 s=STATE_CONNECTION_ESTABLISHED l=1).mark_down
2024-05-08T05:17:38.227 INFO:teuthology.orchestra.run.smithi059.stdout:/usr/bin/ceph: stderr
2024-05-08T05:17:37.700+0000 7f297901b700 1 --2- 172.21.15.59:0/523020555 >> [v2:172.21.15.59:6800/95297313,v1:172.21.15.59:6801/95297313] conn(0x7f296003e460 0x7f2960040920 secure :-1 s=READY pgs=7 cs=0 l=1 rev1=1 crypto rx=0x7f295c006fd0 tx=0x7f295c006e40 comp rx=0 tx=0).stop
2024-05-08T05:17:38.227 INFO:teuthology.orchestra.run.smithi059.stdout:/usr/bin/ceph: stderr
2024-05-08T05:17:37.700+0000 7f297901b700 1 -- 172.21.15.59:0/523020555 >> [v2:172.21.15.59:3300/0,v1:172.21.15.59:6789/0] conn(0x7f2974107140 msgr2=0x7f2974109b30 secure :-1 s=STATE_CONNECTION_ESTABLISHED l=1).mark_down
2024-05-08T05:17:38.227 INFO:teuthology.orchestra.run.smithi059.stdout:/usr/bin/ceph: stderr
2024-05-08T05:17:37.700+0000 7f297901b700 1 --2- 172.21.15.59:0/523020555 >> [v2:172.21.15.59:3300/0,v1:172.21.15.59:6789/0] conn(0x7f2974107140 0x7f2974109b30 secure :-1 s=READY pgs=38 cs=0 l=1 rev1=1 crypto rx=0x7f29640117b0 tx=0x7f2964011b70 comp rx=0 tx=0).stop
2024-05-08T05:17:38.227 INFO:teuthology.orchestra.run.smithi059.stdout:/usr/bin/ceph: stderr
2024-05-08T05:17:37.700+0000 7f297901b700 1 -- 172.21.15.59:0/523020555 shutdown_connections
2024-05-08T05:17:38.228 INFO:teuthology.orchestra.run.smithi059.stdout:/usr/bin/ceph: stderr
2024-05-08T05:17:37.700+0000 7f297901b700 1 --2- 172.21.15.59:0/523020555 >> [v2:172.21.15.59:6800/95297313,v1:172.21.15.59:6801/95297313] conn(0x7f296003e460 0x7f2960040920 unknown :-1 s=CLOSED pgs=7 cs=0 l=1 rev1=1 crypto rx=0 tx=0 comp rx=0 tx=0).stop
2024-05-08T05:17:38.228 INFO:teuthology.orchestra.run.smithi059.stdout:/usr/bin/ceph: stderr
2024-05-08T05:17:37.700+0000 7f297901b700 1 --2- 172.21.15.59:0/523020555 >> [v2:172.21.15.59:3300/0,v1:172.21.15.59:6789/0] conn(0x7f2974107140 0x7f2974109b30 unknown :-1 s=CLOSED pgs=38 cs=0 l=1 rev1=1 crypto rx=0 tx=0 comp rx=0 tx=0).stop
2024-05-08T05:17:38.228 INFO:teuthology.orchestra.run.smithi059.stdout:/usr/bin/ceph: stderr
2024-05-08T05:17:37.700+0000 7f297901b700 1 -- 172.21.15.59:0/523020555 >> 172.21.15.59:0/523020555 conn(0x7f2974102a30 msgr2=0x7f2974103560 unknown :-1 s=STATE_NONE l=0).mark_down
2024-05-08T05:17:38.228 INFO:teuthology.orchestra.run.smithi059.stdout:/usr/bin/ceph: stderr
2024-05-08T05:17:37.700+0000 7f297901b700 1 -- 172.21.15.59:0/523020555 shutdown_connections
2024-05-08T05:17:38.228 INFO:teuthology.orchestra.run.smithi059.stdout:/usr/bin/ceph: stderr
2024-05-08T05:17:37.701+0000 7f297901b700 1 -- 172.21.15.59:0/523020555 wait complete.
2024-05-08T05:17:39.086 INFO:journalctl@ceph.mon.a.smithi059.stdout:May 08 05:17:38 smithi059 ceph-mon[30304]: from='client.14132 -' entity='client.admin' cmd=[{"prefix": "orch set backend", "module_name": "cephadm", "target": ["mon-mgr", ""]}]: dispatch
2024-05-08T05:17:39.087 INFO:journalctl@ceph.mon.a.smithi059.stdout:May 08 05:17:38 smithi059 ceph-mon[30304]: from='mgr.14120 172.21.15.59:0/886324536' entity='mgr.x'
2024-05-08T05:17:39.087 INFO:journalctl@ceph.mon.a.smithi059.stdout:May 08 05:17:38 smithi059 ceph-mon[30304]: from='mgr.14120 172.21.15.59:0/886324536' entity='mgr.x' cmd=[{"prefix": "config dump", "format": "json"}]: dispatch
2024-05-08T05:17:39.087 INFO:journalctl@ceph.mon.a.smithi059.stdout:May 08 05:17:38 smithi059 ceph-mon[30304]: mgrmap e8: x(active, since 2s)
2024-05-08T05:17:39.423 INFO:teuthology.orchestra.run.smithi059.stdout:/usr/bin/ceph: stdout value unchanged
2024-05-08T05:17:39.423 INFO:teuthology.orchestra.run.smithi059.stdout:/usr/bin/ceph: stderr
2024-05-08T05:17:38.594+0000 7f49d77e0700 1 Processor -- start
2024-05-08T05:17:39.423 INFO:teuthology.orchestra.run.smithi059.stdout:/usr/bin/ceph: stderr
2024-05-08T05:17:38.595+0000 7f49d77e0700 1 -- start start
2024-05-08T05:17:39.423 INFO:teuthology.orchestra.run.smithi059.stdout:/usr/bin/ceph: stderr
2024-05-08T05:17:38.595+0000 7f49d77e0700 1 --2- >> [v2:172.21.15.59:3300/0,v1:172.21.15.59:6789/0] conn(0x7f49d0107720 0x7f49d0107b40 unknown :-1 s=NONE pgs=0 cs=0 l=0 rev1=0 crypto rx=0 tx=0 comp rx=0 tx=0).connect
2024-05-08T05:17:39.423 INFO:teuthology.orchestra.run.smithi059.stdout:/usr/bin/ceph: stderr
2024-05-08T05:17:38.595+0000 7f49d77e0700 1 -- --> [v2:172.21.15.59:3300/0,v1:172.21.15.59:6789/0] -- mon_getmap magic: 0 -- 0x7f49d007ce30 con 0x7f49d0107720
2024-05-08T05:17:39.423 INFO:teuthology.orchestra.run.smithi059.stdout:/usr/bin/ceph: stderr
2024-05-08T05:17:38.595+0000 7f49d557c700 1 --2- >> [v2:172.21.15.59:3300/0,v1:172.21.15.59:6789/0] conn(0x7f49d0107720 0x7f49d0107b40 unknown :-1 s=BANNER_CONNECTING pgs=0 cs=0 l=0 rev1=0 crypto rx=0 tx=0 comp rx=0 tx=0)._handle_peer_banner_payload supported=3 required=0
2024-05-08T05:17:39.423 INFO:teuthology.orchestra.run.smithi059.stdout:/usr/bin/ceph: stderr
2024-05-08T05:17:38.595+0000 7f49d557c700 1 --2- >> [v2:172.21.15.59:3300/0,v1:172.21.15.59:6789/0] conn(0x7f49d0107720 0x7f49d0107b40 unknown :-1 s=HELLO_CONNECTING pgs=0 cs=0 l=0 rev1=1 crypto rx=0 tx=0 comp rx=0 tx=0).handle_hello peer v2:172.21.15.59:3300/0 says I am v2:172.21.15.59:39572/0 (socket says 172.21.15.59:39572)
2024-05-08T05:17:39.423 INFO:teuthology.orchestra.run.smithi059.stdout:/usr/bin/ceph: stderr
2024-05-08T05:17:38.595+0000 7f49d557c700 1 -- 172.21.15.59:0/3273865958 learned_addr learned my addr 172.21.15.59:0/3273865958 (peer_addr_for_me v2:172.21.15.59:0/0)
