2024-05-08T05:17:27.270 INFO:teuthology.orchestra.run.smithi059.stdout:/usr/bin/ceph: stderr
2024-05-08T05:17:22.266+0000 7fee2ad82700 1 -- start start
2024-05-08T05:17:27.270 INFO:teuthology.orchestra.run.smithi059.stdout:/usr/bin/ceph: stderr
2024-05-08T05:17:22.267+0000 7fee2ad82700 1 --2- >> [v2:172.21.15.59:3300/0,v1:172.21.15.59:6789/0] conn(0x7fee24108ee0 0x7fee24109300 unknown :-1 s=NONE pgs=0 cs=0 l=0 rev1=0 crypto rx=0 tx=0 comp rx=0 tx=0).connect
2024-05-08T05:17:27.270 INFO:teuthology.orchestra.run.smithi059.stdout:/usr/bin/ceph: stderr
2024-05-08T05:17:22.267+0000 7fee2ad82700 1 -- --> [v2:172.21.15.59:3300/0,v1:172.21.15.59:6789/0] -- mon_getmap magic: 0 -- 0x7fee24109840 con 0x7fee24108ee0
2024-05-08T05:17:27.270 INFO:teuthology.orchestra.run.smithi059.stdout:/usr/bin/ceph: stderr
2024-05-08T05:17:22.267+0000 7fee28b1e700 1 --2- >> [v2:172.21.15.59:3300/0,v1:172.21.15.59:6789/0] conn(0x7fee24108ee0 0x7fee24109300 unknown :-1 s=BANNER_CONNECTING pgs=0 cs=0 l=0 rev1=0 crypto rx=0 tx=0 comp rx=0 tx=0)._handle_peer_banner_payload supported=3 required=0
2024-05-08T05:17:27.270 INFO:teuthology.orchestra.run.smithi059.stdout:/usr/bin/ceph: stderr
2024-05-08T05:17:22.267+0000 7fee28b1e700 1 --2- >> [v2:172.21.15.59:3300/0,v1:172.21.15.59:6789/0] conn(0x7fee24108ee0 0x7fee24109300 unknown :-1 s=HELLO_CONNECTING pgs=0 cs=0 l=0 rev1=1 crypto rx=0 tx=0 comp rx=0 tx=0).handle_hello peer v2:172.21.15.59:3300/0 says I am v2:172.21.15.59:38790/0 (socket says 172.21.15.59:38790)
2024-05-08T05:17:27.270 INFO:teuthology.orchestra.run.smithi059.stdout:/usr/bin/ceph: stderr
2024-05-08T05:17:22.267+0000 7fee28b1e700 1 -- 172.21.15.59:0/3649752967 learned_addr learned my addr 172.21.15.59:0/3649752967 (peer_addr_for_me v2:172.21.15.59:0/0)
2024-05-08T05:17:27.270 INFO:teuthology.orchestra.run.smithi059.stdout:/usr/bin/ceph: stderr
2024-05-08T05:17:22.267+0000 7fee28b1e700 1 -- 172.21.15.59:0/3649752967 --> [v2:172.21.15.59:3300/0,v1:172.21.15.59:6789/0] -- mon_subscribe({config=0+,monmap=0+}) -- 0x7fee24109fa0 con 0x7fee24108ee0
2024-05-08T05:17:27.270 INFO:teuthology.orchestra.run.smithi059.stdout:/usr/bin/ceph: stderr
2024-05-08T05:17:22.267+0000 7fee28b1e700 1 --2- 172.21.15.59:0/3649752967 >> [v2:172.21.15.59:3300/0,v1:172.21.15.59:6789/0] conn(0x7fee24108ee0 0x7fee24109300 secure :-1 s=READY pgs=20 cs=0 l=1 rev1=1 crypto rx=0x7fee140098a0 tx=0x7fee14009bb0 comp rx=0 tx=0).ready entity=mon.0 client_cookie=20da292ea22357f0 server_cookie=0 in_seq=0 out_seq=0
2024-05-08T05:17:27.270 INFO:teuthology.orchestra.run.smithi059.stdout:/usr/bin/ceph: stderr
2024-05-08T05:17:22.267+0000 7fee237fe700 1 -- 172.21.15.59:0/3649752967 <== mon.0 v2:172.21.15.59:3300/0 1 ==== mon_map magic: 0 ==== 205+0+0 (secure 0 0 0) 0x7fee14004160 con 0x7fee24108ee0
2024-05-08T05:17:27.270 INFO:teuthology.orchestra.run.smithi059.stdout:/usr/bin/ceph: stderr
2024-05-08T05:17:22.268+0000 7fee237fe700 1 -- 172.21.15.59:0/3649752967 <== mon.0 v2:172.21.15.59:3300/0 2 ==== config(26 keys) ==== 1070+0+0 (secure 0 0 0) 0x7fee14004300 con 0x7fee24108ee0
2024-05-08T05:17:27.270 INFO:teuthology.orchestra.run.smithi059.stdout:/usr/bin/ceph: stderr
2024-05-08T05:17:22.268+0000 7fee237fe700 1 -- 172.21.15.59:0/3649752967 <== mon.0 v2:172.21.15.59:3300/0 3 ==== mon_map magic: 0 ==== 205+0+0 (secure 0 0 0) 0x7fee14011af0 con 0x7fee24108ee0
2024-05-08T05:17:27.271 INFO:teuthology.orchestra.run.smithi059.stdout:/usr/bin/ceph: stderr
2024-05-08T05:17:22.268+0000 7fee2ad82700 1 -- 172.21.15.59:0/3649752967 >> [v2:172.21.15.59:3300/0,v1:172.21.15.59:6789/0] conn(0x7fee24108ee0 msgr2=0x7fee24109300 secure :-1 s=STATE_CONNECTION_ESTABLISHED l=1).mark_down
2024-05-08T05:17:27.271 INFO:teuthology.orchestra.run.smithi059.stdout:/usr/bin/ceph: stderr
2024-05-08T05:17:22.268+0000 7fee2ad82700 1 --2- 172.21.15.59:0/3649752967 >> [v2:172.21.15.59:3300/0,v1:172.21.15.59:6789/0] conn(0x7fee24108ee0 0x7fee24109300 secure :-1 s=READY pgs=20 cs=0 l=1 rev1=1 crypto rx=0x7fee140098a0 tx=0x7fee14009bb0 comp rx=0 tx=0).stop
2024-05-08T05:17:27.271 INFO:teuthology.orchestra.run.smithi059.stdout:/usr/bin/ceph: stderr
2024-05-08T05:17:22.268+0000 7fee2ad82700 1 -- 172.21.15.59:0/3649752967 shutdown_connections
2024-05-08T05:17:27.271 INFO:teuthology.orchestra.run.smithi059.stdout:/usr/bin/ceph: stderr
2024-05-08T05:17:22.268+0000 7fee2ad82700 1 --2- 172.21.15.59:0/3649752967 >> [v2:172.21.15.59:3300/0,v1:172.21.15.59:6789/0] conn(0x7fee24108ee0 0x7fee24109300 unknown :-1 s=CLOSED pgs=20 cs=0 l=1 rev1=1 crypto rx=0 tx=0 comp rx=0 tx=0).stop
2024-05-08T05:17:27.271 INFO:teuthology.orchestra.run.smithi059.stdout:/usr/bin/ceph: stderr
2024-05-08T05:17:22.268+0000 7fee2ad82700 1 -- 172.21.15.59:0/3649752967 >> 172.21.15.59:0/3649752967 conn(0x7fee241044a0 msgr2=0x7fee241068c0 unknown :-1 s=STATE_NONE l=0).mark_down
2024-05-08T05:17:27.271 INFO:teuthology.orchestra.run.smithi059.stdout:/usr/bin/ceph: stderr
2024-05-08T05:17:22.268+0000 7fee2ad82700 1 -- 172.21.15.59:0/3649752967 shutdown_connections
2024-05-08T05:17:27.271 INFO:teuthology.orchestra.run.smithi059.stdout:/usr/bin/ceph: stderr
2024-05-08T05:17:22.268+0000 7fee2ad82700 1 -- 172.21.15.59:0/3649752967 wait complete.
2024-05-08T05:17:27.271 INFO:teuthology.orchestra.run.smithi059.stdout:/usr/bin/ceph: stderr
2024-05-08T05:17:22.269+0000 7fee2ad82700 1 Processor -- start
2024-05-08T05:17:27.271 INFO:teuthology.orchestra.run.smithi059.stdout:/usr/bin/ceph: stderr
2024-05-08T05:17:22.269+0000 7fee2ad82700 1 -- start start
2024-05-08T05:17:27.271 INFO:teuthology.orchestra.run.smithi059.stdout:/usr/bin/ceph: stderr
2024-05-08T05:17:22.269+0000 7fee2ad82700 1 --2- >> [v2:172.21.15.59:3300/0,v1:172.21.15.59:6789/0] conn(0x7fee24108ee0 0x7fee2407ed30 unknown :-1 s=NONE pgs=0 cs=0 l=1 rev1=0 crypto rx=0 tx=0 comp rx=0 tx=0).connect
2024-05-08T05:17:27.271 INFO:teuthology.orchestra.run.smithi059.stdout:/usr/bin/ceph: stderr
2024-05-08T05:17:22.269+0000 7fee2ad82700 1 -- --> [v2:172.21.15.59:3300/0,v1:172.21.15.59:6789/0] -- mon_getmap magic: 0 -- 0x7fee2410d3e0 con 0x7fee24108ee0
2024-05-08T05:17:27.271 INFO:teuthology.orchestra.run.smithi059.stdout:/usr/bin/ceph: stderr
2024-05-08T05:17:22.269+0000 7fee28b1e700 1 --2- >> [v2:172.21.15.59:3300/0,v1:172.21.15.59:6789/0] conn(0x7fee24108ee0 0x7fee2407ed30 unknown :-1 s=BANNER_CONNECTING pgs=0 cs=0 l=1 rev1=0 crypto rx=0 tx=0 comp rx=0 tx=0)._handle_peer_banner_payload supported=3 required=0
2024-05-08T05:17:27.271 INFO:teuthology.orchestra.run.smithi059.stdout:/usr/bin/ceph: stderr
2024-05-08T05:17:22.269+0000 7fee28b1e700 1 --2- >> [v2:172.21.15.59:3300/0,v1:172.21.15.59:6789/0] conn(0x7fee24108ee0 0x7fee2407ed30 unknown :-1 s=HELLO_CONNECTING pgs=0 cs=0 l=1 rev1=1 crypto rx=0 tx=0 comp rx=0 tx=0).handle_hello peer v2:172.21.15.59:3300/0 says I am v2:172.21.15.59:38798/0 (socket says 172.21.15.59:38798)
2024-05-08T05:17:27.271 INFO:teuthology.orchestra.run.smithi059.stdout:/usr/bin/ceph: stderr
2024-05-08T05:17:22.269+0000 7fee28b1e700 1 -- 172.21.15.59:0/2865578698 learned_addr learned my addr 172.21.15.59:0/2865578698 (peer_addr_for_me v2:172.21.15.59:0/0)
2024-05-08T05:17:27.272 INFO:teuthology.orchestra.run.smithi059.stdout:/usr/bin/ceph: stderr
2024-05-08T05:17:22.269+0000 7fee28b1e700 1 -- 172.21.15.59:0/2865578698 --> [v2:172.21.15.59:3300/0,v1:172.21.15.59:6789/0] -- mon_subscribe({config=0+,monmap=0+}) -- 0x7fee2407d280 con 0x7fee24108ee0
2024-05-08T05:17:27.272 INFO:teuthology.orchestra.run.smithi059.stdout:/usr/bin/ceph: stderr
2024-05-08T05:17:22.269+0000 7fee28b1e700 1 --2- 172.21.15.59:0/2865578698 >> [v2:172.21.15.59:3300/0,v1:172.21.15.59:6789/0] conn(0x7fee24108ee0 0x7fee2407ed30 secure :-1 s=READY pgs=21 cs=0 l=1 rev1=1 crypto rx=0x7fee14009fb0 tx=0x7fee14011940 comp rx=0 tx=0).ready entity=mon.0 client_cookie=0 server_cookie=0 in_seq=0 out_seq=0
2024-05-08T05:17:27.272 INFO:teuthology.orchestra.run.smithi059.stdout:/usr/bin/ceph: stderr
2024-05-08T05:17:22.270+0000 7fee21ffb700 1 -- 172.21.15.59:0/2865578698 <== mon.0 v2:172.21.15.59:3300/0 1 ==== mon_map magic: 0 ==== 205+0+0 (secure 0 0 0) 0x7fee140036a0 con 0x7fee24108ee0
2024-05-08T05:17:27.272 INFO:teuthology.orchestra.run.smithi059.stdout:/usr/bin/ceph: stderr
2024-05-08T05:17:22.270+0000 7fee21ffb700 1 -- 172.21.15.59:0/2865578698 <== mon.0 v2:172.21.15.59:3300/0 2 ==== config(26 keys) ==== 1070+0+0 (secure 0 0 0) 0x7fee1401a430 con 0x7fee24108ee0
2024-05-08T05:17:27.272 INFO:teuthology.orchestra.run.smithi059.stdout:/usr/bin/ceph: stderr
2024-05-08T05:17:22.270+0000 7fee21ffb700 1 -- 172.21.15.59:0/2865578698 <== mon.0 v2:172.21.15.59:3300/0 3 ==== mon_map magic: 0 ==== 205+0+0 (secure 0 0 0) 0x7fee14019550 con 0x7fee24108ee0
2024-05-08T05:17:27.272 INFO:teuthology.orchestra.run.smithi059.stdout:/usr/bin/ceph: stderr
2024-05-08T05:17:22.270+0000 7fee2ad82700 1 -- 172.21.15.59:0/2865578698 --> [v2:172.21.15.59:3300/0,v1:172.21.15.59:6789/0] -- mon_subscribe({mgrmap=0+}) -- 0x7fee2407d510 con 0x7fee24108ee0
2024-05-08T05:17:27.272 INFO:teuthology.orchestra.run.smithi059.stdout:/usr/bin/ceph: stderr
2024-05-08T05:17:22.270+0000 7fee2ad82700 1 -- 172.21.15.59:0/2865578698 --> [v2:172.21.15.59:3300/0,v1:172.21.15.59:6789/0] -- mon_subscribe({osdmap=0}) -- 0x7fee2407d9f0 con 0x7fee24108ee0
2024-05-08T05:17:27.272 INFO:teuthology.orchestra.run.smithi059.stdout:/usr/bin/ceph: stderr
2024-05-08T05:17:22.271+0000 7fee21ffb700 1 -- 172.21.15.59:0/2865578698 <== mon.0 v2:172.21.15.59:3300/0 4 ==== mgrmap(e 4) ==== 50211+0+0 (secure 0 0 0) 0x7fee1401a8e0 con 0x7fee24108ee0
2024-05-08T05:17:27.272 INFO:teuthology.orchestra.run.smithi059.stdout:/usr/bin/ceph: stderr
2024-05-08T05:17:22.271+0000 7fee2ad82700 1 -- 172.21.15.59:0/2865578698 --> [v2:172.21.15.59:3300/0,v1:172.21.15.59:6789/0] -- mon_command({"prefix": "get_command_descriptions"} v 0) -- 0x7fee24064b00 con 0x7fee24108ee0
2024-05-08T05:17:27.272 INFO:teuthology.orchestra.run.smithi059.stdout:/usr/bin/ceph: stderr
2024-05-08T05:17:22.271+0000 7fee21ffb700 1 --2- 172.21.15.59:0/2865578698 >> [v2:172.21.15.59:6800/817743540,v1:172.21.15.59:6801/817743540] conn(0x7fee1003e4e0 0x7fee100409a0 unknown :-1 s=NONE pgs=0 cs=0 l=1 rev1=0 crypto rx=0 tx=0 comp rx=0 tx=0).connect
2024-05-08T05:17:27.272 INFO:teuthology.orchestra.run.smithi059.stdout:/usr/bin/ceph: stderr
2024-05-08T05:17:22.271+0000 7fee21ffb700 1 -- 172.21.15.59:0/2865578698 <== mon.0 v2:172.21.15.59:3300/0 5 ==== osd_map(1..1 src has 1..1) ==== 725+0+0 (secure 0 0 0) 0x7fee14053790 con 0x7fee24108ee0
2024-05-08T05:17:27.272 INFO:teuthology.orchestra.run.smithi059.stdout:/usr/bin/ceph: stderr
2024-05-08T05:17:22.271+0000 7fee23fff700 1 --2- 172.21.15.59:0/2865578698 >> [v2:172.21.15.59:6800/817743540,v1:172.21.15.59:6801/817743540] conn(0x7fee1003e4e0 0x7fee100409a0 unknown :-1 s=BANNER_CONNECTING pgs=0 cs=0 l=1 rev1=0 crypto rx=0 tx=0 comp rx=0 tx=0)._handle_peer_banner_payload supported=3 required=0
2024-05-08T05:17:27.272 INFO:teuthology.orchestra.run.smithi059.stdout:/usr/bin/ceph: stderr
2024-05-08T05:17:22.272+0000 7fee23fff700 1 --2- 172.21.15.59:0/2865578698 >> [v2:172.21.15.59:6800/817743540,v1:172.21.15.59:6801/817743540] conn(0x7fee1003e4e0 0x7fee100409a0 secure :-1 s=READY pgs=7 cs=0 l=1 rev1=1 crypto rx=0x7fee0c00ad30 tx=0x7fee0c0093f0 comp rx=0 tx=0).ready entity=mgr.14100 client_cookie=0 server_cookie=0 in_seq=0 out_seq=0
2024-05-08T05:17:27.272 INFO:teuthology.orchestra.run.smithi059.stdout:/usr/bin/ceph: stderr
2024-05-08T05:17:22.276+0000 7fee21ffb700 1 -- 172.21.15.59:0/2865578698 <== mon.0 v2:172.21.15.59:3300/0 6 ==== mon_command_ack([{"prefix": "get_command_descriptions"}]=0 v0) ==== 72+0+191963 (secure 0 0 0) 0x7fee14008040 con 0x7fee24108ee0
2024-05-08T05:17:27.273 INFO:teuthology.orchestra.run.smithi059.stdout:/usr/bin/ceph: stderr
2024-05-08T05:17:22.490+0000 7fee2ad82700 1 -- 172.21.15.59:0/2865578698 --> [v2:172.21.15.59:3300/0,v1:172.21.15.59:6789/0] -- mon_command({"prefix": "config assimilate-conf"} v 0) -- 0x7fee2407df90 con 0x7fee24108ee0
2024-05-08T05:17:27.273 INFO:teuthology.orchestra.run.smithi059.stdout:/usr/bin/ceph: stderr
2024-05-08T05:17:22.491+0000 7fee21ffb700 1 -- 172.21.15.59:0/2865578698 <== mon.0 v2:172.21.15.59:3300/0 7 ==== mon_command_ack([{"prefix": "config assimilate-conf"}]=0 v3) ==== 70+0+409 (secure 0 0 0) 0x7fee1400b3e0 con 0x7fee24108ee0
2024-05-08T05:17:27.273 INFO:teuthology.orchestra.run.smithi059.stdout:/usr/bin/ceph: stderr
2024-05-08T05:17:22.493+0000 7fee2ad82700 1 -- 172.21.15.59:0/2865578698 >> [v2:172.21.15.59:6800/817743540,v1:172.21.15.59:6801/817743540] conn(0x7fee1003e4e0 msgr2=0x7fee100409a0 secure :-1 s=STATE_CONNECTION_ESTABLISHED l=1).mark_down
2024-05-08T05:17:27.273 INFO:teuthology.orchestra.run.smithi059.stdout:/usr/bin/ceph: stderr
2024-05-08T05:17:22.493+0000 7fee2ad82700 1 --2- 172.21.15.59:0/2865578698 >> [v2:172.21.15.59:6800/817743540,v1:172.21.15.59:6801/817743540] conn(0x7fee1003e4e0 0x7fee100409a0 secure :-1 s=READY pgs=7 cs=0 l=1 rev1=1 crypto rx=0x7fee0c00ad30 tx=0x7fee0c0093f0 comp rx=0 tx=0).stop
2024-05-08T05:17:27.273 INFO:teuthology.orchestra.run.smithi059.stdout:/usr/bin/ceph: stderr
2024-05-08T05:17:22.493+0000 7fee2ad82700 1 -- 172.21.15.59:0/2865578698 >> [v2:172.21.15.59:3300/0,v1:172.21.15.59:6789/0] conn(0x7fee24108ee0 msgr2=0x7fee2407ed30 secure :-1 s=STATE_CONNECTION_ESTABLISHED l=1).mark_down
2024-05-08T05:17:27.273 INFO:teuthology.orchestra.run.smithi059.stdout:/usr/bin/ceph: stderr
2024-05-08T05:17:22.493+0000 7fee2ad82700 1 --2- 172.21.15.59:0/2865578698 >> [v2:172.21.15.59:3300/0,v1:172.21.15.59:6789/0] conn(0x7fee24108ee0 0x7fee2407ed30 secure :-1 s=READY pgs=21 cs=0 l=1 rev1=1 crypto rx=0x7fee14009fb0 tx=0x7fee14011940 comp rx=0 tx=0).stop
2024-05-08T05:17:27.273 INFO:teuthology.orchestra.run.smithi059.stdout:/usr/bin/ceph: stderr
2024-05-08T05:17:22.493+0000 7fee2ad82700 1 -- 172.21.15.59:0/2865578698 shutdown_connections
2024-05-08T05:17:27.273 INFO:teuthology.orchestra.run.smithi059.stdout:/usr/bin/ceph: stderr
2024-05-08T05:17:22.493+0000 7fee2ad82700 1 --2- 172.21.15.59:0/2865578698 >> [v2:172.21.15.59:6800/817743540,v1:172.21.15.59:6801/817743540] conn(0x7fee1003e4e0 0x7fee100409a0 unknown :-1 s=CLOSED pgs=7 cs=0 l=1 rev1=1 crypto rx=0 tx=0 comp rx=0 tx=0).stop
2024-05-08T05:17:27.273 INFO:teuthology.orchestra.run.smithi059.stdout:/usr/bin/ceph: stderr
2024-05-08T05:17:22.493+0000 7fee2ad82700 1 --2- 172.21.15.59:0/2865578698 >> [v2:172.21.15.59:3300/0,v1:172.21.15.59:6789/0] conn(0x7fee24108ee0 0x7fee2407ed30 unknown :-1 s=CLOSED pgs=21 cs=0 l=1 rev1=1 crypto rx=0 tx=0 comp rx=0 tx=0).stop
2024-05-08T05:17:27.273 INFO:teuthology.orchestra.run.smithi059.stdout:/usr/bin/ceph: stderr
2024-05-08T05:17:22.493+0000 7fee2ad82700 1 -- 172.21.15.59:0/2865578698 >> 172.21.15.59:0/2865578698 conn(0x7fee241044a0 msgr2=0x7fee24104f40 unknown :-1 s=STATE_NONE l=0).mark_down
2024-05-08T05:17:27.273 INFO:teuthology.orchestra.run.smithi059.stdout:/usr/bin/ceph: stderr
2024-05-08T05:17:22.494+0000 7fee2ad82700 1 -- 172.21.15.59:0/2865578698 shutdown_connections
2024-05-08T05:17:27.273 INFO:teuthology.orchestra.run.smithi059.stdout:/usr/bin/ceph: stderr
2024-05-08T05:17:22.494+0000 7fee2ad82700 1 -- 172.21.15.59:0/2865578698 wait complete.
2024-05-08T05:17:27.273 INFO:teuthology.orchestra.run.smithi059.stdout:Enabling cephadm module...
2024-05-08T05:17:28.336 INFO:journalctl@ceph.mon.a.smithi059.stdout:May 08 05:17:27 smithi059 ceph-mon[30304]: from='client.? 172.21.15.59:0/313040021' entity='client.admin' cmd=[{"prefix": "mgr module enable", "module": "cephadm"}]: dispatch
2024-05-08T05:17:28.336 INFO:journalctl@ceph.mgr.x.smithi059.stdout:May 08 05:17:28 smithi059 ceph-0bf01a10-0cfa-11ef-bc97-c7b262605968-mgr-x[30539]: ignoring --setuser ceph since I am not root
2024-05-08T05:17:28.336 INFO:journalctl@ceph.mgr.x.smithi059.stdout:May 08 05:17:28 smithi059 ceph-0bf01a10-0cfa-11ef-bc97-c7b262605968-mgr-x[30539]: ignoring --setgroup ceph since I am not root
2024-05-08T05:17:28.337 INFO:journalctl@ceph.mgr.x.smithi059.stdout:May 08 05:17:28 smithi059 ceph-0bf01a10-0cfa-11ef-bc97-c7b262605968-mgr-x[30539]:
2024-05-08T05:17:28.169+0000 7f9d5da05200 -1 mgr[py] Module balancer has missing NOTIFY_TYPES member
2024-05-08T05:17:28.811 INFO:journalctl@ceph.mgr.x.smithi059.stdout:May 08 05:17:28 smithi059 ceph-0bf01a10-0cfa-11ef-bc97-c7b262605968-mgr-x[30539]:
2024-05-08T05:17:28.363+0000 7f9d5da05200 -1 mgr[py] Module orchestrator has missing NOTIFY_TYPES member
2024-05-08T05:17:28.811 INFO:journalctl@ceph.mgr.x.smithi059.stdout:May 08 05:17:28 smithi059 ceph-0bf01a10-0cfa-11ef-bc97-c7b262605968-mgr-x[30539]:
2024-05-08T05:17:28.471+0000 7f9d5da05200 -1 mgr[py] Module snap_schedule has missing NOTIFY_TYPES member
2024-05-08T05:17:28.811 INFO:journalctl@ceph.mgr.x.smithi059.stdout:May 08 05:17:28 smithi059 ceph-0bf01a10-0cfa-11ef-bc97-c7b262605968-mgr-x[30539]:
2024-05-08T05:17:28.793+0000 7f9d5da05200 -1 mgr[py] Module progress has missing NOTIFY_TYPES member
2024-05-08T05:17:28.997 INFO:teuthology.orchestra.run.smithi059.stdout:/usr/bin/ceph: stderr
2024-05-08T05:17:27.655+0000 7f620d3cf700 1 Processor -- start
2024-05-08T05:17:28.998 INFO:teuthology.orchestra.run.smithi059.stdout:/usr/bin/ceph: stderr
2024-05-08T05:17:27.655+0000 7f620d3cf700 1 -- start start
2024-05-08T05:17:28.998 INFO:teuthology.orchestra.run.smithi059.stdout:/usr/bin/ceph: stderr
2024-05-08T05:17:27.655+0000 7f620d3cf700 1 --2- >> [v2:172.21.15.59:3300/0,v1:172.21.15.59:6789/0] conn(0x7f620807f710 0x7f620807db70 unknown :-1 s=NONE pgs=0 cs=0 l=0 rev1=0 crypto rx=0 tx=0 comp rx=0 tx=0).connect
2024-05-08T05:17:28.998 INFO:teuthology.orchestra.run.smithi059.stdout:/usr/bin/ceph: stderr
2024-05-08T05:17:27.655+0000 7f620d3cf700 1 -- --> [v2:172.21.15.59:3300/0,v1:172.21.15.59:6789/0] -- mon_getmap magic: 0 -- 0x7f620807e140 con 0x7f620807f710
2024-05-08T05:17:28.998 INFO:teuthology.orchestra.run.smithi059.stdout:/usr/bin/ceph: stderr
2024-05-08T05:17:27.655+0000 7f6206ffd700 1 --2- >> [v2:172.21.15.59:3300/0,v1:172.21.15.59:6789/0] conn(0x7f620807f710 0x7f620807db70 unknown :-1 s=BANNER_CONNECTING pgs=0 cs=0 l=0 rev1=0 crypto rx=0 tx=0 comp rx=0 tx=0)._handle_peer_banner_payload supported=3 required=0
2024-05-08T05:17:28.998 INFO:teuthology.orchestra.run.smithi059.stdout:/usr/bin/ceph: stderr
2024-05-08T05:17:27.655+0000 7f6206ffd700 1 --2- >> [v2:172.21.15.59:3300/0,v1:172.21.15.59:6789/0] conn(0x7f620807f710 0x7f620807db70 unknown :-1 s=HELLO_CONNECTING pgs=0 cs=0 l=0 rev1=1 crypto rx=0 tx=0 comp rx=0 tx=0).handle_hello peer v2:172.21.15.59:3300/0 says I am v2:172.21.15.59:38802/0 (socket says 172.21.15.59:38802)
2024-05-08T05:17:28.998 INFO:teuthology.orchestra.run.smithi059.stdout:/usr/bin/ceph: stderr
2024-05-08T05:17:27.655+0000 7f6206ffd700 1 -- 172.21.15.59:0/694117182 learned_addr learned my addr 172.21.15.59:0/694117182 (peer_addr_for_me v2:172.21.15.59:0/0)
2024-05-08T05:17:28.998 INFO:teuthology.orchestra.run.smithi059.stdout:/usr/bin/ceph: stderr
2024-05-08T05:17:27.656+0000 7f6206ffd700 1 -- 172.21.15.59:0/694117182 --> [v2:172.21.15.59:3300/0,v1:172.21.15.59:6789/0] -- mon_subscribe({config=0+,monmap=0+}) -- 0x7f620807e2c0 con 0x7f620807f710
2024-05-08T05:17:28.998 INFO:teuthology.orchestra.run.smithi059.stdout:/usr/bin/ceph: stderr
2024-05-08T05:17:27.656+0000 7f6206ffd700 1 --2- 172.21.15.59:0/694117182 >> [v2:172.21.15.59:3300/0,v1:172.21.15.59:6789/0] conn(0x7f620807f710 0x7f620807db70 secure :-1 s=READY pgs=22 cs=0 l=1 rev1=1 crypto rx=0x7f61f80098a0 tx=0x7f61f8009bb0 comp rx=0 tx=0).ready entity=mon.0 client_cookie=bb995132aee15f5d server_cookie=0 in_seq=0 out_seq=0
2024-05-08T05:17:28.998 INFO:teuthology.orchestra.run.smithi059.stdout:/usr/bin/ceph: stderr
2024-05-08T05:17:27.656+0000 7f6205ffb700 1 -- 172.21.15.59:0/694117182 <== mon.0 v2:172.21.15.59:3300/0 1 ==== mon_map magic: 0 ==== 205+0+0 (secure 0 0 0) 0x7f61f8004160 con 0x7f620807f710
2024-05-08T05:17:28.998 INFO:teuthology.orchestra.run.smithi059.stdout:/usr/bin/ceph: stderr
2024-05-08T05:17:27.656+0000 7f6205ffb700 1 -- 172.21.15.59:0/694117182 <== mon.0 v2:172.21.15.59:3300/0 2 ==== config(26 keys) ==== 1070+0+0 (secure 0 0 0) 0x7f61f8004300 con 0x7f620807f710
2024-05-08T05:17:28.998 INFO:teuthology.orchestra.run.smithi059.stdout:/usr/bin/ceph: stderr
2024-05-08T05:17:27.656+0000 7f6205ffb700 1 -- 172.21.15.59:0/694117182 <== mon.0 v2:172.21.15.59:3300/0 3 ==== mon_map magic: 0 ==== 205+0+0 (secure 0 0 0) 0x7f61f8011af0 con 0x7f620807f710
2024-05-08T05:17:28.998 INFO:teuthology.orchestra.run.smithi059.stdout:/usr/bin/ceph: stderr
2024-05-08T05:17:27.656+0000 7f620d3cf700 1 -- 172.21.15.59:0/694117182 >> [v2:172.21.15.59:3300/0,v1:172.21.15.59:6789/0] conn(0x7f620807f710 msgr2=0x7f620807db70 secure :-1 s=STATE_CONNECTION_ESTABLISHED l=1).mark_down
2024-05-08T05:17:28.999 INFO:teuthology.orchestra.run.smithi059.stdout:/usr/bin/ceph: stderr
2024-05-08T05:17:27.656+0000 7f620d3cf700 1 --2- 172.21.15.59:0/694117182 >> [v2:172.21.15.59:3300/0,v1:172.21.15.59:6789/0] conn(0x7f620807f710 0x7f620807db70 secure :-1 s=READY pgs=22 cs=0 l=1 rev1=1 crypto rx=0x7f61f80098a0 tx=0x7f61f8009bb0 comp rx=0 tx=0).stop
2024-05-08T05:17:28.999 INFO:teuthology.orchestra.run.smithi059.stdout:/usr/bin/ceph: stderr
2024-05-08T05:17:27.657+0000 7f620d3cf700 1 -- 172.21.15.59:0/694117182 shutdown_connections
2024-05-08T05:17:28.999 INFO:teuthology.orchestra.run.smithi059.stdout:/usr/bin/ceph: stderr
2024-05-08T05:17:27.657+0000 7f620d3cf700 1 --2- 172.21.15.59:0/694117182 >> [v2:172.21.15.59:3300/0,v1:172.21.15.59:6789/0] conn(0x7f620807f710 0x7f620807db70 unknown :-1 s=CLOSED pgs=22 cs=0 l=1 rev1=1 crypto rx=0 tx=0 comp rx=0 tx=0).stop
2024-05-08T05:17:28.999 INFO:teuthology.orchestra.run.smithi059.stdout:/usr/bin/ceph: stderr
2024-05-08T05:17:27.657+0000 7f620d3cf700 1 -- 172.21.15.59:0/694117182 >> 172.21.15.59:0/694117182 conn(0x7f6208104410 msgr2=0x7f6208106830 unknown :-1 s=STATE_NONE l=0).mark_down
2024-05-08T05:17:28.999 INFO:teuthology.orchestra.run.smithi059.stdout:/usr/bin/ceph: stderr
2024-05-08T05:17:27.657+0000 7f620d3cf700 1 -- 172.21.15.59:0/694117182 shutdown_connections
2024-05-08T05:17:28.999 INFO:teuthology.orchestra.run.smithi059.stdout:/usr/bin/ceph: stderr
2024-05-08T05:17:27.657+0000 7f620d3cf700 1 -- 172.21.15.59:0/694117182 wait complete.
2024-05-08T05:17:28.999 INFO:teuthology.orchestra.run.smithi059.stdout:/usr/bin/ceph: stderr
2024-05-08T05:17:27.657+0000 7f620d3cf700 1 Processor -- start
2024-05-08T05:17:28.999 INFO:teuthology.orchestra.run.smithi059.stdout:/usr/bin/ceph: stderr
2024-05-08T05:17:27.657+0000 7f620d3cf700 1 -- start start
2024-05-08T05:17:28.999 INFO:teuthology.orchestra.run.smithi059.stdout:/usr/bin/ceph: stderr
2024-05-08T05:17:27.658+0000 7f620d3cf700 1 --2- >> [v2:172.21.15.59:3300/0,v1:172.21.15.59:6789/0] conn(0x7f620807f710 0x7f620819efa0 unknown :-1 s=NONE pgs=0 cs=0 l=1 rev1=0 crypto rx=0 tx=0 comp rx=0 tx=0).connect
2024-05-08T05:17:28.999 INFO:teuthology.orchestra.run.smithi059.stdout:/usr/bin/ceph: stderr
2024-05-08T05:17:27.658+0000 7f620d3cf700 1 -- --> [v2:172.21.15.59:3300/0,v1:172.21.15.59:6789/0] -- mon_getmap magic: 0 -- 0x7f620810f3e0 con 0x7f620807f710
2024-05-08T05:17:28.999 INFO:teuthology.orchestra.run.smithi059.stdout:/usr/bin/ceph: stderr
2024-05-08T05:17:27.658+0000 7f6206ffd700 1 --2- >> [v2:172.21.15.59:3300/0,v1:172.21.15.59:6789/0] conn(0x7f620807f710 0x7f620819efa0 unknown :-1 s=BANNER_CONNECTING pgs=0 cs=0 l=1 rev1=0 crypto rx=0 tx=0 comp rx=0 tx=0)._handle_peer_banner_payload supported=3 required=0
2024-05-08T05:17:28.999 INFO:teuthology.orchestra.run.smithi059.stdout:/usr/bin/ceph: stderr
2024-05-08T05:17:27.658+0000 7f6206ffd700 1 --2- >> [v2:172.21.15.59:3300/0,v1:172.21.15.59:6789/0] conn(0x7f620807f710 0x7f620819efa0 unknown :-1 s=HELLO_CONNECTING pgs=0 cs=0 l=1 rev1=1 crypto rx=0 tx=0 comp rx=0 tx=0).handle_hello peer v2:172.21.15.59:3300/0 says I am v2:172.21.15.59:38810/0 (socket says 172.21.15.59:38810)
2024-05-08T05:17:28.999 INFO:teuthology.orchestra.run.smithi059.stdout:/usr/bin/ceph: stderr
2024-05-08T05:17:27.658+0000 7f6206ffd700 1 -- 172.21.15.59:0/313040021 learned_addr learned my addr 172.21.15.59:0/313040021 (peer_addr_for_me v2:172.21.15.59:0/0)
2024-05-08T05:17:28.999 INFO:teuthology.orchestra.run.smithi059.stdout:/usr/bin/ceph: stderr
2024-05-08T05:17:27.658+0000 7f6206ffd700 1 -- 172.21.15.59:0/313040021 --> [v2:172.21.15.59:3300/0,v1:172.21.15.59:6789/0] -- mon_subscribe({config=0+,monmap=0+}) -- 0x7f620819f4e0 con 0x7f620807f710
2024-05-08T05:17:28.999 INFO:teuthology.orchestra.run.smithi059.stdout:/usr/bin/ceph: stderr
2024-05-08T05:17:27.658+0000 7f6206ffd700 1 --2- 172.21.15.59:0/313040021 >> [v2:172.21.15.59:3300/0,v1:172.21.15.59:6789/0] conn(0x7f620807f710 0x7f620819efa0 secure :-1 s=READY pgs=23 cs=0 l=1 rev1=1 crypto rx=0x7f61f8000c00 tx=0x7f61f8011b70 comp rx=0 tx=0).ready entity=mon.0 client_cookie=0 server_cookie=0 in_seq=0 out_seq=0
2024-05-08T05:17:29.000 INFO:teuthology.orchestra.run.smithi059.stdout:/usr/bin/ceph: stderr
2024-05-08T05:17:27.658+0000 7f61effff700 1 -- 172.21.15.59:0/313040021 <== mon.0 v2:172.21.15.59:3300/0 1 ==== mon_map magic: 0 ==== 205+0+0 (secure 0 0 0) 0x7f61f8003b20 con 0x7f620807f710
2024-05-08T05:17:29.000 INFO:teuthology.orchestra.run.smithi059.stdout:/usr/bin/ceph: stderr
2024-05-08T05:17:27.658+0000 7f620d3cf700 1 -- 172.21.15.59:0/313040021 --> [v2:172.21.15.59:3300/0,v1:172.21.15.59:6789/0] -- mon_subscribe({mgrmap=0+}) -- 0x7f620819f770 con 0x7f620807f710
2024-05-08T05:17:29.000 INFO:teuthology.orchestra.run.smithi059.stdout:/usr/bin/ceph: stderr
2024-05-08T05:17:27.659+0000 7f61effff700 1 -- 172.21.15.59:0/313040021 <== mon.0 v2:172.21.15.59:3300/0 2 ==== config(26 keys) ==== 1070+0+0 (secure 0 0 0) 0x7f61f801a8c0 con 0x7f620807f710
2024-05-08T05:17:29.000 INFO:teuthology.orchestra.run.smithi059.stdout:/usr/bin/ceph: stderr
2024-05-08T05:17:27.659+0000 7f61effff700 1 -- 172.21.15.59:0/313040021 <== mon.0 v2:172.21.15.59:3300/0 3 ==== mon_map magic: 0 ==== 205+0+0 (secure 0 0 0) 0x7f61f8024940 con 0x7f620807f710
2024-05-08T05:17:29.000 INFO:teuthology.orchestra.run.smithi059.stdout:/usr/bin/ceph: stderr
2024-05-08T05:17:27.659+0000 7f620d3cf700 1 -- 172.21.15.59:0/313040021 --> [v2:172.21.15.59:3300/0,v1:172.21.15.59:6789/0] -- mon_subscribe({osdmap=0}) -- 0x7f62081a0290 con 0x7f620807f710
2024-05-08T05:17:29.000 INFO:teuthology.orchestra.run.smithi059.stdout:/usr/bin/ceph: stderr
2024-05-08T05:17:27.660+0000 7f61effff700 1 -- 172.21.15.59:0/313040021 <== mon.0 v2:172.21.15.59:3300/0 4 ==== mgrmap(e 4) ==== 50211+0+0 (secure 0 0 0) 0x7f61f8022020 con 0x7f620807f710
2024-05-08T05:17:29.000 INFO:teuthology.orchestra.run.smithi059.stdout:/usr/bin/ceph: stderr
2024-05-08T05:17:27.660+0000 7f620d3cf700 1 -- 172.21.15.59:0/313040021 --> [v2:172.21.15.59:3300/0,v1:172.21.15.59:6789/0] -- mon_command({"prefix": "get_command_descriptions"} v 0) -- 0x7f6208064b00 con 0x7f620807f710
2024-05-08T05:17:29.000 INFO:teuthology.orchestra.run.smithi059.stdout:/usr/bin/ceph: stderr
2024-05-08T05:17:27.660+0000 7f61effff700 1 --2- 172.21.15.59:0/313040021 >> [v2:172.21.15.59:6800/817743540,v1:172.21.15.59:6801/817743540] conn(0x7f61f003e4e0 0x7f61f00409a0 unknown :-1 s=NONE pgs=0 cs=0 l=1 rev1=0 crypto rx=0 tx=0 comp rx=0 tx=0).connect
2024-05-08T05:17:29.000 INFO:teuthology.orchestra.run.smithi059.stdout:/usr/bin/ceph: stderr
2024-05-08T05:17:27.660+0000 7f61effff700 1 -- 172.21.15.59:0/313040021 <== mon.0 v2:172.21.15.59:3300/0 5 ==== osd_map(1..1 src has 1..1) ==== 725+0+0 (secure 0 0 0) 0x7f61f80533f0 con 0x7f620807f710
2024-05-08T05:17:29.000 INFO:teuthology.orchestra.run.smithi059.stdout:/usr/bin/ceph: stderr
2024-05-08T05:17:27.660+0000 7f62067fc700 1 --2- 172.21.15.59:0/313040021 >> [v2:172.21.15.59:6800/817743540,v1:172.21.15.59:6801/817743540] conn(0x7f61f003e4e0 0x7f61f00409a0 unknown :-1 s=BANNER_CONNECTING pgs=0 cs=0 l=1 rev1=0 crypto rx=0 tx=0 comp rx=0 tx=0)._handle_peer_banner_payload supported=3 required=0
2024-05-08T05:17:29.000 INFO:teuthology.orchestra.run.smithi059.stdout:/usr/bin/ceph: stderr
2024-05-08T05:17:27.660+0000 7f62067fc700 1 --2- 172.21.15.59:0/313040021 >> [v2:172.21.15.59:6800/817743540,v1:172.21.15.59:6801/817743540] conn(0x7f61f003e4e0 0x7f61f00409a0 secure :-1 s=READY pgs=8 cs=0 l=1 rev1=1 crypto rx=0x7f61fc006fd0 tx=0x7f61fc006e40 comp rx=0 tx=0).ready entity=mgr.14100 client_cookie=0 server_cookie=0 in_seq=0 out_seq=0
2024-05-08T05:17:29.000 INFO:teuthology.orchestra.run.smithi059.stdout:/usr/bin/ceph: stderr
2024-05-08T05:17:27.665+0000 7f61effff700 1 -- 172.21.15.59:0/313040021 <== mon.0 v2:172.21.15.59:3300/0 6 ==== mon_command_ack([{"prefix": "get_command_descriptions"}]=0 v0) ==== 72+0+191963 (secure 0 0 0) 0x7f61f80212c0 con 0x7f620807f710
2024-05-08T05:17:29.000 INFO:teuthology.orchestra.run.smithi059.stdout:/usr/bin/ceph: stderr
2024-05-08T05:17:27.941+0000 7f620d3cf700 1 -- 172.21.15.59:0/313040021 --> [v2:172.21.15.59:3300/0,v1:172.21.15.59:6789/0] -- mon_command({"prefix": "mgr module enable", "module": "cephadm"} v 0) -- 0x7f62081a07b0 con 0x7f620807f710
2024-05-08T05:17:29.000 INFO:teuthology.orchestra.run.smithi059.stdout:/usr/bin/ceph: stderr
2024-05-08T05:17:27.993+0000 7f61effff700 1 -- 172.21.15.59:0/313040021 <== mon.0 v2:172.21.15.59:3300/0 7 ==== mon_command_ack([{"prefix": "mgr module enable", "module": "cephadm"}]=0 v5) ==== 86+0+0 (secure 0 0 0) 0x7f61f80042c0 con 0x7f620807f710
2024-05-08T05:17:29.001 INFO:teuthology.orchestra.run.smithi059.stdout:/usr/bin/ceph: stderr
2024-05-08T05:17:27.994+0000 7f61effff700 1 -- 172.21.15.59:0/313040021 <== mon.0 v2:172.21.15.59:3300/0 8 ==== mgrmap(e 5) ==== 50222+0+0 (secure 0 0 0) 0x7f61f801aa70 con 0x7f620807f710
2024-05-08T05:17:29.001 INFO:teuthology.orchestra.run.smithi059.stdout:/usr/bin/ceph: stderr
2024-05-08T05:17:27.996+0000 7f620d3cf700 1 -- 172.21.15.59:0/313040021 >> [v2:172.21.15.59:6800/817743540,v1:172.21.15.59:6801/817743540] conn(0x7f61f003e4e0 msgr2=0x7f61f00409a0 secure :-1 s=STATE_CONNECTION_ESTABLISHED l=1).mark_down
2024-05-08T05:17:29.001 INFO:teuthology.orchestra.run.smithi059.stdout:/usr/bin/ceph: stderr
2024-05-08T05:17:27.996+0000 7f620d3cf700 1 --2- 172.21.15.59:0/313040021 >> [v2:172.21.15.59:6800/817743540,v1:172.21.15.59:6801/817743540] conn(0x7f61f003e4e0 0x7f61f00409a0 secure :-1 s=READY pgs=8 cs=0 l=1 rev1=1 crypto rx=0x7f61fc006fd0 tx=0x7f61fc006e40 comp rx=0 tx=0).stop
2024-05-08T05:17:29.001 INFO:teuthology.orchestra.run.smithi059.stdout:/usr/bin/ceph: stderr
2024-05-08T05:17:27.996+0000 7f620d3cf700 1 -- 172.21.15.59:0/313040021 >> [v2:172.21.15.59:3300/0,v1:172.21.15.59:6789/0] conn(0x7f620807f710 msgr2=0x7f620819efa0 secure :-1 s=STATE_CONNECTION_ESTABLISHED l=1).mark_down
2024-05-08T05:17:29.001 INFO:teuthology.orchestra.run.smithi059.stdout:/usr/bin/ceph: stderr
2024-05-08T05:17:27.996+0000 7f620d3cf700 1 --2- 172.21.15.59:0/313040021 >> [v2:172.21.15.59:3300/0,v1:172.21.15.59:6789/0] conn(0x7f620807f710 0x7f620819efa0 secure :-1 s=READY pgs=23 cs=0 l=1 rev1=1 crypto rx=0x7f61f8000c00 tx=0x7f61f8011b70 comp rx=0 tx=0).stop
2024-05-08T05:17:29.001 INFO:teuthology.orchestra.run.smithi059.stdout:/usr/bin/ceph: stderr
2024-05-08T05:17:27.996+0000 7f620d3cf700 1 -- 172.21.15.59:0/313040021 shutdown_connections
2024-05-08T05:17:29.001 INFO:teuthology.orchestra.run.smithi059.stdout:/usr/bin/ceph: stderr
2024-05-08T05:17:27.996+0000 7f620d3cf700 1 --2- 172.21.15.59:0/313040021 >> [v2:172.21.15.59:6800/817743540,v1:172.21.15.59:6801/817743540] conn(0x7f61f003e4e0 0x7f61f00409a0 unknown :-1 s=CLOSED pgs=8 cs=0 l=1 rev1=1 crypto rx=0 tx=0 comp rx=0 tx=0).stop
2024-05-08T05:17:29.001 INFO:teuthology.orchestra.run.smithi059.stdout:/usr/bin/ceph: stderr
2024-05-08T05:17:27.996+0000 7f620d3cf700 1 --2- 172.21.15.59:0/313040021 >> [v2:172.21.15.59:3300/0,v1:172.21.15.59:6789/0] conn(0x7f620807f710 0x7f620819efa0 unknown :-1 s=CLOSED pgs=23 cs=0 l=1 rev1=1 crypto rx=0 tx=0 comp rx=0 tx=0).stop
2024-05-08T05:17:29.001 INFO:teuthology.orchestra.run.smithi059.stdout:/usr/bin/ceph: stderr
2024-05-08T05:17:27.996+0000 7f620d3cf700 1 -- 172.21.15.59:0/313040021 >> 172.21.15.59:0/313040021 conn(0x7f6208104410 msgr2=0x7f6208104f00 unknown :-1 s=STATE_NONE l=0).mark_down
2024-05-08T05:17:29.001 INFO:teuthology.orchestra.run.smithi059.stdout:/usr/bin/ceph: stderr
2024-05-08T05:17:27.996+0000 7f620d3cf700 1 -- 172.21.15.59:0/313040021 shutdown_connections
2024-05-08T05:17:29.001 INFO:teuthology.orchestra.run.smithi059.stdout:/usr/bin/ceph: stderr
2024-05-08T05:17:27.996+0000 7f620d3cf700 1 -- 172.21.15.59:0/313040021 wait complete.
2024-05-08T05:17:29.086 INFO:journalctl@ceph.mon.a.smithi059.stdout:May 08 05:17:28 smithi059 ceph-mon[30304]: from='client.? 172.21.15.59:0/313040021' entity='client.admin' cmd='[{"prefix": "mgr module enable", "module": "cephadm"}]': finished
2024-05-08T05:17:29.086 INFO:journalctl@ceph.mon.a.smithi059.stdout:May 08 05:17:28 smithi059 ceph-mon[30304]: mgrmap e5: x(active, since 13s)
2024-05-08T05:17:29.086 INFO:journalctl@ceph.mgr.x.smithi059.stdout:May 08 05:17:28 smithi059 ceph-0bf01a10-0cfa-11ef-bc97-c7b262605968-mgr-x[30539]:
2024-05-08T05:17:28.882+0000 7f9d5da05200 -1 mgr[py] Module influx has missing NOTIFY_TYPES member
2024-05-08T05:17:30.336 INFO:journalctl@ceph.mon.a.smithi059.stdout:May 08 05:17:29 smithi059 ceph-mon[30304]: from='client.? 172.21.15.59:0/3237239644' entity='client.admin' cmd=[{"prefix": "mgr stat"}]: dispatch
2024-05-08T05:17:30.336 INFO:journalctl@ceph.mgr.x.smithi059.stdout:May 08 05:17:30 smithi059 ceph-0bf01a10-0cfa-11ef-bc97-c7b262605968-mgr-x[30539]:
2024-05-08T05:17:30.167+0000 7f9d5da05200 -1 mgr[py] Module telegraf has missing NOTIFY_TYPES member
2024-05-08T05:17:30.362 INFO:teuthology.orchestra.run.smithi059.stdout:/usr/bin/ceph: stdout {
2024-05-08T05:17:30.362 INFO:teuthology.orchestra.run.smithi059.stdout:/usr/bin/ceph: stdout "epoch": 5,
2024-05-08T05:17:30.362 INFO:teuthology.orchestra.run.smithi059.stdout:/usr/bin/ceph: stdout "available": true,
2024-05-08T05:17:30.362 INFO:teuthology.orchestra.run.smithi059.stdout:/usr/bin/ceph: stdout "active_name": "x",
2024-05-08T05:17:30.362 INFO:teuthology.orchestra.run.smithi059.stdout:/usr/bin/ceph: stdout "num_standby": 0
2024-05-08T05:17:30.362 INFO:teuthology.orchestra.run.smithi059.stdout:/usr/bin/ceph: stdout }
2024-05-08T05:17:30.362 INFO:teuthology.orchestra.run.smithi059.stdout:/usr/bin/ceph: stderr
2024-05-08T05:17:29.453+0000 7fb27b19e700 1 Processor -- start
2024-05-08T05:17:30.362 INFO:teuthology.orchestra.run.smithi059.stdout:/usr/bin/ceph: stderr
2024-05-08T05:17:29.453+0000 7fb27b19e700 1 -- start start
2024-05-08T05:17:30.363 INFO:teuthology.orchestra.run.smithi059.stdout:/usr/bin/ceph: stderr
2024-05-08T05:17:29.453+0000 7fb27b19e700 1 --2- >> [v2:172.21.15.59:3300/0,v1:172.21.15.59:6789/0] conn(0x7fb274108e90 0x7fb2741092b0 unknown :-1 s=NONE pgs=0 cs=0 l=0 rev1=0 crypto rx=0 tx=0 comp rx=0 tx=0).connect
2024-05-08T05:17:30.363 INFO:teuthology.orchestra.run.smithi059.stdout:/usr/bin/ceph: stderr
2024-05-08T05:17:29.453+0000 7fb27b19e700 1 -- --> [v2:172.21.15.59:3300/0,v1:172.21.15.59:6789/0] -- mon_getmap magic: 0 -- 0x7fb2741097f0 con 0x7fb274108e90
2024-05-08T05:17:30.363 INFO:teuthology.orchestra.run.smithi059.stdout:/usr/bin/ceph: stderr
2024-05-08T05:17:29.453+0000 7fb278f3a700 1 --2- >> [v2:172.21.15.59:3300/0,v1:172.21.15.59:6789/0] conn(0x7fb274108e90 0x7fb2741092b0 unknown :-1 s=BANNER_CONNECTING pgs=0 cs=0 l=0 rev1=0 crypto rx=0 tx=0 comp rx=0 tx=0)._handle_peer_banner_payload supported=3 required=0
2024-05-08T05:17:30.363 INFO:teuthology.orchestra.run.smithi059.stdout:/usr/bin/ceph: stderr
2024-05-08T05:17:29.453+0000 7fb278f3a700 1 --2- >> [v2:172.21.15.59:3300/0,v1:172.21.15.59:6789/0] conn(0x7fb274108e90 0x7fb2741092b0 unknown :-1 s=HELLO_CONNECTING pgs=0 cs=0 l=0 rev1=1 crypto rx=0 tx=0 comp rx=0 tx=0).handle_hello peer v2:172.21.15.59:3300/0 says I am v2:172.21.15.59:39482/0 (socket says 172.21.15.59:39482)
2024-05-08T05:17:30.363 INFO:teuthology.orchestra.run.smithi059.stdout:/usr/bin/ceph: stderr
2024-05-08T05:17:29.453+0000 7fb278f3a700 1 -- 172.21.15.59:0/1495861438 learned_addr learned my addr 172.21.15.59:0/1495861438 (peer_addr_for_me v2:172.21.15.59:0/0)
2024-05-08T05:17:30.363 INFO:teuthology.orchestra.run.smithi059.stdout:/usr/bin/ceph: stderr
2024-05-08T05:17:29.453+0000 7fb278f3a700 1 -- 172.21.15.59:0/1495861438 --> [v2:172.21.15.59:3300/0,v1:172.21.15.59:6789/0] -- mon_subscribe({config=0+,monmap=0+}) -- 0x7fb274109ff0 con 0x7fb274108e90
2024-05-08T05:17:30.363 INFO:teuthology.orchestra.run.smithi059.stdout:/usr/bin/ceph: stderr
2024-05-08T05:17:29.454+0000 7fb278f3a700 1 --2- 172.21.15.59:0/1495861438 >> [v2:172.21.15.59:3300/0,v1:172.21.15.59:6789/0] conn(0x7fb274108e90 0x7fb2741092b0 secure :-1 s=READY pgs=26 cs=0 l=1 rev1=1 crypto rx=0x7fb2680098a0 tx=0x7fb268009bb0 comp rx=0 tx=0).ready entity=mon.0 client_cookie=a0da563e39415a1b server_cookie=0 in_seq=0 out_seq=0
2024-05-08T05:17:30.363 INFO:teuthology.orchestra.run.smithi059.stdout:/usr/bin/ceph: stderr
2024-05-08T05:17:29.454+0000 7fb2737fe700 1 -- 172.21.15.59:0/1495861438 <== mon.0 v2:172.21.15.59:3300/0 1 ==== mon_map magic: 0 ==== 205+0+0 (secure 0 0 0) 0x7fb268004160 con 0x7fb274108e90
2024-05-08T05:17:30.363 INFO:teuthology.orchestra.run.smithi059.stdout:/usr/bin/ceph: stderr
2024-05-08T05:17:29.454+0000 7fb2737fe700 1 -- 172.21.15.59:0/1495861438 <== mon.0 v2:172.21.15.59:3300/0 2 ==== config(26 keys) ==== 1070+0+0 (secure 0 0 0) 0x7fb268004300 con 0x7fb274108e90
2024-05-08T05:17:30.363 INFO:teuthology.orchestra.run.smithi059.stdout:/usr/bin/ceph: stderr
2024-05-08T05:17:29.454+0000 7fb2737fe700 1 -- 172.21.15.59:0/1495861438 <== mon.0 v2:172.21.15.59:3300/0 3 ==== mon_map magic: 0 ==== 205+0+0 (secure 0 0 0) 0x7fb268011af0 con 0x7fb274108e90
2024-05-08T05:17:30.363 INFO:teuthology.orchestra.run.smithi059.stdout:/usr/bin/ceph: stderr
2024-05-08T05:17:29.454+0000 7fb27b19e700 1 -- 172.21.15.59:0/1495861438 >> [v2:172.21.15.59:3300/0,v1:172.21.15.59:6789/0] conn(0x7fb274108e90 msgr2=0x7fb2741092b0 secure :-1 s=STATE_CONNECTION_ESTABLISHED l=1).mark_down
2024-05-08T05:17:30.363 INFO:teuthology.orchestra.run.smithi059.stdout:/usr/bin/ceph: stderr
2024-05-08T05:17:29.454+0000 7fb27b19e700 1 --2- 172.21.15.59:0/1495861438 >> [v2:172.21.15.59:3300/0,v1:172.21.15.59:6789/0] conn(0x7fb274108e90 0x7fb2741092b0 secure :-1 s=READY pgs=26 cs=0 l=1 rev1=1 crypto rx=0x7fb2680098a0 tx=0x7fb268009bb0 comp rx=0 tx=0).stop
2024-05-08T05:17:30.363 INFO:teuthology.orchestra.run.smithi059.stdout:/usr/bin/ceph: stderr
2024-05-08T05:17:29.454+0000 7fb27b19e700 1 -- 172.21.15.59:0/1495861438 shutdown_connections
2024-05-08T05:17:30.363 INFO:teuthology.orchestra.run.smithi059.stdout:/usr/bin/ceph: stderr
2024-05-08T05:17:29.454+0000 7fb27b19e700 1 --2- 172.21.15.59:0/1495861438 >> [v2:172.21.15.59:3300/0,v1:172.21.15.59:6789/0] conn(0x7fb274108e90 0x7fb2741092b0 unknown :-1 s=CLOSED pgs=26 cs=0 l=1 rev1=1 crypto rx=0 tx=0 comp rx=0 tx=0).stop
2024-05-08T05:17:30.364 INFO:teuthology.orchestra.run.smithi059.stdout:/usr/bin/ceph: stderr
2024-05-08T05:17:29.454+0000 7fb27b19e700 1 -- 172.21.15.59:0/1495861438 >> 172.21.15.59:0/1495861438 conn(0x7fb274104490 msgr2=0x7fb2741068b0 unknown :-1 s=STATE_NONE l=0).mark_down
2024-05-08T05:17:30.364 INFO:teuthology.orchestra.run.smithi059.stdout:/usr/bin/ceph: stderr
2024-05-08T05:17:29.455+0000 7fb27b19e700 1 -- 172.21.15.59:0/1495861438 shutdown_connections
2024-05-08T05:17:30.364 INFO:teuthology.orchestra.run.smithi059.stdout:/usr/bin/ceph: stderr
2024-05-08T05:17:29.455+0000 7fb27b19e700 1 -- 172.21.15.59:0/1495861438 wait complete.
2024-05-08T05:17:30.364 INFO:teuthology.orchestra.run.smithi059.stdout:/usr/bin/ceph: stderr
2024-05-08T05:17:29.455+0000 7fb27b19e700 1 Processor -- start
2024-05-08T05:17:30.364 INFO:teuthology.orchestra.run.smithi059.stdout:/usr/bin/ceph: stderr
2024-05-08T05:17:29.455+0000 7fb27b19e700 1 -- start start
2024-05-08T05:17:30.364 INFO:teuthology.orchestra.run.smithi059.stdout:/usr/bin/ceph: stderr
2024-05-08T05:17:29.455+0000 7fb27b19e700 1 --2- >> [v2:172.21.15.59:3300/0,v1:172.21.15.59:6789/0] conn(0x7fb274108e90 0x7fb27419ced0 unknown :-1 s=NONE pgs=0 cs=0 l=1 rev1=0 crypto rx=0 tx=0 comp rx=0 tx=0).connect
2024-05-08T05:17:30.364 INFO:teuthology.orchestra.run.smithi059.stdout:/usr/bin/ceph: stderr
2024-05-08T05:17:29.455+0000 7fb27b19e700 1 -- --> [v2:172.21.15.59:3300/0,v1:172.21.15.59:6789/0] -- mon_getmap magic: 0 -- 0x7fb27410d430 con 0x7fb274108e90
2024-05-08T05:17:30.364 INFO:teuthology.orchestra.run.smithi059.stdout:/usr/bin/ceph: stderr
2024-05-08T05:17:29.455+0000 7fb278f3a700 1 --2- >> [v2:172.21.15.59:3300/0,v1:172.21.15.59:6789/0] conn(0x7fb274108e90 0x7fb27419ced0 unknown :-1 s=BANNER_CONNECTING pgs=0 cs=0 l=1 rev1=0 crypto rx=0 tx=0 comp rx=0 tx=0)._handle_peer_banner_payload supported=3 required=0
2024-05-08T05:17:30.364 INFO:teuthology.orchestra.run.smithi059.stdout:/usr/bin/ceph: stderr
2024-05-08T05:17:29.456+0000 7fb278f3a700 1 --2- >> [v2:172.21.15.59:3300/0,v1:172.21.15.59:6789/0] conn(0x7fb274108e90 0x7fb27419ced0 unknown :-1 s=HELLO_CONNECTING pgs=0 cs=0 l=1 rev1=1 crypto rx=0 tx=0 comp rx=0 tx=0).handle_hello peer v2:172.21.15.59:3300/0 says I am v2:172.21.15.59:39484/0 (socket says 172.21.15.59:39484)
2024-05-08T05:17:30.364 INFO:teuthology.orchestra.run.smithi059.stdout:/usr/bin/ceph: stderr
2024-05-08T05:17:29.456+0000 7fb278f3a700 1 -- 172.21.15.59:0/3237239644 learned_addr learned my addr 172.21.15.59:0/3237239644 (peer_addr_for_me v2:172.21.15.59:0/0)
2024-05-08T05:17:30.364 INFO:teuthology.orchestra.run.smithi059.stdout:/usr/bin/ceph: stderr
2024-05-08T05:17:29.456+0000 7fb278f3a700 1 -- 172.21.15.59:0/3237239644 --> [v2:172.21.15.59:3300/0,v1:172.21.15.59:6789/0] -- mon_subscribe({config=0+,monmap=0+}) -- 0x7fb27419d410 con 0x7fb274108e90
2024-05-08T05:17:30.364 INFO:teuthology.orchestra.run.smithi059.stdout:/usr/bin/ceph: stderr
2024-05-08T05:17:29.456+0000 7fb278f3a700 1 --2- 172.21.15.59:0/3237239644 >> [v2:172.21.15.59:3300/0,v1:172.21.15.59:6789/0] conn(0x7fb274108e90 0x7fb27419ced0 secure :-1 s=READY pgs=27 cs=0 l=1 rev1=1 crypto rx=0x7fb268011ac0 tx=0x7fb268011ba0 comp rx=0 tx=0).ready entity=mon.0 client_cookie=0 server_cookie=0 in_seq=0 out_seq=0
2024-05-08T05:17:30.364 INFO:teuthology.orchestra.run.smithi059.stdout:/usr/bin/ceph: stderr
2024-05-08T05:17:29.456+0000 7fb271ffb700 1 -- 172.21.15.59:0/3237239644 <== mon.0 v2:172.21.15.59:3300/0 1 ==== mon_map magic: 0 ==== 205+0+0 (secure 0 0 0) 0x7fb268003970 con 0x7fb274108e90
2024-05-08T05:17:30.364 INFO:teuthology.orchestra.run.smithi059.stdout:/usr/bin/ceph: stderr
2024-05-08T05:17:29.456+0000 7fb271ffb700 1 -- 172.21.15.59:0/3237239644 <== mon.0 v2:172.21.15.59:3300/0 2 ==== config(26 keys) ==== 1070+0+0 (secure 0 0 0) 0x7fb268003b10 con 0x7fb274108e90
2024-05-08T05:17:30.365 INFO:teuthology.orchestra.run.smithi059.stdout:/usr/bin/ceph: stderr
2024-05-08T05:17:29.456+0000 7fb27b19e700 1 -- 172.21.15.59:0/3237239644 --> [v2:172.21.15.59:3300/0,v1:172.21.15.59:6789/0] -- mon_subscribe({mgrmap=0+}) -- 0x7fb27419d6a0 con 0x7fb274108e90
2024-05-08T05:17:30.365 INFO:teuthology.orchestra.run.smithi059.stdout:/usr/bin/ceph: stderr
2024-05-08T05:17:29.456+0000 7fb271ffb700 1 -- 172.21.15.59:0/3237239644 <== mon.0 v2:172.21.15.59:3300/0 3 ==== mon_map magic: 0 ==== 205+0+0 (secure 0 0 0) 0x7fb268024610 con 0x7fb274108e90
2024-05-08T05:17:30.365 INFO:teuthology.orchestra.run.smithi059.stdout:/usr/bin/ceph: stderr
2024-05-08T05:17:29.456+0000 7fb27b19e700 1 -- 172.21.15.59:0/3237239644 --> [v2:172.21.15.59:3300/0,v1:172.21.15.59:6789/0] -- mon_subscribe({osdmap=0}) -- 0x7fb27419e080 con 0x7fb274108e90
2024-05-08T05:17:30.365 INFO:teuthology.orchestra.run.smithi059.stdout:/usr/bin/ceph: stderr
2024-05-08T05:17:29.457+0000 7fb271ffb700 1 -- 172.21.15.59:0/3237239644 <== mon.0 v2:172.21.15.59:3300/0 4 ==== mgrmap(e 5) ==== 50222+0+0 (secure 0 0 0) 0x7fb268024890 con 0x7fb274108e90
2024-05-08T05:17:30.365 INFO:teuthology.orchestra.run.smithi059.stdout:/usr/bin/ceph: stderr
2024-05-08T05:17:29.458+0000 7fb271ffb700 1 --2- 172.21.15.59:0/3237239644 >> [v2:172.21.15.59:6800/817743540,v1:172.21.15.59:6801/817743540] conn(0x7fb26403e530 0x7fb2640409f0 unknown :-1 s=NONE pgs=0 cs=0 l=1 rev1=0 crypto rx=0 tx=0 comp rx=0 tx=0).connect
2024-05-08T05:17:30.365 INFO:teuthology.orchestra.run.smithi059.stdout:/usr/bin/ceph: stderr
2024-05-08T05:17:29.458+0000 7fb271ffb700 1 -- 172.21.15.59:0/3237239644 <== mon.0 v2:172.21.15.59:3300/0 5 ==== osd_map(1..1 src has 1..1) ==== 725+0+0 (secure 0 0 0) 0x7fb2680538b0 con 0x7fb274108e90
2024-05-08T05:17:30.365 INFO:teuthology.orchestra.run.smithi059.stdout:/usr/bin/ceph: stderr
2024-05-08T05:17:29.458+0000 7fb273fff700 1 -- 172.21.15.59:0/3237239644 >> [v2:172.21.15.59:6800/817743540,v1:172.21.15.59:6801/817743540] conn(0x7fb26403e530 msgr2=0x7fb2640409f0 unknown :-1 s=STATE_CONNECTING_RE l=1).process reconnect failed to v2:172.21.15.59:6800/817743540
2024-05-08T05:17:30.365 INFO:teuthology.orchestra.run.smithi059.stdout:/usr/bin/ceph: stderr
2024-05-08T05:17:29.458+0000 7fb273fff700 1 --2- 172.21.15.59:0/3237239644 >> [v2:172.21.15.59:6800/817743540,v1:172.21.15.59:6801/817743540] conn(0x7fb26403e530 0x7fb2640409f0 unknown :-1 s=START_CONNECT pgs=0 cs=0 l=1 rev1=0 crypto rx=0 tx=0 comp rx=0 tx=0)._fault waiting 0.200000
2024-05-08T05:17:30.365 INFO:teuthology.orchestra.run.smithi059.stdout:/usr/bin/ceph: stderr
2024-05-08T05:17:29.458+0000 7fb27b19e700 1 -- 172.21.15.59:0/3237239644 --> [v2:172.21.15.59:3300/0,v1:172.21.15.59:6789/0] -- mon_command({"prefix": "get_command_descriptions"} v 0) -- 0x7fb274064b00 con 0x7fb274108e90
2024-05-08T05:17:30.365 INFO:teuthology.orchestra.run.smithi059.stdout:/usr/bin/ceph: stderr
2024-05-08T05:17:29.463+0000 7fb271ffb700 1 -- 172.21.15.59:0/3237239644 <== mon.0 v2:172.21.15.59:3300/0 6 ==== mon_command_ack([{"prefix": "get_command_descriptions"}]=0 v0) ==== 72+0+191963 (secure 0 0 0) 0x7fb26802c350 con 0x7fb274108e90
2024-05-08T05:17:30.365 INFO:teuthology.orchestra.run.smithi059.stdout:/usr/bin/ceph: stderr
2024-05-08T05:17:29.659+0000 7fb273fff700 1 -- 172.21.15.59:0/3237239644 >> [v2:172.21.15.59:6800/817743540,v1:172.21.15.59:6801/817743540] conn(0x7fb26403e530 msgr2=0x7fb2640409f0 unknown :-1 s=STATE_CONNECTING_RE l=1).process reconnect failed to v2:172.21.15.59:6800/817743540
2024-05-08T05:17:30.365 INFO:teuthology.orchestra.run.smithi059.stdout:/usr/bin/ceph: stderr
2024-05-08T05:17:29.659+0000 7fb273fff700 1 --2- 172.21.15.59:0/3237239644 >> [v2:172.21.15.59:6800/817743540,v1:172.21.15.59:6801/817743540] conn(0x7fb26403e530 0x7fb2640409f0 unknown :-1 s=START_CONNECT pgs=0 cs=0 l=1 rev1=0 crypto rx=0 tx=0 comp rx=0 tx=0)._fault waiting 0.400000
2024-05-08T05:17:30.365 INFO:teuthology.orchestra.run.smithi059.stdout:/usr/bin/ceph: stderr
2024-05-08T05:17:29.751+0000 7fb27b19e700 1 -- 172.21.15.59:0/3237239644 --> [v2:172.21.15.59:3300/0,v1:172.21.15.59:6789/0] -- mon_command({"prefix": "mgr stat"} v 0) -- 0x7fb27419e710 con 0x7fb274108e90
2024-05-08T05:17:30.366 INFO:teuthology.orchestra.run.smithi059.stdout:/usr/bin/ceph: stderr
2024-05-08T05:17:29.751+0000 7fb271ffb700 1 -- 172.21.15.59:0/3237239644 <== mon.0 v2:172.21.15.59:3300/0 7 ==== mon_command_ack([{"prefix": "mgr stat"}]=0 v5) ==== 56+0+88 (secure 0 0 0) 0x7fb2680172b0 con 0x7fb274108e90
2024-05-08T05:17:30.366 INFO:teuthology.orchestra.run.smithi059.stdout:/usr/bin/ceph: stderr
2024-05-08T05:17:29.754+0000 7fb27b19e700 1 -- 172.21.15.59:0/3237239644 >> [v2:172.21.15.59:6800/817743540,v1:172.21.15.59:6801/817743540] conn(0x7fb26403e530 msgr2=0x7fb2640409f0 unknown :-1 s=STATE_CONNECTING l=1).mark_down
2024-05-08T05:17:30.366 INFO:teuthology.orchestra.run.smithi059.stdout:/usr/bin/ceph: stderr
2024-05-08T05:17:29.754+0000 7fb27b19e700 1 --2- 172.21.15.59:0/3237239644 >> [v2:172.21.15.59:6800/817743540,v1:172.21.15.59:6801/817743540] conn(0x7fb26403e530 0x7fb2640409f0 unknown :-1 s=START_CONNECT pgs=0 cs=0 l=1 rev1=0 crypto rx=0 tx=0 comp rx=0 tx=0).stop
2024-05-08T05:17:30.366 INFO:teuthology.orchestra.run.smithi059.stdout:/usr/bin/ceph: stderr
2024-05-08T05:17:29.754+0000 7fb27b19e700 1 -- 172.21.15.59:0/3237239644 >> [v2:172.21.15.59:3300/0,v1:172.21.15.59:6789/0] conn(0x7fb274108e90 msgr2=0x7fb27419ced0 secure :-1 s=STATE_CONNECTION_ESTABLISHED l=1).mark_down
2024-05-08T05:17:30.366 INFO:teuthology.orchestra.run.smithi059.stdout:/usr/bin/ceph: stderr
2024-05-08T05:17:29.754+0000 7fb27b19e700 1 --2- 172.21.15.59:0/3237239644 >> [v2:172.21.15.59:3300/0,v1:172.21.15.59:6789/0] conn(0x7fb274108e90 0x7fb27419ced0 secure :-1 s=READY pgs=27 cs=0 l=1 rev1=1 crypto rx=0x7fb268011ac0 tx=0x7fb268011ba0 comp rx=0 tx=0).stop
2024-05-08T05:17:30.366 INFO:teuthology.orchestra.run.smithi059.stdout:/usr/bin/ceph: stderr
2024-05-08T05:17:29.754+0000 7fb27b19e700 1 -- 172.21.15.59:0/3237239644 shutdown_connections
2024-05-08T05:17:30.366 INFO:teuthology.orchestra.run.smithi059.stdout:/usr/bin/ceph: stderr
2024-05-08T05:17:29.754+0000 7fb27b19e700 1 --2- 172.21.15.59:0/3237239644 >> [v2:172.21.15.59:6800/817743540,v1:172.21.15.59:6801/817743540] conn(0x7fb26403e530 0x7fb2640409f0 unknown :-1 s=CLOSED pgs=0 cs=0 l=1 rev1=0 crypto rx=0 tx=0 comp rx=0 tx=0).stop
2024-05-08T05:17:30.366 INFO:teuthology.orchestra.run.smithi059.stdout:/usr/bin/ceph: stderr
2024-05-08T05:17:29.754+0000 7fb27b19e700 1 --2- 172.21.15.59:0/3237239644 >> [v2:172.21.15.59:3300/0,v1:172.21.15.59:6789/0] conn(0x7fb274108e90 0x7fb27419ced0 unknown :-1 s=CLOSED pgs=27 cs=0 l=1 rev1=1 crypto rx=0 tx=0 comp rx=0 tx=0).stop
2024-05-08T05:17:30.366 INFO:teuthology.orchestra.run.smithi059.stdout:/usr/bin/ceph: stderr
2024-05-08T05:17:29.754+0000 7fb27b19e700 1 -- 172.21.15.59:0/3237239644 >> 172.21.15.59:0/3237239644 conn(0x7fb274104490 msgr2=0x7fb274104ee0 unknown :-1 s=STATE_NONE l=0).mark_down
