2024-05-08T05:17:39.423 INFO:teuthology.orchestra.run.smithi059.stdout:/usr/bin/ceph: stderr
2024-05-08T05:17:38.595+0000 7f49d557c700 1 -- 172.21.15.59:0/3273865958 --> [v2:172.21.15.59:3300/0,v1:172.21.15.59:6789/0] -- mon_subscribe({config=0+,monmap=0+}) -- 0x7f49d0108080 con 0x7f49d0107720
2024-05-08T05:17:39.423 INFO:teuthology.orchestra.run.smithi059.stdout:/usr/bin/ceph: stderr
2024-05-08T05:17:38.596+0000 7f49d557c700 1 --2- 172.21.15.59:0/3273865958 >> [v2:172.21.15.59:3300/0,v1:172.21.15.59:6789/0] conn(0x7f49d0107720 0x7f49d0107b40 secure :-1 s=READY pgs=39 cs=0 l=1 rev1=1 crypto rx=0x7f49cc0098a0 tx=0x7f49cc009bb0 comp rx=0 tx=0).ready entity=mon.0 client_cookie=697129dce323e549 server_cookie=0 in_seq=0 out_seq=0
2024-05-08T05:17:39.423 INFO:teuthology.orchestra.run.smithi059.stdout:/usr/bin/ceph: stderr
2024-05-08T05:17:38.596+0000 7f49c7fff700 1 -- 172.21.15.59:0/3273865958 <== mon.0 v2:172.21.15.59:3300/0 1 ==== mon_map magic: 0 ==== 205+0+0 (secure 0 0 0) 0x7f49cc004160 con 0x7f49d0107720
2024-05-08T05:17:39.424 INFO:teuthology.orchestra.run.smithi059.stdout:/usr/bin/ceph: stderr
2024-05-08T05:17:38.596+0000 7f49c7fff700 1 -- 172.21.15.59:0/3273865958 <== mon.0 v2:172.21.15.59:3300/0 2 ==== config(26 keys) ==== 1070+0+0 (secure 0 0 0) 0x7f49cc004300 con 0x7f49d0107720
2024-05-08T05:17:39.424 INFO:teuthology.orchestra.run.smithi059.stdout:/usr/bin/ceph: stderr
2024-05-08T05:17:38.596+0000 7f49c7fff700 1 -- 172.21.15.59:0/3273865958 <== mon.0 v2:172.21.15.59:3300/0 3 ==== mon_map magic: 0 ==== 205+0+0 (secure 0 0 0) 0x7f49cc011af0 con 0x7f49d0107720
2024-05-08T05:17:39.424 INFO:teuthology.orchestra.run.smithi059.stdout:/usr/bin/ceph: stderr
2024-05-08T05:17:38.596+0000 7f49d77e0700 1 -- 172.21.15.59:0/3273865958 >> [v2:172.21.15.59:3300/0,v1:172.21.15.59:6789/0] conn(0x7f49d0107720 msgr2=0x7f49d0107b40 secure :-1 s=STATE_CONNECTION_ESTABLISHED l=1).mark_down
2024-05-08T05:17:39.424 INFO:teuthology.orchestra.run.smithi059.stdout:/usr/bin/ceph: stderr
2024-05-08T05:17:38.596+0000 7f49d77e0700 1 --2- 172.21.15.59:0/3273865958 >> [v2:172.21.15.59:3300/0,v1:172.21.15.59:6789/0] conn(0x7f49d0107720 0x7f49d0107b40 secure :-1 s=READY pgs=39 cs=0 l=1 rev1=1 crypto rx=0x7f49cc0098a0 tx=0x7f49cc009bb0 comp rx=0 tx=0).stop
2024-05-08T05:17:39.424 INFO:teuthology.orchestra.run.smithi059.stdout:/usr/bin/ceph: stderr
2024-05-08T05:17:38.597+0000 7f49d77e0700 1 -- 172.21.15.59:0/3273865958 shutdown_connections
2024-05-08T05:17:39.424 INFO:teuthology.orchestra.run.smithi059.stdout:/usr/bin/ceph: stderr
2024-05-08T05:17:38.597+0000 7f49d77e0700 1 --2- 172.21.15.59:0/3273865958 >> [v2:172.21.15.59:3300/0,v1:172.21.15.59:6789/0] conn(0x7f49d0107720 0x7f49d0107b40 unknown :-1 s=CLOSED pgs=39 cs=0 l=1 rev1=1 crypto rx=0 tx=0 comp rx=0 tx=0).stop
2024-05-08T05:17:39.424 INFO:teuthology.orchestra.run.smithi059.stdout:/usr/bin/ceph: stderr
2024-05-08T05:17:38.597+0000 7f49d77e0700 1 -- 172.21.15.59:0/3273865958 >> 172.21.15.59:0/3273865958 conn(0x7f49d01032c0 msgr2=0x7f49d0105740 unknown :-1 s=STATE_NONE l=0).mark_down
2024-05-08T05:17:39.424 INFO:teuthology.orchestra.run.smithi059.stdout:/usr/bin/ceph: stderr
2024-05-08T05:17:38.597+0000 7f49d77e0700 1 -- 172.21.15.59:0/3273865958 shutdown_connections
2024-05-08T05:17:39.424 INFO:teuthology.orchestra.run.smithi059.stdout:/usr/bin/ceph: stderr
2024-05-08T05:17:38.597+0000 7f49d77e0700 1 -- 172.21.15.59:0/3273865958 wait complete.
2024-05-08T05:17:39.424 INFO:teuthology.orchestra.run.smithi059.stdout:/usr/bin/ceph: stderr
2024-05-08T05:17:38.597+0000 7f49d77e0700 1 Processor -- start
2024-05-08T05:17:39.424 INFO:teuthology.orchestra.run.smithi059.stdout:/usr/bin/ceph: stderr
2024-05-08T05:17:38.597+0000 7f49d77e0700 1 -- start start
2024-05-08T05:17:39.424 INFO:teuthology.orchestra.run.smithi059.stdout:/usr/bin/ceph: stderr
2024-05-08T05:17:38.598+0000 7f49d77e0700 1 --2- >> [v2:172.21.15.59:3300/0,v1:172.21.15.59:6789/0] conn(0x7f49d0107720 0x7f49d019ef90 unknown :-1 s=NONE pgs=0 cs=0 l=1 rev1=0 crypto rx=0 tx=0 comp rx=0 tx=0).connect
2024-05-08T05:17:39.424 INFO:teuthology.orchestra.run.smithi059.stdout:/usr/bin/ceph: stderr
2024-05-08T05:17:38.598+0000 7f49d77e0700 1 -- --> [v2:172.21.15.59:3300/0,v1:172.21.15.59:6789/0] -- mon_getmap magic: 0 -- 0x7f49d01090b0 con 0x7f49d0107720
2024-05-08T05:17:39.425 INFO:teuthology.orchestra.run.smithi059.stdout:/usr/bin/ceph: stderr
2024-05-08T05:17:38.598+0000 7f49d557c700 1 --2- >> [v2:172.21.15.59:3300/0,v1:172.21.15.59:6789/0] conn(0x7f49d0107720 0x7f49d019ef90 unknown :-1 s=BANNER_CONNECTING pgs=0 cs=0 l=1 rev1=0 crypto rx=0 tx=0 comp rx=0 tx=0)._handle_peer_banner_payload supported=3 required=0
2024-05-08T05:17:39.425 INFO:teuthology.orchestra.run.smithi059.stdout:/usr/bin/ceph: stderr
2024-05-08T05:17:38.598+0000 7f49d557c700 1 --2- >> [v2:172.21.15.59:3300/0,v1:172.21.15.59:6789/0] conn(0x7f49d0107720 0x7f49d019ef90 unknown :-1 s=HELLO_CONNECTING pgs=0 cs=0 l=1 rev1=1 crypto rx=0 tx=0 comp rx=0 tx=0).handle_hello peer v2:172.21.15.59:3300/0 says I am v2:172.21.15.59:39574/0 (socket says 172.21.15.59:39574)
2024-05-08T05:17:39.425 INFO:teuthology.orchestra.run.smithi059.stdout:/usr/bin/ceph: stderr
2024-05-08T05:17:38.598+0000 7f49d557c700 1 -- 172.21.15.59:0/1613028989 learned_addr learned my addr 172.21.15.59:0/1613028989 (peer_addr_for_me v2:172.21.15.59:0/0)
2024-05-08T05:17:39.425 INFO:teuthology.orchestra.run.smithi059.stdout:/usr/bin/ceph: stderr
2024-05-08T05:17:38.598+0000 7f49d557c700 1 -- 172.21.15.59:0/1613028989 --> [v2:172.21.15.59:3300/0,v1:172.21.15.59:6789/0] -- mon_subscribe({config=0+,monmap=0+}) -- 0x7f49d019f4d0 con 0x7f49d0107720
2024-05-08T05:17:39.425 INFO:teuthology.orchestra.run.smithi059.stdout:/usr/bin/ceph: stderr
2024-05-08T05:17:38.598+0000 7f49d557c700 1 --2- 172.21.15.59:0/1613028989 >> [v2:172.21.15.59:3300/0,v1:172.21.15.59:6789/0] conn(0x7f49d0107720 0x7f49d019ef90 secure :-1 s=READY pgs=40 cs=0 l=1 rev1=1 crypto rx=0x7f49cc009fb0 tx=0x7f49cc011940 comp rx=0 tx=0).ready entity=mon.0 client_cookie=0 server_cookie=0 in_seq=0 out_seq=0
2024-05-08T05:17:39.425 INFO:teuthology.orchestra.run.smithi059.stdout:/usr/bin/ceph: stderr
2024-05-08T05:17:38.598+0000 7f49c67fc700 1 -- 172.21.15.59:0/1613028989 <== mon.0 v2:172.21.15.59:3300/0 1 ==== mon_map magic: 0 ==== 205+0+0 (secure 0 0 0) 0x7f49cc0036a0 con 0x7f49d0107720
2024-05-08T05:17:39.425 INFO:teuthology.orchestra.run.smithi059.stdout:/usr/bin/ceph: stderr
2024-05-08T05:17:38.598+0000 7f49c67fc700 1 -- 172.21.15.59:0/1613028989 <== mon.0 v2:172.21.15.59:3300/0 2 ==== config(26 keys) ==== 1070+0+0 (secure 0 0 0) 0x7f49cc01a430 con 0x7f49d0107720
2024-05-08T05:17:39.425 INFO:teuthology.orchestra.run.smithi059.stdout:/usr/bin/ceph: stderr
2024-05-08T05:17:38.598+0000 7f49c67fc700 1 -- 172.21.15.59:0/1613028989 <== mon.0 v2:172.21.15.59:3300/0 3 ==== mon_map magic: 0 ==== 205+0+0 (secure 0 0 0) 0x7f49cc019550 con 0x7f49d0107720
2024-05-08T05:17:39.425 INFO:teuthology.orchestra.run.smithi059.stdout:/usr/bin/ceph: stderr
2024-05-08T05:17:38.598+0000 7f49d77e0700 1 -- 172.21.15.59:0/1613028989 --> [v2:172.21.15.59:3300/0,v1:172.21.15.59:6789/0] -- mon_subscribe({mgrmap=0+}) -- 0x7f49d019f760 con 0x7f49d0107720
2024-05-08T05:17:39.425 INFO:teuthology.orchestra.run.smithi059.stdout:/usr/bin/ceph: stderr
2024-05-08T05:17:38.598+0000 7f49d77e0700 1 -- 172.21.15.59:0/1613028989 --> [v2:172.21.15.59:3300/0,v1:172.21.15.59:6789/0] -- mon_subscribe({osdmap=0}) -- 0x7f49d01a2450 con 0x7f49d0107720
2024-05-08T05:17:39.425 INFO:teuthology.orchestra.run.smithi059.stdout:/usr/bin/ceph: stderr
2024-05-08T05:17:38.600+0000 7f49c67fc700 1 -- 172.21.15.59:0/1613028989 <== mon.0 v2:172.21.15.59:3300/0 4 ==== mgrmap(e 8) ==== 50222+0+0 (secure 0 0 0) 0x7f49cc019800 con 0x7f49d0107720
2024-05-08T05:17:39.425 INFO:teuthology.orchestra.run.smithi059.stdout:/usr/bin/ceph: stderr
2024-05-08T05:17:38.600+0000 7f49d77e0700 1 -- 172.21.15.59:0/1613028989 --> [v2:172.21.15.59:3300/0,v1:172.21.15.59:6789/0] -- mon_command({"prefix": "get_command_descriptions"} v 0) -- 0x7f49d006a5d0 con 0x7f49d0107720
2024-05-08T05:17:39.425 INFO:teuthology.orchestra.run.smithi059.stdout:/usr/bin/ceph: stderr
2024-05-08T05:17:38.600+0000 7f49c67fc700 1 --2- 172.21.15.59:0/1613028989 >> [v2:172.21.15.59:6800/95297313,v1:172.21.15.59:6801/95297313] conn(0x7f49bc03e530 0x7f49bc0409f0 unknown :-1 s=NONE pgs=0 cs=0 l=1 rev1=0 crypto rx=0 tx=0 comp rx=0 tx=0).connect
2024-05-08T05:17:39.425 INFO:teuthology.orchestra.run.smithi059.stdout:/usr/bin/ceph: stderr
2024-05-08T05:17:38.600+0000 7f49c67fc700 1 -- 172.21.15.59:0/1613028989 <== mon.0 v2:172.21.15.59:3300/0 5 ==== osd_map(2..2 src has 1..2) ==== 940+0+0 (secure 0 0 0) 0x7f49cc053990 con 0x7f49d0107720
2024-05-08T05:17:39.425 INFO:teuthology.orchestra.run.smithi059.stdout:/usr/bin/ceph: stderr
2024-05-08T05:17:38.600+0000 7f49d4d7b700 1 --2- 172.21.15.59:0/1613028989 >> [v2:172.21.15.59:6800/95297313,v1:172.21.15.59:6801/95297313] conn(0x7f49bc03e530 0x7f49bc0409f0 unknown :-1 s=BANNER_CONNECTING pgs=0 cs=0 l=1 rev1=0 crypto rx=0 tx=0 comp rx=0 tx=0)._handle_peer_banner_payload supported=3 required=0
2024-05-08T05:17:39.426 INFO:teuthology.orchestra.run.smithi059.stdout:/usr/bin/ceph: stderr
2024-05-08T05:17:38.600+0000 7f49d4d7b700 1 --2- 172.21.15.59:0/1613028989 >> [v2:172.21.15.59:6800/95297313,v1:172.21.15.59:6801/95297313] conn(0x7f49bc03e530 0x7f49bc0409f0 secure :-1 s=READY pgs=8 cs=0 l=1 rev1=1 crypto rx=0x7f49c0006fd0 tx=0x7f49c0006e40 comp rx=0 tx=0).ready entity=mgr.14120 client_cookie=0 server_cookie=0 in_seq=0 out_seq=0
2024-05-08T05:17:39.426 INFO:teuthology.orchestra.run.smithi059.stdout:/usr/bin/ceph: stderr
2024-05-08T05:17:38.605+0000 7f49c67fc700 1 -- 172.21.15.59:0/1613028989 <== mon.0 v2:172.21.15.59:3300/0 6 ==== mon_command_ack([{"prefix": "get_command_descriptions"}]=0 v0) ==== 72+0+191963 (secure 0 0 0) 0x7f49cc018d00 con 0x7f49d0107720
2024-05-08T05:17:39.426 INFO:teuthology.orchestra.run.smithi059.stdout:/usr/bin/ceph: stderr
2024-05-08T05:17:38.828+0000 7f49d77e0700 1 -- 172.21.15.59:0/1613028989 --> [v2:172.21.15.59:6800/95297313,v1:172.21.15.59:6801/95297313] -- mgr_command(tid 0: {"prefix": "cephadm set-user", "user": "root", "target": ["mon-mgr", ""]}) -- 0x7f49d00008d0 con 0x7f49bc03e530
2024-05-08T05:17:39.426 INFO:teuthology.orchestra.run.smithi059.stdout:/usr/bin/ceph: stderr
2024-05-08T05:17:38.828+0000 7f49c67fc700 1 -- 172.21.15.59:0/1613028989 <== mgr.14120 v2:172.21.15.59:6800/95297313 1 ==== mgr_command_reply(tid 0: 0 ) ==== 8+0+16 (secure 0 0 0) 0x7f49d00008d0 con 0x7f49bc03e530
2024-05-08T05:17:39.426 INFO:teuthology.orchestra.run.smithi059.stdout:/usr/bin/ceph: stderr
2024-05-08T05:17:38.830+0000 7f49d77e0700 1 -- 172.21.15.59:0/1613028989 >> [v2:172.21.15.59:6800/95297313,v1:172.21.15.59:6801/95297313] conn(0x7f49bc03e530 msgr2=0x7f49bc0409f0 secure :-1 s=STATE_CONNECTION_ESTABLISHED l=1).mark_down
2024-05-08T05:17:39.426 INFO:teuthology.orchestra.run.smithi059.stdout:/usr/bin/ceph: stderr
2024-05-08T05:17:38.830+0000 7f49d77e0700 1 --2- 172.21.15.59:0/1613028989 >> [v2:172.21.15.59:6800/95297313,v1:172.21.15.59:6801/95297313] conn(0x7f49bc03e530 0x7f49bc0409f0 secure :-1 s=READY pgs=8 cs=0 l=1 rev1=1 crypto rx=0x7f49c0006fd0 tx=0x7f49c0006e40 comp rx=0 tx=0).stop
2024-05-08T05:17:39.426 INFO:teuthology.orchestra.run.smithi059.stdout:/usr/bin/ceph: stderr
2024-05-08T05:17:38.830+0000 7f49d77e0700 1 -- 172.21.15.59:0/1613028989 >> [v2:172.21.15.59:3300/0,v1:172.21.15.59:6789/0] conn(0x7f49d0107720 msgr2=0x7f49d019ef90 secure :-1 s=STATE_CONNECTION_ESTABLISHED l=1).mark_down
2024-05-08T05:17:39.426 INFO:teuthology.orchestra.run.smithi059.stdout:/usr/bin/ceph: stderr
2024-05-08T05:17:38.830+0000 7f49d77e0700 1 --2- 172.21.15.59:0/1613028989 >> [v2:172.21.15.59:3300/0,v1:172.21.15.59:6789/0] conn(0x7f49d0107720 0x7f49d019ef90 secure :-1 s=READY pgs=40 cs=0 l=1 rev1=1 crypto rx=0x7f49cc009fb0 tx=0x7f49cc011940 comp rx=0 tx=0).stop
2024-05-08T05:17:39.426 INFO:teuthology.orchestra.run.smithi059.stdout:/usr/bin/ceph: stderr
2024-05-08T05:17:38.831+0000 7f49d77e0700 1 -- 172.21.15.59:0/1613028989 shutdown_connections
2024-05-08T05:17:39.426 INFO:teuthology.orchestra.run.smithi059.stdout:/usr/bin/ceph: stderr
2024-05-08T05:17:38.831+0000 7f49d77e0700 1 --2- 172.21.15.59:0/1613028989 >> [v2:172.21.15.59:6800/95297313,v1:172.21.15.59:6801/95297313] conn(0x7f49bc03e530 0x7f49bc0409f0 unknown :-1 s=CLOSED pgs=8 cs=0 l=1 rev1=1 crypto rx=0 tx=0 comp rx=0 tx=0).stop
2024-05-08T05:17:39.427 INFO:teuthology.orchestra.run.smithi059.stdout:/usr/bin/ceph: stderr
2024-05-08T05:17:38.831+0000 7f49d77e0700 1 --2- 172.21.15.59:0/1613028989 >> [v2:172.21.15.59:3300/0,v1:172.21.15.59:6789/0] conn(0x7f49d0107720 0x7f49d019ef90 unknown :-1 s=CLOSED pgs=40 cs=0 l=1 rev1=1 crypto rx=0 tx=0 comp rx=0 tx=0).stop
2024-05-08T05:17:39.427 INFO:teuthology.orchestra.run.smithi059.stdout:/usr/bin/ceph: stderr
2024-05-08T05:17:38.831+0000 7f49d77e0700 1 -- 172.21.15.59:0/1613028989 >> 172.21.15.59:0/1613028989 conn(0x7f49d01032c0 msgr2=0x7f49d0195c30 unknown :-1 s=STATE_NONE l=0).mark_down
2024-05-08T05:17:39.427 INFO:teuthology.orchestra.run.smithi059.stdout:/usr/bin/ceph: stderr
2024-05-08T05:17:38.831+0000 7f49d77e0700 1 -- 172.21.15.59:0/1613028989 shutdown_connections
2024-05-08T05:17:39.427 INFO:teuthology.orchestra.run.smithi059.stdout:/usr/bin/ceph: stderr
2024-05-08T05:17:38.831+0000 7f49d77e0700 1 -- 172.21.15.59:0/1613028989 wait complete.
2024-05-08T05:17:39.427 INFO:teuthology.orchestra.run.smithi059.stdout:Generating ssh key...
2024-05-08T05:17:40.080 INFO:journalctl@ceph.mon.a.smithi059.stdout:May 08 05:17:39 smithi059 ceph-mon[30304]: from='client.14134 -' entity='client.admin' cmd=[{"prefix": "cephadm set-user", "user": "root", "target": ["mon-mgr", ""]}]: dispatch
2024-05-08T05:17:40.080 INFO:journalctl@ceph.mon.a.smithi059.stdout:May 08 05:17:39 smithi059 ceph-mon[30304]: [08/May/2024:05:17:38] ENGINE Bus STARTING
2024-05-08T05:17:40.080 INFO:journalctl@ceph.mon.a.smithi059.stdout:May 08 05:17:39 smithi059 ceph-mon[30304]: [08/May/2024:05:17:38] ENGINE Serving on https://172.21.15.59:7150
2024-05-08T05:17:40.080 INFO:journalctl@ceph.mon.a.smithi059.stdout:May 08 05:17:39 smithi059 ceph-mon[30304]: from='mgr.14120 172.21.15.59:0/886324536' entity='mgr.x' cmd=[{"prefix": "config dump", "format": "json"}]: dispatch
2024-05-08T05:17:40.337 INFO:journalctl@ceph.mgr.x.smithi059.stdout:May 08 05:17:40 smithi059 ceph-0bf01a10-0cfa-11ef-bc97-c7b262605968-mgr-x[30539]: Generating public/private rsa key pair.
2024-05-08T05:17:40.337 INFO:journalctl@ceph.mgr.x.smithi059.stdout:May 08 05:17:40 smithi059 ceph-0bf01a10-0cfa-11ef-bc97-c7b262605968-mgr-x[30539]: Your identification has been saved in /tmp/tmpentqpd6l/key.
2024-05-08T05:17:40.337 INFO:journalctl@ceph.mgr.x.smithi059.stdout:May 08 05:17:40 smithi059 ceph-0bf01a10-0cfa-11ef-bc97-c7b262605968-mgr-x[30539]: Your public key has been saved in /tmp/tmpentqpd6l/key.pub.
2024-05-08T05:17:40.337 INFO:journalctl@ceph.mgr.x.smithi059.stdout:May 08 05:17:40 smithi059 ceph-0bf01a10-0cfa-11ef-bc97-c7b262605968-mgr-x[30539]: The key fingerprint is:
2024-05-08T05:17:40.337 INFO:journalctl@ceph.mgr.x.smithi059.stdout:May 08 05:17:40 smithi059 ceph-0bf01a10-0cfa-11ef-bc97-c7b262605968-mgr-x[30539]: SHA256:qlKAr4w0lXPQw5SKsqJ88vq5WXkh38yJhFfmk6NhAB0 ceph-0bf01a10-0cfa-11ef-bc97-c7b262605968
2024-05-08T05:17:40.337 INFO:journalctl@ceph.mgr.x.smithi059.stdout:May 08 05:17:40 smithi059 ceph-0bf01a10-0cfa-11ef-bc97-c7b262605968-mgr-x[30539]: The key's randomart image is:
2024-05-08T05:17:40.337 INFO:journalctl@ceph.mgr.x.smithi059.stdout:May 08 05:17:40 smithi059 ceph-0bf01a10-0cfa-11ef-bc97-c7b262605968-mgr-x[30539]: +---[RSA 3072]----+
2024-05-08T05:17:40.337 INFO:journalctl@ceph.mgr.x.smithi059.stdout:May 08 05:17:40 smithi059 ceph-0bf01a10-0cfa-11ef-bc97-c7b262605968-mgr-x[30539]: | .=Eo |
2024-05-08T05:17:40.338 INFO:journalctl@ceph.mgr.x.smithi059.stdout:May 08 05:17:40 smithi059 ceph-0bf01a10-0cfa-11ef-bc97-c7b262605968-mgr-x[30539]: | ..* |
2024-05-08T05:17:40.338 INFO:journalctl@ceph.mgr.x.smithi059.stdout:May 08 05:17:40 smithi059 ceph-0bf01a10-0cfa-11ef-bc97-c7b262605968-mgr-x[30539]: | .. +.. o |
2024-05-08T05:17:40.338 INFO:journalctl@ceph.mgr.x.smithi059.stdout:May 08 05:17:40 smithi059 ceph-0bf01a10-0cfa-11ef-bc97-c7b262605968-mgr-x[30539]: |o..= .o + . |
2024-05-08T05:17:40.338 INFO:journalctl@ceph.mgr.x.smithi059.stdout:May 08 05:17:40 smithi059 ceph-0bf01a10-0cfa-11ef-bc97-c7b262605968-mgr-x[30539]: |.o..oo *S= |
2024-05-08T05:17:40.338 INFO:journalctl@ceph.mgr.x.smithi059.stdout:May 08 05:17:40 smithi059 ceph-0bf01a10-0cfa-11ef-bc97-c7b262605968-mgr-x[30539]: |oo. . B.O + |
2024-05-08T05:17:40.338 INFO:journalctl@ceph.mgr.x.smithi059.stdout:May 08 05:17:40 smithi059 ceph-0bf01a10-0cfa-11ef-bc97-c7b262605968-mgr-x[30539]: |B... o.= = |
2024-05-08T05:17:40.338 INFO:journalctl@ceph.mgr.x.smithi059.stdout:May 08 05:17:40 smithi059 ceph-0bf01a10-0cfa-11ef-bc97-c7b262605968-mgr-x[30539]: |++..+.. |
2024-05-08T05:17:40.338 INFO:journalctl@ceph.mgr.x.smithi059.stdout:May 08 05:17:40 smithi059 ceph-0bf01a10-0cfa-11ef-bc97-c7b262605968-mgr-x[30539]: | .*Bo |
2024-05-08T05:17:40.338 INFO:journalctl@ceph.mgr.x.smithi059.stdout:May 08 05:17:40 smithi059 ceph-0bf01a10-0cfa-11ef-bc97-c7b262605968-mgr-x[30539]: +----[SHA256]-----+
2024-05-08T05:17:40.837 INFO:teuthology.orchestra.run.smithi059.stdout:/usr/bin/ceph: stderr
2024-05-08T05:17:39.849+0000 7f840a7d5700 1 Processor -- start
2024-05-08T05:17:40.837 INFO:teuthology.orchestra.run.smithi059.stdout:/usr/bin/ceph: stderr
2024-05-08T05:17:39.849+0000 7f840a7d5700 1 -- start start
2024-05-08T05:17:40.837 INFO:teuthology.orchestra.run.smithi059.stdout:/usr/bin/ceph: stderr
2024-05-08T05:17:39.850+0000 7f840a7d5700 1 --2- >> [v2:172.21.15.59:3300/0,v1:172.21.15.59:6789/0] conn(0x7f84041098e0 0x7f840410bcd0 unknown :-1 s=NONE pgs=0 cs=0 l=0 rev1=0 crypto rx=0 tx=0 comp rx=0 tx=0).connect
2024-05-08T05:17:40.837 INFO:teuthology.orchestra.run.smithi059.stdout:/usr/bin/ceph: stderr
2024-05-08T05:17:39.850+0000 7f840a7d5700 1 -- --> [v2:172.21.15.59:3300/0,v1:172.21.15.59:6789/0] -- mon_getmap magic: 0 -- 0x7f840407ce70 con 0x7f84041098e0
2024-05-08T05:17:40.837 INFO:teuthology.orchestra.run.smithi059.stdout:/usr/bin/ceph: stderr
2024-05-08T05:17:39.850+0000 7f8403fff700 1 --2- >> [v2:172.21.15.59:3300/0,v1:172.21.15.59:6789/0] conn(0x7f84041098e0 0x7f840410bcd0 unknown :-1 s=BANNER_CONNECTING pgs=0 cs=0 l=0 rev1=0 crypto rx=0 tx=0 comp rx=0 tx=0)._handle_peer_banner_payload supported=3 required=0
2024-05-08T05:17:40.837 INFO:teuthology.orchestra.run.smithi059.stdout:/usr/bin/ceph: stderr
2024-05-08T05:17:39.850+0000 7f8403fff700 1 --2- >> [v2:172.21.15.59:3300/0,v1:172.21.15.59:6789/0] conn(0x7f84041098e0 0x7f840410bcd0 unknown :-1 s=HELLO_CONNECTING pgs=0 cs=0 l=0 rev1=1 crypto rx=0 tx=0 comp rx=0 tx=0).handle_hello peer v2:172.21.15.59:3300/0 says I am v2:172.21.15.59:34348/0 (socket says 172.21.15.59:34348)
2024-05-08T05:17:40.837 INFO:teuthology.orchestra.run.smithi059.stdout:/usr/bin/ceph: stderr
2024-05-08T05:17:39.850+0000 7f8403fff700 1 -- 172.21.15.59:0/3557863517 learned_addr learned my addr 172.21.15.59:0/3557863517 (peer_addr_for_me v2:172.21.15.59:0/0)
2024-05-08T05:17:40.838 INFO:teuthology.orchestra.run.smithi059.stdout:/usr/bin/ceph: stderr
2024-05-08T05:17:39.850+0000 7f8403fff700 1 -- 172.21.15.59:0/3557863517 --> [v2:172.21.15.59:3300/0,v1:172.21.15.59:6789/0] -- mon_subscribe({config=0+,monmap=0+}) -- 0x7f840410c210 con 0x7f84041098e0
2024-05-08T05:17:40.838 INFO:teuthology.orchestra.run.smithi059.stdout:/usr/bin/ceph: stderr
2024-05-08T05:17:39.850+0000 7f8403fff700 1 --2- 172.21.15.59:0/3557863517 >> [v2:172.21.15.59:3300/0,v1:172.21.15.59:6789/0] conn(0x7f84041098e0 0x7f840410bcd0 secure :-1 s=READY pgs=41 cs=0 l=1 rev1=1 crypto rx=0x7f83f40098a0 tx=0x7f83f4009bb0 comp rx=0 tx=0).ready entity=mon.0 client_cookie=9e9a4029c76e785f server_cookie=0 in_seq=0 out_seq=0
2024-05-08T05:17:40.838 INFO:teuthology.orchestra.run.smithi059.stdout:/usr/bin/ceph: stderr
2024-05-08T05:17:39.851+0000 7f8402ffd700 1 -- 172.21.15.59:0/3557863517 <== mon.0 v2:172.21.15.59:3300/0 1 ==== mon_map magic: 0 ==== 205+0+0 (secure 0 0 0) 0x7f83f4004160 con 0x7f84041098e0
2024-05-08T05:17:40.838 INFO:teuthology.orchestra.run.smithi059.stdout:/usr/bin/ceph: stderr
2024-05-08T05:17:39.851+0000 7f8402ffd700 1 -- 172.21.15.59:0/3557863517 <== mon.0 v2:172.21.15.59:3300/0 2 ==== config(26 keys) ==== 1070+0+0 (secure 0 0 0) 0x7f83f4004300 con 0x7f84041098e0
2024-05-08T05:17:40.838 INFO:teuthology.orchestra.run.smithi059.stdout:/usr/bin/ceph: stderr
2024-05-08T05:17:39.851+0000 7f8402ffd700 1 -- 172.21.15.59:0/3557863517 <== mon.0 v2:172.21.15.59:3300/0 3 ==== mon_map magic: 0 ==== 205+0+0 (secure 0 0 0) 0x7f83f4011af0 con 0x7f84041098e0
2024-05-08T05:17:40.838 INFO:teuthology.orchestra.run.smithi059.stdout:/usr/bin/ceph: stderr
2024-05-08T05:17:39.851+0000 7f840a7d5700 1 -- 172.21.15.59:0/3557863517 >> [v2:172.21.15.59:3300/0,v1:172.21.15.59:6789/0] conn(0x7f84041098e0 msgr2=0x7f840410bcd0 secure :-1 s=STATE_CONNECTION_ESTABLISHED l=1).mark_down
2024-05-08T05:17:40.838 INFO:teuthology.orchestra.run.smithi059.stdout:/usr/bin/ceph: stderr
2024-05-08T05:17:39.851+0000 7f840a7d5700 1 --2- 172.21.15.59:0/3557863517 >> [v2:172.21.15.59:3300/0,v1:172.21.15.59:6789/0] conn(0x7f84041098e0 0x7f840410bcd0 secure :-1 s=READY pgs=41 cs=0 l=1 rev1=1 crypto rx=0x7f83f40098a0 tx=0x7f83f4009bb0 comp rx=0 tx=0).stop
2024-05-08T05:17:40.838 INFO:teuthology.orchestra.run.smithi059.stdout:/usr/bin/ceph: stderr
2024-05-08T05:17:39.851+0000 7f840a7d5700 1 -- 172.21.15.59:0/3557863517 shutdown_connections
2024-05-08T05:17:40.838 INFO:teuthology.orchestra.run.smithi059.stdout:/usr/bin/ceph: stderr
2024-05-08T05:17:39.851+0000 7f840a7d5700 1 --2- 172.21.15.59:0/3557863517 >> [v2:172.21.15.59:3300/0,v1:172.21.15.59:6789/0] conn(0x7f84041098e0 0x7f840410bcd0 unknown :-1 s=CLOSED pgs=41 cs=0 l=1 rev1=1 crypto rx=0 tx=0 comp rx=0 tx=0).stop
2024-05-08T05:17:40.838 INFO:teuthology.orchestra.run.smithi059.stdout:/usr/bin/ceph: stderr
2024-05-08T05:17:39.851+0000 7f840a7d5700 1 -- 172.21.15.59:0/3557863517 >> 172.21.15.59:0/3557863517 conn(0x7f84041032b0 msgr2=0x7f8404105730 unknown :-1 s=STATE_NONE l=0).mark_down
2024-05-08T05:17:40.838 INFO:teuthology.orchestra.run.smithi059.stdout:/usr/bin/ceph: stderr
2024-05-08T05:17:39.851+0000 7f840a7d5700 1 -- 172.21.15.59:0/3557863517 shutdown_connections
2024-05-08T05:17:40.838 INFO:teuthology.orchestra.run.smithi059.stdout:/usr/bin/ceph: stderr
2024-05-08T05:17:39.851+0000 7f840a7d5700 1 -- 172.21.15.59:0/3557863517 wait complete.
2024-05-08T05:17:40.838 INFO:teuthology.orchestra.run.smithi059.stdout:/usr/bin/ceph: stderr
2024-05-08T05:17:39.852+0000 7f840a7d5700 1 Processor -- start
2024-05-08T05:17:40.838 INFO:teuthology.orchestra.run.smithi059.stdout:/usr/bin/ceph: stderr
2024-05-08T05:17:39.852+0000 7f840a7d5700 1 -- start start
2024-05-08T05:17:40.839 INFO:teuthology.orchestra.run.smithi059.stdout:/usr/bin/ceph: stderr
2024-05-08T05:17:39.852+0000 7f840a7d5700 1 --2- >> [v2:172.21.15.59:3300/0,v1:172.21.15.59:6789/0] conn(0x7f84041098e0 0x7f840419ce10 unknown :-1 s=NONE pgs=0 cs=0 l=1 rev1=0 crypto rx=0 tx=0 comp rx=0 tx=0).connect
2024-05-08T05:17:40.839 INFO:teuthology.orchestra.run.smithi059.stdout:/usr/bin/ceph: stderr
2024-05-08T05:17:39.852+0000 7f840a7d5700 1 -- --> [v2:172.21.15.59:3300/0,v1:172.21.15.59:6789/0] -- mon_getmap magic: 0 -- 0x7f840410d160 con 0x7f84041098e0
2024-05-08T05:17:40.839 INFO:teuthology.orchestra.run.smithi059.stdout:/usr/bin/ceph: stderr
2024-05-08T05:17:39.852+0000 7f8403fff700 1 --2- >> [v2:172.21.15.59:3300/0,v1:172.21.15.59:6789/0] conn(0x7f84041098e0 0x7f840419ce10 unknown :-1 s=BANNER_CONNECTING pgs=0 cs=0 l=1 rev1=0 crypto rx=0 tx=0 comp rx=0 tx=0)._handle_peer_banner_payload supported=3 required=0
2024-05-08T05:17:40.839 INFO:teuthology.orchestra.run.smithi059.stdout:/usr/bin/ceph: stderr
2024-05-08T05:17:39.852+0000 7f8403fff700 1 --2- >> [v2:172.21.15.59:3300/0,v1:172.21.15.59:6789/0] conn(0x7f84041098e0 0x7f840419ce10 unknown :-1 s=HELLO_CONNECTING pgs=0 cs=0 l=1 rev1=1 crypto rx=0 tx=0 comp rx=0 tx=0).handle_hello peer v2:172.21.15.59:3300/0 says I am v2:172.21.15.59:34356/0 (socket says 172.21.15.59:34356)
2024-05-08T05:17:40.839 INFO:teuthology.orchestra.run.smithi059.stdout:/usr/bin/ceph: stderr
2024-05-08T05:17:39.852+0000 7f8403fff700 1 -- 172.21.15.59:0/3768102050 learned_addr learned my addr 172.21.15.59:0/3768102050 (peer_addr_for_me v2:172.21.15.59:0/0)
2024-05-08T05:17:40.839 INFO:teuthology.orchestra.run.smithi059.stdout:/usr/bin/ceph: stderr
2024-05-08T05:17:39.853+0000 7f8403fff700 1 -- 172.21.15.59:0/3768102050 --> [v2:172.21.15.59:3300/0,v1:172.21.15.59:6789/0] -- mon_subscribe({config=0+,monmap=0+}) -- 0x7f840419d350 con 0x7f84041098e0
2024-05-08T05:17:40.839 INFO:teuthology.orchestra.run.smithi059.stdout:/usr/bin/ceph: stderr
2024-05-08T05:17:39.853+0000 7f8403fff700 1 --2- 172.21.15.59:0/3768102050 >> [v2:172.21.15.59:3300/0,v1:172.21.15.59:6789/0] conn(0x7f84041098e0 0x7f840419ce10 secure :-1 s=READY pgs=42 cs=0 l=1 rev1=1 crypto rx=0x7f83f4009fb0 tx=0x7f83f4011940 comp rx=0 tx=0).ready entity=mon.0 client_cookie=0 server_cookie=0 in_seq=0 out_seq=0
2024-05-08T05:17:40.839 INFO:teuthology.orchestra.run.smithi059.stdout:/usr/bin/ceph: stderr
2024-05-08T05:17:39.853+0000 7f84017fa700 1 -- 172.21.15.59:0/3768102050 <== mon.0 v2:172.21.15.59:3300/0 1 ==== mon_map magic: 0 ==== 205+0+0 (secure 0 0 0) 0x7f83f40036a0 con 0x7f84041098e0
2024-05-08T05:17:40.839 INFO:teuthology.orchestra.run.smithi059.stdout:/usr/bin/ceph: stderr
2024-05-08T05:17:39.853+0000 7f840a7d5700 1 -- 172.21.15.59:0/3768102050 --> [v2:172.21.15.59:3300/0,v1:172.21.15.59:6789/0] -- mon_subscribe({mgrmap=0+}) -- 0x7f840419d640 con 0x7f84041098e0
2024-05-08T05:17:40.839 INFO:teuthology.orchestra.run.smithi059.stdout:/usr/bin/ceph: stderr
2024-05-08T05:17:39.853+0000 7f84017fa700 1 -- 172.21.15.59:0/3768102050 <== mon.0 v2:172.21.15.59:3300/0 2 ==== config(26 keys) ==== 1070+0+0 (secure 0 0 0) 0x7f83f401a430 con 0x7f84041098e0
2024-05-08T05:17:40.839 INFO:teuthology.orchestra.run.smithi059.stdout:/usr/bin/ceph: stderr
2024-05-08T05:17:39.853+0000 7f84017fa700 1 -- 172.21.15.59:0/3768102050 <== mon.0 v2:172.21.15.59:3300/0 3 ==== mon_map magic: 0 ==== 205+0+0 (secure 0 0 0) 0x7f83f4019550 con 0x7f84041098e0
2024-05-08T05:17:40.839 INFO:teuthology.orchestra.run.smithi059.stdout:/usr/bin/ceph: stderr
2024-05-08T05:17:39.853+0000 7f840a7d5700 1 -- 172.21.15.59:0/3768102050 --> [v2:172.21.15.59:3300/0,v1:172.21.15.59:6789/0] -- mon_subscribe({osdmap=0}) -- 0x7f840419e2a0 con 0x7f84041098e0
2024-05-08T05:17:40.839 INFO:teuthology.orchestra.run.smithi059.stdout:/usr/bin/ceph: stderr
2024-05-08T05:17:39.854+0000 7f84017fa700 1 -- 172.21.15.59:0/3768102050 <== mon.0 v2:172.21.15.59:3300/0 4 ==== mgrmap(e 8) ==== 50222+0+0 (secure 0 0 0) 0x7f83f4003840 con 0x7f84041098e0
2024-05-08T05:17:40.840 INFO:teuthology.orchestra.run.smithi059.stdout:/usr/bin/ceph: stderr
2024-05-08T05:17:39.854+0000 7f840a7d5700 1 -- 172.21.15.59:0/3768102050 --> [v2:172.21.15.59:3300/0,v1:172.21.15.59:6789/0] -- mon_command({"prefix": "get_command_descriptions"} v 0) -- 0x7f8404064b00 con 0x7f84041098e0
2024-05-08T05:17:40.840 INFO:teuthology.orchestra.run.smithi059.stdout:/usr/bin/ceph: stderr
2024-05-08T05:17:39.854+0000 7f84017fa700 1 --2- 172.21.15.59:0/3768102050 >> [v2:172.21.15.59:6800/95297313,v1:172.21.15.59:6801/95297313] conn(0x7f83f003e4e0 0x7f83f00409a0 unknown :-1 s=NONE pgs=0 cs=0 l=1 rev1=0 crypto rx=0 tx=0 comp rx=0 tx=0).connect
2024-05-08T05:17:40.840 INFO:teuthology.orchestra.run.smithi059.stdout:/usr/bin/ceph: stderr
2024-05-08T05:17:39.854+0000 7f84017fa700 1 -- 172.21.15.59:0/3768102050 <== mon.0 v2:172.21.15.59:3300/0 5 ==== osd_map(2..2 src has 1..2) ==== 940+0+0 (secure 0 0 0) 0x7f83f40537c0 con 0x7f84041098e0
2024-05-08T05:17:40.840 INFO:teuthology.orchestra.run.smithi059.stdout:/usr/bin/ceph: stderr
2024-05-08T05:17:39.855+0000 7f84037fe700 1 --2- 172.21.15.59:0/3768102050 >> [v2:172.21.15.59:6800/95297313,v1:172.21.15.59:6801/95297313] conn(0x7f83f003e4e0 0x7f83f00409a0 unknown :-1 s=BANNER_CONNECTING pgs=0 cs=0 l=1 rev1=0 crypto rx=0 tx=0 comp rx=0 tx=0)._handle_peer_banner_payload supported=3 required=0
2024-05-08T05:17:40.840 INFO:teuthology.orchestra.run.smithi059.stdout:/usr/bin/ceph: stderr
2024-05-08T05:17:39.855+0000 7f84037fe700 1 --2- 172.21.15.59:0/3768102050 >> [v2:172.21.15.59:6800/95297313,v1:172.21.15.59:6801/95297313] conn(0x7f83f003e4e0 0x7f83f00409a0 secure :-1 s=READY pgs=9 cs=0 l=1 rev1=1 crypto rx=0x7f83ec006fd0 tx=0x7f83ec006e40 comp rx=0 tx=0).ready entity=mgr.14120 client_cookie=0 server_cookie=0 in_seq=0 out_seq=0
2024-05-08T05:17:40.840 INFO:teuthology.orchestra.run.smithi059.stdout:/usr/bin/ceph: stderr
2024-05-08T05:17:39.860+0000 7f84017fa700 1 -- 172.21.15.59:0/3768102050 <== mon.0 v2:172.21.15.59:3300/0 6 ==== mon_command_ack([{"prefix": "get_command_descriptions"}]=0 v0) ==== 72+0+191963 (secure 0 0 0) 0x7f83f4003b30 con 0x7f84041098e0
2024-05-08T05:17:40.840 INFO:teuthology.orchestra.run.smithi059.stdout:/usr/bin/ceph: stderr
2024-05-08T05:17:40.079+0000 7f840a7d5700 1 -- 172.21.15.59:0/3768102050 --> [v2:172.21.15.59:6800/95297313,v1:172.21.15.59:6801/95297313] -- mgr_command(tid 0: {"prefix": "cephadm generate-key", "target": ["mon-mgr", ""]}) -- 0x7f84041044d0 con 0x7f83f003e4e0
2024-05-08T05:17:40.840 INFO:teuthology.orchestra.run.smithi059.stdout:/usr/bin/ceph: stderr
2024-05-08T05:17:40.225+0000 7f84017fa700 1 -- 172.21.15.59:0/3768102050 <== mgr.14120 v2:172.21.15.59:6800/95297313 1 ==== mgr_command_reply(tid 0: 0 ) ==== 8+0+0 (secure 0 0 0) 0x7f84041044d0 con 0x7f83f003e4e0
2024-05-08T05:17:40.840 INFO:teuthology.orchestra.run.smithi059.stdout:/usr/bin/ceph: stderr
2024-05-08T05:17:40.228+0000 7f840a7d5700 1 -- 172.21.15.59:0/3768102050 >> [v2:172.21.15.59:6800/95297313,v1:172.21.15.59:6801/95297313] conn(0x7f83f003e4e0 msgr2=0x7f83f00409a0 secure :-1 s=STATE_CONNECTION_ESTABLISHED l=1).mark_down
2024-05-08T05:17:40.840 INFO:teuthology.orchestra.run.smithi059.stdout:/usr/bin/ceph: stderr
2024-05-08T05:17:40.228+0000 7f840a7d5700 1 --2- 172.21.15.59:0/3768102050 >> [v2:172.21.15.59:6800/95297313,v1:172.21.15.59:6801/95297313] conn(0x7f83f003e4e0 0x7f83f00409a0 secure :-1 s=READY pgs=9 cs=0 l=1 rev1=1 crypto rx=0x7f83ec006fd0 tx=0x7f83ec006e40 comp rx=0 tx=0).stop
2024-05-08T05:17:40.841 INFO:teuthology.orchestra.run.smithi059.stdout:/usr/bin/ceph: stderr
2024-05-08T05:17:40.228+0000 7f840a7d5700 1 -- 172.21.15.59:0/3768102050 >> [v2:172.21.15.59:3300/0,v1:172.21.15.59:6789/0] conn(0x7f84041098e0 msgr2=0x7f840419ce10 secure :-1 s=STATE_CONNECTION_ESTABLISHED l=1).mark_down
2024-05-08T05:17:40.841 INFO:teuthology.orchestra.run.smithi059.stdout:/usr/bin/ceph: stderr
2024-05-08T05:17:40.228+0000 7f840a7d5700 1 --2- 172.21.15.59:0/3768102050 >> [v2:172.21.15.59:3300/0,v1:172.21.15.59:6789/0] conn(0x7f84041098e0 0x7f840419ce10 secure :-1 s=READY pgs=42 cs=0 l=1 rev1=1 crypto rx=0x7f83f4009fb0 tx=0x7f83f4011940 comp rx=0 tx=0).stop
2024-05-08T05:17:40.841 INFO:teuthology.orchestra.run.smithi059.stdout:/usr/bin/ceph: stderr
2024-05-08T05:17:40.228+0000 7f840a7d5700 1 -- 172.21.15.59:0/3768102050 shutdown_connections
2024-05-08T05:17:40.841 INFO:teuthology.orchestra.run.smithi059.stdout:/usr/bin/ceph: stderr
2024-05-08T05:17:40.228+0000 7f840a7d5700 1 --2- 172.21.15.59:0/3768102050 >> [v2:172.21.15.59:6800/95297313,v1:172.21.15.59:6801/95297313] conn(0x7f83f003e4e0 0x7f83f00409a0 unknown :-1 s=CLOSED pgs=9 cs=0 l=1 rev1=1 crypto rx=0 tx=0 comp rx=0 tx=0).stop
2024-05-08T05:17:40.841 INFO:teuthology.orchestra.run.smithi059.stdout:/usr/bin/ceph: stderr
2024-05-08T05:17:40.228+0000 7f840a7d5700 1 --2- 172.21.15.59:0/3768102050 >> [v2:172.21.15.59:3300/0,v1:172.21.15.59:6789/0] conn(0x7f84041098e0 0x7f840419ce10 unknown :-1 s=CLOSED pgs=42 cs=0 l=1 rev1=1 crypto rx=0 tx=0 comp rx=0 tx=0).stop
2024-05-08T05:17:40.841 INFO:teuthology.orchestra.run.smithi059.stdout:/usr/bin/ceph: stderr
2024-05-08T05:17:40.228+0000 7f840a7d5700 1 -- 172.21.15.59:0/3768102050 >> 172.21.15.59:0/3768102050 conn(0x7f84041032b0 msgr2=0x7f8404103dc0 unknown :-1 s=STATE_NONE l=0).mark_down
2024-05-08T05:17:40.841 INFO:teuthology.orchestra.run.smithi059.stdout:/usr/bin/ceph: stderr
2024-05-08T05:17:40.228+0000 7f840a7d5700 1 -- 172.21.15.59:0/3768102050 shutdown_connections
2024-05-08T05:17:40.841 INFO:teuthology.orchestra.run.smithi059.stdout:/usr/bin/ceph: stderr
2024-05-08T05:17:40.228+0000 7f840a7d5700 1 -- 172.21.15.59:0/3768102050 wait complete.
2024-05-08T05:17:40.954 INFO:journalctl@ceph.mon.a.smithi059.stdout:May 08 05:17:40 smithi059 ceph-mon[30304]: [08/May/2024:05:17:39] ENGINE Serving on http://172.21.15.59:8765
2024-05-08T05:17:40.954 INFO:journalctl@ceph.mon.a.smithi059.stdout:May 08 05:17:40 smithi059 ceph-mon[30304]: [08/May/2024:05:17:39] ENGINE Bus STARTED
2024-05-08T05:17:40.954 INFO:journalctl@ceph.mon.a.smithi059.stdout:May 08 05:17:40 smithi059 ceph-mon[30304]: from='mgr.14120 172.21.15.59:0/886324536' entity='mgr.x'
2024-05-08T05:17:40.954 INFO:journalctl@ceph.mon.a.smithi059.stdout:May 08 05:17:40 smithi059 ceph-mon[30304]: from='mgr.14120 172.21.15.59:0/886324536' entity='mgr.x'
2024-05-08T05:17:41.957 INFO:journalctl@ceph.mon.a.smithi059.stdout:May 08 05:17:41 smithi059 ceph-mon[30304]: from='client.14136 -' entity='client.admin' cmd=[{"prefix": "cephadm generate-key", "target": ["mon-mgr", ""]}]: dispatch
2024-05-08T05:17:41.957 INFO:journalctl@ceph.mon.a.smithi059.stdout:May 08 05:17:41 smithi059 ceph-mon[30304]: Generating ssh key...
2024-05-08T05:17:42.042 INFO:teuthology.orchestra.run.smithi059.stdout:/usr/bin/ceph: stdout ssh-rsa AAAAB3NzaC1yc2EAAAADAQABAAABgQC/LY86J0TNyKyLtTYInAC8Sz4DMgi1qJDt7LzAXVoDYvBOGdTPXDeXmnE/HlHjvKXYdJP06z1+0MOBi9uvsrv5bZKN2E9SCiHW0s+cjJEqXTpGJotrpR/iQFyAoWXSjUFgrd9h3WBDlwzXETsKFAkPVR3ZuP3YR+PS8Zxe4wfFrkypkw4JxfVnnwERS5EKpR+LizRpJF40s3iM+0vKcvv+oaGJ7keE4uER2zPSPOGwfRwmuJy6ropjt2uZl8y5Zq5HKCGETDk6DOFMLJP1xANSUYCcqiHUyU8vJX9U05FyWosecHewxzQcuq6u7FIyztMwXKVHRjZ9WyZ8p3RHklcNk2NZpMxzT1IxaApEhjPYk/MInCHxcjZpxRvb5trko8LJW2MbUC2SzFnhk8pMwp4+GoLuuE+6YF9rLfCjLQOKT/AcDq0tFkM+mxA0SWk+IogaYpzcG+5bdCd6LT8fkAKqYAQIjMrtTshbVNGYI9kgzbta5tiLgDJsddw/APnYwlM= ceph-0bf01a10-0cfa-11ef-bc97-c7b262605968
2024-05-08T05:17:42.043 INFO:teuthology.orchestra.run.smithi059.stdout:/usr/bin/ceph: stderr
2024-05-08T05:17:41.243+0000 7fe49734a700 1 Processor -- start
2024-05-08T05:17:42.043 INFO:teuthology.orchestra.run.smithi059.stdout:/usr/bin/ceph: stderr
2024-05-08T05:17:41.243+0000 7fe49734a700 1 -- start start
2024-05-08T05:17:42.043 INFO:teuthology.orchestra.run.smithi059.stdout:/usr/bin/ceph: stderr
2024-05-08T05:17:41.243+0000 7fe49734a700 1 --2- >> [v2:172.21.15.59:3300/0,v1:172.21.15.59:6789/0] conn(0x7fe49007f6f0 0x7fe49007db50 unknown :-1 s=NONE pgs=0 cs=0 l=0 rev1=0 crypto rx=0 tx=0 comp rx=0 tx=0).connect
2024-05-08T05:17:42.043 INFO:teuthology.orchestra.run.smithi059.stdout:/usr/bin/ceph: stderr
2024-05-08T05:17:41.243+0000 7fe49734a700 1 -- --> [v2:172.21.15.59:3300/0,v1:172.21.15.59:6789/0] -- mon_getmap magic: 0 -- 0x7fe49007e120 con 0x7fe49007f6f0
2024-05-08T05:17:42.043 INFO:teuthology.orchestra.run.smithi059.stdout:/usr/bin/ceph: stderr
2024-05-08T05:17:41.243+0000 7fe4950e6700 1 --2- >> [v2:172.21.15.59:3300/0,v1:172.21.15.59:6789/0] conn(0x7fe49007f6f0 0x7fe49007db50 unknown :-1 s=BANNER_CONNECTING pgs=0 cs=0 l=0 rev1=0 crypto rx=0 tx=0 comp rx=0 tx=0)._handle_peer_banner_payload supported=3 required=0
2024-05-08T05:17:42.043 INFO:teuthology.orchestra.run.smithi059.stdout:/usr/bin/ceph: stderr
2024-05-08T05:17:41.243+0000 7fe4950e6700 1 --2- >> [v2:172.21.15.59:3300/0,v1:172.21.15.59:6789/0] conn(0x7fe49007f6f0 0x7fe49007db50 unknown :-1 s=HELLO_CONNECTING pgs=0 cs=0 l=0 rev1=1 crypto rx=0 tx=0 comp rx=0 tx=0).handle_hello peer v2:172.21.15.59:3300/0 says I am v2:172.21.15.59:34358/0 (socket says 172.21.15.59:34358)
2024-05-08T05:17:42.043 INFO:teuthology.orchestra.run.smithi059.stdout:/usr/bin/ceph: stderr
2024-05-08T05:17:41.244+0000 7fe4950e6700 1 -- 172.21.15.59:0/3566918308 learned_addr learned my addr 172.21.15.59:0/3566918308 (peer_addr_for_me v2:172.21.15.59:0/0)
2024-05-08T05:17:42.043 INFO:teuthology.orchestra.run.smithi059.stdout:/usr/bin/ceph: stderr
2024-05-08T05:17:41.244+0000 7fe4950e6700 1 -- 172.21.15.59:0/3566918308 --> [v2:172.21.15.59:3300/0,v1:172.21.15.59:6789/0] -- mon_subscribe({config=0+,monmap=0+}) -- 0x7fe49007e2a0 con 0x7fe49007f6f0
2024-05-08T05:17:42.043 INFO:teuthology.orchestra.run.smithi059.stdout:/usr/bin/ceph: stderr
2024-05-08T05:17:41.244+0000 7fe4950e6700 1 --2- 172.21.15.59:0/3566918308 >> [v2:172.21.15.59:3300/0,v1:172.21.15.59:6789/0] conn(0x7fe49007f6f0 0x7fe49007db50 secure :-1 s=READY pgs=43 cs=0 l=1 rev1=1 crypto rx=0x7fe48c0098a0 tx=0x7fe48c009bb0 comp rx=0 tx=0).ready entity=mon.0 client_cookie=59f8cf0853de94d8 server_cookie=0 in_seq=0 out_seq=0
2024-05-08T05:17:42.043 INFO:teuthology.orchestra.run.smithi059.stdout:/usr/bin/ceph: stderr
2024-05-08T05:17:41.244+0000 7fe487fff700 1 -- 172.21.15.59:0/3566918308 <== mon.0 v2:172.21.15.59:3300/0 1 ==== mon_map magic: 0 ==== 205+0+0 (secure 0 0 0) 0x7fe48c004160 con 0x7fe49007f6f0
2024-05-08T05:17:42.043 INFO:teuthology.orchestra.run.smithi059.stdout:/usr/bin/ceph: stderr
2024-05-08T05:17:41.244+0000 7fe487fff700 1 -- 172.21.15.59:0/3566918308 <== mon.0 v2:172.21.15.59:3300/0 2 ==== config(26 keys) ==== 1070+0+0 (secure 0 0 0) 0x7fe48c004300 con 0x7fe49007f6f0
2024-05-08T05:17:42.043 INFO:teuthology.orchestra.run.smithi059.stdout:/usr/bin/ceph: stderr
2024-05-08T05:17:41.244+0000 7fe487fff700 1 -- 172.21.15.59:0/3566918308 <== mon.0 v2:172.21.15.59:3300/0 3 ==== mon_map magic: 0 ==== 205+0+0 (secure 0 0 0) 0x7fe48c011af0 con 0x7fe49007f6f0
2024-05-08T05:17:42.043 INFO:teuthology.orchestra.run.smithi059.stdout:/usr/bin/ceph: stderr
2024-05-08T05:17:41.245+0000 7fe49734a700 1 -- 172.21.15.59:0/3566918308 >> [v2:172.21.15.59:3300/0,v1:172.21.15.59:6789/0] conn(0x7fe49007f6f0 msgr2=0x7fe49007db50 secure :-1 s=STATE_CONNECTION_ESTABLISHED l=1).mark_down
2024-05-08T05:17:42.044 INFO:teuthology.orchestra.run.smithi059.stdout:/usr/bin/ceph: stderr
2024-05-08T05:17:41.245+0000 7fe49734a700 1 --2- 172.21.15.59:0/3566918308 >> [v2:172.21.15.59:3300/0,v1:172.21.15.59:6789/0] conn(0x7fe49007f6f0 0x7fe49007db50 secure :-1 s=READY pgs=43 cs=0 l=1 rev1=1 crypto rx=0x7fe48c0098a0 tx=0x7fe48c009bb0 comp rx=0 tx=0).stop
2024-05-08T05:17:42.044 INFO:teuthology.orchestra.run.smithi059.stdout:/usr/bin/ceph: stderr
2024-05-08T05:17:41.245+0000 7fe49734a700 1 -- 172.21.15.59:0/3566918308 shutdown_connections
2024-05-08T05:17:42.044 INFO:teuthology.orchestra.run.smithi059.stdout:/usr/bin/ceph: stderr
2024-05-08T05:17:41.245+0000 7fe49734a700 1 --2- 172.21.15.59:0/3566918308 >> [v2:172.21.15.59:3300/0,v1:172.21.15.59:6789/0] conn(0x7fe49007f6f0 0x7fe49007db50 unknown :-1 s=CLOSED pgs=43 cs=0 l=1 rev1=1 crypto rx=0 tx=0 comp rx=0 tx=0).stop
2024-05-08T05:17:42.044 INFO:teuthology.orchestra.run.smithi059.stdout:/usr/bin/ceph: stderr
2024-05-08T05:17:41.245+0000 7fe49734a700 1 -- 172.21.15.59:0/3566918308 >> 172.21.15.59:0/3566918308 conn(0x7fe490104410 msgr2=0x7fe490106830 unknown :-1 s=STATE_NONE l=0).mark_down
2024-05-08T05:17:42.044 INFO:teuthology.orchestra.run.smithi059.stdout:/usr/bin/ceph: stderr
2024-05-08T05:17:41.245+0000 7fe49734a700 1 -- 172.21.15.59:0/3566918308 shutdown_connections
2024-05-08T05:17:42.044 INFO:teuthology.orchestra.run.smithi059.stdout:/usr/bin/ceph: stderr
2024-05-08T05:17:41.245+0000 7fe49734a700 1 -- 172.21.15.59:0/3566918308 wait complete.
2024-05-08T05:17:42.044 INFO:teuthology.orchestra.run.smithi059.stdout:/usr/bin/ceph: stderr
2024-05-08T05:17:41.245+0000 7fe49734a700 1 Processor -- start
2024-05-08T05:17:42.044 INFO:teuthology.orchestra.run.smithi059.stdout:/usr/bin/ceph: stderr
2024-05-08T05:17:41.246+0000 7fe49734a700 1 -- start start
2024-05-08T05:17:42.044 INFO:teuthology.orchestra.run.smithi059.stdout:/usr/bin/ceph: stderr
2024-05-08T05:17:41.246+0000 7fe49734a700 1 --2- >> [v2:172.21.15.59:3300/0,v1:172.21.15.59:6789/0] conn(0x7fe49007f6f0 0x7fe49019ef60 unknown :-1 s=NONE pgs=0 cs=0 l=1 rev1=0 crypto rx=0 tx=0 comp rx=0 tx=0).connect
2024-05-08T05:17:42.044 INFO:teuthology.orchestra.run.smithi059.stdout:/usr/bin/ceph: stderr
2024-05-08T05:17:41.246+0000 7fe49734a700 1 -- --> [v2:172.21.15.59:3300/0,v1:172.21.15.59:6789/0] -- mon_getmap magic: 0 -- 0x7fe49010f400 con 0x7fe49007f6f0
2024-05-08T05:17:42.044 INFO:teuthology.orchestra.run.smithi059.stdout:/usr/bin/ceph: stderr
2024-05-08T05:17:41.246+0000 7fe4950e6700 1 --2- >> [v2:172.21.15.59:3300/0,v1:172.21.15.59:6789/0] conn(0x7fe49007f6f0 0x7fe49019ef60 unknown :-1 s=BANNER_CONNECTING pgs=0 cs=0 l=1 rev1=0 crypto rx=0 tx=0 comp rx=0 tx=0)._handle_peer_banner_payload supported=3 required=0
2024-05-08T05:17:42.044 INFO:teuthology.orchestra.run.smithi059.stdout:/usr/bin/ceph: stderr
2024-05-08T05:17:41.246+0000 7fe4950e6700 1 --2- >> [v2:172.21.15.59:3300/0,v1:172.21.15.59:6789/0] conn(0x7fe49007f6f0 0x7fe49019ef60 unknown :-1 s=HELLO_CONNECTING pgs=0 cs=0 l=1 rev1=1 crypto rx=0 tx=0 comp rx=0 tx=0).handle_hello peer v2:172.21.15.59:3300/0 says I am v2:172.21.15.59:34368/0 (socket says 172.21.15.59:34368)
2024-05-08T05:17:42.044 INFO:teuthology.orchestra.run.smithi059.stdout:/usr/bin/ceph: stderr
2024-05-08T05:17:41.246+0000 7fe4950e6700 1 -- 172.21.15.59:0/2823640756 learned_addr learned my addr 172.21.15.59:0/2823640756 (peer_addr_for_me v2:172.21.15.59:0/0)
2024-05-08T05:17:42.044 INFO:teuthology.orchestra.run.smithi059.stdout:/usr/bin/ceph: stderr
2024-05-08T05:17:41.246+0000 7fe4950e6700 1 -- 172.21.15.59:0/2823640756 --> [v2:172.21.15.59:3300/0,v1:172.21.15.59:6789/0] -- mon_subscribe({config=0+,monmap=0+}) -- 0x7fe49019f4a0 con 0x7fe49007f6f0
2024-05-08T05:17:42.044 INFO:teuthology.orchestra.run.smithi059.stdout:/usr/bin/ceph: stderr
2024-05-08T05:17:41.246+0000 7fe4950e6700 1 --2- 172.21.15.59:0/2823640756 >> [v2:172.21.15.59:3300/0,v1:172.21.15.59:6789/0] conn(0x7fe49007f6f0 0x7fe49019ef60 secure :-1 s=READY pgs=44 cs=0 l=1 rev1=1 crypto rx=0x7fe48c011ac0 tx=0x7fe48c011ba0 comp rx=0 tx=0).ready entity=mon.0 client_cookie=0 server_cookie=0 in_seq=0 out_seq=0
2024-05-08T05:17:42.045 INFO:teuthology.orchestra.run.smithi059.stdout:/usr/bin/ceph: stderr
2024-05-08T05:17:41.246+0000 7fe4867fc700 1 -- 172.21.15.59:0/2823640756 <== mon.0 v2:172.21.15.59:3300/0 1 ==== mon_map magic: 0 ==== 205+0+0 (secure 0 0 0) 0x7fe48c003b20 con 0x7fe49007f6f0
2024-05-08T05:17:42.045 INFO:teuthology.orchestra.run.smithi059.stdout:/usr/bin/ceph: stderr
2024-05-08T05:17:41.246+0000 7fe4867fc700 1 -- 172.21.15.59:0/2823640756 <== mon.0 v2:172.21.15.59:3300/0 2 ==== config(26 keys) ==== 1070+0+0 (secure 0 0 0) 0x7fe48c01a8c0 con 0x7fe49007f6f0
2024-05-08T05:17:42.045 INFO:teuthology.orchestra.run.smithi059.stdout:/usr/bin/ceph: stderr
2024-05-08T05:17:41.246+0000 7fe4867fc700 1 -- 172.21.15.59:0/2823640756 <== mon.0 v2:172.21.15.59:3300/0 3 ==== mon_map magic: 0 ==== 205+0+0 (secure 0 0 0) 0x7fe48c0248d0 con 0x7fe49007f6f0
2024-05-08T05:17:42.045 INFO:teuthology.orchestra.run.smithi059.stdout:/usr/bin/ceph: stderr
2024-05-08T05:17:41.247+0000 7fe49734a700 1 -- 172.21.15.59:0/2823640756 --> [v2:172.21.15.59:3300/0,v1:172.21.15.59:6789/0] -- mon_subscribe({mgrmap=0+}) -- 0x7fe49019f730 con 0x7fe49007f6f0
2024-05-08T05:17:42.045 INFO:teuthology.orchestra.run.smithi059.stdout:/usr/bin/ceph: stderr
2024-05-08T05:17:41.247+0000 7fe49734a700 1 -- 172.21.15.59:0/2823640756 --> [v2:172.21.15.59:3300/0,v1:172.21.15.59:6789/0] -- mon_subscribe({osdmap=0}) -- 0x7fe4901a0250 con 0x7fe49007f6f0
2024-05-08T05:17:42.045 INFO:teuthology.orchestra.run.smithi059.stdout:/usr/bin/ceph: stderr
2024-05-08T05:17:41.248+0000 7fe4867fc700 1 -- 172.21.15.59:0/2823640756 <== mon.0 v2:172.21.15.59:3300/0 4 ==== mgrmap(e 8) ==== 50222+0+0 (secure 0 0 0) 0x7fe48c022020 con 0x7fe49007f6f0
2024-05-08T05:17:42.045 INFO:teuthology.orchestra.run.smithi059.stdout:/usr/bin/ceph: stderr
2024-05-08T05:17:41.248+0000 7fe49734a700 1 -- 172.21.15.59:0/2823640756 --> [v2:172.21.15.59:3300/0,v1:172.21.15.59:6789/0] -- mon_command({"prefix": "get_command_descriptions"} v 0) -- 0x7fe490064b00 con 0x7fe49007f6f0
2024-05-08T05:17:42.045 INFO:teuthology.orchestra.run.smithi059.stdout:/usr/bin/ceph: stderr
2024-05-08T05:17:41.248+0000 7fe4867fc700 1 --2- 172.21.15.59:0/2823640756 >> [v2:172.21.15.59:6800/95297313,v1:172.21.15.59:6801/95297313] conn(0x7fe47c03e580 0x7fe47c040a40 unknown :-1 s=NONE pgs=0 cs=0 l=1 rev1=0 crypto rx=0 tx=0 comp rx=0 tx=0).connect
2024-05-08T05:17:42.045 INFO:teuthology.orchestra.run.smithi059.stdout:/usr/bin/ceph: stderr
2024-05-08T05:17:41.248+0000 7fe4867fc700 1 -- 172.21.15.59:0/2823640756 <== mon.0 v2:172.21.15.59:3300/0 5 ==== osd_map(2..2 src has 1..2) ==== 940+0+0 (secure 0 0 0) 0x7fe48c053810 con 0x7fe49007f6f0
2024-05-08T05:17:42.045 INFO:teuthology.orchestra.run.smithi059.stdout:/usr/bin/ceph: stderr
2024-05-08T05:17:41.248+0000 7fe4948e5700 1 --2- 172.21.15.59:0/2823640756 >> [v2:172.21.15.59:6800/95297313,v1:172.21.15.59:6801/95297313] conn(0x7fe47c03e580 0x7fe47c040a40 unknown :-1 s=BANNER_CONNECTING pgs=0 cs=0 l=1 rev1=0 crypto rx=0 tx=0 comp rx=0 tx=0)._handle_peer_banner_payload supported=3 required=0
2024-05-08T05:17:42.045 INFO:teuthology.orchestra.run.smithi059.stdout:/usr/bin/ceph: stderr
2024-05-08T05:17:41.248+0000 7fe4948e5700 1 --2- 172.21.15.59:0/2823640756 >> [v2:172.21.15.59:6800/95297313,v1:172.21.15.59:6801/95297313] conn(0x7fe47c03e580 0x7fe47c040a40 secure :-1 s=READY pgs=10 cs=0 l=1 rev1=1 crypto rx=0x7fe480006fd0 tx=0x7fe480006e40 comp rx=0 tx=0).ready entity=mgr.14120 client_cookie=0 server_cookie=0 in_seq=0 out_seq=0
2024-05-08T05:17:42.045 INFO:teuthology.orchestra.run.smithi059.stdout:/usr/bin/ceph: stderr
2024-05-08T05:17:41.253+0000 7fe4867fc700 1 -- 172.21.15.59:0/2823640756 <== mon.0 v2:172.21.15.59:3300/0 6 ==== mon_command_ack([{"prefix": "get_command_descriptions"}]=0 v0) ==== 72+0+191963 (secure 0 0 0) 0x7fe48c01ab20 con 0x7fe49007f6f0
2024-05-08T05:17:42.045 INFO:teuthology.orchestra.run.smithi059.stdout:/usr/bin/ceph: stderr
2024-05-08T05:17:41.472+0000 7fe49734a700 1 -- 172.21.15.59:0/2823640756 --> [v2:172.21.15.59:6800/95297313,v1:172.21.15.59:6801/95297313] -- mgr_command(tid 0: {"prefix": "cephadm get-pub-key", "target": ["mon-mgr", ""]}) -- 0x7fe490105590 con 0x7fe47c03e580
2024-05-08T05:17:42.045 INFO:teuthology.orchestra.run.smithi059.stdout:/usr/bin/ceph: stderr
2024-05-08T05:17:41.472+0000 7fe4867fc700 1 -- 172.21.15.59:0/2823640756 <== mgr.14120 v2:172.21.15.59:6800/95297313 1 ==== mgr_command_reply(tid 0: 0 ) ==== 8+0+595 (secure 0 0 0) 0x7fe490105590 con 0x7fe47c03e580
2024-05-08T05:17:42.045 INFO:teuthology.orchestra.run.smithi059.stdout:/usr/bin/ceph: stderr
2024-05-08T05:17:41.474+0000 7fe49734a700 1 -- 172.21.15.59:0/2823640756 >> [v2:172.21.15.59:6800/95297313,v1:172.21.15.59:6801/95297313] conn(0x7fe47c03e580 msgr2=0x7fe47c040a40 secure :-1 s=STATE_CONNECTION_ESTABLISHED l=1).mark_down
2024-05-08T05:17:42.045 INFO:teuthology.orchestra.run.smithi059.stdout:/usr/bin/ceph: stderr
2024-05-08T05:17:41.474+0000 7fe49734a700 1 --2- 172.21.15.59:0/2823640756 >> [v2:172.21.15.59:6800/95297313,v1:172.21.15.59:6801/95297313] conn(0x7fe47c03e580 0x7fe47c040a40 secure :-1 s=READY pgs=10 cs=0 l=1 rev1=1 crypto rx=0x7fe480006fd0 tx=0x7fe480006e40 comp rx=0 tx=0).stop
2024-05-08T05:17:42.046 INFO:teuthology.orchestra.run.smithi059.stdout:/usr/bin/ceph: stderr
2024-05-08T05:17:41.474+0000 7fe49734a700 1 -- 172.21.15.59:0/2823640756 >> [v2:172.21.15.59:3300/0,v1:172.21.15.59:6789/0] conn(0x7fe49007f6f0 msgr2=0x7fe49019ef60 secure :-1 s=STATE_CONNECTION_ESTABLISHED l=1).mark_down
2024-05-08T05:17:42.046 INFO:teuthology.orchestra.run.smithi059.stdout:/usr/bin/ceph: stderr
2024-05-08T05:17:41.474+0000 7fe49734a700 1 --2- 172.21.15.59:0/2823640756 >> [v2:172.21.15.59:3300/0,v1:172.21.15.59:6789/0] conn(0x7fe49007f6f0 0x7fe49019ef60 secure :-1 s=READY pgs=44 cs=0 l=1 rev1=1 crypto rx=0x7fe48c011ac0 tx=0x7fe48c011ba0 comp rx=0 tx=0).stop
2024-05-08T05:17:42.046 INFO:teuthology.orchestra.run.smithi059.stdout:/usr/bin/ceph: stderr
2024-05-08T05:17:41.474+0000 7fe49734a700 1 -- 172.21.15.59:0/2823640756 shutdown_connections
2024-05-08T05:17:42.046 INFO:teuthology.orchestra.run.smithi059.stdout:/usr/bin/ceph: stderr
2024-05-08T05:17:41.474+0000 7fe49734a700 1 --2- 172.21.15.59:0/2823640756 >> [v2:172.21.15.59:6800/95297313,v1:172.21.15.59:6801/95297313] conn(0x7fe47c03e580 0x7fe47c040a40 unknown :-1 s=CLOSED pgs=10 cs=0 l=1 rev1=1 crypto rx=0 tx=0 comp rx=0 tx=0).stop
2024-05-08T05:17:42.046 INFO:teuthology.orchestra.run.smithi059.stdout:/usr/bin/ceph: stderr
2024-05-08T05:17:41.474+0000 7fe49734a700 1 --2- 172.21.15.59:0/2823640756 >> [v2:172.21.15.59:3300/0,v1:172.21.15.59:6789/0] conn(0x7fe49007f6f0 0x7fe49019ef60 unknown :-1 s=CLOSED pgs=44 cs=0 l=1 rev1=1 crypto rx=0 tx=0 comp rx=0 tx=0).stop
2024-05-08T05:17:42.046 INFO:teuthology.orchestra.run.smithi059.stdout:/usr/bin/ceph: stderr
2024-05-08T05:17:41.474+0000 7fe49734a700 1 -- 172.21.15.59:0/2823640756 >> 172.21.15.59:0/2823640756 conn(0x7fe490104410 msgr2=0x7fe490104e80 unknown :-1 s=STATE_NONE l=0).mark_down
2024-05-08T05:17:42.046 INFO:teuthology.orchestra.run.smithi059.stdout:/usr/bin/ceph: stderr
2024-05-08T05:17:41.475+0000 7fe49734a700 1 -- 172.21.15.59:0/2823640756 shutdown_connections
2024-05-08T05:17:42.046 INFO:teuthology.orchestra.run.smithi059.stdout:/usr/bin/ceph: stderr
2024-05-08T05:17:41.475+0000 7fe49734a700 1 -- 172.21.15.59:0/2823640756 wait complete.
