2024-05-08T05:18:06.363+0000 7f7846d9d700 1 --2- 172.21.15.59:0/1206502868 >> [v2:172.21.15.59:3300/0,v1:172.21.15.59:6789/0] conn(0x7f7848107d50 0x7f7848108170 secure :-1 s=READY pgs=70 cs=0 l=1 rev1=1 crypto rx=0x7f78380098a0 tx=0x7f7838009bb0 comp rx=0 tx=0).ready entity=mon.0 client_cookie=95f99b1f148a1957 server_cookie=0 in_seq=0 out_seq=0
2024-05-08T05:18:07.252 INFO:teuthology.orchestra.run.smithi059.stdout:/usr/bin/ceph: stderr
2024-05-08T05:18:06.364+0000 7f784659c700 1 -- 172.21.15.59:0/1206502868 <== mon.0 v2:172.21.15.59:3300/0 1 ==== mon_map magic: 0 ==== 205+0+0 (secure 0 0 0) 0x7f7838004160 con 0x7f7848107d50
2024-05-08T05:18:07.252 INFO:teuthology.orchestra.run.smithi059.stdout:/usr/bin/ceph: stderr
2024-05-08T05:18:06.364+0000 7f784659c700 1 -- 172.21.15.59:0/1206502868 <== mon.0 v2:172.21.15.59:3300/0 2 ==== config(26 keys) ==== 1101+0+0 (secure 0 0 0) 0x7f7838004300 con 0x7f7848107d50
2024-05-08T05:18:07.252 INFO:teuthology.orchestra.run.smithi059.stdout:/usr/bin/ceph: stderr
2024-05-08T05:18:06.364+0000 7f784659c700 1 -- 172.21.15.59:0/1206502868 <== mon.0 v2:172.21.15.59:3300/0 3 ==== mon_map magic: 0 ==== 205+0+0 (secure 0 0 0) 0x7f7838011a20 con 0x7f7848107d50
2024-05-08T05:18:07.252 INFO:teuthology.orchestra.run.smithi059.stdout:/usr/bin/ceph: stderr
2024-05-08T05:18:06.364+0000 7f784d02f700 1 -- 172.21.15.59:0/1206502868 >> [v2:172.21.15.59:3300/0,v1:172.21.15.59:6789/0] conn(0x7f7848107d50 msgr2=0x7f7848108170 secure :-1 s=STATE_CONNECTION_ESTABLISHED l=1).mark_down
2024-05-08T05:18:07.252 INFO:teuthology.orchestra.run.smithi059.stdout:/usr/bin/ceph: stderr
2024-05-08T05:18:06.364+0000 7f784d02f700 1 --2- 172.21.15.59:0/1206502868 >> [v2:172.21.15.59:3300/0,v1:172.21.15.59:6789/0] conn(0x7f7848107d50 0x7f7848108170 secure :-1 s=READY pgs=70 cs=0 l=1 rev1=1 crypto rx=0x7f78380098a0 tx=0x7f7838009bb0 comp rx=0 tx=0).stop
2024-05-08T05:18:07.252 INFO:teuthology.orchestra.run.smithi059.stdout:/usr/bin/ceph: stderr
2024-05-08T05:18:06.364+0000 7f784d02f700 1 -- 172.21.15.59:0/1206502868 shutdown_connections
2024-05-08T05:18:07.252 INFO:teuthology.orchestra.run.smithi059.stdout:/usr/bin/ceph: stderr
2024-05-08T05:18:06.364+0000 7f784d02f700 1 --2- 172.21.15.59:0/1206502868 >> [v2:172.21.15.59:3300/0,v1:172.21.15.59:6789/0] conn(0x7f7848107d50 0x7f7848108170 unknown :-1 s=CLOSED pgs=70 cs=0 l=1 rev1=1 crypto rx=0 tx=0 comp rx=0 tx=0).stop
2024-05-08T05:18:07.252 INFO:teuthology.orchestra.run.smithi059.stdout:/usr/bin/ceph: stderr
2024-05-08T05:18:06.364+0000 7f784d02f700 1 -- 172.21.15.59:0/1206502868 >> 172.21.15.59:0/1206502868 conn(0x7f78481032b0 msgr2=0x7f7848105730 unknown :-1 s=STATE_NONE l=0).mark_down
2024-05-08T05:18:07.252 INFO:teuthology.orchestra.run.smithi059.stdout:/usr/bin/ceph: stderr
2024-05-08T05:18:06.364+0000 7f784d02f700 1 -- 172.21.15.59:0/1206502868 shutdown_connections
2024-05-08T05:18:07.252 INFO:teuthology.orchestra.run.smithi059.stdout:/usr/bin/ceph: stderr
2024-05-08T05:18:06.364+0000 7f784d02f700 1 -- 172.21.15.59:0/1206502868 wait complete.
2024-05-08T05:18:07.252 INFO:teuthology.orchestra.run.smithi059.stdout:/usr/bin/ceph: stderr
2024-05-08T05:18:06.365+0000 7f784d02f700 1 Processor -- start
2024-05-08T05:18:07.252 INFO:teuthology.orchestra.run.smithi059.stdout:/usr/bin/ceph: stderr
2024-05-08T05:18:06.365+0000 7f784d02f700 1 -- start start
2024-05-08T05:18:07.252 INFO:teuthology.orchestra.run.smithi059.stdout:/usr/bin/ceph: stderr
2024-05-08T05:18:06.365+0000 7f784d02f700 1 --2- >> [v2:172.21.15.59:3300/0,v1:172.21.15.59:6789/0] conn(0x7f7848107d50 0x7f784819fa70 unknown :-1 s=NONE pgs=0 cs=0 l=1 rev1=0 crypto rx=0 tx=0 comp rx=0 tx=0).connect
2024-05-08T05:18:07.252 INFO:teuthology.orchestra.run.smithi059.stdout:/usr/bin/ceph: stderr
2024-05-08T05:18:06.365+0000 7f784d02f700 1 -- --> [v2:172.21.15.59:3300/0,v1:172.21.15.59:6789/0] -- mon_getmap magic: 0 -- 0x7f784810c300 con 0x7f7848107d50
2024-05-08T05:18:07.252 INFO:teuthology.orchestra.run.smithi059.stdout:/usr/bin/ceph: stderr
2024-05-08T05:18:06.366+0000 7f7846d9d700 1 --2- >> [v2:172.21.15.59:3300/0,v1:172.21.15.59:6789/0] conn(0x7f7848107d50 0x7f784819fa70 unknown :-1 s=BANNER_CONNECTING pgs=0 cs=0 l=1 rev1=0 crypto rx=0 tx=0 comp rx=0 tx=0)._handle_peer_banner_payload supported=3 required=0
2024-05-08T05:18:07.253 INFO:teuthology.orchestra.run.smithi059.stdout:/usr/bin/ceph: stderr
2024-05-08T05:18:06.366+0000 7f7846d9d700 1 --2- >> [v2:172.21.15.59:3300/0,v1:172.21.15.59:6789/0] conn(0x7f7848107d50 0x7f784819fa70 unknown :-1 s=HELLO_CONNECTING pgs=0 cs=0 l=1 rev1=1 crypto rx=0 tx=0 comp rx=0 tx=0).handle_hello peer v2:172.21.15.59:3300/0 says I am v2:172.21.15.59:59718/0 (socket says 172.21.15.59:59718)
2024-05-08T05:18:07.253 INFO:teuthology.orchestra.run.smithi059.stdout:/usr/bin/ceph: stderr
2024-05-08T05:18:06.366+0000 7f7846d9d700 1 -- 172.21.15.59:0/1822536288 learned_addr learned my addr 172.21.15.59:0/1822536288 (peer_addr_for_me v2:172.21.15.59:0/0)
2024-05-08T05:18:07.253 INFO:teuthology.orchestra.run.smithi059.stdout:/usr/bin/ceph: stderr
2024-05-08T05:18:06.366+0000 7f7846d9d700 1 -- 172.21.15.59:0/1822536288 --> [v2:172.21.15.59:3300/0,v1:172.21.15.59:6789/0] -- mon_subscribe({config=0+,monmap=0+}) -- 0x7f784807cc10 con 0x7f7848107d50
2024-05-08T05:18:07.253 INFO:teuthology.orchestra.run.smithi059.stdout:/usr/bin/ceph: stderr
2024-05-08T05:18:06.366+0000 7f7846d9d700 1 --2- 172.21.15.59:0/1822536288 >> [v2:172.21.15.59:3300/0,v1:172.21.15.59:6789/0] conn(0x7f7848107d50 0x7f784819fa70 secure :-1 s=READY pgs=71 cs=0 l=1 rev1=1 crypto rx=0x7f78380119f0 tx=0x7f7838011ad0 comp rx=0 tx=0).ready entity=mon.0 client_cookie=0 server_cookie=0 in_seq=0 out_seq=0
2024-05-08T05:18:07.253 INFO:teuthology.orchestra.run.smithi059.stdout:/usr/bin/ceph: stderr
2024-05-08T05:18:06.366+0000 7f7844d99700 1 -- 172.21.15.59:0/1822536288 <== mon.0 v2:172.21.15.59:3300/0 1 ==== mon_map magic: 0 ==== 205+0+0 (secure 0 0 0) 0x7f78380039e0 con 0x7f7848107d50
2024-05-08T05:18:07.253 INFO:teuthology.orchestra.run.smithi059.stdout:/usr/bin/ceph: stderr
2024-05-08T05:18:06.366+0000 7f7844d99700 1 -- 172.21.15.59:0/1822536288 <== mon.0 v2:172.21.15.59:3300/0 2 ==== config(26 keys) ==== 1101+0+0 (secure 0 0 0) 0x7f783801b8f0 con 0x7f7848107d50
2024-05-08T05:18:07.253 INFO:teuthology.orchestra.run.smithi059.stdout:/usr/bin/ceph: stderr
2024-05-08T05:18:06.366+0000 7f784d02f700 1 -- 172.21.15.59:0/1822536288 --> [v2:172.21.15.59:3300/0,v1:172.21.15.59:6789/0] -- mon_subscribe({mgrmap=0+}) -- 0x7f784807cea0 con 0x7f7848107d50
2024-05-08T05:18:07.253 INFO:teuthology.orchestra.run.smithi059.stdout:/usr/bin/ceph: stderr
2024-05-08T05:18:06.366+0000 7f7844d99700 1 -- 172.21.15.59:0/1822536288 <== mon.0 v2:172.21.15.59:3300/0 3 ==== mon_map magic: 0 ==== 205+0+0 (secure 0 0 0) 0x7f78380237a0 con 0x7f7848107d50
2024-05-08T05:18:07.253 INFO:teuthology.orchestra.run.smithi059.stdout:/usr/bin/ceph: stderr
2024-05-08T05:18:06.366+0000 7f784d02f700 1 -- 172.21.15.59:0/1822536288 --> [v2:172.21.15.59:3300/0,v1:172.21.15.59:6789/0] -- mon_subscribe({osdmap=0}) -- 0x7f78481a0200 con 0x7f7848107d50
2024-05-08T05:18:07.253 INFO:teuthology.orchestra.run.smithi059.stdout:/usr/bin/ceph: stderr
2024-05-08T05:18:06.367+0000 7f7844d99700 1 -- 172.21.15.59:0/1822536288 <== mon.0 v2:172.21.15.59:3300/0 4 ==== mgrmap(e 11) ==== 50129+0+0 (secure 0 0 0) 0x7f783802c3f0 con 0x7f7848107d50
2024-05-08T05:18:07.253 INFO:teuthology.orchestra.run.smithi059.stdout:/usr/bin/ceph: stderr
2024-05-08T05:18:06.367+0000 7f784d02f700 1 -- 172.21.15.59:0/1822536288 --> [v2:172.21.15.59:3300/0,v1:172.21.15.59:6789/0] -- mon_command({"prefix": "get_command_descriptions"} v 0) -- 0x7f7848064b00 con 0x7f7848107d50
2024-05-08T05:18:07.253 INFO:teuthology.orchestra.run.smithi059.stdout:/usr/bin/ceph: stderr
2024-05-08T05:18:06.368+0000 7f7844d99700 1 --2- 172.21.15.59:0/1822536288 >> [v2:172.21.15.59:6800/546809822,v1:172.21.15.59:6801/546809822] conn(0x7f783403e470 0x7f7834040930 unknown :-1 s=NONE pgs=0 cs=0 l=1 rev1=0 crypto rx=0 tx=0 comp rx=0 tx=0).connect
2024-05-08T05:18:07.253 INFO:teuthology.orchestra.run.smithi059.stdout:/usr/bin/ceph: stderr
2024-05-08T05:18:06.368+0000 7f7844d99700 1 -- 172.21.15.59:0/1822536288 <== mon.0 v2:172.21.15.59:3300/0 5 ==== osd_map(3..3 src has 1..3) ==== 1155+0+0 (secure 0 0 0) 0x7f7838053d00 con 0x7f7848107d50
2024-05-08T05:18:07.253 INFO:teuthology.orchestra.run.smithi059.stdout:/usr/bin/ceph: stderr
2024-05-08T05:18:06.368+0000 7f783ffff700 1 --2- 172.21.15.59:0/1822536288 >> [v2:172.21.15.59:6800/546809822,v1:172.21.15.59:6801/546809822] conn(0x7f783403e470 0x7f7834040930 unknown :-1 s=BANNER_CONNECTING pgs=0 cs=0 l=1 rev1=0 crypto rx=0 tx=0 comp rx=0 tx=0)._handle_peer_banner_payload supported=3 required=0
2024-05-08T05:18:07.253 INFO:teuthology.orchestra.run.smithi059.stdout:/usr/bin/ceph: stderr
2024-05-08T05:18:06.368+0000 7f783ffff700 1 --2- 172.21.15.59:0/1822536288 >> [v2:172.21.15.59:6800/546809822,v1:172.21.15.59:6801/546809822] conn(0x7f783403e470 0x7f7834040930 secure :-1 s=READY pgs=7 cs=0 l=1 rev1=1 crypto rx=0x7f7830006fd0 tx=0x7f7830006e40 comp rx=0 tx=0).ready entity=mgr.14152 client_cookie=0 server_cookie=0 in_seq=0 out_seq=0
2024-05-08T05:18:07.253 INFO:teuthology.orchestra.run.smithi059.stdout:/usr/bin/ceph: stderr
2024-05-08T05:18:06.373+0000 7f7844d99700 1 -- 172.21.15.59:0/1822536288 <== mon.0 v2:172.21.15.59:3300/0 6 ==== mon_command_ack([{"prefix": "get_command_descriptions"}]=0 v0) ==== 72+0+191963 (secure 0 0 0) 0x7f783801f030 con 0x7f7848107d50
2024-05-08T05:18:07.254 INFO:teuthology.orchestra.run.smithi059.stdout:/usr/bin/ceph: stderr
2024-05-08T05:18:06.599+0000 7f7844d99700 1 -- 172.21.15.59:0/1822536288 <== mon.0 v2:172.21.15.59:3300/0 7 ==== mgrmap(e 12) ==== 50235+0+0 (secure 0 0 0) 0x7f783802cab0 con 0x7f7848107d50
2024-05-08T05:18:07.254 INFO:teuthology.orchestra.run.smithi059.stdout:/usr/bin/ceph: stderr
2024-05-08T05:18:06.602+0000 7f784d02f700 1 -- 172.21.15.59:0/1822536288 --> [v2:172.21.15.59:6800/546809822,v1:172.21.15.59:6801/546809822] -- mgr_command(tid 0: {"prefix": "dashboard create-self-signed-cert", "target": ["mon-mgr", ""]}) -- 0x7f7848104480 con 0x7f783403e470
2024-05-08T05:18:07.254 INFO:teuthology.orchestra.run.smithi059.stdout:/usr/bin/ceph: stderr
2024-05-08T05:18:06.664+0000 7f7844d99700 1 -- 172.21.15.59:0/1822536288 <== mgr.14152 v2:172.21.15.59:6800/546809822 1 ==== mgr_command_reply(tid 0: 0 ) ==== 8+0+32 (secure 0 0 0) 0x7f7848104480 con 0x7f783403e470
2024-05-08T05:18:07.254 INFO:teuthology.orchestra.run.smithi059.stdout:/usr/bin/ceph: stderr
2024-05-08T05:18:06.667+0000 7f784d02f700 1 -- 172.21.15.59:0/1822536288 >> [v2:172.21.15.59:6800/546809822,v1:172.21.15.59:6801/546809822] conn(0x7f783403e470 msgr2=0x7f7834040930 secure :-1 s=STATE_CONNECTION_ESTABLISHED l=1).mark_down
2024-05-08T05:18:07.254 INFO:teuthology.orchestra.run.smithi059.stdout:/usr/bin/ceph: stderr
2024-05-08T05:18:06.667+0000 7f784d02f700 1 --2- 172.21.15.59:0/1822536288 >> [v2:172.21.15.59:6800/546809822,v1:172.21.15.59:6801/546809822] conn(0x7f783403e470 0x7f7834040930 secure :-1 s=READY pgs=7 cs=0 l=1 rev1=1 crypto rx=0x7f7830006fd0 tx=0x7f7830006e40 comp rx=0 tx=0).stop
2024-05-08T05:18:07.254 INFO:teuthology.orchestra.run.smithi059.stdout:/usr/bin/ceph: stderr
2024-05-08T05:18:06.667+0000 7f784d02f700 1 -- 172.21.15.59:0/1822536288 >> [v2:172.21.15.59:3300/0,v1:172.21.15.59:6789/0] conn(0x7f7848107d50 msgr2=0x7f784819fa70 secure :-1 s=STATE_CONNECTION_ESTABLISHED l=1).mark_down
2024-05-08T05:18:07.254 INFO:teuthology.orchestra.run.smithi059.stdout:/usr/bin/ceph: stderr
2024-05-08T05:18:06.667+0000 7f784d02f700 1 --2- 172.21.15.59:0/1822536288 >> [v2:172.21.15.59:3300/0,v1:172.21.15.59:6789/0] conn(0x7f7848107d50 0x7f784819fa70 secure :-1 s=READY pgs=71 cs=0 l=1 rev1=1 crypto rx=0x7f78380119f0 tx=0x7f7838011ad0 comp rx=0 tx=0).stop
2024-05-08T05:18:07.254 INFO:teuthology.orchestra.run.smithi059.stdout:/usr/bin/ceph: stderr
2024-05-08T05:18:06.667+0000 7f784d02f700 1 -- 172.21.15.59:0/1822536288 shutdown_connections
2024-05-08T05:18:07.254 INFO:teuthology.orchestra.run.smithi059.stdout:/usr/bin/ceph: stderr
2024-05-08T05:18:06.667+0000 7f784d02f700 1 --2- 172.21.15.59:0/1822536288 >> [v2:172.21.15.59:6800/546809822,v1:172.21.15.59:6801/546809822] conn(0x7f783403e470 0x7f7834040930 unknown :-1 s=CLOSED pgs=7 cs=0 l=1 rev1=1 crypto rx=0 tx=0 comp rx=0 tx=0).stop
2024-05-08T05:18:07.254 INFO:teuthology.orchestra.run.smithi059.stdout:/usr/bin/ceph: stderr
2024-05-08T05:18:06.667+0000 7f784d02f700 1 --2- 172.21.15.59:0/1822536288 >> [v2:172.21.15.59:3300/0,v1:172.21.15.59:6789/0] conn(0x7f7848107d50 0x7f784819fa70 unknown :-1 s=CLOSED pgs=71 cs=0 l=1 rev1=1 crypto rx=0 tx=0 comp rx=0 tx=0).stop
2024-05-08T05:18:07.254 INFO:teuthology.orchestra.run.smithi059.stdout:/usr/bin/ceph: stderr
2024-05-08T05:18:06.667+0000 7f784d02f700 1 -- 172.21.15.59:0/1822536288 >> 172.21.15.59:0/1822536288 conn(0x7f78481032b0 msgr2=0x7f7848103d70 unknown :-1 s=STATE_NONE l=0).mark_down
2024-05-08T05:18:07.254 INFO:teuthology.orchestra.run.smithi059.stdout:/usr/bin/ceph: stderr
2024-05-08T05:18:06.667+0000 7f784d02f700 1 -- 172.21.15.59:0/1822536288 shutdown_connections
2024-05-08T05:18:07.254 INFO:teuthology.orchestra.run.smithi059.stdout:/usr/bin/ceph: stderr
2024-05-08T05:18:06.667+0000 7f784d02f700 1 -- 172.21.15.59:0/1822536288 wait complete.
2024-05-08T05:18:07.254 INFO:teuthology.orchestra.run.smithi059.stdout:Creating initial admin user...
2024-05-08T05:18:07.645 INFO:journalctl@ceph.mon.a.smithi059.stdout:May 08 05:18:07 smithi059 ceph-mon[30304]: mgrmap e12: x(active, since 2s)
2024-05-08T05:18:07.645 INFO:journalctl@ceph.mon.a.smithi059.stdout:May 08 05:18:07 smithi059 ceph-mon[30304]: from='client.14164 -' entity='client.admin' cmd=[{"prefix": "dashboard create-self-signed-cert", "target": ["mon-mgr", ""]}]: dispatch
2024-05-08T05:18:07.645 INFO:journalctl@ceph.mon.a.smithi059.stdout:May 08 05:18:07 smithi059 ceph-mon[30304]: from='mgr.14152 172.21.15.59:0/745353230' entity='mgr.x'
2024-05-08T05:18:07.645 INFO:journalctl@ceph.mon.a.smithi059.stdout:May 08 05:18:07 smithi059 ceph-mon[30304]: from='mgr.14152 172.21.15.59:0/745353230' entity='mgr.x'
2024-05-08T05:18:07.645 INFO:journalctl@ceph.mon.a.smithi059.stdout:May 08 05:18:07 smithi059 ceph-mon[30304]: from='mgr.14152 172.21.15.59:0/745353230' entity='mgr.x'
2024-05-08T05:18:08.810 INFO:teuthology.orchestra.run.smithi059.stdout:/usr/bin/ceph: stdout {"username": "admin", "password": "$2b$12$kfEGvLZaEJc5UayCUIxzi.I4IzAzxyYVELHrdpIMUmXEYr0pXyaVu", "roles": ["administrator"], "name": null, "email": null, "lastUpdate": 1715145488, "enabled": true, "pwdExpirationDate": null, "pwdUpdateRequired": true}
2024-05-08T05:18:08.810 INFO:teuthology.orchestra.run.smithi059.stdout:/usr/bin/ceph: stderr
2024-05-08T05:18:07.678+0000 7ff799212700 1 Processor -- start
2024-05-08T05:18:08.811 INFO:teuthology.orchestra.run.smithi059.stdout:/usr/bin/ceph: stderr
2024-05-08T05:18:07.678+0000 7ff799212700 1 -- start start
2024-05-08T05:18:08.811 INFO:teuthology.orchestra.run.smithi059.stdout:/usr/bin/ceph: stderr
2024-05-08T05:18:07.679+0000 7ff799212700 1 --2- >> [v2:172.21.15.59:3300/0,v1:172.21.15.59:6789/0] conn(0x7ff794107d50 0x7ff794108170 unknown :-1 s=NONE pgs=0 cs=0 l=0 rev1=0 crypto rx=0 tx=0 comp rx=0 tx=0).connect
2024-05-08T05:18:08.811 INFO:teuthology.orchestra.run.smithi059.stdout:/usr/bin/ceph: stderr
2024-05-08T05:18:07.679+0000 7ff799212700 1 -- --> [v2:172.21.15.59:3300/0,v1:172.21.15.59:6789/0] -- mon_getmap magic: 0 -- 0x7ff794108740 con 0x7ff794107d50
2024-05-08T05:18:08.811 INFO:teuthology.orchestra.run.smithi059.stdout:/usr/bin/ceph: stderr
2024-05-08T05:18:07.679+0000 7ff792d9d700 1 --2- >> [v2:172.21.15.59:3300/0,v1:172.21.15.59:6789/0] conn(0x7ff794107d50 0x7ff794108170 unknown :-1 s=BANNER_CONNECTING pgs=0 cs=0 l=0 rev1=0 crypto rx=0 tx=0 comp rx=0 tx=0)._handle_peer_banner_payload supported=3 required=0
2024-05-08T05:18:08.811 INFO:teuthology.orchestra.run.smithi059.stdout:/usr/bin/ceph: stderr
2024-05-08T05:18:07.679+0000 7ff792d9d700 1 --2- >> [v2:172.21.15.59:3300/0,v1:172.21.15.59:6789/0] conn(0x7ff794107d50 0x7ff794108170 unknown :-1 s=HELLO_CONNECTING pgs=0 cs=0 l=0 rev1=1 crypto rx=0 tx=0 comp rx=0 tx=0).handle_hello peer v2:172.21.15.59:3300/0 says I am v2:172.21.15.59:59726/0 (socket says 172.21.15.59:59726)
2024-05-08T05:18:08.811 INFO:teuthology.orchestra.run.smithi059.stdout:/usr/bin/ceph: stderr
2024-05-08T05:18:07.679+0000 7ff792d9d700 1 -- 172.21.15.59:0/3537981881 learned_addr learned my addr 172.21.15.59:0/3537981881 (peer_addr_for_me v2:172.21.15.59:0/0)
2024-05-08T05:18:08.811 INFO:teuthology.orchestra.run.smithi059.stdout:/usr/bin/ceph: stderr
2024-05-08T05:18:07.679+0000 7ff792d9d700 1 -- 172.21.15.59:0/3537981881 --> [v2:172.21.15.59:3300/0,v1:172.21.15.59:6789/0] -- mon_subscribe({config=0+,monmap=0+}) -- 0x7ff794108f50 con 0x7ff794107d50
2024-05-08T05:18:08.811 INFO:teuthology.orchestra.run.smithi059.stdout:/usr/bin/ceph: stderr
2024-05-08T05:18:07.679+0000 7ff792d9d700 1 --2- 172.21.15.59:0/3537981881 >> [v2:172.21.15.59:3300/0,v1:172.21.15.59:6789/0] conn(0x7ff794107d50 0x7ff794108170 secure :-1 s=READY pgs=72 cs=0 l=1 rev1=1 crypto rx=0x7ff7840098a0 tx=0x7ff784009bb0 comp rx=0 tx=0).ready entity=mon.0 client_cookie=c54e0ffafac16a6e server_cookie=0 in_seq=0 out_seq=0
2024-05-08T05:18:08.811 INFO:teuthology.orchestra.run.smithi059.stdout:/usr/bin/ceph: stderr
2024-05-08T05:18:07.679+0000 7ff79259c700 1 -- 172.21.15.59:0/3537981881 <== mon.0 v2:172.21.15.59:3300/0 1 ==== mon_map magic: 0 ==== 205+0+0 (secure 0 0 0) 0x7ff784004160 con 0x7ff794107d50
2024-05-08T05:18:08.811 INFO:teuthology.orchestra.run.smithi059.stdout:/usr/bin/ceph: stderr
2024-05-08T05:18:07.679+0000 7ff79259c700 1 -- 172.21.15.59:0/3537981881 <== mon.0 v2:172.21.15.59:3300/0 2 ==== config(26 keys) ==== 1101+0+0 (secure 0 0 0) 0x7ff784004300 con 0x7ff794107d50
2024-05-08T05:18:08.811 INFO:teuthology.orchestra.run.smithi059.stdout:/usr/bin/ceph: stderr
2024-05-08T05:18:07.680+0000 7ff79259c700 1 -- 172.21.15.59:0/3537981881 <== mon.0 v2:172.21.15.59:3300/0 3 ==== mon_map magic: 0 ==== 205+0+0 (secure 0 0 0) 0x7ff784011a20 con 0x7ff794107d50
2024-05-08T05:18:08.811 INFO:teuthology.orchestra.run.smithi059.stdout:/usr/bin/ceph: stderr
2024-05-08T05:18:07.680+0000 7ff799212700 1 -- 172.21.15.59:0/3537981881 >> [v2:172.21.15.59:3300/0,v1:172.21.15.59:6789/0] conn(0x7ff794107d50 msgr2=0x7ff794108170 secure :-1 s=STATE_CONNECTION_ESTABLISHED l=1).mark_down
2024-05-08T05:18:08.812 INFO:teuthology.orchestra.run.smithi059.stdout:/usr/bin/ceph: stderr
2024-05-08T05:18:07.680+0000 7ff799212700 1 --2- 172.21.15.59:0/3537981881 >> [v2:172.21.15.59:3300/0,v1:172.21.15.59:6789/0] conn(0x7ff794107d50 0x7ff794108170 secure :-1 s=READY pgs=72 cs=0 l=1 rev1=1 crypto rx=0x7ff7840098a0 tx=0x7ff784009bb0 comp rx=0 tx=0).stop
2024-05-08T05:18:08.812 INFO:teuthology.orchestra.run.smithi059.stdout:/usr/bin/ceph: stderr
2024-05-08T05:18:07.680+0000 7ff799212700 1 -- 172.21.15.59:0/3537981881 shutdown_connections
2024-05-08T05:18:08.812 INFO:teuthology.orchestra.run.smithi059.stdout:/usr/bin/ceph: stderr
2024-05-08T05:18:07.680+0000 7ff799212700 1 --2- 172.21.15.59:0/3537981881 >> [v2:172.21.15.59:3300/0,v1:172.21.15.59:6789/0] conn(0x7ff794107d50 0x7ff794108170 unknown :-1 s=CLOSED pgs=72 cs=0 l=1 rev1=1 crypto rx=0 tx=0 comp rx=0 tx=0).stop
2024-05-08T05:18:08.812 INFO:teuthology.orchestra.run.smithi059.stdout:/usr/bin/ceph: stderr
2024-05-08T05:18:07.680+0000 7ff799212700 1 -- 172.21.15.59:0/3537981881 >> 172.21.15.59:0/3537981881 conn(0x7ff7941032b0 msgr2=0x7ff794105730 unknown :-1 s=STATE_NONE l=0).mark_down
2024-05-08T05:18:08.812 INFO:teuthology.orchestra.run.smithi059.stdout:/usr/bin/ceph: stderr
2024-05-08T05:18:07.680+0000 7ff799212700 1 -- 172.21.15.59:0/3537981881 shutdown_connections
2024-05-08T05:18:08.812 INFO:teuthology.orchestra.run.smithi059.stdout:/usr/bin/ceph: stderr
2024-05-08T05:18:07.680+0000 7ff799212700 1 -- 172.21.15.59:0/3537981881 wait complete.
2024-05-08T05:18:08.812 INFO:teuthology.orchestra.run.smithi059.stdout:/usr/bin/ceph: stderr
2024-05-08T05:18:07.681+0000 7ff799212700 1 Processor -- start
2024-05-08T05:18:08.812 INFO:teuthology.orchestra.run.smithi059.stdout:/usr/bin/ceph: stderr
2024-05-08T05:18:07.681+0000 7ff799212700 1 -- start start
2024-05-08T05:18:08.812 INFO:teuthology.orchestra.run.smithi059.stdout:/usr/bin/ceph: stderr
2024-05-08T05:18:07.681+0000 7ff799212700 1 --2- >> [v2:172.21.15.59:3300/0,v1:172.21.15.59:6789/0] conn(0x7ff794107d50 0x7ff79419f080 unknown :-1 s=NONE pgs=0 cs=0 l=1 rev1=0 crypto rx=0 tx=0 comp rx=0 tx=0).connect
2024-05-08T05:18:08.812 INFO:teuthology.orchestra.run.smithi059.stdout:/usr/bin/ceph: stderr
2024-05-08T05:18:07.681+0000 7ff799212700 1 -- --> [v2:172.21.15.59:3300/0,v1:172.21.15.59:6789/0] -- mon_getmap magic: 0 -- 0x7ff79410c300 con 0x7ff794107d50
2024-05-08T05:18:08.812 INFO:teuthology.orchestra.run.smithi059.stdout:/usr/bin/ceph: stderr
2024-05-08T05:18:07.682+0000 7ff792d9d700 1 --2- >> [v2:172.21.15.59:3300/0,v1:172.21.15.59:6789/0] conn(0x7ff794107d50 0x7ff79419f080 unknown :-1 s=BANNER_CONNECTING pgs=0 cs=0 l=1 rev1=0 crypto rx=0 tx=0 comp rx=0 tx=0)._handle_peer_banner_payload supported=3 required=0
2024-05-08T05:18:08.812 INFO:teuthology.orchestra.run.smithi059.stdout:/usr/bin/ceph: stderr
2024-05-08T05:18:07.682+0000 7ff792d9d700 1 --2- >> [v2:172.21.15.59:3300/0,v1:172.21.15.59:6789/0] conn(0x7ff794107d50 0x7ff79419f080 unknown :-1 s=HELLO_CONNECTING pgs=0 cs=0 l=1 rev1=1 crypto rx=0 tx=0 comp rx=0 tx=0).handle_hello peer v2:172.21.15.59:3300/0 says I am v2:172.21.15.59:59740/0 (socket says 172.21.15.59:59740)
2024-05-08T05:18:08.812 INFO:teuthology.orchestra.run.smithi059.stdout:/usr/bin/ceph: stderr
2024-05-08T05:18:07.682+0000 7ff792d9d700 1 -- 172.21.15.59:0/4067850341 learned_addr learned my addr 172.21.15.59:0/4067850341 (peer_addr_for_me v2:172.21.15.59:0/0)
2024-05-08T05:18:08.812 INFO:teuthology.orchestra.run.smithi059.stdout:/usr/bin/ceph: stderr
2024-05-08T05:18:07.682+0000 7ff792d9d700 1 -- 172.21.15.59:0/4067850341 --> [v2:172.21.15.59:3300/0,v1:172.21.15.59:6789/0] -- mon_subscribe({config=0+,monmap=0+}) -- 0x7ff79419f5c0 con 0x7ff794107d50
2024-05-08T05:18:08.813 INFO:teuthology.orchestra.run.smithi059.stdout:/usr/bin/ceph: stderr
2024-05-08T05:18:07.682+0000 7ff792d9d700 1 --2- 172.21.15.59:0/4067850341 >> [v2:172.21.15.59:3300/0,v1:172.21.15.59:6789/0] conn(0x7ff794107d50 0x7ff79419f080 secure :-1 s=READY pgs=73 cs=0 l=1 rev1=1 crypto rx=0x7ff784000c00 tx=0x7ff784011aa0 comp rx=0 tx=0).ready entity=mon.0 client_cookie=0 server_cookie=0 in_seq=0 out_seq=0
2024-05-08T05:18:08.813 INFO:teuthology.orchestra.run.smithi059.stdout:/usr/bin/ceph: stderr
2024-05-08T05:18:07.682+0000 7ff790d99700 1 -- 172.21.15.59:0/4067850341 <== mon.0 v2:172.21.15.59:3300/0 1 ==== mon_map magic: 0 ==== 205+0+0 (secure 0 0 0) 0x7ff784003aa0 con 0x7ff794107d50
2024-05-08T05:18:08.813 INFO:teuthology.orchestra.run.smithi059.stdout:/usr/bin/ceph: stderr
2024-05-08T05:18:07.682+0000 7ff790d99700 1 -- 172.21.15.59:0/4067850341 <== mon.0 v2:172.21.15.59:3300/0 2 ==== config(26 keys) ==== 1101+0+0 (secure 0 0 0) 0x7ff78401b8f0 con 0x7ff794107d50
2024-05-08T05:18:08.813 INFO:teuthology.orchestra.run.smithi059.stdout:/usr/bin/ceph: stderr
2024-05-08T05:18:07.682+0000 7ff790d99700 1 -- 172.21.15.59:0/4067850341 <== mon.0 v2:172.21.15.59:3300/0 3 ==== mon_map magic: 0 ==== 205+0+0 (secure 0 0 0) 0x7ff784023890 con 0x7ff794107d50
2024-05-08T05:18:08.813 INFO:teuthology.orchestra.run.smithi059.stdout:/usr/bin/ceph: stderr
2024-05-08T05:18:07.682+0000 7ff799212700 1 -- 172.21.15.59:0/4067850341 --> [v2:172.21.15.59:3300/0,v1:172.21.15.59:6789/0] -- mon_subscribe({mgrmap=0+}) -- 0x7ff79419f850 con 0x7ff794107d50
2024-05-08T05:18:08.813 INFO:teuthology.orchestra.run.smithi059.stdout:/usr/bin/ceph: stderr
2024-05-08T05:18:07.682+0000 7ff799212700 1 -- 172.21.15.59:0/4067850341 --> [v2:172.21.15.59:3300/0,v1:172.21.15.59:6789/0] -- mon_subscribe({osdmap=0}) -- 0x7ff7941a0370 con 0x7ff794107d50
2024-05-08T05:18:08.813 INFO:teuthology.orchestra.run.smithi059.stdout:/usr/bin/ceph: stderr
2024-05-08T05:18:07.683+0000 7ff790d99700 1 -- 172.21.15.59:0/4067850341 <== mon.0 v2:172.21.15.59:3300/0 4 ==== mgrmap(e 12) ==== 50235+0+0 (secure 0 0 0) 0x7ff78402c3f0 con 0x7ff794107d50
2024-05-08T05:18:08.813 INFO:teuthology.orchestra.run.smithi059.stdout:/usr/bin/ceph: stderr
2024-05-08T05:18:07.683+0000 7ff790d99700 1 --2- 172.21.15.59:0/4067850341 >> [v2:172.21.15.59:6800/546809822,v1:172.21.15.59:6801/546809822] conn(0x7ff78003e580 0x7ff780040a40 unknown :-1 s=NONE pgs=0 cs=0 l=1 rev1=0 crypto rx=0 tx=0 comp rx=0 tx=0).connect
2024-05-08T05:18:08.813 INFO:teuthology.orchestra.run.smithi059.stdout:/usr/bin/ceph: stderr
2024-05-08T05:18:07.684+0000 7ff790d99700 1 -- 172.21.15.59:0/4067850341 <== mon.0 v2:172.21.15.59:3300/0 5 ==== osd_map(3..3 src has 1..3) ==== 1155+0+0 (secure 0 0 0) 0x7ff784054040 con 0x7ff794107d50
2024-05-08T05:18:08.813 INFO:teuthology.orchestra.run.smithi059.stdout:/usr/bin/ceph: stderr
2024-05-08T05:18:07.684+0000 7ff78bfff700 1 --2- 172.21.15.59:0/4067850341 >> [v2:172.21.15.59:6800/546809822,v1:172.21.15.59:6801/546809822] conn(0x7ff78003e580 0x7ff780040a40 unknown :-1 s=BANNER_CONNECTING pgs=0 cs=0 l=1 rev1=0 crypto rx=0 tx=0 comp rx=0 tx=0)._handle_peer_banner_payload supported=3 required=0
2024-05-08T05:18:08.813 INFO:teuthology.orchestra.run.smithi059.stdout:/usr/bin/ceph: stderr
2024-05-08T05:18:07.684+0000 7ff799212700 1 -- 172.21.15.59:0/4067850341 --> [v2:172.21.15.59:3300/0,v1:172.21.15.59:6789/0] -- mon_command({"prefix": "get_command_descriptions"} v 0) -- 0x7ff794064b00 con 0x7ff794107d50
2024-05-08T05:18:08.813 INFO:teuthology.orchestra.run.smithi059.stdout:/usr/bin/ceph: stderr
2024-05-08T05:18:07.684+0000 7ff78bfff700 1 --2- 172.21.15.59:0/4067850341 >> [v2:172.21.15.59:6800/546809822,v1:172.21.15.59:6801/546809822] conn(0x7ff78003e580 0x7ff780040a40 secure :-1 s=READY pgs=8 cs=0 l=1 rev1=1 crypto rx=0x7ff77c006fd0 tx=0x7ff77c006e40 comp rx=0 tx=0).ready entity=mgr.14152 client_cookie=0 server_cookie=0 in_seq=0 out_seq=0
2024-05-08T05:18:08.813 INFO:teuthology.orchestra.run.smithi059.stdout:/usr/bin/ceph: stderr
2024-05-08T05:18:07.689+0000 7ff790d99700 1 -- 172.21.15.59:0/4067850341 <== mon.0 v2:172.21.15.59:3300/0 6 ==== mon_command_ack([{"prefix": "get_command_descriptions"}]=0 v0) ==== 72+0+191963 (secure 0 0 0) 0x7ff78401f030 con 0x7ff794107d50
2024-05-08T05:18:08.814 INFO:teuthology.orchestra.run.smithi059.stdout:/usr/bin/ceph: stderr
2024-05-08T05:18:07.924+0000 7ff799212700 1 -- 172.21.15.59:0/4067850341 --> [v2:172.21.15.59:6800/546809822,v1:172.21.15.59:6801/546809822] -- mgr_command(tid 0: {"prefix": "dashboard ac-user-create", "username": "admin", "rolename": "administrator", "force_password": true, "pwd_update_required": true, "target": ["mon-mgr", ""]}) -- 0x7ff79410c150 con 0x7ff78003e580
2024-05-08T05:18:08.814 INFO:teuthology.orchestra.run.smithi059.stdout:/usr/bin/ceph: stderr
2024-05-08T05:18:08.171+0000 7ff790d99700 1 -- 172.21.15.59:0/4067850341 <== mgr.14152 v2:172.21.15.59:6800/546809822 1 ==== mgr_command_reply(tid 0: 0 ) ==== 8+0+252 (secure 0 0 0) 0x7ff79410c150 con 0x7ff78003e580
2024-05-08T05:18:08.814 INFO:teuthology.orchestra.run.smithi059.stdout:/usr/bin/ceph: stderr
2024-05-08T05:18:08.173+0000 7ff799212700 1 -- 172.21.15.59:0/4067850341 >> [v2:172.21.15.59:6800/546809822,v1:172.21.15.59:6801/546809822] conn(0x7ff78003e580 msgr2=0x7ff780040a40 secure :-1 s=STATE_CONNECTION_ESTABLISHED l=1).mark_down
2024-05-08T05:18:08.814 INFO:teuthology.orchestra.run.smithi059.stdout:/usr/bin/ceph: stderr
2024-05-08T05:18:08.173+0000 7ff799212700 1 --2- 172.21.15.59:0/4067850341 >> [v2:172.21.15.59:6800/546809822,v1:172.21.15.59:6801/546809822] conn(0x7ff78003e580 0x7ff780040a40 secure :-1 s=READY pgs=8 cs=0 l=1 rev1=1 crypto rx=0x7ff77c006fd0 tx=0x7ff77c006e40 comp rx=0 tx=0).stop
2024-05-08T05:18:08.814 INFO:teuthology.orchestra.run.smithi059.stdout:/usr/bin/ceph: stderr
2024-05-08T05:18:08.173+0000 7ff799212700 1 -- 172.21.15.59:0/4067850341 >> [v2:172.21.15.59:3300/0,v1:172.21.15.59:6789/0] conn(0x7ff794107d50 msgr2=0x7ff79419f080 secure :-1 s=STATE_CONNECTION_ESTABLISHED l=1).mark_down
2024-05-08T05:18:08.814 INFO:teuthology.orchestra.run.smithi059.stdout:/usr/bin/ceph: stderr
2024-05-08T05:18:08.173+0000 7ff799212700 1 --2- 172.21.15.59:0/4067850341 >> [v2:172.21.15.59:3300/0,v1:172.21.15.59:6789/0] conn(0x7ff794107d50 0x7ff79419f080 secure :-1 s=READY pgs=73 cs=0 l=1 rev1=1 crypto rx=0x7ff784000c00 tx=0x7ff784011aa0 comp rx=0 tx=0).stop
2024-05-08T05:18:08.814 INFO:teuthology.orchestra.run.smithi059.stdout:/usr/bin/ceph: stderr
2024-05-08T05:18:08.173+0000 7ff799212700 1 -- 172.21.15.59:0/4067850341 shutdown_connections
2024-05-08T05:18:08.814 INFO:teuthology.orchestra.run.smithi059.stdout:/usr/bin/ceph: stderr
2024-05-08T05:18:08.173+0000 7ff799212700 1 --2- 172.21.15.59:0/4067850341 >> [v2:172.21.15.59:6800/546809822,v1:172.21.15.59:6801/546809822] conn(0x7ff78003e580 0x7ff780040a40 unknown :-1 s=CLOSED pgs=8 cs=0 l=1 rev1=1 crypto rx=0 tx=0 comp rx=0 tx=0).stop
2024-05-08T05:18:08.814 INFO:teuthology.orchestra.run.smithi059.stdout:/usr/bin/ceph: stderr
2024-05-08T05:18:08.173+0000 7ff799212700 1 --2- 172.21.15.59:0/4067850341 >> [v2:172.21.15.59:3300/0,v1:172.21.15.59:6789/0] conn(0x7ff794107d50 0x7ff79419f080 unknown :-1 s=CLOSED pgs=73 cs=0 l=1 rev1=1 crypto rx=0 tx=0 comp rx=0 tx=0).stop
2024-05-08T05:18:08.814 INFO:teuthology.orchestra.run.smithi059.stdout:/usr/bin/ceph: stderr
2024-05-08T05:18:08.173+0000 7ff799212700 1 -- 172.21.15.59:0/4067850341 >> 172.21.15.59:0/4067850341 conn(0x7ff7941032b0 msgr2=0x7ff794104140 unknown :-1 s=STATE_NONE l=0).mark_down
2024-05-08T05:18:08.814 INFO:teuthology.orchestra.run.smithi059.stdout:/usr/bin/ceph: stderr
2024-05-08T05:18:08.173+0000 7ff799212700 1 -- 172.21.15.59:0/4067850341 shutdown_connections
2024-05-08T05:18:08.814 INFO:teuthology.orchestra.run.smithi059.stdout:/usr/bin/ceph: stderr
2024-05-08T05:18:08.173+0000 7ff799212700 1 -- 172.21.15.59:0/4067850341 wait complete.
2024-05-08T05:18:08.814 INFO:teuthology.orchestra.run.smithi059.stdout:Fetching dashboard port number...
2024-05-08T05:18:09.399 INFO:journalctl@ceph.mon.a.smithi059.stdout:May 08 05:18:09 smithi059 ceph-mon[30304]: from='client.14166 -' entity='client.admin' cmd=[{"prefix": "dashboard ac-user-create", "username": "admin", "rolename": "administrator", "force_password": true, "pwd_update_required": true, "target": ["mon-mgr", ""]}]: dispatch
2024-05-08T05:18:09.399 INFO:journalctl@ceph.mon.a.smithi059.stdout:May 08 05:18:09 smithi059 ceph-mon[30304]: from='mgr.14152 172.21.15.59:0/745353230' entity='mgr.x'
2024-05-08T05:18:10.195 INFO:teuthology.orchestra.run.smithi059.stdout:/usr/bin/ceph: stdout 8443
2024-05-08T05:18:10.195 INFO:teuthology.orchestra.run.smithi059.stdout:/usr/bin/ceph: stderr
2024-05-08T05:18:09.251+0000 7f2f4a199700 1 Processor -- start
2024-05-08T05:18:10.195 INFO:teuthology.orchestra.run.smithi059.stdout:/usr/bin/ceph: stderr
2024-05-08T05:18:09.251+0000 7f2f4a199700 1 -- start start
2024-05-08T05:18:10.195 INFO:teuthology.orchestra.run.smithi059.stdout:/usr/bin/ceph: stderr
2024-05-08T05:18:09.251+0000 7f2f4a199700 1 --2- >> [v2:172.21.15.59:3300/0,v1:172.21.15.59:6789/0] conn(0x7f2f4407f710 0x7f2f4407db70 unknown :-1 s=NONE pgs=0 cs=0 l=0 rev1=0 crypto rx=0 tx=0 comp rx=0 tx=0).connect
2024-05-08T05:18:10.195 INFO:teuthology.orchestra.run.smithi059.stdout:/usr/bin/ceph: stderr
2024-05-08T05:18:09.251+0000 7f2f4a199700 1 -- --> [v2:172.21.15.59:3300/0,v1:172.21.15.59:6789/0] -- mon_getmap magic: 0 -- 0x7f2f4407e140 con 0x7f2f4407f710
2024-05-08T05:18:10.195 INFO:teuthology.orchestra.run.smithi059.stdout:/usr/bin/ceph: stderr
2024-05-08T05:18:09.251+0000 7f2f437fe700 1 --2- >> [v2:172.21.15.59:3300/0,v1:172.21.15.59:6789/0] conn(0x7f2f4407f710 0x7f2f4407db70 unknown :-1 s=BANNER_CONNECTING pgs=0 cs=0 l=0 rev1=0 crypto rx=0 tx=0 comp rx=0 tx=0)._handle_peer_banner_payload supported=3 required=0
2024-05-08T05:18:10.195 INFO:teuthology.orchestra.run.smithi059.stdout:/usr/bin/ceph: stderr
2024-05-08T05:18:09.251+0000 7f2f437fe700 1 --2- >> [v2:172.21.15.59:3300/0,v1:172.21.15.59:6789/0] conn(0x7f2f4407f710 0x7f2f4407db70 unknown :-1 s=HELLO_CONNECTING pgs=0 cs=0 l=0 rev1=1 crypto rx=0 tx=0 comp rx=0 tx=0).handle_hello peer v2:172.21.15.59:3300/0 says I am v2:172.21.15.59:40764/0 (socket says 172.21.15.59:40764)
2024-05-08T05:18:10.195 INFO:teuthology.orchestra.run.smithi059.stdout:/usr/bin/ceph: stderr
2024-05-08T05:18:09.251+0000 7f2f437fe700 1 -- 172.21.15.59:0/245154499 learned_addr learned my addr 172.21.15.59:0/245154499 (peer_addr_for_me v2:172.21.15.59:0/0)
2024-05-08T05:18:10.196 INFO:teuthology.orchestra.run.smithi059.stdout:/usr/bin/ceph: stderr
2024-05-08T05:18:09.252+0000 7f2f437fe700 1 -- 172.21.15.59:0/245154499 --> [v2:172.21.15.59:3300/0,v1:172.21.15.59:6789/0] -- mon_subscribe({config=0+,monmap=0+}) -- 0x7f2f4407e2c0 con 0x7f2f4407f710
2024-05-08T05:18:10.196 INFO:teuthology.orchestra.run.smithi059.stdout:/usr/bin/ceph: stderr
2024-05-08T05:18:09.252+0000 7f2f437fe700 1 --2- 172.21.15.59:0/245154499 >> [v2:172.21.15.59:3300/0,v1:172.21.15.59:6789/0] conn(0x7f2f4407f710 0x7f2f4407db70 secure :-1 s=READY pgs=74 cs=0 l=1 rev1=1 crypto rx=0x7f2f340098a0 tx=0x7f2f34009bb0 comp rx=0 tx=0).ready entity=mon.0 client_cookie=5efbc25e493db14 server_cookie=0 in_seq=0 out_seq=0
2024-05-08T05:18:10.196 INFO:teuthology.orchestra.run.smithi059.stdout:/usr/bin/ceph: stderr
2024-05-08T05:18:09.252+0000 7f2f427fc700 1 -- 172.21.15.59:0/245154499 <== mon.0 v2:172.21.15.59:3300/0 1 ==== mon_map magic: 0 ==== 205+0+0 (secure 0 0 0) 0x7f2f34004160 con 0x7f2f4407f710
2024-05-08T05:18:10.196 INFO:teuthology.orchestra.run.smithi059.stdout:/usr/bin/ceph: stderr
2024-05-08T05:18:09.252+0000 7f2f427fc700 1 -- 172.21.15.59:0/245154499 <== mon.0 v2:172.21.15.59:3300/0 2 ==== config(26 keys) ==== 1101+0+0 (secure 0 0 0) 0x7f2f34004300 con 0x7f2f4407f710
2024-05-08T05:18:10.196 INFO:teuthology.orchestra.run.smithi059.stdout:/usr/bin/ceph: stderr
2024-05-08T05:18:09.252+0000 7f2f427fc700 1 -- 172.21.15.59:0/245154499 <== mon.0 v2:172.21.15.59:3300/0 3 ==== mon_map magic: 0 ==== 205+0+0 (secure 0 0 0) 0x7f2f34011a20 con 0x7f2f4407f710
2024-05-08T05:18:10.196 INFO:teuthology.orchestra.run.smithi059.stdout:/usr/bin/ceph: stderr
2024-05-08T05:18:09.253+0000 7f2f4a199700 1 -- 172.21.15.59:0/245154499 >> [v2:172.21.15.59:3300/0,v1:172.21.15.59:6789/0] conn(0x7f2f4407f710 msgr2=0x7f2f4407db70 secure :-1 s=STATE_CONNECTION_ESTABLISHED l=1).mark_down
2024-05-08T05:18:10.196 INFO:teuthology.orchestra.run.smithi059.stdout:/usr/bin/ceph: stderr
2024-05-08T05:18:09.253+0000 7f2f4a199700 1 --2- 172.21.15.59:0/245154499 >> [v2:172.21.15.59:3300/0,v1:172.21.15.59:6789/0] conn(0x7f2f4407f710 0x7f2f4407db70 secure :-1 s=READY pgs=74 cs=0 l=1 rev1=1 crypto rx=0x7f2f340098a0 tx=0x7f2f34009bb0 comp rx=0 tx=0).stop
2024-05-08T05:18:10.196 INFO:teuthology.orchestra.run.smithi059.stdout:/usr/bin/ceph: stderr
2024-05-08T05:18:09.253+0000 7f2f4a199700 1 -- 172.21.15.59:0/245154499 shutdown_connections
2024-05-08T05:18:10.196 INFO:teuthology.orchestra.run.smithi059.stdout:/usr/bin/ceph: stderr
2024-05-08T05:18:09.253+0000 7f2f4a199700 1 --2- 172.21.15.59:0/245154499 >> [v2:172.21.15.59:3300/0,v1:172.21.15.59:6789/0] conn(0x7f2f4407f710 0x7f2f4407db70 unknown :-1 s=CLOSED pgs=74 cs=0 l=1 rev1=1 crypto rx=0 tx=0 comp rx=0 tx=0).stop
2024-05-08T05:18:10.196 INFO:teuthology.orchestra.run.smithi059.stdout:/usr/bin/ceph: stderr
2024-05-08T05:18:09.253+0000 7f2f4a199700 1 -- 172.21.15.59:0/245154499 >> 172.21.15.59:0/245154499 conn(0x7f2f44104410 msgr2=0x7f2f44106830 unknown :-1 s=STATE_NONE l=0).mark_down
2024-05-08T05:18:10.196 INFO:teuthology.orchestra.run.smithi059.stdout:/usr/bin/ceph: stderr
2024-05-08T05:18:09.253+0000 7f2f4a199700 1 -- 172.21.15.59:0/245154499 shutdown_connections
2024-05-08T05:18:10.196 INFO:teuthology.orchestra.run.smithi059.stdout:/usr/bin/ceph: stderr
2024-05-08T05:18:09.253+0000 7f2f4a199700 1 -- 172.21.15.59:0/245154499 wait complete.
2024-05-08T05:18:10.196 INFO:teuthology.orchestra.run.smithi059.stdout:/usr/bin/ceph: stderr
2024-05-08T05:18:09.253+0000 7f2f4a199700 1 Processor -- start
2024-05-08T05:18:10.196 INFO:teuthology.orchestra.run.smithi059.stdout:/usr/bin/ceph: stderr
2024-05-08T05:18:09.254+0000 7f2f4a199700 1 -- start start
2024-05-08T05:18:10.196 INFO:teuthology.orchestra.run.smithi059.stdout:/usr/bin/ceph: stderr
2024-05-08T05:18:09.254+0000 7f2f4a199700 1 --2- >> [v2:172.21.15.59:3300/0,v1:172.21.15.59:6789/0] conn(0x7f2f4407f710 0x7f2f4419ef40 unknown :-1 s=NONE pgs=0 cs=0 l=1 rev1=0 crypto rx=0 tx=0 comp rx=0 tx=0).connect
2024-05-08T05:18:10.197 INFO:teuthology.orchestra.run.smithi059.stdout:/usr/bin/ceph: stderr
2024-05-08T05:18:09.254+0000 7f2f4a199700 1 -- --> [v2:172.21.15.59:3300/0,v1:172.21.15.59:6789/0] -- mon_getmap magic: 0 -- 0x7f2f4410f430 con 0x7f2f4407f710
2024-05-08T05:18:10.197 INFO:teuthology.orchestra.run.smithi059.stdout:/usr/bin/ceph: stderr
2024-05-08T05:18:09.254+0000 7f2f437fe700 1 --2- >> [v2:172.21.15.59:3300/0,v1:172.21.15.59:6789/0] conn(0x7f2f4407f710 0x7f2f4419ef40 unknown :-1 s=BANNER_CONNECTING pgs=0 cs=0 l=1 rev1=0 crypto rx=0 tx=0 comp rx=0 tx=0)._handle_peer_banner_payload supported=3 required=0
2024-05-08T05:18:10.197 INFO:teuthology.orchestra.run.smithi059.stdout:/usr/bin/ceph: stderr
2024-05-08T05:18:09.254+0000 7f2f437fe700 1 --2- >> [v2:172.21.15.59:3300/0,v1:172.21.15.59:6789/0] conn(0x7f2f4407f710 0x7f2f4419ef40 unknown :-1 s=HELLO_CONNECTING pgs=0 cs=0 l=1 rev1=1 crypto rx=0 tx=0 comp rx=0 tx=0).handle_hello peer v2:172.21.15.59:3300/0 says I am v2:172.21.15.59:40768/0 (socket says 172.21.15.59:40768)
2024-05-08T05:18:10.197 INFO:teuthology.orchestra.run.smithi059.stdout:/usr/bin/ceph: stderr
2024-05-08T05:18:09.254+0000 7f2f437fe700 1 -- 172.21.15.59:0/3959362911 learned_addr learned my addr 172.21.15.59:0/3959362911 (peer_addr_for_me v2:172.21.15.59:0/0)
2024-05-08T05:18:10.197 INFO:teuthology.orchestra.run.smithi059.stdout:/usr/bin/ceph: stderr
2024-05-08T05:18:09.254+0000 7f2f437fe700 1 -- 172.21.15.59:0/3959362911 --> [v2:172.21.15.59:3300/0,v1:172.21.15.59:6789/0] -- mon_subscribe({config=0+,monmap=0+}) -- 0x7f2f4419f480 con 0x7f2f4407f710
2024-05-08T05:18:10.197 INFO:teuthology.orchestra.run.smithi059.stdout:/usr/bin/ceph: stderr
2024-05-08T05:18:09.254+0000 7f2f437fe700 1 --2- 172.21.15.59:0/3959362911 >> [v2:172.21.15.59:3300/0,v1:172.21.15.59:6789/0] conn(0x7f2f4407f710 0x7f2f4419ef40 secure :-1 s=READY pgs=75 cs=0 l=1 rev1=1 crypto rx=0x7f2f34009520 tx=0x7f2f34011aa0 comp rx=0 tx=0).ready entity=mon.0 client_cookie=0 server_cookie=0 in_seq=0 out_seq=0
2024-05-08T05:18:10.197 INFO:teuthology.orchestra.run.smithi059.stdout:/usr/bin/ceph: stderr
2024-05-08T05:18:09.254+0000 7f2f40ff9700 1 -- 172.21.15.59:0/3959362911 <== mon.0 v2:172.21.15.59:3300/0 1 ==== mon_map magic: 0 ==== 205+0+0 (secure 0 0 0) 0x7f2f340039e0 con 0x7f2f4407f710
2024-05-08T05:18:10.197 INFO:teuthology.orchestra.run.smithi059.stdout:/usr/bin/ceph: stderr
2024-05-08T05:18:09.254+0000 7f2f40ff9700 1 -- 172.21.15.59:0/3959362911 <== mon.0 v2:172.21.15.59:3300/0 2 ==== config(26 keys) ==== 1101+0+0 (secure 0 0 0) 0x7f2f3401b8f0 con 0x7f2f4407f710
2024-05-08T05:18:10.197 INFO:teuthology.orchestra.run.smithi059.stdout:/usr/bin/ceph: stderr
2024-05-08T05:18:09.255+0000 7f2f4a199700 1 -- 172.21.15.59:0/3959362911 --> [v2:172.21.15.59:3300/0,v1:172.21.15.59:6789/0] -- mon_subscribe({mgrmap=0+}) -- 0x7f2f4419f710 con 0x7f2f4407f710
2024-05-08T05:18:10.197 INFO:teuthology.orchestra.run.smithi059.stdout:/usr/bin/ceph: stderr
2024-05-08T05:18:09.255+0000 7f2f40ff9700 1 -- 172.21.15.59:0/3959362911 <== mon.0 v2:172.21.15.59:3300/0 3 ==== mon_map magic: 0 ==== 205+0+0 (secure 0 0 0) 0x7f2f34019770 con 0x7f2f4407f710
2024-05-08T05:18:10.197 INFO:teuthology.orchestra.run.smithi059.stdout:/usr/bin/ceph: stderr
2024-05-08T05:18:09.255+0000 7f2f4a199700 1 -- 172.21.15.59:0/3959362911 --> [v2:172.21.15.59:3300/0,v1:172.21.15.59:6789/0] -- mon_subscribe({osdmap=0}) -- 0x7f2f441a0230 con 0x7f2f4407f710
2024-05-08T05:18:10.197 INFO:teuthology.orchestra.run.smithi059.stdout:/usr/bin/ceph: stderr
2024-05-08T05:18:09.256+0000 7f2f40ff9700 1 -- 172.21.15.59:0/3959362911 <== mon.0 v2:172.21.15.59:3300/0 4 ==== mgrmap(e 12) ==== 50235+0+0 (secure 0 0 0) 0x7f2f3401b440 con 0x7f2f4407f710
2024-05-08T05:18:10.197 INFO:teuthology.orchestra.run.smithi059.stdout:/usr/bin/ceph: stderr
2024-05-08T05:18:09.256+0000 7f2f4a199700 1 -- 172.21.15.59:0/3959362911 --> [v2:172.21.15.59:3300/0,v1:172.21.15.59:6789/0] -- mon_command({"prefix": "get_command_descriptions"} v 0) -- 0x7f2f44064b00 con 0x7f2f4407f710
2024-05-08T05:18:10.197 INFO:teuthology.orchestra.run.smithi059.stdout:/usr/bin/ceph: stderr
2024-05-08T05:18:09.256+0000 7f2f40ff9700 1 --2- 172.21.15.59:0/3959362911 >> [v2:172.21.15.59:6800/546809822,v1:172.21.15.59:6801/546809822] conn(0x7f2f2c03e5d0 0x7f2f2c040a90 unknown :-1 s=NONE pgs=0 cs=0 l=1 rev1=0 crypto rx=0 tx=0 comp rx=0 tx=0).connect
2024-05-08T05:18:10.197 INFO:teuthology.orchestra.run.smithi059.stdout:/usr/bin/ceph: stderr
2024-05-08T05:18:09.256+0000 7f2f40ff9700 1 -- 172.21.15.59:0/3959362911 <== mon.0 v2:172.21.15.59:3300/0 5 ==== osd_map(3..3 src has 1..3) ==== 1155+0+0 (secure 0 0 0) 0x7f2f34053f40 con 0x7f2f4407f710
2024-05-08T05:18:10.198 INFO:teuthology.orchestra.run.smithi059.stdout:/usr/bin/ceph: stderr
2024-05-08T05:18:09.256+0000 7f2f42ffd700 1 --2- 172.21.15.59:0/3959362911 >> [v2:172.21.15.59:6800/546809822,v1:172.21.15.59:6801/546809822] conn(0x7f2f2c03e5d0 0x7f2f2c040a90 unknown :-1 s=BANNER_CONNECTING pgs=0 cs=0 l=1 rev1=0 crypto rx=0 tx=0 comp rx=0 tx=0)._handle_peer_banner_payload supported=3 required=0
2024-05-08T05:18:10.198 INFO:teuthology.orchestra.run.smithi059.stdout:/usr/bin/ceph: stderr
2024-05-08T05:18:09.256+0000 7f2f42ffd700 1 --2- 172.21.15.59:0/3959362911 >> [v2:172.21.15.59:6800/546809822,v1:172.21.15.59:6801/546809822] conn(0x7f2f2c03e5d0 0x7f2f2c040a90 secure :-1 s=READY pgs=9 cs=0 l=1 rev1=1 crypto rx=0x7f2f38006fd0 tx=0x7f2f38006e40 comp rx=0 tx=0).ready entity=mgr.14152 client_cookie=0 server_cookie=0 in_seq=0 out_seq=0
2024-05-08T05:18:10.198 INFO:teuthology.orchestra.run.smithi059.stdout:/usr/bin/ceph: stderr
2024-05-08T05:18:09.261+0000 7f2f40ff9700 1 -- 172.21.15.59:0/3959362911 <== mon.0 v2:172.21.15.59:3300/0 6 ==== mon_command_ack([{"prefix": "get_command_descriptions"}]=0 v0) ==== 72+0+191963 (secure 0 0 0) 0x7f2f3401f030 con 0x7f2f4407f710
2024-05-08T05:18:10.198 INFO:teuthology.orchestra.run.smithi059.stdout:/usr/bin/ceph: stderr
2024-05-08T05:18:09.478+0000 7f2f4a199700 1 -- 172.21.15.59:0/3959362911 --> [v2:172.21.15.59:3300/0,v1:172.21.15.59:6789/0] -- mon_command({"prefix": "config get", "who": "mgr", "key": "mgr/dashboard/ssl_server_port"} v 0) -- 0x7f2f441a06e0 con 0x7f2f4407f710
2024-05-08T05:18:10.198 INFO:teuthology.orchestra.run.smithi059.stdout:/usr/bin/ceph: stderr
2024-05-08T05:18:09.478+0000 7f2f40ff9700 1 -- 172.21.15.59:0/3959362911 <== mon.0 v2:172.21.15.59:3300/0 7 ==== mon_command_ack([{"prefix": "config get", "who": "mgr", "key": "mgr/dashboard/ssl_server_port"}]=0 v8) ==== 112+0+5 (secure 0 0 0) 0x7f2f34017e90 con 0x7f2f4407f710
2024-05-08T05:18:10.198 INFO:teuthology.orchestra.run.smithi059.stdout:/usr/bin/ceph: stderr
2024-05-08T05:18:09.481+0000 7f2f4a199700 1 -- 172.21.15.59:0/3959362911 >> [v2:172.21.15.59:6800/546809822,v1:172.21.15.59:6801/546809822] conn(0x7f2f2c03e5d0 msgr2=0x7f2f2c040a90 secure :-1 s=STATE_CONNECTION_ESTABLISHED l=1).mark_down
2024-05-08T05:18:10.198 INFO:teuthology.orchestra.run.smithi059.stdout:/usr/bin/ceph: stderr
2024-05-08T05:18:09.481+0000 7f2f4a199700 1 --2- 172.21.15.59:0/3959362911 >> [v2:172.21.15.59:6800/546809822,v1:172.21.15.59:6801/546809822] conn(0x7f2f2c03e5d0 0x7f2f2c040a90 secure :-1 s=READY pgs=9 cs=0 l=1 rev1=1 crypto rx=0x7f2f38006fd0 tx=0x7f2f38006e40 comp rx=0 tx=0).stop
2024-05-08T05:18:10.198 INFO:teuthology.orchestra.run.smithi059.stdout:/usr/bin/ceph: stderr
2024-05-08T05:18:09.481+0000 7f2f4a199700 1 -- 172.21.15.59:0/3959362911 >> [v2:172.21.15.59:3300/0,v1:172.21.15.59:6789/0] conn(0x7f2f4407f710 msgr2=0x7f2f4419ef40 secure :-1 s=STATE_CONNECTION_ESTABLISHED l=1).mark_down
2024-05-08T05:18:10.198 INFO:teuthology.orchestra.run.smithi059.stdout:/usr/bin/ceph: stderr
2024-05-08T05:18:09.481+0000 7f2f4a199700 1 --2- 172.21.15.59:0/3959362911 >> [v2:172.21.15.59:3300/0,v1:172.21.15.59:6789/0] conn(0x7f2f4407f710 0x7f2f4419ef40 secure :-1 s=READY pgs=75 cs=0 l=1 rev1=1 crypto rx=0x7f2f34009520 tx=0x7f2f34011aa0 comp rx=0 tx=0).stop
2024-05-08T05:18:10.198 INFO:teuthology.orchestra.run.smithi059.stdout:/usr/bin/ceph: stderr
2024-05-08T05:18:09.481+0000 7f2f4a199700 1 -- 172.21.15.59:0/3959362911 shutdown_connections
2024-05-08T05:18:10.198 INFO:teuthology.orchestra.run.smithi059.stdout:/usr/bin/ceph: stderr
2024-05-08T05:18:09.481+0000 7f2f4a199700 1 --2- 172.21.15.59:0/3959362911 >> [v2:172.21.15.59:6800/546809822,v1:172.21.15.59:6801/546809822] conn(0x7f2f2c03e5d0 0x7f2f2c040a90 unknown :-1 s=CLOSED pgs=9 cs=0 l=1 rev1=1 crypto rx=0 tx=0 comp rx=0 tx=0).stop
2024-05-08T05:18:10.198 INFO:teuthology.orchestra.run.smithi059.stdout:/usr/bin/ceph: stderr
2024-05-08T05:18:09.481+0000 7f2f4a199700 1 --2- 172.21.15.59:0/3959362911 >> [v2:172.21.15.59:3300/0,v1:172.21.15.59:6789/0] conn(0x7f2f4407f710 0x7f2f4419ef40 unknown :-1 s=CLOSED pgs=75 cs=0 l=1 rev1=1 crypto rx=0 tx=0 comp rx=0 tx=0).stop
2024-05-08T05:18:10.198 INFO:teuthology.orchestra.run.smithi059.stdout:/usr/bin/ceph: stderr
2024-05-08T05:18:09.481+0000 7f2f4a199700 1 -- 172.21.15.59:0/3959362911 >> 172.21.15.59:0/3959362911 conn(0x7f2f44104410 msgr2=0x7f2f44104e60 unknown :-1 s=STATE_NONE l=0).mark_down
2024-05-08T05:18:10.198 INFO:teuthology.orchestra.run.smithi059.stdout:/usr/bin/ceph: stderr
2024-05-08T05:18:09.481+0000 7f2f4a199700 1 -- 172.21.15.59:0/3959362911 shutdown_connections
2024-05-08T05:18:10.199 INFO:teuthology.orchestra.run.smithi059.stdout:/usr/bin/ceph: stderr
2024-05-08T05:18:09.481+0000 7f2f4a199700 1 -- 172.21.15.59:0/3959362911 wait complete.
2024-05-08T05:18:10.204 INFO:teuthology.orchestra.run.smithi059.stdout:Non-zero exit code 1 from systemctl is-enabled firewalld.service
2024-05-08T05:18:10.204 INFO:teuthology.orchestra.run.smithi059.stdout:systemctl: stdout disabled
2024-05-08T05:18:10.213 INFO:teuthology.orchestra.run.smithi059.stdout:Non-zero exit code 3 from systemctl is-active firewalld.service
2024-05-08T05:18:10.213 INFO:teuthology.orchestra.run.smithi059.stdout:systemctl: stdout inactive
2024-05-08T05:18:10.213 INFO:teuthology.orchestra.run.smithi059.stdout:firewalld.service is not enabled
2024-05-08T05:18:10.214 INFO:teuthology.orchestra.run.smithi059.stdout:Not possible to open ports <[8443]>. firewalld.service is not available
2024-05-08T05:18:10.215 INFO:teuthology.orchestra.run.smithi059.stdout:Ceph Dashboard is now available at:
2024-05-08T05:18:10.216 INFO:teuthology.orchestra.run.smithi059.stdout:
2024-05-08T05:18:10.216 INFO:teuthology.orchestra.run.smithi059.stdout: URL: https://smithi059.front.sepia.ceph.com:8443/
2024-05-08T05:18:10.216 INFO:teuthology.orchestra.run.smithi059.stdout: User: admin
2024-05-08T05:18:10.216 INFO:teuthology.orchestra.run.smithi059.stdout: Password: 0wcaog1f5b
2024-05-08T05:18:10.216 INFO:teuthology.orchestra.run.smithi059.stdout:
2024-05-08T05:18:10.216 INFO:teuthology.orchestra.run.smithi059.stdout:Saving cluster configuration to /var/lib/ceph/0bf01a10-0cfa-11ef-bc97-c7b262605968/config directory
2024-05-08T05:18:10.217 INFO:teuthology.orchestra.run.smithi059.stdout:Enabling autotune for osd_memory_target
2024-05-08T05:18:10.336 INFO:journalctl@ceph.mon.a.smithi059.stdout:May 08 05:18:10 smithi059 ceph-mon[30304]: from='client.? 172.21.15.59:0/3959362911' entity='client.admin' cmd=[{"prefix": "config get", "who": "mgr", "key": "mgr/dashboard/ssl_server_port"}]: dispatch
2024-05-08T05:18:11.393 INFO:journalctl@ceph.mon.a.smithi059.stdout:May 08 05:18:11 smithi059 ceph-mon[30304]: mgrmap e13: x(active, since 6s)
2024-05-08T05:18:11.400 INFO:teuthology.orchestra.run.smithi059.stdout:/usr/bin/ceph: stderr
2024-05-08T05:18:10.617+0000 7f502d3e7700 1 Processor -- start
2024-05-08T05:18:11.400 INFO:teuthology.orchestra.run.smithi059.stdout:/usr/bin/ceph: stderr
2024-05-08T05:18:10.617+0000 7f502d3e7700 1 -- start start
2024-05-08T05:18:11.401 INFO:teuthology.orchestra.run.smithi059.stdout:/usr/bin/ceph: stderr
2024-05-08T05:18:10.617+0000 7f502d3e7700 1 --2- >> [v2:172.21.15.59:3300/0,v1:172.21.15.59:6789/0] conn(0x7f5028107d50 0x7f5028108170 unknown :-1 s=NONE pgs=0 cs=0 l=0 rev1=0 crypto rx=0 tx=0 comp rx=0 tx=0).connect
2024-05-08T05:18:11.401 INFO:teuthology.orchestra.run.smithi059.stdout:/usr/bin/ceph: stderr
2024-05-08T05:18:10.617+0000 7f502d3e7700 1 -- --> [v2:172.21.15.59:3300/0,v1:172.21.15.59:6789/0] -- mon_getmap magic: 0 -- 0x7f5028108740 con 0x7f5028107d50
2024-05-08T05:18:11.401 INFO:teuthology.orchestra.run.smithi059.stdout:/usr/bin/ceph: stderr
2024-05-08T05:18:10.617+0000 7f5026ffd700 1 --2- >> [v2:172.21.15.59:3300/0,v1:172.21.15.59:6789/0] conn(0x7f5028107d50 0x7f5028108170 unknown :-1 s=BANNER_CONNECTING pgs=0 cs=0 l=0 rev1=0 crypto rx=0 tx=0 comp rx=0 tx=0)._handle_peer_banner_payload supported=3 required=0
2024-05-08T05:18:11.401 INFO:teuthology.orchestra.run.smithi059.stdout:/usr/bin/ceph: stderr
