2024-05-08T05:37:32.378+0000 7f4c64600700 1 --2- >> [v2:172.21.15.82:3300/0,v1:172.21.15.82:6789/0] conn(0x7f4c5c10b0d0 0x7f4c5c19ef20 unknown :-1 s=NONE pgs=0 cs=0 l=1 rev1=0 crypto rx=0 tx=0 comp rx=0 tx=0).connect
2024-05-08T05:37:33.676 INFO:teuthology.orchestra.run.smithi082.stdout:/usr/bin/ceph: stderr
2024-05-08T05:37:32.378+0000 7f4c64600700 1 -- --> [v2:172.21.15.82:3300/0,v1:172.21.15.82:6789/0] -- mon_getmap magic: 0 -- 0x7f4c5c10f5d0 con 0x7f4c5c10b0d0
2024-05-08T05:37:33.676 INFO:teuthology.orchestra.run.smithi082.stdout:/usr/bin/ceph: stderr
2024-05-08T05:37:32.378+0000 7f4c61c00700 1 --2- >> [v2:172.21.15.82:3300/0,v1:172.21.15.82:6789/0] conn(0x7f4c5c10b0d0 0x7f4c5c19ef20 unknown :-1 s=BANNER_CONNECTING pgs=0 cs=0 l=1 rev1=0 crypto rx=0 tx=0 comp rx=0 tx=0)._handle_peer_banner_payload supported=3 required=0
2024-05-08T05:37:33.676 INFO:teuthology.orchestra.run.smithi082.stdout:/usr/bin/ceph: stderr
2024-05-08T05:37:32.379+0000 7f4c61c00700 1 --2- >> [v2:172.21.15.82:3300/0,v1:172.21.15.82:6789/0] conn(0x7f4c5c10b0d0 0x7f4c5c19ef20 unknown :-1 s=HELLO_CONNECTING pgs=0 cs=0 l=1 rev1=1 crypto rx=0 tx=0 comp rx=0 tx=0).handle_hello peer v2:172.21.15.82:3300/0 says I am v2:172.21.15.82:35602/0 (socket says 172.21.15.82:35602)
2024-05-08T05:37:33.676 INFO:teuthology.orchestra.run.smithi082.stdout:/usr/bin/ceph: stderr
2024-05-08T05:37:32.379+0000 7f4c61c00700 1 -- 172.21.15.82:0/347565053 learned_addr learned my addr 172.21.15.82:0/347565053 (peer_addr_for_me v2:172.21.15.82:0/0)
2024-05-08T05:37:33.676 INFO:teuthology.orchestra.run.smithi082.stdout:/usr/bin/ceph: stderr
2024-05-08T05:37:32.379+0000 7f4c61c00700 1 -- 172.21.15.82:0/347565053 --> [v2:172.21.15.82:3300/0,v1:172.21.15.82:6789/0] -- mon_subscribe({config=0+,monmap=0+}) -- 0x7f4c5c19f460 con 0x7f4c5c10b0d0
2024-05-08T05:37:33.676 INFO:teuthology.orchestra.run.smithi082.stdout:/usr/bin/ceph: stderr
2024-05-08T05:37:32.379+0000 7f4c61c00700 1 --2- 172.21.15.82:0/347565053 >> [v2:172.21.15.82:3300/0,v1:172.21.15.82:6789/0] conn(0x7f4c5c10b0d0 0x7f4c5c19ef20 secure :-1 s=READY pgs=54 cs=0 l=1 rev1=1 crypto rx=0x7f4c50000c00 tx=0x7f4c50011aa0 comp rx=0 tx=0).ready entity=mon.0 client_cookie=0 server_cookie=0 in_seq=0 out_seq=0
2024-05-08T05:37:33.680 INFO:teuthology.orchestra.run.smithi082.stdout:/usr/bin/ceph: stderr
2024-05-08T05:37:32.379+0000 7f4c5a000700 1 -- 172.21.15.82:0/347565053 <== mon.0 v2:172.21.15.82:3300/0 1 ==== mon_map magic: 0 ==== 205+0+0 (secure 0 0 0) 0x7f4c50003aa0 con 0x7f4c5c10b0d0
2024-05-08T05:37:33.680 INFO:teuthology.orchestra.run.smithi082.stdout:/usr/bin/ceph: stderr
2024-05-08T05:37:32.380+0000 7f4c5a000700 1 -- 172.21.15.82:0/347565053 <== mon.0 v2:172.21.15.82:3300/0 2 ==== config(26 keys) ==== 1101+0+0 (secure 0 0 0) 0x7f4c5001b8f0 con 0x7f4c5c10b0d0
2024-05-08T05:37:33.680 INFO:teuthology.orchestra.run.smithi082.stdout:/usr/bin/ceph: stderr
2024-05-08T05:37:32.380+0000 7f4c5a000700 1 -- 172.21.15.82:0/347565053 <== mon.0 v2:172.21.15.82:3300/0 3 ==== mon_map magic: 0 ==== 205+0+0 (secure 0 0 0) 0x7f4c50023890 con 0x7f4c5c10b0d0
2024-05-08T05:37:33.680 INFO:teuthology.orchestra.run.smithi082.stdout:/usr/bin/ceph: stderr
2024-05-08T05:37:32.380+0000 7f4c64600700 1 -- 172.21.15.82:0/347565053 --> [v2:172.21.15.82:3300/0,v1:172.21.15.82:6789/0] -- mon_subscribe({mgrmap=0+}) -- 0x7f4c5c19f6f0 con 0x7f4c5c10b0d0
2024-05-08T05:37:33.681 INFO:teuthology.orchestra.run.smithi082.stdout:/usr/bin/ceph: stderr
2024-05-08T05:37:32.380+0000 7f4c64600700 1 -- 172.21.15.82:0/347565053 --> [v2:172.21.15.82:3300/0,v1:172.21.15.82:6789/0] -- mon_subscribe({osdmap=0}) -- 0x7f4c5c1a23e0 con 0x7f4c5c10b0d0
2024-05-08T05:37:33.681 INFO:teuthology.orchestra.run.smithi082.stdout:/usr/bin/ceph: stderr
2024-05-08T05:37:32.381+0000 7f4c5a000700 1 -- 172.21.15.82:0/347565053 <== mon.0 v2:172.21.15.82:3300/0 4 ==== mgrmap(e 8) ==== 50222+0+0 (secure 0 0 0) 0x7f4c5001b440 con 0x7f4c5c10b0d0
2024-05-08T05:37:33.681 INFO:teuthology.orchestra.run.smithi082.stdout:/usr/bin/ceph: stderr
2024-05-08T05:37:32.381+0000 7f4c64600700 1 -- 172.21.15.82:0/347565053 --> [v2:172.21.15.82:3300/0,v1:172.21.15.82:6789/0] -- mon_command({"prefix": "get_command_descriptions"} v 0) -- 0x7f4c5c06a5c0 con 0x7f4c5c10b0d0
2024-05-08T05:37:33.681 INFO:teuthology.orchestra.run.smithi082.stdout:/usr/bin/ceph: stderr
2024-05-08T05:37:32.382+0000 7f4c5a000700 1 --2- 172.21.15.82:0/347565053 >> [v2:172.21.15.82:6800/765895649,v1:172.21.15.82:6801/765895649] conn(0x7f4c4403e4c0 0x7f4c44040980 unknown :-1 s=NONE pgs=0 cs=0 l=1 rev1=0 crypto rx=0 tx=0 comp rx=0 tx=0).connect
2024-05-08T05:37:33.681 INFO:teuthology.orchestra.run.smithi082.stdout:/usr/bin/ceph: stderr
2024-05-08T05:37:32.382+0000 7f4c5a000700 1 -- 172.21.15.82:0/347565053 <== mon.0 v2:172.21.15.82:3300/0 5 ==== osd_map(2..2 src has 1..2) ==== 940+0+0 (secure 0 0 0) 0x7f4c50053de0 con 0x7f4c5c10b0d0
2024-05-08T05:37:33.681 INFO:teuthology.orchestra.run.smithi082.stdout:/usr/bin/ceph: stderr
2024-05-08T05:37:32.382+0000 7f4c61200700 1 --2- 172.21.15.82:0/347565053 >> [v2:172.21.15.82:6800/765895649,v1:172.21.15.82:6801/765895649] conn(0x7f4c4403e4c0 0x7f4c44040980 unknown :-1 s=BANNER_CONNECTING pgs=0 cs=0 l=1 rev1=0 crypto rx=0 tx=0 comp rx=0 tx=0)._handle_peer_banner_payload supported=3 required=0
2024-05-08T05:37:33.681 INFO:teuthology.orchestra.run.smithi082.stdout:/usr/bin/ceph: stderr
2024-05-08T05:37:32.383+0000 7f4c61200700 1 --2- 172.21.15.82:0/347565053 >> [v2:172.21.15.82:6800/765895649,v1:172.21.15.82:6801/765895649] conn(0x7f4c4403e4c0 0x7f4c44040980 secure :-1 s=READY pgs=15 cs=0 l=1 rev1=1 crypto rx=0x7f4c48006fd0 tx=0x7f4c48006e40 comp rx=0 tx=0).ready entity=mgr.14120 client_cookie=0 server_cookie=0 in_seq=0 out_seq=0
2024-05-08T05:37:33.681 INFO:teuthology.orchestra.run.smithi082.stdout:/usr/bin/ceph: stderr
2024-05-08T05:37:32.387+0000 7f4c5a000700 1 -- 172.21.15.82:0/347565053 <== mon.0 v2:172.21.15.82:3300/0 6 ==== mon_command_ack([{"prefix": "get_command_descriptions"}]=0 v0) ==== 72+0+191963 (secure 0 0 0) 0x7f4c5001f030 con 0x7f4c5c10b0d0
2024-05-08T05:37:33.681 INFO:teuthology.orchestra.run.smithi082.stdout:/usr/bin/ceph: stderr
2024-05-08T05:37:32.652+0000 7f4c64600700 1 -- 172.21.15.82:0/347565053 --> [v2:172.21.15.82:3300/0,v1:172.21.15.82:6789/0] -- mon_command([{prefix=config set, name=mgr/dashboard/ssl_server_port}] v 0) -- 0x7f4c5c1a2a40 con 0x7f4c5c10b0d0
2024-05-08T05:37:33.681 INFO:teuthology.orchestra.run.smithi082.stdout:/usr/bin/ceph: stderr
2024-05-08T05:37:32.657+0000 7f4c5a000700 1 -- 172.21.15.82:0/347565053 <== mon.0 v2:172.21.15.82:3300/0 7 ==== mon_command_ack([{prefix=config set, name=mgr/dashboard/ssl_server_port}]=0 v8)=0 v8) ==== 130+0+0 (secure 0 0 0) 0x7f4c5001bda0 con 0x7f4c5c10b0d0
2024-05-08T05:37:33.681 INFO:teuthology.orchestra.run.smithi082.stdout:/usr/bin/ceph: stderr
2024-05-08T05:37:32.661+0000 7f4c64600700 1 -- 172.21.15.82:0/347565053 >> [v2:172.21.15.82:6800/765895649,v1:172.21.15.82:6801/765895649] conn(0x7f4c4403e4c0 msgr2=0x7f4c44040980 secure :-1 s=STATE_CONNECTION_ESTABLISHED l=1).mark_down
2024-05-08T05:37:33.681 INFO:teuthology.orchestra.run.smithi082.stdout:/usr/bin/ceph: stderr
2024-05-08T05:37:32.661+0000 7f4c64600700 1 --2- 172.21.15.82:0/347565053 >> [v2:172.21.15.82:6800/765895649,v1:172.21.15.82:6801/765895649] conn(0x7f4c4403e4c0 0x7f4c44040980 secure :-1 s=READY pgs=15 cs=0 l=1 rev1=1 crypto rx=0x7f4c48006fd0 tx=0x7f4c48006e40 comp rx=0 tx=0).stop
2024-05-08T05:37:33.681 INFO:teuthology.orchestra.run.smithi082.stdout:/usr/bin/ceph: stderr
2024-05-08T05:37:32.661+0000 7f4c64600700 1 -- 172.21.15.82:0/347565053 >> [v2:172.21.15.82:3300/0,v1:172.21.15.82:6789/0] conn(0x7f4c5c10b0d0 msgr2=0x7f4c5c19ef20 secure :-1 s=STATE_CONNECTION_ESTABLISHED l=1).mark_down
2024-05-08T05:37:33.682 INFO:teuthology.orchestra.run.smithi082.stdout:/usr/bin/ceph: stderr
2024-05-08T05:37:32.661+0000 7f4c64600700 1 --2- 172.21.15.82:0/347565053 >> [v2:172.21.15.82:3300/0,v1:172.21.15.82:6789/0] conn(0x7f4c5c10b0d0 0x7f4c5c19ef20 secure :-1 s=READY pgs=54 cs=0 l=1 rev1=1 crypto rx=0x7f4c50000c00 tx=0x7f4c50011aa0 comp rx=0 tx=0).stop
2024-05-08T05:37:33.682 INFO:teuthology.orchestra.run.smithi082.stdout:/usr/bin/ceph: stderr
2024-05-08T05:37:32.661+0000 7f4c64600700 1 -- 172.21.15.82:0/347565053 shutdown_connections
2024-05-08T05:37:33.682 INFO:teuthology.orchestra.run.smithi082.stdout:/usr/bin/ceph: stderr
2024-05-08T05:37:32.661+0000 7f4c64600700 1 --2- 172.21.15.82:0/347565053 >> [v2:172.21.15.82:6800/765895649,v1:172.21.15.82:6801/765895649] conn(0x7f4c4403e4c0 0x7f4c44040980 unknown :-1 s=CLOSED pgs=15 cs=0 l=1 rev1=1 crypto rx=0 tx=0 comp rx=0 tx=0).stop
2024-05-08T05:37:33.682 INFO:teuthology.orchestra.run.smithi082.stdout:/usr/bin/ceph: stderr
2024-05-08T05:37:32.661+0000 7f4c64600700 1 --2- 172.21.15.82:0/347565053 >> [v2:172.21.15.82:3300/0,v1:172.21.15.82:6789/0] conn(0x7f4c5c10b0d0 0x7f4c5c19ef20 unknown :-1 s=CLOSED pgs=54 cs=0 l=1 rev1=1 crypto rx=0 tx=0 comp rx=0 tx=0).stop
2024-05-08T05:37:33.682 INFO:teuthology.orchestra.run.smithi082.stdout:/usr/bin/ceph: stderr
2024-05-08T05:37:32.661+0000 7f4c64600700 1 -- 172.21.15.82:0/347565053 >> 172.21.15.82:0/347565053 conn(0x7f4c5c07e3e0 msgr2=0x7f4c5c108cf0 unknown :-1 s=STATE_NONE l=0).mark_down
2024-05-08T05:37:33.682 INFO:teuthology.orchestra.run.smithi082.stdout:/usr/bin/ceph: stderr
2024-05-08T05:37:32.662+0000 7f4c64600700 1 -- 172.21.15.82:0/347565053 shutdown_connections
2024-05-08T05:37:33.682 INFO:teuthology.orchestra.run.smithi082.stdout:/usr/bin/ceph: stderr
2024-05-08T05:37:32.662+0000 7f4c64600700 1 -- 172.21.15.82:0/347565053 wait complete.
2024-05-08T05:37:33.682 INFO:teuthology.orchestra.run.smithi082.stdout:Enabling the dashboard module...
2024-05-08T05:37:33.957 INFO:journalctl@ceph.mon.a.smithi082.stdout:May 08 05:37:33 smithi082 ceph-mon[30098]: from='client.? 172.21.15.82:0/347565053' entity='client.admin'
2024-05-08T05:37:33.958 INFO:journalctl@ceph.mon.a.smithi082.stdout:May 08 05:37:33 smithi082 ceph-mon[30098]: from='mgr.14120 172.21.15.82:0/3868606737' entity='mgr.x'
2024-05-08T05:37:34.861 INFO:journalctl@ceph.mon.a.smithi082.stdout:May 08 05:37:34 smithi082 ceph-mon[30098]: pgmap v4: 0 pgs: ; 0 B data, 0 B used, 0 B / 0 B avail
2024-05-08T05:37:34.861 INFO:journalctl@ceph.mon.a.smithi082.stdout:May 08 05:37:34 smithi082 ceph-mon[30098]: from='client.? 172.21.15.82:0/1284786168' entity='client.admin' cmd=[{"prefix": "mgr module enable", "module": "dashboard"}]: dispatch
2024-05-08T05:37:34.861 INFO:journalctl@ceph.mgr.x.smithi082.stdout:May 08 05:37:34 smithi082 ceph-c739a5c8-0cfc-11ef-bc97-c7b262605968-mgr-x[30333]: ignoring --setuser ceph since I am not root
2024-05-08T05:37:34.861 INFO:journalctl@ceph.mgr.x.smithi082.stdout:May 08 05:37:34 smithi082 ceph-c739a5c8-0cfc-11ef-bc97-c7b262605968-mgr-x[30333]: ignoring --setgroup ceph since I am not root
2024-05-08T05:37:35.114 INFO:journalctl@ceph.mgr.x.smithi082.stdout:May 08 05:37:34 smithi082 ceph-c739a5c8-0cfc-11ef-bc97-c7b262605968-mgr-x[30333]:
2024-05-08T05:37:34.980+0000 7f6ece8be200 -1 mgr[py] Module balancer has missing NOTIFY_TYPES member
2024-05-08T05:37:35.370 INFO:journalctl@ceph.mgr.x.smithi082.stdout:May 08 05:37:35 smithi082 ceph-c739a5c8-0cfc-11ef-bc97-c7b262605968-mgr-x[30333]:
2024-05-08T05:37:35.238+0000 7f6ece8be200 -1 mgr[py] Module orchestrator has missing NOTIFY_TYPES member
2024-05-08T05:37:35.371 INFO:journalctl@ceph.mgr.x.smithi082.stdout:May 08 05:37:35 smithi082 ceph-c739a5c8-0cfc-11ef-bc97-c7b262605968-mgr-x[30333]:
2024-05-08T05:37:35.370+0000 7f6ece8be200 -1 mgr[py] Module snap_schedule has missing NOTIFY_TYPES member
2024-05-08T05:37:35.480 INFO:teuthology.orchestra.run.smithi082.stdout:/usr/bin/ceph: stderr
2024-05-08T05:37:34.253+0000 7f1a7d200700 1 Processor -- start
2024-05-08T05:37:35.481 INFO:teuthology.orchestra.run.smithi082.stdout:/usr/bin/ceph: stderr
2024-05-08T05:37:34.254+0000 7f1a7d200700 1 -- start start
2024-05-08T05:37:35.481 INFO:teuthology.orchestra.run.smithi082.stdout:/usr/bin/ceph: stderr
2024-05-08T05:37:34.254+0000 7f1a7d200700 1 --2- >> [v2:172.21.15.82:3300/0,v1:172.21.15.82:6789/0] conn(0x7f1a78109670 0x7f1a7810ba60 unknown :-1 s=NONE pgs=0 cs=0 l=0 rev1=0 crypto rx=0 tx=0 comp rx=0 tx=0).connect
2024-05-08T05:37:35.481 INFO:teuthology.orchestra.run.smithi082.stdout:/usr/bin/ceph: stderr
2024-05-08T05:37:34.254+0000 7f1a7d200700 1 -- --> [v2:172.21.15.82:3300/0,v1:172.21.15.82:6789/0] -- mon_getmap magic: 0 -- 0x7f1a7807cec0 con 0x7f1a78109670
2024-05-08T05:37:35.481 INFO:teuthology.orchestra.run.smithi082.stdout:/usr/bin/ceph: stderr
2024-05-08T05:37:34.254+0000 7f1a77400700 1 --2- >> [v2:172.21.15.82:3300/0,v1:172.21.15.82:6789/0] conn(0x7f1a78109670 0x7f1a7810ba60 unknown :-1 s=BANNER_CONNECTING pgs=0 cs=0 l=0 rev1=0 crypto rx=0 tx=0 comp rx=0 tx=0)._handle_peer_banner_payload supported=3 required=0
2024-05-08T05:37:35.481 INFO:teuthology.orchestra.run.smithi082.stdout:/usr/bin/ceph: stderr
2024-05-08T05:37:34.255+0000 7f1a77400700 1 --2- >> [v2:172.21.15.82:3300/0,v1:172.21.15.82:6789/0] conn(0x7f1a78109670 0x7f1a7810ba60 unknown :-1 s=HELLO_CONNECTING pgs=0 cs=0 l=0 rev1=1 crypto rx=0 tx=0 comp rx=0 tx=0).handle_hello peer v2:172.21.15.82:3300/0 says I am v2:172.21.15.82:34994/0 (socket says 172.21.15.82:34994)
2024-05-08T05:37:35.481 INFO:teuthology.orchestra.run.smithi082.stdout:/usr/bin/ceph: stderr
2024-05-08T05:37:34.255+0000 7f1a77400700 1 -- 172.21.15.82:0/1530365628 learned_addr learned my addr 172.21.15.82:0/1530365628 (peer_addr_for_me v2:172.21.15.82:0/0)
2024-05-08T05:37:35.481 INFO:teuthology.orchestra.run.smithi082.stdout:/usr/bin/ceph: stderr
2024-05-08T05:37:34.255+0000 7f1a77400700 1 -- 172.21.15.82:0/1530365628 --> [v2:172.21.15.82:3300/0,v1:172.21.15.82:6789/0] -- mon_subscribe({config=0+,monmap=0+}) -- 0x7f1a7810bfa0 con 0x7f1a78109670
2024-05-08T05:37:35.481 INFO:teuthology.orchestra.run.smithi082.stdout:/usr/bin/ceph: stderr
2024-05-08T05:37:34.255+0000 7f1a77400700 1 --2- 172.21.15.82:0/1530365628 >> [v2:172.21.15.82:3300/0,v1:172.21.15.82:6789/0] conn(0x7f1a78109670 0x7f1a7810ba60 secure :-1 s=READY pgs=55 cs=0 l=1 rev1=1 crypto rx=0x7f1a680098a0 tx=0x7f1a68009bb0 comp rx=0 tx=0).ready entity=mon.0 client_cookie=4eb5cacd47551f3d server_cookie=0 in_seq=0 out_seq=0
2024-05-08T05:37:35.481 INFO:teuthology.orchestra.run.smithi082.stdout:/usr/bin/ceph: stderr
2024-05-08T05:37:34.255+0000 7f1a76000700 1 -- 172.21.15.82:0/1530365628 <== mon.0 v2:172.21.15.82:3300/0 1 ==== mon_map magic: 0 ==== 205+0+0 (secure 0 0 0) 0x7f1a68004160 con 0x7f1a78109670
2024-05-08T05:37:35.482 INFO:teuthology.orchestra.run.smithi082.stdout:/usr/bin/ceph: stderr
2024-05-08T05:37:34.256+0000 7f1a76000700 1 -- 172.21.15.82:0/1530365628 <== mon.0 v2:172.21.15.82:3300/0 2 ==== config(26 keys) ==== 1101+0+0 (secure 0 0 0) 0x7f1a68004300 con 0x7f1a78109670
2024-05-08T05:37:35.482 INFO:teuthology.orchestra.run.smithi082.stdout:/usr/bin/ceph: stderr
2024-05-08T05:37:34.256+0000 7f1a76000700 1 -- 172.21.15.82:0/1530365628 <== mon.0 v2:172.21.15.82:3300/0 3 ==== mon_map magic: 0 ==== 205+0+0 (secure 0 0 0) 0x7f1a68011a20 con 0x7f1a78109670
2024-05-08T05:37:35.482 INFO:teuthology.orchestra.run.smithi082.stdout:/usr/bin/ceph: stderr
2024-05-08T05:37:34.256+0000 7f1a7d200700 1 -- 172.21.15.82:0/1530365628 >> [v2:172.21.15.82:3300/0,v1:172.21.15.82:6789/0] conn(0x7f1a78109670 msgr2=0x7f1a7810ba60 secure :-1 s=STATE_CONNECTION_ESTABLISHED l=1).mark_down
2024-05-08T05:37:35.482 INFO:teuthology.orchestra.run.smithi082.stdout:/usr/bin/ceph: stderr
2024-05-08T05:37:34.256+0000 7f1a7d200700 1 --2- 172.21.15.82:0/1530365628 >> [v2:172.21.15.82:3300/0,v1:172.21.15.82:6789/0] conn(0x7f1a78109670 0x7f1a7810ba60 secure :-1 s=READY pgs=55 cs=0 l=1 rev1=1 crypto rx=0x7f1a680098a0 tx=0x7f1a68009bb0 comp rx=0 tx=0).stop
2024-05-08T05:37:35.482 INFO:teuthology.orchestra.run.smithi082.stdout:/usr/bin/ceph: stderr
2024-05-08T05:37:34.256+0000 7f1a7d200700 1 -- 172.21.15.82:0/1530365628 shutdown_connections
2024-05-08T05:37:35.482 INFO:teuthology.orchestra.run.smithi082.stdout:/usr/bin/ceph: stderr
2024-05-08T05:37:34.256+0000 7f1a7d200700 1 --2- 172.21.15.82:0/1530365628 >> [v2:172.21.15.82:3300/0,v1:172.21.15.82:6789/0] conn(0x7f1a78109670 0x7f1a7810ba60 unknown :-1 s=CLOSED pgs=55 cs=0 l=1 rev1=1 crypto rx=0 tx=0 comp rx=0 tx=0).stop
2024-05-08T05:37:35.482 INFO:teuthology.orchestra.run.smithi082.stdout:/usr/bin/ceph: stderr
2024-05-08T05:37:34.256+0000 7f1a7d200700 1 -- 172.21.15.82:0/1530365628 >> 172.21.15.82:0/1530365628 conn(0x7f1a781030c0 msgr2=0x7f1a781054e0 unknown :-1 s=STATE_NONE l=0).mark_down
2024-05-08T05:37:35.483 INFO:teuthology.orchestra.run.smithi082.stdout:/usr/bin/ceph: stderr
2024-05-08T05:37:34.257+0000 7f1a7d200700 1 -- 172.21.15.82:0/1530365628 shutdown_connections
2024-05-08T05:37:35.483 INFO:teuthology.orchestra.run.smithi082.stdout:/usr/bin/ceph: stderr
2024-05-08T05:37:34.257+0000 7f1a7d200700 1 -- 172.21.15.82:0/1530365628 wait complete.
2024-05-08T05:37:35.483 INFO:teuthology.orchestra.run.smithi082.stdout:/usr/bin/ceph: stderr
2024-05-08T05:37:34.257+0000 7f1a7d200700 1 Processor -- start
2024-05-08T05:37:35.483 INFO:teuthology.orchestra.run.smithi082.stdout:/usr/bin/ceph: stderr
2024-05-08T05:37:34.258+0000 7f1a7d200700 1 -- start start
2024-05-08T05:37:35.483 INFO:teuthology.orchestra.run.smithi082.stdout:/usr/bin/ceph: stderr
2024-05-08T05:37:34.258+0000 7f1a7d200700 1 --2- >> [v2:172.21.15.82:3300/0,v1:172.21.15.82:6789/0] conn(0x7f1a78109670 0x7f1a7819ed30 unknown :-1 s=NONE pgs=0 cs=0 l=1 rev1=0 crypto rx=0 tx=0 comp rx=0 tx=0).connect
2024-05-08T05:37:35.483 INFO:teuthology.orchestra.run.smithi082.stdout:/usr/bin/ceph: stderr
2024-05-08T05:37:34.258+0000 7f1a7d200700 1 -- --> [v2:172.21.15.82:3300/0,v1:172.21.15.82:6789/0] -- mon_getmap magic: 0 -- 0x7f1a7810cfb0 con 0x7f1a78109670
2024-05-08T05:37:35.483 INFO:teuthology.orchestra.run.smithi082.stdout:/usr/bin/ceph: stderr
2024-05-08T05:37:34.258+0000 7f1a77400700 1 --2- >> [v2:172.21.15.82:3300/0,v1:172.21.15.82:6789/0] conn(0x7f1a78109670 0x7f1a7819ed30 unknown :-1 s=BANNER_CONNECTING pgs=0 cs=0 l=1 rev1=0 crypto rx=0 tx=0 comp rx=0 tx=0)._handle_peer_banner_payload supported=3 required=0
2024-05-08T05:37:35.483 INFO:teuthology.orchestra.run.smithi082.stdout:/usr/bin/ceph: stderr
2024-05-08T05:37:34.258+0000 7f1a77400700 1 --2- >> [v2:172.21.15.82:3300/0,v1:172.21.15.82:6789/0] conn(0x7f1a78109670 0x7f1a7819ed30 unknown :-1 s=HELLO_CONNECTING pgs=0 cs=0 l=1 rev1=1 crypto rx=0 tx=0 comp rx=0 tx=0).handle_hello peer v2:172.21.15.82:3300/0 says I am v2:172.21.15.82:35006/0 (socket says 172.21.15.82:35006)
2024-05-08T05:37:35.483 INFO:teuthology.orchestra.run.smithi082.stdout:/usr/bin/ceph: stderr
2024-05-08T05:37:34.258+0000 7f1a77400700 1 -- 172.21.15.82:0/1284786168 learned_addr learned my addr 172.21.15.82:0/1284786168 (peer_addr_for_me v2:172.21.15.82:0/0)
2024-05-08T05:37:35.483 INFO:teuthology.orchestra.run.smithi082.stdout:/usr/bin/ceph: stderr
2024-05-08T05:37:34.259+0000 7f1a77400700 1 -- 172.21.15.82:0/1284786168 --> [v2:172.21.15.82:3300/0,v1:172.21.15.82:6789/0] -- mon_subscribe({config=0+,monmap=0+}) -- 0x7f1a7819f270 con 0x7f1a78109670
2024-05-08T05:37:35.483 INFO:teuthology.orchestra.run.smithi082.stdout:/usr/bin/ceph: stderr
2024-05-08T05:37:34.259+0000 7f1a77400700 1 --2- 172.21.15.82:0/1284786168 >> [v2:172.21.15.82:3300/0,v1:172.21.15.82:6789/0] conn(0x7f1a78109670 0x7f1a7819ed30 secure :-1 s=READY pgs=56 cs=0 l=1 rev1=1 crypto rx=0x7f1a68004660 tx=0x7f1a68011aa0 comp rx=0 tx=0).ready entity=mon.0 client_cookie=0 server_cookie=0 in_seq=0 out_seq=0
2024-05-08T05:37:35.484 INFO:teuthology.orchestra.run.smithi082.stdout:/usr/bin/ceph: stderr
2024-05-08T05:37:34.259+0000 7f1a6fe00700 1 -- 172.21.15.82:0/1284786168 <== mon.0 v2:172.21.15.82:3300/0 1 ==== mon_map magic: 0 ==== 205+0+0 (secure 0 0 0) 0x7f1a68003aa0 con 0x7f1a78109670
2024-05-08T05:37:35.484 INFO:teuthology.orchestra.run.smithi082.stdout:/usr/bin/ceph: stderr
2024-05-08T05:37:34.259+0000 7f1a6fe00700 1 -- 172.21.15.82:0/1284786168 <== mon.0 v2:172.21.15.82:3300/0 2 ==== config(26 keys) ==== 1101+0+0 (secure 0 0 0) 0x7f1a6801b8f0 con 0x7f1a78109670
2024-05-08T05:37:35.484 INFO:teuthology.orchestra.run.smithi082.stdout:/usr/bin/ceph: stderr
2024-05-08T05:37:34.259+0000 7f1a7d200700 1 -- 172.21.15.82:0/1284786168 --> [v2:172.21.15.82:3300/0,v1:172.21.15.82:6789/0] -- mon_subscribe({mgrmap=0+}) -- 0x7f1a7819f500 con 0x7f1a78109670
2024-05-08T05:37:35.484 INFO:teuthology.orchestra.run.smithi082.stdout:/usr/bin/ceph: stderr
2024-05-08T05:37:34.259+0000 7f1a6fe00700 1 -- 172.21.15.82:0/1284786168 <== mon.0 v2:172.21.15.82:3300/0 3 ==== mon_map magic: 0 ==== 205+0+0 (secure 0 0 0) 0x7f1a68023900 con 0x7f1a78109670
2024-05-08T05:37:35.484 INFO:teuthology.orchestra.run.smithi082.stdout:/usr/bin/ceph: stderr
2024-05-08T05:37:34.259+0000 7f1a7d200700 1 -- 172.21.15.82:0/1284786168 --> [v2:172.21.15.82:3300/0,v1:172.21.15.82:6789/0] -- mon_subscribe({osdmap=0}) -- 0x7f1a781a21f0 con 0x7f1a78109670
2024-05-08T05:37:35.484 INFO:teuthology.orchestra.run.smithi082.stdout:/usr/bin/ceph: stderr
2024-05-08T05:37:34.260+0000 7f1a7d200700 1 -- 172.21.15.82:0/1284786168 --> [v2:172.21.15.82:3300/0,v1:172.21.15.82:6789/0] -- mon_command({"prefix": "get_command_descriptions"} v 0) -- 0x7f1a7806a5c0 con 0x7f1a78109670
2024-05-08T05:37:35.484 INFO:teuthology.orchestra.run.smithi082.stdout:/usr/bin/ceph: stderr
2024-05-08T05:37:34.261+0000 7f1a6fe00700 1 -- 172.21.15.82:0/1284786168 <== mon.0 v2:172.21.15.82:3300/0 4 ==== mgrmap(e 8) ==== 50222+0+0 (secure 0 0 0) 0x7f1a6801baa0 con 0x7f1a78109670
2024-05-08T05:37:35.484 INFO:teuthology.orchestra.run.smithi082.stdout:/usr/bin/ceph: stderr
2024-05-08T05:37:34.261+0000 7f1a6fe00700 1 --2- 172.21.15.82:0/1284786168 >> [v2:172.21.15.82:6800/765895649,v1:172.21.15.82:6801/765895649] conn(0x7f1a5c03e4c0 0x7f1a5c040980 unknown :-1 s=NONE pgs=0 cs=0 l=1 rev1=0 crypto rx=0 tx=0 comp rx=0 tx=0).connect
2024-05-08T05:37:35.484 INFO:teuthology.orchestra.run.smithi082.stdout:/usr/bin/ceph: stderr
2024-05-08T05:37:34.261+0000 7f1a6fe00700 1 -- 172.21.15.82:0/1284786168 <== mon.0 v2:172.21.15.82:3300/0 5 ==== osd_map(2..2 src has 1..2) ==== 940+0+0 (secure 0 0 0) 0x7f1a68053d40 con 0x7f1a78109670
2024-05-08T05:37:35.484 INFO:teuthology.orchestra.run.smithi082.stdout:/usr/bin/ceph: stderr
2024-05-08T05:37:34.261+0000 7f1a76a00700 1 --2- 172.21.15.82:0/1284786168 >> [v2:172.21.15.82:6800/765895649,v1:172.21.15.82:6801/765895649] conn(0x7f1a5c03e4c0 0x7f1a5c040980 unknown :-1 s=BANNER_CONNECTING pgs=0 cs=0 l=1 rev1=0 crypto rx=0 tx=0 comp rx=0 tx=0)._handle_peer_banner_payload supported=3 required=0
2024-05-08T05:37:35.484 INFO:teuthology.orchestra.run.smithi082.stdout:/usr/bin/ceph: stderr
2024-05-08T05:37:34.262+0000 7f1a76a00700 1 --2- 172.21.15.82:0/1284786168 >> [v2:172.21.15.82:6800/765895649,v1:172.21.15.82:6801/765895649] conn(0x7f1a5c03e4c0 0x7f1a5c040980 secure :-1 s=READY pgs=16 cs=0 l=1 rev1=1 crypto rx=0x7f1a64006fd0 tx=0x7f1a64006e40 comp rx=0 tx=0).ready entity=mgr.14120 client_cookie=0 server_cookie=0 in_seq=0 out_seq=0
2024-05-08T05:37:35.484 INFO:teuthology.orchestra.run.smithi082.stdout:/usr/bin/ceph: stderr
2024-05-08T05:37:34.267+0000 7f1a6fe00700 1 -- 172.21.15.82:0/1284786168 <== mon.0 v2:172.21.15.82:3300/0 6 ==== mon_command_ack([{"prefix": "get_command_descriptions"}]=0 v0) ==== 72+0+191963 (secure 0 0 0) 0x7f1a6801f030 con 0x7f1a78109670
2024-05-08T05:37:35.484 INFO:teuthology.orchestra.run.smithi082.stdout:/usr/bin/ceph: stderr
2024-05-08T05:37:34.558+0000 7f1a7d200700 1 -- 172.21.15.82:0/1284786168 --> [v2:172.21.15.82:3300/0,v1:172.21.15.82:6789/0] -- mon_command({"prefix": "mgr module enable", "module": "dashboard"} v 0) -- 0x7f1a781a27e0 con 0x7f1a78109670
2024-05-08T05:37:35.484 INFO:teuthology.orchestra.run.smithi082.stdout:/usr/bin/ceph: stderr
2024-05-08T05:37:34.673+0000 7f1a6fe00700 1 -- 172.21.15.82:0/1284786168 <== mon.0 v2:172.21.15.82:3300/0 7 ==== mon_command_ack([{"prefix": "mgr module enable", "module": "dashboard"}]=0 v9) ==== 88+0+0 (secure 0 0 0) 0x7f1a680202b0 con 0x7f1a78109670
2024-05-08T05:37:35.485 INFO:teuthology.orchestra.run.smithi082.stdout:/usr/bin/ceph: stderr
2024-05-08T05:37:34.677+0000 7f1a6fe00700 1 -- 172.21.15.82:0/1284786168 <== mon.0 v2:172.21.15.82:3300/0 8 ==== mgrmap(e 9) ==== 50235+0+0 (secure 0 0 0) 0x7f1a68023b20 con 0x7f1a78109670
2024-05-08T05:37:35.485 INFO:teuthology.orchestra.run.smithi082.stdout:/usr/bin/ceph: stderr
2024-05-08T05:37:34.678+0000 7f1a7d200700 1 -- 172.21.15.82:0/1284786168 >> [v2:172.21.15.82:6800/765895649,v1:172.21.15.82:6801/765895649] conn(0x7f1a5c03e4c0 msgr2=0x7f1a5c040980 secure :-1 s=STATE_CONNECTION_ESTABLISHED l=1).mark_down
2024-05-08T05:37:35.485 INFO:teuthology.orchestra.run.smithi082.stdout:/usr/bin/ceph: stderr
2024-05-08T05:37:34.678+0000 7f1a7d200700 1 --2- 172.21.15.82:0/1284786168 >> [v2:172.21.15.82:6800/765895649,v1:172.21.15.82:6801/765895649] conn(0x7f1a5c03e4c0 0x7f1a5c040980 secure :-1 s=READY pgs=16 cs=0 l=1 rev1=1 crypto rx=0x7f1a64006fd0 tx=0x7f1a64006e40 comp rx=0 tx=0).stop
2024-05-08T05:37:35.485 INFO:teuthology.orchestra.run.smithi082.stdout:/usr/bin/ceph: stderr
2024-05-08T05:37:34.678+0000 7f1a7d200700 1 -- 172.21.15.82:0/1284786168 >> [v2:172.21.15.82:3300/0,v1:172.21.15.82:6789/0] conn(0x7f1a78109670 msgr2=0x7f1a7819ed30 secure :-1 s=STATE_CONNECTION_ESTABLISHED l=1).mark_down
2024-05-08T05:37:35.485 INFO:teuthology.orchestra.run.smithi082.stdout:/usr/bin/ceph: stderr
2024-05-08T05:37:34.678+0000 7f1a7d200700 1 --2- 172.21.15.82:0/1284786168 >> [v2:172.21.15.82:3300/0,v1:172.21.15.82:6789/0] conn(0x7f1a78109670 0x7f1a7819ed30 secure :-1 s=READY pgs=56 cs=0 l=1 rev1=1 crypto rx=0x7f1a68004660 tx=0x7f1a68011aa0 comp rx=0 tx=0).stop
2024-05-08T05:37:35.485 INFO:teuthology.orchestra.run.smithi082.stdout:/usr/bin/ceph: stderr
2024-05-08T05:37:34.678+0000 7f1a7d200700 1 -- 172.21.15.82:0/1284786168 shutdown_connections
2024-05-08T05:37:35.485 INFO:teuthology.orchestra.run.smithi082.stdout:/usr/bin/ceph: stderr
2024-05-08T05:37:34.678+0000 7f1a7d200700 1 --2- 172.21.15.82:0/1284786168 >> [v2:172.21.15.82:6800/765895649,v1:172.21.15.82:6801/765895649] conn(0x7f1a5c03e4c0 0x7f1a5c040980 unknown :-1 s=CLOSED pgs=16 cs=0 l=1 rev1=1 crypto rx=0 tx=0 comp rx=0 tx=0).stop
2024-05-08T05:37:35.485 INFO:teuthology.orchestra.run.smithi082.stdout:/usr/bin/ceph: stderr
2024-05-08T05:37:34.678+0000 7f1a7d200700 1 --2- 172.21.15.82:0/1284786168 >> [v2:172.21.15.82:3300/0,v1:172.21.15.82:6789/0] conn(0x7f1a78109670 0x7f1a7819ed30 unknown :-1 s=CLOSED pgs=56 cs=0 l=1 rev1=1 crypto rx=0 tx=0 comp rx=0 tx=0).stop
2024-05-08T05:37:35.485 INFO:teuthology.orchestra.run.smithi082.stdout:/usr/bin/ceph: stderr
2024-05-08T05:37:34.678+0000 7f1a7d200700 1 -- 172.21.15.82:0/1284786168 >> 172.21.15.82:0/1284786168 conn(0x7f1a781030c0 msgr2=0x7f1a78103b00 unknown :-1 s=STATE_NONE l=0).mark_down
2024-05-08T05:37:35.485 INFO:teuthology.orchestra.run.smithi082.stdout:/usr/bin/ceph: stderr
2024-05-08T05:37:34.679+0000 7f1a7d200700 1 -- 172.21.15.82:0/1284786168 shutdown_connections
2024-05-08T05:37:35.485 INFO:teuthology.orchestra.run.smithi082.stdout:/usr/bin/ceph: stderr
2024-05-08T05:37:34.679+0000 7f1a7d200700 1 -- 172.21.15.82:0/1284786168 wait complete.
2024-05-08T05:37:35.889 INFO:journalctl@ceph.mgr.x.smithi082.stdout:May 08 05:37:35 smithi082 ceph-c739a5c8-0cfc-11ef-bc97-c7b262605968-mgr-x[30333]:
2024-05-08T05:37:35.780+0000 7f6ece8be200 -1 mgr[py] Module progress has missing NOTIFY_TYPES member
2024-05-08T05:37:35.889 INFO:journalctl@ceph.mon.a.smithi082.stdout:May 08 05:37:35 smithi082 ceph-mon[30098]: from='client.? 172.21.15.82:0/1284786168' entity='client.admin' cmd='[{"prefix": "mgr module enable", "module": "dashboard"}]': finished
2024-05-08T05:37:35.889 INFO:journalctl@ceph.mon.a.smithi082.stdout:May 08 05:37:35 smithi082 ceph-mon[30098]: mgrmap e9: x(active, since 23s)
2024-05-08T05:37:36.220 INFO:journalctl@ceph.mgr.x.smithi082.stdout:May 08 05:37:35 smithi082 ceph-c739a5c8-0cfc-11ef-bc97-c7b262605968-mgr-x[30333]:
2024-05-08T05:37:35.902+0000 7f6ece8be200 -1 mgr[py] Module influx has missing NOTIFY_TYPES member
2024-05-08T05:37:36.970 INFO:journalctl@ceph.mon.a.smithi082.stdout:May 08 05:37:36 smithi082 ceph-mon[30098]: from='client.? 172.21.15.82:0/3540897700' entity='client.admin' cmd=[{"prefix": "mgr stat"}]: dispatch
2024-05-08T05:37:36.998 INFO:teuthology.orchestra.run.smithi082.stdout:/usr/bin/ceph: stdout {
2024-05-08T05:37:36.999 INFO:teuthology.orchestra.run.smithi082.stdout:/usr/bin/ceph: stdout "epoch": 9,
2024-05-08T05:37:36.999 INFO:teuthology.orchestra.run.smithi082.stdout:/usr/bin/ceph: stdout "available": true,
2024-05-08T05:37:36.999 INFO:teuthology.orchestra.run.smithi082.stdout:/usr/bin/ceph: stdout "active_name": "x",
2024-05-08T05:37:36.999 INFO:teuthology.orchestra.run.smithi082.stdout:/usr/bin/ceph: stdout "num_standby": 0
2024-05-08T05:37:37.000 INFO:teuthology.orchestra.run.smithi082.stdout:/usr/bin/ceph: stdout }
2024-05-08T05:37:37.000 INFO:teuthology.orchestra.run.smithi082.stdout:/usr/bin/ceph: stderr
2024-05-08T05:37:36.045+0000 7f71cfe00700 1 Processor -- start
2024-05-08T05:37:37.000 INFO:teuthology.orchestra.run.smithi082.stdout:/usr/bin/ceph: stderr
2024-05-08T05:37:36.045+0000 7f71cfe00700 1 -- start start
2024-05-08T05:37:37.000 INFO:teuthology.orchestra.run.smithi082.stdout:/usr/bin/ceph: stderr
2024-05-08T05:37:36.045+0000 7f71cfe00700 1 --2- >> [v2:172.21.15.82:3300/0,v1:172.21.15.82:6789/0] conn(0x7f71d0109670 0x7f71d010ba60 unknown :-1 s=NONE pgs=0 cs=0 l=0 rev1=0 crypto rx=0 tx=0 comp rx=0 tx=0).connect
2024-05-08T05:37:37.000 INFO:teuthology.orchestra.run.smithi082.stdout:/usr/bin/ceph: stderr
2024-05-08T05:37:36.045+0000 7f71cfe00700 1 -- --> [v2:172.21.15.82:3300/0,v1:172.21.15.82:6789/0] -- mon_getmap magic: 0 -- 0x7f71d007cec0 con 0x7f71d0109670
2024-05-08T05:37:37.000 INFO:teuthology.orchestra.run.smithi082.stdout:/usr/bin/ceph: stderr
2024-05-08T05:37:36.046+0000 7f71cea00700 1 --2- >> [v2:172.21.15.82:3300/0,v1:172.21.15.82:6789/0] conn(0x7f71d0109670 0x7f71d010ba60 unknown :-1 s=BANNER_CONNECTING pgs=0 cs=0 l=0 rev1=0 crypto rx=0 tx=0 comp rx=0 tx=0)._handle_peer_banner_payload supported=3 required=0
2024-05-08T05:37:37.000 INFO:teuthology.orchestra.run.smithi082.stdout:/usr/bin/ceph: stderr
2024-05-08T05:37:36.046+0000 7f71cea00700 1 --2- >> [v2:172.21.15.82:3300/0,v1:172.21.15.82:6789/0] conn(0x7f71d0109670 0x7f71d010ba60 unknown :-1 s=HELLO_CONNECTING pgs=0 cs=0 l=0 rev1=1 crypto rx=0 tx=0 comp rx=0 tx=0).handle_hello peer v2:172.21.15.82:3300/0 says I am v2:172.21.15.82:35034/0 (socket says 172.21.15.82:35034)
2024-05-08T05:37:37.001 INFO:teuthology.orchestra.run.smithi082.stdout:/usr/bin/ceph: stderr
2024-05-08T05:37:36.046+0000 7f71cea00700 1 -- 172.21.15.82:0/2739803333 learned_addr learned my addr 172.21.15.82:0/2739803333 (peer_addr_for_me v2:172.21.15.82:0/0)
2024-05-08T05:37:37.001 INFO:teuthology.orchestra.run.smithi082.stdout:/usr/bin/ceph: stderr
2024-05-08T05:37:36.047+0000 7f71cea00700 1 -- 172.21.15.82:0/2739803333 --> [v2:172.21.15.82:3300/0,v1:172.21.15.82:6789/0] -- mon_subscribe({config=0+,monmap=0+}) -- 0x7f71d010bfa0 con 0x7f71d0109670
2024-05-08T05:37:37.005 INFO:teuthology.orchestra.run.smithi082.stdout:/usr/bin/ceph: stderr
2024-05-08T05:37:36.047+0000 7f71cea00700 1 --2- 172.21.15.82:0/2739803333 >> [v2:172.21.15.82:3300/0,v1:172.21.15.82:6789/0] conn(0x7f71d0109670 0x7f71d010ba60 secure :-1 s=READY pgs=59 cs=0 l=1 rev1=1 crypto rx=0x7f71c00098a0 tx=0x7f71c0009bb0 comp rx=0 tx=0).ready entity=mon.0 client_cookie=157bf7d1a5a62ebf server_cookie=0 in_seq=0 out_seq=0
2024-05-08T05:37:37.005 INFO:teuthology.orchestra.run.smithi082.stdout:/usr/bin/ceph: stderr
2024-05-08T05:37:36.047+0000 7f71cd600700 1 -- 172.21.15.82:0/2739803333 <== mon.0 v2:172.21.15.82:3300/0 1 ==== mon_map magic: 0 ==== 205+0+0 (secure 0 0 0) 0x7f71c0004160 con 0x7f71d0109670
2024-05-08T05:37:37.005 INFO:teuthology.orchestra.run.smithi082.stdout:/usr/bin/ceph: stderr
2024-05-08T05:37:36.047+0000 7f71cd600700 1 -- 172.21.15.82:0/2739803333 <== mon.0 v2:172.21.15.82:3300/0 2 ==== config(26 keys) ==== 1101+0+0 (secure 0 0 0) 0x7f71c0004300 con 0x7f71d0109670
2024-05-08T05:37:37.005 INFO:teuthology.orchestra.run.smithi082.stdout:/usr/bin/ceph: stderr
2024-05-08T05:37:36.047+0000 7f71cd600700 1 -- 172.21.15.82:0/2739803333 <== mon.0 v2:172.21.15.82:3300/0 3 ==== mon_map magic: 0 ==== 205+0+0 (secure 0 0 0) 0x7f71c0011a20 con 0x7f71d0109670
2024-05-08T05:37:37.005 INFO:teuthology.orchestra.run.smithi082.stdout:/usr/bin/ceph: stderr
2024-05-08T05:37:36.048+0000 7f71cfe00700 1 -- 172.21.15.82:0/2739803333 >> [v2:172.21.15.82:3300/0,v1:172.21.15.82:6789/0] conn(0x7f71d0109670 msgr2=0x7f71d010ba60 secure :-1 s=STATE_CONNECTION_ESTABLISHED l=1).mark_down
2024-05-08T05:37:37.005 INFO:teuthology.orchestra.run.smithi082.stdout:/usr/bin/ceph: stderr
2024-05-08T05:37:36.048+0000 7f71cfe00700 1 --2- 172.21.15.82:0/2739803333 >> [v2:172.21.15.82:3300/0,v1:172.21.15.82:6789/0] conn(0x7f71d0109670 0x7f71d010ba60 secure :-1 s=READY pgs=59 cs=0 l=1 rev1=1 crypto rx=0x7f71c00098a0 tx=0x7f71c0009bb0 comp rx=0 tx=0).stop
2024-05-08T05:37:37.006 INFO:teuthology.orchestra.run.smithi082.stdout:/usr/bin/ceph: stderr
2024-05-08T05:37:36.048+0000 7f71cfe00700 1 -- 172.21.15.82:0/2739803333 shutdown_connections
2024-05-08T05:37:37.006 INFO:teuthology.orchestra.run.smithi082.stdout:/usr/bin/ceph: stderr
2024-05-08T05:37:36.048+0000 7f71cfe00700 1 --2- 172.21.15.82:0/2739803333 >> [v2:172.21.15.82:3300/0,v1:172.21.15.82:6789/0] conn(0x7f71d0109670 0x7f71d010ba60 unknown :-1 s=CLOSED pgs=59 cs=0 l=1 rev1=1 crypto rx=0 tx=0 comp rx=0 tx=0).stop
2024-05-08T05:37:37.006 INFO:teuthology.orchestra.run.smithi082.stdout:/usr/bin/ceph: stderr
2024-05-08T05:37:36.048+0000 7f71cfe00700 1 -- 172.21.15.82:0/2739803333 >> 172.21.15.82:0/2739803333 conn(0x7f71d01030c0 msgr2=0x7f71d01054e0 unknown :-1 s=STATE_NONE l=0).mark_down
2024-05-08T05:37:37.006 INFO:teuthology.orchestra.run.smithi082.stdout:/usr/bin/ceph: stderr
2024-05-08T05:37:36.048+0000 7f71cfe00700 1 -- 172.21.15.82:0/2739803333 shutdown_connections
2024-05-08T05:37:37.006 INFO:teuthology.orchestra.run.smithi082.stdout:/usr/bin/ceph: stderr
2024-05-08T05:37:36.048+0000 7f71cfe00700 1 -- 172.21.15.82:0/2739803333 wait complete.
2024-05-08T05:37:37.006 INFO:teuthology.orchestra.run.smithi082.stdout:/usr/bin/ceph: stderr
2024-05-08T05:37:36.049+0000 7f71cfe00700 1 Processor -- start
2024-05-08T05:37:37.006 INFO:teuthology.orchestra.run.smithi082.stdout:/usr/bin/ceph: stderr
2024-05-08T05:37:36.049+0000 7f71cfe00700 1 -- start start
2024-05-08T05:37:37.006 INFO:teuthology.orchestra.run.smithi082.stdout:/usr/bin/ceph: stderr
2024-05-08T05:37:36.050+0000 7f71cfe00700 1 --2- >> [v2:172.21.15.82:3300/0,v1:172.21.15.82:6789/0] conn(0x7f71d0109670 0x7f71d019ed30 unknown :-1 s=NONE pgs=0 cs=0 l=1 rev1=0 crypto rx=0 tx=0 comp rx=0 tx=0).connect
2024-05-08T05:37:37.006 INFO:teuthology.orchestra.run.smithi082.stdout:/usr/bin/ceph: stderr
2024-05-08T05:37:36.050+0000 7f71cfe00700 1 -- --> [v2:172.21.15.82:3300/0,v1:172.21.15.82:6789/0] -- mon_getmap magic: 0 -- 0x7f71d010cfb0 con 0x7f71d0109670
2024-05-08T05:37:37.006 INFO:teuthology.orchestra.run.smithi082.stdout:/usr/bin/ceph: stderr
2024-05-08T05:37:36.050+0000 7f71cea00700 1 --2- >> [v2:172.21.15.82:3300/0,v1:172.21.15.82:6789/0] conn(0x7f71d0109670 0x7f71d019ed30 unknown :-1 s=BANNER_CONNECTING pgs=0 cs=0 l=1 rev1=0 crypto rx=0 tx=0 comp rx=0 tx=0)._handle_peer_banner_payload supported=3 required=0
2024-05-08T05:37:37.006 INFO:teuthology.orchestra.run.smithi082.stdout:/usr/bin/ceph: stderr
2024-05-08T05:37:36.050+0000 7f71cea00700 1 --2- >> [v2:172.21.15.82:3300/0,v1:172.21.15.82:6789/0] conn(0x7f71d0109670 0x7f71d019ed30 unknown :-1 s=HELLO_CONNECTING pgs=0 cs=0 l=1 rev1=1 crypto rx=0 tx=0 comp rx=0 tx=0).handle_hello peer v2:172.21.15.82:3300/0 says I am v2:172.21.15.82:35044/0 (socket says 172.21.15.82:35044)
2024-05-08T05:37:37.006 INFO:teuthology.orchestra.run.smithi082.stdout:/usr/bin/ceph: stderr
2024-05-08T05:37:36.050+0000 7f71cea00700 1 -- 172.21.15.82:0/3540897700 learned_addr learned my addr 172.21.15.82:0/3540897700 (peer_addr_for_me v2:172.21.15.82:0/0)
2024-05-08T05:37:37.006 INFO:teuthology.orchestra.run.smithi082.stdout:/usr/bin/ceph: stderr
2024-05-08T05:37:36.050+0000 7f71cea00700 1 -- 172.21.15.82:0/3540897700 --> [v2:172.21.15.82:3300/0,v1:172.21.15.82:6789/0] -- mon_subscribe({config=0+,monmap=0+}) -- 0x7f71d019f270 con 0x7f71d0109670
2024-05-08T05:37:37.007 INFO:teuthology.orchestra.run.smithi082.stdout:/usr/bin/ceph: stderr
2024-05-08T05:37:36.051+0000 7f71cea00700 1 --2- 172.21.15.82:0/3540897700 >> [v2:172.21.15.82:3300/0,v1:172.21.15.82:6789/0] conn(0x7f71d0109670 0x7f71d019ed30 secure :-1 s=READY pgs=60 cs=0 l=1 rev1=1 crypto rx=0x7f71c0004660 tx=0x7f71c0011aa0 comp rx=0 tx=0).ready entity=mon.0 client_cookie=0 server_cookie=0 in_seq=0 out_seq=0
2024-05-08T05:37:37.007 INFO:teuthology.orchestra.run.smithi082.stdout:/usr/bin/ceph: stderr
2024-05-08T05:37:36.051+0000 7f71c7400700 1 -- 172.21.15.82:0/3540897700 <== mon.0 v2:172.21.15.82:3300/0 1 ==== mon_map magic: 0 ==== 205+0+0 (secure 0 0 0) 0x7f71c0003aa0 con 0x7f71d0109670
2024-05-08T05:37:37.007 INFO:teuthology.orchestra.run.smithi082.stdout:/usr/bin/ceph: stderr
2024-05-08T05:37:36.051+0000 7f71c7400700 1 -- 172.21.15.82:0/3540897700 <== mon.0 v2:172.21.15.82:3300/0 2 ==== config(26 keys) ==== 1101+0+0 (secure 0 0 0) 0x7f71c001b8f0 con 0x7f71d0109670
2024-05-08T05:37:37.007 INFO:teuthology.orchestra.run.smithi082.stdout:/usr/bin/ceph: stderr
2024-05-08T05:37:36.051+0000 7f71cfe00700 1 -- 172.21.15.82:0/3540897700 --> [v2:172.21.15.82:3300/0,v1:172.21.15.82:6789/0] -- mon_subscribe({mgrmap=0+}) -- 0x7f71d019f500 con 0x7f71d0109670
2024-05-08T05:37:37.007 INFO:teuthology.orchestra.run.smithi082.stdout:/usr/bin/ceph: stderr
2024-05-08T05:37:36.051+0000 7f71c7400700 1 -- 172.21.15.82:0/3540897700 <== mon.0 v2:172.21.15.82:3300/0 3 ==== mon_map magic: 0 ==== 205+0+0 (secure 0 0 0) 0x7f71c0023900 con 0x7f71d0109670
2024-05-08T05:37:37.007 INFO:teuthology.orchestra.run.smithi082.stdout:/usr/bin/ceph: stderr
2024-05-08T05:37:36.051+0000 7f71cfe00700 1 -- 172.21.15.82:0/3540897700 --> [v2:172.21.15.82:3300/0,v1:172.21.15.82:6789/0] -- mon_subscribe({osdmap=0}) -- 0x7f71d01a21f0 con 0x7f71d0109670
2024-05-08T05:37:37.007 INFO:teuthology.orchestra.run.smithi082.stdout:/usr/bin/ceph: stderr
2024-05-08T05:37:36.052+0000 7f71c7400700 1 -- 172.21.15.82:0/3540897700 <== mon.0 v2:172.21.15.82:3300/0 4 ==== mgrmap(e 9) ==== 50235+0+0 (secure 0 0 0) 0x7f71c0023b70 con 0x7f71d0109670
2024-05-08T05:37:37.007 INFO:teuthology.orchestra.run.smithi082.stdout:/usr/bin/ceph: stderr
2024-05-08T05:37:36.053+0000 7f71cfe00700 1 -- 172.21.15.82:0/3540897700 --> [v2:172.21.15.82:3300/0,v1:172.21.15.82:6789/0] -- mon_command({"prefix": "get_command_descriptions"} v 0) -- 0x7f71d006a5c0 con 0x7f71d0109670
2024-05-08T05:37:37.007 INFO:teuthology.orchestra.run.smithi082.stdout:/usr/bin/ceph: stderr
2024-05-08T05:37:36.053+0000 7f71c7400700 1 --2- 172.21.15.82:0/3540897700 >> [v2:172.21.15.82:6800/765895649,v1:172.21.15.82:6801/765895649] conn(0x7f71b403e520 0x7f71b40409e0 unknown :-1 s=NONE pgs=0 cs=0 l=1 rev1=0 crypto rx=0 tx=0 comp rx=0 tx=0).connect
2024-05-08T05:37:37.007 INFO:teuthology.orchestra.run.smithi082.stdout:/usr/bin/ceph: stderr
2024-05-08T05:37:36.053+0000 7f71c7400700 1 -- 172.21.15.82:0/3540897700 <== mon.0 v2:172.21.15.82:3300/0 5 ==== osd_map(2..2 src has 1..2) ==== 940+0+0 (secure 0 0 0) 0x7f71c0053ea0 con 0x7f71d0109670
2024-05-08T05:37:37.007 INFO:teuthology.orchestra.run.smithi082.stdout:/usr/bin/ceph: stderr
2024-05-08T05:37:36.053+0000 7f71ce000700 1 -- 172.21.15.82:0/3540897700 >> [v2:172.21.15.82:6800/765895649,v1:172.21.15.82:6801/765895649] conn(0x7f71b403e520 msgr2=0x7f71b40409e0 unknown :-1 s=STATE_CONNECTING_RE l=1).process reconnect failed to v2:172.21.15.82:6800/765895649
2024-05-08T05:37:37.007 INFO:teuthology.orchestra.run.smithi082.stdout:/usr/bin/ceph: stderr
2024-05-08T05:37:36.053+0000 7f71ce000700 1 --2- 172.21.15.82:0/3540897700 >> [v2:172.21.15.82:6800/765895649,v1:172.21.15.82:6801/765895649] conn(0x7f71b403e520 0x7f71b40409e0 unknown :-1 s=START_CONNECT pgs=0 cs=0 l=1 rev1=0 crypto rx=0 tx=0 comp rx=0 tx=0)._fault waiting 0.200000
2024-05-08T05:37:37.007 INFO:teuthology.orchestra.run.smithi082.stdout:/usr/bin/ceph: stderr
2024-05-08T05:37:36.059+0000 7f71c7400700 1 -- 172.21.15.82:0/3540897700 <== mon.0 v2:172.21.15.82:3300/0 6 ==== mon_command_ack([{"prefix": "get_command_descriptions"}]=0 v0) ==== 72+0+191963 (secure 0 0 0) 0x7f71c001f030 con 0x7f71d0109670
2024-05-08T05:37:37.007 INFO:teuthology.orchestra.run.smithi082.stdout:/usr/bin/ceph: stderr
2024-05-08T05:37:36.254+0000 7f71ce000700 1 -- 172.21.15.82:0/3540897700 >> [v2:172.21.15.82:6800/765895649,v1:172.21.15.82:6801/765895649] conn(0x7f71b403e520 msgr2=0x7f71b40409e0 unknown :-1 s=STATE_CONNECTING_RE l=1).process reconnect failed to v2:172.21.15.82:6800/765895649
2024-05-08T05:37:37.008 INFO:teuthology.orchestra.run.smithi082.stdout:/usr/bin/ceph: stderr
2024-05-08T05:37:36.254+0000 7f71ce000700 1 --2- 172.21.15.82:0/3540897700 >> [v2:172.21.15.82:6800/765895649,v1:172.21.15.82:6801/765895649] conn(0x7f71b403e520 0x7f71b40409e0 unknown :-1 s=START_CONNECT pgs=0 cs=0 l=1 rev1=0 crypto rx=0 tx=0 comp rx=0 tx=0)._fault waiting 0.400000
2024-05-08T05:37:37.008 INFO:teuthology.orchestra.run.smithi082.stdout:/usr/bin/ceph: stderr
2024-05-08T05:37:36.354+0000 7f71cfe00700 1 -- 172.21.15.82:0/3540897700 --> [v2:172.21.15.82:3300/0,v1:172.21.15.82:6789/0] -- mon_command({"prefix": "mgr stat"} v 0) -- 0x7f71d01a27e0 con 0x7f71d0109670
2024-05-08T05:37:37.008 INFO:teuthology.orchestra.run.smithi082.stdout:/usr/bin/ceph: stderr
2024-05-08T05:37:36.355+0000 7f71c7400700 1 -- 172.21.15.82:0/3540897700 <== mon.0 v2:172.21.15.82:3300/0 7 ==== mon_command_ack([{"prefix": "mgr stat"}]=0 v9) ==== 56+0+88 (secure 0 0 0) 0x7f71c001baa0 con 0x7f71d0109670
2024-05-08T05:37:37.008 INFO:teuthology.orchestra.run.smithi082.stdout:/usr/bin/ceph: stderr
2024-05-08T05:37:36.357+0000 7f71cfe00700 1 -- 172.21.15.82:0/3540897700 >> [v2:172.21.15.82:6800/765895649,v1:172.21.15.82:6801/765895649] conn(0x7f71b403e520 msgr2=0x7f71b40409e0 unknown :-1 s=STATE_CONNECTING l=1).mark_down
2024-05-08T05:37:37.008 INFO:teuthology.orchestra.run.smithi082.stdout:/usr/bin/ceph: stderr
2024-05-08T05:37:36.357+0000 7f71cfe00700 1 --2- 172.21.15.82:0/3540897700 >> [v2:172.21.15.82:6800/765895649,v1:172.21.15.82:6801/765895649] conn(0x7f71b403e520 0x7f71b40409e0 unknown :-1 s=START_CONNECT pgs=0 cs=0 l=1 rev1=0 crypto rx=0 tx=0 comp rx=0 tx=0).stop
2024-05-08T05:37:37.008 INFO:teuthology.orchestra.run.smithi082.stdout:/usr/bin/ceph: stderr
2024-05-08T05:37:36.357+0000 7f71cfe00700 1 -- 172.21.15.82:0/3540897700 >> [v2:172.21.15.82:3300/0,v1:172.21.15.82:6789/0] conn(0x7f71d0109670 msgr2=0x7f71d019ed30 secure :-1 s=STATE_CONNECTION_ESTABLISHED l=1).mark_down
2024-05-08T05:37:37.008 INFO:teuthology.orchestra.run.smithi082.stdout:/usr/bin/ceph: stderr
2024-05-08T05:37:36.357+0000 7f71cfe00700 1 --2- 172.21.15.82:0/3540897700 >> [v2:172.21.15.82:3300/0,v1:172.21.15.82:6789/0] conn(0x7f71d0109670 0x7f71d019ed30 secure :-1 s=READY pgs=60 cs=0 l=1 rev1=1 crypto rx=0x7f71c0004660 tx=0x7f71c0011aa0 comp rx=0 tx=0).stop
2024-05-08T05:37:37.008 INFO:teuthology.orchestra.run.smithi082.stdout:/usr/bin/ceph: stderr
2024-05-08T05:37:36.357+0000 7f71cfe00700 1 -- 172.21.15.82:0/3540897700 shutdown_connections
2024-05-08T05:37:37.009 INFO:teuthology.orchestra.run.smithi082.stdout:/usr/bin/ceph: stderr
2024-05-08T05:37:36.357+0000 7f71cfe00700 1 --2- 172.21.15.82:0/3540897700 >> [v2:172.21.15.82:6800/765895649,v1:172.21.15.82:6801/765895649] conn(0x7f71b403e520 0x7f71b40409e0 unknown :-1 s=CLOSED pgs=0 cs=0 l=1 rev1=0 crypto rx=0 tx=0 comp rx=0 tx=0).stop
2024-05-08T05:37:37.009 INFO:teuthology.orchestra.run.smithi082.stdout:/usr/bin/ceph: stderr
2024-05-08T05:37:36.357+0000 7f71cfe00700 1 --2- 172.21.15.82:0/3540897700 >> [v2:172.21.15.82:3300/0,v1:172.21.15.82:6789/0] conn(0x7f71d0109670 0x7f71d019ed30 unknown :-1 s=CLOSED pgs=60 cs=0 l=1 rev1=1 crypto rx=0 tx=0 comp rx=0 tx=0).stop
2024-05-08T05:37:37.009 INFO:teuthology.orchestra.run.smithi082.stdout:/usr/bin/ceph: stderr
2024-05-08T05:37:36.357+0000 7f71cfe00700 1 -- 172.21.15.82:0/3540897700 >> 172.21.15.82:0/3540897700 conn(0x7f71d01030c0 msgr2=0x7f71d0103b00 unknown :-1 s=STATE_NONE l=0).mark_down
2024-05-08T05:37:37.009 INFO:teuthology.orchestra.run.smithi082.stdout:/usr/bin/ceph: stderr
2024-05-08T05:37:36.358+0000 7f71cfe00700 1 -- 172.21.15.82:0/3540897700 shutdown_connections
2024-05-08T05:37:37.009 INFO:teuthology.orchestra.run.smithi082.stdout:/usr/bin/ceph: stderr
2024-05-08T05:37:36.358+0000 7f71cfe00700 1 -- 172.21.15.82:0/3540897700 wait complete.
2024-05-08T05:37:37.009 INFO:teuthology.orchestra.run.smithi082.stdout:Waiting for the mgr to restart...
2024-05-08T05:37:37.009 INFO:teuthology.orchestra.run.smithi082.stdout:Waiting for mgr epoch 9...
2024-05-08T05:37:37.576 INFO:journalctl@ceph.mgr.x.smithi082.stdout:May 08 05:37:37 smithi082 ceph-c739a5c8-0cfc-11ef-bc97-c7b262605968-mgr-x[30333]:
2024-05-08T05:37:37.494+0000 7f6ece8be200 -1 mgr[py] Module telegraf has missing NOTIFY_TYPES member
2024-05-08T05:37:37.967 INFO:journalctl@ceph.mgr.x.smithi082.stdout:May 08 05:37:37 smithi082 ceph-c739a5c8-0cfc-11ef-bc97-c7b262605968-mgr-x[30333]:
2024-05-08T05:37:37.733+0000 7f6ece8be200 -1 mgr[py] Module osd_support has missing NOTIFY_TYPES member
2024-05-08T05:37:37.968 INFO:journalctl@ceph.mgr.x.smithi082.stdout:May 08 05:37:37 smithi082 ceph-c739a5c8-0cfc-11ef-bc97-c7b262605968-mgr-x[30333]:
2024-05-08T05:37:37.967+0000 7f6ece8be200 -1 mgr[py] Module iostat has missing NOTIFY_TYPES member
2024-05-08T05:37:38.716 INFO:journalctl@ceph.mgr.x.smithi082.stdout:May 08 05:37:38 smithi082 ceph-c739a5c8-0cfc-11ef-bc97-c7b262605968-mgr-x[30333]:
2024-05-08T05:37:38.343+0000 7f6ece8be200 -1 mgr[py] Module alerts has missing NOTIFY_TYPES member
2024-05-08T05:37:38.716 INFO:journalctl@ceph.mgr.x.smithi082.stdout:May 08 05:37:38 smithi082 ceph-c739a5c8-0cfc-11ef-bc97-c7b262605968-mgr-x[30333]:
2024-05-08T05:37:38.465+0000 7f6ece8be200 -1 mgr[py] Module selftest has missing NOTIFY_TYPES member
2024-05-08T05:37:38.966 INFO:journalctl@ceph.mgr.x.smithi082.stdout:May 08 05:37:38 smithi082 ceph-c739a5c8-0cfc-11ef-bc97-c7b262605968-mgr-x[30333]:
2024-05-08T05:37:38.714+0000 7f6ece8be200 -1 mgr[py] Module pg_autoscaler has missing NOTIFY_TYPES member
2024-05-08T05:37:38.966 INFO:journalctl@ceph.mgr.x.smithi082.stdout:May 08 05:37:38 smithi082 ceph-c739a5c8-0cfc-11ef-bc97-c7b262605968-mgr-x[30333]:
2024-05-08T05:37:38.964+0000 7f6ece8be200 -1 mgr[py] Module test_orchestrator has missing NOTIFY_TYPES member
2024-05-08T05:37:40.038 INFO:journalctl@ceph.mgr.x.smithi082.stdout:May 08 05:37:39 smithi082 ceph-c739a5c8-0cfc-11ef-bc97-c7b262605968-mgr-x[30333]:
2024-05-08T05:37:39.750+0000 7f6ece8be200 -1 mgr[py] Module rook has missing NOTIFY_TYPES member
2024-05-08T05:37:40.038 INFO:journalctl@ceph.mgr.x.smithi082.stdout:May 08 05:37:40 smithi082 ceph-c739a5c8-0cfc-11ef-bc97-c7b262605968-mgr-x[30333]:
2024-05-08T05:37:40.036+0000 7f6ece8be200 -1 mgr[py] Module smb has missing NOTIFY_TYPES member
2024-05-08T05:37:40.971 INFO:journalctl@ceph.mgr.x.smithi082.stdout:May 08 05:37:40 smithi082 ceph-c739a5c8-0cfc-11ef-bc97-c7b262605968-mgr-x[30333]:
2024-05-08T05:37:40.582+0000 7f6ece8be200 -1 mgr[py] Module volumes has missing NOTIFY_TYPES member
2024-05-08T05:37:40.971 INFO:journalctl@ceph.mgr.x.smithi082.stdout:May 08 05:37:40 smithi082 ceph-c739a5c8-0cfc-11ef-bc97-c7b262605968-mgr-x[30333]:
2024-05-08T05:37:40.710+0000 7f6ece8be200 -1 mgr[py] Module crash has missing NOTIFY_TYPES member
2024-05-08T05:37:41.470 INFO:journalctl@ceph.mgr.x.smithi082.stdout:May 08 05:37:41 smithi082 ceph-c739a5c8-0cfc-11ef-bc97-c7b262605968-mgr-x[30333]:
2024-05-08T05:37:41.173+0000 7f6ece8be200 -1 mgr[py] Module rgw has missing NOTIFY_TYPES member
2024-05-08T05:37:41.971 INFO:journalctl@ceph.mgr.x.smithi082.stdout:May 08 05:37:41 smithi082 ceph-c739a5c8-0cfc-11ef-bc97-c7b262605968-mgr-x[30333]:
2024-05-08T05:37:41.624+0000 7f6ece8be200 -1 mgr[py] Module prometheus has missing NOTIFY_TYPES member
2024-05-08T05:37:41.971 INFO:journalctl@ceph.mgr.x.smithi082.stdout:May 08 05:37:41 smithi082 ceph-c739a5c8-0cfc-11ef-bc97-c7b262605968-mgr-x[30333]:
2024-05-08T05:37:41.751+0000 7f6ece8be200 -1 mgr[py] Module devicehealth has missing NOTIFY_TYPES member
2024-05-08T05:37:42.380 INFO:journalctl@ceph.mgr.x.smithi082.stdout:May 08 05:37:42 smithi082 ceph-c739a5c8-0cfc-11ef-bc97-c7b262605968-mgr-x[30333]:
2024-05-08T05:37:42.073+0000 7f6ece8be200 -1 mgr[py] Module telemetry has missing NOTIFY_TYPES member
2024-05-08T05:37:42.380 INFO:journalctl@ceph.mgr.x.smithi082.stdout:May 08 05:37:42 smithi082 ceph-c739a5c8-0cfc-11ef-bc97-c7b262605968-mgr-x[30333]:
2024-05-08T05:37:42.252+0000 7f6ece8be200 -1 mgr[py] Module diskprediction_local has missing NOTIFY_TYPES member
2024-05-08T05:37:42.381 INFO:journalctl@ceph.mgr.x.smithi082.stdout:May 08 05:37:42 smithi082 ceph-c739a5c8-0cfc-11ef-bc97-c7b262605968-mgr-x[30333]:
2024-05-08T05:37:42.379+0000 7f6ece8be200 -1 mgr[py] Module osd_perf_query has missing NOTIFY_TYPES member
2024-05-08T05:37:43.220 INFO:journalctl@ceph.mgr.x.smithi082.stdout:May 08 05:37:42 smithi082 ceph-c739a5c8-0cfc-11ef-bc97-c7b262605968-mgr-x[30333]:
2024-05-08T05:37:42.776+0000 7f6ece8be200 -1 mgr[py] Module rbd_support has missing NOTIFY_TYPES member
2024-05-08T05:37:43.220 INFO:journalctl@ceph.mgr.x.smithi082.stdout:May 08 05:37:42 smithi082 ceph-c739a5c8-0cfc-11ef-bc97-c7b262605968-mgr-x[30333]:
