2024-05-08T05:42:37.360+0000 7f9a467fc700 1 -- 172.21.15.3:0/470989622 <== mon.0 v2:172.21.15.3:3300/0 1 ==== mon_map magic: 0 ==== 205+0+0 (secure 0 0 0) 0x7f9a500039e0 con 0x7f9a54108de0
2024-05-08T05:42:38.364 INFO:teuthology.orchestra.run.smithi003.stdout:/usr/bin/ceph: stderr
2024-05-08T05:42:37.360+0000 7f9a5b371700 1 -- 172.21.15.3:0/470989622 --> [v2:172.21.15.3:3300/0,v1:172.21.15.3:6789/0] -- mon_subscribe({mgrmap=0+}) -- 0x7f9a5419d440 con 0x7f9a54108de0
2024-05-08T05:42:38.364 INFO:teuthology.orchestra.run.smithi003.stdout:/usr/bin/ceph: stderr
2024-05-08T05:42:37.360+0000 7f9a467fc700 1 -- 172.21.15.3:0/470989622 <== mon.0 v2:172.21.15.3:3300/0 2 ==== config(26 keys) ==== 1101+0+0 (secure 0 0 0) 0x7f9a5001b8f0 con 0x7f9a54108de0
2024-05-08T05:42:38.364 INFO:teuthology.orchestra.run.smithi003.stdout:/usr/bin/ceph: stderr
2024-05-08T05:42:37.360+0000 7f9a467fc700 1 -- 172.21.15.3:0/470989622 <== mon.0 v2:172.21.15.3:3300/0 3 ==== mon_map magic: 0 ==== 205+0+0 (secure 0 0 0) 0x7f9a50019770 con 0x7f9a54108de0
2024-05-08T05:42:38.364 INFO:teuthology.orchestra.run.smithi003.stdout:/usr/bin/ceph: stderr
2024-05-08T05:42:37.360+0000 7f9a5b371700 1 -- 172.21.15.3:0/470989622 --> [v2:172.21.15.3:3300/0,v1:172.21.15.3:6789/0] -- mon_subscribe({osdmap=0}) -- 0x7f9a541a0130 con 0x7f9a54108de0
2024-05-08T05:42:38.364 INFO:teuthology.orchestra.run.smithi003.stdout:/usr/bin/ceph: stderr
2024-05-08T05:42:37.362+0000 7f9a467fc700 1 -- 172.21.15.3:0/470989622 <== mon.0 v2:172.21.15.3:3300/0 4 ==== mgrmap(e 12) ==== 50235+0+0 (secure 0 0 0) 0x7f9a50019a70 con 0x7f9a54108de0
2024-05-08T05:42:38.364 INFO:teuthology.orchestra.run.smithi003.stdout:/usr/bin/ceph: stderr
2024-05-08T05:42:37.362+0000 7f9a5b371700 1 -- 172.21.15.3:0/470989622 --> [v2:172.21.15.3:3300/0,v1:172.21.15.3:6789/0] -- mon_command({"prefix": "get_command_descriptions"} v 0) -- 0x7f9a54064b00 con 0x7f9a54108de0
2024-05-08T05:42:38.364 INFO:teuthology.orchestra.run.smithi003.stdout:/usr/bin/ceph: stderr
2024-05-08T05:42:37.362+0000 7f9a467fc700 1 --2- 172.21.15.3:0/470989622 >> [v2:172.21.15.3:6800/2793699832,v1:172.21.15.3:6801/2793699832] conn(0x7f9a4003e4c0 0x7f9a40040980 unknown :-1 s=NONE pgs=0 cs=0 l=1 rev1=0 crypto rx=0 tx=0 comp rx=0 tx=0).connect
2024-05-08T05:42:38.364 INFO:teuthology.orchestra.run.smithi003.stdout:/usr/bin/ceph: stderr
2024-05-08T05:42:37.362+0000 7f9a467fc700 1 -- 172.21.15.3:0/470989622 <== mon.0 v2:172.21.15.3:3300/0 5 ==== osd_map(3..3 src has 1..3) ==== 1155+0+0 (secure 0 0 0) 0x7f9a50053fd0 con 0x7f9a54108de0
2024-05-08T05:42:38.364 INFO:teuthology.orchestra.run.smithi003.stdout:/usr/bin/ceph: stderr
2024-05-08T05:42:37.362+0000 7f9a5890c700 1 --2- 172.21.15.3:0/470989622 >> [v2:172.21.15.3:6800/2793699832,v1:172.21.15.3:6801/2793699832] conn(0x7f9a4003e4c0 0x7f9a40040980 unknown :-1 s=BANNER_CONNECTING pgs=0 cs=0 l=1 rev1=0 crypto rx=0 tx=0 comp rx=0 tx=0)._handle_peer_banner_payload supported=3 required=0
2024-05-08T05:42:38.365 INFO:teuthology.orchestra.run.smithi003.stdout:/usr/bin/ceph: stderr
2024-05-08T05:42:37.363+0000 7f9a5890c700 1 --2- 172.21.15.3:0/470989622 >> [v2:172.21.15.3:6800/2793699832,v1:172.21.15.3:6801/2793699832] conn(0x7f9a4003e4c0 0x7f9a40040980 secure :-1 s=READY pgs=8 cs=0 l=1 rev1=1 crypto rx=0x7f9a48006fd0 tx=0x7f9a48006e40 comp rx=0 tx=0).ready entity=mgr.14150 client_cookie=0 server_cookie=0 in_seq=0 out_seq=0
2024-05-08T05:42:38.365 INFO:teuthology.orchestra.run.smithi003.stdout:/usr/bin/ceph: stderr
2024-05-08T05:42:37.367+0000 7f9a467fc700 1 -- 172.21.15.3:0/470989622 <== mon.0 v2:172.21.15.3:3300/0 6 ==== mon_command_ack([{"prefix": "get_command_descriptions"}]=0 v0) ==== 72+0+191963 (secure 0 0 0) 0x7f9a5001f030 con 0x7f9a54108de0
2024-05-08T05:42:38.365 INFO:teuthology.orchestra.run.smithi003.stdout:/usr/bin/ceph: stderr
2024-05-08T05:42:37.604+0000 7f9a5b371700 1 -- 172.21.15.3:0/470989622 --> [v2:172.21.15.3:6800/2793699832,v1:172.21.15.3:6801/2793699832] -- mgr_command(tid 0: {"prefix": "dashboard ac-user-create", "username": "admin", "rolename": "administrator", "force_password": true, "pwd_update_required": true, "target": ["mon-mgr", ""]}) -- 0x7f9a541a0300 con 0x7f9a4003e4c0
2024-05-08T05:42:38.365 INFO:teuthology.orchestra.run.smithi003.stdout:/usr/bin/ceph: stderr
2024-05-08T05:42:37.851+0000 7f9a467fc700 1 -- 172.21.15.3:0/470989622 <== mgr.14150 v2:172.21.15.3:6800/2793699832 1 ==== mgr_command_reply(tid 0: 0 ) ==== 8+0+252 (secure 0 0 0) 0x7f9a541a0300 con 0x7f9a4003e4c0
2024-05-08T05:42:38.365 INFO:teuthology.orchestra.run.smithi003.stdout:/usr/bin/ceph: stderr
2024-05-08T05:42:37.853+0000 7f9a5b371700 1 -- 172.21.15.3:0/470989622 >> [v2:172.21.15.3:6800/2793699832,v1:172.21.15.3:6801/2793699832] conn(0x7f9a4003e4c0 msgr2=0x7f9a40040980 secure :-1 s=STATE_CONNECTION_ESTABLISHED l=1).mark_down
2024-05-08T05:42:38.365 INFO:teuthology.orchestra.run.smithi003.stdout:/usr/bin/ceph: stderr
2024-05-08T05:42:37.853+0000 7f9a5b371700 1 --2- 172.21.15.3:0/470989622 >> [v2:172.21.15.3:6800/2793699832,v1:172.21.15.3:6801/2793699832] conn(0x7f9a4003e4c0 0x7f9a40040980 secure :-1 s=READY pgs=8 cs=0 l=1 rev1=1 crypto rx=0x7f9a48006fd0 tx=0x7f9a48006e40 comp rx=0 tx=0).stop
2024-05-08T05:42:38.365 INFO:teuthology.orchestra.run.smithi003.stdout:/usr/bin/ceph: stderr
2024-05-08T05:42:37.853+0000 7f9a5b371700 1 -- 172.21.15.3:0/470989622 >> [v2:172.21.15.3:3300/0,v1:172.21.15.3:6789/0] conn(0x7f9a54108de0 msgr2=0x7f9a5419cc70 secure :-1 s=STATE_CONNECTION_ESTABLISHED l=1).mark_down
2024-05-08T05:42:38.365 INFO:teuthology.orchestra.run.smithi003.stdout:/usr/bin/ceph: stderr
2024-05-08T05:42:37.853+0000 7f9a5b371700 1 --2- 172.21.15.3:0/470989622 >> [v2:172.21.15.3:3300/0,v1:172.21.15.3:6789/0] conn(0x7f9a54108de0 0x7f9a5419cc70 secure :-1 s=READY pgs=71 cs=0 l=1 rev1=1 crypto rx=0x7f9a50009520 tx=0x7f9a50011aa0 comp rx=0 tx=0).stop
2024-05-08T05:42:38.365 INFO:teuthology.orchestra.run.smithi003.stdout:/usr/bin/ceph: stderr
2024-05-08T05:42:37.854+0000 7f9a5b371700 1 -- 172.21.15.3:0/470989622 shutdown_connections
2024-05-08T05:42:38.365 INFO:teuthology.orchestra.run.smithi003.stdout:/usr/bin/ceph: stderr
2024-05-08T05:42:37.854+0000 7f9a5b371700 1 --2- 172.21.15.3:0/470989622 >> [v2:172.21.15.3:6800/2793699832,v1:172.21.15.3:6801/2793699832] conn(0x7f9a4003e4c0 0x7f9a40040980 unknown :-1 s=CLOSED pgs=8 cs=0 l=1 rev1=1 crypto rx=0 tx=0 comp rx=0 tx=0).stop
2024-05-08T05:42:38.365 INFO:teuthology.orchestra.run.smithi003.stdout:/usr/bin/ceph: stderr
2024-05-08T05:42:37.854+0000 7f9a5b371700 1 --2- 172.21.15.3:0/470989622 >> [v2:172.21.15.3:3300/0,v1:172.21.15.3:6789/0] conn(0x7f9a54108de0 0x7f9a5419cc70 unknown :-1 s=CLOSED pgs=71 cs=0 l=1 rev1=1 crypto rx=0 tx=0 comp rx=0 tx=0).stop
2024-05-08T05:42:38.365 INFO:teuthology.orchestra.run.smithi003.stdout:/usr/bin/ceph: stderr
2024-05-08T05:42:37.854+0000 7f9a5b371700 1 -- 172.21.15.3:0/470989622 >> 172.21.15.3:0/470989622 conn(0x7f9a541043a0 msgr2=0x7f9a54104d70 unknown :-1 s=STATE_NONE l=0).mark_down
2024-05-08T05:42:38.365 INFO:teuthology.orchestra.run.smithi003.stdout:/usr/bin/ceph: stderr
2024-05-08T05:42:37.854+0000 7f9a5b371700 1 -- 172.21.15.3:0/470989622 shutdown_connections
2024-05-08T05:42:38.365 INFO:teuthology.orchestra.run.smithi003.stdout:/usr/bin/ceph: stderr
2024-05-08T05:42:37.854+0000 7f9a5b371700 1 -- 172.21.15.3:0/470989622 wait complete.
2024-05-08T05:42:38.366 INFO:teuthology.orchestra.run.smithi003.stdout:Fetching dashboard port number...
2024-05-08T05:42:38.707 INFO:journalctl@ceph.mon.a.smithi003.stdout:May 08 05:42:38 smithi003 ceph-mon[30137]: from='mgr.14150 172.21.15.3:0/614269260' entity='mgr.x'
2024-05-08T05:42:38.707 INFO:journalctl@ceph.mon.a.smithi003.stdout:May 08 05:42:38 smithi003 ceph-mon[30137]: from='client.14164 -' entity='client.admin' cmd=[{"prefix": "dashboard ac-user-create", "username": "admin", "rolename": "administrator", "force_password": true, "pwd_update_required": true, "target": ["mon-mgr", ""]}]: dispatch
2024-05-08T05:42:38.707 INFO:journalctl@ceph.mon.a.smithi003.stdout:May 08 05:42:38 smithi003 ceph-mon[30137]: from='mgr.14150 172.21.15.3:0/614269260' entity='mgr.x'
2024-05-08T05:42:39.638 INFO:journalctl@ceph.mon.a.smithi003.stdout:May 08 05:42:39 smithi003 ceph-mon[30137]: from='client.? 172.21.15.3:0/99728693' entity='client.admin' cmd=[{"prefix": "config get", "who": "mgr", "key": "mgr/dashboard/ssl_server_port"}]: dispatch
2024-05-08T05:42:39.645 INFO:teuthology.orchestra.run.smithi003.stdout:/usr/bin/ceph: stdout 8443
2024-05-08T05:42:39.646 INFO:teuthology.orchestra.run.smithi003.stdout:/usr/bin/ceph: stderr
2024-05-08T05:42:38.814+0000 7fc77707d700 1 Processor -- start
2024-05-08T05:42:39.646 INFO:teuthology.orchestra.run.smithi003.stdout:/usr/bin/ceph: stderr
2024-05-08T05:42:38.814+0000 7fc77707d700 1 -- start start
2024-05-08T05:42:39.646 INFO:teuthology.orchestra.run.smithi003.stdout:/usr/bin/ceph: stderr
2024-05-08T05:42:38.815+0000 7fc77707d700 1 --2- >> [v2:172.21.15.3:3300/0,v1:172.21.15.3:6789/0] conn(0x7fc770108dc0 0x7fc7701091e0 unknown :-1 s=NONE pgs=0 cs=0 l=0 rev1=0 crypto rx=0 tx=0 comp rx=0 tx=0).connect
2024-05-08T05:42:39.646 INFO:teuthology.orchestra.run.smithi003.stdout:/usr/bin/ceph: stderr
2024-05-08T05:42:38.815+0000 7fc77707d700 1 -- --> [v2:172.21.15.3:3300/0,v1:172.21.15.3:6789/0] -- mon_getmap magic: 0 -- 0x7fc7701097b0 con 0x7fc770108dc0
2024-05-08T05:42:39.646 INFO:teuthology.orchestra.run.smithi003.stdout:/usr/bin/ceph: stderr
2024-05-08T05:42:38.815+0000 7fc774e19700 1 --2- >> [v2:172.21.15.3:3300/0,v1:172.21.15.3:6789/0] conn(0x7fc770108dc0 0x7fc7701091e0 unknown :-1 s=BANNER_CONNECTING pgs=0 cs=0 l=0 rev1=0 crypto rx=0 tx=0 comp rx=0 tx=0)._handle_peer_banner_payload supported=3 required=0
2024-05-08T05:42:39.646 INFO:teuthology.orchestra.run.smithi003.stdout:/usr/bin/ceph: stderr
2024-05-08T05:42:38.815+0000 7fc774e19700 1 --2- >> [v2:172.21.15.3:3300/0,v1:172.21.15.3:6789/0] conn(0x7fc770108dc0 0x7fc7701091e0 unknown :-1 s=HELLO_CONNECTING pgs=0 cs=0 l=0 rev1=1 crypto rx=0 tx=0 comp rx=0 tx=0).handle_hello peer v2:172.21.15.3:3300/0 says I am v2:172.21.15.3:36686/0 (socket says 172.21.15.3:36686)
2024-05-08T05:42:39.646 INFO:teuthology.orchestra.run.smithi003.stdout:/usr/bin/ceph: stderr
2024-05-08T05:42:38.815+0000 7fc774e19700 1 -- 172.21.15.3:0/121565191 learned_addr learned my addr 172.21.15.3:0/121565191 (peer_addr_for_me v2:172.21.15.3:0/0)
2024-05-08T05:42:39.646 INFO:teuthology.orchestra.run.smithi003.stdout:/usr/bin/ceph: stderr
2024-05-08T05:42:38.815+0000 7fc774e19700 1 -- 172.21.15.3:0/121565191 --> [v2:172.21.15.3:3300/0,v1:172.21.15.3:6789/0] -- mon_subscribe({config=0+,monmap=0+}) -- 0x7fc770109fc0 con 0x7fc770108dc0
2024-05-08T05:42:39.646 INFO:teuthology.orchestra.run.smithi003.stdout:/usr/bin/ceph: stderr
2024-05-08T05:42:38.815+0000 7fc774e19700 1 --2- 172.21.15.3:0/121565191 >> [v2:172.21.15.3:3300/0,v1:172.21.15.3:6789/0] conn(0x7fc770108dc0 0x7fc7701091e0 secure :-1 s=READY pgs=72 cs=0 l=1 rev1=1 crypto rx=0x7fc7640098a0 tx=0x7fc764009bb0 comp rx=0 tx=0).ready entity=mon.0 client_cookie=ce202cae0c2d5838 server_cookie=0 in_seq=0 out_seq=0
2024-05-08T05:42:39.646 INFO:teuthology.orchestra.run.smithi003.stdout:/usr/bin/ceph: stderr
2024-05-08T05:42:38.815+0000 7fc76f7fe700 1 -- 172.21.15.3:0/121565191 <== mon.0 v2:172.21.15.3:3300/0 1 ==== mon_map magic: 0 ==== 205+0+0 (secure 0 0 0) 0x7fc764004160 con 0x7fc770108dc0
2024-05-08T05:42:39.646 INFO:teuthology.orchestra.run.smithi003.stdout:/usr/bin/ceph: stderr
2024-05-08T05:42:38.816+0000 7fc76f7fe700 1 -- 172.21.15.3:0/121565191 <== mon.0 v2:172.21.15.3:3300/0 2 ==== config(26 keys) ==== 1101+0+0 (secure 0 0 0) 0x7fc764004300 con 0x7fc770108dc0
2024-05-08T05:42:39.646 INFO:teuthology.orchestra.run.smithi003.stdout:/usr/bin/ceph: stderr
2024-05-08T05:42:38.816+0000 7fc76f7fe700 1 -- 172.21.15.3:0/121565191 <== mon.0 v2:172.21.15.3:3300/0 3 ==== mon_map magic: 0 ==== 205+0+0 (secure 0 0 0) 0x7fc764011a20 con 0x7fc770108dc0
2024-05-08T05:42:39.647 INFO:teuthology.orchestra.run.smithi003.stdout:/usr/bin/ceph: stderr
2024-05-08T05:42:38.816+0000 7fc77707d700 1 -- 172.21.15.3:0/121565191 >> [v2:172.21.15.3:3300/0,v1:172.21.15.3:6789/0] conn(0x7fc770108dc0 msgr2=0x7fc7701091e0 secure :-1 s=STATE_CONNECTION_ESTABLISHED l=1).mark_down
2024-05-08T05:42:39.647 INFO:teuthology.orchestra.run.smithi003.stdout:/usr/bin/ceph: stderr
2024-05-08T05:42:38.816+0000 7fc77707d700 1 --2- 172.21.15.3:0/121565191 >> [v2:172.21.15.3:3300/0,v1:172.21.15.3:6789/0] conn(0x7fc770108dc0 0x7fc7701091e0 secure :-1 s=READY pgs=72 cs=0 l=1 rev1=1 crypto rx=0x7fc7640098a0 tx=0x7fc764009bb0 comp rx=0 tx=0).stop
2024-05-08T05:42:39.647 INFO:teuthology.orchestra.run.smithi003.stdout:/usr/bin/ceph: stderr
2024-05-08T05:42:38.816+0000 7fc77707d700 1 -- 172.21.15.3:0/121565191 shutdown_connections
2024-05-08T05:42:39.647 INFO:teuthology.orchestra.run.smithi003.stdout:/usr/bin/ceph: stderr
2024-05-08T05:42:38.816+0000 7fc77707d700 1 --2- 172.21.15.3:0/121565191 >> [v2:172.21.15.3:3300/0,v1:172.21.15.3:6789/0] conn(0x7fc770108dc0 0x7fc7701091e0 unknown :-1 s=CLOSED pgs=72 cs=0 l=1 rev1=1 crypto rx=0 tx=0 comp rx=0 tx=0).stop
2024-05-08T05:42:39.647 INFO:teuthology.orchestra.run.smithi003.stdout:/usr/bin/ceph: stderr
2024-05-08T05:42:38.816+0000 7fc77707d700 1 -- 172.21.15.3:0/121565191 >> 172.21.15.3:0/121565191 conn(0x7fc7701043a0 msgr2=0x7fc7701067c0 unknown :-1 s=STATE_NONE l=0).mark_down
2024-05-08T05:42:39.647 INFO:teuthology.orchestra.run.smithi003.stdout:/usr/bin/ceph: stderr
2024-05-08T05:42:38.816+0000 7fc77707d700 1 -- 172.21.15.3:0/121565191 shutdown_connections
2024-05-08T05:42:39.647 INFO:teuthology.orchestra.run.smithi003.stdout:/usr/bin/ceph: stderr
2024-05-08T05:42:38.816+0000 7fc77707d700 1 -- 172.21.15.3:0/121565191 wait complete.
2024-05-08T05:42:39.647 INFO:teuthology.orchestra.run.smithi003.stdout:/usr/bin/ceph: stderr
2024-05-08T05:42:38.817+0000 7fc77707d700 1 Processor -- start
2024-05-08T05:42:39.647 INFO:teuthology.orchestra.run.smithi003.stdout:/usr/bin/ceph: stderr
2024-05-08T05:42:38.817+0000 7fc77707d700 1 -- start start
2024-05-08T05:42:39.647 INFO:teuthology.orchestra.run.smithi003.stdout:/usr/bin/ceph: stderr
2024-05-08T05:42:38.817+0000 7fc77707d700 1 --2- >> [v2:172.21.15.3:3300/0,v1:172.21.15.3:6789/0] conn(0x7fc770108dc0 0x7fc77019cd90 unknown :-1 s=NONE pgs=0 cs=0 l=1 rev1=0 crypto rx=0 tx=0 comp rx=0 tx=0).connect
2024-05-08T05:42:39.647 INFO:teuthology.orchestra.run.smithi003.stdout:/usr/bin/ceph: stderr
2024-05-08T05:42:38.818+0000 7fc77707d700 1 -- --> [v2:172.21.15.3:3300/0,v1:172.21.15.3:6789/0] -- mon_getmap magic: 0 -- 0x7fc77010d370 con 0x7fc770108dc0
2024-05-08T05:42:39.647 INFO:teuthology.orchestra.run.smithi003.stdout:/usr/bin/ceph: stderr
2024-05-08T05:42:38.818+0000 7fc774e19700 1 --2- >> [v2:172.21.15.3:3300/0,v1:172.21.15.3:6789/0] conn(0x7fc770108dc0 0x7fc77019cd90 unknown :-1 s=BANNER_CONNECTING pgs=0 cs=0 l=1 rev1=0 crypto rx=0 tx=0 comp rx=0 tx=0)._handle_peer_banner_payload supported=3 required=0
2024-05-08T05:42:39.647 INFO:teuthology.orchestra.run.smithi003.stdout:/usr/bin/ceph: stderr
2024-05-08T05:42:38.818+0000 7fc774e19700 1 --2- >> [v2:172.21.15.3:3300/0,v1:172.21.15.3:6789/0] conn(0x7fc770108dc0 0x7fc77019cd90 unknown :-1 s=HELLO_CONNECTING pgs=0 cs=0 l=1 rev1=1 crypto rx=0 tx=0 comp rx=0 tx=0).handle_hello peer v2:172.21.15.3:3300/0 says I am v2:172.21.15.3:36704/0 (socket says 172.21.15.3:36704)
2024-05-08T05:42:39.647 INFO:teuthology.orchestra.run.smithi003.stdout:/usr/bin/ceph: stderr
2024-05-08T05:42:38.818+0000 7fc774e19700 1 -- 172.21.15.3:0/99728693 learned_addr learned my addr 172.21.15.3:0/99728693 (peer_addr_for_me v2:172.21.15.3:0/0)
2024-05-08T05:42:39.647 INFO:teuthology.orchestra.run.smithi003.stdout:/usr/bin/ceph: stderr
2024-05-08T05:42:38.818+0000 7fc774e19700 1 -- 172.21.15.3:0/99728693 --> [v2:172.21.15.3:3300/0,v1:172.21.15.3:6789/0] -- mon_subscribe({config=0+,monmap=0+}) -- 0x7fc77019d2d0 con 0x7fc770108dc0
2024-05-08T05:42:39.647 INFO:teuthology.orchestra.run.smithi003.stdout:/usr/bin/ceph: stderr
2024-05-08T05:42:38.818+0000 7fc774e19700 1 --2- 172.21.15.3:0/99728693 >> [v2:172.21.15.3:3300/0,v1:172.21.15.3:6789/0] conn(0x7fc770108dc0 0x7fc77019cd90 secure :-1 s=READY pgs=73 cs=0 l=1 rev1=1 crypto rx=0x7fc764000c00 tx=0x7fc764011aa0 comp rx=0 tx=0).ready entity=mon.0 client_cookie=0 server_cookie=0 in_seq=0 out_seq=0
2024-05-08T05:42:39.648 INFO:teuthology.orchestra.run.smithi003.stdout:/usr/bin/ceph: stderr
2024-05-08T05:42:38.818+0000 7fc76dffb700 1 -- 172.21.15.3:0/99728693 <== mon.0 v2:172.21.15.3:3300/0 1 ==== mon_map magic: 0 ==== 205+0+0 (secure 0 0 0) 0x7fc764003aa0 con 0x7fc770108dc0
2024-05-08T05:42:39.648 INFO:teuthology.orchestra.run.smithi003.stdout:/usr/bin/ceph: stderr
2024-05-08T05:42:38.818+0000 7fc76dffb700 1 -- 172.21.15.3:0/99728693 <== mon.0 v2:172.21.15.3:3300/0 2 ==== config(26 keys) ==== 1101+0+0 (secure 0 0 0) 0x7fc76401b8f0 con 0x7fc770108dc0
2024-05-08T05:42:39.648 INFO:teuthology.orchestra.run.smithi003.stdout:/usr/bin/ceph: stderr
2024-05-08T05:42:38.818+0000 7fc77707d700 1 -- 172.21.15.3:0/99728693 --> [v2:172.21.15.3:3300/0,v1:172.21.15.3:6789/0] -- mon_subscribe({mgrmap=0+}) -- 0x7fc77019d560 con 0x7fc770108dc0
2024-05-08T05:42:39.648 INFO:teuthology.orchestra.run.smithi003.stdout:/usr/bin/ceph: stderr
2024-05-08T05:42:38.818+0000 7fc76dffb700 1 -- 172.21.15.3:0/99728693 <== mon.0 v2:172.21.15.3:3300/0 3 ==== mon_map magic: 0 ==== 205+0+0 (secure 0 0 0) 0x7fc764023890 con 0x7fc770108dc0
2024-05-08T05:42:39.648 INFO:teuthology.orchestra.run.smithi003.stdout:/usr/bin/ceph: stderr
2024-05-08T05:42:38.819+0000 7fc77707d700 1 -- 172.21.15.3:0/99728693 --> [v2:172.21.15.3:3300/0,v1:172.21.15.3:6789/0] -- mon_subscribe({osdmap=0}) -- 0x7fc7701a0210 con 0x7fc770108dc0
2024-05-08T05:42:39.648 INFO:teuthology.orchestra.run.smithi003.stdout:/usr/bin/ceph: stderr
2024-05-08T05:42:38.820+0000 7fc76dffb700 1 -- 172.21.15.3:0/99728693 <== mon.0 v2:172.21.15.3:3300/0 4 ==== mgrmap(e 12) ==== 50235+0+0 (secure 0 0 0) 0x7fc76402c3f0 con 0x7fc770108dc0
2024-05-08T05:42:39.648 INFO:teuthology.orchestra.run.smithi003.stdout:/usr/bin/ceph: stderr
2024-05-08T05:42:38.820+0000 7fc77707d700 1 -- 172.21.15.3:0/99728693 --> [v2:172.21.15.3:3300/0,v1:172.21.15.3:6789/0] -- mon_command({"prefix": "get_command_descriptions"} v 0) -- 0x7fc770064b00 con 0x7fc770108dc0
2024-05-08T05:42:39.648 INFO:teuthology.orchestra.run.smithi003.stdout:/usr/bin/ceph: stderr
2024-05-08T05:42:38.820+0000 7fc76dffb700 1 --2- 172.21.15.3:0/99728693 >> [v2:172.21.15.3:6800/2793699832,v1:172.21.15.3:6801/2793699832] conn(0x7fc76003e4c0 0x7fc760040980 unknown :-1 s=NONE pgs=0 cs=0 l=1 rev1=0 crypto rx=0 tx=0 comp rx=0 tx=0).connect
2024-05-08T05:42:39.648 INFO:teuthology.orchestra.run.smithi003.stdout:/usr/bin/ceph: stderr
2024-05-08T05:42:38.820+0000 7fc76dffb700 1 -- 172.21.15.3:0/99728693 <== mon.0 v2:172.21.15.3:3300/0 5 ==== osd_map(3..3 src has 1..3) ==== 1155+0+0 (secure 0 0 0) 0x7fc764053f50 con 0x7fc770108dc0
2024-05-08T05:42:39.648 INFO:teuthology.orchestra.run.smithi003.stdout:/usr/bin/ceph: stderr
2024-05-08T05:42:38.820+0000 7fc76ffff700 1 --2- 172.21.15.3:0/99728693 >> [v2:172.21.15.3:6800/2793699832,v1:172.21.15.3:6801/2793699832] conn(0x7fc76003e4c0 0x7fc760040980 unknown :-1 s=BANNER_CONNECTING pgs=0 cs=0 l=1 rev1=0 crypto rx=0 tx=0 comp rx=0 tx=0)._handle_peer_banner_payload supported=3 required=0
2024-05-08T05:42:39.648 INFO:teuthology.orchestra.run.smithi003.stdout:/usr/bin/ceph: stderr
2024-05-08T05:42:38.820+0000 7fc76ffff700 1 --2- 172.21.15.3:0/99728693 >> [v2:172.21.15.3:6800/2793699832,v1:172.21.15.3:6801/2793699832] conn(0x7fc76003e4c0 0x7fc760040980 secure :-1 s=READY pgs=9 cs=0 l=1 rev1=1 crypto rx=0x7fc75c006fd0 tx=0x7fc75c006e40 comp rx=0 tx=0).ready entity=mgr.14150 client_cookie=0 server_cookie=0 in_seq=0 out_seq=0
2024-05-08T05:42:39.648 INFO:teuthology.orchestra.run.smithi003.stdout:/usr/bin/ceph: stderr
2024-05-08T05:42:38.825+0000 7fc76dffb700 1 -- 172.21.15.3:0/99728693 <== mon.0 v2:172.21.15.3:3300/0 6 ==== mon_command_ack([{"prefix": "get_command_descriptions"}]=0 v0) ==== 72+0+191963 (secure 0 0 0) 0x7fc76401f030 con 0x7fc770108dc0
2024-05-08T05:42:39.649 INFO:teuthology.orchestra.run.smithi003.stdout:/usr/bin/ceph: stderr
2024-05-08T05:42:39.050+0000 7fc77707d700 1 -- 172.21.15.3:0/99728693 --> [v2:172.21.15.3:3300/0,v1:172.21.15.3:6789/0] -- mon_command({"prefix": "config get", "who": "mgr", "key": "mgr/dashboard/ssl_server_port"} v 0) -- 0x7fc7701a0890 con 0x7fc770108dc0
2024-05-08T05:42:39.649 INFO:teuthology.orchestra.run.smithi003.stdout:/usr/bin/ceph: stderr
2024-05-08T05:42:39.051+0000 7fc76dffb700 1 -- 172.21.15.3:0/99728693 <== mon.0 v2:172.21.15.3:3300/0 7 ==== mon_command_ack([{"prefix": "config get", "who": "mgr", "key": "mgr/dashboard/ssl_server_port"}]=0 v8) ==== 112+0+5 (secure 0 0 0) 0x7fc76400f2e0 con 0x7fc770108dc0
2024-05-08T05:42:39.649 INFO:teuthology.orchestra.run.smithi003.stdout:/usr/bin/ceph: stderr
2024-05-08T05:42:39.053+0000 7fc77707d700 1 -- 172.21.15.3:0/99728693 >> [v2:172.21.15.3:6800/2793699832,v1:172.21.15.3:6801/2793699832] conn(0x7fc76003e4c0 msgr2=0x7fc760040980 secure :-1 s=STATE_CONNECTION_ESTABLISHED l=1).mark_down
2024-05-08T05:42:39.649 INFO:teuthology.orchestra.run.smithi003.stdout:/usr/bin/ceph: stderr
2024-05-08T05:42:39.053+0000 7fc77707d700 1 --2- 172.21.15.3:0/99728693 >> [v2:172.21.15.3:6800/2793699832,v1:172.21.15.3:6801/2793699832] conn(0x7fc76003e4c0 0x7fc760040980 secure :-1 s=READY pgs=9 cs=0 l=1 rev1=1 crypto rx=0x7fc75c006fd0 tx=0x7fc75c006e40 comp rx=0 tx=0).stop
2024-05-08T05:42:39.649 INFO:teuthology.orchestra.run.smithi003.stdout:/usr/bin/ceph: stderr
2024-05-08T05:42:39.053+0000 7fc77707d700 1 -- 172.21.15.3:0/99728693 >> [v2:172.21.15.3:3300/0,v1:172.21.15.3:6789/0] conn(0x7fc770108dc0 msgr2=0x7fc77019cd90 secure :-1 s=STATE_CONNECTION_ESTABLISHED l=1).mark_down
2024-05-08T05:42:39.649 INFO:teuthology.orchestra.run.smithi003.stdout:/usr/bin/ceph: stderr
2024-05-08T05:42:39.053+0000 7fc77707d700 1 --2- 172.21.15.3:0/99728693 >> [v2:172.21.15.3:3300/0,v1:172.21.15.3:6789/0] conn(0x7fc770108dc0 0x7fc77019cd90 secure :-1 s=READY pgs=73 cs=0 l=1 rev1=1 crypto rx=0x7fc764000c00 tx=0x7fc764011aa0 comp rx=0 tx=0).stop
2024-05-08T05:42:39.649 INFO:teuthology.orchestra.run.smithi003.stdout:/usr/bin/ceph: stderr
2024-05-08T05:42:39.053+0000 7fc77707d700 1 -- 172.21.15.3:0/99728693 shutdown_connections
2024-05-08T05:42:39.649 INFO:teuthology.orchestra.run.smithi003.stdout:/usr/bin/ceph: stderr
2024-05-08T05:42:39.053+0000 7fc77707d700 1 --2- 172.21.15.3:0/99728693 >> [v2:172.21.15.3:6800/2793699832,v1:172.21.15.3:6801/2793699832] conn(0x7fc76003e4c0 0x7fc760040980 unknown :-1 s=CLOSED pgs=9 cs=0 l=1 rev1=1 crypto rx=0 tx=0 comp rx=0 tx=0).stop
2024-05-08T05:42:39.649 INFO:teuthology.orchestra.run.smithi003.stdout:/usr/bin/ceph: stderr
2024-05-08T05:42:39.053+0000 7fc77707d700 1 --2- 172.21.15.3:0/99728693 >> [v2:172.21.15.3:3300/0,v1:172.21.15.3:6789/0] conn(0x7fc770108dc0 0x7fc77019cd90 unknown :-1 s=CLOSED pgs=73 cs=0 l=1 rev1=1 crypto rx=0 tx=0 comp rx=0 tx=0).stop
2024-05-08T05:42:39.649 INFO:teuthology.orchestra.run.smithi003.stdout:/usr/bin/ceph: stderr
2024-05-08T05:42:39.053+0000 7fc77707d700 1 -- 172.21.15.3:0/99728693 >> 172.21.15.3:0/99728693 conn(0x7fc7701043a0 msgr2=0x7fc770104e90 unknown :-1 s=STATE_NONE l=0).mark_down
2024-05-08T05:42:39.649 INFO:teuthology.orchestra.run.smithi003.stdout:/usr/bin/ceph: stderr
2024-05-08T05:42:39.053+0000 7fc77707d700 1 -- 172.21.15.3:0/99728693 shutdown_connections
2024-05-08T05:42:39.650 INFO:teuthology.orchestra.run.smithi003.stdout:/usr/bin/ceph: stderr
2024-05-08T05:42:39.053+0000 7fc77707d700 1 -- 172.21.15.3:0/99728693 wait complete.
2024-05-08T05:42:39.653 INFO:teuthology.orchestra.run.smithi003.stdout:Non-zero exit code 1 from systemctl is-enabled firewalld.service
2024-05-08T05:42:39.653 INFO:teuthology.orchestra.run.smithi003.stdout:systemctl: stdout disabled
2024-05-08T05:42:39.661 INFO:teuthology.orchestra.run.smithi003.stdout:Non-zero exit code 3 from systemctl is-active firewalld.service
2024-05-08T05:42:39.661 INFO:teuthology.orchestra.run.smithi003.stdout:systemctl: stdout inactive
2024-05-08T05:42:39.661 INFO:teuthology.orchestra.run.smithi003.stdout:firewalld.service is not enabled
2024-05-08T05:42:39.661 INFO:teuthology.orchestra.run.smithi003.stdout:Not possible to open ports <[8443]>. firewalld.service is not available
2024-05-08T05:42:39.662 INFO:teuthology.orchestra.run.smithi003.stdout:Ceph Dashboard is now available at:
2024-05-08T05:42:39.662 INFO:teuthology.orchestra.run.smithi003.stdout:
2024-05-08T05:42:39.663 INFO:teuthology.orchestra.run.smithi003.stdout: URL: https://smithi003.front.sepia.ceph.com:8443/
2024-05-08T05:42:39.663 INFO:teuthology.orchestra.run.smithi003.stdout: User: admin
2024-05-08T05:42:39.663 INFO:teuthology.orchestra.run.smithi003.stdout: Password: 2jj5gj3f8s
2024-05-08T05:42:39.663 INFO:teuthology.orchestra.run.smithi003.stdout:
2024-05-08T05:42:39.663 INFO:teuthology.orchestra.run.smithi003.stdout:Saving cluster configuration to /var/lib/ceph/708b9316-0cfd-11ef-bc97-c7b262605968/config directory
2024-05-08T05:42:39.663 INFO:teuthology.orchestra.run.smithi003.stdout:Enabling autotune for osd_memory_target
2024-05-08T05:42:40.643 INFO:journalctl@ceph.mon.a.smithi003.stdout:May 08 05:42:40 smithi003 ceph-mon[30137]: mgrmap e13: x(active, since 6s)
2024-05-08T05:42:41.631 INFO:teuthology.orchestra.run.smithi003.stdout:/usr/bin/ceph: stderr
2024-05-08T05:42:40.860+0000 7f811b3c1700 1 Processor -- start
2024-05-08T05:42:41.632 INFO:teuthology.orchestra.run.smithi003.stdout:/usr/bin/ceph: stderr
2024-05-08T05:42:40.860+0000 7f811b3c1700 1 -- start start
2024-05-08T05:42:41.632 INFO:teuthology.orchestra.run.smithi003.stdout:/usr/bin/ceph: stderr
2024-05-08T05:42:40.860+0000 7f811b3c1700 1 --2- >> [v2:172.21.15.3:3300/0,v1:172.21.15.3:6789/0] conn(0x7f8114108de0 0x7f8114109200 unknown :-1 s=NONE pgs=0 cs=0 l=0 rev1=0 crypto rx=0 tx=0 comp rx=0 tx=0).connect
2024-05-08T05:42:41.632 INFO:teuthology.orchestra.run.smithi003.stdout:/usr/bin/ceph: stderr
2024-05-08T05:42:40.860+0000 7f811b3c1700 1 -- --> [v2:172.21.15.3:3300/0,v1:172.21.15.3:6789/0] -- mon_getmap magic: 0 -- 0x7f81141097d0 con 0x7f8114108de0
2024-05-08T05:42:41.632 INFO:teuthology.orchestra.run.smithi003.stdout:/usr/bin/ceph: stderr
2024-05-08T05:42:40.860+0000 7f811915d700 1 --2- >> [v2:172.21.15.3:3300/0,v1:172.21.15.3:6789/0] conn(0x7f8114108de0 0x7f8114109200 unknown :-1 s=BANNER_CONNECTING pgs=0 cs=0 l=0 rev1=0 crypto rx=0 tx=0 comp rx=0 tx=0)._handle_peer_banner_payload supported=3 required=0
2024-05-08T05:42:41.632 INFO:teuthology.orchestra.run.smithi003.stdout:/usr/bin/ceph: stderr
2024-05-08T05:42:40.860+0000 7f811915d700 1 --2- >> [v2:172.21.15.3:3300/0,v1:172.21.15.3:6789/0] conn(0x7f8114108de0 0x7f8114109200 unknown :-1 s=HELLO_CONNECTING pgs=0 cs=0 l=0 rev1=1 crypto rx=0 tx=0 comp rx=0 tx=0).handle_hello peer v2:172.21.15.3:3300/0 says I am v2:172.21.15.3:36708/0 (socket says 172.21.15.3:36708)
2024-05-08T05:42:41.632 INFO:teuthology.orchestra.run.smithi003.stdout:/usr/bin/ceph: stderr
2024-05-08T05:42:40.860+0000 7f811915d700 1 -- 172.21.15.3:0/783694767 learned_addr learned my addr 172.21.15.3:0/783694767 (peer_addr_for_me v2:172.21.15.3:0/0)
2024-05-08T05:42:41.632 INFO:teuthology.orchestra.run.smithi003.stdout:/usr/bin/ceph: stderr
2024-05-08T05:42:40.861+0000 7f811915d700 1 -- 172.21.15.3:0/783694767 --> [v2:172.21.15.3:3300/0,v1:172.21.15.3:6789/0] -- mon_subscribe({config=0+,monmap=0+}) -- 0x7f8114109fe0 con 0x7f8114108de0
2024-05-08T05:42:41.632 INFO:teuthology.orchestra.run.smithi003.stdout:/usr/bin/ceph: stderr
2024-05-08T05:42:40.861+0000 7f811915d700 1 --2- 172.21.15.3:0/783694767 >> [v2:172.21.15.3:3300/0,v1:172.21.15.3:6789/0] conn(0x7f8114108de0 0x7f8114109200 secure :-1 s=READY pgs=74 cs=0 l=1 rev1=1 crypto rx=0x7f81100098a0 tx=0x7f8110009bb0 comp rx=0 tx=0).ready entity=mon.0 client_cookie=b30e1f5e7c2531ac server_cookie=0 in_seq=0 out_seq=0
2024-05-08T05:42:41.632 INFO:teuthology.orchestra.run.smithi003.stdout:/usr/bin/ceph: stderr
2024-05-08T05:42:40.861+0000 7f810bfff700 1 -- 172.21.15.3:0/783694767 <== mon.0 v2:172.21.15.3:3300/0 1 ==== mon_map magic: 0 ==== 205+0+0 (secure 0 0 0) 0x7f8110004160 con 0x7f8114108de0
2024-05-08T05:42:41.632 INFO:teuthology.orchestra.run.smithi003.stdout:/usr/bin/ceph: stderr
2024-05-08T05:42:40.861+0000 7f810bfff700 1 -- 172.21.15.3:0/783694767 <== mon.0 v2:172.21.15.3:3300/0 2 ==== config(26 keys) ==== 1101+0+0 (secure 0 0 0) 0x7f8110004300 con 0x7f8114108de0
2024-05-08T05:42:41.632 INFO:teuthology.orchestra.run.smithi003.stdout:/usr/bin/ceph: stderr
2024-05-08T05:42:40.861+0000 7f810bfff700 1 -- 172.21.15.3:0/783694767 <== mon.0 v2:172.21.15.3:3300/0 3 ==== mon_map magic: 0 ==== 205+0+0 (secure 0 0 0) 0x7f8110011a20 con 0x7f8114108de0
2024-05-08T05:42:41.632 INFO:teuthology.orchestra.run.smithi003.stdout:/usr/bin/ceph: stderr
2024-05-08T05:42:40.861+0000 7f811b3c1700 1 -- 172.21.15.3:0/783694767 >> [v2:172.21.15.3:3300/0,v1:172.21.15.3:6789/0] conn(0x7f8114108de0 msgr2=0x7f8114109200 secure :-1 s=STATE_CONNECTION_ESTABLISHED l=1).mark_down
2024-05-08T05:42:41.633 INFO:teuthology.orchestra.run.smithi003.stdout:/usr/bin/ceph: stderr
2024-05-08T05:42:40.861+0000 7f811b3c1700 1 --2- 172.21.15.3:0/783694767 >> [v2:172.21.15.3:3300/0,v1:172.21.15.3:6789/0] conn(0x7f8114108de0 0x7f8114109200 secure :-1 s=READY pgs=74 cs=0 l=1 rev1=1 crypto rx=0x7f81100098a0 tx=0x7f8110009bb0 comp rx=0 tx=0).stop
2024-05-08T05:42:41.633 INFO:teuthology.orchestra.run.smithi003.stdout:/usr/bin/ceph: stderr
2024-05-08T05:42:40.862+0000 7f811b3c1700 1 -- 172.21.15.3:0/783694767 shutdown_connections
2024-05-08T05:42:41.633 INFO:teuthology.orchestra.run.smithi003.stdout:/usr/bin/ceph: stderr
2024-05-08T05:42:40.862+0000 7f811b3c1700 1 --2- 172.21.15.3:0/783694767 >> [v2:172.21.15.3:3300/0,v1:172.21.15.3:6789/0] conn(0x7f8114108de0 0x7f8114109200 unknown :-1 s=CLOSED pgs=74 cs=0 l=1 rev1=1 crypto rx=0 tx=0 comp rx=0 tx=0).stop
2024-05-08T05:42:41.633 INFO:teuthology.orchestra.run.smithi003.stdout:/usr/bin/ceph: stderr
2024-05-08T05:42:40.862+0000 7f811b3c1700 1 -- 172.21.15.3:0/783694767 >> 172.21.15.3:0/783694767 conn(0x7f81141043a0 msgr2=0x7f81141067c0 unknown :-1 s=STATE_NONE l=0).mark_down
2024-05-08T05:42:41.633 INFO:teuthology.orchestra.run.smithi003.stdout:/usr/bin/ceph: stderr
2024-05-08T05:42:40.862+0000 7f811b3c1700 1 -- 172.21.15.3:0/783694767 shutdown_connections
2024-05-08T05:42:41.633 INFO:teuthology.orchestra.run.smithi003.stdout:/usr/bin/ceph: stderr
2024-05-08T05:42:40.862+0000 7f811b3c1700 1 -- 172.21.15.3:0/783694767 wait complete.
2024-05-08T05:42:41.633 INFO:teuthology.orchestra.run.smithi003.stdout:/usr/bin/ceph: stderr
2024-05-08T05:42:40.862+0000 7f811b3c1700 1 Processor -- start
2024-05-08T05:42:41.633 INFO:teuthology.orchestra.run.smithi003.stdout:/usr/bin/ceph: stderr
2024-05-08T05:42:40.862+0000 7f811b3c1700 1 -- start start
2024-05-08T05:42:41.633 INFO:teuthology.orchestra.run.smithi003.stdout:/usr/bin/ceph: stderr
2024-05-08T05:42:40.863+0000 7f811b3c1700 1 --2- >> [v2:172.21.15.3:3300/0,v1:172.21.15.3:6789/0] conn(0x7f8114108de0 0x7f811419ccd0 unknown :-1 s=NONE pgs=0 cs=0 l=1 rev1=0 crypto rx=0 tx=0 comp rx=0 tx=0).connect
2024-05-08T05:42:41.633 INFO:teuthology.orchestra.run.smithi003.stdout:/usr/bin/ceph: stderr
2024-05-08T05:42:40.863+0000 7f811b3c1700 1 -- --> [v2:172.21.15.3:3300/0,v1:172.21.15.3:6789/0] -- mon_getmap magic: 0 -- 0x7f811410d390 con 0x7f8114108de0
2024-05-08T05:42:41.633 INFO:teuthology.orchestra.run.smithi003.stdout:/usr/bin/ceph: stderr
2024-05-08T05:42:40.863+0000 7f811915d700 1 --2- >> [v2:172.21.15.3:3300/0,v1:172.21.15.3:6789/0] conn(0x7f8114108de0 0x7f811419ccd0 unknown :-1 s=BANNER_CONNECTING pgs=0 cs=0 l=1 rev1=0 crypto rx=0 tx=0 comp rx=0 tx=0)._handle_peer_banner_payload supported=3 required=0
2024-05-08T05:42:41.633 INFO:teuthology.orchestra.run.smithi003.stdout:/usr/bin/ceph: stderr
2024-05-08T05:42:40.863+0000 7f811915d700 1 --2- >> [v2:172.21.15.3:3300/0,v1:172.21.15.3:6789/0] conn(0x7f8114108de0 0x7f811419ccd0 unknown :-1 s=HELLO_CONNECTING pgs=0 cs=0 l=1 rev1=1 crypto rx=0 tx=0 comp rx=0 tx=0).handle_hello peer v2:172.21.15.3:3300/0 says I am v2:172.21.15.3:36720/0 (socket says 172.21.15.3:36720)
2024-05-08T05:42:41.633 INFO:teuthology.orchestra.run.smithi003.stdout:/usr/bin/ceph: stderr
2024-05-08T05:42:40.863+0000 7f811915d700 1 -- 172.21.15.3:0/212015282 learned_addr learned my addr 172.21.15.3:0/212015282 (peer_addr_for_me v2:172.21.15.3:0/0)
2024-05-08T05:42:41.633 INFO:teuthology.orchestra.run.smithi003.stdout:/usr/bin/ceph: stderr
2024-05-08T05:42:40.863+0000 7f811915d700 1 -- 172.21.15.3:0/212015282 --> [v2:172.21.15.3:3300/0,v1:172.21.15.3:6789/0] -- mon_subscribe({config=0+,monmap=0+}) -- 0x7f811419d210 con 0x7f8114108de0
2024-05-08T05:42:41.633 INFO:teuthology.orchestra.run.smithi003.stdout:/usr/bin/ceph: stderr
2024-05-08T05:42:40.863+0000 7f811915d700 1 --2- 172.21.15.3:0/212015282 >> [v2:172.21.15.3:3300/0,v1:172.21.15.3:6789/0] conn(0x7f8114108de0 0x7f811419ccd0 secure :-1 s=READY pgs=75 cs=0 l=1 rev1=1 crypto rx=0x7f8110009520 tx=0x7f8110011aa0 comp rx=0 tx=0).ready entity=mon.0 client_cookie=0 server_cookie=0 in_seq=0 out_seq=0
2024-05-08T05:42:41.634 INFO:teuthology.orchestra.run.smithi003.stdout:/usr/bin/ceph: stderr
2024-05-08T05:42:40.863+0000 7f810a7fc700 1 -- 172.21.15.3:0/212015282 <== mon.0 v2:172.21.15.3:3300/0 1 ==== mon_map magic: 0 ==== 205+0+0 (secure 0 0 0) 0x7f81100039e0 con 0x7f8114108de0
2024-05-08T05:42:41.634 INFO:teuthology.orchestra.run.smithi003.stdout:/usr/bin/ceph: stderr
2024-05-08T05:42:40.863+0000 7f810a7fc700 1 -- 172.21.15.3:0/212015282 <== mon.0 v2:172.21.15.3:3300/0 2 ==== config(26 keys) ==== 1101+0+0 (secure 0 0 0) 0x7f811001b8f0 con 0x7f8114108de0
2024-05-08T05:42:41.634 INFO:teuthology.orchestra.run.smithi003.stdout:/usr/bin/ceph: stderr
2024-05-08T05:42:40.863+0000 7f811b3c1700 1 -- 172.21.15.3:0/212015282 --> [v2:172.21.15.3:3300/0,v1:172.21.15.3:6789/0] -- mon_subscribe({mgrmap=0+}) -- 0x7f811419d4a0 con 0x7f8114108de0
2024-05-08T05:42:41.634 INFO:teuthology.orchestra.run.smithi003.stdout:/usr/bin/ceph: stderr
2024-05-08T05:42:40.863+0000 7f810a7fc700 1 -- 172.21.15.3:0/212015282 <== mon.0 v2:172.21.15.3:3300/0 3 ==== mon_map magic: 0 ==== 205+0+0 (secure 0 0 0) 0x7f8110019770 con 0x7f8114108de0
2024-05-08T05:42:41.634 INFO:teuthology.orchestra.run.smithi003.stdout:/usr/bin/ceph: stderr
2024-05-08T05:42:40.863+0000 7f811b3c1700 1 -- 172.21.15.3:0/212015282 --> [v2:172.21.15.3:3300/0,v1:172.21.15.3:6789/0] -- mon_subscribe({osdmap=0}) -- 0x7f81141a0180 con 0x7f8114108de0
2024-05-08T05:42:41.634 INFO:teuthology.orchestra.run.smithi003.stdout:/usr/bin/ceph: stderr
2024-05-08T05:42:40.864+0000 7f811b3c1700 1 -- 172.21.15.3:0/212015282 --> [v2:172.21.15.3:3300/0,v1:172.21.15.3:6789/0] -- mon_command({"prefix": "get_command_descriptions"} v 0) -- 0x7f8114064b00 con 0x7f8114108de0
2024-05-08T05:42:41.634 INFO:teuthology.orchestra.run.smithi003.stdout:/usr/bin/ceph: stderr
2024-05-08T05:42:40.864+0000 7f810a7fc700 1 -- 172.21.15.3:0/212015282 <== mon.0 v2:172.21.15.3:3300/0 4 ==== mgrmap(e 13) ==== 50277+0+0 (secure 0 0 0) 0x7f811001b440 con 0x7f8114108de0
2024-05-08T05:42:41.634 INFO:teuthology.orchestra.run.smithi003.stdout:/usr/bin/ceph: stderr
2024-05-08T05:42:40.865+0000 7f810a7fc700 1 --2- 172.21.15.3:0/212015282 >> [v2:172.21.15.3:6800/2793699832,v1:172.21.15.3:6801/2793699832] conn(0x7f810003e560 0x7f8100040a20 unknown :-1 s=NONE pgs=0 cs=0 l=1 rev1=0 crypto rx=0 tx=0 comp rx=0 tx=0).connect
2024-05-08T05:42:41.634 INFO:teuthology.orchestra.run.smithi003.stdout:/usr/bin/ceph: stderr
2024-05-08T05:42:40.865+0000 7f810a7fc700 1 -- 172.21.15.3:0/212015282 <== mon.0 v2:172.21.15.3:3300/0 5 ==== osd_map(3..3 src has 1..3) ==== 1155+0+0 (secure 0 0 0) 0x7f8110054060 con 0x7f8114108de0
2024-05-08T05:42:41.634 INFO:teuthology.orchestra.run.smithi003.stdout:/usr/bin/ceph: stderr
2024-05-08T05:42:40.865+0000 7f811895c700 1 --2- 172.21.15.3:0/212015282 >> [v2:172.21.15.3:6800/2793699832,v1:172.21.15.3:6801/2793699832] conn(0x7f810003e560 0x7f8100040a20 unknown :-1 s=BANNER_CONNECTING pgs=0 cs=0 l=1 rev1=0 crypto rx=0 tx=0 comp rx=0 tx=0)._handle_peer_banner_payload supported=3 required=0
2024-05-08T05:42:41.634 INFO:teuthology.orchestra.run.smithi003.stdout:/usr/bin/ceph: stderr
2024-05-08T05:42:40.865+0000 7f811895c700 1 --2- 172.21.15.3:0/212015282 >> [v2:172.21.15.3:6800/2793699832,v1:172.21.15.3:6801/2793699832] conn(0x7f810003e560 0x7f8100040a20 secure :-1 s=READY pgs=10 cs=0 l=1 rev1=1 crypto rx=0x7f8104006fd0 tx=0x7f8104006e40 comp rx=0 tx=0).ready entity=mgr.14150 client_cookie=0 server_cookie=0 in_seq=0 out_seq=0
2024-05-08T05:42:41.634 INFO:teuthology.orchestra.run.smithi003.stdout:/usr/bin/ceph: stderr
2024-05-08T05:42:40.870+0000 7f810a7fc700 1 -- 172.21.15.3:0/212015282 <== mon.0 v2:172.21.15.3:3300/0 6 ==== mon_command_ack([{"prefix": "get_command_descriptions"}]=0 v0) ==== 72+0+191963 (secure 0 0 0) 0x7f811001f030 con 0x7f8114108de0
2024-05-08T05:42:41.635 INFO:teuthology.orchestra.run.smithi003.stdout:/usr/bin/ceph: stderr
2024-05-08T05:42:41.083+0000 7f811b3c1700 1 -- 172.21.15.3:0/212015282 --> [v2:172.21.15.3:3300/0,v1:172.21.15.3:6789/0] -- mon_command([{prefix=config set, name=osd_memory_target_autotune}] v 0) -- 0x7f81141a07e0 con 0x7f8114108de0
2024-05-08T05:42:41.635 INFO:teuthology.orchestra.run.smithi003.stdout:/usr/bin/ceph: stderr
2024-05-08T05:42:41.083+0000 7f810a7fc700 1 -- 172.21.15.3:0/212015282 <== mon.0 v2:172.21.15.3:3300/0 7 ==== mon_command_ack([{prefix=config set, name=osd_memory_target_autotune}]=0 v8)=0 v8) ==== 127+0+0 (secure 0 0 0) 0x7f8110056160 con 0x7f8114108de0
2024-05-08T05:42:41.635 INFO:teuthology.orchestra.run.smithi003.stdout:/usr/bin/ceph: stderr
2024-05-08T05:42:41.086+0000 7f811b3c1700 1 -- 172.21.15.3:0/212015282 >> [v2:172.21.15.3:6800/2793699832,v1:172.21.15.3:6801/2793699832] conn(0x7f810003e560 msgr2=0x7f8100040a20 secure :-1 s=STATE_CONNECTION_ESTABLISHED l=1).mark_down
2024-05-08T05:42:41.635 INFO:teuthology.orchestra.run.smithi003.stdout:/usr/bin/ceph: stderr
2024-05-08T05:42:41.086+0000 7f811b3c1700 1 --2- 172.21.15.3:0/212015282 >> [v2:172.21.15.3:6800/2793699832,v1:172.21.15.3:6801/2793699832] conn(0x7f810003e560 0x7f8100040a20 secure :-1 s=READY pgs=10 cs=0 l=1 rev1=1 crypto rx=0x7f8104006fd0 tx=0x7f8104006e40 comp rx=0 tx=0).stop
2024-05-08T05:42:41.635 INFO:teuthology.orchestra.run.smithi003.stdout:/usr/bin/ceph: stderr
2024-05-08T05:42:41.086+0000 7f811b3c1700 1 -- 172.21.15.3:0/212015282 >> [v2:172.21.15.3:3300/0,v1:172.21.15.3:6789/0] conn(0x7f8114108de0 msgr2=0x7f811419ccd0 secure :-1 s=STATE_CONNECTION_ESTABLISHED l=1).mark_down
2024-05-08T05:42:41.635 INFO:teuthology.orchestra.run.smithi003.stdout:/usr/bin/ceph: stderr
2024-05-08T05:42:41.086+0000 7f811b3c1700 1 --2- 172.21.15.3:0/212015282 >> [v2:172.21.15.3:3300/0,v1:172.21.15.3:6789/0] conn(0x7f8114108de0 0x7f811419ccd0 secure :-1 s=READY pgs=75 cs=0 l=1 rev1=1 crypto rx=0x7f8110009520 tx=0x7f8110011aa0 comp rx=0 tx=0).stop
2024-05-08T05:42:41.635 INFO:teuthology.orchestra.run.smithi003.stdout:/usr/bin/ceph: stderr
2024-05-08T05:42:41.086+0000 7f811b3c1700 1 -- 172.21.15.3:0/212015282 shutdown_connections
2024-05-08T05:42:41.635 INFO:teuthology.orchestra.run.smithi003.stdout:/usr/bin/ceph: stderr
2024-05-08T05:42:41.086+0000 7f811b3c1700 1 --2- 172.21.15.3:0/212015282 >> [v2:172.21.15.3:6800/2793699832,v1:172.21.15.3:6801/2793699832] conn(0x7f810003e560 0x7f8100040a20 unknown :-1 s=CLOSED pgs=10 cs=0 l=1 rev1=1 crypto rx=0 tx=0 comp rx=0 tx=0).stop
2024-05-08T05:42:41.635 INFO:teuthology.orchestra.run.smithi003.stdout:/usr/bin/ceph: stderr
2024-05-08T05:42:41.086+0000 7f811b3c1700 1 --2- 172.21.15.3:0/212015282 >> [v2:172.21.15.3:3300/0,v1:172.21.15.3:6789/0] conn(0x7f8114108de0 0x7f811419ccd0 unknown :-1 s=CLOSED pgs=75 cs=0 l=1 rev1=1 crypto rx=0 tx=0 comp rx=0 tx=0).stop
2024-05-08T05:42:41.635 INFO:teuthology.orchestra.run.smithi003.stdout:/usr/bin/ceph: stderr
2024-05-08T05:42:41.086+0000 7f811b3c1700 1 -- 172.21.15.3:0/212015282 >> 172.21.15.3:0/212015282 conn(0x7f81141043a0 msgr2=0x7f8114104e90 unknown :-1 s=STATE_NONE l=0).mark_down
2024-05-08T05:42:41.635 INFO:teuthology.orchestra.run.smithi003.stdout:/usr/bin/ceph: stderr
2024-05-08T05:42:41.086+0000 7f811b3c1700 1 -- 172.21.15.3:0/212015282 shutdown_connections
2024-05-08T05:42:41.635 INFO:teuthology.orchestra.run.smithi003.stdout:/usr/bin/ceph: stderr
2024-05-08T05:42:41.086+0000 7f811b3c1700 1 -- 172.21.15.3:0/212015282 wait complete.
2024-05-08T05:42:43.013 INFO:teuthology.orchestra.run.smithi003.stdout:/usr/bin/ceph: stderr
2024-05-08T05:42:42.067+0000 7f2fdce73700 1 Processor -- start
2024-05-08T05:42:43.013 INFO:teuthology.orchestra.run.smithi003.stdout:/usr/bin/ceph: stderr
2024-05-08T05:42:42.067+0000 7f2fdce73700 1 -- start start
2024-05-08T05:42:43.013 INFO:teuthology.orchestra.run.smithi003.stdout:/usr/bin/ceph: stderr
2024-05-08T05:42:42.068+0000 7f2fdce73700 1 --2- >> [v2:172.21.15.3:3300/0,v1:172.21.15.3:6789/0] conn(0x7f2fd8108de0 0x7f2fd8109200 unknown :-1 s=NONE pgs=0 cs=0 l=0 rev1=0 crypto rx=0 tx=0 comp rx=0 tx=0).connect
2024-05-08T05:42:43.013 INFO:teuthology.orchestra.run.smithi003.stdout:/usr/bin/ceph: stderr
2024-05-08T05:42:42.068+0000 7f2fdce73700 1 -- --> [v2:172.21.15.3:3300/0,v1:172.21.15.3:6789/0] -- mon_getmap magic: 0 -- 0x7f2fd81097d0 con 0x7f2fd8108de0
2024-05-08T05:42:43.013 INFO:teuthology.orchestra.run.smithi003.stdout:/usr/bin/ceph: stderr
2024-05-08T05:42:42.068+0000 7f2fd659c700 1 --2- >> [v2:172.21.15.3:3300/0,v1:172.21.15.3:6789/0] conn(0x7f2fd8108de0 0x7f2fd8109200 unknown :-1 s=BANNER_CONNECTING pgs=0 cs=0 l=0 rev1=0 crypto rx=0 tx=0 comp rx=0 tx=0)._handle_peer_banner_payload supported=3 required=0
2024-05-08T05:42:43.013 INFO:teuthology.orchestra.run.smithi003.stdout:/usr/bin/ceph: stderr
2024-05-08T05:42:42.068+0000 7f2fd659c700 1 --2- >> [v2:172.21.15.3:3300/0,v1:172.21.15.3:6789/0] conn(0x7f2fd8108de0 0x7f2fd8109200 unknown :-1 s=HELLO_CONNECTING pgs=0 cs=0 l=0 rev1=1 crypto rx=0 tx=0 comp rx=0 tx=0).handle_hello peer v2:172.21.15.3:3300/0 says I am v2:172.21.15.3:36722/0 (socket says 172.21.15.3:36722)
2024-05-08T05:42:43.013 INFO:teuthology.orchestra.run.smithi003.stdout:/usr/bin/ceph: stderr
2024-05-08T05:42:42.068+0000 7f2fd659c700 1 -- 172.21.15.3:0/729711241 learned_addr learned my addr 172.21.15.3:0/729711241 (peer_addr_for_me v2:172.21.15.3:0/0)
2024-05-08T05:42:43.013 INFO:teuthology.orchestra.run.smithi003.stdout:/usr/bin/ceph: stderr
2024-05-08T05:42:42.068+0000 7f2fd659c700 1 -- 172.21.15.3:0/729711241 --> [v2:172.21.15.3:3300/0,v1:172.21.15.3:6789/0] -- mon_subscribe({config=0+,monmap=0+}) -- 0x7f2fd8109fe0 con 0x7f2fd8108de0
2024-05-08T05:42:43.013 INFO:teuthology.orchestra.run.smithi003.stdout:/usr/bin/ceph: stderr
2024-05-08T05:42:42.068+0000 7f2fd659c700 1 --2- 172.21.15.3:0/729711241 >> [v2:172.21.15.3:3300/0,v1:172.21.15.3:6789/0] conn(0x7f2fd8108de0 0x7f2fd8109200 secure :-1 s=READY pgs=76 cs=0 l=1 rev1=1 crypto rx=0x7f2fc80098a0 tx=0x7f2fc8009bb0 comp rx=0 tx=0).ready entity=mon.0 client_cookie=e1857c9f7f5f5e12 server_cookie=0 in_seq=0 out_seq=0
2024-05-08T05:42:43.013 INFO:teuthology.orchestra.run.smithi003.stdout:/usr/bin/ceph: stderr
2024-05-08T05:42:42.069+0000 7f2fd559a700 1 -- 172.21.15.3:0/729711241 <== mon.0 v2:172.21.15.3:3300/0 1 ==== mon_map magic: 0 ==== 205+0+0 (secure 0 0 0) 0x7f2fc8004160 con 0x7f2fd8108de0
2024-05-08T05:42:43.013 INFO:teuthology.orchestra.run.smithi003.stdout:/usr/bin/ceph: stderr
2024-05-08T05:42:42.069+0000 7f2fd559a700 1 -- 172.21.15.3:0/729711241 <== mon.0 v2:172.21.15.3:3300/0 2 ==== config(26 keys) ==== 1101+0+0 (secure 0 0 0) 0x7f2fc8004300 con 0x7f2fd8108de0
2024-05-08T05:42:43.013 INFO:teuthology.orchestra.run.smithi003.stdout:/usr/bin/ceph: stderr
2024-05-08T05:42:42.069+0000 7f2fd559a700 1 -- 172.21.15.3:0/729711241 <== mon.0 v2:172.21.15.3:3300/0 3 ==== mon_map magic: 0 ==== 205+0+0 (secure 0 0 0) 0x7f2fc8011a20 con 0x7f2fd8108de0
2024-05-08T05:42:43.013 INFO:teuthology.orchestra.run.smithi003.stdout:/usr/bin/ceph: stderr
2024-05-08T05:42:42.069+0000 7f2fdce73700 1 -- 172.21.15.3:0/729711241 >> [v2:172.21.15.3:3300/0,v1:172.21.15.3:6789/0] conn(0x7f2fd8108de0 msgr2=0x7f2fd8109200 secure :-1 s=STATE_CONNECTION_ESTABLISHED l=1).mark_down
2024-05-08T05:42:43.013 INFO:teuthology.orchestra.run.smithi003.stdout:/usr/bin/ceph: stderr
2024-05-08T05:42:42.069+0000 7f2fdce73700 1 --2- 172.21.15.3:0/729711241 >> [v2:172.21.15.3:3300/0,v1:172.21.15.3:6789/0] conn(0x7f2fd8108de0 0x7f2fd8109200 secure :-1 s=READY pgs=76 cs=0 l=1 rev1=1 crypto rx=0x7f2fc80098a0 tx=0x7f2fc8009bb0 comp rx=0 tx=0).stop
2024-05-08T05:42:43.014 INFO:teuthology.orchestra.run.smithi003.stdout:/usr/bin/ceph: stderr
2024-05-08T05:42:42.069+0000 7f2fdce73700 1 -- 172.21.15.3:0/729711241 shutdown_connections
2024-05-08T05:42:43.014 INFO:teuthology.orchestra.run.smithi003.stdout:/usr/bin/ceph: stderr
2024-05-08T05:42:42.069+0000 7f2fdce73700 1 --2- 172.21.15.3:0/729711241 >> [v2:172.21.15.3:3300/0,v1:172.21.15.3:6789/0] conn(0x7f2fd8108de0 0x7f2fd8109200 unknown :-1 s=CLOSED pgs=76 cs=0 l=1 rev1=1 crypto rx=0 tx=0 comp rx=0 tx=0).stop
2024-05-08T05:42:43.014 INFO:teuthology.orchestra.run.smithi003.stdout:/usr/bin/ceph: stderr
2024-05-08T05:42:42.069+0000 7f2fdce73700 1 -- 172.21.15.3:0/729711241 >> 172.21.15.3:0/729711241 conn(0x7f2fd81043a0 msgr2=0x7f2fd81067c0 unknown :-1 s=STATE_NONE l=0).mark_down
2024-05-08T05:42:43.014 INFO:teuthology.orchestra.run.smithi003.stdout:/usr/bin/ceph: stderr
2024-05-08T05:42:42.069+0000 7f2fdce73700 1 -- 172.21.15.3:0/729711241 shutdown_connections
2024-05-08T05:42:43.014 INFO:teuthology.orchestra.run.smithi003.stdout:/usr/bin/ceph: stderr
2024-05-08T05:42:42.069+0000 7f2fdce73700 1 -- 172.21.15.3:0/729711241 wait complete.
2024-05-08T05:42:43.014 INFO:teuthology.orchestra.run.smithi003.stdout:/usr/bin/ceph: stderr
2024-05-08T05:42:42.070+0000 7f2fdce73700 1 Processor -- start
2024-05-08T05:42:43.014 INFO:teuthology.orchestra.run.smithi003.stdout:/usr/bin/ceph: stderr
2024-05-08T05:42:42.070+0000 7f2fdce73700 1 -- start start
2024-05-08T05:42:43.014 INFO:teuthology.orchestra.run.smithi003.stdout:/usr/bin/ceph: stderr
2024-05-08T05:42:42.070+0000 7f2fdce73700 1 --2- >> [v2:172.21.15.3:3300/0,v1:172.21.15.3:6789/0] conn(0x7f2fd8108de0 0x7f2fd819ccb0 unknown :-1 s=NONE pgs=0 cs=0 l=1 rev1=0 crypto rx=0 tx=0 comp rx=0 tx=0).connect
2024-05-08T05:42:43.014 INFO:teuthology.orchestra.run.smithi003.stdout:/usr/bin/ceph: stderr
2024-05-08T05:42:42.070+0000 7f2fdce73700 1 -- --> [v2:172.21.15.3:3300/0,v1:172.21.15.3:6789/0] -- mon_getmap magic: 0 -- 0x7f2fd810d390 con 0x7f2fd8108de0
2024-05-08T05:42:43.014 INFO:teuthology.orchestra.run.smithi003.stdout:/usr/bin/ceph: stderr
2024-05-08T05:42:42.071+0000 7f2fd659c700 1 --2- >> [v2:172.21.15.3:3300/0,v1:172.21.15.3:6789/0] conn(0x7f2fd8108de0 0x7f2fd819ccb0 unknown :-1 s=BANNER_CONNECTING pgs=0 cs=0 l=1 rev1=0 crypto rx=0 tx=0 comp rx=0 tx=0)._handle_peer_banner_payload supported=3 required=0
2024-05-08T05:42:43.014 INFO:teuthology.orchestra.run.smithi003.stdout:/usr/bin/ceph: stderr
2024-05-08T05:42:42.071+0000 7f2fd659c700 1 --2- >> [v2:172.21.15.3:3300/0,v1:172.21.15.3:6789/0] conn(0x7f2fd8108de0 0x7f2fd819ccb0 unknown :-1 s=HELLO_CONNECTING pgs=0 cs=0 l=1 rev1=1 crypto rx=0 tx=0 comp rx=0 tx=0).handle_hello peer v2:172.21.15.3:3300/0 says I am v2:172.21.15.3:36734/0 (socket says 172.21.15.3:36734)
2024-05-08T05:42:43.014 INFO:teuthology.orchestra.run.smithi003.stdout:/usr/bin/ceph: stderr
2024-05-08T05:42:42.071+0000 7f2fd659c700 1 -- 172.21.15.3:0/1785655432 learned_addr learned my addr 172.21.15.3:0/1785655432 (peer_addr_for_me v2:172.21.15.3:0/0)
2024-05-08T05:42:43.014 INFO:teuthology.orchestra.run.smithi003.stdout:/usr/bin/ceph: stderr
2024-05-08T05:42:42.071+0000 7f2fd659c700 1 -- 172.21.15.3:0/1785655432 --> [v2:172.21.15.3:3300/0,v1:172.21.15.3:6789/0] -- mon_subscribe({config=0+,monmap=0+}) -- 0x7f2fd819d1f0 con 0x7f2fd8108de0
2024-05-08T05:42:43.014 INFO:teuthology.orchestra.run.smithi003.stdout:/usr/bin/ceph: stderr
2024-05-08T05:42:42.071+0000 7f2fd659c700 1 --2- 172.21.15.3:0/1785655432 >> [v2:172.21.15.3:3300/0,v1:172.21.15.3:6789/0] conn(0x7f2fd8108de0 0x7f2fd819ccb0 secure :-1 s=READY pgs=77 cs=0 l=1 rev1=1 crypto rx=0x7f2fc80116e0 tx=0x7f2fc8011aa0 comp rx=0 tx=0).ready entity=mon.0 client_cookie=0 server_cookie=0 in_seq=0 out_seq=0
2024-05-08T05:42:43.015 INFO:teuthology.orchestra.run.smithi003.stdout:/usr/bin/ceph: stderr
2024-05-08T05:42:42.071+0000 7f2fcf7fe700 1 -- 172.21.15.3:0/1785655432 <== mon.0 v2:172.21.15.3:3300/0 1 ==== mon_map magic: 0 ==== 205+0+0 (secure 0 0 0) 0x7f2fc80039e0 con 0x7f2fd8108de0
2024-05-08T05:42:43.015 INFO:teuthology.orchestra.run.smithi003.stdout:/usr/bin/ceph: stderr
2024-05-08T05:42:42.071+0000 7f2fcf7fe700 1 -- 172.21.15.3:0/1785655432 <== mon.0 v2:172.21.15.3:3300/0 2 ==== config(26 keys) ==== 1101+0+0 (secure 0 0 0) 0x7f2fc801b8f0 con 0x7f2fd8108de0
2024-05-08T05:42:43.015 INFO:teuthology.orchestra.run.smithi003.stdout:/usr/bin/ceph: stderr
2024-05-08T05:42:42.071+0000 7f2fdce73700 1 -- 172.21.15.3:0/1785655432 --> [v2:172.21.15.3:3300/0,v1:172.21.15.3:6789/0] -- mon_subscribe({mgrmap=0+}) -- 0x7f2fd819d480 con 0x7f2fd8108de0
2024-05-08T05:42:43.015 INFO:teuthology.orchestra.run.smithi003.stdout:/usr/bin/ceph: stderr
2024-05-08T05:42:42.071+0000 7f2fcf7fe700 1 -- 172.21.15.3:0/1785655432 <== mon.0 v2:172.21.15.3:3300/0 3 ==== mon_map magic: 0 ==== 205+0+0 (secure 0 0 0) 0x7f2fc8023760 con 0x7f2fd8108de0
2024-05-08T05:42:43.015 INFO:teuthology.orchestra.run.smithi003.stdout:/usr/bin/ceph: stderr
