2024-05-08T05:41:58.315+0000 7fc75f7fe700 1 -- 172.21.15.3:0/4070401819 <== mon.0 v2:172.21.15.3:3300/0 3 ==== mon_map magic: 0 ==== 205+0+0 (secure 0 0 0) 0x7fc754011af0 con 0x7fc760108de0
2024-05-08T05:42:01.097 INFO:teuthology.orchestra.run.smithi003.stdout:/usr/bin/ceph: stderr
2024-05-08T05:41:58.316+0000 7fc766bc5700 1 -- 172.21.15.3:0/4070401819 >> [v2:172.21.15.3:3300/0,v1:172.21.15.3:6789/0] conn(0x7fc760108de0 msgr2=0x7fc760109200 secure :-1 s=STATE_CONNECTION_ESTABLISHED l=1).mark_down
2024-05-08T05:42:01.097 INFO:teuthology.orchestra.run.smithi003.stdout:/usr/bin/ceph: stderr
2024-05-08T05:41:58.316+0000 7fc766bc5700 1 --2- 172.21.15.3:0/4070401819 >> [v2:172.21.15.3:3300/0,v1:172.21.15.3:6789/0] conn(0x7fc760108de0 0x7fc760109200 secure :-1 s=READY pgs=20 cs=0 l=1 rev1=1 crypto rx=0x7fc7540098a0 tx=0x7fc754009bb0 comp rx=0 tx=0).stop
2024-05-08T05:42:01.097 INFO:teuthology.orchestra.run.smithi003.stdout:/usr/bin/ceph: stderr
2024-05-08T05:41:58.316+0000 7fc766bc5700 1 -- 172.21.15.3:0/4070401819 shutdown_connections
2024-05-08T05:42:01.097 INFO:teuthology.orchestra.run.smithi003.stdout:/usr/bin/ceph: stderr
2024-05-08T05:41:58.316+0000 7fc766bc5700 1 --2- 172.21.15.3:0/4070401819 >> [v2:172.21.15.3:3300/0,v1:172.21.15.3:6789/0] conn(0x7fc760108de0 0x7fc760109200 unknown :-1 s=CLOSED pgs=20 cs=0 l=1 rev1=1 crypto rx=0 tx=0 comp rx=0 tx=0).stop
2024-05-08T05:42:01.097 INFO:teuthology.orchestra.run.smithi003.stdout:/usr/bin/ceph: stderr
2024-05-08T05:41:58.316+0000 7fc766bc5700 1 -- 172.21.15.3:0/4070401819 >> 172.21.15.3:0/4070401819 conn(0x7fc7601043a0 msgr2=0x7fc7601067c0 unknown :-1 s=STATE_NONE l=0).mark_down
2024-05-08T05:42:01.097 INFO:teuthology.orchestra.run.smithi003.stdout:/usr/bin/ceph: stderr
2024-05-08T05:41:58.316+0000 7fc766bc5700 1 -- 172.21.15.3:0/4070401819 shutdown_connections
2024-05-08T05:42:01.098 INFO:teuthology.orchestra.run.smithi003.stdout:/usr/bin/ceph: stderr
2024-05-08T05:41:58.316+0000 7fc766bc5700 1 -- 172.21.15.3:0/4070401819 wait complete.
2024-05-08T05:42:01.098 INFO:teuthology.orchestra.run.smithi003.stdout:/usr/bin/ceph: stderr
2024-05-08T05:41:58.316+0000 7fc766bc5700 1 Processor -- start
2024-05-08T05:42:01.098 INFO:teuthology.orchestra.run.smithi003.stdout:/usr/bin/ceph: stderr
2024-05-08T05:41:58.317+0000 7fc766bc5700 1 -- start start
2024-05-08T05:42:01.098 INFO:teuthology.orchestra.run.smithi003.stdout:/usr/bin/ceph: stderr
2024-05-08T05:41:58.317+0000 7fc766bc5700 1 --2- >> [v2:172.21.15.3:3300/0,v1:172.21.15.3:6789/0] conn(0x7fc760108de0 0x7fc76019cd50 unknown :-1 s=NONE pgs=0 cs=0 l=1 rev1=0 crypto rx=0 tx=0 comp rx=0 tx=0).connect
2024-05-08T05:42:01.098 INFO:teuthology.orchestra.run.smithi003.stdout:/usr/bin/ceph: stderr
2024-05-08T05:41:58.317+0000 7fc766bc5700 1 -- --> [v2:172.21.15.3:3300/0,v1:172.21.15.3:6789/0] -- mon_getmap magic: 0 -- 0x7fc76010d390 con 0x7fc760108de0
2024-05-08T05:42:01.098 INFO:teuthology.orchestra.run.smithi003.stdout:/usr/bin/ceph: stderr
2024-05-08T05:41:58.317+0000 7fc764961700 1 --2- >> [v2:172.21.15.3:3300/0,v1:172.21.15.3:6789/0] conn(0x7fc760108de0 0x7fc76019cd50 unknown :-1 s=BANNER_CONNECTING pgs=0 cs=0 l=1 rev1=0 crypto rx=0 tx=0 comp rx=0 tx=0)._handle_peer_banner_payload supported=3 required=0
2024-05-08T05:42:01.098 INFO:teuthology.orchestra.run.smithi003.stdout:/usr/bin/ceph: stderr
2024-05-08T05:41:58.317+0000 7fc764961700 1 --2- >> [v2:172.21.15.3:3300/0,v1:172.21.15.3:6789/0] conn(0x7fc760108de0 0x7fc76019cd50 unknown :-1 s=HELLO_CONNECTING pgs=0 cs=0 l=1 rev1=1 crypto rx=0 tx=0 comp rx=0 tx=0).handle_hello peer v2:172.21.15.3:3300/0 says I am v2:172.21.15.3:57804/0 (socket says 172.21.15.3:57804)
2024-05-08T05:42:01.098 INFO:teuthology.orchestra.run.smithi003.stdout:/usr/bin/ceph: stderr
2024-05-08T05:41:58.317+0000 7fc764961700 1 -- 172.21.15.3:0/8505228 learned_addr learned my addr 172.21.15.3:0/8505228 (peer_addr_for_me v2:172.21.15.3:0/0)
2024-05-08T05:42:01.099 INFO:teuthology.orchestra.run.smithi003.stdout:/usr/bin/ceph: stderr
2024-05-08T05:41:58.317+0000 7fc764961700 1 -- 172.21.15.3:0/8505228 --> [v2:172.21.15.3:3300/0,v1:172.21.15.3:6789/0] -- mon_subscribe({config=0+,monmap=0+}) -- 0x7fc76019d290 con 0x7fc760108de0
2024-05-08T05:42:01.099 INFO:teuthology.orchestra.run.smithi003.stdout:/usr/bin/ceph: stderr
2024-05-08T05:41:58.317+0000 7fc764961700 1 --2- 172.21.15.3:0/8505228 >> [v2:172.21.15.3:3300/0,v1:172.21.15.3:6789/0] conn(0x7fc760108de0 0x7fc76019cd50 secure :-1 s=READY pgs=21 cs=0 l=1 rev1=1 crypto rx=0x7fc754000c00 tx=0x7fc754011b70 comp rx=0 tx=0).ready entity=mon.0 client_cookie=0 server_cookie=0 in_seq=0 out_seq=0
2024-05-08T05:42:01.099 INFO:teuthology.orchestra.run.smithi003.stdout:/usr/bin/ceph: stderr
2024-05-08T05:41:58.317+0000 7fc75dffb700 1 -- 172.21.15.3:0/8505228 <== mon.0 v2:172.21.15.3:3300/0 1 ==== mon_map magic: 0 ==== 205+0+0 (secure 0 0 0) 0x7fc754003b20 con 0x7fc760108de0
2024-05-08T05:42:01.099 INFO:teuthology.orchestra.run.smithi003.stdout:/usr/bin/ceph: stderr
2024-05-08T05:41:58.317+0000 7fc75dffb700 1 -- 172.21.15.3:0/8505228 <== mon.0 v2:172.21.15.3:3300/0 2 ==== config(26 keys) ==== 1070+0+0 (secure 0 0 0) 0x7fc75401a8c0 con 0x7fc760108de0
2024-05-08T05:42:01.099 INFO:teuthology.orchestra.run.smithi003.stdout:/usr/bin/ceph: stderr
2024-05-08T05:41:58.318+0000 7fc75dffb700 1 -- 172.21.15.3:0/8505228 <== mon.0 v2:172.21.15.3:3300/0 3 ==== mon_map magic: 0 ==== 205+0+0 (secure 0 0 0) 0x7fc754024940 con 0x7fc760108de0
2024-05-08T05:42:01.099 INFO:teuthology.orchestra.run.smithi003.stdout:/usr/bin/ceph: stderr
2024-05-08T05:41:58.318+0000 7fc766bc5700 1 -- 172.21.15.3:0/8505228 --> [v2:172.21.15.3:3300/0,v1:172.21.15.3:6789/0] -- mon_subscribe({mgrmap=0+}) -- 0x7fc76019d520 con 0x7fc760108de0
2024-05-08T05:42:01.099 INFO:teuthology.orchestra.run.smithi003.stdout:/usr/bin/ceph: stderr
2024-05-08T05:41:58.318+0000 7fc766bc5700 1 -- 172.21.15.3:0/8505228 --> [v2:172.21.15.3:3300/0,v1:172.21.15.3:6789/0] -- mon_subscribe({osdmap=0}) -- 0x7fc7601a0210 con 0x7fc760108de0
2024-05-08T05:42:01.099 INFO:teuthology.orchestra.run.smithi003.stdout:/usr/bin/ceph: stderr
2024-05-08T05:41:58.319+0000 7fc75dffb700 1 -- 172.21.15.3:0/8505228 <== mon.0 v2:172.21.15.3:3300/0 4 ==== mgrmap(e 4) ==== 50211+0+0 (secure 0 0 0) 0x7fc754022020 con 0x7fc760108de0
2024-05-08T05:42:01.099 INFO:teuthology.orchestra.run.smithi003.stdout:/usr/bin/ceph: stderr
2024-05-08T05:41:58.319+0000 7fc766bc5700 1 -- 172.21.15.3:0/8505228 --> [v2:172.21.15.3:3300/0,v1:172.21.15.3:6789/0] -- mon_command({"prefix": "get_command_descriptions"} v 0) -- 0x7fc760064b00 con 0x7fc760108de0
2024-05-08T05:42:01.099 INFO:teuthology.orchestra.run.smithi003.stdout:/usr/bin/ceph: stderr
2024-05-08T05:41:58.319+0000 7fc75dffb700 1 --2- 172.21.15.3:0/8505228 >> [v2:172.21.15.3:6800/3412581798,v1:172.21.15.3:6801/3412581798] conn(0x7fc75003e470 0x7fc750040930 unknown :-1 s=NONE pgs=0 cs=0 l=1 rev1=0 crypto rx=0 tx=0 comp rx=0 tx=0).connect
2024-05-08T05:42:01.100 INFO:teuthology.orchestra.run.smithi003.stdout:/usr/bin/ceph: stderr
2024-05-08T05:41:58.319+0000 7fc75dffb700 1 -- 172.21.15.3:0/8505228 <== mon.0 v2:172.21.15.3:3300/0 5 ==== osd_map(1..1 src has 1..1) ==== 725+0+0 (secure 0 0 0) 0x7fc7540533a0 con 0x7fc760108de0
2024-05-08T05:42:01.100 INFO:teuthology.orchestra.run.smithi003.stdout:/usr/bin/ceph: stderr
2024-05-08T05:41:58.319+0000 7fc75ffff700 1 --2- 172.21.15.3:0/8505228 >> [v2:172.21.15.3:6800/3412581798,v1:172.21.15.3:6801/3412581798] conn(0x7fc75003e470 0x7fc750040930 unknown :-1 s=BANNER_CONNECTING pgs=0 cs=0 l=1 rev1=0 crypto rx=0 tx=0 comp rx=0 tx=0)._handle_peer_banner_payload supported=3 required=0
2024-05-08T05:42:01.100 INFO:teuthology.orchestra.run.smithi003.stdout:/usr/bin/ceph: stderr
2024-05-08T05:41:58.319+0000 7fc75ffff700 1 --2- 172.21.15.3:0/8505228 >> [v2:172.21.15.3:6800/3412581798,v1:172.21.15.3:6801/3412581798] conn(0x7fc75003e470 0x7fc750040930 secure :-1 s=READY pgs=8 cs=0 l=1 rev1=1 crypto rx=0x7fc74c006fd0 tx=0x7fc74c006e40 comp rx=0 tx=0).ready entity=mgr.14100 client_cookie=0 server_cookie=0 in_seq=0 out_seq=0
2024-05-08T05:42:01.100 INFO:teuthology.orchestra.run.smithi003.stdout:/usr/bin/ceph: stderr
2024-05-08T05:41:58.324+0000 7fc75dffb700 1 -- 172.21.15.3:0/8505228 <== mon.0 v2:172.21.15.3:3300/0 6 ==== mon_command_ack([{"prefix": "get_command_descriptions"}]=0 v0) ==== 72+0+191963 (secure 0 0 0) 0x7fc754053100 con 0x7fc760108de0
2024-05-08T05:42:01.100 INFO:teuthology.orchestra.run.smithi003.stdout:/usr/bin/ceph: stderr
2024-05-08T05:41:58.598+0000 7fc766bc5700 1 -- 172.21.15.3:0/8505228 --> [v2:172.21.15.3:3300/0,v1:172.21.15.3:6789/0] -- mon_command({"prefix": "mgr module enable", "module": "cephadm"} v 0) -- 0x7fc7601a03e0 con 0x7fc760108de0
2024-05-08T05:42:01.100 INFO:teuthology.orchestra.run.smithi003.stdout:/usr/bin/ceph: stderr
2024-05-08T05:41:58.650+0000 7fc75dffb700 1 -- 172.21.15.3:0/8505228 <== mon.0 v2:172.21.15.3:3300/0 7 ==== mon_command_ack([{"prefix": "mgr module enable", "module": "cephadm"}]=0 v5) ==== 86+0+0 (secure 0 0 0) 0x7fc7601a03e0 con 0x7fc760108de0
2024-05-08T05:42:01.100 INFO:teuthology.orchestra.run.smithi003.stdout:/usr/bin/ceph: stderr
2024-05-08T05:41:58.652+0000 7fc75dffb700 1 -- 172.21.15.3:0/8505228 <== mon.0 v2:172.21.15.3:3300/0 8 ==== mgrmap(e 5) ==== 50222+0+0 (secure 0 0 0) 0x7fc75401aa70 con 0x7fc760108de0
2024-05-08T05:42:01.100 INFO:teuthology.orchestra.run.smithi003.stdout:/usr/bin/ceph: stderr
2024-05-08T05:41:58.653+0000 7fc766bc5700 1 -- 172.21.15.3:0/8505228 >> [v2:172.21.15.3:6800/3412581798,v1:172.21.15.3:6801/3412581798] conn(0x7fc75003e470 msgr2=0x7fc750040930 secure :-1 s=STATE_CONNECTION_ESTABLISHED l=1).mark_down
2024-05-08T05:42:01.101 INFO:teuthology.orchestra.run.smithi003.stdout:/usr/bin/ceph: stderr
2024-05-08T05:41:58.653+0000 7fc766bc5700 1 --2- 172.21.15.3:0/8505228 >> [v2:172.21.15.3:6800/3412581798,v1:172.21.15.3:6801/3412581798] conn(0x7fc75003e470 0x7fc750040930 secure :-1 s=READY pgs=8 cs=0 l=1 rev1=1 crypto rx=0x7fc74c006fd0 tx=0x7fc74c006e40 comp rx=0 tx=0).stop
2024-05-08T05:42:01.101 INFO:teuthology.orchestra.run.smithi003.stdout:/usr/bin/ceph: stderr
2024-05-08T05:41:58.653+0000 7fc766bc5700 1 -- 172.21.15.3:0/8505228 >> [v2:172.21.15.3:3300/0,v1:172.21.15.3:6789/0] conn(0x7fc760108de0 msgr2=0x7fc76019cd50 secure :-1 s=STATE_CONNECTION_ESTABLISHED l=1).mark_down
2024-05-08T05:42:01.101 INFO:teuthology.orchestra.run.smithi003.stdout:/usr/bin/ceph: stderr
2024-05-08T05:41:58.653+0000 7fc766bc5700 1 --2- 172.21.15.3:0/8505228 >> [v2:172.21.15.3:3300/0,v1:172.21.15.3:6789/0] conn(0x7fc760108de0 0x7fc76019cd50 secure :-1 s=READY pgs=21 cs=0 l=1 rev1=1 crypto rx=0x7fc754000c00 tx=0x7fc754011b70 comp rx=0 tx=0).stop
2024-05-08T05:42:01.101 INFO:teuthology.orchestra.run.smithi003.stdout:/usr/bin/ceph: stderr
2024-05-08T05:41:58.653+0000 7fc766bc5700 1 -- 172.21.15.3:0/8505228 shutdown_connections
2024-05-08T05:42:01.101 INFO:teuthology.orchestra.run.smithi003.stdout:/usr/bin/ceph: stderr
2024-05-08T05:41:58.653+0000 7fc766bc5700 1 --2- 172.21.15.3:0/8505228 >> [v2:172.21.15.3:6800/3412581798,v1:172.21.15.3:6801/3412581798] conn(0x7fc75003e470 0x7fc750040930 unknown :-1 s=CLOSED pgs=8 cs=0 l=1 rev1=1 crypto rx=0 tx=0 comp rx=0 tx=0).stop
2024-05-08T05:42:01.101 INFO:teuthology.orchestra.run.smithi003.stdout:/usr/bin/ceph: stderr
2024-05-08T05:41:58.653+0000 7fc766bc5700 1 --2- 172.21.15.3:0/8505228 >> [v2:172.21.15.3:3300/0,v1:172.21.15.3:6789/0] conn(0x7fc760108de0 0x7fc76019cd50 unknown :-1 s=CLOSED pgs=21 cs=0 l=1 rev1=1 crypto rx=0 tx=0 comp rx=0 tx=0).stop
2024-05-08T05:42:01.101 INFO:teuthology.orchestra.run.smithi003.stdout:/usr/bin/ceph: stderr
2024-05-08T05:41:58.653+0000 7fc766bc5700 1 -- 172.21.15.3:0/8505228 >> 172.21.15.3:0/8505228 conn(0x7fc7601043a0 msgr2=0x7fc760104f00 unknown :-1 s=STATE_NONE l=0).mark_down
2024-05-08T05:42:01.101 INFO:teuthology.orchestra.run.smithi003.stdout:/usr/bin/ceph: stderr
2024-05-08T05:41:58.653+0000 7fc766bc5700 1 -- 172.21.15.3:0/8505228 shutdown_connections
2024-05-08T05:42:01.101 INFO:teuthology.orchestra.run.smithi003.stdout:/usr/bin/ceph: stderr
2024-05-08T05:41:58.653+0000 7fc766bc5700 1 -- 172.21.15.3:0/8505228 wait complete.
2024-05-08T05:42:01.340 INFO:journalctl@ceph.mgr.x.smithi003.stdout:May 08 05:42:01 smithi003 ceph-708b9316-0cfd-11ef-bc97-c7b262605968-mgr-x[30370]:
2024-05-08T05:42:01.168+0000 7f6af9e7a200 -1 mgr[py] Module iostat has missing NOTIFY_TYPES member
2024-05-08T05:42:01.597 INFO:journalctl@ceph.mgr.x.smithi003.stdout:May 08 05:42:01 smithi003 ceph-708b9316-0cfd-11ef-bc97-c7b262605968-mgr-x[30370]:
2024-05-08T05:42:01.474+0000 7f6af9e7a200 -1 mgr[py] Module alerts has missing NOTIFY_TYPES member
2024-05-08T05:42:01.598 INFO:journalctl@ceph.mgr.x.smithi003.stdout:May 08 05:42:01 smithi003 ceph-708b9316-0cfd-11ef-bc97-c7b262605968-mgr-x[30370]:
2024-05-08T05:42:01.574+0000 7f6af9e7a200 -1 mgr[py] Module selftest has missing NOTIFY_TYPES member
2024-05-08T05:42:01.863 INFO:journalctl@ceph.mgr.x.smithi003.stdout:May 08 05:42:01 smithi003 ceph-708b9316-0cfd-11ef-bc97-c7b262605968-mgr-x[30370]:
2024-05-08T05:42:01.790+0000 7f6af9e7a200 -1 mgr[py] Module pg_autoscaler has missing NOTIFY_TYPES member
2024-05-08T05:42:02.117 INFO:journalctl@ceph.mon.a.smithi003.stdout:May 08 05:42:01 smithi003 ceph-mon[30137]: from='client.? 172.21.15.3:0/1900181617' entity='client.admin' cmd=[{"prefix": "mgr stat"}]: dispatch
2024-05-08T05:42:02.117 INFO:journalctl@ceph.mgr.x.smithi003.stdout:May 08 05:42:01 smithi003 ceph-708b9316-0cfd-11ef-bc97-c7b262605968-mgr-x[30370]:
2024-05-08T05:42:01.996+0000 7f6af9e7a200 -1 mgr[py] Module test_orchestrator has missing NOTIFY_TYPES member
2024-05-08T05:42:02.343 INFO:teuthology.orchestra.run.smithi003.stdout:/usr/bin/ceph: stdout {
2024-05-08T05:42:02.343 INFO:teuthology.orchestra.run.smithi003.stdout:/usr/bin/ceph: stdout "epoch": 5,
2024-05-08T05:42:02.343 INFO:teuthology.orchestra.run.smithi003.stdout:/usr/bin/ceph: stdout "available": true,
2024-05-08T05:42:02.343 INFO:teuthology.orchestra.run.smithi003.stdout:/usr/bin/ceph: stdout "active_name": "x",
2024-05-08T05:42:02.343 INFO:teuthology.orchestra.run.smithi003.stdout:/usr/bin/ceph: stdout "num_standby": 0
2024-05-08T05:42:02.344 INFO:teuthology.orchestra.run.smithi003.stdout:/usr/bin/ceph: stdout }
2024-05-08T05:42:02.344 INFO:teuthology.orchestra.run.smithi003.stdout:/usr/bin/ceph: stderr
2024-05-08T05:42:01.575+0000 7f88607a0700 1 Processor -- start
2024-05-08T05:42:02.344 INFO:teuthology.orchestra.run.smithi003.stdout:/usr/bin/ceph: stderr
2024-05-08T05:42:01.576+0000 7f88607a0700 1 -- start start
2024-05-08T05:42:02.344 INFO:teuthology.orchestra.run.smithi003.stdout:/usr/bin/ceph: stderr
2024-05-08T05:42:01.576+0000 7f88607a0700 1 --2- >> [v2:172.21.15.3:3300/0,v1:172.21.15.3:6789/0] conn(0x7f8858107c90 0x7f88581080b0 unknown :-1 s=NONE pgs=0 cs=0 l=0 rev1=0 crypto rx=0 tx=0 comp rx=0 tx=0).connect
2024-05-08T05:42:02.344 INFO:teuthology.orchestra.run.smithi003.stdout:/usr/bin/ceph: stderr
2024-05-08T05:42:01.576+0000 7f88607a0700 1 -- --> [v2:172.21.15.3:3300/0,v1:172.21.15.3:6789/0] -- mon_getmap magic: 0 -- 0x7f8858108680 con 0x7f8858107c90
2024-05-08T05:42:02.344 INFO:teuthology.orchestra.run.smithi003.stdout:/usr/bin/ceph: stderr
2024-05-08T05:42:01.576+0000 7f885e53c700 1 --2- >> [v2:172.21.15.3:3300/0,v1:172.21.15.3:6789/0] conn(0x7f8858107c90 0x7f88581080b0 unknown :-1 s=BANNER_CONNECTING pgs=0 cs=0 l=0 rev1=0 crypto rx=0 tx=0 comp rx=0 tx=0)._handle_peer_banner_payload supported=3 required=0
2024-05-08T05:42:02.344 INFO:teuthology.orchestra.run.smithi003.stdout:/usr/bin/ceph: stderr
2024-05-08T05:42:01.576+0000 7f885e53c700 1 --2- >> [v2:172.21.15.3:3300/0,v1:172.21.15.3:6789/0] conn(0x7f8858107c90 0x7f88581080b0 unknown :-1 s=HELLO_CONNECTING pgs=0 cs=0 l=0 rev1=1 crypto rx=0 tx=0 comp rx=0 tx=0).handle_hello peer v2:172.21.15.3:3300/0 says I am v2:172.21.15.3:57824/0 (socket says 172.21.15.3:57824)
2024-05-08T05:42:02.344 INFO:teuthology.orchestra.run.smithi003.stdout:/usr/bin/ceph: stderr
2024-05-08T05:42:01.576+0000 7f885e53c700 1 -- 172.21.15.3:0/467258058 learned_addr learned my addr 172.21.15.3:0/467258058 (peer_addr_for_me v2:172.21.15.3:0/0)
2024-05-08T05:42:02.344 INFO:teuthology.orchestra.run.smithi003.stdout:/usr/bin/ceph: stderr
2024-05-08T05:42:01.576+0000 7f885e53c700 1 -- 172.21.15.3:0/467258058 --> [v2:172.21.15.3:3300/0,v1:172.21.15.3:6789/0] -- mon_subscribe({config=0+,monmap=0+}) -- 0x7f8858108e90 con 0x7f8858107c90
2024-05-08T05:42:02.344 INFO:teuthology.orchestra.run.smithi003.stdout:/usr/bin/ceph: stderr
2024-05-08T05:42:01.577+0000 7f885e53c700 1 --2- 172.21.15.3:0/467258058 >> [v2:172.21.15.3:3300/0,v1:172.21.15.3:6789/0] conn(0x7f8858107c90 0x7f88581080b0 secure :-1 s=READY pgs=24 cs=0 l=1 rev1=1 crypto rx=0x7f88540098a0 tx=0x7f8854009bb0 comp rx=0 tx=0).ready entity=mon.0 client_cookie=e33e2d0e010aeb47 server_cookie=0 in_seq=0 out_seq=0
2024-05-08T05:42:02.344 INFO:teuthology.orchestra.run.smithi003.stdout:/usr/bin/ceph: stderr
2024-05-08T05:42:01.577+0000 7f885d53a700 1 -- 172.21.15.3:0/467258058 <== mon.0 v2:172.21.15.3:3300/0 1 ==== mon_map magic: 0 ==== 205+0+0 (secure 0 0 0) 0x7f8854004160 con 0x7f8858107c90
2024-05-08T05:42:02.344 INFO:teuthology.orchestra.run.smithi003.stdout:/usr/bin/ceph: stderr
2024-05-08T05:42:01.577+0000 7f885d53a700 1 -- 172.21.15.3:0/467258058 <== mon.0 v2:172.21.15.3:3300/0 2 ==== config(26 keys) ==== 1070+0+0 (secure 0 0 0) 0x7f8854004300 con 0x7f8858107c90
2024-05-08T05:42:02.344 INFO:teuthology.orchestra.run.smithi003.stdout:/usr/bin/ceph: stderr
2024-05-08T05:42:01.577+0000 7f885d53a700 1 -- 172.21.15.3:0/467258058 <== mon.0 v2:172.21.15.3:3300/0 3 ==== mon_map magic: 0 ==== 205+0+0 (secure 0 0 0) 0x7f8854011af0 con 0x7f8858107c90
2024-05-08T05:42:02.344 INFO:teuthology.orchestra.run.smithi003.stdout:/usr/bin/ceph: stderr
2024-05-08T05:42:01.577+0000 7f88607a0700 1 -- 172.21.15.3:0/467258058 >> [v2:172.21.15.3:3300/0,v1:172.21.15.3:6789/0] conn(0x7f8858107c90 msgr2=0x7f88581080b0 secure :-1 s=STATE_CONNECTION_ESTABLISHED l=1).mark_down
2024-05-08T05:42:02.345 INFO:teuthology.orchestra.run.smithi003.stdout:/usr/bin/ceph: stderr
2024-05-08T05:42:01.577+0000 7f88607a0700 1 --2- 172.21.15.3:0/467258058 >> [v2:172.21.15.3:3300/0,v1:172.21.15.3:6789/0] conn(0x7f8858107c90 0x7f88581080b0 secure :-1 s=READY pgs=24 cs=0 l=1 rev1=1 crypto rx=0x7f88540098a0 tx=0x7f8854009bb0 comp rx=0 tx=0).stop
2024-05-08T05:42:02.345 INFO:teuthology.orchestra.run.smithi003.stdout:/usr/bin/ceph: stderr
2024-05-08T05:42:01.577+0000 7f88607a0700 1 -- 172.21.15.3:0/467258058 shutdown_connections
2024-05-08T05:42:02.345 INFO:teuthology.orchestra.run.smithi003.stdout:/usr/bin/ceph: stderr
2024-05-08T05:42:01.577+0000 7f88607a0700 1 --2- 172.21.15.3:0/467258058 >> [v2:172.21.15.3:3300/0,v1:172.21.15.3:6789/0] conn(0x7f8858107c90 0x7f88581080b0 unknown :-1 s=CLOSED pgs=24 cs=0 l=1 rev1=1 crypto rx=0 tx=0 comp rx=0 tx=0).stop
2024-05-08T05:42:02.345 INFO:teuthology.orchestra.run.smithi003.stdout:/usr/bin/ceph: stderr
2024-05-08T05:42:01.577+0000 7f88607a0700 1 -- 172.21.15.3:0/467258058 >> 172.21.15.3:0/467258058 conn(0x7f8858103210 msgr2=0x7f8858105670 unknown :-1 s=STATE_NONE l=0).mark_down
2024-05-08T05:42:02.345 INFO:teuthology.orchestra.run.smithi003.stdout:/usr/bin/ceph: stderr
2024-05-08T05:42:01.578+0000 7f88607a0700 1 -- 172.21.15.3:0/467258058 shutdown_connections
2024-05-08T05:42:02.345 INFO:teuthology.orchestra.run.smithi003.stdout:/usr/bin/ceph: stderr
2024-05-08T05:42:01.578+0000 7f88607a0700 1 -- 172.21.15.3:0/467258058 wait complete.
2024-05-08T05:42:02.345 INFO:teuthology.orchestra.run.smithi003.stdout:/usr/bin/ceph: stderr
2024-05-08T05:42:01.578+0000 7f88607a0700 1 Processor -- start
2024-05-08T05:42:02.345 INFO:teuthology.orchestra.run.smithi003.stdout:/usr/bin/ceph: stderr
2024-05-08T05:42:01.578+0000 7f88607a0700 1 -- start start
2024-05-08T05:42:02.345 INFO:teuthology.orchestra.run.smithi003.stdout:/usr/bin/ceph: stderr
2024-05-08T05:42:01.578+0000 7f88607a0700 1 --2- >> [v2:172.21.15.3:3300/0,v1:172.21.15.3:6789/0] conn(0x7f8858107c90 0x7f8858192e00 unknown :-1 s=NONE pgs=0 cs=0 l=1 rev1=0 crypto rx=0 tx=0 comp rx=0 tx=0).connect
2024-05-08T05:42:02.345 INFO:teuthology.orchestra.run.smithi003.stdout:/usr/bin/ceph: stderr
2024-05-08T05:42:01.578+0000 7f88607a0700 1 -- --> [v2:172.21.15.3:3300/0,v1:172.21.15.3:6789/0] -- mon_getmap magic: 0 -- 0x7f885810c240 con 0x7f8858107c90
2024-05-08T05:42:02.345 INFO:teuthology.orchestra.run.smithi003.stdout:/usr/bin/ceph: stderr
2024-05-08T05:42:01.578+0000 7f885e53c700 1 --2- >> [v2:172.21.15.3:3300/0,v1:172.21.15.3:6789/0] conn(0x7f8858107c90 0x7f8858192e00 unknown :-1 s=BANNER_CONNECTING pgs=0 cs=0 l=1 rev1=0 crypto rx=0 tx=0 comp rx=0 tx=0)._handle_peer_banner_payload supported=3 required=0
2024-05-08T05:42:02.345 INFO:teuthology.orchestra.run.smithi003.stdout:/usr/bin/ceph: stderr
2024-05-08T05:42:01.578+0000 7f885e53c700 1 --2- >> [v2:172.21.15.3:3300/0,v1:172.21.15.3:6789/0] conn(0x7f8858107c90 0x7f8858192e00 unknown :-1 s=HELLO_CONNECTING pgs=0 cs=0 l=1 rev1=1 crypto rx=0 tx=0 comp rx=0 tx=0).handle_hello peer v2:172.21.15.3:3300/0 says I am v2:172.21.15.3:57834/0 (socket says 172.21.15.3:57834)
2024-05-08T05:42:02.345 INFO:teuthology.orchestra.run.smithi003.stdout:/usr/bin/ceph: stderr
2024-05-08T05:42:01.578+0000 7f885e53c700 1 -- 172.21.15.3:0/1900181617 learned_addr learned my addr 172.21.15.3:0/1900181617 (peer_addr_for_me v2:172.21.15.3:0/0)
2024-05-08T05:42:02.346 INFO:teuthology.orchestra.run.smithi003.stdout:/usr/bin/ceph: stderr
2024-05-08T05:42:01.579+0000 7f885e53c700 1 -- 172.21.15.3:0/1900181617 --> [v2:172.21.15.3:3300/0,v1:172.21.15.3:6789/0] -- mon_subscribe({config=0+,monmap=0+}) -- 0x7f8858193340 con 0x7f8858107c90
2024-05-08T05:42:02.346 INFO:teuthology.orchestra.run.smithi003.stdout:/usr/bin/ceph: stderr
2024-05-08T05:42:01.579+0000 7f885e53c700 1 --2- 172.21.15.3:0/1900181617 >> [v2:172.21.15.3:3300/0,v1:172.21.15.3:6789/0] conn(0x7f8858107c90 0x7f8858192e00 secure :-1 s=READY pgs=25 cs=0 l=1 rev1=1 crypto rx=0x7f8854000c00 tx=0x7f8854011b70 comp rx=0 tx=0).ready entity=mon.0 client_cookie=0 server_cookie=0 in_seq=0 out_seq=0
2024-05-08T05:42:02.346 INFO:teuthology.orchestra.run.smithi003.stdout:/usr/bin/ceph: stderr
2024-05-08T05:42:01.579+0000 7f884f7fe700 1 -- 172.21.15.3:0/1900181617 <== mon.0 v2:172.21.15.3:3300/0 1 ==== mon_map magic: 0 ==== 205+0+0 (secure 0 0 0) 0x7f8854003b20 con 0x7f8858107c90
2024-05-08T05:42:02.346 INFO:teuthology.orchestra.run.smithi003.stdout:/usr/bin/ceph: stderr
2024-05-08T05:42:01.579+0000 7f884f7fe700 1 -- 172.21.15.3:0/1900181617 <== mon.0 v2:172.21.15.3:3300/0 2 ==== config(26 keys) ==== 1070+0+0 (secure 0 0 0) 0x7f885401a8c0 con 0x7f8858107c90
2024-05-08T05:42:02.346 INFO:teuthology.orchestra.run.smithi003.stdout:/usr/bin/ceph: stderr
2024-05-08T05:42:01.579+0000 7f88607a0700 1 -- 172.21.15.3:0/1900181617 --> [v2:172.21.15.3:3300/0,v1:172.21.15.3:6789/0] -- mon_subscribe({mgrmap=0+}) -- 0x7f8858191530 con 0x7f8858107c90
2024-05-08T05:42:02.346 INFO:teuthology.orchestra.run.smithi003.stdout:/usr/bin/ceph: stderr
2024-05-08T05:42:01.579+0000 7f884f7fe700 1 -- 172.21.15.3:0/1900181617 <== mon.0 v2:172.21.15.3:3300/0 3 ==== mon_map magic: 0 ==== 205+0+0 (secure 0 0 0) 0x7f8854024940 con 0x7f8858107c90
2024-05-08T05:42:02.346 INFO:teuthology.orchestra.run.smithi003.stdout:/usr/bin/ceph: stderr
2024-05-08T05:42:01.579+0000 7f88607a0700 1 -- 172.21.15.3:0/1900181617 --> [v2:172.21.15.3:3300/0,v1:172.21.15.3:6789/0] -- mon_subscribe({osdmap=0}) -- 0x7f8858191a70 con 0x7f8858107c90
2024-05-08T05:42:02.346 INFO:teuthology.orchestra.run.smithi003.stdout:/usr/bin/ceph: stderr
2024-05-08T05:42:01.580+0000 7f88607a0700 1 -- 172.21.15.3:0/1900181617 --> [v2:172.21.15.3:3300/0,v1:172.21.15.3:6789/0] -- mon_command({"prefix": "get_command_descriptions"} v 0) -- 0x7f8858064b00 con 0x7f8858107c90
2024-05-08T05:42:02.346 INFO:teuthology.orchestra.run.smithi003.stdout:/usr/bin/ceph: stderr
2024-05-08T05:42:01.580+0000 7f884f7fe700 1 -- 172.21.15.3:0/1900181617 <== mon.0 v2:172.21.15.3:3300/0 4 ==== mgrmap(e 5) ==== 50222+0+0 (secure 0 0 0) 0x7f8854022020 con 0x7f8858107c90
2024-05-08T05:42:02.346 INFO:teuthology.orchestra.run.smithi003.stdout:/usr/bin/ceph: stderr
2024-05-08T05:42:01.581+0000 7f884f7fe700 1 --2- 172.21.15.3:0/1900181617 >> [v2:172.21.15.3:6800/3412581798,v1:172.21.15.3:6801/3412581798] conn(0x7f884403e470 0x7f8844040930 unknown :-1 s=NONE pgs=0 cs=0 l=1 rev1=0 crypto rx=0 tx=0 comp rx=0 tx=0).connect
2024-05-08T05:42:02.346 INFO:teuthology.orchestra.run.smithi003.stdout:/usr/bin/ceph: stderr
2024-05-08T05:42:01.581+0000 7f885dd3b700 1 -- 172.21.15.3:0/1900181617 >> [v2:172.21.15.3:6800/3412581798,v1:172.21.15.3:6801/3412581798] conn(0x7f884403e470 msgr2=0x7f8844040930 unknown :-1 s=STATE_CONNECTING_RE l=1).process reconnect failed to v2:172.21.15.3:6800/3412581798
2024-05-08T05:42:02.346 INFO:teuthology.orchestra.run.smithi003.stdout:/usr/bin/ceph: stderr
2024-05-08T05:42:01.581+0000 7f884f7fe700 1 -- 172.21.15.3:0/1900181617 <== mon.0 v2:172.21.15.3:3300/0 5 ==== osd_map(1..1 src has 1..1) ==== 725+0+0 (secure 0 0 0) 0x7f8854053410 con 0x7f8858107c90
2024-05-08T05:42:02.346 INFO:teuthology.orchestra.run.smithi003.stdout:/usr/bin/ceph: stderr
2024-05-08T05:42:01.581+0000 7f885dd3b700 1 --2- 172.21.15.3:0/1900181617 >> [v2:172.21.15.3:6800/3412581798,v1:172.21.15.3:6801/3412581798] conn(0x7f884403e470 0x7f8844040930 unknown :-1 s=START_CONNECT pgs=0 cs=0 l=1 rev1=0 crypto rx=0 tx=0 comp rx=0 tx=0)._fault waiting 0.200000
2024-05-08T05:42:02.347 INFO:teuthology.orchestra.run.smithi003.stdout:/usr/bin/ceph: stderr
2024-05-08T05:42:01.586+0000 7f884f7fe700 1 -- 172.21.15.3:0/1900181617 <== mon.0 v2:172.21.15.3:3300/0 6 ==== mon_command_ack([{"prefix": "get_command_descriptions"}]=0 v0) ==== 72+0+191963 (secure 0 0 0) 0x7f88540042a0 con 0x7f8858107c90
2024-05-08T05:42:02.347 INFO:teuthology.orchestra.run.smithi003.stdout:/usr/bin/ceph: stderr
2024-05-08T05:42:01.782+0000 7f885dd3b700 1 -- 172.21.15.3:0/1900181617 >> [v2:172.21.15.3:6800/3412581798,v1:172.21.15.3:6801/3412581798] conn(0x7f884403e470 msgr2=0x7f8844040930 unknown :-1 s=STATE_CONNECTING_RE l=1).process reconnect failed to v2:172.21.15.3:6800/3412581798
2024-05-08T05:42:02.347 INFO:teuthology.orchestra.run.smithi003.stdout:/usr/bin/ceph: stderr
2024-05-08T05:42:01.782+0000 7f885dd3b700 1 --2- 172.21.15.3:0/1900181617 >> [v2:172.21.15.3:6800/3412581798,v1:172.21.15.3:6801/3412581798] conn(0x7f884403e470 0x7f8844040930 unknown :-1 s=START_CONNECT pgs=0 cs=0 l=1 rev1=0 crypto rx=0 tx=0 comp rx=0 tx=0)._fault waiting 0.400000
2024-05-08T05:42:02.347 INFO:teuthology.orchestra.run.smithi003.stdout:/usr/bin/ceph: stderr
2024-05-08T05:42:01.862+0000 7f88607a0700 1 -- 172.21.15.3:0/1900181617 --> [v2:172.21.15.3:3300/0,v1:172.21.15.3:6789/0] -- mon_command({"prefix": "mgr stat"} v 0) -- 0x7f8858196b80 con 0x7f8858107c90
2024-05-08T05:42:02.347 INFO:teuthology.orchestra.run.smithi003.stdout:/usr/bin/ceph: stderr
2024-05-08T05:42:01.863+0000 7f884f7fe700 1 -- 172.21.15.3:0/1900181617 <== mon.0 v2:172.21.15.3:3300/0 7 ==== mon_command_ack([{"prefix": "mgr stat"}]=0 v5) ==== 56+0+88 (secure 0 0 0) 0x7f88540212c0 con 0x7f8858107c90
2024-05-08T05:42:02.347 INFO:teuthology.orchestra.run.smithi003.stdout:/usr/bin/ceph: stderr
2024-05-08T05:42:01.865+0000 7f88607a0700 1 -- 172.21.15.3:0/1900181617 >> [v2:172.21.15.3:6800/3412581798,v1:172.21.15.3:6801/3412581798] conn(0x7f884403e470 msgr2=0x7f8844040930 unknown :-1 s=STATE_CONNECTING l=1).mark_down
2024-05-08T05:42:02.347 INFO:teuthology.orchestra.run.smithi003.stdout:/usr/bin/ceph: stderr
2024-05-08T05:42:01.865+0000 7f88607a0700 1 --2- 172.21.15.3:0/1900181617 >> [v2:172.21.15.3:6800/3412581798,v1:172.21.15.3:6801/3412581798] conn(0x7f884403e470 0x7f8844040930 unknown :-1 s=START_CONNECT pgs=0 cs=0 l=1 rev1=0 crypto rx=0 tx=0 comp rx=0 tx=0).stop
2024-05-08T05:42:02.347 INFO:teuthology.orchestra.run.smithi003.stdout:/usr/bin/ceph: stderr
2024-05-08T05:42:01.865+0000 7f88607a0700 1 -- 172.21.15.3:0/1900181617 >> [v2:172.21.15.3:3300/0,v1:172.21.15.3:6789/0] conn(0x7f8858107c90 msgr2=0x7f8858192e00 secure :-1 s=STATE_CONNECTION_ESTABLISHED l=1).mark_down
2024-05-08T05:42:02.347 INFO:teuthology.orchestra.run.smithi003.stdout:/usr/bin/ceph: stderr
2024-05-08T05:42:01.865+0000 7f88607a0700 1 --2- 172.21.15.3:0/1900181617 >> [v2:172.21.15.3:3300/0,v1:172.21.15.3:6789/0] conn(0x7f8858107c90 0x7f8858192e00 secure :-1 s=READY pgs=25 cs=0 l=1 rev1=1 crypto rx=0x7f8854000c00 tx=0x7f8854011b70 comp rx=0 tx=0).stop
2024-05-08T05:42:02.347 INFO:teuthology.orchestra.run.smithi003.stdout:/usr/bin/ceph: stderr
2024-05-08T05:42:01.866+0000 7f88607a0700 1 -- 172.21.15.3:0/1900181617 shutdown_connections
2024-05-08T05:42:02.347 INFO:teuthology.orchestra.run.smithi003.stdout:/usr/bin/ceph: stderr
2024-05-08T05:42:01.866+0000 7f88607a0700 1 --2- 172.21.15.3:0/1900181617 >> [v2:172.21.15.3:6800/3412581798,v1:172.21.15.3:6801/3412581798] conn(0x7f884403e470 0x7f8844040930 unknown :-1 s=CLOSED pgs=0 cs=0 l=1 rev1=0 crypto rx=0 tx=0 comp rx=0 tx=0).stop
2024-05-08T05:42:02.347 INFO:teuthology.orchestra.run.smithi003.stdout:/usr/bin/ceph: stderr
2024-05-08T05:42:01.866+0000 7f88607a0700 1 --2- 172.21.15.3:0/1900181617 >> [v2:172.21.15.3:3300/0,v1:172.21.15.3:6789/0] conn(0x7f8858107c90 0x7f8858192e00 unknown :-1 s=CLOSED pgs=25 cs=0 l=1 rev1=1 crypto rx=0 tx=0 comp rx=0 tx=0).stop
2024-05-08T05:42:02.347 INFO:teuthology.orchestra.run.smithi003.stdout:/usr/bin/ceph: stderr
2024-05-08T05:42:01.866+0000 7f88607a0700 1 -- 172.21.15.3:0/1900181617 >> 172.21.15.3:0/1900181617 conn(0x7f8858103210 msgr2=0x7f88581040f0 unknown :-1 s=STATE_NONE l=0).mark_down
2024-05-08T05:42:02.347 INFO:teuthology.orchestra.run.smithi003.stdout:/usr/bin/ceph: stderr
2024-05-08T05:42:01.866+0000 7f88607a0700 1 -- 172.21.15.3:0/1900181617 shutdown_connections
2024-05-08T05:42:02.348 INFO:teuthology.orchestra.run.smithi003.stdout:/usr/bin/ceph: stderr
2024-05-08T05:42:01.866+0000 7f88607a0700 1 -- 172.21.15.3:0/1900181617 wait complete.
2024-05-08T05:42:02.348 INFO:teuthology.orchestra.run.smithi003.stdout:Waiting for the mgr to restart...
2024-05-08T05:42:02.348 INFO:teuthology.orchestra.run.smithi003.stdout:Waiting for mgr epoch 5...
2024-05-08T05:42:02.753 INFO:journalctl@ceph.mgr.x.smithi003.stdout:May 08 05:42:02 smithi003 ceph-708b9316-0cfd-11ef-bc97-c7b262605968-mgr-x[30370]:
2024-05-08T05:42:02.644+0000 7f6af9e7a200 -1 mgr[py] Module rook has missing NOTIFY_TYPES member
2024-05-08T05:42:03.160 INFO:journalctl@ceph.mgr.x.smithi003.stdout:May 08 05:42:02 smithi003 ceph-708b9316-0cfd-11ef-bc97-c7b262605968-mgr-x[30370]:
2024-05-08T05:42:02.888+0000 7f6af9e7a200 -1 mgr[py] Module smb has missing NOTIFY_TYPES member
2024-05-08T05:42:03.660 INFO:journalctl@ceph.mgr.x.smithi003.stdout:May 08 05:42:03 smithi003 ceph-708b9316-0cfd-11ef-bc97-c7b262605968-mgr-x[30370]:
2024-05-08T05:42:03.331+0000 7f6af9e7a200 -1 mgr[py] Module volumes has missing NOTIFY_TYPES member
2024-05-08T05:42:03.660 INFO:journalctl@ceph.mgr.x.smithi003.stdout:May 08 05:42:03 smithi003 ceph-708b9316-0cfd-11ef-bc97-c7b262605968-mgr-x[30370]:
2024-05-08T05:42:03.432+0000 7f6af9e7a200 -1 mgr[py] Module crash has missing NOTIFY_TYPES member
2024-05-08T05:42:04.160 INFO:journalctl@ceph.mgr.x.smithi003.stdout:May 08 05:42:03 smithi003 ceph-708b9316-0cfd-11ef-bc97-c7b262605968-mgr-x[30370]:
2024-05-08T05:42:03.817+0000 7f6af9e7a200 -1 mgr[py] Module rgw has missing NOTIFY_TYPES member
2024-05-08T05:42:04.544 INFO:journalctl@ceph.mgr.x.smithi003.stdout:May 08 05:42:04 smithi003 ceph-708b9316-0cfd-11ef-bc97-c7b262605968-mgr-x[30370]:
2024-05-08T05:42:04.192+0000 7f6af9e7a200 -1 mgr[py] Module prometheus has missing NOTIFY_TYPES member
2024-05-08T05:42:04.544 INFO:journalctl@ceph.mgr.x.smithi003.stdout:May 08 05:42:04 smithi003 ceph-708b9316-0cfd-11ef-bc97-c7b262605968-mgr-x[30370]:
2024-05-08T05:42:04.289+0000 7f6af9e7a200 -1 mgr[py] Module devicehealth has missing NOTIFY_TYPES member
2024-05-08T05:42:04.910 INFO:journalctl@ceph.mgr.x.smithi003.stdout:May 08 05:42:04 smithi003 ceph-708b9316-0cfd-11ef-bc97-c7b262605968-mgr-x[30370]:
2024-05-08T05:42:04.544+0000 7f6af9e7a200 -1 mgr[py] Module telemetry has missing NOTIFY_TYPES member
2024-05-08T05:42:04.910 INFO:journalctl@ceph.mgr.x.smithi003.stdout:May 08 05:42:04 smithi003 ceph-708b9316-0cfd-11ef-bc97-c7b262605968-mgr-x[30370]:
2024-05-08T05:42:04.684+0000 7f6af9e7a200 -1 mgr[py] Module diskprediction_local has missing NOTIFY_TYPES member
2024-05-08T05:42:04.910 INFO:journalctl@ceph.mgr.x.smithi003.stdout:May 08 05:42:04 smithi003 ceph-708b9316-0cfd-11ef-bc97-c7b262605968-mgr-x[30370]:
2024-05-08T05:42:04.784+0000 7f6af9e7a200 -1 mgr[py] Module osd_perf_query has missing NOTIFY_TYPES member
2024-05-08T05:42:05.410 INFO:journalctl@ceph.mgr.x.smithi003.stdout:May 08 05:42:05 smithi003 ceph-708b9316-0cfd-11ef-bc97-c7b262605968-mgr-x[30370]:
2024-05-08T05:42:05.122+0000 7f6af9e7a200 -1 mgr[py] Module rbd_support has missing NOTIFY_TYPES member
2024-05-08T05:42:05.410 INFO:journalctl@ceph.mgr.x.smithi003.stdout:May 08 05:42:05 smithi003 ceph-708b9316-0cfd-11ef-bc97-c7b262605968-mgr-x[30370]:
2024-05-08T05:42:05.219+0000 7f6af9e7a200 -1 mgr[py] Module zabbix has missing NOTIFY_TYPES member
2024-05-08T05:42:06.080 INFO:journalctl@ceph.mgr.x.smithi003.stdout:May 08 05:42:05 smithi003 ceph-708b9316-0cfd-11ef-bc97-c7b262605968-mgr-x[30370]:
2024-05-08T05:42:05.852+0000 7f6af9e7a200 -1 mgr[py] Module status has missing NOTIFY_TYPES member
2024-05-08T05:42:06.080 INFO:journalctl@ceph.mgr.x.smithi003.stdout:May 08 05:42:06 smithi003 ceph-708b9316-0cfd-11ef-bc97-c7b262605968-mgr-x[30370]:
2024-05-08T05:42:06.079+0000 7f6af9e7a200 -1 mgr[py] Module nfs has missing NOTIFY_TYPES member
2024-05-08T05:42:06.410 INFO:journalctl@ceph.mon.a.smithi003.stdout:May 08 05:42:06 smithi003 ceph-mon[30137]: Active manager daemon x restarted
2024-05-08T05:42:06.410 INFO:journalctl@ceph.mon.a.smithi003.stdout:May 08 05:42:06 smithi003 ceph-mon[30137]: Activating manager daemon x
2024-05-08T05:42:06.410 INFO:journalctl@ceph.mon.a.smithi003.stdout:May 08 05:42:06 smithi003 ceph-mon[30137]: osdmap e2: 0 total, 0 up, 0 in
2024-05-08T05:42:06.410 INFO:journalctl@ceph.mon.a.smithi003.stdout:May 08 05:42:06 smithi003 ceph-mon[30137]: mgrmap e6: x(active, starting, since 0.00354078s)
2024-05-08T05:42:06.410 INFO:journalctl@ceph.mon.a.smithi003.stdout:May 08 05:42:06 smithi003 ceph-mon[30137]: from='mgr.14118 172.21.15.3:0/3139377699' entity='mgr.x' cmd=[{"prefix": "mon metadata", "id": "a"}]: dispatch
2024-05-08T05:42:06.410 INFO:journalctl@ceph.mon.a.smithi003.stdout:May 08 05:42:06 smithi003 ceph-mon[30137]: from='mgr.14118 172.21.15.3:0/3139377699' entity='mgr.x' cmd=[{"prefix": "mgr metadata", "who": "x", "id": "x"}]: dispatch
2024-05-08T05:42:06.410 INFO:journalctl@ceph.mon.a.smithi003.stdout:May 08 05:42:06 smithi003 ceph-mon[30137]: from='mgr.14118 172.21.15.3:0/3139377699' entity='mgr.x' cmd=[{"prefix": "mds metadata"}]: dispatch
2024-05-08T05:42:06.411 INFO:journalctl@ceph.mon.a.smithi003.stdout:May 08 05:42:06 smithi003 ceph-mon[30137]: from='mgr.14118 172.21.15.3:0/3139377699' entity='mgr.x' cmd=[{"prefix": "osd metadata"}]: dispatch
2024-05-08T05:42:06.411 INFO:journalctl@ceph.mon.a.smithi003.stdout:May 08 05:42:06 smithi003 ceph-mon[30137]: from='mgr.14118 172.21.15.3:0/3139377699' entity='mgr.x' cmd=[{"prefix": "mon metadata"}]: dispatch
2024-05-08T05:42:06.411 INFO:journalctl@ceph.mon.a.smithi003.stdout:May 08 05:42:06 smithi003 ceph-mon[30137]: Manager daemon x is now available
2024-05-08T05:42:06.411 INFO:journalctl@ceph.mon.a.smithi003.stdout:May 08 05:42:06 smithi003 ceph-mon[30137]: from='mgr.14118 172.21.15.3:0/3139377699' entity='mgr.x'
2024-05-08T05:42:06.411 INFO:journalctl@ceph.mon.a.smithi003.stdout:May 08 05:42:06 smithi003 ceph-mon[30137]: from='mgr.14118 172.21.15.3:0/3139377699' entity='mgr.x'
2024-05-08T05:42:06.411 INFO:journalctl@ceph.mon.a.smithi003.stdout:May 08 05:42:06 smithi003 ceph-mon[30137]: from='mgr.14118 172.21.15.3:0/3139377699' entity='mgr.x' cmd=[{"prefix": "config dump", "format": "json"}]: dispatch
2024-05-08T05:42:06.411 INFO:journalctl@ceph.mon.a.smithi003.stdout:May 08 05:42:06 smithi003 ceph-mon[30137]: from='mgr.14118 172.21.15.3:0/3139377699' entity='mgr.x' cmd=[{"prefix": "config dump", "format": "json"}]: dispatch
2024-05-08T05:42:07.407 INFO:journalctl@ceph.mon.a.smithi003.stdout:May 08 05:42:07 smithi003 ceph-mon[30137]: Found migration_current of "None". Setting to last migration.
2024-05-08T05:42:07.407 INFO:journalctl@ceph.mon.a.smithi003.stdout:May 08 05:42:07 smithi003 ceph-mon[30137]: from='mgr.14118 172.21.15.3:0/3139377699' entity='mgr.x' cmd=[{"prefix":"config rm","who":"mgr","name":"mgr/rbd_support/x/mirror_snapshot_schedule"}]: dispatch
2024-05-08T05:42:07.407 INFO:journalctl@ceph.mon.a.smithi003.stdout:May 08 05:42:07 smithi003 ceph-mon[30137]: from='mgr.14118 172.21.15.3:0/3139377699' entity='mgr.x' cmd=[{"prefix":"config rm","who":"mgr","name":"mgr/rbd_support/x/trash_purge_schedule"}]: dispatch
2024-05-08T05:42:07.407 INFO:journalctl@ceph.mon.a.smithi003.stdout:May 08 05:42:07 smithi003 ceph-mon[30137]: from='mgr.14118 172.21.15.3:0/3139377699' entity='mgr.x'
2024-05-08T05:42:07.407 INFO:journalctl@ceph.mon.a.smithi003.stdout:May 08 05:42:07 smithi003 ceph-mon[30137]: from='mgr.14118 172.21.15.3:0/3139377699' entity='mgr.x'
2024-05-08T05:42:07.407 INFO:journalctl@ceph.mon.a.smithi003.stdout:May 08 05:42:07 smithi003 ceph-mon[30137]: [08/May/2024:05:42:06] ENGINE Bus STARTING
2024-05-08T05:42:07.407 INFO:journalctl@ceph.mon.a.smithi003.stdout:May 08 05:42:07 smithi003 ceph-mon[30137]: [08/May/2024:05:42:06] ENGINE Serving on http://172.21.15.3:8765
2024-05-08T05:42:07.407 INFO:journalctl@ceph.mon.a.smithi003.stdout:May 08 05:42:07 smithi003 ceph-mon[30137]: from='mgr.14118 172.21.15.3:0/3139377699' entity='mgr.x' cmd=[{"prefix": "config dump", "format": "json"}]: dispatch
2024-05-08T05:42:07.407 INFO:journalctl@ceph.mon.a.smithi003.stdout:May 08 05:42:07 smithi003 ceph-mon[30137]: mgrmap e7: x(active, since 1.00743s)
2024-05-08T05:42:07.700 INFO:teuthology.orchestra.run.smithi003.stdout:/usr/bin/ceph: stdout {
2024-05-08T05:42:07.701 INFO:teuthology.orchestra.run.smithi003.stdout:/usr/bin/ceph: stdout "mgrmap_epoch": 7,
2024-05-08T05:42:07.701 INFO:teuthology.orchestra.run.smithi003.stdout:/usr/bin/ceph: stdout "initialized": true
2024-05-08T05:42:07.701 INFO:teuthology.orchestra.run.smithi003.stdout:/usr/bin/ceph: stdout }
2024-05-08T05:42:07.701 INFO:teuthology.orchestra.run.smithi003.stdout:/usr/bin/ceph: stderr
2024-05-08T05:42:02.780+0000 7fdd91d14700 1 Processor -- start
2024-05-08T05:42:07.701 INFO:teuthology.orchestra.run.smithi003.stdout:/usr/bin/ceph: stderr
2024-05-08T05:42:02.780+0000 7fdd91d14700 1 -- start start
2024-05-08T05:42:07.701 INFO:teuthology.orchestra.run.smithi003.stdout:/usr/bin/ceph: stderr
2024-05-08T05:42:02.781+0000 7fdd91d14700 1 --2- >> [v2:172.21.15.3:3300/0,v1:172.21.15.3:6789/0] conn(0x7fdd8c108de0 0x7fdd8c109200 unknown :-1 s=NONE pgs=0 cs=0 l=0 rev1=0 crypto rx=0 tx=0 comp rx=0 tx=0).connect
2024-05-08T05:42:07.701 INFO:teuthology.orchestra.run.smithi003.stdout:/usr/bin/ceph: stderr
2024-05-08T05:42:02.781+0000 7fdd91d14700 1 -- --> [v2:172.21.15.3:3300/0,v1:172.21.15.3:6789/0] -- mon_getmap magic: 0 -- 0x7fdd8c1097d0 con 0x7fdd8c108de0
2024-05-08T05:42:07.701 INFO:teuthology.orchestra.run.smithi003.stdout:/usr/bin/ceph: stderr
2024-05-08T05:42:02.781+0000 7fdd8b7fe700 1 --2- >> [v2:172.21.15.3:3300/0,v1:172.21.15.3:6789/0] conn(0x7fdd8c108de0 0x7fdd8c109200 unknown :-1 s=BANNER_CONNECTING pgs=0 cs=0 l=0 rev1=0 crypto rx=0 tx=0 comp rx=0 tx=0)._handle_peer_banner_payload supported=3 required=0
2024-05-08T05:42:07.701 INFO:teuthology.orchestra.run.smithi003.stdout:/usr/bin/ceph: stderr
2024-05-08T05:42:02.781+0000 7fdd8b7fe700 1 --2- >> [v2:172.21.15.3:3300/0,v1:172.21.15.3:6789/0] conn(0x7fdd8c108de0 0x7fdd8c109200 unknown :-1 s=HELLO_CONNECTING pgs=0 cs=0 l=0 rev1=1 crypto rx=0 tx=0 comp rx=0 tx=0).handle_hello peer v2:172.21.15.3:3300/0 says I am v2:172.21.15.3:35284/0 (socket says 172.21.15.3:35284)
2024-05-08T05:42:07.701 INFO:teuthology.orchestra.run.smithi003.stdout:/usr/bin/ceph: stderr
2024-05-08T05:42:02.781+0000 7fdd8b7fe700 1 -- 172.21.15.3:0/2685234063 learned_addr learned my addr 172.21.15.3:0/2685234063 (peer_addr_for_me v2:172.21.15.3:0/0)
2024-05-08T05:42:07.701 INFO:teuthology.orchestra.run.smithi003.stdout:/usr/bin/ceph: stderr
2024-05-08T05:42:02.781+0000 7fdd8b7fe700 1 -- 172.21.15.3:0/2685234063 --> [v2:172.21.15.3:3300/0,v1:172.21.15.3:6789/0] -- mon_subscribe({config=0+,monmap=0+}) -- 0x7fdd8c109fe0 con 0x7fdd8c108de0
2024-05-08T05:42:07.701 INFO:teuthology.orchestra.run.smithi003.stdout:/usr/bin/ceph: stderr
2024-05-08T05:42:02.781+0000 7fdd8b7fe700 1 --2- 172.21.15.3:0/2685234063 >> [v2:172.21.15.3:3300/0,v1:172.21.15.3:6789/0] conn(0x7fdd8c108de0 0x7fdd8c109200 secure :-1 s=READY pgs=26 cs=0 l=1 rev1=1 crypto rx=0x7fdd740098a0 tx=0x7fdd74009bb0 comp rx=0 tx=0).ready entity=mon.0 client_cookie=2393feb1041cd9f5 server_cookie=0 in_seq=0 out_seq=0
2024-05-08T05:42:07.701 INFO:teuthology.orchestra.run.smithi003.stdout:/usr/bin/ceph: stderr
2024-05-08T05:42:02.781+0000 7fdd8a7fc700 1 -- 172.21.15.3:0/2685234063 <== mon.0 v2:172.21.15.3:3300/0 1 ==== mon_map magic: 0 ==== 205+0+0 (secure 0 0 0) 0x7fdd74004160 con 0x7fdd8c108de0
2024-05-08T05:42:07.701 INFO:teuthology.orchestra.run.smithi003.stdout:/usr/bin/ceph: stderr
2024-05-08T05:42:02.782+0000 7fdd8a7fc700 1 -- 172.21.15.3:0/2685234063 <== mon.0 v2:172.21.15.3:3300/0 2 ==== config(26 keys) ==== 1070+0+0 (secure 0 0 0) 0x7fdd74004300 con 0x7fdd8c108de0
2024-05-08T05:42:07.702 INFO:teuthology.orchestra.run.smithi003.stdout:/usr/bin/ceph: stderr
2024-05-08T05:42:02.782+0000 7fdd8a7fc700 1 -- 172.21.15.3:0/2685234063 <== mon.0 v2:172.21.15.3:3300/0 3 ==== mon_map magic: 0 ==== 205+0+0 (secure 0 0 0) 0x7fdd74011af0 con 0x7fdd8c108de0
2024-05-08T05:42:07.702 INFO:teuthology.orchestra.run.smithi003.stdout:/usr/bin/ceph: stderr
2024-05-08T05:42:02.782+0000 7fdd91d14700 1 -- 172.21.15.3:0/2685234063 >> [v2:172.21.15.3:3300/0,v1:172.21.15.3:6789/0] conn(0x7fdd8c108de0 msgr2=0x7fdd8c109200 secure :-1 s=STATE_CONNECTION_ESTABLISHED l=1).mark_down
2024-05-08T05:42:07.702 INFO:teuthology.orchestra.run.smithi003.stdout:/usr/bin/ceph: stderr
2024-05-08T05:42:02.782+0000 7fdd91d14700 1 --2- 172.21.15.3:0/2685234063 >> [v2:172.21.15.3:3300/0,v1:172.21.15.3:6789/0] conn(0x7fdd8c108de0 0x7fdd8c109200 secure :-1 s=READY pgs=26 cs=0 l=1 rev1=1 crypto rx=0x7fdd740098a0 tx=0x7fdd74009bb0 comp rx=0 tx=0).stop
2024-05-08T05:42:07.702 INFO:teuthology.orchestra.run.smithi003.stdout:/usr/bin/ceph: stderr
2024-05-08T05:42:02.782+0000 7fdd91d14700 1 -- 172.21.15.3:0/2685234063 shutdown_connections
2024-05-08T05:42:07.702 INFO:teuthology.orchestra.run.smithi003.stdout:/usr/bin/ceph: stderr
2024-05-08T05:42:02.782+0000 7fdd91d14700 1 --2- 172.21.15.3:0/2685234063 >> [v2:172.21.15.3:3300/0,v1:172.21.15.3:6789/0] conn(0x7fdd8c108de0 0x7fdd8c109200 unknown :-1 s=CLOSED pgs=26 cs=0 l=1 rev1=1 crypto rx=0 tx=0 comp rx=0 tx=0).stop
2024-05-08T05:42:07.702 INFO:teuthology.orchestra.run.smithi003.stdout:/usr/bin/ceph: stderr
2024-05-08T05:42:02.782+0000 7fdd91d14700 1 -- 172.21.15.3:0/2685234063 >> 172.21.15.3:0/2685234063 conn(0x7fdd8c1043a0 msgr2=0x7fdd8c1067c0 unknown :-1 s=STATE_NONE l=0).mark_down
2024-05-08T05:42:07.702 INFO:teuthology.orchestra.run.smithi003.stdout:/usr/bin/ceph: stderr
2024-05-08T05:42:02.782+0000 7fdd91d14700 1 -- 172.21.15.3:0/2685234063 shutdown_connections
2024-05-08T05:42:07.702 INFO:teuthology.orchestra.run.smithi003.stdout:/usr/bin/ceph: stderr
2024-05-08T05:42:02.782+0000 7fdd91d14700 1 -- 172.21.15.3:0/2685234063 wait complete.
2024-05-08T05:42:07.702 INFO:teuthology.orchestra.run.smithi003.stdout:/usr/bin/ceph: stderr
2024-05-08T05:42:02.783+0000 7fdd91d14700 1 Processor -- start
2024-05-08T05:42:07.702 INFO:teuthology.orchestra.run.smithi003.stdout:/usr/bin/ceph: stderr
2024-05-08T05:42:02.783+0000 7fdd91d14700 1 -- start start
2024-05-08T05:42:07.702 INFO:teuthology.orchestra.run.smithi003.stdout:/usr/bin/ceph: stderr
2024-05-08T05:42:02.783+0000 7fdd91d14700 1 --2- >> [v2:172.21.15.3:3300/0,v1:172.21.15.3:6789/0] conn(0x7fdd8c108de0 0x7fdd8c19cd50 unknown :-1 s=NONE pgs=0 cs=0 l=1 rev1=0 crypto rx=0 tx=0 comp rx=0 tx=0).connect
2024-05-08T05:42:07.702 INFO:teuthology.orchestra.run.smithi003.stdout:/usr/bin/ceph: stderr
2024-05-08T05:42:02.783+0000 7fdd91d14700 1 -- --> [v2:172.21.15.3:3300/0,v1:172.21.15.3:6789/0] -- mon_getmap magic: 0 -- 0x7fdd8c10d390 con 0x7fdd8c108de0
2024-05-08T05:42:07.702 INFO:teuthology.orchestra.run.smithi003.stdout:/usr/bin/ceph: stderr
2024-05-08T05:42:02.783+0000 7fdd8b7fe700 1 --2- >> [v2:172.21.15.3:3300/0,v1:172.21.15.3:6789/0] conn(0x7fdd8c108de0 0x7fdd8c19cd50 unknown :-1 s=BANNER_CONNECTING pgs=0 cs=0 l=1 rev1=0 crypto rx=0 tx=0 comp rx=0 tx=0)._handle_peer_banner_payload supported=3 required=0
2024-05-08T05:42:07.703 INFO:teuthology.orchestra.run.smithi003.stdout:/usr/bin/ceph: stderr
2024-05-08T05:42:02.783+0000 7fdd8b7fe700 1 --2- >> [v2:172.21.15.3:3300/0,v1:172.21.15.3:6789/0] conn(0x7fdd8c108de0 0x7fdd8c19cd50 unknown :-1 s=HELLO_CONNECTING pgs=0 cs=0 l=1 rev1=1 crypto rx=0 tx=0 comp rx=0 tx=0).handle_hello peer v2:172.21.15.3:3300/0 says I am v2:172.21.15.3:35298/0 (socket says 172.21.15.3:35298)
2024-05-08T05:42:07.703 INFO:teuthology.orchestra.run.smithi003.stdout:/usr/bin/ceph: stderr
2024-05-08T05:42:02.783+0000 7fdd8b7fe700 1 -- 172.21.15.3:0/65572575 learned_addr learned my addr 172.21.15.3:0/65572575 (peer_addr_for_me v2:172.21.15.3:0/0)
2024-05-08T05:42:07.703 INFO:teuthology.orchestra.run.smithi003.stdout:/usr/bin/ceph: stderr
2024-05-08T05:42:02.784+0000 7fdd8b7fe700 1 -- 172.21.15.3:0/65572575 --> [v2:172.21.15.3:3300/0,v1:172.21.15.3:6789/0] -- mon_subscribe({config=0+,monmap=0+}) -- 0x7fdd8c19d290 con 0x7fdd8c108de0
2024-05-08T05:42:07.703 INFO:teuthology.orchestra.run.smithi003.stdout:/usr/bin/ceph: stderr
2024-05-08T05:42:02.784+0000 7fdd8b7fe700 1 --2- 172.21.15.3:0/65572575 >> [v2:172.21.15.3:3300/0,v1:172.21.15.3:6789/0] conn(0x7fdd8c108de0 0x7fdd8c19cd50 secure :-1 s=READY pgs=27 cs=0 l=1 rev1=1 crypto rx=0x7fdd74000c00 tx=0x7fdd74011b70 comp rx=0 tx=0).ready entity=mon.0 client_cookie=0 server_cookie=0 in_seq=0 out_seq=0
2024-05-08T05:42:07.703 INFO:teuthology.orchestra.run.smithi003.stdout:/usr/bin/ceph: stderr
2024-05-08T05:42:02.784+0000 7fdd88ff9700 1 -- 172.21.15.3:0/65572575 <== mon.0 v2:172.21.15.3:3300/0 1 ==== mon_map magic: 0 ==== 205+0+0 (secure 0 0 0) 0x7fdd74003b20 con 0x7fdd8c108de0
2024-05-08T05:42:07.703 INFO:teuthology.orchestra.run.smithi003.stdout:/usr/bin/ceph: stderr
2024-05-08T05:42:02.784+0000 7fdd91d14700 1 -- 172.21.15.3:0/65572575 --> [v2:172.21.15.3:3300/0,v1:172.21.15.3:6789/0] -- mon_subscribe({mgrmap=0+}) -- 0x7fdd8c19d520 con 0x7fdd8c108de0
2024-05-08T05:42:07.703 INFO:teuthology.orchestra.run.smithi003.stdout:/usr/bin/ceph: stderr
2024-05-08T05:42:02.784+0000 7fdd88ff9700 1 -- 172.21.15.3:0/65572575 <== mon.0 v2:172.21.15.3:3300/0 2 ==== config(26 keys) ==== 1070+0+0 (secure 0 0 0) 0x7fdd7401a8c0 con 0x7fdd8c108de0
2024-05-08T05:42:07.703 INFO:teuthology.orchestra.run.smithi003.stdout:/usr/bin/ceph: stderr
2024-05-08T05:42:02.784+0000 7fdd88ff9700 1 -- 172.21.15.3:0/65572575 <== mon.0 v2:172.21.15.3:3300/0 3 ==== mon_map magic: 0 ==== 205+0+0 (secure 0 0 0) 0x7fdd74024940 con 0x7fdd8c108de0
2024-05-08T05:42:07.703 INFO:teuthology.orchestra.run.smithi003.stdout:/usr/bin/ceph: stderr
2024-05-08T05:42:02.784+0000 7fdd91d14700 1 -- 172.21.15.3:0/65572575 --> [v2:172.21.15.3:3300/0,v1:172.21.15.3:6789/0] -- mon_subscribe({osdmap=0}) -- 0x7fdd8c1a0210 con 0x7fdd8c108de0
2024-05-08T05:42:07.703 INFO:teuthology.orchestra.run.smithi003.stdout:/usr/bin/ceph: stderr
2024-05-08T05:42:02.785+0000 7fdd88ff9700 1 -- 172.21.15.3:0/65572575 <== mon.0 v2:172.21.15.3:3300/0 4 ==== mgrmap(e 5) ==== 50222+0+0 (secure 0 0 0) 0x7fdd74022020 con 0x7fdd8c108de0
2024-05-08T05:42:07.703 INFO:teuthology.orchestra.run.smithi003.stdout:/usr/bin/ceph: stderr
2024-05-08T05:42:02.786+0000 7fdd88ff9700 1 --2- 172.21.15.3:0/65572575 >> [v2:172.21.15.3:6800/3412581798,v1:172.21.15.3:6801/3412581798] conn(0x7fdd7803e470 0x7fdd78040930 unknown :-1 s=NONE pgs=0 cs=0 l=1 rev1=0 crypto rx=0 tx=0 comp rx=0 tx=0).connect
2024-05-08T05:42:07.703 INFO:teuthology.orchestra.run.smithi003.stdout:/usr/bin/ceph: stderr
2024-05-08T05:42:02.786+0000 7fdd88ff9700 1 -- 172.21.15.3:0/65572575 --> [v2:172.21.15.3:6800/3412581798,v1:172.21.15.3:6801/3412581798] -- command(tid 0: {"prefix": "get_command_descriptions"}) -- 0x7fdd78041040 con 0x7fdd7803e470
2024-05-08T05:42:07.703 INFO:teuthology.orchestra.run.smithi003.stdout:/usr/bin/ceph: stderr
2024-05-08T05:42:02.786+0000 7fdd8affd700 1 -- 172.21.15.3:0/65572575 >> [v2:172.21.15.3:6800/3412581798,v1:172.21.15.3:6801/3412581798] conn(0x7fdd7803e470 msgr2=0x7fdd78040930 unknown :-1 s=STATE_CONNECTING_RE l=1).process reconnect failed to v2:172.21.15.3:6800/3412581798
2024-05-08T05:42:07.703 INFO:teuthology.orchestra.run.smithi003.stdout:/usr/bin/ceph: stderr
2024-05-08T05:42:02.786+0000 7fdd88ff9700 1 -- 172.21.15.3:0/65572575 <== mon.0 v2:172.21.15.3:3300/0 5 ==== osd_map(1..1 src has 1..1) ==== 725+0+0 (secure 0 0 0) 0x7fdd74053580 con 0x7fdd8c108de0
2024-05-08T05:42:07.704 INFO:teuthology.orchestra.run.smithi003.stdout:/usr/bin/ceph: stderr
2024-05-08T05:42:02.786+0000 7fdd8affd700 1 --2- 172.21.15.3:0/65572575 >> [v2:172.21.15.3:6800/3412581798,v1:172.21.15.3:6801/3412581798] conn(0x7fdd7803e470 0x7fdd78040930 unknown :-1 s=START_CONNECT pgs=0 cs=0 l=1 rev1=0 crypto rx=0 tx=0 comp rx=0 tx=0)._fault waiting 0.200000
