2024-05-08T05:57:47.743+0000 7f2ecea00700 1 --2- >> [v2:172.21.15.80:3300/0,v1:172.21.15.80:6789/0] conn(0x7f2ed0082a40 0x7f2ed01a2ea0 unknown :-1 s=HELLO_CONNECTING pgs=0 cs=0 l=1 rev1=1 crypto rx=0 tx=0 comp rx=0 tx=0).handle_hello peer v2:172.21.15.80:3300/0 says I am v2:172.21.15.80:43908/0 (socket says 172.21.15.80:43908)
2024-05-08T05:57:48.695 INFO:teuthology.orchestra.run.smithi080.stdout:/usr/bin/ceph: stderr
2024-05-08T05:57:47.743+0000 7f2ecea00700 1 -- 172.21.15.80:0/2254594446 learned_addr learned my addr 172.21.15.80:0/2254594446 (peer_addr_for_me v2:172.21.15.80:0/0)
2024-05-08T05:57:48.695 INFO:teuthology.orchestra.run.smithi080.stdout:/usr/bin/ceph: stderr
2024-05-08T05:57:47.744+0000 7f2ecea00700 1 -- 172.21.15.80:0/2254594446 --> [v2:172.21.15.80:3300/0,v1:172.21.15.80:6789/0] -- mon_subscribe({config=0+,monmap=0+}) -- 0x7f2ed01a33e0 con 0x7f2ed0082a40
2024-05-08T05:57:48.695 INFO:teuthology.orchestra.run.smithi080.stdout:/usr/bin/ceph: stderr
2024-05-08T05:57:47.744+0000 7f2ecea00700 1 --2- 172.21.15.80:0/2254594446 >> [v2:172.21.15.80:3300/0,v1:172.21.15.80:6789/0] conn(0x7f2ed0082a40 0x7f2ed01a2ea0 secure :-1 s=READY pgs=38 cs=0 l=1 rev1=1 crypto rx=0x7f2ec00119b0 tx=0x7f2ec0011a90 comp rx=0 tx=0).ready entity=mon.0 client_cookie=0 server_cookie=0 in_seq=0 out_seq=0
2024-05-08T05:57:48.696 INFO:teuthology.orchestra.run.smithi080.stdout:/usr/bin/ceph: stderr
2024-05-08T05:57:47.744+0000 7f2ed4a00700 1 -- 172.21.15.80:0/2254594446 <== mon.0 v2:172.21.15.80:3300/0 1 ==== mon_map magic: 0 ==== 205+0+0 (secure 0 0 0) 0x7f2ec0003af0 con 0x7f2ed0082a40
2024-05-08T05:57:48.696 INFO:teuthology.orchestra.run.smithi080.stdout:/usr/bin/ceph: stderr
2024-05-08T05:57:47.744+0000 7f2ed4a00700 1 -- 172.21.15.80:0/2254594446 <== mon.0 v2:172.21.15.80:3300/0 2 ==== config(25 keys) ==== 1032+0+0 (secure 0 0 0) 0x7f2ec001a8a0 con 0x7f2ed0082a40
2024-05-08T05:57:48.696 INFO:teuthology.orchestra.run.smithi080.stdout:/usr/bin/ceph: stderr
2024-05-08T05:57:47.744+0000 7f2ed4a00700 1 -- 172.21.15.80:0/2254594446 <== mon.0 v2:172.21.15.80:3300/0 3 ==== mon_map magic: 0 ==== 205+0+0 (secure 0 0 0) 0x7f2ec0024830 con 0x7f2ed0082a40
2024-05-08T05:57:48.696 INFO:teuthology.orchestra.run.smithi080.stdout:/usr/bin/ceph: stderr
2024-05-08T05:57:47.744+0000 7f2ecfe00700 1 -- 172.21.15.80:0/2254594446 --> [v2:172.21.15.80:3300/0,v1:172.21.15.80:6789/0] -- mon_subscribe({mgrmap=0+}) -- 0x7f2ed01a3670 con 0x7f2ed0082a40
2024-05-08T05:57:48.696 INFO:teuthology.orchestra.run.smithi080.stdout:/usr/bin/ceph: stderr
2024-05-08T05:57:47.745+0000 7f2ecfe00700 1 -- 172.21.15.80:0/2254594446 --> [v2:172.21.15.80:3300/0,v1:172.21.15.80:6789/0] -- mon_subscribe({osdmap=0}) -- 0x7f2ed01a6360 con 0x7f2ed0082a40
2024-05-08T05:57:48.696 INFO:teuthology.orchestra.run.smithi080.stdout:/usr/bin/ceph: stderr
2024-05-08T05:57:47.746+0000 7f2ecfe00700 1 -- 172.21.15.80:0/2254594446 --> [v2:172.21.15.80:3300/0,v1:172.21.15.80:6789/0] -- mon_command({"prefix": "get_command_descriptions"} v 0) -- 0x7f2ed0064b00 con 0x7f2ed0082a40
2024-05-08T05:57:48.696 INFO:teuthology.orchestra.run.smithi080.stdout:/usr/bin/ceph: stderr
2024-05-08T05:57:47.746+0000 7f2ed4a00700 1 -- 172.21.15.80:0/2254594446 <== mon.0 v2:172.21.15.80:3300/0 4 ==== mgrmap(e 8) ==== 50222+0+0 (secure 0 0 0) 0x7f2ec0022020 con 0x7f2ed0082a40
2024-05-08T05:57:48.696 INFO:teuthology.orchestra.run.smithi080.stdout:/usr/bin/ceph: stderr
2024-05-08T05:57:47.746+0000 7f2ed4a00700 1 --2- 172.21.15.80:0/2254594446 >> [v2:172.21.15.80:6800/909079704,v1:172.21.15.80:6801/909079704] conn(0x7f2eb403e4c0 0x7f2eb4040980 unknown :-1 s=NONE pgs=0 cs=0 l=1 rev1=0 crypto rx=0 tx=0 comp rx=0 tx=0).connect
2024-05-08T05:57:48.696 INFO:teuthology.orchestra.run.smithi080.stdout:/usr/bin/ceph: stderr
2024-05-08T05:57:47.746+0000 7f2ed4a00700 1 -- 172.21.15.80:0/2254594446 <== mon.0 v2:172.21.15.80:3300/0 5 ==== osd_map(2..2 src has 1..2) ==== 940+0+0 (secure 0 0 0) 0x7f2ec0053840 con 0x7f2ed0082a40
2024-05-08T05:57:48.696 INFO:teuthology.orchestra.run.smithi080.stdout:/usr/bin/ceph: stderr
2024-05-08T05:57:47.747+0000 7f2ece000700 1 --2- 172.21.15.80:0/2254594446 >> [v2:172.21.15.80:6800/909079704,v1:172.21.15.80:6801/909079704] conn(0x7f2eb403e4c0 0x7f2eb4040980 unknown :-1 s=BANNER_CONNECTING pgs=0 cs=0 l=1 rev1=0 crypto rx=0 tx=0 comp rx=0 tx=0)._handle_peer_banner_payload supported=3 required=0
2024-05-08T05:57:48.696 INFO:teuthology.orchestra.run.smithi080.stdout:/usr/bin/ceph: stderr
2024-05-08T05:57:47.747+0000 7f2ece000700 1 --2- 172.21.15.80:0/2254594446 >> [v2:172.21.15.80:6800/909079704,v1:172.21.15.80:6801/909079704] conn(0x7f2eb403e4c0 0x7f2eb4040980 secure :-1 s=READY pgs=7 cs=0 l=1 rev1=1 crypto rx=0x7f2ebc006fd0 tx=0x7f2ebc006e40 comp rx=0 tx=0).ready entity=mgr.14120 client_cookie=0 server_cookie=0 in_seq=0 out_seq=0
2024-05-08T05:57:48.696 INFO:teuthology.orchestra.run.smithi080.stdout:/usr/bin/ceph: stderr
2024-05-08T05:57:47.753+0000 7f2ed4a00700 1 -- 172.21.15.80:0/2254594446 <== mon.0 v2:172.21.15.80:3300/0 6 ==== mon_command_ack([{"prefix": "get_command_descriptions"}]=0 v0) ==== 72+0+191963 (secure 0 0 0) 0x7f2ec0018530 con 0x7f2ed0082a40
2024-05-08T05:57:48.696 INFO:teuthology.orchestra.run.smithi080.stdout:/usr/bin/ceph: stderr
2024-05-08T05:57:48.000+0000 7f2ecfe00700 1 -- 172.21.15.80:0/2254594446 --> [v2:172.21.15.80:6800/909079704,v1:172.21.15.80:6801/909079704] -- mgr_command(tid 0: {"prefix": "orch set backend", "module_name": "cephadm", "target": ["mon-mgr", ""]}) -- 0x7f2ed007f200 con 0x7f2eb403e4c0
2024-05-08T05:57:48.696 INFO:teuthology.orchestra.run.smithi080.stdout:/usr/bin/ceph: stderr
2024-05-08T05:57:48.011+0000 7f2ed4a00700 1 -- 172.21.15.80:0/2254594446 <== mgr.14120 v2:172.21.15.80:6800/909079704 1 ==== mgr_command_reply(tid 0: 0 ) ==== 8+0+0 (secure 0 0 0) 0x7f2ed007f200 con 0x7f2eb403e4c0
2024-05-08T05:57:48.697 INFO:teuthology.orchestra.run.smithi080.stdout:/usr/bin/ceph: stderr
2024-05-08T05:57:48.014+0000 7f2ecfe00700 1 -- 172.21.15.80:0/2254594446 >> [v2:172.21.15.80:6800/909079704,v1:172.21.15.80:6801/909079704] conn(0x7f2eb403e4c0 msgr2=0x7f2eb4040980 secure :-1 s=STATE_CONNECTION_ESTABLISHED l=1).mark_down
2024-05-08T05:57:48.697 INFO:teuthology.orchestra.run.smithi080.stdout:/usr/bin/ceph: stderr
2024-05-08T05:57:48.014+0000 7f2ecfe00700 1 --2- 172.21.15.80:0/2254594446 >> [v2:172.21.15.80:6800/909079704,v1:172.21.15.80:6801/909079704] conn(0x7f2eb403e4c0 0x7f2eb4040980 secure :-1 s=READY pgs=7 cs=0 l=1 rev1=1 crypto rx=0x7f2ebc006fd0 tx=0x7f2ebc006e40 comp rx=0 tx=0).stop
2024-05-08T05:57:48.697 INFO:teuthology.orchestra.run.smithi080.stdout:/usr/bin/ceph: stderr
2024-05-08T05:57:48.014+0000 7f2ecfe00700 1 -- 172.21.15.80:0/2254594446 >> [v2:172.21.15.80:3300/0,v1:172.21.15.80:6789/0] conn(0x7f2ed0082a40 msgr2=0x7f2ed01a2ea0 secure :-1 s=STATE_CONNECTION_ESTABLISHED l=1).mark_down
2024-05-08T05:57:48.697 INFO:teuthology.orchestra.run.smithi080.stdout:/usr/bin/ceph: stderr
2024-05-08T05:57:48.014+0000 7f2ecfe00700 1 --2- 172.21.15.80:0/2254594446 >> [v2:172.21.15.80:3300/0,v1:172.21.15.80:6789/0] conn(0x7f2ed0082a40 0x7f2ed01a2ea0 secure :-1 s=READY pgs=38 cs=0 l=1 rev1=1 crypto rx=0x7f2ec00119b0 tx=0x7f2ec0011a90 comp rx=0 tx=0).stop
2024-05-08T05:57:48.697 INFO:teuthology.orchestra.run.smithi080.stdout:/usr/bin/ceph: stderr
2024-05-08T05:57:48.014+0000 7f2ecfe00700 1 -- 172.21.15.80:0/2254594446 shutdown_connections
2024-05-08T05:57:48.698 INFO:teuthology.orchestra.run.smithi080.stdout:/usr/bin/ceph: stderr
2024-05-08T05:57:48.014+0000 7f2ecfe00700 1 --2- 172.21.15.80:0/2254594446 >> [v2:172.21.15.80:6800/909079704,v1:172.21.15.80:6801/909079704] conn(0x7f2eb403e4c0 0x7f2eb4040980 unknown :-1 s=CLOSED pgs=7 cs=0 l=1 rev1=1 crypto rx=0 tx=0 comp rx=0 tx=0).stop
2024-05-08T05:57:48.698 INFO:teuthology.orchestra.run.smithi080.stdout:/usr/bin/ceph: stderr
2024-05-08T05:57:48.014+0000 7f2ecfe00700 1 --2- 172.21.15.80:0/2254594446 >> [v2:172.21.15.80:3300/0,v1:172.21.15.80:6789/0] conn(0x7f2ed0082a40 0x7f2ed01a2ea0 unknown :-1 s=CLOSED pgs=38 cs=0 l=1 rev1=1 crypto rx=0 tx=0 comp rx=0 tx=0).stop
2024-05-08T05:57:48.698 INFO:teuthology.orchestra.run.smithi080.stdout:/usr/bin/ceph: stderr
2024-05-08T05:57:48.014+0000 7f2ecfe00700 1 -- 172.21.15.80:0/2254594446 >> 172.21.15.80:0/2254594446 conn(0x7f2ed007e000 msgr2=0x7f2ed007eaf0 unknown :-1 s=STATE_NONE l=0).mark_down
2024-05-08T05:57:48.698 INFO:teuthology.orchestra.run.smithi080.stdout:/usr/bin/ceph: stderr
2024-05-08T05:57:48.015+0000 7f2ecfe00700 1 -- 172.21.15.80:0/2254594446 shutdown_connections
2024-05-08T05:57:48.698 INFO:teuthology.orchestra.run.smithi080.stdout:/usr/bin/ceph: stderr
2024-05-08T05:57:48.015+0000 7f2ecfe00700 1 -- 172.21.15.80:0/2254594446 wait complete.
2024-05-08T05:57:50.205 INFO:teuthology.orchestra.run.smithi080.stdout:/usr/bin/ceph: stdout value unchanged
2024-05-08T05:57:50.205 INFO:teuthology.orchestra.run.smithi080.stdout:/usr/bin/ceph: stderr
2024-05-08T05:57:49.287+0000 7fc781e00700 1 Processor -- start
2024-05-08T05:57:50.205 INFO:teuthology.orchestra.run.smithi080.stdout:/usr/bin/ceph: stderr
2024-05-08T05:57:49.287+0000 7fc781e00700 1 -- start start
2024-05-08T05:57:50.205 INFO:teuthology.orchestra.run.smithi080.stdout:/usr/bin/ceph: stderr
2024-05-08T05:57:49.288+0000 7fc781e00700 1 --2- >> [v2:172.21.15.80:3300/0,v1:172.21.15.80:6789/0] conn(0x7fc77c10ad30 0x7fc77c10b150 unknown :-1 s=NONE pgs=0 cs=0 l=0 rev1=0 crypto rx=0 tx=0 comp rx=0 tx=0).connect
2024-05-08T05:57:50.205 INFO:teuthology.orchestra.run.smithi080.stdout:/usr/bin/ceph: stderr
2024-05-08T05:57:49.288+0000 7fc781e00700 1 -- --> [v2:172.21.15.80:3300/0,v1:172.21.15.80:6789/0] -- mon_getmap magic: 0 -- 0x7fc77c10b720 con 0x7fc77c10ad30
2024-05-08T05:57:50.205 INFO:teuthology.orchestra.run.smithi080.stdout:/usr/bin/ceph: stderr
2024-05-08T05:57:49.288+0000 7fc780a00700 1 --2- >> [v2:172.21.15.80:3300/0,v1:172.21.15.80:6789/0] conn(0x7fc77c10ad30 0x7fc77c10b150 unknown :-1 s=BANNER_CONNECTING pgs=0 cs=0 l=0 rev1=0 crypto rx=0 tx=0 comp rx=0 tx=0)._handle_peer_banner_payload supported=3 required=0
2024-05-08T05:57:50.205 INFO:teuthology.orchestra.run.smithi080.stdout:/usr/bin/ceph: stderr
2024-05-08T05:57:49.288+0000 7fc780a00700 1 --2- >> [v2:172.21.15.80:3300/0,v1:172.21.15.80:6789/0] conn(0x7fc77c10ad30 0x7fc77c10b150 unknown :-1 s=HELLO_CONNECTING pgs=0 cs=0 l=0 rev1=1 crypto rx=0 tx=0 comp rx=0 tx=0).handle_hello peer v2:172.21.15.80:3300/0 says I am v2:172.21.15.80:43912/0 (socket says 172.21.15.80:43912)
2024-05-08T05:57:50.205 INFO:teuthology.orchestra.run.smithi080.stdout:/usr/bin/ceph: stderr
2024-05-08T05:57:49.288+0000 7fc780a00700 1 -- 172.21.15.80:0/3256184460 learned_addr learned my addr 172.21.15.80:0/3256184460 (peer_addr_for_me v2:172.21.15.80:0/0)
2024-05-08T05:57:50.206 INFO:teuthology.orchestra.run.smithi080.stdout:/usr/bin/ceph: stderr
2024-05-08T05:57:49.289+0000 7fc780a00700 1 -- 172.21.15.80:0/3256184460 --> [v2:172.21.15.80:3300/0,v1:172.21.15.80:6789/0] -- mon_subscribe({config=0+,monmap=0+}) -- 0x7fc77c10be90 con 0x7fc77c10ad30
2024-05-08T05:57:50.206 INFO:teuthology.orchestra.run.smithi080.stdout:/usr/bin/ceph: stderr
2024-05-08T05:57:49.289+0000 7fc780a00700 1 --2- 172.21.15.80:0/3256184460 >> [v2:172.21.15.80:3300/0,v1:172.21.15.80:6789/0] conn(0x7fc77c10ad30 0x7fc77c10b150 secure :-1 s=READY pgs=39 cs=0 l=1 rev1=1 crypto rx=0x7fc7700098a0 tx=0x7fc770009bb0 comp rx=0 tx=0).ready entity=mon.0 client_cookie=459606ffe2f767d server_cookie=0 in_seq=0 out_seq=0
2024-05-08T05:57:50.206 INFO:teuthology.orchestra.run.smithi080.stdout:/usr/bin/ceph: stderr
2024-05-08T05:57:49.289+0000 7fc77b400700 1 -- 172.21.15.80:0/3256184460 <== mon.0 v2:172.21.15.80:3300/0 1 ==== mon_map magic: 0 ==== 205+0+0 (secure 0 0 0) 0x7fc770004160 con 0x7fc77c10ad30
2024-05-08T05:57:50.206 INFO:teuthology.orchestra.run.smithi080.stdout:/usr/bin/ceph: stderr
2024-05-08T05:57:49.290+0000 7fc77b400700 1 -- 172.21.15.80:0/3256184460 <== mon.0 v2:172.21.15.80:3300/0 2 ==== config(25 keys) ==== 1032+0+0 (secure 0 0 0) 0x7fc770004300 con 0x7fc77c10ad30
2024-05-08T05:57:50.206 INFO:teuthology.orchestra.run.smithi080.stdout:/usr/bin/ceph: stderr
2024-05-08T05:57:49.290+0000 7fc77b400700 1 -- 172.21.15.80:0/3256184460 <== mon.0 v2:172.21.15.80:3300/0 3 ==== mon_map magic: 0 ==== 205+0+0 (secure 0 0 0) 0x7fc7700119e0 con 0x7fc77c10ad30
2024-05-08T05:57:50.206 INFO:teuthology.orchestra.run.smithi080.stdout:/usr/bin/ceph: stderr
2024-05-08T05:57:49.290+0000 7fc781e00700 1 -- 172.21.15.80:0/3256184460 >> [v2:172.21.15.80:3300/0,v1:172.21.15.80:6789/0] conn(0x7fc77c10ad30 msgr2=0x7fc77c10b150 secure :-1 s=STATE_CONNECTION_ESTABLISHED l=1).mark_down
2024-05-08T05:57:50.206 INFO:teuthology.orchestra.run.smithi080.stdout:/usr/bin/ceph: stderr
2024-05-08T05:57:49.290+0000 7fc781e00700 1 --2- 172.21.15.80:0/3256184460 >> [v2:172.21.15.80:3300/0,v1:172.21.15.80:6789/0] conn(0x7fc77c10ad30 0x7fc77c10b150 secure :-1 s=READY pgs=39 cs=0 l=1 rev1=1 crypto rx=0x7fc7700098a0 tx=0x7fc770009bb0 comp rx=0 tx=0).stop
2024-05-08T05:57:50.206 INFO:teuthology.orchestra.run.smithi080.stdout:/usr/bin/ceph: stderr
2024-05-08T05:57:49.290+0000 7fc781e00700 1 -- 172.21.15.80:0/3256184460 shutdown_connections
2024-05-08T05:57:50.206 INFO:teuthology.orchestra.run.smithi080.stdout:/usr/bin/ceph: stderr
2024-05-08T05:57:49.290+0000 7fc781e00700 1 --2- 172.21.15.80:0/3256184460 >> [v2:172.21.15.80:3300/0,v1:172.21.15.80:6789/0] conn(0x7fc77c10ad30 0x7fc77c10b150 unknown :-1 s=CLOSED pgs=39 cs=0 l=1 rev1=1 crypto rx=0 tx=0 comp rx=0 tx=0).stop
2024-05-08T05:57:50.206 INFO:teuthology.orchestra.run.smithi080.stdout:/usr/bin/ceph: stderr
2024-05-08T05:57:49.290+0000 7fc781e00700 1 -- 172.21.15.80:0/3256184460 >> 172.21.15.80:0/3256184460 conn(0x7fc77c07e0f0 msgr2=0x7fc77c07e500 unknown :-1 s=STATE_NONE l=0).mark_down
2024-05-08T05:57:50.206 INFO:teuthology.orchestra.run.smithi080.stdout:/usr/bin/ceph: stderr
2024-05-08T05:57:49.290+0000 7fc781e00700 1 -- 172.21.15.80:0/3256184460 shutdown_connections
2024-05-08T05:57:50.206 INFO:teuthology.orchestra.run.smithi080.stdout:/usr/bin/ceph: stderr
2024-05-08T05:57:49.291+0000 7fc781e00700 1 -- 172.21.15.80:0/3256184460 wait complete.
2024-05-08T05:57:50.206 INFO:teuthology.orchestra.run.smithi080.stdout:/usr/bin/ceph: stderr
2024-05-08T05:57:49.292+0000 7fc781e00700 1 Processor -- start
2024-05-08T05:57:50.207 INFO:teuthology.orchestra.run.smithi080.stdout:/usr/bin/ceph: stderr
2024-05-08T05:57:49.292+0000 7fc781e00700 1 -- start start
2024-05-08T05:57:50.207 INFO:teuthology.orchestra.run.smithi080.stdout:/usr/bin/ceph: stderr
2024-05-08T05:57:49.292+0000 7fc781e00700 1 --2- >> [v2:172.21.15.80:3300/0,v1:172.21.15.80:6789/0] conn(0x7fc77c10ad30 0x7fc77c19ead0 unknown :-1 s=NONE pgs=0 cs=0 l=1 rev1=0 crypto rx=0 tx=0 comp rx=0 tx=0).connect
2024-05-08T05:57:50.207 INFO:teuthology.orchestra.run.smithi080.stdout:/usr/bin/ceph: stderr
2024-05-08T05:57:49.292+0000 7fc781e00700 1 -- --> [v2:172.21.15.80:3300/0,v1:172.21.15.80:6789/0] -- mon_getmap magic: 0 -- 0x7fc77c10f0c0 con 0x7fc77c10ad30
2024-05-08T05:57:50.207 INFO:teuthology.orchestra.run.smithi080.stdout:/usr/bin/ceph: stderr
2024-05-08T05:57:49.292+0000 7fc780a00700 1 --2- >> [v2:172.21.15.80:3300/0,v1:172.21.15.80:6789/0] conn(0x7fc77c10ad30 0x7fc77c19ead0 unknown :-1 s=BANNER_CONNECTING pgs=0 cs=0 l=1 rev1=0 crypto rx=0 tx=0 comp rx=0 tx=0)._handle_peer_banner_payload supported=3 required=0
2024-05-08T05:57:50.207 INFO:teuthology.orchestra.run.smithi080.stdout:/usr/bin/ceph: stderr
2024-05-08T05:57:49.292+0000 7fc780a00700 1 --2- >> [v2:172.21.15.80:3300/0,v1:172.21.15.80:6789/0] conn(0x7fc77c10ad30 0x7fc77c19ead0 unknown :-1 s=HELLO_CONNECTING pgs=0 cs=0 l=1 rev1=1 crypto rx=0 tx=0 comp rx=0 tx=0).handle_hello peer v2:172.21.15.80:3300/0 says I am v2:172.21.15.80:43918/0 (socket says 172.21.15.80:43918)
2024-05-08T05:57:50.207 INFO:teuthology.orchestra.run.smithi080.stdout:/usr/bin/ceph: stderr
2024-05-08T05:57:49.292+0000 7fc780a00700 1 -- 172.21.15.80:0/1531374338 learned_addr learned my addr 172.21.15.80:0/1531374338 (peer_addr_for_me v2:172.21.15.80:0/0)
2024-05-08T05:57:50.207 INFO:teuthology.orchestra.run.smithi080.stdout:/usr/bin/ceph: stderr
2024-05-08T05:57:49.293+0000 7fc780a00700 1 -- 172.21.15.80:0/1531374338 --> [v2:172.21.15.80:3300/0,v1:172.21.15.80:6789/0] -- mon_subscribe({config=0+,monmap=0+}) -- 0x7fc77c19f010 con 0x7fc77c10ad30
2024-05-08T05:57:50.207 INFO:teuthology.orchestra.run.smithi080.stdout:/usr/bin/ceph: stderr
2024-05-08T05:57:49.293+0000 7fc780a00700 1 --2- 172.21.15.80:0/1531374338 >> [v2:172.21.15.80:3300/0,v1:172.21.15.80:6789/0] conn(0x7fc77c10ad30 0x7fc77c19ead0 secure :-1 s=READY pgs=40 cs=0 l=1 rev1=1 crypto rx=0x7fc7700119b0 tx=0x7fc770011a90 comp rx=0 tx=0).ready entity=mon.0 client_cookie=0 server_cookie=0 in_seq=0 out_seq=0
2024-05-08T05:57:50.207 INFO:teuthology.orchestra.run.smithi080.stdout:/usr/bin/ceph: stderr
2024-05-08T05:57:49.293+0000 7fc779600700 1 -- 172.21.15.80:0/1531374338 <== mon.0 v2:172.21.15.80:3300/0 1 ==== mon_map magic: 0 ==== 205+0+0 (secure 0 0 0) 0x7fc770003b70 con 0x7fc77c10ad30
2024-05-08T05:57:50.210 INFO:teuthology.orchestra.run.smithi080.stdout:/usr/bin/ceph: stderr
2024-05-08T05:57:49.293+0000 7fc779600700 1 -- 172.21.15.80:0/1531374338 <== mon.0 v2:172.21.15.80:3300/0 2 ==== config(25 keys) ==== 1032+0+0 (secure 0 0 0) 0x7fc77001a8a0 con 0x7fc77c10ad30
2024-05-08T05:57:50.210 INFO:teuthology.orchestra.run.smithi080.stdout:/usr/bin/ceph: stderr
2024-05-08T05:57:49.293+0000 7fc781e00700 1 -- 172.21.15.80:0/1531374338 --> [v2:172.21.15.80:3300/0,v1:172.21.15.80:6789/0] -- mon_subscribe({mgrmap=0+}) -- 0x7fc77c19f2a0 con 0x7fc77c10ad30
2024-05-08T05:57:50.210 INFO:teuthology.orchestra.run.smithi080.stdout:/usr/bin/ceph: stderr
2024-05-08T05:57:49.293+0000 7fc779600700 1 -- 172.21.15.80:0/1531374338 <== mon.0 v2:172.21.15.80:3300/0 3 ==== mon_map magic: 0 ==== 205+0+0 (secure 0 0 0) 0x7fc770024830 con 0x7fc77c10ad30
2024-05-08T05:57:50.210 INFO:teuthology.orchestra.run.smithi080.stdout:/usr/bin/ceph: stderr
2024-05-08T05:57:49.294+0000 7fc781e00700 1 -- 172.21.15.80:0/1531374338 --> [v2:172.21.15.80:3300/0,v1:172.21.15.80:6789/0] -- mon_subscribe({osdmap=0}) -- 0x7fc77c1a1f90 con 0x7fc77c10ad30
2024-05-08T05:57:50.210 INFO:teuthology.orchestra.run.smithi080.stdout:/usr/bin/ceph: stderr
2024-05-08T05:57:49.295+0000 7fc779600700 1 -- 172.21.15.80:0/1531374338 <== mon.0 v2:172.21.15.80:3300/0 4 ==== mgrmap(e 8) ==== 50222+0+0 (secure 0 0 0) 0x7fc770022020 con 0x7fc77c10ad30
2024-05-08T05:57:50.210 INFO:teuthology.orchestra.run.smithi080.stdout:/usr/bin/ceph: stderr
2024-05-08T05:57:49.295+0000 7fc781e00700 1 -- 172.21.15.80:0/1531374338 --> [v2:172.21.15.80:3300/0,v1:172.21.15.80:6789/0] -- mon_command({"prefix": "get_command_descriptions"} v 0) -- 0x7fc77c10f240 con 0x7fc77c10ad30
2024-05-08T05:57:50.211 INFO:teuthology.orchestra.run.smithi080.stdout:/usr/bin/ceph: stderr
2024-05-08T05:57:49.295+0000 7fc779600700 1 --2- 172.21.15.80:0/1531374338 >> [v2:172.21.15.80:6800/909079704,v1:172.21.15.80:6801/909079704] conn(0x7fc76403e470 0x7fc764040930 unknown :-1 s=NONE pgs=0 cs=0 l=1 rev1=0 crypto rx=0 tx=0 comp rx=0 tx=0).connect
2024-05-08T05:57:50.211 INFO:teuthology.orchestra.run.smithi080.stdout:/usr/bin/ceph: stderr
2024-05-08T05:57:49.295+0000 7fc779600700 1 -- 172.21.15.80:0/1531374338 <== mon.0 v2:172.21.15.80:3300/0 5 ==== osd_map(2..2 src has 1..2) ==== 940+0+0 (secure 0 0 0) 0x7fc770053ae0 con 0x7fc77c10ad30
2024-05-08T05:57:50.211 INFO:teuthology.orchestra.run.smithi080.stdout:/usr/bin/ceph: stderr
2024-05-08T05:57:49.296+0000 7fc77be00700 1 --2- 172.21.15.80:0/1531374338 >> [v2:172.21.15.80:6800/909079704,v1:172.21.15.80:6801/909079704] conn(0x7fc76403e470 0x7fc764040930 unknown :-1 s=BANNER_CONNECTING pgs=0 cs=0 l=1 rev1=0 crypto rx=0 tx=0 comp rx=0 tx=0)._handle_peer_banner_payload supported=3 required=0
2024-05-08T05:57:50.211 INFO:teuthology.orchestra.run.smithi080.stdout:/usr/bin/ceph: stderr
2024-05-08T05:57:49.296+0000 7fc77be00700 1 --2- 172.21.15.80:0/1531374338 >> [v2:172.21.15.80:6800/909079704,v1:172.21.15.80:6801/909079704] conn(0x7fc76403e470 0x7fc764040930 secure :-1 s=READY pgs=8 cs=0 l=1 rev1=1 crypto rx=0x7fc768006fd0 tx=0x7fc768006e40 comp rx=0 tx=0).ready entity=mgr.14120 client_cookie=0 server_cookie=0 in_seq=0 out_seq=0
2024-05-08T05:57:50.211 INFO:teuthology.orchestra.run.smithi080.stdout:/usr/bin/ceph: stderr
2024-05-08T05:57:49.301+0000 7fc779600700 1 -- 172.21.15.80:0/1531374338 <== mon.0 v2:172.21.15.80:3300/0 6 ==== mon_command_ack([{"prefix": "get_command_descriptions"}]=0 v0) ==== 72+0+191963 (secure 0 0 0) 0x7fc77001a610 con 0x7fc77c10ad30
2024-05-08T05:57:50.211 INFO:teuthology.orchestra.run.smithi080.stdout:/usr/bin/ceph: stderr
2024-05-08T05:57:49.532+0000 7fc781e00700 1 -- 172.21.15.80:0/1531374338 --> [v2:172.21.15.80:6800/909079704,v1:172.21.15.80:6801/909079704] -- mgr_command(tid 0: {"prefix": "cephadm set-user", "user": "root", "target": ["mon-mgr", ""]}) -- 0x7fc77c108ad0 con 0x7fc76403e470
2024-05-08T05:57:50.211 INFO:teuthology.orchestra.run.smithi080.stdout:/usr/bin/ceph: stderr
2024-05-08T05:57:49.534+0000 7fc779600700 1 -- 172.21.15.80:0/1531374338 <== mgr.14120 v2:172.21.15.80:6800/909079704 1 ==== mgr_command_reply(tid 0: 0 ) ==== 8+0+16 (secure 0 0 0) 0x7fc77c108ad0 con 0x7fc76403e470
2024-05-08T05:57:50.211 INFO:teuthology.orchestra.run.smithi080.stdout:/usr/bin/ceph: stderr
2024-05-08T05:57:49.536+0000 7fc781e00700 1 -- 172.21.15.80:0/1531374338 >> [v2:172.21.15.80:6800/909079704,v1:172.21.15.80:6801/909079704] conn(0x7fc76403e470 msgr2=0x7fc764040930 secure :-1 s=STATE_CONNECTION_ESTABLISHED l=1).mark_down
2024-05-08T05:57:50.211 INFO:teuthology.orchestra.run.smithi080.stdout:/usr/bin/ceph: stderr
2024-05-08T05:57:49.536+0000 7fc781e00700 1 --2- 172.21.15.80:0/1531374338 >> [v2:172.21.15.80:6800/909079704,v1:172.21.15.80:6801/909079704] conn(0x7fc76403e470 0x7fc764040930 secure :-1 s=READY pgs=8 cs=0 l=1 rev1=1 crypto rx=0x7fc768006fd0 tx=0x7fc768006e40 comp rx=0 tx=0).stop
2024-05-08T05:57:50.211 INFO:teuthology.orchestra.run.smithi080.stdout:/usr/bin/ceph: stderr
2024-05-08T05:57:49.536+0000 7fc781e00700 1 -- 172.21.15.80:0/1531374338 >> [v2:172.21.15.80:3300/0,v1:172.21.15.80:6789/0] conn(0x7fc77c10ad30 msgr2=0x7fc77c19ead0 secure :-1 s=STATE_CONNECTION_ESTABLISHED l=1).mark_down
2024-05-08T05:57:50.211 INFO:teuthology.orchestra.run.smithi080.stdout:/usr/bin/ceph: stderr
2024-05-08T05:57:49.536+0000 7fc781e00700 1 --2- 172.21.15.80:0/1531374338 >> [v2:172.21.15.80:3300/0,v1:172.21.15.80:6789/0] conn(0x7fc77c10ad30 0x7fc77c19ead0 secure :-1 s=READY pgs=40 cs=0 l=1 rev1=1 crypto rx=0x7fc7700119b0 tx=0x7fc770011a90 comp rx=0 tx=0).stop
2024-05-08T05:57:50.211 INFO:teuthology.orchestra.run.smithi080.stdout:/usr/bin/ceph: stderr
2024-05-08T05:57:49.537+0000 7fc781e00700 1 -- 172.21.15.80:0/1531374338 shutdown_connections
2024-05-08T05:57:50.211 INFO:teuthology.orchestra.run.smithi080.stdout:/usr/bin/ceph: stderr
2024-05-08T05:57:49.537+0000 7fc781e00700 1 --2- 172.21.15.80:0/1531374338 >> [v2:172.21.15.80:6800/909079704,v1:172.21.15.80:6801/909079704] conn(0x7fc76403e470 0x7fc764040930 unknown :-1 s=CLOSED pgs=8 cs=0 l=1 rev1=1 crypto rx=0 tx=0 comp rx=0 tx=0).stop
2024-05-08T05:57:50.211 INFO:teuthology.orchestra.run.smithi080.stdout:/usr/bin/ceph: stderr
2024-05-08T05:57:49.537+0000 7fc781e00700 1 --2- 172.21.15.80:0/1531374338 >> [v2:172.21.15.80:3300/0,v1:172.21.15.80:6789/0] conn(0x7fc77c10ad30 0x7fc77c19ead0 unknown :-1 s=CLOSED pgs=40 cs=0 l=1 rev1=1 crypto rx=0 tx=0 comp rx=0 tx=0).stop
2024-05-08T05:57:50.212 INFO:teuthology.orchestra.run.smithi080.stdout:/usr/bin/ceph: stderr
2024-05-08T05:57:49.537+0000 7fc781e00700 1 -- 172.21.15.80:0/1531374338 >> 172.21.15.80:0/1531374338 conn(0x7fc77c07e0f0 msgr2=0x7fc77c1083c0 unknown :-1 s=STATE_NONE l=0).mark_down
2024-05-08T05:57:50.212 INFO:teuthology.orchestra.run.smithi080.stdout:/usr/bin/ceph: stderr
2024-05-08T05:57:49.537+0000 7fc781e00700 1 -- 172.21.15.80:0/1531374338 shutdown_connections
2024-05-08T05:57:50.212 INFO:teuthology.orchestra.run.smithi080.stdout:/usr/bin/ceph: stderr
2024-05-08T05:57:49.537+0000 7fc781e00700 1 -- 172.21.15.80:0/1531374338 wait complete.
2024-05-08T05:57:50.212 INFO:teuthology.orchestra.run.smithi080.stdout:Generating ssh key...
2024-05-08T05:57:50.524 INFO:journalctl@ceph.mon.a.smithi080.stdout:May 08 05:57:50 smithi080 ceph-mon[29839]: from='client.14134 -' entity='client.admin' cmd=[{"prefix": "cephadm set-user", "user": "root", "target": ["mon-mgr", ""]}]: dispatch
2024-05-08T05:57:51.620 INFO:journalctl@ceph.mon.a.smithi080.stdout:May 08 05:57:51 smithi080 ceph-mon[29839]: from='client.14136 -' entity='client.admin' cmd=[{"prefix": "cephadm generate-key", "target": ["mon-mgr", ""]}]: dispatch
2024-05-08T05:57:51.620 INFO:journalctl@ceph.mon.a.smithi080.stdout:May 08 05:57:51 smithi080 ceph-mon[29839]: Generating ssh key...
2024-05-08T05:57:51.620 INFO:journalctl@ceph.mon.a.smithi080.stdout:May 08 05:57:51 smithi080 ceph-mon[29839]: from='mgr.14120 172.21.15.80:0/1945285064' entity='mgr.x'
2024-05-08T05:57:51.620 INFO:journalctl@ceph.mon.a.smithi080.stdout:May 08 05:57:51 smithi080 ceph-mon[29839]: from='mgr.14120 172.21.15.80:0/1945285064' entity='mgr.x'
2024-05-08T05:57:51.621 INFO:journalctl@ceph.mgr.x.smithi080.stdout:May 08 05:57:51 smithi080 ceph-9f84c38e-0cff-11ef-bc97-c7b262605968-mgr-x[30070]: Generating public/private rsa key pair.
2024-05-08T05:57:51.621 INFO:journalctl@ceph.mgr.x.smithi080.stdout:May 08 05:57:51 smithi080 ceph-9f84c38e-0cff-11ef-bc97-c7b262605968-mgr-x[30070]: Your identification has been saved in /tmp/tmpjyjuhdyi/key.
2024-05-08T05:57:51.621 INFO:journalctl@ceph.mgr.x.smithi080.stdout:May 08 05:57:51 smithi080 ceph-9f84c38e-0cff-11ef-bc97-c7b262605968-mgr-x[30070]: Your public key has been saved in /tmp/tmpjyjuhdyi/key.pub.
2024-05-08T05:57:51.621 INFO:journalctl@ceph.mgr.x.smithi080.stdout:May 08 05:57:51 smithi080 ceph-9f84c38e-0cff-11ef-bc97-c7b262605968-mgr-x[30070]: The key fingerprint is:
2024-05-08T05:57:51.621 INFO:journalctl@ceph.mgr.x.smithi080.stdout:May 08 05:57:51 smithi080 ceph-9f84c38e-0cff-11ef-bc97-c7b262605968-mgr-x[30070]: SHA256:EUw7KkWi3dP3IY4+CqRpTC6rwvJKRWSFsu+TV6sdYiU ceph-9f84c38e-0cff-11ef-bc97-c7b262605968
2024-05-08T05:57:51.621 INFO:journalctl@ceph.mgr.x.smithi080.stdout:May 08 05:57:51 smithi080 ceph-9f84c38e-0cff-11ef-bc97-c7b262605968-mgr-x[30070]: The key's randomart image is:
2024-05-08T05:57:51.621 INFO:journalctl@ceph.mgr.x.smithi080.stdout:May 08 05:57:51 smithi080 ceph-9f84c38e-0cff-11ef-bc97-c7b262605968-mgr-x[30070]: +---[RSA 3072]----+
2024-05-08T05:57:51.621 INFO:journalctl@ceph.mgr.x.smithi080.stdout:May 08 05:57:51 smithi080 ceph-9f84c38e-0cff-11ef-bc97-c7b262605968-mgr-x[30070]: | o+..oo |
2024-05-08T05:57:51.621 INFO:journalctl@ceph.mgr.x.smithi080.stdout:May 08 05:57:51 smithi080 ceph-9f84c38e-0cff-11ef-bc97-c7b262605968-mgr-x[30070]: | .o+ + ..o |
2024-05-08T05:57:51.621 INFO:journalctl@ceph.mgr.x.smithi080.stdout:May 08 05:57:51 smithi080 ceph-9f84c38e-0cff-11ef-bc97-c7b262605968-mgr-x[30070]: | +.. + = o . |
2024-05-08T05:57:51.621 INFO:journalctl@ceph.mgr.x.smithi080.stdout:May 08 05:57:51 smithi080 ceph-9f84c38e-0cff-11ef-bc97-c7b262605968-mgr-x[30070]: | .. . o * o . |
2024-05-08T05:57:51.622 INFO:journalctl@ceph.mgr.x.smithi080.stdout:May 08 05:57:51 smithi080 ceph-9f84c38e-0cff-11ef-bc97-c7b262605968-mgr-x[30070]: | o.oE..S . . |
2024-05-08T05:57:51.622 INFO:journalctl@ceph.mgr.x.smithi080.stdout:May 08 05:57:51 smithi080 ceph-9f84c38e-0cff-11ef-bc97-c7b262605968-mgr-x[30070]: | +.= .oo |
2024-05-08T05:57:51.622 INFO:journalctl@ceph.mgr.x.smithi080.stdout:May 08 05:57:51 smithi080 ceph-9f84c38e-0cff-11ef-bc97-c7b262605968-mgr-x[30070]: |o.B oo..+ |
2024-05-08T05:57:51.622 INFO:journalctl@ceph.mgr.x.smithi080.stdout:May 08 05:57:51 smithi080 ceph-9f84c38e-0cff-11ef-bc97-c7b262605968-mgr-x[30070]: |+= +.ooo.. |
2024-05-08T05:57:51.622 INFO:journalctl@ceph.mgr.x.smithi080.stdout:May 08 05:57:51 smithi080 ceph-9f84c38e-0cff-11ef-bc97-c7b262605968-mgr-x[30070]: |Bo. o.o. |
2024-05-08T05:57:51.622 INFO:journalctl@ceph.mgr.x.smithi080.stdout:May 08 05:57:51 smithi080 ceph-9f84c38e-0cff-11ef-bc97-c7b262605968-mgr-x[30070]: +----[SHA256]-----+
2024-05-08T05:57:51.969 INFO:teuthology.orchestra.run.smithi080.stdout:/usr/bin/ceph: stderr
2024-05-08T05:57:50.818+0000 7f31d7c00700 1 Processor -- start
2024-05-08T05:57:51.969 INFO:teuthology.orchestra.run.smithi080.stdout:/usr/bin/ceph: stderr
2024-05-08T05:57:50.818+0000 7f31d7c00700 1 -- start start
2024-05-08T05:57:51.969 INFO:teuthology.orchestra.run.smithi080.stdout:/usr/bin/ceph: stderr
2024-05-08T05:57:50.819+0000 7f31d7c00700 1 --2- >> [v2:172.21.15.80:3300/0,v1:172.21.15.80:6789/0] conn(0x7f31d007ee20 0x7f31d007d280 unknown :-1 s=NONE pgs=0 cs=0 l=0 rev1=0 crypto rx=0 tx=0 comp rx=0 tx=0).connect
2024-05-08T05:57:51.969 INFO:teuthology.orchestra.run.smithi080.stdout:/usr/bin/ceph: stderr
2024-05-08T05:57:50.819+0000 7f31d7c00700 1 -- --> [v2:172.21.15.80:3300/0,v1:172.21.15.80:6789/0] -- mon_getmap magic: 0 -- 0x7f31d007d850 con 0x7f31d007ee20
2024-05-08T05:57:51.969 INFO:teuthology.orchestra.run.smithi080.stdout:/usr/bin/ceph: stderr
2024-05-08T05:57:50.819+0000 7f31d5200700 1 --2- >> [v2:172.21.15.80:3300/0,v1:172.21.15.80:6789/0] conn(0x7f31d007ee20 0x7f31d007d280 unknown :-1 s=BANNER_CONNECTING pgs=0 cs=0 l=0 rev1=0 crypto rx=0 tx=0 comp rx=0 tx=0)._handle_peer_banner_payload supported=3 required=0
2024-05-08T05:57:51.969 INFO:teuthology.orchestra.run.smithi080.stdout:/usr/bin/ceph: stderr
2024-05-08T05:57:50.819+0000 7f31d5200700 1 --2- >> [v2:172.21.15.80:3300/0,v1:172.21.15.80:6789/0] conn(0x7f31d007ee20 0x7f31d007d280 unknown :-1 s=HELLO_CONNECTING pgs=0 cs=0 l=0 rev1=1 crypto rx=0 tx=0 comp rx=0 tx=0).handle_hello peer v2:172.21.15.80:3300/0 says I am v2:172.21.15.80:43932/0 (socket says 172.21.15.80:43932)
2024-05-08T05:57:51.969 INFO:teuthology.orchestra.run.smithi080.stdout:/usr/bin/ceph: stderr
2024-05-08T05:57:50.819+0000 7f31d5200700 1 -- 172.21.15.80:0/1311203574 learned_addr learned my addr 172.21.15.80:0/1311203574 (peer_addr_for_me v2:172.21.15.80:0/0)
2024-05-08T05:57:51.969 INFO:teuthology.orchestra.run.smithi080.stdout:/usr/bin/ceph: stderr
2024-05-08T05:57:50.820+0000 7f31d5200700 1 -- 172.21.15.80:0/1311203574 --> [v2:172.21.15.80:3300/0,v1:172.21.15.80:6789/0] -- mon_subscribe({config=0+,monmap=0+}) -- 0x7f31d007d9d0 con 0x7f31d007ee20
2024-05-08T05:57:51.973 INFO:teuthology.orchestra.run.smithi080.stdout:/usr/bin/ceph: stderr
2024-05-08T05:57:50.820+0000 7f31d5200700 1 --2- 172.21.15.80:0/1311203574 >> [v2:172.21.15.80:3300/0,v1:172.21.15.80:6789/0] conn(0x7f31d007ee20 0x7f31d007d280 secure :-1 s=READY pgs=41 cs=0 l=1 rev1=1 crypto rx=0x7f31c40098a0 tx=0x7f31c4009bb0 comp rx=0 tx=0).ready entity=mon.0 client_cookie=1d89356c400056d0 server_cookie=0 in_seq=0 out_seq=0
2024-05-08T05:57:51.973 INFO:teuthology.orchestra.run.smithi080.stdout:/usr/bin/ceph: stderr
2024-05-08T05:57:50.820+0000 7f31cf400700 1 -- 172.21.15.80:0/1311203574 <== mon.0 v2:172.21.15.80:3300/0 1 ==== mon_map magic: 0 ==== 205+0+0 (secure 0 0 0) 0x7f31c4004160 con 0x7f31d007ee20
2024-05-08T05:57:51.973 INFO:teuthology.orchestra.run.smithi080.stdout:/usr/bin/ceph: stderr
2024-05-08T05:57:50.820+0000 7f31cf400700 1 -- 172.21.15.80:0/1311203574 <== mon.0 v2:172.21.15.80:3300/0 2 ==== config(25 keys) ==== 1032+0+0 (secure 0 0 0) 0x7f31c4004300 con 0x7f31d007ee20
2024-05-08T05:57:51.973 INFO:teuthology.orchestra.run.smithi080.stdout:/usr/bin/ceph: stderr
2024-05-08T05:57:50.820+0000 7f31cf400700 1 -- 172.21.15.80:0/1311203574 <== mon.0 v2:172.21.15.80:3300/0 3 ==== mon_map magic: 0 ==== 205+0+0 (secure 0 0 0) 0x7f31c40119e0 con 0x7f31d007ee20
2024-05-08T05:57:51.973 INFO:teuthology.orchestra.run.smithi080.stdout:/usr/bin/ceph: stderr
2024-05-08T05:57:50.821+0000 7f31d7c00700 1 -- 172.21.15.80:0/1311203574 >> [v2:172.21.15.80:3300/0,v1:172.21.15.80:6789/0] conn(0x7f31d007ee20 msgr2=0x7f31d007d280 secure :-1 s=STATE_CONNECTION_ESTABLISHED l=1).mark_down
2024-05-08T05:57:51.973 INFO:teuthology.orchestra.run.smithi080.stdout:/usr/bin/ceph: stderr
2024-05-08T05:57:50.821+0000 7f31d7c00700 1 --2- 172.21.15.80:0/1311203574 >> [v2:172.21.15.80:3300/0,v1:172.21.15.80:6789/0] conn(0x7f31d007ee20 0x7f31d007d280 secure :-1 s=READY pgs=41 cs=0 l=1 rev1=1 crypto rx=0x7f31c40098a0 tx=0x7f31c4009bb0 comp rx=0 tx=0).stop
2024-05-08T05:57:51.973 INFO:teuthology.orchestra.run.smithi080.stdout:/usr/bin/ceph: stderr
2024-05-08T05:57:50.821+0000 7f31d7c00700 1 -- 172.21.15.80:0/1311203574 shutdown_connections
2024-05-08T05:57:51.974 INFO:teuthology.orchestra.run.smithi080.stdout:/usr/bin/ceph: stderr
2024-05-08T05:57:50.821+0000 7f31d7c00700 1 --2- 172.21.15.80:0/1311203574 >> [v2:172.21.15.80:3300/0,v1:172.21.15.80:6789/0] conn(0x7f31d007ee20 0x7f31d007d280 unknown :-1 s=CLOSED pgs=41 cs=0 l=1 rev1=1 crypto rx=0 tx=0 comp rx=0 tx=0).stop
2024-05-08T05:57:51.974 INFO:teuthology.orchestra.run.smithi080.stdout:/usr/bin/ceph: stderr
2024-05-08T05:57:50.821+0000 7f31d7c00700 1 -- 172.21.15.80:0/1311203574 >> 172.21.15.80:0/1311203574 conn(0x7f31d0104180 msgr2=0x7f31d01065c0 unknown :-1 s=STATE_NONE l=0).mark_down
2024-05-08T05:57:51.974 INFO:teuthology.orchestra.run.smithi080.stdout:/usr/bin/ceph: stderr
2024-05-08T05:57:50.822+0000 7f31d7c00700 1 -- 172.21.15.80:0/1311203574 shutdown_connections
2024-05-08T05:57:51.974 INFO:teuthology.orchestra.run.smithi080.stdout:/usr/bin/ceph: stderr
2024-05-08T05:57:50.822+0000 7f31d7c00700 1 -- 172.21.15.80:0/1311203574 wait complete.
2024-05-08T05:57:51.974 INFO:teuthology.orchestra.run.smithi080.stdout:/usr/bin/ceph: stderr
2024-05-08T05:57:50.823+0000 7f31d7c00700 1 Processor -- start
2024-05-08T05:57:51.974 INFO:teuthology.orchestra.run.smithi080.stdout:/usr/bin/ceph: stderr
2024-05-08T05:57:50.823+0000 7f31d7c00700 1 -- start start
2024-05-08T05:57:51.974 INFO:teuthology.orchestra.run.smithi080.stdout:/usr/bin/ceph: stderr
2024-05-08T05:57:50.824+0000 7f31d7c00700 1 --2- >> [v2:172.21.15.80:3300/0,v1:172.21.15.80:6789/0] conn(0x7f31d007ee20 0x7f31d019eca0 unknown :-1 s=NONE pgs=0 cs=0 l=1 rev1=0 crypto rx=0 tx=0 comp rx=0 tx=0).connect
2024-05-08T05:57:51.974 INFO:teuthology.orchestra.run.smithi080.stdout:/usr/bin/ceph: stderr
2024-05-08T05:57:50.824+0000 7f31d7c00700 1 -- --> [v2:172.21.15.80:3300/0,v1:172.21.15.80:6789/0] -- mon_getmap magic: 0 -- 0x7f31d010f150 con 0x7f31d007ee20
2024-05-08T05:57:51.974 INFO:teuthology.orchestra.run.smithi080.stdout:/usr/bin/ceph: stderr
2024-05-08T05:57:50.824+0000 7f31d5200700 1 --2- >> [v2:172.21.15.80:3300/0,v1:172.21.15.80:6789/0] conn(0x7f31d007ee20 0x7f31d019eca0 unknown :-1 s=BANNER_CONNECTING pgs=0 cs=0 l=1 rev1=0 crypto rx=0 tx=0 comp rx=0 tx=0)._handle_peer_banner_payload supported=3 required=0
2024-05-08T05:57:51.974 INFO:teuthology.orchestra.run.smithi080.stdout:/usr/bin/ceph: stderr
2024-05-08T05:57:50.824+0000 7f31d5200700 1 --2- >> [v2:172.21.15.80:3300/0,v1:172.21.15.80:6789/0] conn(0x7f31d007ee20 0x7f31d019eca0 unknown :-1 s=HELLO_CONNECTING pgs=0 cs=0 l=1 rev1=1 crypto rx=0 tx=0 comp rx=0 tx=0).handle_hello peer v2:172.21.15.80:3300/0 says I am v2:172.21.15.80:43942/0 (socket says 172.21.15.80:43942)
2024-05-08T05:57:51.974 INFO:teuthology.orchestra.run.smithi080.stdout:/usr/bin/ceph: stderr
2024-05-08T05:57:50.824+0000 7f31d5200700 1 -- 172.21.15.80:0/418976631 learned_addr learned my addr 172.21.15.80:0/418976631 (peer_addr_for_me v2:172.21.15.80:0/0)
2024-05-08T05:57:51.974 INFO:teuthology.orchestra.run.smithi080.stdout:/usr/bin/ceph: stderr
2024-05-08T05:57:50.824+0000 7f31d5200700 1 -- 172.21.15.80:0/418976631 --> [v2:172.21.15.80:3300/0,v1:172.21.15.80:6789/0] -- mon_subscribe({config=0+,monmap=0+}) -- 0x7f31d019f1e0 con 0x7f31d007ee20
2024-05-08T05:57:51.974 INFO:teuthology.orchestra.run.smithi080.stdout:/usr/bin/ceph: stderr
2024-05-08T05:57:50.824+0000 7f31d5200700 1 --2- 172.21.15.80:0/418976631 >> [v2:172.21.15.80:3300/0,v1:172.21.15.80:6789/0] conn(0x7f31d007ee20 0x7f31d019eca0 secure :-1 s=READY pgs=42 cs=0 l=1 rev1=1 crypto rx=0x7f31c40116a0 tx=0x7f31c40046a0 comp rx=0 tx=0).ready entity=mon.0 client_cookie=0 server_cookie=0 in_seq=0 out_seq=0
2024-05-08T05:57:51.974 INFO:teuthology.orchestra.run.smithi080.stdout:/usr/bin/ceph: stderr
2024-05-08T05:57:50.825+0000 7f31cd600700 1 -- 172.21.15.80:0/418976631 <== mon.0 v2:172.21.15.80:3300/0 1 ==== mon_map magic: 0 ==== 205+0+0 (secure 0 0 0) 0x7f31c4003b70 con 0x7f31d007ee20
2024-05-08T05:57:51.975 INFO:teuthology.orchestra.run.smithi080.stdout:/usr/bin/ceph: stderr
2024-05-08T05:57:50.825+0000 7f31cd600700 1 -- 172.21.15.80:0/418976631 <== mon.0 v2:172.21.15.80:3300/0 2 ==== config(25 keys) ==== 1032+0+0 (secure 0 0 0) 0x7f31c401a8a0 con 0x7f31d007ee20
2024-05-08T05:57:51.975 INFO:teuthology.orchestra.run.smithi080.stdout:/usr/bin/ceph: stderr
2024-05-08T05:57:50.825+0000 7f31cd600700 1 -- 172.21.15.80:0/418976631 <== mon.0 v2:172.21.15.80:3300/0 3 ==== mon_map magic: 0 ==== 205+0+0 (secure 0 0 0) 0x7f31c4024890 con 0x7f31d007ee20
2024-05-08T05:57:51.975 INFO:teuthology.orchestra.run.smithi080.stdout:/usr/bin/ceph: stderr
2024-05-08T05:57:50.825+0000 7f31d7c00700 1 -- 172.21.15.80:0/418976631 --> [v2:172.21.15.80:3300/0,v1:172.21.15.80:6789/0] -- mon_subscribe({mgrmap=0+}) -- 0x7f31d019f470 con 0x7f31d007ee20
2024-05-08T05:57:51.975 INFO:teuthology.orchestra.run.smithi080.stdout:/usr/bin/ceph: stderr
2024-05-08T05:57:50.825+0000 7f31d7c00700 1 -- 172.21.15.80:0/418976631 --> [v2:172.21.15.80:3300/0,v1:172.21.15.80:6789/0] -- mon_subscribe({osdmap=0}) -- 0x7f31d01a2160 con 0x7f31d007ee20
2024-05-08T05:57:51.975 INFO:teuthology.orchestra.run.smithi080.stdout:/usr/bin/ceph: stderr
2024-05-08T05:57:50.826+0000 7f31cd600700 1 -- 172.21.15.80:0/418976631 <== mon.0 v2:172.21.15.80:3300/0 4 ==== mgrmap(e 8) ==== 50222+0+0 (secure 0 0 0) 0x7f31c4022020 con 0x7f31d007ee20
2024-05-08T05:57:51.975 INFO:teuthology.orchestra.run.smithi080.stdout:/usr/bin/ceph: stderr
2024-05-08T05:57:50.826+0000 7f31d7c00700 1 -- 172.21.15.80:0/418976631 --> [v2:172.21.15.80:3300/0,v1:172.21.15.80:6789/0] -- mon_command({"prefix": "get_command_descriptions"} v 0) -- 0x7f31d0064b00 con 0x7f31d007ee20
2024-05-08T05:57:51.975 INFO:teuthology.orchestra.run.smithi080.stdout:/usr/bin/ceph: stderr
2024-05-08T05:57:50.827+0000 7f31cd600700 1 --2- 172.21.15.80:0/418976631 >> [v2:172.21.15.80:6800/909079704,v1:172.21.15.80:6801/909079704] conn(0x7f31b803e4c0 0x7f31b8040980 unknown :-1 s=NONE pgs=0 cs=0 l=1 rev1=0 crypto rx=0 tx=0 comp rx=0 tx=0).connect
2024-05-08T05:57:51.975 INFO:teuthology.orchestra.run.smithi080.stdout:/usr/bin/ceph: stderr
2024-05-08T05:57:50.827+0000 7f31cd600700 1 -- 172.21.15.80:0/418976631 <== mon.0 v2:172.21.15.80:3300/0 5 ==== osd_map(2..2 src has 1..2) ==== 940+0+0 (secure 0 0 0) 0x7f31c4053b80 con 0x7f31d007ee20
2024-05-08T05:57:51.975 INFO:teuthology.orchestra.run.smithi080.stdout:/usr/bin/ceph: stderr
2024-05-08T05:57:50.827+0000 7f31cfe00700 1 --2- 172.21.15.80:0/418976631 >> [v2:172.21.15.80:6800/909079704,v1:172.21.15.80:6801/909079704] conn(0x7f31b803e4c0 0x7f31b8040980 unknown :-1 s=BANNER_CONNECTING pgs=0 cs=0 l=1 rev1=0 crypto rx=0 tx=0 comp rx=0 tx=0)._handle_peer_banner_payload supported=3 required=0
2024-05-08T05:57:51.975 INFO:teuthology.orchestra.run.smithi080.stdout:/usr/bin/ceph: stderr
2024-05-08T05:57:50.828+0000 7f31cfe00700 1 --2- 172.21.15.80:0/418976631 >> [v2:172.21.15.80:6800/909079704,v1:172.21.15.80:6801/909079704] conn(0x7f31b803e4c0 0x7f31b8040980 secure :-1 s=READY pgs=9 cs=0 l=1 rev1=1 crypto rx=0x7f31bc006fd0 tx=0x7f31bc006e40 comp rx=0 tx=0).ready entity=mgr.14120 client_cookie=0 server_cookie=0 in_seq=0 out_seq=0
2024-05-08T05:57:51.975 INFO:teuthology.orchestra.run.smithi080.stdout:/usr/bin/ceph: stderr
2024-05-08T05:57:50.833+0000 7f31cd600700 1 -- 172.21.15.80:0/418976631 <== mon.0 v2:172.21.15.80:3300/0 6 ==== mon_command_ack([{"prefix": "get_command_descriptions"}]=0 v0) ==== 72+0+191963 (secure 0 0 0) 0x7f31c4017e90 con 0x7f31d007ee20
2024-05-08T05:57:51.975 INFO:teuthology.orchestra.run.smithi080.stdout:/usr/bin/ceph: stderr
2024-05-08T05:57:51.063+0000 7f31d7c00700 1 -- 172.21.15.80:0/418976631 --> [v2:172.21.15.80:6800/909079704,v1:172.21.15.80:6801/909079704] -- mgr_command(tid 0: {"prefix": "cephadm generate-key", "target": ["mon-mgr", ""]}) -- 0x7f31d01053a0 con 0x7f31b803e4c0
2024-05-08T05:57:51.977 INFO:teuthology.orchestra.run.smithi080.stdout:/usr/bin/ceph: stderr
2024-05-08T05:57:51.242+0000 7f31cd600700 1 -- 172.21.15.80:0/418976631 <== mgr.14120 v2:172.21.15.80:6800/909079704 1 ==== mgr_command_reply(tid 0: 0 ) ==== 8+0+0 (secure 0 0 0) 0x7f31d01053a0 con 0x7f31b803e4c0
2024-05-08T05:57:51.977 INFO:teuthology.orchestra.run.smithi080.stdout:/usr/bin/ceph: stderr
2024-05-08T05:57:51.245+0000 7f31d7c00700 1 -- 172.21.15.80:0/418976631 >> [v2:172.21.15.80:6800/909079704,v1:172.21.15.80:6801/909079704] conn(0x7f31b803e4c0 msgr2=0x7f31b8040980 secure :-1 s=STATE_CONNECTION_ESTABLISHED l=1).mark_down
2024-05-08T05:57:51.977 INFO:teuthology.orchestra.run.smithi080.stdout:/usr/bin/ceph: stderr
2024-05-08T05:57:51.245+0000 7f31d7c00700 1 --2- 172.21.15.80:0/418976631 >> [v2:172.21.15.80:6800/909079704,v1:172.21.15.80:6801/909079704] conn(0x7f31b803e4c0 0x7f31b8040980 secure :-1 s=READY pgs=9 cs=0 l=1 rev1=1 crypto rx=0x7f31bc006fd0 tx=0x7f31bc006e40 comp rx=0 tx=0).stop
2024-05-08T05:57:51.977 INFO:teuthology.orchestra.run.smithi080.stdout:/usr/bin/ceph: stderr
2024-05-08T05:57:51.245+0000 7f31d7c00700 1 -- 172.21.15.80:0/418976631 >> [v2:172.21.15.80:3300/0,v1:172.21.15.80:6789/0] conn(0x7f31d007ee20 msgr2=0x7f31d019eca0 secure :-1 s=STATE_CONNECTION_ESTABLISHED l=1).mark_down
2024-05-08T05:57:51.977 INFO:teuthology.orchestra.run.smithi080.stdout:/usr/bin/ceph: stderr
2024-05-08T05:57:51.245+0000 7f31d7c00700 1 --2- 172.21.15.80:0/418976631 >> [v2:172.21.15.80:3300/0,v1:172.21.15.80:6789/0] conn(0x7f31d007ee20 0x7f31d019eca0 secure :-1 s=READY pgs=42 cs=0 l=1 rev1=1 crypto rx=0x7f31c40116a0 tx=0x7f31c40046a0 comp rx=0 tx=0).stop
2024-05-08T05:57:51.977 INFO:teuthology.orchestra.run.smithi080.stdout:/usr/bin/ceph: stderr
2024-05-08T05:57:51.246+0000 7f31d7c00700 1 -- 172.21.15.80:0/418976631 shutdown_connections
2024-05-08T05:57:51.977 INFO:teuthology.orchestra.run.smithi080.stdout:/usr/bin/ceph: stderr
2024-05-08T05:57:51.246+0000 7f31d7c00700 1 --2- 172.21.15.80:0/418976631 >> [v2:172.21.15.80:6800/909079704,v1:172.21.15.80:6801/909079704] conn(0x7f31b803e4c0 0x7f31b8040980 unknown :-1 s=CLOSED pgs=9 cs=0 l=1 rev1=1 crypto rx=0 tx=0 comp rx=0 tx=0).stop
2024-05-08T05:57:51.977 INFO:teuthology.orchestra.run.smithi080.stdout:/usr/bin/ceph: stderr
2024-05-08T05:57:51.246+0000 7f31d7c00700 1 --2- 172.21.15.80:0/418976631 >> [v2:172.21.15.80:3300/0,v1:172.21.15.80:6789/0] conn(0x7f31d007ee20 0x7f31d019eca0 unknown :-1 s=CLOSED pgs=42 cs=0 l=1 rev1=1 crypto rx=0 tx=0 comp rx=0 tx=0).stop
2024-05-08T05:57:51.977 INFO:teuthology.orchestra.run.smithi080.stdout:/usr/bin/ceph: stderr
2024-05-08T05:57:51.246+0000 7f31d7c00700 1 -- 172.21.15.80:0/418976631 >> 172.21.15.80:0/418976631 conn(0x7f31d0104180 msgr2=0x7f31d0104c90 unknown :-1 s=STATE_NONE l=0).mark_down
2024-05-08T05:57:51.977 INFO:teuthology.orchestra.run.smithi080.stdout:/usr/bin/ceph: stderr
2024-05-08T05:57:51.246+0000 7f31d7c00700 1 -- 172.21.15.80:0/418976631 shutdown_connections
2024-05-08T05:57:51.977 INFO:teuthology.orchestra.run.smithi080.stdout:/usr/bin/ceph: stderr
2024-05-08T05:57:51.246+0000 7f31d7c00700 1 -- 172.21.15.80:0/418976631 wait complete.
2024-05-08T05:57:53.481 INFO:journalctl@ceph.mon.a.smithi080.stdout:May 08 05:57:53 smithi080 ceph-mon[29839]: from='client.14138 -' entity='client.admin' cmd=[{"prefix": "cephadm get-pub-key", "target": ["mon-mgr", ""]}]: dispatch
2024-05-08T05:57:53.501 INFO:teuthology.orchestra.run.smithi080.stdout:/usr/bin/ceph: stdout ssh-rsa AAAAB3NzaC1yc2EAAAADAQABAAABgQCkCLZ9rjfRN/DyIllI1gbWF+qL7jNCglGIPFI0OjOxZw3w+L3kT10gFKkOhUVmF0TSzzadEliexA2pP9HClRSZsaYCB9B3Era2jt7Oqx546/Yvjebgp0br4YZgyeM+0KGTFFfD/2R04hpLr1hsiVyNg9+lCsSkIJ1fvM4KVfhYg/98kyqhH5GLYa8dfGCbTurkryvuTTff+t35IMLgDQZJH3o/DGh8Y8gDUv4NTQWoep6sl1uJsEAuziTITv4yiFkeptP8sjv2cVk5qiXbJ1IYT5g+4mKAbRR7pUa7rsgO5HrkcBEV3nFE2nO7ZjHnsyp2WmapxHjLe+QMbLCBLAbSkRZ5M/Bv1Zx0Pkm5jzqOhGpBg7qptHKMkCt8w3zlS9HHXyMAV8oK0TdvqCYJQq6AQOltC33Wu/RkauEdG+O5u1DWx2E99vj1zo3dUEy9RIyrBhXXRuH77+N33o5rbLhQnWqOWCQQORBKYj+4z3Ip2/ntGvfSfHI1JYCpkzko99M= ceph-9f84c38e-0cff-11ef-bc97-c7b262605968
2024-05-08T05:57:53.501 INFO:teuthology.orchestra.run.smithi080.stdout:/usr/bin/ceph: stderr
2024-05-08T05:57:52.568+0000 7f4230800700 1 Processor -- start
2024-05-08T05:57:53.501 INFO:teuthology.orchestra.run.smithi080.stdout:/usr/bin/ceph: stderr
2024-05-08T05:57:52.568+0000 7f4230800700 1 -- start start
2024-05-08T05:57:53.501 INFO:teuthology.orchestra.run.smithi080.stdout:/usr/bin/ceph: stderr
2024-05-08T05:57:52.569+0000 7f4230800700 1 --2- >> [v2:172.21.15.80:3300/0,v1:172.21.15.80:6789/0] conn(0x7f4228108c10 0x7f4228109030 unknown :-1 s=NONE pgs=0 cs=0 l=0 rev1=0 crypto rx=0 tx=0 comp rx=0 tx=0).connect
2024-05-08T05:57:53.501 INFO:teuthology.orchestra.run.smithi080.stdout:/usr/bin/ceph: stderr
2024-05-08T05:57:52.569+0000 7f4230800700 1 -- --> [v2:172.21.15.80:3300/0,v1:172.21.15.80:6789/0] -- mon_getmap magic: 0 -- 0x7f4228109600 con 0x7f4228108c10
2024-05-08T05:57:53.502 INFO:teuthology.orchestra.run.smithi080.stdout:/usr/bin/ceph: stderr
2024-05-08T05:57:52.569+0000 7f422de00700 1 --2- >> [v2:172.21.15.80:3300/0,v1:172.21.15.80:6789/0] conn(0x7f4228108c10 0x7f4228109030 unknown :-1 s=BANNER_CONNECTING pgs=0 cs=0 l=0 rev1=0 crypto rx=0 tx=0 comp rx=0 tx=0)._handle_peer_banner_payload supported=3 required=0
2024-05-08T05:57:53.502 INFO:teuthology.orchestra.run.smithi080.stdout:/usr/bin/ceph: stderr
2024-05-08T05:57:52.569+0000 7f422de00700 1 --2- >> [v2:172.21.15.80:3300/0,v1:172.21.15.80:6789/0] conn(0x7f4228108c10 0x7f4228109030 unknown :-1 s=HELLO_CONNECTING pgs=0 cs=0 l=0 rev1=1 crypto rx=0 tx=0 comp rx=0 tx=0).handle_hello peer v2:172.21.15.80:3300/0 says I am v2:172.21.15.80:43944/0 (socket says 172.21.15.80:43944)
2024-05-08T05:57:53.502 INFO:teuthology.orchestra.run.smithi080.stdout:/usr/bin/ceph: stderr
2024-05-08T05:57:52.569+0000 7f422de00700 1 -- 172.21.15.80:0/286171342 learned_addr learned my addr 172.21.15.80:0/286171342 (peer_addr_for_me v2:172.21.15.80:0/0)
2024-05-08T05:57:53.502 INFO:teuthology.orchestra.run.smithi080.stdout:/usr/bin/ceph: stderr
2024-05-08T05:57:52.569+0000 7f422de00700 1 -- 172.21.15.80:0/286171342 --> [v2:172.21.15.80:3300/0,v1:172.21.15.80:6789/0] -- mon_subscribe({config=0+,monmap=0+}) -- 0x7f4228109dc0 con 0x7f4228108c10
2024-05-08T05:57:53.502 INFO:teuthology.orchestra.run.smithi080.stdout:/usr/bin/ceph: stderr
2024-05-08T05:57:52.570+0000 7f422de00700 1 --2- 172.21.15.80:0/286171342 >> [v2:172.21.15.80:3300/0,v1:172.21.15.80:6789/0] conn(0x7f4228108c10 0x7f4228109030 secure :-1 s=READY pgs=43 cs=0 l=1 rev1=1 crypto rx=0x7f42200098a0 tx=0x7f4220009bb0 comp rx=0 tx=0).ready entity=mon.0 client_cookie=1c70b99de792a58 server_cookie=0 in_seq=0 out_seq=0
2024-05-08T05:57:53.502 INFO:teuthology.orchestra.run.smithi080.stdout:/usr/bin/ceph: stderr
2024-05-08T05:57:52.570+0000 7f422ca00700 1 -- 172.21.15.80:0/286171342 <== mon.0 v2:172.21.15.80:3300/0 1 ==== mon_map magic: 0 ==== 205+0+0 (secure 0 0 0) 0x7f4220004160 con 0x7f4228108c10
2024-05-08T05:57:53.503 INFO:teuthology.orchestra.run.smithi080.stdout:/usr/bin/ceph: stderr
2024-05-08T05:57:52.570+0000 7f422ca00700 1 -- 172.21.15.80:0/286171342 <== mon.0 v2:172.21.15.80:3300/0 2 ==== config(25 keys) ==== 1032+0+0 (secure 0 0 0) 0x7f4220004300 con 0x7f4228108c10
2024-05-08T05:57:53.503 INFO:teuthology.orchestra.run.smithi080.stdout:/usr/bin/ceph: stderr
2024-05-08T05:57:52.570+0000 7f422ca00700 1 -- 172.21.15.80:0/286171342 <== mon.0 v2:172.21.15.80:3300/0 3 ==== mon_map magic: 0 ==== 205+0+0 (secure 0 0 0) 0x7f42200119e0 con 0x7f4228108c10
2024-05-08T05:57:53.503 INFO:teuthology.orchestra.run.smithi080.stdout:/usr/bin/ceph: stderr
2024-05-08T05:57:52.571+0000 7f4230800700 1 -- 172.21.15.80:0/286171342 >> [v2:172.21.15.80:3300/0,v1:172.21.15.80:6789/0] conn(0x7f4228108c10 msgr2=0x7f4228109030 secure :-1 s=STATE_CONNECTION_ESTABLISHED l=1).mark_down
2024-05-08T05:57:53.503 INFO:teuthology.orchestra.run.smithi080.stdout:/usr/bin/ceph: stderr
2024-05-08T05:57:52.571+0000 7f4230800700 1 --2- 172.21.15.80:0/286171342 >> [v2:172.21.15.80:3300/0,v1:172.21.15.80:6789/0] conn(0x7f4228108c10 0x7f4228109030 secure :-1 s=READY pgs=43 cs=0 l=1 rev1=1 crypto rx=0x7f42200098a0 tx=0x7f4220009bb0 comp rx=0 tx=0).stop
2024-05-08T05:57:53.503 INFO:teuthology.orchestra.run.smithi080.stdout:/usr/bin/ceph: stderr
2024-05-08T05:57:52.571+0000 7f4230800700 1 -- 172.21.15.80:0/286171342 shutdown_connections
2024-05-08T05:57:53.503 INFO:teuthology.orchestra.run.smithi080.stdout:/usr/bin/ceph: stderr
2024-05-08T05:57:52.571+0000 7f4230800700 1 --2- 172.21.15.80:0/286171342 >> [v2:172.21.15.80:3300/0,v1:172.21.15.80:6789/0] conn(0x7f4228108c10 0x7f4228109030 unknown :-1 s=CLOSED pgs=43 cs=0 l=1 rev1=1 crypto rx=0 tx=0 comp rx=0 tx=0).stop
2024-05-08T05:57:53.504 INFO:teuthology.orchestra.run.smithi080.stdout:/usr/bin/ceph: stderr
2024-05-08T05:57:52.571+0000 7f4230800700 1 -- 172.21.15.80:0/286171342 >> 172.21.15.80:0/286171342 conn(0x7f42281041b0 msgr2=0x7f42281065f0 unknown :-1 s=STATE_NONE l=0).mark_down
2024-05-08T05:57:53.504 INFO:teuthology.orchestra.run.smithi080.stdout:/usr/bin/ceph: stderr
2024-05-08T05:57:52.571+0000 7f4230800700 1 -- 172.21.15.80:0/286171342 shutdown_connections
2024-05-08T05:57:53.504 INFO:teuthology.orchestra.run.smithi080.stdout:/usr/bin/ceph: stderr
2024-05-08T05:57:52.571+0000 7f4230800700 1 -- 172.21.15.80:0/286171342 wait complete.
