2024-05-08T05:58:09.670 INFO:teuthology.orchestra.run.smithi080.stdout:/usr/bin/ceph: stderr
2024-05-08T05:58:08.159+0000 7f8030a00700 1 -- 172.21.15.80:0/912244188 --> [v2:172.21.15.80:3300/0,v1:172.21.15.80:6789/0] -- mon_subscribe({config=0+,monmap=0+}) -- 0x7f802c19f080 con 0x7f802c1094e0
2024-05-08T05:58:09.670 INFO:teuthology.orchestra.run.smithi080.stdout:/usr/bin/ceph: stderr
2024-05-08T05:58:08.159+0000 7f8030a00700 1 --2- 172.21.15.80:0/912244188 >> [v2:172.21.15.80:3300/0,v1:172.21.15.80:6789/0] conn(0x7f802c1094e0 0x7f802c19eb40 secure :-1 s=READY pgs=56 cs=0 l=1 rev1=1 crypto rx=0x7f8020011670 tx=0x7f8020011a30 comp rx=0 tx=0).ready entity=mon.0 client_cookie=0 server_cookie=0 in_seq=0 out_seq=0
2024-05-08T05:58:09.670 INFO:teuthology.orchestra.run.smithi080.stdout:/usr/bin/ceph: stderr
2024-05-08T05:58:08.160+0000 7f8029600700 1 -- 172.21.15.80:0/912244188 <== mon.0 v2:172.21.15.80:3300/0 1 ==== mon_map magic: 0 ==== 205+0+0 (secure 0 0 0) 0x7f802001f070 con 0x7f802c1094e0
2024-05-08T05:58:09.670 INFO:teuthology.orchestra.run.smithi080.stdout:/usr/bin/ceph: stderr
2024-05-08T05:58:08.160+0000 7f8031e00700 1 -- 172.21.15.80:0/912244188 --> [v2:172.21.15.80:3300/0,v1:172.21.15.80:6789/0] -- mon_subscribe({mgrmap=0+}) -- 0x7f802c19f310 con 0x7f802c1094e0
2024-05-08T05:58:09.670 INFO:teuthology.orchestra.run.smithi080.stdout:/usr/bin/ceph: stderr
2024-05-08T05:58:08.160+0000 7f8029600700 1 -- 172.21.15.80:0/912244188 <== mon.0 v2:172.21.15.80:3300/0 2 ==== config(25 keys) ==== 1063+0+0 (secure 0 0 0) 0x7f8020003b20 con 0x7f802c1094e0
2024-05-08T05:58:09.670 INFO:teuthology.orchestra.run.smithi080.stdout:/usr/bin/ceph: stderr
2024-05-08T05:58:08.160+0000 7f8029600700 1 -- 172.21.15.80:0/912244188 <== mon.0 v2:172.21.15.80:3300/0 3 ==== mon_map magic: 0 ==== 205+0+0 (secure 0 0 0) 0x7f80200195f0 con 0x7f802c1094e0
2024-05-08T05:58:09.670 INFO:teuthology.orchestra.run.smithi080.stdout:/usr/bin/ceph: stderr
2024-05-08T05:58:08.160+0000 7f8031e00700 1 -- 172.21.15.80:0/912244188 --> [v2:172.21.15.80:3300/0,v1:172.21.15.80:6789/0] -- mon_subscribe({osdmap=0}) -- 0x7f802c1a2000 con 0x7f802c1094e0
2024-05-08T05:58:09.670 INFO:teuthology.orchestra.run.smithi080.stdout:/usr/bin/ceph: stderr
2024-05-08T05:58:08.161+0000 7f8031e00700 1 -- 172.21.15.80:0/912244188 --> [v2:172.21.15.80:3300/0,v1:172.21.15.80:6789/0] -- mon_command({"prefix": "get_command_descriptions"} v 0) -- 0x7f802c064b00 con 0x7f802c1094e0
2024-05-08T05:58:09.670 INFO:teuthology.orchestra.run.smithi080.stdout:/usr/bin/ceph: stderr
2024-05-08T05:58:08.161+0000 7f8029600700 1 -- 172.21.15.80:0/912244188 <== mon.0 v2:172.21.15.80:3300/0 4 ==== mgrmap(e 8) ==== 50222+0+0 (secure 0 0 0) 0x7f8020022070 con 0x7f802c1094e0
2024-05-08T05:58:09.671 INFO:teuthology.orchestra.run.smithi080.stdout:/usr/bin/ceph: stderr
2024-05-08T05:58:08.162+0000 7f8029600700 1 --2- 172.21.15.80:0/912244188 >> [v2:172.21.15.80:6800/909079704,v1:172.21.15.80:6801/909079704] conn(0x7f801403e470 0x7f8014040930 unknown :-1 s=NONE pgs=0 cs=0 l=1 rev1=0 crypto rx=0 tx=0 comp rx=0 tx=0).connect
2024-05-08T05:58:09.671 INFO:teuthology.orchestra.run.smithi080.stdout:/usr/bin/ceph: stderr
2024-05-08T05:58:08.162+0000 7f8029600700 1 -- 172.21.15.80:0/912244188 <== mon.0 v2:172.21.15.80:3300/0 5 ==== osd_map(2..2 src has 1..2) ==== 940+0+0 (secure 0 0 0) 0x7f8020053a70 con 0x7f802c1094e0
2024-05-08T05:58:09.671 INFO:teuthology.orchestra.run.smithi080.stdout:/usr/bin/ceph: stderr
2024-05-08T05:58:08.162+0000 7f802be00700 1 --2- 172.21.15.80:0/912244188 >> [v2:172.21.15.80:6800/909079704,v1:172.21.15.80:6801/909079704] conn(0x7f801403e470 0x7f8014040930 unknown :-1 s=BANNER_CONNECTING pgs=0 cs=0 l=1 rev1=0 crypto rx=0 tx=0 comp rx=0 tx=0)._handle_peer_banner_payload supported=3 required=0
2024-05-08T05:58:09.671 INFO:teuthology.orchestra.run.smithi080.stdout:/usr/bin/ceph: stderr
2024-05-08T05:58:08.163+0000 7f802be00700 1 --2- 172.21.15.80:0/912244188 >> [v2:172.21.15.80:6800/909079704,v1:172.21.15.80:6801/909079704] conn(0x7f801403e470 0x7f8014040930 secure :-1 s=READY pgs=16 cs=0 l=1 rev1=1 crypto rx=0x7f8018006fd0 tx=0x7f8018006e40 comp rx=0 tx=0).ready entity=mgr.14120 client_cookie=0 server_cookie=0 in_seq=0 out_seq=0
2024-05-08T05:58:09.671 INFO:teuthology.orchestra.run.smithi080.stdout:/usr/bin/ceph: stderr
2024-05-08T05:58:08.168+0000 7f8029600700 1 -- 172.21.15.80:0/912244188 <== mon.0 v2:172.21.15.80:3300/0 6 ==== mon_command_ack([{"prefix": "get_command_descriptions"}]=0 v0) ==== 72+0+191963 (secure 0 0 0) 0x7f80200172b0 con 0x7f802c1094e0
2024-05-08T05:58:09.671 INFO:teuthology.orchestra.run.smithi080.stdout:/usr/bin/ceph: stderr
2024-05-08T05:58:08.467+0000 7f8031e00700 1 -- 172.21.15.80:0/912244188 --> [v2:172.21.15.80:3300/0,v1:172.21.15.80:6789/0] -- mon_command({"prefix": "mgr module enable", "module": "dashboard"} v 0) -- 0x7f802c1a25b0 con 0x7f802c1094e0
2024-05-08T05:58:09.671 INFO:teuthology.orchestra.run.smithi080.stdout:/usr/bin/ceph: stderr
2024-05-08T05:58:08.928+0000 7f8029600700 1 -- 172.21.15.80:0/912244188 <== mon.0 v2:172.21.15.80:3300/0 7 ==== mon_command_ack([{"prefix": "mgr module enable", "module": "dashboard"}]=0 v9) ==== 88+0+0 (secure 0 0 0) 0x7f8020019d90 con 0x7f802c1094e0
2024-05-08T05:58:09.671 INFO:teuthology.orchestra.run.smithi080.stdout:/usr/bin/ceph: stderr
2024-05-08T05:58:08.931+0000 7f8031e00700 1 -- 172.21.15.80:0/912244188 >> [v2:172.21.15.80:6800/909079704,v1:172.21.15.80:6801/909079704] conn(0x7f801403e470 msgr2=0x7f8014040930 secure :-1 s=STATE_CONNECTION_ESTABLISHED l=1).mark_down
2024-05-08T05:58:09.671 INFO:teuthology.orchestra.run.smithi080.stdout:/usr/bin/ceph: stderr
2024-05-08T05:58:08.931+0000 7f8031e00700 1 --2- 172.21.15.80:0/912244188 >> [v2:172.21.15.80:6800/909079704,v1:172.21.15.80:6801/909079704] conn(0x7f801403e470 0x7f8014040930 secure :-1 s=READY pgs=16 cs=0 l=1 rev1=1 crypto rx=0x7f8018006fd0 tx=0x7f8018006e40 comp rx=0 tx=0).stop
2024-05-08T05:58:09.671 INFO:teuthology.orchestra.run.smithi080.stdout:/usr/bin/ceph: stderr
2024-05-08T05:58:08.931+0000 7f8031e00700 1 -- 172.21.15.80:0/912244188 >> [v2:172.21.15.80:3300/0,v1:172.21.15.80:6789/0] conn(0x7f802c1094e0 msgr2=0x7f802c19eb40 secure :-1 s=STATE_CONNECTION_ESTABLISHED l=1).mark_down
2024-05-08T05:58:09.671 INFO:teuthology.orchestra.run.smithi080.stdout:/usr/bin/ceph: stderr
2024-05-08T05:58:08.931+0000 7f8031e00700 1 --2- 172.21.15.80:0/912244188 >> [v2:172.21.15.80:3300/0,v1:172.21.15.80:6789/0] conn(0x7f802c1094e0 0x7f802c19eb40 secure :-1 s=READY pgs=56 cs=0 l=1 rev1=1 crypto rx=0x7f8020011670 tx=0x7f8020011a30 comp rx=0 tx=0).stop
2024-05-08T05:58:09.671 INFO:teuthology.orchestra.run.smithi080.stdout:/usr/bin/ceph: stderr
2024-05-08T05:58:08.934+0000 7f8031e00700 1 -- 172.21.15.80:0/912244188 shutdown_connections
2024-05-08T05:58:09.671 INFO:teuthology.orchestra.run.smithi080.stdout:/usr/bin/ceph: stderr
2024-05-08T05:58:08.934+0000 7f8031e00700 1 --2- 172.21.15.80:0/912244188 >> [v2:172.21.15.80:6800/909079704,v1:172.21.15.80:6801/909079704] conn(0x7f801403e470 0x7f8014040930 unknown :-1 s=CLOSED pgs=16 cs=0 l=1 rev1=1 crypto rx=0 tx=0 comp rx=0 tx=0).stop
2024-05-08T05:58:09.671 INFO:teuthology.orchestra.run.smithi080.stdout:/usr/bin/ceph: stderr
2024-05-08T05:58:08.934+0000 7f8031e00700 1 --2- 172.21.15.80:0/912244188 >> [v2:172.21.15.80:3300/0,v1:172.21.15.80:6789/0] conn(0x7f802c1094e0 0x7f802c19eb40 unknown :-1 s=CLOSED pgs=56 cs=0 l=1 rev1=1 crypto rx=0 tx=0 comp rx=0 tx=0).stop
2024-05-08T05:58:09.672 INFO:teuthology.orchestra.run.smithi080.stdout:/usr/bin/ceph: stderr
2024-05-08T05:58:08.934+0000 7f8031e00700 1 -- 172.21.15.80:0/912244188 >> 172.21.15.80:0/912244188 conn(0x7f802c102ed0 msgr2=0x7f802c103950 unknown :-1 s=STATE_NONE l=0).mark_down
2024-05-08T05:58:09.672 INFO:teuthology.orchestra.run.smithi080.stdout:/usr/bin/ceph: stderr
2024-05-08T05:58:08.934+0000 7f8031e00700 1 -- 172.21.15.80:0/912244188 shutdown_connections
2024-05-08T05:58:09.672 INFO:teuthology.orchestra.run.smithi080.stdout:/usr/bin/ceph: stderr
2024-05-08T05:58:08.934+0000 7f8031e00700 1 -- 172.21.15.80:0/912244188 wait complete.
2024-05-08T05:58:09.828 INFO:journalctl@ceph.mgr.x.smithi080.stdout:May 08 05:58:09 smithi080 ceph-9f84c38e-0cff-11ef-bc97-c7b262605968-mgr-x[30070]:
2024-05-08T05:58:09.508+0000 7fc8231a5200 -1 mgr[py] Module orchestrator has missing NOTIFY_TYPES member
2024-05-08T05:58:09.828 INFO:journalctl@ceph.mgr.x.smithi080.stdout:May 08 05:58:09 smithi080 ceph-9f84c38e-0cff-11ef-bc97-c7b262605968-mgr-x[30070]:
2024-05-08T05:58:09.647+0000 7fc8231a5200 -1 mgr[py] Module snap_schedule has missing NOTIFY_TYPES member
2024-05-08T05:58:10.085 INFO:journalctl@ceph.mon.a.smithi080.stdout:May 08 05:58:09 smithi080 ceph-mon[29839]: from='client.? 172.21.15.80:0/912244188' entity='client.admin' cmd='[{"prefix": "mgr module enable", "module": "dashboard"}]': finished
2024-05-08T05:58:10.085 INFO:journalctl@ceph.mon.a.smithi080.stdout:May 08 05:58:09 smithi080 ceph-mon[29839]: mgrmap e9: x(active, since 23s)
2024-05-08T05:58:10.370 INFO:journalctl@ceph.mgr.x.smithi080.stdout:May 08 05:58:10 smithi080 ceph-9f84c38e-0cff-11ef-bc97-c7b262605968-mgr-x[30070]:
2024-05-08T05:58:10.084+0000 7fc8231a5200 -1 mgr[py] Module progress has missing NOTIFY_TYPES member
2024-05-08T05:58:10.370 INFO:journalctl@ceph.mgr.x.smithi080.stdout:May 08 05:58:10 smithi080 ceph-9f84c38e-0cff-11ef-bc97-c7b262605968-mgr-x[30070]:
2024-05-08T05:58:10.203+0000 7fc8231a5200 -1 mgr[py] Module influx has missing NOTIFY_TYPES member
2024-05-08T05:58:11.120 INFO:journalctl@ceph.mon.a.smithi080.stdout:May 08 05:58:10 smithi080 ceph-mon[29839]: from='client.? 172.21.15.80:0/699970128' entity='client.admin' cmd=[{"prefix": "mgr stat"}]: dispatch
2024-05-08T05:58:11.155 INFO:teuthology.orchestra.run.smithi080.stdout:/usr/bin/ceph: stdout {
2024-05-08T05:58:11.155 INFO:teuthology.orchestra.run.smithi080.stdout:/usr/bin/ceph: stdout "epoch": 9,
2024-05-08T05:58:11.155 INFO:teuthology.orchestra.run.smithi080.stdout:/usr/bin/ceph: stdout "available": true,
2024-05-08T05:58:11.155 INFO:teuthology.orchestra.run.smithi080.stdout:/usr/bin/ceph: stdout "active_name": "x",
2024-05-08T05:58:11.156 INFO:teuthology.orchestra.run.smithi080.stdout:/usr/bin/ceph: stdout "num_standby": 0
2024-05-08T05:58:11.156 INFO:teuthology.orchestra.run.smithi080.stdout:/usr/bin/ceph: stdout }
2024-05-08T05:58:11.156 INFO:teuthology.orchestra.run.smithi080.stdout:/usr/bin/ceph: stderr
2024-05-08T05:58:10.292+0000 7f2063e00700 1 Processor -- start
2024-05-08T05:58:11.156 INFO:teuthology.orchestra.run.smithi080.stdout:/usr/bin/ceph: stderr
2024-05-08T05:58:10.292+0000 7f2063e00700 1 -- start start
2024-05-08T05:58:11.156 INFO:teuthology.orchestra.run.smithi080.stdout:/usr/bin/ceph: stderr
2024-05-08T05:58:10.292+0000 7f2063e00700 1 --2- >> [v2:172.21.15.80:3300/0,v1:172.21.15.80:6789/0] conn(0x7f206407edf0 0x7f206407d2a0 unknown :-1 s=NONE pgs=0 cs=0 l=0 rev1=0 crypto rx=0 tx=0 comp rx=0 tx=0).connect
2024-05-08T05:58:11.156 INFO:teuthology.orchestra.run.smithi080.stdout:/usr/bin/ceph: stderr
2024-05-08T05:58:10.293+0000 7f2063e00700 1 -- --> [v2:172.21.15.80:3300/0,v1:172.21.15.80:6789/0] -- mon_getmap magic: 0 -- 0x7f206407d870 con 0x7f206407edf0
2024-05-08T05:58:11.156 INFO:teuthology.orchestra.run.smithi080.stdout:/usr/bin/ceph: stderr
2024-05-08T05:58:10.293+0000 7f2062a00700 1 --2- >> [v2:172.21.15.80:3300/0,v1:172.21.15.80:6789/0] conn(0x7f206407edf0 0x7f206407d2a0 unknown :-1 s=BANNER_CONNECTING pgs=0 cs=0 l=0 rev1=0 crypto rx=0 tx=0 comp rx=0 tx=0)._handle_peer_banner_payload supported=3 required=0
2024-05-08T05:58:11.156 INFO:teuthology.orchestra.run.smithi080.stdout:/usr/bin/ceph: stderr
2024-05-08T05:58:10.293+0000 7f2062a00700 1 --2- >> [v2:172.21.15.80:3300/0,v1:172.21.15.80:6789/0] conn(0x7f206407edf0 0x7f206407d2a0 unknown :-1 s=HELLO_CONNECTING pgs=0 cs=0 l=0 rev1=1 crypto rx=0 tx=0 comp rx=0 tx=0).handle_hello peer v2:172.21.15.80:3300/0 says I am v2:172.21.15.80:37140/0 (socket says 172.21.15.80:37140)
2024-05-08T05:58:11.156 INFO:teuthology.orchestra.run.smithi080.stdout:/usr/bin/ceph: stderr
2024-05-08T05:58:10.293+0000 7f2062a00700 1 -- 172.21.15.80:0/3708739993 learned_addr learned my addr 172.21.15.80:0/3708739993 (peer_addr_for_me v2:172.21.15.80:0/0)
2024-05-08T05:58:11.156 INFO:teuthology.orchestra.run.smithi080.stdout:/usr/bin/ceph: stderr
2024-05-08T05:58:10.294+0000 7f2062a00700 1 -- 172.21.15.80:0/3708739993 --> [v2:172.21.15.80:3300/0,v1:172.21.15.80:6789/0] -- mon_subscribe({config=0+,monmap=0+}) -- 0x7f206407d9f0 con 0x7f206407edf0
2024-05-08T05:58:11.156 INFO:teuthology.orchestra.run.smithi080.stdout:/usr/bin/ceph: stderr
2024-05-08T05:58:10.294+0000 7f2062a00700 1 --2- 172.21.15.80:0/3708739993 >> [v2:172.21.15.80:3300/0,v1:172.21.15.80:6789/0] conn(0x7f206407edf0 0x7f206407d2a0 secure :-1 s=READY pgs=59 cs=0 l=1 rev1=1 crypto rx=0x7f20540098a0 tx=0x7f2054009bb0 comp rx=0 tx=0).ready entity=mon.0 client_cookie=9d6c538a7012728e server_cookie=0 in_seq=0 out_seq=0
2024-05-08T05:58:11.156 INFO:teuthology.orchestra.run.smithi080.stdout:/usr/bin/ceph: stderr
2024-05-08T05:58:10.294+0000 7f2061600700 1 -- 172.21.15.80:0/3708739993 <== mon.0 v2:172.21.15.80:3300/0 1 ==== mon_map magic: 0 ==== 205+0+0 (secure 0 0 0) 0x7f2054004160 con 0x7f206407edf0
2024-05-08T05:58:11.156 INFO:teuthology.orchestra.run.smithi080.stdout:/usr/bin/ceph: stderr
2024-05-08T05:58:10.294+0000 7f2061600700 1 -- 172.21.15.80:0/3708739993 <== mon.0 v2:172.21.15.80:3300/0 2 ==== config(25 keys) ==== 1063+0+0 (secure 0 0 0) 0x7f2054004300 con 0x7f206407edf0
2024-05-08T05:58:11.156 INFO:teuthology.orchestra.run.smithi080.stdout:/usr/bin/ceph: stderr
2024-05-08T05:58:10.294+0000 7f2061600700 1 -- 172.21.15.80:0/3708739993 <== mon.0 v2:172.21.15.80:3300/0 3 ==== mon_map magic: 0 ==== 205+0+0 (secure 0 0 0) 0x7f2054011960 con 0x7f206407edf0
2024-05-08T05:58:11.157 INFO:teuthology.orchestra.run.smithi080.stdout:/usr/bin/ceph: stderr
2024-05-08T05:58:10.295+0000 7f2063e00700 1 -- 172.21.15.80:0/3708739993 >> [v2:172.21.15.80:3300/0,v1:172.21.15.80:6789/0] conn(0x7f206407edf0 msgr2=0x7f206407d2a0 secure :-1 s=STATE_CONNECTION_ESTABLISHED l=1).mark_down
2024-05-08T05:58:11.157 INFO:teuthology.orchestra.run.smithi080.stdout:/usr/bin/ceph: stderr
2024-05-08T05:58:10.295+0000 7f2063e00700 1 --2- 172.21.15.80:0/3708739993 >> [v2:172.21.15.80:3300/0,v1:172.21.15.80:6789/0] conn(0x7f206407edf0 0x7f206407d2a0 secure :-1 s=READY pgs=59 cs=0 l=1 rev1=1 crypto rx=0x7f20540098a0 tx=0x7f2054009bb0 comp rx=0 tx=0).stop
2024-05-08T05:58:11.157 INFO:teuthology.orchestra.run.smithi080.stdout:/usr/bin/ceph: stderr
2024-05-08T05:58:10.295+0000 7f2063e00700 1 -- 172.21.15.80:0/3708739993 shutdown_connections
2024-05-08T05:58:11.157 INFO:teuthology.orchestra.run.smithi080.stdout:/usr/bin/ceph: stderr
2024-05-08T05:58:10.295+0000 7f2063e00700 1 --2- 172.21.15.80:0/3708739993 >> [v2:172.21.15.80:3300/0,v1:172.21.15.80:6789/0] conn(0x7f206407edf0 0x7f206407d2a0 unknown :-1 s=CLOSED pgs=59 cs=0 l=1 rev1=1 crypto rx=0 tx=0 comp rx=0 tx=0).stop
2024-05-08T05:58:11.157 INFO:teuthology.orchestra.run.smithi080.stdout:/usr/bin/ceph: stderr
2024-05-08T05:58:10.295+0000 7f2063e00700 1 -- 172.21.15.80:0/3708739993 >> 172.21.15.80:0/3708739993 conn(0x7f2064103fb0 msgr2=0x7f20641063f0 unknown :-1 s=STATE_NONE l=0).mark_down
2024-05-08T05:58:11.157 INFO:teuthology.orchestra.run.smithi080.stdout:/usr/bin/ceph: stderr
2024-05-08T05:58:10.295+0000 7f2063e00700 1 -- 172.21.15.80:0/3708739993 shutdown_connections
2024-05-08T05:58:11.157 INFO:teuthology.orchestra.run.smithi080.stdout:/usr/bin/ceph: stderr
2024-05-08T05:58:10.295+0000 7f2063e00700 1 -- 172.21.15.80:0/3708739993 wait complete.
2024-05-08T05:58:11.157 INFO:teuthology.orchestra.run.smithi080.stdout:/usr/bin/ceph: stderr
2024-05-08T05:58:10.296+0000 7f2063e00700 1 Processor -- start
2024-05-08T05:58:11.157 INFO:teuthology.orchestra.run.smithi080.stdout:/usr/bin/ceph: stderr
2024-05-08T05:58:10.296+0000 7f2063e00700 1 -- start start
2024-05-08T05:58:11.157 INFO:teuthology.orchestra.run.smithi080.stdout:/usr/bin/ceph: stderr
2024-05-08T05:58:10.297+0000 7f2063e00700 1 --2- >> [v2:172.21.15.80:3300/0,v1:172.21.15.80:6789/0] conn(0x7f206407edf0 0x7f206419ea80 unknown :-1 s=NONE pgs=0 cs=0 l=1 rev1=0 crypto rx=0 tx=0 comp rx=0 tx=0).connect
2024-05-08T05:58:11.157 INFO:teuthology.orchestra.run.smithi080.stdout:/usr/bin/ceph: stderr
2024-05-08T05:58:10.297+0000 7f2063e00700 1 -- --> [v2:172.21.15.80:3300/0,v1:172.21.15.80:6789/0] -- mon_getmap magic: 0 -- 0x7f206410ef50 con 0x7f206407edf0
2024-05-08T05:58:11.157 INFO:teuthology.orchestra.run.smithi080.stdout:/usr/bin/ceph: stderr
2024-05-08T05:58:10.297+0000 7f2062a00700 1 --2- >> [v2:172.21.15.80:3300/0,v1:172.21.15.80:6789/0] conn(0x7f206407edf0 0x7f206419ea80 unknown :-1 s=BANNER_CONNECTING pgs=0 cs=0 l=1 rev1=0 crypto rx=0 tx=0 comp rx=0 tx=0)._handle_peer_banner_payload supported=3 required=0
2024-05-08T05:58:11.157 INFO:teuthology.orchestra.run.smithi080.stdout:/usr/bin/ceph: stderr
2024-05-08T05:58:10.297+0000 7f2062a00700 1 --2- >> [v2:172.21.15.80:3300/0,v1:172.21.15.80:6789/0] conn(0x7f206407edf0 0x7f206419ea80 unknown :-1 s=HELLO_CONNECTING pgs=0 cs=0 l=1 rev1=1 crypto rx=0 tx=0 comp rx=0 tx=0).handle_hello peer v2:172.21.15.80:3300/0 says I am v2:172.21.15.80:37150/0 (socket says 172.21.15.80:37150)
2024-05-08T05:58:11.157 INFO:teuthology.orchestra.run.smithi080.stdout:/usr/bin/ceph: stderr
2024-05-08T05:58:10.297+0000 7f2062a00700 1 -- 172.21.15.80:0/699970128 learned_addr learned my addr 172.21.15.80:0/699970128 (peer_addr_for_me v2:172.21.15.80:0/0)
2024-05-08T05:58:11.157 INFO:teuthology.orchestra.run.smithi080.stdout:/usr/bin/ceph: stderr
2024-05-08T05:58:10.297+0000 7f2062a00700 1 -- 172.21.15.80:0/699970128 --> [v2:172.21.15.80:3300/0,v1:172.21.15.80:6789/0] -- mon_subscribe({config=0+,monmap=0+}) -- 0x7f206419efc0 con 0x7f206407edf0
2024-05-08T05:58:11.158 INFO:teuthology.orchestra.run.smithi080.stdout:/usr/bin/ceph: stderr
2024-05-08T05:58:10.298+0000 7f2062a00700 1 --2- 172.21.15.80:0/699970128 >> [v2:172.21.15.80:3300/0,v1:172.21.15.80:6789/0] conn(0x7f206407edf0 0x7f206419ea80 secure :-1 s=READY pgs=60 cs=0 l=1 rev1=1 crypto rx=0x7f2054011670 tx=0x7f2054011a30 comp rx=0 tx=0).ready entity=mon.0 client_cookie=0 server_cookie=0 in_seq=0 out_seq=0
2024-05-08T05:58:11.158 INFO:teuthology.orchestra.run.smithi080.stdout:/usr/bin/ceph: stderr
2024-05-08T05:58:10.298+0000 7f2068a00700 1 -- 172.21.15.80:0/699970128 <== mon.0 v2:172.21.15.80:3300/0 1 ==== mon_map magic: 0 ==== 205+0+0 (secure 0 0 0) 0x7f2054003a60 con 0x7f206407edf0
2024-05-08T05:58:11.158 INFO:teuthology.orchestra.run.smithi080.stdout:/usr/bin/ceph: stderr
2024-05-08T05:58:10.298+0000 7f2068a00700 1 -- 172.21.15.80:0/699970128 <== mon.0 v2:172.21.15.80:3300/0 2 ==== config(25 keys) ==== 1063+0+0 (secure 0 0 0) 0x7f205401b8d0 con 0x7f206407edf0
2024-05-08T05:58:11.158 INFO:teuthology.orchestra.run.smithi080.stdout:/usr/bin/ceph: stderr
2024-05-08T05:58:10.298+0000 7f2063e00700 1 -- 172.21.15.80:0/699970128 --> [v2:172.21.15.80:3300/0,v1:172.21.15.80:6789/0] -- mon_subscribe({mgrmap=0+}) -- 0x7f206419f250 con 0x7f206407edf0
2024-05-08T05:58:11.158 INFO:teuthology.orchestra.run.smithi080.stdout:/usr/bin/ceph: stderr
2024-05-08T05:58:10.298+0000 7f2068a00700 1 -- 172.21.15.80:0/699970128 <== mon.0 v2:172.21.15.80:3300/0 3 ==== mon_map magic: 0 ==== 205+0+0 (secure 0 0 0) 0x7f2054023790 con 0x7f206407edf0
2024-05-08T05:58:11.158 INFO:teuthology.orchestra.run.smithi080.stdout:/usr/bin/ceph: stderr
2024-05-08T05:58:10.298+0000 7f2063e00700 1 -- 172.21.15.80:0/699970128 --> [v2:172.21.15.80:3300/0,v1:172.21.15.80:6789/0] -- mon_subscribe({osdmap=0}) -- 0x7f20641a1f40 con 0x7f206407edf0
2024-05-08T05:58:11.158 INFO:teuthology.orchestra.run.smithi080.stdout:/usr/bin/ceph: stderr
2024-05-08T05:58:10.299+0000 7f2063e00700 1 -- 172.21.15.80:0/699970128 --> [v2:172.21.15.80:3300/0,v1:172.21.15.80:6789/0] -- mon_command({"prefix": "get_command_descriptions"} v 0) -- 0x7f2064064b00 con 0x7f206407edf0
2024-05-08T05:58:11.158 INFO:teuthology.orchestra.run.smithi080.stdout:/usr/bin/ceph: stderr
2024-05-08T05:58:10.300+0000 7f2068a00700 1 -- 172.21.15.80:0/699970128 <== mon.0 v2:172.21.15.80:3300/0 4 ==== mgrmap(e 9) ==== 50235+0+0 (secure 0 0 0) 0x7f205401b440 con 0x7f206407edf0
2024-05-08T05:58:11.158 INFO:teuthology.orchestra.run.smithi080.stdout:/usr/bin/ceph: stderr
2024-05-08T05:58:10.300+0000 7f2068a00700 1 --2- 172.21.15.80:0/699970128 >> [v2:172.21.15.80:6800/909079704,v1:172.21.15.80:6801/909079704] conn(0x7f204803e520 0x7f20480409e0 unknown :-1 s=NONE pgs=0 cs=0 l=1 rev1=0 crypto rx=0 tx=0 comp rx=0 tx=0).connect
2024-05-08T05:58:11.158 INFO:teuthology.orchestra.run.smithi080.stdout:/usr/bin/ceph: stderr
2024-05-08T05:58:10.300+0000 7f2068a00700 1 -- 172.21.15.80:0/699970128 <== mon.0 v2:172.21.15.80:3300/0 5 ==== osd_map(2..2 src has 1..2) ==== 940+0+0 (secure 0 0 0) 0x7f2054053f50 con 0x7f206407edf0
2024-05-08T05:58:11.158 INFO:teuthology.orchestra.run.smithi080.stdout:/usr/bin/ceph: stderr
2024-05-08T05:58:10.300+0000 7f2062000700 1 -- 172.21.15.80:0/699970128 >> [v2:172.21.15.80:6800/909079704,v1:172.21.15.80:6801/909079704] conn(0x7f204803e520 msgr2=0x7f20480409e0 unknown :-1 s=STATE_CONNECTING_RE l=1).process reconnect failed to v2:172.21.15.80:6800/909079704
2024-05-08T05:58:11.158 INFO:teuthology.orchestra.run.smithi080.stdout:/usr/bin/ceph: stderr
2024-05-08T05:58:10.300+0000 7f2062000700 1 --2- 172.21.15.80:0/699970128 >> [v2:172.21.15.80:6800/909079704,v1:172.21.15.80:6801/909079704] conn(0x7f204803e520 0x7f20480409e0 unknown :-1 s=START_CONNECT pgs=0 cs=0 l=1 rev1=0 crypto rx=0 tx=0 comp rx=0 tx=0)._fault waiting 0.200000
2024-05-08T05:58:11.158 INFO:teuthology.orchestra.run.smithi080.stdout:/usr/bin/ceph: stderr
2024-05-08T05:58:10.306+0000 7f2068a00700 1 -- 172.21.15.80:0/699970128 <== mon.0 v2:172.21.15.80:3300/0 6 ==== mon_command_ack([{"prefix": "get_command_descriptions"}]=0 v0) ==== 72+0+191963 (secure 0 0 0) 0x7f205401f030 con 0x7f206407edf0
2024-05-08T05:58:11.159 INFO:teuthology.orchestra.run.smithi080.stdout:/usr/bin/ceph: stderr
2024-05-08T05:58:10.501+0000 7f2062000700 1 -- 172.21.15.80:0/699970128 >> [v2:172.21.15.80:6800/909079704,v1:172.21.15.80:6801/909079704] conn(0x7f204803e520 msgr2=0x7f20480409e0 unknown :-1 s=STATE_CONNECTING_RE l=1).process reconnect failed to v2:172.21.15.80:6800/909079704
2024-05-08T05:58:11.159 INFO:teuthology.orchestra.run.smithi080.stdout:/usr/bin/ceph: stderr
2024-05-08T05:58:10.501+0000 7f2062000700 1 --2- 172.21.15.80:0/699970128 >> [v2:172.21.15.80:6800/909079704,v1:172.21.15.80:6801/909079704] conn(0x7f204803e520 0x7f20480409e0 unknown :-1 s=START_CONNECT pgs=0 cs=0 l=1 rev1=0 crypto rx=0 tx=0 comp rx=0 tx=0)._fault waiting 0.400000
2024-05-08T05:58:11.159 INFO:teuthology.orchestra.run.smithi080.stdout:/usr/bin/ceph: stderr
2024-05-08T05:58:10.587+0000 7f2063e00700 1 -- 172.21.15.80:0/699970128 --> [v2:172.21.15.80:3300/0,v1:172.21.15.80:6789/0] -- mon_command({"prefix": "mgr stat"} v 0) -- 0x7f20641a24f0 con 0x7f206407edf0
2024-05-08T05:58:11.159 INFO:teuthology.orchestra.run.smithi080.stdout:/usr/bin/ceph: stderr
2024-05-08T05:58:10.588+0000 7f2068a00700 1 -- 172.21.15.80:0/699970128 <== mon.0 v2:172.21.15.80:3300/0 7 ==== mon_command_ack([{"prefix": "mgr stat"}]=0 v9) ==== 56+0+88 (secure 0 0 0) 0x7f2054005a20 con 0x7f206407edf0
2024-05-08T05:58:11.159 INFO:teuthology.orchestra.run.smithi080.stdout:/usr/bin/ceph: stderr
2024-05-08T05:58:10.591+0000 7f2063e00700 1 -- 172.21.15.80:0/699970128 >> [v2:172.21.15.80:6800/909079704,v1:172.21.15.80:6801/909079704] conn(0x7f204803e520 msgr2=0x7f20480409e0 unknown :-1 s=STATE_CONNECTING l=1).mark_down
2024-05-08T05:58:11.159 INFO:teuthology.orchestra.run.smithi080.stdout:/usr/bin/ceph: stderr
2024-05-08T05:58:10.591+0000 7f2063e00700 1 --2- 172.21.15.80:0/699970128 >> [v2:172.21.15.80:6800/909079704,v1:172.21.15.80:6801/909079704] conn(0x7f204803e520 0x7f20480409e0 unknown :-1 s=START_CONNECT pgs=0 cs=0 l=1 rev1=0 crypto rx=0 tx=0 comp rx=0 tx=0).stop
2024-05-08T05:58:11.159 INFO:teuthology.orchestra.run.smithi080.stdout:/usr/bin/ceph: stderr
2024-05-08T05:58:10.591+0000 7f2063e00700 1 -- 172.21.15.80:0/699970128 >> [v2:172.21.15.80:3300/0,v1:172.21.15.80:6789/0] conn(0x7f206407edf0 msgr2=0x7f206419ea80 secure :-1 s=STATE_CONNECTION_ESTABLISHED l=1).mark_down
2024-05-08T05:58:11.159 INFO:teuthology.orchestra.run.smithi080.stdout:/usr/bin/ceph: stderr
2024-05-08T05:58:10.591+0000 7f2063e00700 1 --2- 172.21.15.80:0/699970128 >> [v2:172.21.15.80:3300/0,v1:172.21.15.80:6789/0] conn(0x7f206407edf0 0x7f206419ea80 secure :-1 s=READY pgs=60 cs=0 l=1 rev1=1 crypto rx=0x7f2054011670 tx=0x7f2054011a30 comp rx=0 tx=0).stop
2024-05-08T05:58:11.159 INFO:teuthology.orchestra.run.smithi080.stdout:/usr/bin/ceph: stderr
2024-05-08T05:58:10.591+0000 7f2063e00700 1 -- 172.21.15.80:0/699970128 shutdown_connections
2024-05-08T05:58:11.159 INFO:teuthology.orchestra.run.smithi080.stdout:/usr/bin/ceph: stderr
2024-05-08T05:58:10.591+0000 7f2063e00700 1 --2- 172.21.15.80:0/699970128 >> [v2:172.21.15.80:6800/909079704,v1:172.21.15.80:6801/909079704] conn(0x7f204803e520 0x7f20480409e0 unknown :-1 s=CLOSED pgs=0 cs=0 l=1 rev1=0 crypto rx=0 tx=0 comp rx=0 tx=0).stop
2024-05-08T05:58:11.159 INFO:teuthology.orchestra.run.smithi080.stdout:/usr/bin/ceph: stderr
2024-05-08T05:58:10.591+0000 7f2063e00700 1 --2- 172.21.15.80:0/699970128 >> [v2:172.21.15.80:3300/0,v1:172.21.15.80:6789/0] conn(0x7f206407edf0 0x7f206419ea80 unknown :-1 s=CLOSED pgs=60 cs=0 l=1 rev1=1 crypto rx=0 tx=0 comp rx=0 tx=0).stop
2024-05-08T05:58:11.159 INFO:teuthology.orchestra.run.smithi080.stdout:/usr/bin/ceph: stderr
2024-05-08T05:58:10.591+0000 7f2063e00700 1 -- 172.21.15.80:0/699970128 >> 172.21.15.80:0/699970128 conn(0x7f2064103fb0 msgr2=0x7f2064104ad0 unknown :-1 s=STATE_NONE l=0).mark_down
2024-05-08T05:58:11.159 INFO:teuthology.orchestra.run.smithi080.stdout:/usr/bin/ceph: stderr
2024-05-08T05:58:10.592+0000 7f2063e00700 1 -- 172.21.15.80:0/699970128 shutdown_connections
2024-05-08T05:58:11.159 INFO:teuthology.orchestra.run.smithi080.stdout:/usr/bin/ceph: stderr
2024-05-08T05:58:10.592+0000 7f2063e00700 1 -- 172.21.15.80:0/699970128 wait complete.
2024-05-08T05:58:11.159 INFO:teuthology.orchestra.run.smithi080.stdout:Waiting for the mgr to restart...
2024-05-08T05:58:11.159 INFO:teuthology.orchestra.run.smithi080.stdout:Waiting for mgr epoch 9...
2024-05-08T05:58:12.001 INFO:journalctl@ceph.mgr.x.smithi080.stdout:May 08 05:58:11 smithi080 ceph-9f84c38e-0cff-11ef-bc97-c7b262605968-mgr-x[30070]:
2024-05-08T05:58:11.774+0000 7fc8231a5200 -1 mgr[py] Module telegraf has missing NOTIFY_TYPES member
2024-05-08T05:58:12.344 INFO:journalctl@ceph.mgr.x.smithi080.stdout:May 08 05:58:12 smithi080 ceph-9f84c38e-0cff-11ef-bc97-c7b262605968-mgr-x[30070]:
2024-05-08T05:58:12.000+0000 7fc8231a5200 -1 mgr[py] Module osd_support has missing NOTIFY_TYPES member
2024-05-08T05:58:12.344 INFO:journalctl@ceph.mgr.x.smithi080.stdout:May 08 05:58:12 smithi080 ceph-9f84c38e-0cff-11ef-bc97-c7b262605968-mgr-x[30070]:
2024-05-08T05:58:12.214+0000 7fc8231a5200 -1 mgr[py] Module iostat has missing NOTIFY_TYPES member
2024-05-08T05:58:12.619 INFO:journalctl@ceph.mgr.x.smithi080.stdout:May 08 05:58:12 smithi080 ceph-9f84c38e-0cff-11ef-bc97-c7b262605968-mgr-x[30070]:
2024-05-08T05:58:12.588+0000 7fc8231a5200 -1 mgr[py] Module alerts has missing NOTIFY_TYPES member
2024-05-08T05:58:13.120 INFO:journalctl@ceph.mgr.x.smithi080.stdout:May 08 05:58:12 smithi080 ceph-9f84c38e-0cff-11ef-bc97-c7b262605968-mgr-x[30070]:
2024-05-08T05:58:12.711+0000 7fc8231a5200 -1 mgr[py] Module selftest has missing NOTIFY_TYPES member
2024-05-08T05:58:13.120 INFO:journalctl@ceph.mgr.x.smithi080.stdout:May 08 05:58:12 smithi080 ceph-9f84c38e-0cff-11ef-bc97-c7b262605968-mgr-x[30070]:
2024-05-08T05:58:12.960+0000 7fc8231a5200 -1 mgr[py] Module pg_autoscaler has missing NOTIFY_TYPES member
2024-05-08T05:58:13.620 INFO:journalctl@ceph.mgr.x.smithi080.stdout:May 08 05:58:13 smithi080 ceph-9f84c38e-0cff-11ef-bc97-c7b262605968-mgr-x[30070]:
2024-05-08T05:58:13.212+0000 7fc8231a5200 -1 mgr[py] Module test_orchestrator has missing NOTIFY_TYPES member
2024-05-08T05:58:14.273 INFO:journalctl@ceph.mgr.x.smithi080.stdout:May 08 05:58:13 smithi080 ceph-9f84c38e-0cff-11ef-bc97-c7b262605968-mgr-x[30070]:
2024-05-08T05:58:13.989+0000 7fc8231a5200 -1 mgr[py] Module rook has missing NOTIFY_TYPES member
2024-05-08T05:58:14.274 INFO:journalctl@ceph.mgr.x.smithi080.stdout:May 08 05:58:14 smithi080 ceph-9f84c38e-0cff-11ef-bc97-c7b262605968-mgr-x[30070]:
2024-05-08T05:58:14.273+0000 7fc8231a5200 -1 mgr[py] Module smb has missing NOTIFY_TYPES member
2024-05-08T05:58:15.120 INFO:journalctl@ceph.mgr.x.smithi080.stdout:May 08 05:58:14 smithi080 ceph-9f84c38e-0cff-11ef-bc97-c7b262605968-mgr-x[30070]:
2024-05-08T05:58:14.831+0000 7fc8231a5200 -1 mgr[py] Module volumes has missing NOTIFY_TYPES member
2024-05-08T05:58:15.120 INFO:journalctl@ceph.mgr.x.smithi080.stdout:May 08 05:58:14 smithi080 ceph-9f84c38e-0cff-11ef-bc97-c7b262605968-mgr-x[30070]:
2024-05-08T05:58:14.959+0000 7fc8231a5200 -1 mgr[py] Module crash has missing NOTIFY_TYPES member
2024-05-08T05:58:15.865 INFO:journalctl@ceph.mgr.x.smithi080.stdout:May 08 05:58:15 smithi080 ceph-9f84c38e-0cff-11ef-bc97-c7b262605968-mgr-x[30070]:
2024-05-08T05:58:15.419+0000 7fc8231a5200 -1 mgr[py] Module rgw has missing NOTIFY_TYPES member
2024-05-08T05:58:16.120 INFO:journalctl@ceph.mgr.x.smithi080.stdout:May 08 05:58:15 smithi080 ceph-9f84c38e-0cff-11ef-bc97-c7b262605968-mgr-x[30070]:
2024-05-08T05:58:15.865+0000 7fc8231a5200 -1 mgr[py] Module prometheus has missing NOTIFY_TYPES member
2024-05-08T05:58:16.120 INFO:journalctl@ceph.mgr.x.smithi080.stdout:May 08 05:58:15 smithi080 ceph-9f84c38e-0cff-11ef-bc97-c7b262605968-mgr-x[30070]:
2024-05-08T05:58:15.988+0000 7fc8231a5200 -1 mgr[py] Module devicehealth has missing NOTIFY_TYPES member
2024-05-08T05:58:16.618 INFO:journalctl@ceph.mgr.x.smithi080.stdout:May 08 05:58:16 smithi080 ceph-9f84c38e-0cff-11ef-bc97-c7b262605968-mgr-x[30070]:
2024-05-08T05:58:16.309+0000 7fc8231a5200 -1 mgr[py] Module telemetry has missing NOTIFY_TYPES member
2024-05-08T05:58:16.618 INFO:journalctl@ceph.mgr.x.smithi080.stdout:May 08 05:58:16 smithi080 ceph-9f84c38e-0cff-11ef-bc97-c7b262605968-mgr-x[30070]:
2024-05-08T05:58:16.489+0000 7fc8231a5200 -1 mgr[py] Module diskprediction_local has missing NOTIFY_TYPES member
2024-05-08T05:58:16.618 INFO:journalctl@ceph.mgr.x.smithi080.stdout:May 08 05:58:16 smithi080 ceph-9f84c38e-0cff-11ef-bc97-c7b262605968-mgr-x[30070]:
2024-05-08T05:58:16.617+0000 7fc8231a5200 -1 mgr[py] Module osd_perf_query has missing NOTIFY_TYPES member
2024-05-08T05:58:17.370 INFO:journalctl@ceph.mgr.x.smithi080.stdout:May 08 05:58:17 smithi080 ceph-9f84c38e-0cff-11ef-bc97-c7b262605968-mgr-x[30070]:
2024-05-08T05:58:17.012+0000 7fc8231a5200 -1 mgr[py] Module rbd_support has missing NOTIFY_TYPES member
2024-05-08T05:58:17.370 INFO:journalctl@ceph.mgr.x.smithi080.stdout:May 08 05:58:17 smithi080 ceph-9f84c38e-0cff-11ef-bc97-c7b262605968-mgr-x[30070]:
2024-05-08T05:58:17.138+0000 7fc8231a5200 -1 mgr[py] Module zabbix has missing NOTIFY_TYPES member
2024-05-08T05:58:18.179 INFO:journalctl@ceph.mgr.x.smithi080.stdout:May 08 05:58:17 smithi080 ceph-9f84c38e-0cff-11ef-bc97-c7b262605968-mgr-x[30070]:
2024-05-08T05:58:17.891+0000 7fc8231a5200 -1 mgr[py] Module status has missing NOTIFY_TYPES member
2024-05-08T05:58:18.179 INFO:journalctl@ceph.mgr.x.smithi080.stdout:May 08 05:58:18 smithi080 ceph-9f84c38e-0cff-11ef-bc97-c7b262605968-mgr-x[30070]:
2024-05-08T05:58:18.178+0000 7fc8231a5200 -1 mgr[py] Module nfs has missing NOTIFY_TYPES member
2024-05-08T05:58:18.620 INFO:journalctl@ceph.mon.a.smithi080.stdout:May 08 05:58:18 smithi080 ceph-mon[29839]: Active manager daemon x restarted
2024-05-08T05:58:18.620 INFO:journalctl@ceph.mon.a.smithi080.stdout:May 08 05:58:18 smithi080 ceph-mon[29839]: Activating manager daemon x
2024-05-08T05:58:18.620 INFO:journalctl@ceph.mon.a.smithi080.stdout:May 08 05:58:18 smithi080 ceph-mon[29839]: osdmap e3: 0 total, 0 up, 0 in
2024-05-08T05:58:18.620 INFO:journalctl@ceph.mon.a.smithi080.stdout:May 08 05:58:18 smithi080 ceph-mon[29839]: mgrmap e10: x(active, starting, since 0.00877137s)
2024-05-08T05:58:18.620 INFO:journalctl@ceph.mon.a.smithi080.stdout:May 08 05:58:18 smithi080 ceph-mon[29839]: from='mgr.14152 172.21.15.80:0/1998535775' entity='mgr.x' cmd=[{"prefix": "mon metadata", "id": "a"}]: dispatch
2024-05-08T05:58:18.620 INFO:journalctl@ceph.mon.a.smithi080.stdout:May 08 05:58:18 smithi080 ceph-mon[29839]: from='mgr.14152 172.21.15.80:0/1998535775' entity='mgr.x' cmd=[{"prefix": "mgr metadata", "who": "x", "id": "x"}]: dispatch
2024-05-08T05:58:18.621 INFO:journalctl@ceph.mon.a.smithi080.stdout:May 08 05:58:18 smithi080 ceph-mon[29839]: from='mgr.14152 172.21.15.80:0/1998535775' entity='mgr.x' cmd=[{"prefix": "mds metadata"}]: dispatch
2024-05-08T05:58:18.621 INFO:journalctl@ceph.mon.a.smithi080.stdout:May 08 05:58:18 smithi080 ceph-mon[29839]: from='mgr.14152 172.21.15.80:0/1998535775' entity='mgr.x' cmd=[{"prefix": "osd metadata"}]: dispatch
2024-05-08T05:58:18.621 INFO:journalctl@ceph.mon.a.smithi080.stdout:May 08 05:58:18 smithi080 ceph-mon[29839]: from='mgr.14152 172.21.15.80:0/1998535775' entity='mgr.x' cmd=[{"prefix": "mon metadata"}]: dispatch
2024-05-08T05:58:18.621 INFO:journalctl@ceph.mon.a.smithi080.stdout:May 08 05:58:18 smithi080 ceph-mon[29839]: Manager daemon x is now available
2024-05-08T05:58:19.568 INFO:journalctl@ceph.mon.a.smithi080.stdout:May 08 05:58:19 smithi080 ceph-mon[29839]: from='mgr.14152 172.21.15.80:0/1998535775' entity='mgr.x' cmd=[{"prefix": "config dump", "format": "json"}]: dispatch
2024-05-08T05:58:19.569 INFO:journalctl@ceph.mon.a.smithi080.stdout:May 08 05:58:19 smithi080 ceph-mon[29839]: from='mgr.14152 172.21.15.80:0/1998535775' entity='mgr.x' cmd=[{"prefix":"config rm","who":"mgr","name":"mgr/rbd_support/x/mirror_snapshot_schedule"}]: dispatch
2024-05-08T05:58:19.569 INFO:journalctl@ceph.mon.a.smithi080.stdout:May 08 05:58:19 smithi080 ceph-mon[29839]: from='mgr.14152 172.21.15.80:0/1998535775' entity='mgr.x' cmd=[{"prefix":"config rm","who":"mgr","name":"mgr/rbd_support/x/trash_purge_schedule"}]: dispatch
2024-05-08T05:58:19.569 INFO:journalctl@ceph.mon.a.smithi080.stdout:May 08 05:58:19 smithi080 ceph-mon[29839]: [08/May/2024:05:58:18] ENGINE Bus STARTING
2024-05-08T05:58:19.569 INFO:journalctl@ceph.mon.a.smithi080.stdout:May 08 05:58:19 smithi080 ceph-mon[29839]: [08/May/2024:05:58:18] ENGINE Serving on http://172.21.15.80:8765
2024-05-08T05:58:19.569 INFO:journalctl@ceph.mon.a.smithi080.stdout:May 08 05:58:19 smithi080 ceph-mon[29839]: [08/May/2024:05:58:18] ENGINE Serving on https://172.21.15.80:7150
2024-05-08T05:58:19.569 INFO:journalctl@ceph.mon.a.smithi080.stdout:May 08 05:58:19 smithi080 ceph-mon[29839]: [08/May/2024:05:58:18] ENGINE Bus STARTED
2024-05-08T05:58:19.569 INFO:journalctl@ceph.mon.a.smithi080.stdout:May 08 05:58:19 smithi080 ceph-mon[29839]: mgrmap e11: x(active, since 1.01381s)
2024-05-08T05:58:19.860 INFO:teuthology.orchestra.run.smithi080.stdout:/usr/bin/ceph: stdout {
2024-05-08T05:58:19.860 INFO:teuthology.orchestra.run.smithi080.stdout:/usr/bin/ceph: stdout "mgrmap_epoch": 11,
2024-05-08T05:58:19.861 INFO:teuthology.orchestra.run.smithi080.stdout:/usr/bin/ceph: stdout "initialized": true
2024-05-08T05:58:19.861 INFO:teuthology.orchestra.run.smithi080.stdout:/usr/bin/ceph: stdout }
2024-05-08T05:58:19.875 INFO:teuthology.orchestra.run.smithi080.stdout:/usr/bin/ceph: stderr
2024-05-08T05:58:11.733+0000 7fdc6ea00700 1 Processor -- start
2024-05-08T05:58:19.875 INFO:teuthology.orchestra.run.smithi080.stdout:/usr/bin/ceph: stderr
2024-05-08T05:58:11.733+0000 7fdc6ea00700 1 -- start start
2024-05-08T05:58:19.875 INFO:teuthology.orchestra.run.smithi080.stdout:/usr/bin/ceph: stderr
2024-05-08T05:58:11.733+0000 7fdc6ea00700 1 --2- >> [v2:172.21.15.80:3300/0,v1:172.21.15.80:6789/0] conn(0x7fdc6807edd0 0x7fdc6807d280 unknown :-1 s=NONE pgs=0 cs=0 l=0 rev1=0 crypto rx=0 tx=0 comp rx=0 tx=0).connect
2024-05-08T05:58:19.875 INFO:teuthology.orchestra.run.smithi080.stdout:/usr/bin/ceph: stderr
2024-05-08T05:58:11.733+0000 7fdc6ea00700 1 -- --> [v2:172.21.15.80:3300/0,v1:172.21.15.80:6789/0] -- mon_getmap magic: 0 -- 0x7fdc6807d7c0 con 0x7fdc6807edd0
2024-05-08T05:58:19.875 INFO:teuthology.orchestra.run.smithi080.stdout:/usr/bin/ceph: stderr
2024-05-08T05:58:11.734+0000 7fdc67e00700 1 --2- >> [v2:172.21.15.80:3300/0,v1:172.21.15.80:6789/0] conn(0x7fdc6807edd0 0x7fdc6807d280 unknown :-1 s=BANNER_CONNECTING pgs=0 cs=0 l=0 rev1=0 crypto rx=0 tx=0 comp rx=0 tx=0)._handle_peer_banner_payload supported=3 required=0
2024-05-08T05:58:19.876 INFO:teuthology.orchestra.run.smithi080.stdout:/usr/bin/ceph: stderr
2024-05-08T05:58:11.734+0000 7fdc67e00700 1 --2- >> [v2:172.21.15.80:3300/0,v1:172.21.15.80:6789/0] conn(0x7fdc6807edd0 0x7fdc6807d280 unknown :-1 s=HELLO_CONNECTING pgs=0 cs=0 l=0 rev1=1 crypto rx=0 tx=0 comp rx=0 tx=0).handle_hello peer v2:172.21.15.80:3300/0 says I am v2:172.21.15.80:37160/0 (socket says 172.21.15.80:37160)
2024-05-08T05:58:19.876 INFO:teuthology.orchestra.run.smithi080.stdout:/usr/bin/ceph: stderr
2024-05-08T05:58:11.734+0000 7fdc67e00700 1 -- 172.21.15.80:0/1270592211 learned_addr learned my addr 172.21.15.80:0/1270592211 (peer_addr_for_me v2:172.21.15.80:0/0)
2024-05-08T05:58:19.876 INFO:teuthology.orchestra.run.smithi080.stdout:/usr/bin/ceph: stderr
2024-05-08T05:58:11.734+0000 7fdc67e00700 1 -- 172.21.15.80:0/1270592211 --> [v2:172.21.15.80:3300/0,v1:172.21.15.80:6789/0] -- mon_subscribe({config=0+,monmap=0+}) -- 0x7fdc6807d940 con 0x7fdc6807edd0
2024-05-08T05:58:19.876 INFO:teuthology.orchestra.run.smithi080.stdout:/usr/bin/ceph: stderr
2024-05-08T05:58:11.735+0000 7fdc67e00700 1 --2- 172.21.15.80:0/1270592211 >> [v2:172.21.15.80:3300/0,v1:172.21.15.80:6789/0] conn(0x7fdc6807edd0 0x7fdc6807d280 secure :-1 s=READY pgs=61 cs=0 l=1 rev1=1 crypto rx=0x7fdc580098a0 tx=0x7fdc58009bb0 comp rx=0 tx=0).ready entity=mon.0 client_cookie=285232f3b7d6018b server_cookie=0 in_seq=0 out_seq=0
2024-05-08T05:58:19.876 INFO:teuthology.orchestra.run.smithi080.stdout:/usr/bin/ceph: stderr
2024-05-08T05:58:11.735+0000 7fdc66a00700 1 -- 172.21.15.80:0/1270592211 <== mon.0 v2:172.21.15.80:3300/0 1 ==== mon_map magic: 0 ==== 205+0+0 (secure 0 0 0) 0x7fdc58004160 con 0x7fdc6807edd0
2024-05-08T05:58:19.876 INFO:teuthology.orchestra.run.smithi080.stdout:/usr/bin/ceph: stderr
2024-05-08T05:58:11.735+0000 7fdc66a00700 1 -- 172.21.15.80:0/1270592211 <== mon.0 v2:172.21.15.80:3300/0 2 ==== config(25 keys) ==== 1063+0+0 (secure 0 0 0) 0x7fdc58004300 con 0x7fdc6807edd0
2024-05-08T05:58:19.876 INFO:teuthology.orchestra.run.smithi080.stdout:/usr/bin/ceph: stderr
2024-05-08T05:58:11.735+0000 7fdc66a00700 1 -- 172.21.15.80:0/1270592211 <== mon.0 v2:172.21.15.80:3300/0 3 ==== mon_map magic: 0 ==== 205+0+0 (secure 0 0 0) 0x7fdc58011960 con 0x7fdc6807edd0
2024-05-08T05:58:19.877 INFO:teuthology.orchestra.run.smithi080.stdout:/usr/bin/ceph: stderr
2024-05-08T05:58:11.736+0000 7fdc6ea00700 1 -- 172.21.15.80:0/1270592211 >> [v2:172.21.15.80:3300/0,v1:172.21.15.80:6789/0] conn(0x7fdc6807edd0 msgr2=0x7fdc6807d280 secure :-1 s=STATE_CONNECTION_ESTABLISHED l=1).mark_down
2024-05-08T05:58:19.877 INFO:teuthology.orchestra.run.smithi080.stdout:/usr/bin/ceph: stderr
2024-05-08T05:58:11.736+0000 7fdc6ea00700 1 --2- 172.21.15.80:0/1270592211 >> [v2:172.21.15.80:3300/0,v1:172.21.15.80:6789/0] conn(0x7fdc6807edd0 0x7fdc6807d280 secure :-1 s=READY pgs=61 cs=0 l=1 rev1=1 crypto rx=0x7fdc580098a0 tx=0x7fdc58009bb0 comp rx=0 tx=0).stop
2024-05-08T05:58:19.877 INFO:teuthology.orchestra.run.smithi080.stdout:/usr/bin/ceph: stderr
2024-05-08T05:58:11.736+0000 7fdc6ea00700 1 -- 172.21.15.80:0/1270592211 shutdown_connections
2024-05-08T05:58:19.877 INFO:teuthology.orchestra.run.smithi080.stdout:/usr/bin/ceph: stderr
2024-05-08T05:58:11.736+0000 7fdc6ea00700 1 --2- 172.21.15.80:0/1270592211 >> [v2:172.21.15.80:3300/0,v1:172.21.15.80:6789/0] conn(0x7fdc6807edd0 0x7fdc6807d280 unknown :-1 s=CLOSED pgs=61 cs=0 l=1 rev1=1 crypto rx=0 tx=0 comp rx=0 tx=0).stop
2024-05-08T05:58:19.877 INFO:teuthology.orchestra.run.smithi080.stdout:/usr/bin/ceph: stderr
2024-05-08T05:58:11.736+0000 7fdc6ea00700 1 -- 172.21.15.80:0/1270592211 >> 172.21.15.80:0/1270592211 conn(0x7fdc681041b0 msgr2=0x7fdc681065d0 unknown :-1 s=STATE_NONE l=0).mark_down
2024-05-08T05:58:19.877 INFO:teuthology.orchestra.run.smithi080.stdout:/usr/bin/ceph: stderr
2024-05-08T05:58:11.736+0000 7fdc6ea00700 1 -- 172.21.15.80:0/1270592211 shutdown_connections
2024-05-08T05:58:19.878 INFO:teuthology.orchestra.run.smithi080.stdout:/usr/bin/ceph: stderr
2024-05-08T05:58:11.736+0000 7fdc6ea00700 1 -- 172.21.15.80:0/1270592211 wait complete.
2024-05-08T05:58:19.878 INFO:teuthology.orchestra.run.smithi080.stdout:/usr/bin/ceph: stderr
2024-05-08T05:58:11.737+0000 7fdc6ea00700 1 Processor -- start
2024-05-08T05:58:19.878 INFO:teuthology.orchestra.run.smithi080.stdout:/usr/bin/ceph: stderr
2024-05-08T05:58:11.737+0000 7fdc6ea00700 1 -- start start
2024-05-08T05:58:19.878 INFO:teuthology.orchestra.run.smithi080.stdout:/usr/bin/ceph: stderr
2024-05-08T05:58:11.737+0000 7fdc6ea00700 1 --2- >> [v2:172.21.15.80:3300/0,v1:172.21.15.80:6789/0] conn(0x7fdc6807edd0 0x7fdc6819efc0 unknown :-1 s=NONE pgs=0 cs=0 l=1 rev1=0 crypto rx=0 tx=0 comp rx=0 tx=0).connect
2024-05-08T05:58:19.878 INFO:teuthology.orchestra.run.smithi080.stdout:/usr/bin/ceph: stderr
2024-05-08T05:58:11.737+0000 7fdc6ea00700 1 -- --> [v2:172.21.15.80:3300/0,v1:172.21.15.80:6789/0] -- mon_getmap magic: 0 -- 0x7fdc6810f0f0 con 0x7fdc6807edd0
2024-05-08T05:58:19.878 INFO:teuthology.orchestra.run.smithi080.stdout:/usr/bin/ceph: stderr
2024-05-08T05:58:11.738+0000 7fdc67e00700 1 --2- >> [v2:172.21.15.80:3300/0,v1:172.21.15.80:6789/0] conn(0x7fdc6807edd0 0x7fdc6819efc0 unknown :-1 s=BANNER_CONNECTING pgs=0 cs=0 l=1 rev1=0 crypto rx=0 tx=0 comp rx=0 tx=0)._handle_peer_banner_payload supported=3 required=0
2024-05-08T05:58:19.878 INFO:teuthology.orchestra.run.smithi080.stdout:/usr/bin/ceph: stderr
2024-05-08T05:58:11.738+0000 7fdc67e00700 1 --2- >> [v2:172.21.15.80:3300/0,v1:172.21.15.80:6789/0] conn(0x7fdc6807edd0 0x7fdc6819efc0 unknown :-1 s=HELLO_CONNECTING pgs=0 cs=0 l=1 rev1=1 crypto rx=0 tx=0 comp rx=0 tx=0).handle_hello peer v2:172.21.15.80:3300/0 says I am v2:172.21.15.80:37168/0 (socket says 172.21.15.80:37168)
2024-05-08T05:58:19.879 INFO:teuthology.orchestra.run.smithi080.stdout:/usr/bin/ceph: stderr
2024-05-08T05:58:11.738+0000 7fdc67e00700 1 -- 172.21.15.80:0/3946046620 learned_addr learned my addr 172.21.15.80:0/3946046620 (peer_addr_for_me v2:172.21.15.80:0/0)
2024-05-08T05:58:19.879 INFO:teuthology.orchestra.run.smithi080.stdout:/usr/bin/ceph: stderr
2024-05-08T05:58:11.738+0000 7fdc67e00700 1 -- 172.21.15.80:0/3946046620 --> [v2:172.21.15.80:3300/0,v1:172.21.15.80:6789/0] -- mon_subscribe({config=0+,monmap=0+}) -- 0x7fdc6819f500 con 0x7fdc6807edd0
2024-05-08T05:58:19.879 INFO:teuthology.orchestra.run.smithi080.stdout:/usr/bin/ceph: stderr
2024-05-08T05:58:11.738+0000 7fdc67e00700 1 --2- 172.21.15.80:0/3946046620 >> [v2:172.21.15.80:3300/0,v1:172.21.15.80:6789/0] conn(0x7fdc6807edd0 0x7fdc6819efc0 secure :-1 s=READY pgs=62 cs=0 l=1 rev1=1 crypto rx=0x7fdc58011670 tx=0x7fdc58011aa0 comp rx=0 tx=0).ready entity=mon.0 client_cookie=0 server_cookie=0 in_seq=0 out_seq=0
2024-05-08T05:58:19.879 INFO:teuthology.orchestra.run.smithi080.stdout:/usr/bin/ceph: stderr
2024-05-08T05:58:11.739+0000 7fdc64c00700 1 -- 172.21.15.80:0/3946046620 <== mon.0 v2:172.21.15.80:3300/0 1 ==== mon_map magic: 0 ==== 205+0+0 (secure 0 0 0) 0x7fdc5801f070 con 0x7fdc6807edd0
2024-05-08T05:58:19.879 INFO:teuthology.orchestra.run.smithi080.stdout:/usr/bin/ceph: stderr
2024-05-08T05:58:11.739+0000 7fdc64c00700 1 -- 172.21.15.80:0/3946046620 <== mon.0 v2:172.21.15.80:3300/0 2 ==== config(25 keys) ==== 1063+0+0 (secure 0 0 0) 0x7fdc58003b20 con 0x7fdc6807edd0
2024-05-08T05:58:19.879 INFO:teuthology.orchestra.run.smithi080.stdout:/usr/bin/ceph: stderr
2024-05-08T05:58:11.739+0000 7fdc64c00700 1 -- 172.21.15.80:0/3946046620 <== mon.0 v2:172.21.15.80:3300/0 3 ==== mon_map magic: 0 ==== 205+0+0 (secure 0 0 0) 0x7fdc58019660 con 0x7fdc6807edd0
2024-05-08T05:58:19.879 INFO:teuthology.orchestra.run.smithi080.stdout:/usr/bin/ceph: stderr
2024-05-08T05:58:11.739+0000 7fdc6ea00700 1 -- 172.21.15.80:0/3946046620 --> [v2:172.21.15.80:3300/0,v1:172.21.15.80:6789/0] -- mon_subscribe({mgrmap=0+}) -- 0x7fdc6819f790 con 0x7fdc6807edd0
2024-05-08T05:58:19.880 INFO:teuthology.orchestra.run.smithi080.stdout:/usr/bin/ceph: stderr
2024-05-08T05:58:11.739+0000 7fdc6ea00700 1 -- 172.21.15.80:0/3946046620 --> [v2:172.21.15.80:3300/0,v1:172.21.15.80:6789/0] -- mon_subscribe({osdmap=0}) -- 0x7fdc681a2480 con 0x7fdc6807edd0
2024-05-08T05:58:19.880 INFO:teuthology.orchestra.run.smithi080.stdout:/usr/bin/ceph: stderr
2024-05-08T05:58:11.740+0000 7fdc64c00700 1 -- 172.21.15.80:0/3946046620 <== mon.0 v2:172.21.15.80:3300/0 4 ==== mgrmap(e 9) ==== 50235+0+0 (secure 0 0 0) 0x7fdc58022070 con 0x7fdc6807edd0
2024-05-08T05:58:19.880 INFO:teuthology.orchestra.run.smithi080.stdout:/usr/bin/ceph: stderr
2024-05-08T05:58:11.740+0000 7fdc64c00700 1 --2- 172.21.15.80:0/3946046620 >> [v2:172.21.15.80:6800/909079704,v1:172.21.15.80:6801/909079704] conn(0x7fdc4c03e520 0x7fdc4c0409e0 unknown :-1 s=NONE pgs=0 cs=0 l=1 rev1=0 crypto rx=0 tx=0 comp rx=0 tx=0).connect
2024-05-08T05:58:19.880 INFO:teuthology.orchestra.run.smithi080.stdout:/usr/bin/ceph: stderr
2024-05-08T05:58:11.741+0000 7fdc64c00700 1 -- 172.21.15.80:0/3946046620 --> [v2:172.21.15.80:6800/909079704,v1:172.21.15.80:6801/909079704] -- command(tid 0: {"prefix": "get_command_descriptions"}) -- 0x7fdc4c0410f0 con 0x7fdc4c03e520
2024-05-08T05:58:19.880 INFO:teuthology.orchestra.run.smithi080.stdout:/usr/bin/ceph: stderr
2024-05-08T05:58:11.741+0000 7fdc64c00700 1 -- 172.21.15.80:0/3946046620 <== mon.0 v2:172.21.15.80:3300/0 5 ==== osd_map(2..2 src has 1..2) ==== 940+0+0 (secure 0 0 0) 0x7fdc58053ad0 con 0x7fdc6807edd0
2024-05-08T05:58:19.880 INFO:teuthology.orchestra.run.smithi080.stdout:/usr/bin/ceph: stderr
2024-05-08T05:58:11.741+0000 7fdc67400700 1 -- 172.21.15.80:0/3946046620 >> [v2:172.21.15.80:6800/909079704,v1:172.21.15.80:6801/909079704] conn(0x7fdc4c03e520 msgr2=0x7fdc4c0409e0 unknown :-1 s=STATE_CONNECTING_RE l=1).process reconnect failed to v2:172.21.15.80:6800/909079704
2024-05-08T05:58:19.881 INFO:teuthology.orchestra.run.smithi080.stdout:/usr/bin/ceph: stderr
2024-05-08T05:58:11.741+0000 7fdc67400700 1 --2- 172.21.15.80:0/3946046620 >> [v2:172.21.15.80:6800/909079704,v1:172.21.15.80:6801/909079704] conn(0x7fdc4c03e520 0x7fdc4c0409e0 unknown :-1 s=START_CONNECT pgs=0 cs=0 l=1 rev1=0 crypto rx=0 tx=0 comp rx=0 tx=0)._fault waiting 0.200000
2024-05-08T05:58:19.881 INFO:teuthology.orchestra.run.smithi080.stdout:/usr/bin/ceph: stderr
2024-05-08T05:58:11.942+0000 7fdc67400700 1 -- 172.21.15.80:0/3946046620 >> [v2:172.21.15.80:6800/909079704,v1:172.21.15.80:6801/909079704] conn(0x7fdc4c03e520 msgr2=0x7fdc4c0409e0 unknown :-1 s=STATE_CONNECTING_RE l=1).process reconnect failed to v2:172.21.15.80:6800/909079704
2024-05-08T05:58:19.881 INFO:teuthology.orchestra.run.smithi080.stdout:/usr/bin/ceph: stderr
2024-05-08T05:58:11.942+0000 7fdc67400700 1 --2- 172.21.15.80:0/3946046620 >> [v2:172.21.15.80:6800/909079704,v1:172.21.15.80:6801/909079704] conn(0x7fdc4c03e520 0x7fdc4c0409e0 unknown :-1 s=START_CONNECT pgs=0 cs=0 l=1 rev1=0 crypto rx=0 tx=0 comp rx=0 tx=0)._fault waiting 0.400000
2024-05-08T05:58:19.881 INFO:teuthology.orchestra.run.smithi080.stdout:/usr/bin/ceph: stderr
2024-05-08T05:58:12.343+0000 7fdc67400700 1 -- 172.21.15.80:0/3946046620 >> [v2:172.21.15.80:6800/909079704,v1:172.21.15.80:6801/909079704] conn(0x7fdc4c03e520 msgr2=0x7fdc4c0409e0 unknown :-1 s=STATE_CONNECTING_RE l=1).process reconnect failed to v2:172.21.15.80:6800/909079704
2024-05-08T05:58:19.881 INFO:teuthology.orchestra.run.smithi080.stdout:/usr/bin/ceph: stderr
2024-05-08T05:58:12.343+0000 7fdc67400700 1 --2- 172.21.15.80:0/3946046620 >> [v2:172.21.15.80:6800/909079704,v1:172.21.15.80:6801/909079704] conn(0x7fdc4c03e520 0x7fdc4c0409e0 unknown :-1 s=START_CONNECT pgs=0 cs=0 l=1 rev1=0 crypto rx=0 tx=0 comp rx=0 tx=0)._fault waiting 0.800000
2024-05-08T05:58:19.881 INFO:teuthology.orchestra.run.smithi080.stdout:/usr/bin/ceph: stderr
2024-05-08T05:58:13.144+0000 7fdc67400700 1 -- 172.21.15.80:0/3946046620 >> [v2:172.21.15.80:6800/909079704,v1:172.21.15.80:6801/909079704] conn(0x7fdc4c03e520 msgr2=0x7fdc4c0409e0 unknown :-1 s=STATE_CONNECTING_RE l=1).process reconnect failed to v2:172.21.15.80:6800/909079704
2024-05-08T05:58:19.881 INFO:teuthology.orchestra.run.smithi080.stdout:/usr/bin/ceph: stderr
2024-05-08T05:58:13.144+0000 7fdc67400700 1 --2- 172.21.15.80:0/3946046620 >> [v2:172.21.15.80:6800/909079704,v1:172.21.15.80:6801/909079704] conn(0x7fdc4c03e520 0x7fdc4c0409e0 unknown :-1 s=START_CONNECT pgs=0 cs=0 l=1 rev1=0 crypto rx=0 tx=0 comp rx=0 tx=0)._fault waiting 1.600000
2024-05-08T05:58:19.882 INFO:teuthology.orchestra.run.smithi080.stdout:/usr/bin/ceph: stderr
2024-05-08T05:58:14.746+0000 7fdc67400700 1 -- 172.21.15.80:0/3946046620 >> [v2:172.21.15.80:6800/909079704,v1:172.21.15.80:6801/909079704] conn(0x7fdc4c03e520 msgr2=0x7fdc4c0409e0 unknown :-1 s=STATE_CONNECTING_RE l=1).process reconnect failed to v2:172.21.15.80:6800/909079704
2024-05-08T05:58:19.882 INFO:teuthology.orchestra.run.smithi080.stdout:/usr/bin/ceph: stderr
