2024-05-08T06:06:57.761+0000 7fa17b200700 1 -- 172.21.15.31:0/60513798 wait complete.
2024-05-08T06:06:58.584 INFO:teuthology.orchestra.run.smithi031.stdout:mgr not available, waiting (3/15)...
2024-05-08T06:06:59.494 INFO:journalctl@ceph.mgr.x.smithi031.stdout:May 08 06:06:59 smithi031 ceph-fc039742-0d00-11ef-bc97-c7b262605968-mgr-x[29852]:
2024-05-08T06:06:59.192+0000 7f31e9726200 -1 mgr[py] Module status has missing NOTIFY_TYPES member
2024-05-08T06:06:59.494 INFO:journalctl@ceph.mgr.x.smithi031.stdout:May 08 06:06:59 smithi031 ceph-fc039742-0d00-11ef-bc97-c7b262605968-mgr-x[29852]:
2024-05-08T06:06:59.492+0000 7f31e9726200 -1 mgr[py] Module nfs has missing NOTIFY_TYPES member
2024-05-08T06:06:59.812 INFO:journalctl@ceph.mon.a.smithi031.stdout:May 08 06:06:59 smithi031 ceph-mon[29613]: Activating manager daemon x
2024-05-08T06:06:59.812 INFO:journalctl@ceph.mon.a.smithi031.stdout:May 08 06:06:59 smithi031 ceph-mon[29613]: mgrmap e2: x(active, starting, since 0.0118278s)
2024-05-08T06:06:59.812 INFO:journalctl@ceph.mon.a.smithi031.stdout:May 08 06:06:59 smithi031 ceph-mon[29613]: from='mgr.14100 172.21.15.31:0/620121614' entity='mgr.x' cmd=[{"prefix": "mds metadata"}]: dispatch
2024-05-08T06:06:59.812 INFO:journalctl@ceph.mon.a.smithi031.stdout:May 08 06:06:59 smithi031 ceph-mon[29613]: from='mgr.14100 172.21.15.31:0/620121614' entity='mgr.x' cmd=[{"prefix": "osd metadata"}]: dispatch
2024-05-08T06:06:59.812 INFO:journalctl@ceph.mon.a.smithi031.stdout:May 08 06:06:59 smithi031 ceph-mon[29613]: from='mgr.14100 172.21.15.31:0/620121614' entity='mgr.x' cmd=[{"prefix": "mon metadata"}]: dispatch
2024-05-08T06:06:59.812 INFO:journalctl@ceph.mon.a.smithi031.stdout:May 08 06:06:59 smithi031 ceph-mon[29613]: from='mgr.14100 172.21.15.31:0/620121614' entity='mgr.x' cmd=[{"prefix": "mds metadata"}]: dispatch
2024-05-08T06:06:59.812 INFO:journalctl@ceph.mon.a.smithi031.stdout:May 08 06:06:59 smithi031 ceph-mon[29613]: from='mgr.14100 172.21.15.31:0/620121614' entity='mgr.x' cmd=[{"prefix": "osd metadata"}]: dispatch
2024-05-08T06:06:59.813 INFO:journalctl@ceph.mon.a.smithi031.stdout:May 08 06:06:59 smithi031 ceph-mon[29613]: from='mgr.14100 172.21.15.31:0/620121614' entity='mgr.x' cmd=[{"prefix": "mon metadata"}]: dispatch
2024-05-08T06:06:59.813 INFO:journalctl@ceph.mon.a.smithi031.stdout:May 08 06:06:59 smithi031 ceph-mon[29613]: from='mgr.14100 172.21.15.31:0/620121614' entity='mgr.x' cmd=[{"prefix": "mon metadata", "id": "a"}]: dispatch
2024-05-08T06:06:59.813 INFO:journalctl@ceph.mon.a.smithi031.stdout:May 08 06:06:59 smithi031 ceph-mon[29613]: from='mgr.14100 172.21.15.31:0/620121614' entity='mgr.x' cmd=[{"prefix": "mgr metadata", "who": "x", "id": "x"}]: dispatch
2024-05-08T06:06:59.813 INFO:journalctl@ceph.mon.a.smithi031.stdout:May 08 06:06:59 smithi031 ceph-mon[29613]: Manager daemon x is now available
2024-05-08T06:06:59.813 INFO:journalctl@ceph.mon.a.smithi031.stdout:May 08 06:06:59 smithi031 ceph-mon[29613]: from='mgr.14100 172.21.15.31:0/620121614' entity='mgr.x' cmd=[{"prefix":"config rm","who":"mgr","name":"mgr/rbd_support/x/mirror_snapshot_schedule"}]: dispatch
2024-05-08T06:06:59.813 INFO:journalctl@ceph.mon.a.smithi031.stdout:May 08 06:06:59 smithi031 ceph-mon[29613]: from='mgr.14100 172.21.15.31:0/620121614' entity='mgr.x' cmd=[{"prefix":"config rm","who":"mgr","name":"mgr/rbd_support/x/trash_purge_schedule"}]: dispatch
2024-05-08T06:06:59.813 INFO:journalctl@ceph.mon.a.smithi031.stdout:May 08 06:06:59 smithi031 ceph-mon[29613]: from='mgr.14100 172.21.15.31:0/620121614' entity='mgr.x'
2024-05-08T06:06:59.813 INFO:journalctl@ceph.mon.a.smithi031.stdout:May 08 06:06:59 smithi031 ceph-mon[29613]: from='mgr.14100 172.21.15.31:0/620121614' entity='mgr.x'
2024-05-08T06:07:00.812 INFO:journalctl@ceph.mon.a.smithi031.stdout:May 08 06:07:00 smithi031 ceph-mon[29613]: from='mgr.14100 172.21.15.31:0/620121614' entity='mgr.x'
2024-05-08T06:07:00.812 INFO:journalctl@ceph.mon.a.smithi031.stdout:May 08 06:07:00 smithi031 ceph-mon[29613]: mgrmap e3: x(active, since 1.02164s)
2024-05-08T06:07:02.554 INFO:teuthology.orchestra.run.smithi031.stdout:/usr/bin/ceph: stdout
2024-05-08T06:07:02.555 INFO:teuthology.orchestra.run.smithi031.stdout:/usr/bin/ceph: stdout {
2024-05-08T06:07:02.556 INFO:teuthology.orchestra.run.smithi031.stdout:/usr/bin/ceph: stdout "fsid": "fc039742-0d00-11ef-bc97-c7b262605968",
2024-05-08T06:07:02.556 INFO:teuthology.orchestra.run.smithi031.stdout:/usr/bin/ceph: stdout "health": {
2024-05-08T06:07:02.556 INFO:teuthology.orchestra.run.smithi031.stdout:/usr/bin/ceph: stdout "status": "HEALTH_OK",
2024-05-08T06:07:02.556 INFO:teuthology.orchestra.run.smithi031.stdout:/usr/bin/ceph: stdout "checks": {},
2024-05-08T06:07:02.556 INFO:teuthology.orchestra.run.smithi031.stdout:/usr/bin/ceph: stdout "mutes": []
2024-05-08T06:07:02.556 INFO:teuthology.orchestra.run.smithi031.stdout:/usr/bin/ceph: stdout },
2024-05-08T06:07:02.556 INFO:teuthology.orchestra.run.smithi031.stdout:/usr/bin/ceph: stdout "election_epoch": 5,
2024-05-08T06:07:02.556 INFO:teuthology.orchestra.run.smithi031.stdout:/usr/bin/ceph: stdout "quorum": [
2024-05-08T06:07:02.556 INFO:teuthology.orchestra.run.smithi031.stdout:/usr/bin/ceph: stdout 0
2024-05-08T06:07:02.558 INFO:teuthology.orchestra.run.smithi031.stdout:/usr/bin/ceph: stdout ],
2024-05-08T06:07:02.558 INFO:teuthology.orchestra.run.smithi031.stdout:/usr/bin/ceph: stdout "quorum_names": [
2024-05-08T06:07:02.558 INFO:teuthology.orchestra.run.smithi031.stdout:/usr/bin/ceph: stdout "a"
2024-05-08T06:07:02.558 INFO:teuthology.orchestra.run.smithi031.stdout:/usr/bin/ceph: stdout ],
2024-05-08T06:07:02.558 INFO:teuthology.orchestra.run.smithi031.stdout:/usr/bin/ceph: stdout "quorum_age": 14,
2024-05-08T06:07:02.558 INFO:teuthology.orchestra.run.smithi031.stdout:/usr/bin/ceph: stdout "monmap": {
2024-05-08T06:07:02.558 INFO:teuthology.orchestra.run.smithi031.stdout:/usr/bin/ceph: stdout "epoch": 1,
2024-05-08T06:07:02.558 INFO:teuthology.orchestra.run.smithi031.stdout:/usr/bin/ceph: stdout "min_mon_release_name": "squid",
2024-05-08T06:07:02.558 INFO:teuthology.orchestra.run.smithi031.stdout:/usr/bin/ceph: stdout "num_mons": 1
2024-05-08T06:07:02.558 INFO:teuthology.orchestra.run.smithi031.stdout:/usr/bin/ceph: stdout },
2024-05-08T06:07:02.558 INFO:teuthology.orchestra.run.smithi031.stdout:/usr/bin/ceph: stdout "osdmap": {
2024-05-08T06:07:02.559 INFO:teuthology.orchestra.run.smithi031.stdout:/usr/bin/ceph: stdout "epoch": 1,
2024-05-08T06:07:02.559 INFO:teuthology.orchestra.run.smithi031.stdout:/usr/bin/ceph: stdout "num_osds": 0,
2024-05-08T06:07:02.559 INFO:teuthology.orchestra.run.smithi031.stdout:/usr/bin/ceph: stdout "num_up_osds": 0,
2024-05-08T06:07:02.559 INFO:teuthology.orchestra.run.smithi031.stdout:/usr/bin/ceph: stdout "osd_up_since": 0,
2024-05-08T06:07:02.561 INFO:teuthology.orchestra.run.smithi031.stdout:/usr/bin/ceph: stdout "num_in_osds": 0,
2024-05-08T06:07:02.561 INFO:teuthology.orchestra.run.smithi031.stdout:/usr/bin/ceph: stdout "osd_in_since": 0,
2024-05-08T06:07:02.561 INFO:teuthology.orchestra.run.smithi031.stdout:/usr/bin/ceph: stdout "num_remapped_pgs": 0
2024-05-08T06:07:02.561 INFO:teuthology.orchestra.run.smithi031.stdout:/usr/bin/ceph: stdout },
2024-05-08T06:07:02.561 INFO:teuthology.orchestra.run.smithi031.stdout:/usr/bin/ceph: stdout "pgmap": {
2024-05-08T06:07:02.561 INFO:teuthology.orchestra.run.smithi031.stdout:/usr/bin/ceph: stdout "pgs_by_state": [],
2024-05-08T06:07:02.562 INFO:teuthology.orchestra.run.smithi031.stdout:/usr/bin/ceph: stdout "num_pgs": 0,
2024-05-08T06:07:02.562 INFO:teuthology.orchestra.run.smithi031.stdout:/usr/bin/ceph: stdout "num_pools": 0,
2024-05-08T06:07:02.562 INFO:teuthology.orchestra.run.smithi031.stdout:/usr/bin/ceph: stdout "num_objects": 0,
2024-05-08T06:07:02.562 INFO:teuthology.orchestra.run.smithi031.stdout:/usr/bin/ceph: stdout "data_bytes": 0,
2024-05-08T06:07:02.562 INFO:teuthology.orchestra.run.smithi031.stdout:/usr/bin/ceph: stdout "bytes_used": 0,
2024-05-08T06:07:02.562 INFO:teuthology.orchestra.run.smithi031.stdout:/usr/bin/ceph: stdout "bytes_avail": 0,
2024-05-08T06:07:02.562 INFO:teuthology.orchestra.run.smithi031.stdout:/usr/bin/ceph: stdout "bytes_total": 0
2024-05-08T06:07:02.562 INFO:teuthology.orchestra.run.smithi031.stdout:/usr/bin/ceph: stdout },
2024-05-08T06:07:02.562 INFO:teuthology.orchestra.run.smithi031.stdout:/usr/bin/ceph: stdout "fsmap": {
2024-05-08T06:07:02.562 INFO:teuthology.orchestra.run.smithi031.stdout:/usr/bin/ceph: stdout "epoch": 1,
2024-05-08T06:07:02.562 INFO:teuthology.orchestra.run.smithi031.stdout:/usr/bin/ceph: stdout "by_rank": [],
2024-05-08T06:07:02.562 INFO:teuthology.orchestra.run.smithi031.stdout:/usr/bin/ceph: stdout "up:standby": 0
2024-05-08T06:07:02.562 INFO:teuthology.orchestra.run.smithi031.stdout:/usr/bin/ceph: stdout },
2024-05-08T06:07:02.562 INFO:teuthology.orchestra.run.smithi031.stdout:/usr/bin/ceph: stdout "mgrmap": {
2024-05-08T06:07:02.562 INFO:teuthology.orchestra.run.smithi031.stdout:/usr/bin/ceph: stdout "available": true,
2024-05-08T06:07:02.563 INFO:teuthology.orchestra.run.smithi031.stdout:/usr/bin/ceph: stdout "num_standbys": 0,
2024-05-08T06:07:02.563 INFO:teuthology.orchestra.run.smithi031.stdout:/usr/bin/ceph: stdout "modules": [
2024-05-08T06:07:02.563 INFO:teuthology.orchestra.run.smithi031.stdout:/usr/bin/ceph: stdout "iostat",
2024-05-08T06:07:02.566 INFO:teuthology.orchestra.run.smithi031.stdout:/usr/bin/ceph: stdout "nfs",
2024-05-08T06:07:02.567 INFO:teuthology.orchestra.run.smithi031.stdout:/usr/bin/ceph: stdout "restful"
2024-05-08T06:07:02.567 INFO:teuthology.orchestra.run.smithi031.stdout:/usr/bin/ceph: stdout ],
2024-05-08T06:07:02.567 INFO:teuthology.orchestra.run.smithi031.stdout:/usr/bin/ceph: stdout "services": {}
2024-05-08T06:07:02.567 INFO:teuthology.orchestra.run.smithi031.stdout:/usr/bin/ceph: stdout },
2024-05-08T06:07:02.567 INFO:teuthology.orchestra.run.smithi031.stdout:/usr/bin/ceph: stdout "servicemap": {
2024-05-08T06:07:02.567 INFO:teuthology.orchestra.run.smithi031.stdout:/usr/bin/ceph: stdout "epoch": 1,
2024-05-08T06:07:02.567 INFO:teuthology.orchestra.run.smithi031.stdout:/usr/bin/ceph: stdout "modified": "2024-05-08T06:06:39.677963+0000",
2024-05-08T06:07:02.567 INFO:teuthology.orchestra.run.smithi031.stdout:/usr/bin/ceph: stdout "services": {}
2024-05-08T06:07:02.567 INFO:teuthology.orchestra.run.smithi031.stdout:/usr/bin/ceph: stdout },
2024-05-08T06:07:02.567 INFO:teuthology.orchestra.run.smithi031.stdout:/usr/bin/ceph: stdout "progress_events": {}
2024-05-08T06:07:02.567 INFO:teuthology.orchestra.run.smithi031.stdout:/usr/bin/ceph: stdout }
2024-05-08T06:07:02.567 INFO:teuthology.orchestra.run.smithi031.stdout:/usr/bin/ceph: stderr
2024-05-08T06:07:01.220+0000 7f5d9d800700 1 Processor -- start
2024-05-08T06:07:02.567 INFO:teuthology.orchestra.run.smithi031.stdout:/usr/bin/ceph: stderr
2024-05-08T06:07:01.220+0000 7f5d9d800700 1 -- start start
2024-05-08T06:07:02.568 INFO:teuthology.orchestra.run.smithi031.stdout:/usr/bin/ceph: stderr
2024-05-08T06:07:01.221+0000 7f5d9d800700 1 --2- >> [v2:172.21.15.31:3300/0,v1:172.21.15.31:6789/0] conn(0x7f5d98082dd0 0x7f5d980831f0 unknown :-1 s=NONE pgs=0 cs=0 l=0 rev1=0 crypto rx=0 tx=0 comp rx=0 tx=0).connect
2024-05-08T06:07:02.568 INFO:teuthology.orchestra.run.smithi031.stdout:/usr/bin/ceph: stderr
2024-05-08T06:07:01.221+0000 7f5d9d800700 1 -- --> [v2:172.21.15.31:3300/0,v1:172.21.15.31:6789/0] -- mon_getmap magic: 0 -- 0x7f5d980837c0 con 0x7f5d98082dd0
2024-05-08T06:07:02.568 INFO:teuthology.orchestra.run.smithi031.stdout:/usr/bin/ceph: stderr
2024-05-08T06:07:01.221+0000 7f5d96a00700 1 --2- >> [v2:172.21.15.31:3300/0,v1:172.21.15.31:6789/0] conn(0x7f5d98082dd0 0x7f5d980831f0 unknown :-1 s=BANNER_CONNECTING pgs=0 cs=0 l=0 rev1=0 crypto rx=0 tx=0 comp rx=0 tx=0)._handle_peer_banner_payload supported=3 required=0
2024-05-08T06:07:02.568 INFO:teuthology.orchestra.run.smithi031.stdout:/usr/bin/ceph: stderr
2024-05-08T06:07:01.221+0000 7f5d96a00700 1 --2- >> [v2:172.21.15.31:3300/0,v1:172.21.15.31:6789/0] conn(0x7f5d98082dd0 0x7f5d980831f0 unknown :-1 s=HELLO_CONNECTING pgs=0 cs=0 l=0 rev1=1 crypto rx=0 tx=0 comp rx=0 tx=0).handle_hello peer v2:172.21.15.31:3300/0 says I am v2:172.21.15.31:35940/0 (socket says 172.21.15.31:35940)
2024-05-08T06:07:02.568 INFO:teuthology.orchestra.run.smithi031.stdout:/usr/bin/ceph: stderr
2024-05-08T06:07:01.221+0000 7f5d96a00700 1 -- 172.21.15.31:0/4252189342 learned_addr learned my addr 172.21.15.31:0/4252189342 (peer_addr_for_me v2:172.21.15.31:0/0)
2024-05-08T06:07:02.568 INFO:teuthology.orchestra.run.smithi031.stdout:/usr/bin/ceph: stderr
2024-05-08T06:07:01.222+0000 7f5d96a00700 1 -- 172.21.15.31:0/4252189342 --> [v2:172.21.15.31:3300/0,v1:172.21.15.31:6789/0] -- mon_subscribe({config=0+,monmap=0+}) -- 0x7f5d98110610 con 0x7f5d98082dd0
2024-05-08T06:07:02.568 INFO:teuthology.orchestra.run.smithi031.stdout:/usr/bin/ceph: stderr
2024-05-08T06:07:01.222+0000 7f5d96a00700 1 --2- 172.21.15.31:0/4252189342 >> [v2:172.21.15.31:3300/0,v1:172.21.15.31:6789/0] conn(0x7f5d98082dd0 0x7f5d980831f0 secure :-1 s=READY pgs=18 cs=0 l=1 rev1=1 crypto rx=0x7f5d880098a0 tx=0x7f5d88009bb0 comp rx=0 tx=0).ready entity=mon.0 client_cookie=c0807fb56681df44 server_cookie=0 in_seq=0 out_seq=0
2024-05-08T06:07:02.568 INFO:teuthology.orchestra.run.smithi031.stdout:/usr/bin/ceph: stderr
2024-05-08T06:07:01.222+0000 7f5d96000700 1 -- 172.21.15.31:0/4252189342 <== mon.0 v2:172.21.15.31:3300/0 1 ==== mon_map magic: 0 ==== 205+0+0 (secure 0 0 0) 0x7f5d88004160 con 0x7f5d98082dd0
2024-05-08T06:07:02.568 INFO:teuthology.orchestra.run.smithi031.stdout:/usr/bin/ceph: stderr
2024-05-08T06:07:01.222+0000 7f5d96000700 1 -- 172.21.15.31:0/4252189342 <== mon.0 v2:172.21.15.31:3300/0 2 ==== config(26 keys) ==== 1070+0+0 (secure 0 0 0) 0x7f5d88004300 con 0x7f5d98082dd0
2024-05-08T06:07:02.568 INFO:teuthology.orchestra.run.smithi031.stdout:/usr/bin/ceph: stderr
2024-05-08T06:07:01.222+0000 7f5d96000700 1 -- 172.21.15.31:0/4252189342 <== mon.0 v2:172.21.15.31:3300/0 3 ==== mon_map magic: 0 ==== 205+0+0 (secure 0 0 0) 0x7f5d88011af0 con 0x7f5d98082dd0
2024-05-08T06:07:02.568 INFO:teuthology.orchestra.run.smithi031.stdout:/usr/bin/ceph: stderr
2024-05-08T06:07:01.223+0000 7f5d9d800700 1 -- 172.21.15.31:0/4252189342 >> [v2:172.21.15.31:3300/0,v1:172.21.15.31:6789/0] conn(0x7f5d98082dd0 msgr2=0x7f5d980831f0 secure :-1 s=STATE_CONNECTION_ESTABLISHED l=1).mark_down
2024-05-08T06:07:02.568 INFO:teuthology.orchestra.run.smithi031.stdout:/usr/bin/ceph: stderr
2024-05-08T06:07:01.223+0000 7f5d9d800700 1 --2- 172.21.15.31:0/4252189342 >> [v2:172.21.15.31:3300/0,v1:172.21.15.31:6789/0] conn(0x7f5d98082dd0 0x7f5d980831f0 secure :-1 s=READY pgs=18 cs=0 l=1 rev1=1 crypto rx=0x7f5d880098a0 tx=0x7f5d88009bb0 comp rx=0 tx=0).stop
2024-05-08T06:07:02.568 INFO:teuthology.orchestra.run.smithi031.stdout:/usr/bin/ceph: stderr
2024-05-08T06:07:01.223+0000 7f5d9d800700 1 -- 172.21.15.31:0/4252189342 shutdown_connections
2024-05-08T06:07:02.568 INFO:teuthology.orchestra.run.smithi031.stdout:/usr/bin/ceph: stderr
2024-05-08T06:07:01.223+0000 7f5d9d800700 1 --2- 172.21.15.31:0/4252189342 >> [v2:172.21.15.31:3300/0,v1:172.21.15.31:6789/0] conn(0x7f5d98082dd0 0x7f5d980831f0 unknown :-1 s=CLOSED pgs=18 cs=0 l=1 rev1=1 crypto rx=0 tx=0 comp rx=0 tx=0).stop
2024-05-08T06:07:02.569 INFO:teuthology.orchestra.run.smithi031.stdout:/usr/bin/ceph: stderr
2024-05-08T06:07:01.223+0000 7f5d9d800700 1 -- 172.21.15.31:0/4252189342 >> 172.21.15.31:0/4252189342 conn(0x7f5d9807e3a0 msgr2=0x7f5d98080800 unknown :-1 s=STATE_NONE l=0).mark_down
2024-05-08T06:07:02.569 INFO:teuthology.orchestra.run.smithi031.stdout:/usr/bin/ceph: stderr
2024-05-08T06:07:01.223+0000 7f5d9d800700 1 -- 172.21.15.31:0/4252189342 shutdown_connections
2024-05-08T06:07:02.569 INFO:teuthology.orchestra.run.smithi031.stdout:/usr/bin/ceph: stderr
2024-05-08T06:07:01.223+0000 7f5d9d800700 1 -- 172.21.15.31:0/4252189342 wait complete.
2024-05-08T06:07:02.569 INFO:teuthology.orchestra.run.smithi031.stdout:/usr/bin/ceph: stderr
2024-05-08T06:07:01.225+0000 7f5d9d800700 1 Processor -- start
2024-05-08T06:07:02.569 INFO:teuthology.orchestra.run.smithi031.stdout:/usr/bin/ceph: stderr
2024-05-08T06:07:01.225+0000 7f5d9d800700 1 -- start start
2024-05-08T06:07:02.569 INFO:teuthology.orchestra.run.smithi031.stdout:/usr/bin/ceph: stderr
2024-05-08T06:07:01.225+0000 7f5d9d800700 1 --2- >> [v2:172.21.15.31:3300/0,v1:172.21.15.31:6789/0] conn(0x7f5d98082dd0 0x7f5d981a3370 unknown :-1 s=NONE pgs=0 cs=0 l=1 rev1=0 crypto rx=0 tx=0 comp rx=0 tx=0).connect
2024-05-08T06:07:02.569 INFO:teuthology.orchestra.run.smithi031.stdout:/usr/bin/ceph: stderr
2024-05-08T06:07:01.225+0000 7f5d9d800700 1 -- --> [v2:172.21.15.31:3300/0,v1:172.21.15.31:6789/0] -- mon_getmap magic: 0 -- 0x7f5d981139c0 con 0x7f5d98082dd0
2024-05-08T06:07:02.572 INFO:teuthology.orchestra.run.smithi031.stdout:/usr/bin/ceph: stderr
2024-05-08T06:07:01.225+0000 7f5d96a00700 1 --2- >> [v2:172.21.15.31:3300/0,v1:172.21.15.31:6789/0] conn(0x7f5d98082dd0 0x7f5d981a3370 unknown :-1 s=BANNER_CONNECTING pgs=0 cs=0 l=1 rev1=0 crypto rx=0 tx=0 comp rx=0 tx=0)._handle_peer_banner_payload supported=3 required=0
2024-05-08T06:07:02.572 INFO:teuthology.orchestra.run.smithi031.stdout:/usr/bin/ceph: stderr
2024-05-08T06:07:01.225+0000 7f5d96a00700 1 --2- >> [v2:172.21.15.31:3300/0,v1:172.21.15.31:6789/0] conn(0x7f5d98082dd0 0x7f5d981a3370 unknown :-1 s=HELLO_CONNECTING pgs=0 cs=0 l=1 rev1=1 crypto rx=0 tx=0 comp rx=0 tx=0).handle_hello peer v2:172.21.15.31:3300/0 says I am v2:172.21.15.31:35954/0 (socket says 172.21.15.31:35954)
2024-05-08T06:07:02.572 INFO:teuthology.orchestra.run.smithi031.stdout:/usr/bin/ceph: stderr
2024-05-08T06:07:01.225+0000 7f5d96a00700 1 -- 172.21.15.31:0/3284319335 learned_addr learned my addr 172.21.15.31:0/3284319335 (peer_addr_for_me v2:172.21.15.31:0/0)
2024-05-08T06:07:02.572 INFO:teuthology.orchestra.run.smithi031.stdout:/usr/bin/ceph: stderr
2024-05-08T06:07:01.226+0000 7f5d96a00700 1 -- 172.21.15.31:0/3284319335 --> [v2:172.21.15.31:3300/0,v1:172.21.15.31:6789/0] -- mon_subscribe({config=0+,monmap=0+}) -- 0x7f5d981a38b0 con 0x7f5d98082dd0
2024-05-08T06:07:02.572 INFO:teuthology.orchestra.run.smithi031.stdout:/usr/bin/ceph: stderr
2024-05-08T06:07:01.226+0000 7f5d96a00700 1 --2- 172.21.15.31:0/3284319335 >> [v2:172.21.15.31:3300/0,v1:172.21.15.31:6789/0] conn(0x7f5d98082dd0 0x7f5d981a3370 secure :-1 s=READY pgs=19 cs=0 l=1 rev1=1 crypto rx=0x7f5d88011ac0 tx=0x7f5d88011ba0 comp rx=0 tx=0).ready entity=mon.0 client_cookie=0 server_cookie=0 in_seq=0 out_seq=0
2024-05-08T06:07:02.572 INFO:teuthology.orchestra.run.smithi031.stdout:/usr/bin/ceph: stderr
2024-05-08T06:07:01.226+0000 7f5d8f400700 1 -- 172.21.15.31:0/3284319335 <== mon.0 v2:172.21.15.31:3300/0 1 ==== mon_map magic: 0 ==== 205+0+0 (secure 0 0 0) 0x7f5d88003970 con 0x7f5d98082dd0
2024-05-08T06:07:02.573 INFO:teuthology.orchestra.run.smithi031.stdout:/usr/bin/ceph: stderr
2024-05-08T06:07:01.227+0000 7f5d8f400700 1 -- 172.21.15.31:0/3284319335 <== mon.0 v2:172.21.15.31:3300/0 2 ==== config(26 keys) ==== 1070+0+0 (secure 0 0 0) 0x7f5d88003b10 con 0x7f5d98082dd0
2024-05-08T06:07:02.573 INFO:teuthology.orchestra.run.smithi031.stdout:/usr/bin/ceph: stderr
2024-05-08T06:07:01.227+0000 7f5d9d800700 1 -- 172.21.15.31:0/3284319335 --> [v2:172.21.15.31:3300/0,v1:172.21.15.31:6789/0] -- mon_subscribe({mgrmap=0+}) -- 0x7f5d981a3b40 con 0x7f5d98082dd0
2024-05-08T06:07:02.573 INFO:teuthology.orchestra.run.smithi031.stdout:/usr/bin/ceph: stderr
2024-05-08T06:07:01.227+0000 7f5d8f400700 1 -- 172.21.15.31:0/3284319335 <== mon.0 v2:172.21.15.31:3300/0 3 ==== mon_map magic: 0 ==== 205+0+0 (secure 0 0 0) 0x7f5d88024610 con 0x7f5d98082dd0
2024-05-08T06:07:02.573 INFO:teuthology.orchestra.run.smithi031.stdout:/usr/bin/ceph: stderr
2024-05-08T06:07:01.227+0000 7f5d9d800700 1 -- 172.21.15.31:0/3284319335 --> [v2:172.21.15.31:3300/0,v1:172.21.15.31:6789/0] -- mon_subscribe({osdmap=0}) -- 0x7f5d981a6830 con 0x7f5d98082dd0
2024-05-08T06:07:02.573 INFO:teuthology.orchestra.run.smithi031.stdout:/usr/bin/ceph: stderr
2024-05-08T06:07:01.228+0000 7f5d9d800700 1 -- 172.21.15.31:0/3284319335 --> [v2:172.21.15.31:3300/0,v1:172.21.15.31:6789/0] -- mon_command({"prefix": "get_command_descriptions"} v 0) -- 0x7f5d9806a5c0 con 0x7f5d98082dd0
2024-05-08T06:07:02.573 INFO:teuthology.orchestra.run.smithi031.stdout:/usr/bin/ceph: stderr
2024-05-08T06:07:01.228+0000 7f5d8f400700 1 -- 172.21.15.31:0/3284319335 <== mon.0 v2:172.21.15.31:3300/0 4 ==== mgrmap(e 3) ==== 50105+0+0 (secure 0 0 0) 0x7f5d8801a9e0 con 0x7f5d98082dd0
2024-05-08T06:07:02.573 INFO:teuthology.orchestra.run.smithi031.stdout:/usr/bin/ceph: stderr
2024-05-08T06:07:01.229+0000 7f5d8f400700 1 --2- 172.21.15.31:0/3284319335 >> [v2:172.21.15.31:6800/1685529498,v1:172.21.15.31:6801/1685529498] conn(0x7f5d7c03e350 0x7f5d7c040810 unknown :-1 s=NONE pgs=0 cs=0 l=1 rev1=0 crypto rx=0 tx=0 comp rx=0 tx=0).connect
2024-05-08T06:07:02.573 INFO:teuthology.orchestra.run.smithi031.stdout:/usr/bin/ceph: stderr
2024-05-08T06:07:01.229+0000 7f5d8f400700 1 -- 172.21.15.31:0/3284319335 <== mon.0 v2:172.21.15.31:3300/0 5 ==== osd_map(1..1 src has 1..1) ==== 725+0+0 (secure 0 0 0) 0x7f5d880535c0 con 0x7f5d98082dd0
2024-05-08T06:07:02.573 INFO:teuthology.orchestra.run.smithi031.stdout:/usr/bin/ceph: stderr
2024-05-08T06:07:01.230+0000 7f5d8fe00700 1 --2- 172.21.15.31:0/3284319335 >> [v2:172.21.15.31:6800/1685529498,v1:172.21.15.31:6801/1685529498] conn(0x7f5d7c03e350 0x7f5d7c040810 unknown :-1 s=BANNER_CONNECTING pgs=0 cs=0 l=1 rev1=0 crypto rx=0 tx=0 comp rx=0 tx=0)._handle_peer_banner_payload supported=3 required=0
2024-05-08T06:07:02.573 INFO:teuthology.orchestra.run.smithi031.stdout:/usr/bin/ceph: stderr
2024-05-08T06:07:01.231+0000 7f5d8fe00700 1 --2- 172.21.15.31:0/3284319335 >> [v2:172.21.15.31:6800/1685529498,v1:172.21.15.31:6801/1685529498] conn(0x7f5d7c03e350 0x7f5d7c040810 secure :-1 s=READY pgs=6 cs=0 l=1 rev1=1 crypto rx=0x7f5d80006fd0 tx=0x7f5d80006e40 comp rx=0 tx=0).ready entity=mgr.14100 client_cookie=0 server_cookie=0 in_seq=0 out_seq=0
2024-05-08T06:07:02.573 INFO:teuthology.orchestra.run.smithi031.stdout:/usr/bin/ceph: stderr
2024-05-08T06:07:01.236+0000 7f5d8f400700 1 -- 172.21.15.31:0/3284319335 <== mon.0 v2:172.21.15.31:3300/0 6 ==== mon_command_ack([{"prefix": "get_command_descriptions"}]=0 v0) ==== 72+0+191963 (secure 0 0 0) 0x7f5d8800b3e0 con 0x7f5d98082dd0
2024-05-08T06:07:02.573 INFO:teuthology.orchestra.run.smithi031.stdout:/usr/bin/ceph: stderr
2024-05-08T06:07:01.561+0000 7f5d8f400700 1 -- 172.21.15.31:0/3284319335 <== mon.0 v2:172.21.15.31:3300/0 7 ==== mgrmap(e 4) ==== 50211+0+0 (secure 0 0 0) 0x7f5d88024bc0 con 0x7f5d98082dd0
2024-05-08T06:07:02.573 INFO:teuthology.orchestra.run.smithi031.stdout:/usr/bin/ceph: stderr
2024-05-08T06:07:01.566+0000 7f5d9d800700 1 -- 172.21.15.31:0/3284319335 --> [v2:172.21.15.31:3300/0,v1:172.21.15.31:6789/0] -- mon_command({"prefix": "status", "format": "json-pretty"} v 0) -- 0x7f5d981a6a00 con 0x7f5d98082dd0
2024-05-08T06:07:02.573 INFO:teuthology.orchestra.run.smithi031.stdout:/usr/bin/ceph: stderr
2024-05-08T06:07:01.567+0000 7f5d8f400700 1 -- 172.21.15.31:0/3284319335 <== mon.0 v2:172.21.15.31:3300/0 8 ==== mon_command_ack([{"prefix": "status", "format": "json-pretty"}]=0 v0) ==== 79+0+1239 (secure 0 0 0) 0x7f5d981a6a00 con 0x7f5d98082dd0
2024-05-08T06:07:02.573 INFO:teuthology.orchestra.run.smithi031.stdout:/usr/bin/ceph: stderr
2024-05-08T06:07:01.571+0000 7f5d9d800700 1 -- 172.21.15.31:0/3284319335 >> [v2:172.21.15.31:6800/1685529498,v1:172.21.15.31:6801/1685529498] conn(0x7f5d7c03e350 msgr2=0x7f5d7c040810 secure :-1 s=STATE_CONNECTION_ESTABLISHED l=1).mark_down
2024-05-08T06:07:02.574 INFO:teuthology.orchestra.run.smithi031.stdout:/usr/bin/ceph: stderr
2024-05-08T06:07:01.571+0000 7f5d9d800700 1 --2- 172.21.15.31:0/3284319335 >> [v2:172.21.15.31:6800/1685529498,v1:172.21.15.31:6801/1685529498] conn(0x7f5d7c03e350 0x7f5d7c040810 secure :-1 s=READY pgs=6 cs=0 l=1 rev1=1 crypto rx=0x7f5d80006fd0 tx=0x7f5d80006e40 comp rx=0 tx=0).stop
2024-05-08T06:07:02.574 INFO:teuthology.orchestra.run.smithi031.stdout:/usr/bin/ceph: stderr
2024-05-08T06:07:01.571+0000 7f5d9d800700 1 -- 172.21.15.31:0/3284319335 >> [v2:172.21.15.31:3300/0,v1:172.21.15.31:6789/0] conn(0x7f5d98082dd0 msgr2=0x7f5d981a3370 secure :-1 s=STATE_CONNECTION_ESTABLISHED l=1).mark_down
2024-05-08T06:07:02.574 INFO:teuthology.orchestra.run.smithi031.stdout:/usr/bin/ceph: stderr
2024-05-08T06:07:01.571+0000 7f5d9d800700 1 --2- 172.21.15.31:0/3284319335 >> [v2:172.21.15.31:3300/0,v1:172.21.15.31:6789/0] conn(0x7f5d98082dd0 0x7f5d981a3370 secure :-1 s=READY pgs=19 cs=0 l=1 rev1=1 crypto rx=0x7f5d88011ac0 tx=0x7f5d88011ba0 comp rx=0 tx=0).stop
2024-05-08T06:07:02.574 INFO:teuthology.orchestra.run.smithi031.stdout:/usr/bin/ceph: stderr
2024-05-08T06:07:01.571+0000 7f5d9d800700 1 -- 172.21.15.31:0/3284319335 shutdown_connections
2024-05-08T06:07:02.574 INFO:teuthology.orchestra.run.smithi031.stdout:/usr/bin/ceph: stderr
2024-05-08T06:07:01.571+0000 7f5d9d800700 1 --2- 172.21.15.31:0/3284319335 >> [v2:172.21.15.31:6800/1685529498,v1:172.21.15.31:6801/1685529498] conn(0x7f5d7c03e350 0x7f5d7c040810 unknown :-1 s=CLOSED pgs=6 cs=0 l=1 rev1=1 crypto rx=0 tx=0 comp rx=0 tx=0).stop
2024-05-08T06:07:02.574 INFO:teuthology.orchestra.run.smithi031.stdout:/usr/bin/ceph: stderr
2024-05-08T06:07:01.571+0000 7f5d9d800700 1 --2- 172.21.15.31:0/3284319335 >> [v2:172.21.15.31:3300/0,v1:172.21.15.31:6789/0] conn(0x7f5d98082dd0 0x7f5d981a3370 unknown :-1 s=CLOSED pgs=19 cs=0 l=1 rev1=1 crypto rx=0 tx=0 comp rx=0 tx=0).stop
2024-05-08T06:07:02.574 INFO:teuthology.orchestra.run.smithi031.stdout:/usr/bin/ceph: stderr
2024-05-08T06:07:01.571+0000 7f5d9d800700 1 -- 172.21.15.31:0/3284319335 >> 172.21.15.31:0/3284319335 conn(0x7f5d9807e3a0 msgr2=0x7f5d9807ef20 unknown :-1 s=STATE_NONE l=0).mark_down
2024-05-08T06:07:02.574 INFO:teuthology.orchestra.run.smithi031.stdout:/usr/bin/ceph: stderr
2024-05-08T06:07:01.572+0000 7f5d9d800700 1 -- 172.21.15.31:0/3284319335 shutdown_connections
2024-05-08T06:07:02.574 INFO:teuthology.orchestra.run.smithi031.stdout:/usr/bin/ceph: stderr
2024-05-08T06:07:01.572+0000 7f5d9d800700 1 -- 172.21.15.31:0/3284319335 wait complete.
2024-05-08T06:07:02.574 INFO:teuthology.orchestra.run.smithi031.stdout:mgr is available
2024-05-08T06:07:02.798 INFO:journalctl@ceph.mon.a.smithi031.stdout:May 08 06:07:02 smithi031 ceph-mon[29613]: mgrmap e4: x(active, since 2s)
2024-05-08T06:07:02.798 INFO:journalctl@ceph.mon.a.smithi031.stdout:May 08 06:07:02 smithi031 ceph-mon[29613]: from='client.? 172.21.15.31:0/3284319335' entity='client.admin' cmd=[{"prefix": "status", "format": "json-pretty"}]: dispatch
2024-05-08T06:07:03.811 INFO:journalctl@ceph.mon.a.smithi031.stdout:May 08 06:07:03 smithi031 ceph-mon[29613]: from='client.? 172.21.15.31:0/1209806853' entity='client.admin' cmd=[{"prefix": "config assimilate-conf"}]: dispatch
2024-05-08T06:07:04.230 INFO:teuthology.orchestra.run.smithi031.stdout:/usr/bin/ceph: stdout
2024-05-08T06:07:04.230 INFO:teuthology.orchestra.run.smithi031.stdout:/usr/bin/ceph: stdout [global]
2024-05-08T06:07:04.230 INFO:teuthology.orchestra.run.smithi031.stdout:/usr/bin/ceph: stdout fsid = fc039742-0d00-11ef-bc97-c7b262605968
2024-05-08T06:07:04.230 INFO:teuthology.orchestra.run.smithi031.stdout:/usr/bin/ceph: stdout mon_cluster_log_file_level = debug
2024-05-08T06:07:04.230 INFO:teuthology.orchestra.run.smithi031.stdout:/usr/bin/ceph: stdout mon_osd_allow_pg_remap = true
2024-05-08T06:07:04.230 INFO:teuthology.orchestra.run.smithi031.stdout:/usr/bin/ceph: stdout mon_osd_allow_primary_affinity = true
2024-05-08T06:07:04.230 INFO:teuthology.orchestra.run.smithi031.stdout:/usr/bin/ceph: stdout mon_warn_on_no_sortbitwise = false
2024-05-08T06:07:04.230 INFO:teuthology.orchestra.run.smithi031.stdout:/usr/bin/ceph: stdout osd_crush_chooseleaf_type = 0
2024-05-08T06:07:04.231 INFO:teuthology.orchestra.run.smithi031.stdout:/usr/bin/ceph: stdout
2024-05-08T06:07:04.231 INFO:teuthology.orchestra.run.smithi031.stdout:/usr/bin/ceph: stdout [mgr]
2024-05-08T06:07:04.231 INFO:teuthology.orchestra.run.smithi031.stdout:/usr/bin/ceph: stdout mgr/telemetry/nag = false
2024-05-08T06:07:04.231 INFO:teuthology.orchestra.run.smithi031.stdout:/usr/bin/ceph: stdout
2024-05-08T06:07:04.231 INFO:teuthology.orchestra.run.smithi031.stdout:/usr/bin/ceph: stdout [osd]
2024-05-08T06:07:04.231 INFO:teuthology.orchestra.run.smithi031.stdout:/usr/bin/ceph: stdout mon_osd_backfillfull_ratio = 0.85
2024-05-08T06:07:04.231 INFO:teuthology.orchestra.run.smithi031.stdout:/usr/bin/ceph: stdout mon_osd_full_ratio = 0.9
2024-05-08T06:07:04.231 INFO:teuthology.orchestra.run.smithi031.stdout:/usr/bin/ceph: stdout mon_osd_nearfull_ratio = 0.8
2024-05-08T06:07:04.231 INFO:teuthology.orchestra.run.smithi031.stdout:/usr/bin/ceph: stdout osd_map_max_advance = 10
2024-05-08T06:07:04.231 INFO:teuthology.orchestra.run.smithi031.stdout:/usr/bin/ceph: stdout osd_sloppy_crc = true
2024-05-08T06:07:04.231 INFO:teuthology.orchestra.run.smithi031.stdout:/usr/bin/ceph: stderr
2024-05-08T06:07:03.250+0000 7f848ca00700 1 Processor -- start
2024-05-08T06:07:04.231 INFO:teuthology.orchestra.run.smithi031.stdout:/usr/bin/ceph: stderr
2024-05-08T06:07:03.250+0000 7f848ca00700 1 -- start start
2024-05-08T06:07:04.231 INFO:teuthology.orchestra.run.smithi031.stdout:/usr/bin/ceph: stderr
2024-05-08T06:07:03.251+0000 7f848ca00700 1 --2- >> [v2:172.21.15.31:3300/0,v1:172.21.15.31:6789/0] conn(0x7f848810b160 0x7f848810b580 unknown :-1 s=NONE pgs=0 cs=0 l=0 rev1=0 crypto rx=0 tx=0 comp rx=0 tx=0).connect
2024-05-08T06:07:04.231 INFO:teuthology.orchestra.run.smithi031.stdout:/usr/bin/ceph: stderr
2024-05-08T06:07:03.251+0000 7f848ca00700 1 -- --> [v2:172.21.15.31:3300/0,v1:172.21.15.31:6789/0] -- mon_getmap magic: 0 -- 0x7f848810bb50 con 0x7f848810b160
2024-05-08T06:07:04.232 INFO:teuthology.orchestra.run.smithi031.stdout:/usr/bin/ceph: stderr
2024-05-08T06:07:03.251+0000 7f8486800700 1 --2- >> [v2:172.21.15.31:3300/0,v1:172.21.15.31:6789/0] conn(0x7f848810b160 0x7f848810b580 unknown :-1 s=BANNER_CONNECTING pgs=0 cs=0 l=0 rev1=0 crypto rx=0 tx=0 comp rx=0 tx=0)._handle_peer_banner_payload supported=3 required=0
2024-05-08T06:07:04.232 INFO:teuthology.orchestra.run.smithi031.stdout:/usr/bin/ceph: stderr
2024-05-08T06:07:03.251+0000 7f8486800700 1 --2- >> [v2:172.21.15.31:3300/0,v1:172.21.15.31:6789/0] conn(0x7f848810b160 0x7f848810b580 unknown :-1 s=HELLO_CONNECTING pgs=0 cs=0 l=0 rev1=1 crypto rx=0 tx=0 comp rx=0 tx=0).handle_hello peer v2:172.21.15.31:3300/0 says I am v2:172.21.15.31:35968/0 (socket says 172.21.15.31:35968)
2024-05-08T06:07:04.232 INFO:teuthology.orchestra.run.smithi031.stdout:/usr/bin/ceph: stderr
2024-05-08T06:07:03.251+0000 7f8486800700 1 -- 172.21.15.31:0/1822201203 learned_addr learned my addr 172.21.15.31:0/1822201203 (peer_addr_for_me v2:172.21.15.31:0/0)
2024-05-08T06:07:04.232 INFO:teuthology.orchestra.run.smithi031.stdout:/usr/bin/ceph: stderr
2024-05-08T06:07:03.252+0000 7f8486800700 1 -- 172.21.15.31:0/1822201203 --> [v2:172.21.15.31:3300/0,v1:172.21.15.31:6789/0] -- mon_subscribe({config=0+,monmap=0+}) -- 0x7f848810bfd0 con 0x7f848810b160
2024-05-08T06:07:04.232 INFO:teuthology.orchestra.run.smithi031.stdout:/usr/bin/ceph: stderr
2024-05-08T06:07:03.252+0000 7f8486800700 1 --2- 172.21.15.31:0/1822201203 >> [v2:172.21.15.31:3300/0,v1:172.21.15.31:6789/0] conn(0x7f848810b160 0x7f848810b580 secure :-1 s=READY pgs=20 cs=0 l=1 rev1=1 crypto rx=0x7f84780098a0 tx=0x7f8478009bb0 comp rx=0 tx=0).ready entity=mon.0 client_cookie=9ebbfab593a408fa server_cookie=0 in_seq=0 out_seq=0
2024-05-08T06:07:04.232 INFO:teuthology.orchestra.run.smithi031.stdout:/usr/bin/ceph: stderr
2024-05-08T06:07:03.252+0000 7f8485400700 1 -- 172.21.15.31:0/1822201203 <== mon.0 v2:172.21.15.31:3300/0 1 ==== mon_map magic: 0 ==== 205+0+0 (secure 0 0 0) 0x7f8478004160 con 0x7f848810b160
2024-05-08T06:07:04.232 INFO:teuthology.orchestra.run.smithi031.stdout:/usr/bin/ceph: stderr
2024-05-08T06:07:03.252+0000 7f8485400700 1 -- 172.21.15.31:0/1822201203 <== mon.0 v2:172.21.15.31:3300/0 2 ==== config(26 keys) ==== 1070+0+0 (secure 0 0 0) 0x7f8478004300 con 0x7f848810b160
2024-05-08T06:07:04.232 INFO:teuthology.orchestra.run.smithi031.stdout:/usr/bin/ceph: stderr
2024-05-08T06:07:03.252+0000 7f8485400700 1 -- 172.21.15.31:0/1822201203 <== mon.0 v2:172.21.15.31:3300/0 3 ==== mon_map magic: 0 ==== 205+0+0 (secure 0 0 0) 0x7f8478011af0 con 0x7f848810b160
2024-05-08T06:07:04.232 INFO:teuthology.orchestra.run.smithi031.stdout:/usr/bin/ceph: stderr
2024-05-08T06:07:03.253+0000 7f848ca00700 1 -- 172.21.15.31:0/1822201203 >> [v2:172.21.15.31:3300/0,v1:172.21.15.31:6789/0] conn(0x7f848810b160 msgr2=0x7f848810b580 secure :-1 s=STATE_CONNECTION_ESTABLISHED l=1).mark_down
2024-05-08T06:07:04.232 INFO:teuthology.orchestra.run.smithi031.stdout:/usr/bin/ceph: stderr
2024-05-08T06:07:03.253+0000 7f848ca00700 1 --2- 172.21.15.31:0/1822201203 >> [v2:172.21.15.31:3300/0,v1:172.21.15.31:6789/0] conn(0x7f848810b160 0x7f848810b580 secure :-1 s=READY pgs=20 cs=0 l=1 rev1=1 crypto rx=0x7f84780098a0 tx=0x7f8478009bb0 comp rx=0 tx=0).stop
2024-05-08T06:07:04.232 INFO:teuthology.orchestra.run.smithi031.stdout:/usr/bin/ceph: stderr
2024-05-08T06:07:03.253+0000 7f848ca00700 1 -- 172.21.15.31:0/1822201203 shutdown_connections
2024-05-08T06:07:04.232 INFO:teuthology.orchestra.run.smithi031.stdout:/usr/bin/ceph: stderr
2024-05-08T06:07:03.253+0000 7f848ca00700 1 --2- 172.21.15.31:0/1822201203 >> [v2:172.21.15.31:3300/0,v1:172.21.15.31:6789/0] conn(0x7f848810b160 0x7f848810b580 unknown :-1 s=CLOSED pgs=20 cs=0 l=1 rev1=1 crypto rx=0 tx=0 comp rx=0 tx=0).stop
2024-05-08T06:07:04.232 INFO:teuthology.orchestra.run.smithi031.stdout:/usr/bin/ceph: stderr
2024-05-08T06:07:03.253+0000 7f848ca00700 1 -- 172.21.15.31:0/1822201203 >> 172.21.15.31:0/1822201203 conn(0x7f848807e240 msgr2=0x7f848807e650 unknown :-1 s=STATE_NONE l=0).mark_down
2024-05-08T06:07:04.232 INFO:teuthology.orchestra.run.smithi031.stdout:/usr/bin/ceph: stderr
2024-05-08T06:07:03.253+0000 7f848ca00700 1 -- 172.21.15.31:0/1822201203 shutdown_connections
2024-05-08T06:07:04.233 INFO:teuthology.orchestra.run.smithi031.stdout:/usr/bin/ceph: stderr
2024-05-08T06:07:03.253+0000 7f848ca00700 1 -- 172.21.15.31:0/1822201203 wait complete.
2024-05-08T06:07:04.233 INFO:teuthology.orchestra.run.smithi031.stdout:/usr/bin/ceph: stderr
2024-05-08T06:07:03.254+0000 7f848ca00700 1 Processor -- start
2024-05-08T06:07:04.233 INFO:teuthology.orchestra.run.smithi031.stdout:/usr/bin/ceph: stderr
2024-05-08T06:07:03.254+0000 7f848ca00700 1 -- start start
2024-05-08T06:07:04.233 INFO:teuthology.orchestra.run.smithi031.stdout:/usr/bin/ceph: stderr
2024-05-08T06:07:03.255+0000 7f848ca00700 1 --2- >> [v2:172.21.15.31:3300/0,v1:172.21.15.31:6789/0] conn(0x7f848810b160 0x7f848819ee00 unknown :-1 s=NONE pgs=0 cs=0 l=1 rev1=0 crypto rx=0 tx=0 comp rx=0 tx=0).connect
2024-05-08T06:07:04.233 INFO:teuthology.orchestra.run.smithi031.stdout:/usr/bin/ceph: stderr
2024-05-08T06:07:03.255+0000 7f848ca00700 1 -- --> [v2:172.21.15.31:3300/0,v1:172.21.15.31:6789/0] -- mon_getmap magic: 0 -- 0x7f848810f380 con 0x7f848810b160
2024-05-08T06:07:04.233 INFO:teuthology.orchestra.run.smithi031.stdout:/usr/bin/ceph: stderr
2024-05-08T06:07:03.255+0000 7f8486800700 1 --2- >> [v2:172.21.15.31:3300/0,v1:172.21.15.31:6789/0] conn(0x7f848810b160 0x7f848819ee00 unknown :-1 s=BANNER_CONNECTING pgs=0 cs=0 l=1 rev1=0 crypto rx=0 tx=0 comp rx=0 tx=0)._handle_peer_banner_payload supported=3 required=0
2024-05-08T06:07:04.233 INFO:teuthology.orchestra.run.smithi031.stdout:/usr/bin/ceph: stderr
2024-05-08T06:07:03.255+0000 7f8486800700 1 --2- >> [v2:172.21.15.31:3300/0,v1:172.21.15.31:6789/0] conn(0x7f848810b160 0x7f848819ee00 unknown :-1 s=HELLO_CONNECTING pgs=0 cs=0 l=1 rev1=1 crypto rx=0 tx=0 comp rx=0 tx=0).handle_hello peer v2:172.21.15.31:3300/0 says I am v2:172.21.15.31:35974/0 (socket says 172.21.15.31:35974)
2024-05-08T06:07:04.233 INFO:teuthology.orchestra.run.smithi031.stdout:/usr/bin/ceph: stderr
2024-05-08T06:07:03.255+0000 7f8486800700 1 -- 172.21.15.31:0/1209806853 learned_addr learned my addr 172.21.15.31:0/1209806853 (peer_addr_for_me v2:172.21.15.31:0/0)
2024-05-08T06:07:04.233 INFO:teuthology.orchestra.run.smithi031.stdout:/usr/bin/ceph: stderr
2024-05-08T06:07:03.255+0000 7f8486800700 1 -- 172.21.15.31:0/1209806853 --> [v2:172.21.15.31:3300/0,v1:172.21.15.31:6789/0] -- mon_subscribe({config=0+,monmap=0+}) -- 0x7f848819f340 con 0x7f848810b160
2024-05-08T06:07:04.233 INFO:teuthology.orchestra.run.smithi031.stdout:/usr/bin/ceph: stderr
2024-05-08T06:07:03.256+0000 7f8486800700 1 --2- 172.21.15.31:0/1209806853 >> [v2:172.21.15.31:3300/0,v1:172.21.15.31:6789/0] conn(0x7f848810b160 0x7f848819ee00 secure :-1 s=READY pgs=21 cs=0 l=1 rev1=1 crypto rx=0x7f84780117b0 tx=0x7f8478011b70 comp rx=0 tx=0).ready entity=mon.0 client_cookie=0 server_cookie=0 in_seq=0 out_seq=0
2024-05-08T06:07:04.233 INFO:teuthology.orchestra.run.smithi031.stdout:/usr/bin/ceph: stderr
2024-05-08T06:07:03.256+0000 7f847f400700 1 -- 172.21.15.31:0/1209806853 <== mon.0 v2:172.21.15.31:3300/0 1 ==== mon_map magic: 0 ==== 205+0+0 (secure 0 0 0) 0x7f8478003af0 con 0x7f848810b160
2024-05-08T06:07:04.233 INFO:teuthology.orchestra.run.smithi031.stdout:/usr/bin/ceph: stderr
2024-05-08T06:07:03.256+0000 7f847f400700 1 -- 172.21.15.31:0/1209806853 <== mon.0 v2:172.21.15.31:3300/0 2 ==== config(26 keys) ==== 1070+0+0 (secure 0 0 0) 0x7f8478020070 con 0x7f848810b160
2024-05-08T06:07:04.233 INFO:teuthology.orchestra.run.smithi031.stdout:/usr/bin/ceph: stderr
2024-05-08T06:07:03.256+0000 7f847f400700 1 -- 172.21.15.31:0/1209806853 <== mon.0 v2:172.21.15.31:3300/0 3 ==== mon_map magic: 0 ==== 205+0+0 (secure 0 0 0) 0x7f8478019630 con 0x7f848810b160
2024-05-08T06:07:04.233 INFO:teuthology.orchestra.run.smithi031.stdout:/usr/bin/ceph: stderr
2024-05-08T06:07:03.256+0000 7f848ca00700 1 -- 172.21.15.31:0/1209806853 --> [v2:172.21.15.31:3300/0,v1:172.21.15.31:6789/0] -- mon_subscribe({mgrmap=0+}) -- 0x7f848819f5d0 con 0x7f848810b160
2024-05-08T06:07:04.234 INFO:teuthology.orchestra.run.smithi031.stdout:/usr/bin/ceph: stderr
2024-05-08T06:07:03.256+0000 7f848ca00700 1 -- 172.21.15.31:0/1209806853 --> [v2:172.21.15.31:3300/0,v1:172.21.15.31:6789/0] -- mon_subscribe({osdmap=0}) -- 0x7f84881a22c0 con 0x7f848810b160
2024-05-08T06:07:04.234 INFO:teuthology.orchestra.run.smithi031.stdout:/usr/bin/ceph: stderr
2024-05-08T06:07:03.257+0000 7f848ca00700 1 -- 172.21.15.31:0/1209806853 --> [v2:172.21.15.31:3300/0,v1:172.21.15.31:6789/0] -- mon_command({"prefix": "get_command_descriptions"} v 0) -- 0x7f848806a5c0 con 0x7f848810b160
2024-05-08T06:07:04.234 INFO:teuthology.orchestra.run.smithi031.stdout:/usr/bin/ceph: stderr
2024-05-08T06:07:03.257+0000 7f847f400700 1 -- 172.21.15.31:0/1209806853 <== mon.0 v2:172.21.15.31:3300/0 4 ==== mgrmap(e 4) ==== 50211+0+0 (secure 0 0 0) 0x7f847801a9c0 con 0x7f848810b160
2024-05-08T06:07:04.234 INFO:teuthology.orchestra.run.smithi031.stdout:/usr/bin/ceph: stderr
2024-05-08T06:07:03.258+0000 7f847f400700 1 --2- 172.21.15.31:0/1209806853 >> [v2:172.21.15.31:6800/1685529498,v1:172.21.15.31:6801/1685529498] conn(0x7f846c03e470 0x7f846c040930 unknown :-1 s=NONE pgs=0 cs=0 l=1 rev1=0 crypto rx=0 tx=0 comp rx=0 tx=0).connect
2024-05-08T06:07:04.234 INFO:teuthology.orchestra.run.smithi031.stdout:/usr/bin/ceph: stderr
2024-05-08T06:07:03.258+0000 7f847f400700 1 -- 172.21.15.31:0/1209806853 <== mon.0 v2:172.21.15.31:3300/0 5 ==== osd_map(1..1 src has 1..1) ==== 725+0+0 (secure 0 0 0) 0x7f8478053a60 con 0x7f848810b160
2024-05-08T06:07:04.234 INFO:teuthology.orchestra.run.smithi031.stdout:/usr/bin/ceph: stderr
2024-05-08T06:07:03.258+0000 7f8485e00700 1 --2- 172.21.15.31:0/1209806853 >> [v2:172.21.15.31:6800/1685529498,v1:172.21.15.31:6801/1685529498] conn(0x7f846c03e470 0x7f846c040930 unknown :-1 s=BANNER_CONNECTING pgs=0 cs=0 l=1 rev1=0 crypto rx=0 tx=0 comp rx=0 tx=0)._handle_peer_banner_payload supported=3 required=0
2024-05-08T06:07:04.234 INFO:teuthology.orchestra.run.smithi031.stdout:/usr/bin/ceph: stderr
2024-05-08T06:07:03.259+0000 7f8485e00700 1 --2- 172.21.15.31:0/1209806853 >> [v2:172.21.15.31:6800/1685529498,v1:172.21.15.31:6801/1685529498] conn(0x7f846c03e470 0x7f846c040930 secure :-1 s=READY pgs=7 cs=0 l=1 rev1=1 crypto rx=0x7f8474006fd0 tx=0x7f8474006e40 comp rx=0 tx=0).ready entity=mgr.14100 client_cookie=0 server_cookie=0 in_seq=0 out_seq=0
2024-05-08T06:07:04.234 INFO:teuthology.orchestra.run.smithi031.stdout:/usr/bin/ceph: stderr
2024-05-08T06:07:03.264+0000 7f847f400700 1 -- 172.21.15.31:0/1209806853 <== mon.0 v2:172.21.15.31:3300/0 6 ==== mon_command_ack([{"prefix": "get_command_descriptions"}]=0 v0) ==== 72+0+191963 (secure 0 0 0) 0x7f84780042a0 con 0x7f848810b160
2024-05-08T06:07:04.234 INFO:teuthology.orchestra.run.smithi031.stdout:/usr/bin/ceph: stderr
2024-05-08T06:07:03.499+0000 7f848ca00700 1 -- 172.21.15.31:0/1209806853 --> [v2:172.21.15.31:3300/0,v1:172.21.15.31:6789/0] -- mon_command({"prefix": "config assimilate-conf"} v 0) -- 0x7f84881a2490 con 0x7f848810b160
2024-05-08T06:07:04.234 INFO:teuthology.orchestra.run.smithi031.stdout:/usr/bin/ceph: stderr
2024-05-08T06:07:03.501+0000 7f847f400700 1 -- 172.21.15.31:0/1209806853 <== mon.0 v2:172.21.15.31:3300/0 7 ==== mon_command_ack([{"prefix": "config assimilate-conf"}]=0 v3) ==== 70+0+409 (secure 0 0 0) 0x7f84881a2490 con 0x7f848810b160
2024-05-08T06:07:04.234 INFO:teuthology.orchestra.run.smithi031.stdout:/usr/bin/ceph: stderr
2024-05-08T06:07:03.504+0000 7f848ca00700 1 -- 172.21.15.31:0/1209806853 >> [v2:172.21.15.31:6800/1685529498,v1:172.21.15.31:6801/1685529498] conn(0x7f846c03e470 msgr2=0x7f846c040930 secure :-1 s=STATE_CONNECTION_ESTABLISHED l=1).mark_down
2024-05-08T06:07:04.234 INFO:teuthology.orchestra.run.smithi031.stdout:/usr/bin/ceph: stderr
2024-05-08T06:07:03.504+0000 7f848ca00700 1 --2- 172.21.15.31:0/1209806853 >> [v2:172.21.15.31:6800/1685529498,v1:172.21.15.31:6801/1685529498] conn(0x7f846c03e470 0x7f846c040930 secure :-1 s=READY pgs=7 cs=0 l=1 rev1=1 crypto rx=0x7f8474006fd0 tx=0x7f8474006e40 comp rx=0 tx=0).stop
2024-05-08T06:07:04.234 INFO:teuthology.orchestra.run.smithi031.stdout:/usr/bin/ceph: stderr
2024-05-08T06:07:03.504+0000 7f848ca00700 1 -- 172.21.15.31:0/1209806853 >> [v2:172.21.15.31:3300/0,v1:172.21.15.31:6789/0] conn(0x7f848810b160 msgr2=0x7f848819ee00 secure :-1 s=STATE_CONNECTION_ESTABLISHED l=1).mark_down
2024-05-08T06:07:04.234 INFO:teuthology.orchestra.run.smithi031.stdout:/usr/bin/ceph: stderr
2024-05-08T06:07:03.504+0000 7f848ca00700 1 --2- 172.21.15.31:0/1209806853 >> [v2:172.21.15.31:3300/0,v1:172.21.15.31:6789/0] conn(0x7f848810b160 0x7f848819ee00 secure :-1 s=READY pgs=21 cs=0 l=1 rev1=1 crypto rx=0x7f84780117b0 tx=0x7f8478011b70 comp rx=0 tx=0).stop
2024-05-08T06:07:04.235 INFO:teuthology.orchestra.run.smithi031.stdout:/usr/bin/ceph: stderr
2024-05-08T06:07:03.504+0000 7f848ca00700 1 -- 172.21.15.31:0/1209806853 shutdown_connections
2024-05-08T06:07:04.235 INFO:teuthology.orchestra.run.smithi031.stdout:/usr/bin/ceph: stderr
2024-05-08T06:07:03.504+0000 7f848ca00700 1 --2- 172.21.15.31:0/1209806853 >> [v2:172.21.15.31:6800/1685529498,v1:172.21.15.31:6801/1685529498] conn(0x7f846c03e470 0x7f846c040930 unknown :-1 s=CLOSED pgs=7 cs=0 l=1 rev1=1 crypto rx=0 tx=0 comp rx=0 tx=0).stop
2024-05-08T06:07:04.235 INFO:teuthology.orchestra.run.smithi031.stdout:/usr/bin/ceph: stderr
2024-05-08T06:07:03.504+0000 7f848ca00700 1 --2- 172.21.15.31:0/1209806853 >> [v2:172.21.15.31:3300/0,v1:172.21.15.31:6789/0] conn(0x7f848810b160 0x7f848819ee00 unknown :-1 s=CLOSED pgs=21 cs=0 l=1 rev1=1 crypto rx=0 tx=0 comp rx=0 tx=0).stop
2024-05-08T06:07:04.235 INFO:teuthology.orchestra.run.smithi031.stdout:/usr/bin/ceph: stderr
2024-05-08T06:07:03.504+0000 7f848ca00700 1 -- 172.21.15.31:0/1209806853 >> 172.21.15.31:0/1209806853 conn(0x7f848807e240 msgr2=0x7f8488108e40 unknown :-1 s=STATE_NONE l=0).mark_down
2024-05-08T06:07:04.235 INFO:teuthology.orchestra.run.smithi031.stdout:/usr/bin/ceph: stderr
2024-05-08T06:07:03.505+0000 7f848ca00700 1 -- 172.21.15.31:0/1209806853 shutdown_connections
2024-05-08T06:07:04.235 INFO:teuthology.orchestra.run.smithi031.stdout:/usr/bin/ceph: stderr
2024-05-08T06:07:03.505+0000 7f848ca00700 1 -- 172.21.15.31:0/1209806853 wait complete.
2024-05-08T06:07:04.235 INFO:teuthology.orchestra.run.smithi031.stdout:Enabling cephadm module...
2024-05-08T06:07:05.539 INFO:journalctl@ceph.mon.a.smithi031.stdout:May 08 06:07:05 smithi031 ceph-mon[29613]: from='client.? 172.21.15.31:0/2563439145' entity='client.admin' cmd=[{"prefix": "mgr module enable", "module": "cephadm"}]: dispatch
2024-05-08T06:07:05.539 INFO:journalctl@ceph.mgr.x.smithi031.stdout:May 08 06:07:05 smithi031 ceph-fc039742-0d00-11ef-bc97-c7b262605968-mgr-x[29852]: ignoring --setuser ceph since I am not root
2024-05-08T06:07:05.539 INFO:journalctl@ceph.mgr.x.smithi031.stdout:May 08 06:07:05 smithi031 ceph-fc039742-0d00-11ef-bc97-c7b262605968-mgr-x[29852]: ignoring --setgroup ceph since I am not root
2024-05-08T06:07:05.539 INFO:journalctl@ceph.mgr.x.smithi031.stdout:May 08 06:07:05 smithi031 ceph-fc039742-0d00-11ef-bc97-c7b262605968-mgr-x[29852]:
2024-05-08T06:07:05.538+0000 7f1d485a5200 -1 mgr[py] Module balancer has missing NOTIFY_TYPES member
2024-05-08T06:07:06.027 INFO:teuthology.orchestra.run.smithi031.stdout:/usr/bin/ceph: stderr
2024-05-08T06:07:04.862+0000 7f57c6600700 1 Processor -- start
2024-05-08T06:07:06.027 INFO:teuthology.orchestra.run.smithi031.stdout:/usr/bin/ceph: stderr
2024-05-08T06:07:04.863+0000 7f57c6600700 1 -- start start
2024-05-08T06:07:06.028 INFO:teuthology.orchestra.run.smithi031.stdout:/usr/bin/ceph: stderr
2024-05-08T06:07:04.863+0000 7f57c6600700 1 --2- >> [v2:172.21.15.31:3300/0,v1:172.21.15.31:6789/0] conn(0x7f57c0106ef0 0x7f57c0107310 unknown :-1 s=NONE pgs=0 cs=0 l=0 rev1=0 crypto rx=0 tx=0 comp rx=0 tx=0).connect
2024-05-08T06:07:06.028 INFO:teuthology.orchestra.run.smithi031.stdout:/usr/bin/ceph: stderr
2024-05-08T06:07:04.863+0000 7f57c6600700 1 -- --> [v2:172.21.15.31:3300/0,v1:172.21.15.31:6789/0] -- mon_getmap magic: 0 -- 0x7f57c01078e0 con 0x7f57c0106ef0
2024-05-08T06:07:06.028 INFO:teuthology.orchestra.run.smithi031.stdout:/usr/bin/ceph: stderr
2024-05-08T06:07:04.863+0000 7f57c5200700 1 --2- >> [v2:172.21.15.31:3300/0,v1:172.21.15.31:6789/0] conn(0x7f57c0106ef0 0x7f57c0107310 unknown :-1 s=BANNER_CONNECTING pgs=0 cs=0 l=0 rev1=0 crypto rx=0 tx=0 comp rx=0 tx=0)._handle_peer_banner_payload supported=3 required=0
2024-05-08T06:07:06.028 INFO:teuthology.orchestra.run.smithi031.stdout:/usr/bin/ceph: stderr
2024-05-08T06:07:04.864+0000 7f57c5200700 1 --2- >> [v2:172.21.15.31:3300/0,v1:172.21.15.31:6789/0] conn(0x7f57c0106ef0 0x7f57c0107310 unknown :-1 s=HELLO_CONNECTING pgs=0 cs=0 l=0 rev1=1 crypto rx=0 tx=0 comp rx=0 tx=0).handle_hello peer v2:172.21.15.31:3300/0 says I am v2:172.21.15.31:35978/0 (socket says 172.21.15.31:35978)
2024-05-08T06:07:06.028 INFO:teuthology.orchestra.run.smithi031.stdout:/usr/bin/ceph: stderr
2024-05-08T06:07:04.864+0000 7f57c5200700 1 -- 172.21.15.31:0/4157885612 learned_addr learned my addr 172.21.15.31:0/4157885612 (peer_addr_for_me v2:172.21.15.31:0/0)
2024-05-08T06:07:06.028 INFO:teuthology.orchestra.run.smithi031.stdout:/usr/bin/ceph: stderr
2024-05-08T06:07:04.864+0000 7f57c5200700 1 -- 172.21.15.31:0/4157885612 --> [v2:172.21.15.31:3300/0,v1:172.21.15.31:6789/0] -- mon_subscribe({config=0+,monmap=0+}) -- 0x7f57c0109e80 con 0x7f57c0106ef0
2024-05-08T06:07:06.028 INFO:teuthology.orchestra.run.smithi031.stdout:/usr/bin/ceph: stderr
2024-05-08T06:07:04.864+0000 7f57c5200700 1 --2- 172.21.15.31:0/4157885612 >> [v2:172.21.15.31:3300/0,v1:172.21.15.31:6789/0] conn(0x7f57c0106ef0 0x7f57c0107310 secure :-1 s=READY pgs=22 cs=0 l=1 rev1=1 crypto rx=0x7f57b40098a0 tx=0x7f57b4009bb0 comp rx=0 tx=0).ready entity=mon.0 client_cookie=a3957915462d740e server_cookie=0 in_seq=0 out_seq=0
2024-05-08T06:07:06.028 INFO:teuthology.orchestra.run.smithi031.stdout:/usr/bin/ceph: stderr
2024-05-08T06:07:04.865+0000 7f57bf400700 1 -- 172.21.15.31:0/4157885612 <== mon.0 v2:172.21.15.31:3300/0 1 ==== mon_map magic: 0 ==== 205+0+0 (secure 0 0 0) 0x7f57b4004160 con 0x7f57c0106ef0
2024-05-08T06:07:06.028 INFO:teuthology.orchestra.run.smithi031.stdout:/usr/bin/ceph: stderr
2024-05-08T06:07:04.865+0000 7f57bf400700 1 -- 172.21.15.31:0/4157885612 <== mon.0 v2:172.21.15.31:3300/0 2 ==== config(26 keys) ==== 1070+0+0 (secure 0 0 0) 0x7f57b4004300 con 0x7f57c0106ef0
2024-05-08T06:07:06.028 INFO:teuthology.orchestra.run.smithi031.stdout:/usr/bin/ceph: stderr
2024-05-08T06:07:04.865+0000 7f57bf400700 1 -- 172.21.15.31:0/4157885612 <== mon.0 v2:172.21.15.31:3300/0 3 ==== mon_map magic: 0 ==== 205+0+0 (secure 0 0 0) 0x7f57b4011af0 con 0x7f57c0106ef0
2024-05-08T06:07:06.028 INFO:teuthology.orchestra.run.smithi031.stdout:/usr/bin/ceph: stderr
2024-05-08T06:07:04.865+0000 7f57c6600700 1 -- 172.21.15.31:0/4157885612 >> [v2:172.21.15.31:3300/0,v1:172.21.15.31:6789/0] conn(0x7f57c0106ef0 msgr2=0x7f57c0107310 secure :-1 s=STATE_CONNECTION_ESTABLISHED l=1).mark_down
2024-05-08T06:07:06.028 INFO:teuthology.orchestra.run.smithi031.stdout:/usr/bin/ceph: stderr
2024-05-08T06:07:04.865+0000 7f57c6600700 1 --2- 172.21.15.31:0/4157885612 >> [v2:172.21.15.31:3300/0,v1:172.21.15.31:6789/0] conn(0x7f57c0106ef0 0x7f57c0107310 secure :-1 s=READY pgs=22 cs=0 l=1 rev1=1 crypto rx=0x7f57b40098a0 tx=0x7f57b4009bb0 comp rx=0 tx=0).stop
2024-05-08T06:07:06.028 INFO:teuthology.orchestra.run.smithi031.stdout:/usr/bin/ceph: stderr
2024-05-08T06:07:04.865+0000 7f57c6600700 1 -- 172.21.15.31:0/4157885612 shutdown_connections
2024-05-08T06:07:06.028 INFO:teuthology.orchestra.run.smithi031.stdout:/usr/bin/ceph: stderr
