2024-05-08T06:07:04.865+0000 7f57c6600700 1 --2- 172.21.15.31:0/4157885612 >> [v2:172.21.15.31:3300/0,v1:172.21.15.31:6789/0] conn(0x7f57c0106ef0 0x7f57c0107310 unknown :-1 s=CLOSED pgs=22 cs=0 l=1 rev1=1 crypto rx=0 tx=0 comp rx=0 tx=0).stop
2024-05-08T06:07:06.029 INFO:teuthology.orchestra.run.smithi031.stdout:/usr/bin/ceph: stderr
2024-05-08T06:07:04.865+0000 7f57c6600700 1 -- 172.21.15.31:0/4157885612 >> 172.21.15.31:0/4157885612 conn(0x7f57c0102840 msgr2=0x7f57c0104c60 unknown :-1 s=STATE_NONE l=0).mark_down
2024-05-08T06:07:06.029 INFO:teuthology.orchestra.run.smithi031.stdout:/usr/bin/ceph: stderr
2024-05-08T06:07:04.866+0000 7f57c6600700 1 -- 172.21.15.31:0/4157885612 shutdown_connections
2024-05-08T06:07:06.029 INFO:teuthology.orchestra.run.smithi031.stdout:/usr/bin/ceph: stderr
2024-05-08T06:07:04.866+0000 7f57c6600700 1 -- 172.21.15.31:0/4157885612 wait complete.
2024-05-08T06:07:06.029 INFO:teuthology.orchestra.run.smithi031.stdout:/usr/bin/ceph: stderr
2024-05-08T06:07:04.867+0000 7f57c6600700 1 Processor -- start
2024-05-08T06:07:06.029 INFO:teuthology.orchestra.run.smithi031.stdout:/usr/bin/ceph: stderr
2024-05-08T06:07:04.867+0000 7f57c6600700 1 -- start start
2024-05-08T06:07:06.029 INFO:teuthology.orchestra.run.smithi031.stdout:/usr/bin/ceph: stderr
2024-05-08T06:07:04.867+0000 7f57c6600700 1 --2- >> [v2:172.21.15.31:3300/0,v1:172.21.15.31:6789/0] conn(0x7f57c0106ef0 0x7f57c019edb0 unknown :-1 s=NONE pgs=0 cs=0 l=1 rev1=0 crypto rx=0 tx=0 comp rx=0 tx=0).connect
2024-05-08T06:07:06.029 INFO:teuthology.orchestra.run.smithi031.stdout:/usr/bin/ceph: stderr
2024-05-08T06:07:04.867+0000 7f57c6600700 1 -- --> [v2:172.21.15.31:3300/0,v1:172.21.15.31:6789/0] -- mon_getmap magic: 0 -- 0x7f57c010d230 con 0x7f57c0106ef0
2024-05-08T06:07:06.029 INFO:teuthology.orchestra.run.smithi031.stdout:/usr/bin/ceph: stderr
2024-05-08T06:07:04.867+0000 7f57c5200700 1 --2- >> [v2:172.21.15.31:3300/0,v1:172.21.15.31:6789/0] conn(0x7f57c0106ef0 0x7f57c019edb0 unknown :-1 s=BANNER_CONNECTING pgs=0 cs=0 l=1 rev1=0 crypto rx=0 tx=0 comp rx=0 tx=0)._handle_peer_banner_payload supported=3 required=0
2024-05-08T06:07:06.029 INFO:teuthology.orchestra.run.smithi031.stdout:/usr/bin/ceph: stderr
2024-05-08T06:07:04.867+0000 7f57c5200700 1 --2- >> [v2:172.21.15.31:3300/0,v1:172.21.15.31:6789/0] conn(0x7f57c0106ef0 0x7f57c019edb0 unknown :-1 s=HELLO_CONNECTING pgs=0 cs=0 l=1 rev1=1 crypto rx=0 tx=0 comp rx=0 tx=0).handle_hello peer v2:172.21.15.31:3300/0 says I am v2:172.21.15.31:35990/0 (socket says 172.21.15.31:35990)
2024-05-08T06:07:06.029 INFO:teuthology.orchestra.run.smithi031.stdout:/usr/bin/ceph: stderr
2024-05-08T06:07:04.867+0000 7f57c5200700 1 -- 172.21.15.31:0/2563439145 learned_addr learned my addr 172.21.15.31:0/2563439145 (peer_addr_for_me v2:172.21.15.31:0/0)
2024-05-08T06:07:06.029 INFO:teuthology.orchestra.run.smithi031.stdout:/usr/bin/ceph: stderr
2024-05-08T06:07:04.868+0000 7f57c5200700 1 -- 172.21.15.31:0/2563439145 --> [v2:172.21.15.31:3300/0,v1:172.21.15.31:6789/0] -- mon_subscribe({config=0+,monmap=0+}) -- 0x7f57c019f2f0 con 0x7f57c0106ef0
2024-05-08T06:07:06.029 INFO:teuthology.orchestra.run.smithi031.stdout:/usr/bin/ceph: stderr
2024-05-08T06:07:04.868+0000 7f57c5200700 1 --2- 172.21.15.31:0/2563439145 >> [v2:172.21.15.31:3300/0,v1:172.21.15.31:6789/0] conn(0x7f57c0106ef0 0x7f57c019edb0 secure :-1 s=READY pgs=23 cs=0 l=1 rev1=1 crypto rx=0x7f57b40117b0 tx=0x7f57b4011b70 comp rx=0 tx=0).ready entity=mon.0 client_cookie=0 server_cookie=0 in_seq=0 out_seq=0
2024-05-08T06:07:06.029 INFO:teuthology.orchestra.run.smithi031.stdout:/usr/bin/ceph: stderr
2024-05-08T06:07:04.868+0000 7f57bd600700 1 -- 172.21.15.31:0/2563439145 <== mon.0 v2:172.21.15.31:3300/0 1 ==== mon_map magic: 0 ==== 205+0+0 (secure 0 0 0) 0x7f57b4003af0 con 0x7f57c0106ef0
2024-05-08T06:07:06.029 INFO:teuthology.orchestra.run.smithi031.stdout:/usr/bin/ceph: stderr
2024-05-08T06:07:04.868+0000 7f57bd600700 1 -- 172.21.15.31:0/2563439145 <== mon.0 v2:172.21.15.31:3300/0 2 ==== config(26 keys) ==== 1070+0+0 (secure 0 0 0) 0x7f57b4020070 con 0x7f57c0106ef0
2024-05-08T06:07:06.029 INFO:teuthology.orchestra.run.smithi031.stdout:/usr/bin/ceph: stderr
2024-05-08T06:07:04.868+0000 7f57bd600700 1 -- 172.21.15.31:0/2563439145 <== mon.0 v2:172.21.15.31:3300/0 3 ==== mon_map magic: 0 ==== 205+0+0 (secure 0 0 0) 0x7f57b4019630 con 0x7f57c0106ef0
2024-05-08T06:07:06.030 INFO:teuthology.orchestra.run.smithi031.stdout:/usr/bin/ceph: stderr
2024-05-08T06:07:04.868+0000 7f57c6600700 1 -- 172.21.15.31:0/2563439145 --> [v2:172.21.15.31:3300/0,v1:172.21.15.31:6789/0] -- mon_subscribe({mgrmap=0+}) -- 0x7f57c019f580 con 0x7f57c0106ef0
2024-05-08T06:07:06.030 INFO:teuthology.orchestra.run.smithi031.stdout:/usr/bin/ceph: stderr
2024-05-08T06:07:04.869+0000 7f57c6600700 1 -- 172.21.15.31:0/2563439145 --> [v2:172.21.15.31:3300/0,v1:172.21.15.31:6789/0] -- mon_subscribe({osdmap=0}) -- 0x7f57c01a2270 con 0x7f57c0106ef0
2024-05-08T06:07:06.030 INFO:teuthology.orchestra.run.smithi031.stdout:/usr/bin/ceph: stderr
2024-05-08T06:07:04.870+0000 7f57bd600700 1 -- 172.21.15.31:0/2563439145 <== mon.0 v2:172.21.15.31:3300/0 4 ==== mgrmap(e 4) ==== 50211+0+0 (secure 0 0 0) 0x7f57b401a430 con 0x7f57c0106ef0
2024-05-08T06:07:06.030 INFO:teuthology.orchestra.run.smithi031.stdout:/usr/bin/ceph: stderr
2024-05-08T06:07:04.870+0000 7f57c6600700 1 -- 172.21.15.31:0/2563439145 --> [v2:172.21.15.31:3300/0,v1:172.21.15.31:6789/0] -- mon_command({"prefix": "get_command_descriptions"} v 0) -- 0x7f57c006a5c0 con 0x7f57c0106ef0
2024-05-08T06:07:06.030 INFO:teuthology.orchestra.run.smithi031.stdout:/usr/bin/ceph: stderr
2024-05-08T06:07:04.870+0000 7f57bd600700 1 --2- 172.21.15.31:0/2563439145 >> [v2:172.21.15.31:6800/1685529498,v1:172.21.15.31:6801/1685529498] conn(0x7f57a803e470 0x7f57a8040930 unknown :-1 s=NONE pgs=0 cs=0 l=1 rev1=0 crypto rx=0 tx=0 comp rx=0 tx=0).connect
2024-05-08T06:07:06.030 INFO:teuthology.orchestra.run.smithi031.stdout:/usr/bin/ceph: stderr
2024-05-08T06:07:04.870+0000 7f57bd600700 1 -- 172.21.15.31:0/2563439145 <== mon.0 v2:172.21.15.31:3300/0 5 ==== osd_map(1..1 src has 1..1) ==== 725+0+0 (secure 0 0 0) 0x7f57b4053a20 con 0x7f57c0106ef0
2024-05-08T06:07:06.030 INFO:teuthology.orchestra.run.smithi031.stdout:/usr/bin/ceph: stderr
2024-05-08T06:07:04.871+0000 7f57bfe00700 1 --2- 172.21.15.31:0/2563439145 >> [v2:172.21.15.31:6800/1685529498,v1:172.21.15.31:6801/1685529498] conn(0x7f57a803e470 0x7f57a8040930 unknown :-1 s=BANNER_CONNECTING pgs=0 cs=0 l=1 rev1=0 crypto rx=0 tx=0 comp rx=0 tx=0)._handle_peer_banner_payload supported=3 required=0
2024-05-08T06:07:06.030 INFO:teuthology.orchestra.run.smithi031.stdout:/usr/bin/ceph: stderr
2024-05-08T06:07:04.871+0000 7f57bfe00700 1 --2- 172.21.15.31:0/2563439145 >> [v2:172.21.15.31:6800/1685529498,v1:172.21.15.31:6801/1685529498] conn(0x7f57a803e470 0x7f57a8040930 secure :-1 s=READY pgs=8 cs=0 l=1 rev1=1 crypto rx=0x7f57ac006fd0 tx=0x7f57ac006e40 comp rx=0 tx=0).ready entity=mgr.14100 client_cookie=0 server_cookie=0 in_seq=0 out_seq=0
2024-05-08T06:07:06.030 INFO:teuthology.orchestra.run.smithi031.stdout:/usr/bin/ceph: stderr
2024-05-08T06:07:04.876+0000 7f57bd600700 1 -- 172.21.15.31:0/2563439145 <== mon.0 v2:172.21.15.31:3300/0 6 ==== mon_command_ack([{"prefix": "get_command_descriptions"}]=0 v0) ==== 72+0+191963 (secure 0 0 0) 0x7f57b4021e00 con 0x7f57c0106ef0
2024-05-08T06:07:06.030 INFO:teuthology.orchestra.run.smithi031.stdout:/usr/bin/ceph: stderr
2024-05-08T06:07:05.178+0000 7f57c6600700 1 -- 172.21.15.31:0/2563439145 --> [v2:172.21.15.31:3300/0,v1:172.21.15.31:6789/0] -- mon_command({"prefix": "mgr module enable", "module": "cephadm"} v 0) -- 0x7f57c01a2440 con 0x7f57c0106ef0
2024-05-08T06:07:06.030 INFO:teuthology.orchestra.run.smithi031.stdout:/usr/bin/ceph: stderr
2024-05-08T06:07:05.233+0000 7f57bd600700 1 -- 172.21.15.31:0/2563439145 <== mon.0 v2:172.21.15.31:3300/0 7 ==== mon_command_ack([{"prefix": "mgr module enable", "module": "cephadm"}]=0 v5) ==== 86+0+0 (secure 0 0 0) 0x7f57c01a2440 con 0x7f57c0106ef0
2024-05-08T06:07:06.030 INFO:teuthology.orchestra.run.smithi031.stdout:/usr/bin/ceph: stderr
2024-05-08T06:07:05.236+0000 7f57bd600700 1 -- 172.21.15.31:0/2563439145 <== mon.0 v2:172.21.15.31:3300/0 8 ==== mgrmap(e 5) ==== 50222+0+0 (secure 0 0 0) 0x7f57b402a060 con 0x7f57c0106ef0
2024-05-08T06:07:06.030 INFO:teuthology.orchestra.run.smithi031.stdout:/usr/bin/ceph: stderr
2024-05-08T06:07:05.238+0000 7f57c6600700 1 -- 172.21.15.31:0/2563439145 >> [v2:172.21.15.31:6800/1685529498,v1:172.21.15.31:6801/1685529498] conn(0x7f57a803e470 msgr2=0x7f57a8040930 secure :-1 s=STATE_CONNECTION_ESTABLISHED l=1).mark_down
2024-05-08T06:07:06.030 INFO:teuthology.orchestra.run.smithi031.stdout:/usr/bin/ceph: stderr
2024-05-08T06:07:05.238+0000 7f57c6600700 1 --2- 172.21.15.31:0/2563439145 >> [v2:172.21.15.31:6800/1685529498,v1:172.21.15.31:6801/1685529498] conn(0x7f57a803e470 0x7f57a8040930 secure :-1 s=READY pgs=8 cs=0 l=1 rev1=1 crypto rx=0x7f57ac006fd0 tx=0x7f57ac006e40 comp rx=0 tx=0).stop
2024-05-08T06:07:06.031 INFO:teuthology.orchestra.run.smithi031.stdout:/usr/bin/ceph: stderr
2024-05-08T06:07:05.238+0000 7f57c6600700 1 -- 172.21.15.31:0/2563439145 >> [v2:172.21.15.31:3300/0,v1:172.21.15.31:6789/0] conn(0x7f57c0106ef0 msgr2=0x7f57c019edb0 secure :-1 s=STATE_CONNECTION_ESTABLISHED l=1).mark_down
2024-05-08T06:07:06.031 INFO:teuthology.orchestra.run.smithi031.stdout:/usr/bin/ceph: stderr
2024-05-08T06:07:05.238+0000 7f57c6600700 1 --2- 172.21.15.31:0/2563439145 >> [v2:172.21.15.31:3300/0,v1:172.21.15.31:6789/0] conn(0x7f57c0106ef0 0x7f57c019edb0 secure :-1 s=READY pgs=23 cs=0 l=1 rev1=1 crypto rx=0x7f57b40117b0 tx=0x7f57b4011b70 comp rx=0 tx=0).stop
2024-05-08T06:07:06.031 INFO:teuthology.orchestra.run.smithi031.stdout:/usr/bin/ceph: stderr
2024-05-08T06:07:05.238+0000 7f57c6600700 1 -- 172.21.15.31:0/2563439145 shutdown_connections
2024-05-08T06:07:06.031 INFO:teuthology.orchestra.run.smithi031.stdout:/usr/bin/ceph: stderr
2024-05-08T06:07:05.238+0000 7f57c6600700 1 --2- 172.21.15.31:0/2563439145 >> [v2:172.21.15.31:6800/1685529498,v1:172.21.15.31:6801/1685529498] conn(0x7f57a803e470 0x7f57a8040930 unknown :-1 s=CLOSED pgs=8 cs=0 l=1 rev1=1 crypto rx=0 tx=0 comp rx=0 tx=0).stop
2024-05-08T06:07:06.031 INFO:teuthology.orchestra.run.smithi031.stdout:/usr/bin/ceph: stderr
2024-05-08T06:07:05.238+0000 7f57c6600700 1 --2- 172.21.15.31:0/2563439145 >> [v2:172.21.15.31:3300/0,v1:172.21.15.31:6789/0] conn(0x7f57c0106ef0 0x7f57c019edb0 unknown :-1 s=CLOSED pgs=23 cs=0 l=1 rev1=1 crypto rx=0 tx=0 comp rx=0 tx=0).stop
2024-05-08T06:07:06.031 INFO:teuthology.orchestra.run.smithi031.stdout:/usr/bin/ceph: stderr
2024-05-08T06:07:05.238+0000 7f57c6600700 1 -- 172.21.15.31:0/2563439145 >> 172.21.15.31:0/2563439145 conn(0x7f57c0102840 msgr2=0x7f57c0103380 unknown :-1 s=STATE_NONE l=0).mark_down
2024-05-08T06:07:06.031 INFO:teuthology.orchestra.run.smithi031.stdout:/usr/bin/ceph: stderr
2024-05-08T06:07:05.238+0000 7f57c6600700 1 -- 172.21.15.31:0/2563439145 shutdown_connections
2024-05-08T06:07:06.031 INFO:teuthology.orchestra.run.smithi031.stdout:/usr/bin/ceph: stderr
2024-05-08T06:07:05.239+0000 7f57c6600700 1 -- 172.21.15.31:0/2563439145 wait complete.
2024-05-08T06:07:06.061 INFO:journalctl@ceph.mgr.x.smithi031.stdout:May 08 06:07:05 smithi031 ceph-fc039742-0d00-11ef-bc97-c7b262605968-mgr-x[29852]:
2024-05-08T06:07:05.804+0000 7f1d485a5200 -1 mgr[py] Module orchestrator has missing NOTIFY_TYPES member
2024-05-08T06:07:06.061 INFO:journalctl@ceph.mgr.x.smithi031.stdout:May 08 06:07:05 smithi031 ceph-fc039742-0d00-11ef-bc97-c7b262605968-mgr-x[29852]:
2024-05-08T06:07:05.941+0000 7f1d485a5200 -1 mgr[py] Module snap_schedule has missing NOTIFY_TYPES member
2024-05-08T06:07:06.496 INFO:journalctl@ceph.mon.a.smithi031.stdout:May 08 06:07:06 smithi031 ceph-mon[29613]: from='client.? 172.21.15.31:0/2563439145' entity='client.admin' cmd='[{"prefix": "mgr module enable", "module": "cephadm"}]': finished
2024-05-08T06:07:06.496 INFO:journalctl@ceph.mon.a.smithi031.stdout:May 08 06:07:06 smithi031 ceph-mon[29613]: mgrmap e5: x(active, since 5s)
2024-05-08T06:07:06.496 INFO:journalctl@ceph.mgr.x.smithi031.stdout:May 08 06:07:06 smithi031 ceph-fc039742-0d00-11ef-bc97-c7b262605968-mgr-x[29852]:
2024-05-08T06:07:06.378+0000 7f1d485a5200 -1 mgr[py] Module progress has missing NOTIFY_TYPES member
2024-05-08T06:07:06.497 INFO:journalctl@ceph.mgr.x.smithi031.stdout:May 08 06:07:06 smithi031 ceph-fc039742-0d00-11ef-bc97-c7b262605968-mgr-x[29852]:
2024-05-08T06:07:06.496+0000 7f1d485a5200 -1 mgr[py] Module influx has missing NOTIFY_TYPES member
2024-05-08T06:07:07.543 INFO:journalctl@ceph.mon.a.smithi031.stdout:May 08 06:07:07 smithi031 ceph-mon[29613]: from='client.? 172.21.15.31:0/745659463' entity='client.admin' cmd=[{"prefix": "mgr stat"}]: dispatch
2024-05-08T06:07:07.570 INFO:teuthology.orchestra.run.smithi031.stdout:/usr/bin/ceph: stdout {
2024-05-08T06:07:07.571 INFO:teuthology.orchestra.run.smithi031.stdout:/usr/bin/ceph: stdout "epoch": 5,
2024-05-08T06:07:07.571 INFO:teuthology.orchestra.run.smithi031.stdout:/usr/bin/ceph: stdout "available": true,
2024-05-08T06:07:07.571 INFO:teuthology.orchestra.run.smithi031.stdout:/usr/bin/ceph: stdout "active_name": "x",
2024-05-08T06:07:07.571 INFO:teuthology.orchestra.run.smithi031.stdout:/usr/bin/ceph: stdout "num_standby": 0
2024-05-08T06:07:07.571 INFO:teuthology.orchestra.run.smithi031.stdout:/usr/bin/ceph: stdout }
2024-05-08T06:07:07.571 INFO:teuthology.orchestra.run.smithi031.stdout:/usr/bin/ceph: stderr
2024-05-08T06:07:06.673+0000 7fcd27a00700 1 Processor -- start
2024-05-08T06:07:07.571 INFO:teuthology.orchestra.run.smithi031.stdout:/usr/bin/ceph: stderr
2024-05-08T06:07:06.674+0000 7fcd27a00700 1 -- start start
2024-05-08T06:07:07.571 INFO:teuthology.orchestra.run.smithi031.stdout:/usr/bin/ceph: stderr
2024-05-08T06:07:06.674+0000 7fcd27a00700 1 --2- >> [v2:172.21.15.31:3300/0,v1:172.21.15.31:6789/0] conn(0x7fcd20108e90 0x7fcd201092b0 unknown :-1 s=NONE pgs=0 cs=0 l=0 rev1=0 crypto rx=0 tx=0 comp rx=0 tx=0).connect
2024-05-08T06:07:07.571 INFO:teuthology.orchestra.run.smithi031.stdout:/usr/bin/ceph: stderr
2024-05-08T06:07:06.674+0000 7fcd27a00700 1 -- --> [v2:172.21.15.31:3300/0,v1:172.21.15.31:6789/0] -- mon_getmap magic: 0 -- 0x7fcd20109880 con 0x7fcd20108e90
2024-05-08T06:07:07.571 INFO:teuthology.orchestra.run.smithi031.stdout:/usr/bin/ceph: stderr
2024-05-08T06:07:06.674+0000 7fcd25000700 1 --2- >> [v2:172.21.15.31:3300/0,v1:172.21.15.31:6789/0] conn(0x7fcd20108e90 0x7fcd201092b0 unknown :-1 s=BANNER_CONNECTING pgs=0 cs=0 l=0 rev1=0 crypto rx=0 tx=0 comp rx=0 tx=0)._handle_peer_banner_payload supported=3 required=0
2024-05-08T06:07:07.572 INFO:teuthology.orchestra.run.smithi031.stdout:/usr/bin/ceph: stderr
2024-05-08T06:07:06.674+0000 7fcd25000700 1 --2- >> [v2:172.21.15.31:3300/0,v1:172.21.15.31:6789/0] conn(0x7fcd20108e90 0x7fcd201092b0 unknown :-1 s=HELLO_CONNECTING pgs=0 cs=0 l=0 rev1=1 crypto rx=0 tx=0 comp rx=0 tx=0).handle_hello peer v2:172.21.15.31:3300/0 says I am v2:172.21.15.31:36016/0 (socket says 172.21.15.31:36016)
2024-05-08T06:07:07.572 INFO:teuthology.orchestra.run.smithi031.stdout:/usr/bin/ceph: stderr
2024-05-08T06:07:06.674+0000 7fcd25000700 1 -- 172.21.15.31:0/2115512947 learned_addr learned my addr 172.21.15.31:0/2115512947 (peer_addr_for_me v2:172.21.15.31:0/0)
2024-05-08T06:07:07.572 INFO:teuthology.orchestra.run.smithi031.stdout:/usr/bin/ceph: stderr
2024-05-08T06:07:06.675+0000 7fcd25000700 1 -- 172.21.15.31:0/2115512947 --> [v2:172.21.15.31:3300/0,v1:172.21.15.31:6789/0] -- mon_subscribe({config=0+,monmap=0+}) -- 0x7fcd20109ff0 con 0x7fcd20108e90
2024-05-08T06:07:07.572 INFO:teuthology.orchestra.run.smithi031.stdout:/usr/bin/ceph: stderr
2024-05-08T06:07:06.675+0000 7fcd25000700 1 --2- 172.21.15.31:0/2115512947 >> [v2:172.21.15.31:3300/0,v1:172.21.15.31:6789/0] conn(0x7fcd20108e90 0x7fcd201092b0 secure :-1 s=READY pgs=26 cs=0 l=1 rev1=1 crypto rx=0x7fcd140098a0 tx=0x7fcd14009bb0 comp rx=0 tx=0).ready entity=mon.0 client_cookie=b086da04888e1510 server_cookie=0 in_seq=0 out_seq=0
2024-05-08T06:07:07.572 INFO:teuthology.orchestra.run.smithi031.stdout:/usr/bin/ceph: stderr
2024-05-08T06:07:06.676+0000 7fcd1f400700 1 -- 172.21.15.31:0/2115512947 <== mon.0 v2:172.21.15.31:3300/0 1 ==== mon_map magic: 0 ==== 205+0+0 (secure 0 0 0) 0x7fcd14004160 con 0x7fcd20108e90
2024-05-08T06:07:07.572 INFO:teuthology.orchestra.run.smithi031.stdout:/usr/bin/ceph: stderr
2024-05-08T06:07:06.676+0000 7fcd1f400700 1 -- 172.21.15.31:0/2115512947 <== mon.0 v2:172.21.15.31:3300/0 2 ==== config(26 keys) ==== 1070+0+0 (secure 0 0 0) 0x7fcd14004300 con 0x7fcd20108e90
2024-05-08T06:07:07.572 INFO:teuthology.orchestra.run.smithi031.stdout:/usr/bin/ceph: stderr
2024-05-08T06:07:06.676+0000 7fcd1f400700 1 -- 172.21.15.31:0/2115512947 <== mon.0 v2:172.21.15.31:3300/0 3 ==== mon_map magic: 0 ==== 205+0+0 (secure 0 0 0) 0x7fcd14011af0 con 0x7fcd20108e90
2024-05-08T06:07:07.572 INFO:teuthology.orchestra.run.smithi031.stdout:/usr/bin/ceph: stderr
2024-05-08T06:07:06.676+0000 7fcd27a00700 1 -- 172.21.15.31:0/2115512947 >> [v2:172.21.15.31:3300/0,v1:172.21.15.31:6789/0] conn(0x7fcd20108e90 msgr2=0x7fcd201092b0 secure :-1 s=STATE_CONNECTION_ESTABLISHED l=1).mark_down
2024-05-08T06:07:07.572 INFO:teuthology.orchestra.run.smithi031.stdout:/usr/bin/ceph: stderr
2024-05-08T06:07:06.676+0000 7fcd27a00700 1 --2- 172.21.15.31:0/2115512947 >> [v2:172.21.15.31:3300/0,v1:172.21.15.31:6789/0] conn(0x7fcd20108e90 0x7fcd201092b0 secure :-1 s=READY pgs=26 cs=0 l=1 rev1=1 crypto rx=0x7fcd140098a0 tx=0x7fcd14009bb0 comp rx=0 tx=0).stop
2024-05-08T06:07:07.572 INFO:teuthology.orchestra.run.smithi031.stdout:/usr/bin/ceph: stderr
2024-05-08T06:07:06.676+0000 7fcd27a00700 1 -- 172.21.15.31:0/2115512947 shutdown_connections
2024-05-08T06:07:07.573 INFO:teuthology.orchestra.run.smithi031.stdout:/usr/bin/ceph: stderr
2024-05-08T06:07:06.676+0000 7fcd27a00700 1 --2- 172.21.15.31:0/2115512947 >> [v2:172.21.15.31:3300/0,v1:172.21.15.31:6789/0] conn(0x7fcd20108e90 0x7fcd201092b0 unknown :-1 s=CLOSED pgs=26 cs=0 l=1 rev1=1 crypto rx=0 tx=0 comp rx=0 tx=0).stop
2024-05-08T06:07:07.573 INFO:teuthology.orchestra.run.smithi031.stdout:/usr/bin/ceph: stderr
2024-05-08T06:07:06.676+0000 7fcd27a00700 1 -- 172.21.15.31:0/2115512947 >> 172.21.15.31:0/2115512947 conn(0x7fcd20104450 msgr2=0x7fcd20106870 unknown :-1 s=STATE_NONE l=0).mark_down
2024-05-08T06:07:07.573 INFO:teuthology.orchestra.run.smithi031.stdout:/usr/bin/ceph: stderr
2024-05-08T06:07:06.677+0000 7fcd27a00700 1 -- 172.21.15.31:0/2115512947 shutdown_connections
2024-05-08T06:07:07.573 INFO:teuthology.orchestra.run.smithi031.stdout:/usr/bin/ceph: stderr
2024-05-08T06:07:06.677+0000 7fcd27a00700 1 -- 172.21.15.31:0/2115512947 wait complete.
2024-05-08T06:07:07.573 INFO:teuthology.orchestra.run.smithi031.stdout:/usr/bin/ceph: stderr
2024-05-08T06:07:06.678+0000 7fcd27a00700 1 Processor -- start
2024-05-08T06:07:07.573 INFO:teuthology.orchestra.run.smithi031.stdout:/usr/bin/ceph: stderr
2024-05-08T06:07:06.678+0000 7fcd27a00700 1 -- start start
2024-05-08T06:07:07.573 INFO:teuthology.orchestra.run.smithi031.stdout:/usr/bin/ceph: stderr
2024-05-08T06:07:06.678+0000 7fcd27a00700 1 --2- >> [v2:172.21.15.31:3300/0,v1:172.21.15.31:6789/0] conn(0x7fcd20108e90 0x7fcd2019f050 unknown :-1 s=NONE pgs=0 cs=0 l=1 rev1=0 crypto rx=0 tx=0 comp rx=0 tx=0).connect
2024-05-08T06:07:07.573 INFO:teuthology.orchestra.run.smithi031.stdout:/usr/bin/ceph: stderr
2024-05-08T06:07:06.678+0000 7fcd27a00700 1 -- --> [v2:172.21.15.31:3300/0,v1:172.21.15.31:6789/0] -- mon_getmap magic: 0 -- 0x7fcd2007d0f0 con 0x7fcd20108e90
2024-05-08T06:07:07.573 INFO:teuthology.orchestra.run.smithi031.stdout:/usr/bin/ceph: stderr
2024-05-08T06:07:06.678+0000 7fcd25000700 1 --2- >> [v2:172.21.15.31:3300/0,v1:172.21.15.31:6789/0] conn(0x7fcd20108e90 0x7fcd2019f050 unknown :-1 s=BANNER_CONNECTING pgs=0 cs=0 l=1 rev1=0 crypto rx=0 tx=0 comp rx=0 tx=0)._handle_peer_banner_payload supported=3 required=0
2024-05-08T06:07:07.573 INFO:teuthology.orchestra.run.smithi031.stdout:/usr/bin/ceph: stderr
2024-05-08T06:07:06.678+0000 7fcd25000700 1 --2- >> [v2:172.21.15.31:3300/0,v1:172.21.15.31:6789/0] conn(0x7fcd20108e90 0x7fcd2019f050 unknown :-1 s=HELLO_CONNECTING pgs=0 cs=0 l=1 rev1=1 crypto rx=0 tx=0 comp rx=0 tx=0).handle_hello peer v2:172.21.15.31:3300/0 says I am v2:172.21.15.31:36028/0 (socket says 172.21.15.31:36028)
2024-05-08T06:07:07.573 INFO:teuthology.orchestra.run.smithi031.stdout:/usr/bin/ceph: stderr
2024-05-08T06:07:06.678+0000 7fcd25000700 1 -- 172.21.15.31:0/745659463 learned_addr learned my addr 172.21.15.31:0/745659463 (peer_addr_for_me v2:172.21.15.31:0/0)
2024-05-08T06:07:07.574 INFO:teuthology.orchestra.run.smithi031.stdout:/usr/bin/ceph: stderr
2024-05-08T06:07:06.679+0000 7fcd25000700 1 -- 172.21.15.31:0/745659463 --> [v2:172.21.15.31:3300/0,v1:172.21.15.31:6789/0] -- mon_subscribe({config=0+,monmap=0+}) -- 0x7fcd2019f590 con 0x7fcd20108e90
2024-05-08T06:07:07.574 INFO:teuthology.orchestra.run.smithi031.stdout:/usr/bin/ceph: stderr
2024-05-08T06:07:06.679+0000 7fcd25000700 1 --2- 172.21.15.31:0/745659463 >> [v2:172.21.15.31:3300/0,v1:172.21.15.31:6789/0] conn(0x7fcd20108e90 0x7fcd2019f050 secure :-1 s=READY pgs=27 cs=0 l=1 rev1=1 crypto rx=0x7fcd140117b0 tx=0x7fcd14011b70 comp rx=0 tx=0).ready entity=mon.0 client_cookie=0 server_cookie=0 in_seq=0 out_seq=0
2024-05-08T06:07:07.574 INFO:teuthology.orchestra.run.smithi031.stdout:/usr/bin/ceph: stderr
2024-05-08T06:07:06.679+0000 7fcd1d600700 1 -- 172.21.15.31:0/745659463 <== mon.0 v2:172.21.15.31:3300/0 1 ==== mon_map magic: 0 ==== 205+0+0 (secure 0 0 0) 0x7fcd14003af0 con 0x7fcd20108e90
2024-05-08T06:07:07.574 INFO:teuthology.orchestra.run.smithi031.stdout:/usr/bin/ceph: stderr
2024-05-08T06:07:06.679+0000 7fcd1d600700 1 -- 172.21.15.31:0/745659463 <== mon.0 v2:172.21.15.31:3300/0 2 ==== config(26 keys) ==== 1070+0+0 (secure 0 0 0) 0x7fcd14020070 con 0x7fcd20108e90
2024-05-08T06:07:07.574 INFO:teuthology.orchestra.run.smithi031.stdout:/usr/bin/ceph: stderr
2024-05-08T06:07:06.679+0000 7fcd27a00700 1 -- 172.21.15.31:0/745659463 --> [v2:172.21.15.31:3300/0,v1:172.21.15.31:6789/0] -- mon_subscribe({mgrmap=0+}) -- 0x7fcd2019f820 con 0x7fcd20108e90
2024-05-08T06:07:07.574 INFO:teuthology.orchestra.run.smithi031.stdout:/usr/bin/ceph: stderr
2024-05-08T06:07:06.679+0000 7fcd1d600700 1 -- 172.21.15.31:0/745659463 <== mon.0 v2:172.21.15.31:3300/0 3 ==== mon_map magic: 0 ==== 205+0+0 (secure 0 0 0) 0x7fcd14019630 con 0x7fcd20108e90
2024-05-08T06:07:07.574 INFO:teuthology.orchestra.run.smithi031.stdout:/usr/bin/ceph: stderr
2024-05-08T06:07:06.680+0000 7fcd27a00700 1 -- 172.21.15.31:0/745659463 --> [v2:172.21.15.31:3300/0,v1:172.21.15.31:6789/0] -- mon_subscribe({osdmap=0}) -- 0x7fcd2019fc80 con 0x7fcd20108e90
2024-05-08T06:07:07.574 INFO:teuthology.orchestra.run.smithi031.stdout:/usr/bin/ceph: stderr
2024-05-08T06:07:06.681+0000 7fcd1d600700 1 -- 172.21.15.31:0/745659463 <== mon.0 v2:172.21.15.31:3300/0 4 ==== mgrmap(e 5) ==== 50222+0+0 (secure 0 0 0) 0x7fcd1401a430 con 0x7fcd20108e90
2024-05-08T06:07:07.574 INFO:teuthology.orchestra.run.smithi031.stdout:/usr/bin/ceph: stderr
2024-05-08T06:07:06.681+0000 7fcd27a00700 1 -- 172.21.15.31:0/745659463 --> [v2:172.21.15.31:3300/0,v1:172.21.15.31:6789/0] -- mon_command({"prefix": "get_command_descriptions"} v 0) -- 0x7fcd2006a5c0 con 0x7fcd20108e90
2024-05-08T06:07:07.575 INFO:teuthology.orchestra.run.smithi031.stdout:/usr/bin/ceph: stderr
2024-05-08T06:07:06.681+0000 7fcd1d600700 1 --2- 172.21.15.31:0/745659463 >> [v2:172.21.15.31:6800/1685529498,v1:172.21.15.31:6801/1685529498] conn(0x7fcd0803e4c0 0x7fcd08040980 unknown :-1 s=NONE pgs=0 cs=0 l=1 rev1=0 crypto rx=0 tx=0 comp rx=0 tx=0).connect
2024-05-08T06:07:07.575 INFO:teuthology.orchestra.run.smithi031.stdout:/usr/bin/ceph: stderr
2024-05-08T06:07:06.681+0000 7fcd1d600700 1 -- 172.21.15.31:0/745659463 <== mon.0 v2:172.21.15.31:3300/0 5 ==== osd_map(1..1 src has 1..1) ==== 725+0+0 (secure 0 0 0) 0x7fcd14053a70 con 0x7fcd20108e90
2024-05-08T06:07:07.575 INFO:teuthology.orchestra.run.smithi031.stdout:/usr/bin/ceph: stderr
2024-05-08T06:07:06.681+0000 7fcd1fe00700 1 -- 172.21.15.31:0/745659463 >> [v2:172.21.15.31:6800/1685529498,v1:172.21.15.31:6801/1685529498] conn(0x7fcd0803e4c0 msgr2=0x7fcd08040980 unknown :-1 s=STATE_CONNECTING_RE l=1).process reconnect failed to v2:172.21.15.31:6800/1685529498
2024-05-08T06:07:07.575 INFO:teuthology.orchestra.run.smithi031.stdout:/usr/bin/ceph: stderr
2024-05-08T06:07:06.681+0000 7fcd1fe00700 1 --2- 172.21.15.31:0/745659463 >> [v2:172.21.15.31:6800/1685529498,v1:172.21.15.31:6801/1685529498] conn(0x7fcd0803e4c0 0x7fcd08040980 unknown :-1 s=START_CONNECT pgs=0 cs=0 l=1 rev1=0 crypto rx=0 tx=0 comp rx=0 tx=0)._fault waiting 0.200000
2024-05-08T06:07:07.575 INFO:teuthology.orchestra.run.smithi031.stdout:/usr/bin/ceph: stderr
2024-05-08T06:07:06.687+0000 7fcd1d600700 1 -- 172.21.15.31:0/745659463 <== mon.0 v2:172.21.15.31:3300/0 6 ==== mon_command_ack([{"prefix": "get_command_descriptions"}]=0 v0) ==== 72+0+191963 (secure 0 0 0) 0x7fcd1400be30 con 0x7fcd20108e90
2024-05-08T06:07:07.575 INFO:teuthology.orchestra.run.smithi031.stdout:/usr/bin/ceph: stderr
2024-05-08T06:07:06.882+0000 7fcd1fe00700 1 -- 172.21.15.31:0/745659463 >> [v2:172.21.15.31:6800/1685529498,v1:172.21.15.31:6801/1685529498] conn(0x7fcd0803e4c0 msgr2=0x7fcd08040980 unknown :-1 s=STATE_CONNECTING_RE l=1).process reconnect failed to v2:172.21.15.31:6800/1685529498
2024-05-08T06:07:07.575 INFO:teuthology.orchestra.run.smithi031.stdout:/usr/bin/ceph: stderr
2024-05-08T06:07:06.882+0000 7fcd1fe00700 1 --2- 172.21.15.31:0/745659463 >> [v2:172.21.15.31:6800/1685529498,v1:172.21.15.31:6801/1685529498] conn(0x7fcd0803e4c0 0x7fcd08040980 unknown :-1 s=START_CONNECT pgs=0 cs=0 l=1 rev1=0 crypto rx=0 tx=0 comp rx=0 tx=0)._fault waiting 0.400000
2024-05-08T06:07:07.575 INFO:teuthology.orchestra.run.smithi031.stdout:/usr/bin/ceph: stderr
2024-05-08T06:07:06.973+0000 7fcd27a00700 1 -- 172.21.15.31:0/745659463 --> [v2:172.21.15.31:3300/0,v1:172.21.15.31:6789/0] -- mon_command({"prefix": "mgr stat"} v 0) -- 0x7fcd200640b0 con 0x7fcd20108e90
2024-05-08T06:07:07.575 INFO:teuthology.orchestra.run.smithi031.stdout:/usr/bin/ceph: stderr
2024-05-08T06:07:06.974+0000 7fcd1d600700 1 -- 172.21.15.31:0/745659463 <== mon.0 v2:172.21.15.31:3300/0 7 ==== mon_command_ack([{"prefix": "mgr stat"}]=0 v5) ==== 56+0+88 (secure 0 0 0) 0x7fcd14021e00 con 0x7fcd20108e90
2024-05-08T06:07:07.575 INFO:teuthology.orchestra.run.smithi031.stdout:/usr/bin/ceph: stderr
2024-05-08T06:07:06.977+0000 7fcd27a00700 1 -- 172.21.15.31:0/745659463 >> [v2:172.21.15.31:6800/1685529498,v1:172.21.15.31:6801/1685529498] conn(0x7fcd0803e4c0 msgr2=0x7fcd08040980 unknown :-1 s=STATE_CONNECTING l=1).mark_down
2024-05-08T06:07:07.576 INFO:teuthology.orchestra.run.smithi031.stdout:/usr/bin/ceph: stderr
2024-05-08T06:07:06.977+0000 7fcd27a00700 1 --2- 172.21.15.31:0/745659463 >> [v2:172.21.15.31:6800/1685529498,v1:172.21.15.31:6801/1685529498] conn(0x7fcd0803e4c0 0x7fcd08040980 unknown :-1 s=START_CONNECT pgs=0 cs=0 l=1 rev1=0 crypto rx=0 tx=0 comp rx=0 tx=0).stop
2024-05-08T06:07:07.576 INFO:teuthology.orchestra.run.smithi031.stdout:/usr/bin/ceph: stderr
2024-05-08T06:07:06.977+0000 7fcd27a00700 1 -- 172.21.15.31:0/745659463 >> [v2:172.21.15.31:3300/0,v1:172.21.15.31:6789/0] conn(0x7fcd20108e90 msgr2=0x7fcd2019f050 secure :-1 s=STATE_CONNECTION_ESTABLISHED l=1).mark_down
2024-05-08T06:07:07.576 INFO:teuthology.orchestra.run.smithi031.stdout:/usr/bin/ceph: stderr
2024-05-08T06:07:06.977+0000 7fcd27a00700 1 --2- 172.21.15.31:0/745659463 >> [v2:172.21.15.31:3300/0,v1:172.21.15.31:6789/0] conn(0x7fcd20108e90 0x7fcd2019f050 secure :-1 s=READY pgs=27 cs=0 l=1 rev1=1 crypto rx=0x7fcd140117b0 tx=0x7fcd14011b70 comp rx=0 tx=0).stop
2024-05-08T06:07:07.576 INFO:teuthology.orchestra.run.smithi031.stdout:/usr/bin/ceph: stderr
2024-05-08T06:07:06.977+0000 7fcd27a00700 1 -- 172.21.15.31:0/745659463 shutdown_connections
2024-05-08T06:07:07.576 INFO:teuthology.orchestra.run.smithi031.stdout:/usr/bin/ceph: stderr
2024-05-08T06:07:06.977+0000 7fcd27a00700 1 --2- 172.21.15.31:0/745659463 >> [v2:172.21.15.31:6800/1685529498,v1:172.21.15.31:6801/1685529498] conn(0x7fcd0803e4c0 0x7fcd08040980 unknown :-1 s=CLOSED pgs=0 cs=0 l=1 rev1=0 crypto rx=0 tx=0 comp rx=0 tx=0).stop
2024-05-08T06:07:07.576 INFO:teuthology.orchestra.run.smithi031.stdout:/usr/bin/ceph: stderr
2024-05-08T06:07:06.977+0000 7fcd27a00700 1 --2- 172.21.15.31:0/745659463 >> [v2:172.21.15.31:3300/0,v1:172.21.15.31:6789/0] conn(0x7fcd20108e90 0x7fcd2019f050 unknown :-1 s=CLOSED pgs=27 cs=0 l=1 rev1=1 crypto rx=0 tx=0 comp rx=0 tx=0).stop
2024-05-08T06:07:07.576 INFO:teuthology.orchestra.run.smithi031.stdout:/usr/bin/ceph: stderr
2024-05-08T06:07:06.977+0000 7fcd27a00700 1 -- 172.21.15.31:0/745659463 >> 172.21.15.31:0/745659463 conn(0x7fcd20104450 msgr2=0x7fcd20106840 unknown :-1 s=STATE_NONE l=0).mark_down
2024-05-08T06:07:07.576 INFO:teuthology.orchestra.run.smithi031.stdout:/usr/bin/ceph: stderr
2024-05-08T06:07:06.977+0000 7fcd27a00700 1 -- 172.21.15.31:0/745659463 shutdown_connections
2024-05-08T06:07:07.576 INFO:teuthology.orchestra.run.smithi031.stdout:/usr/bin/ceph: stderr
2024-05-08T06:07:06.977+0000 7fcd27a00700 1 -- 172.21.15.31:0/745659463 wait complete.
2024-05-08T06:07:07.576 INFO:teuthology.orchestra.run.smithi031.stdout:Waiting for the mgr to restart...
2024-05-08T06:07:07.576 INFO:teuthology.orchestra.run.smithi031.stdout:Waiting for mgr epoch 5...
2024-05-08T06:07:08.444 INFO:journalctl@ceph.mgr.x.smithi031.stdout:May 08 06:07:08 smithi031 ceph-fc039742-0d00-11ef-bc97-c7b262605968-mgr-x[29852]:
2024-05-08T06:07:08.140+0000 7f1d485a5200 -1 mgr[py] Module telegraf has missing NOTIFY_TYPES member
2024-05-08T06:07:08.445 INFO:journalctl@ceph.mgr.x.smithi031.stdout:May 08 06:07:08 smithi031 ceph-fc039742-0d00-11ef-bc97-c7b262605968-mgr-x[29852]:
2024-05-08T06:07:08.376+0000 7f1d485a5200 -1 mgr[py] Module osd_support has missing NOTIFY_TYPES member
2024-05-08T06:07:08.812 INFO:journalctl@ceph.mgr.x.smithi031.stdout:May 08 06:07:08 smithi031 ceph-fc039742-0d00-11ef-bc97-c7b262605968-mgr-x[29852]:
2024-05-08T06:07:08.597+0000 7f1d485a5200 -1 mgr[py] Module iostat has missing NOTIFY_TYPES member
2024-05-08T06:07:09.114 INFO:journalctl@ceph.mgr.x.smithi031.stdout:May 08 06:07:08 smithi031 ceph-fc039742-0d00-11ef-bc97-c7b262605968-mgr-x[29852]:
2024-05-08T06:07:08.987+0000 7f1d485a5200 -1 mgr[py] Module alerts has missing NOTIFY_TYPES member
2024-05-08T06:07:09.372 INFO:journalctl@ceph.mgr.x.smithi031.stdout:May 08 06:07:09 smithi031 ceph-fc039742-0d00-11ef-bc97-c7b262605968-mgr-x[29852]:
2024-05-08T06:07:09.113+0000 7f1d485a5200 -1 mgr[py] Module selftest has missing NOTIFY_TYPES member
2024-05-08T06:07:09.634 INFO:journalctl@ceph.mgr.x.smithi031.stdout:May 08 06:07:09 smithi031 ceph-fc039742-0d00-11ef-bc97-c7b262605968-mgr-x[29852]:
2024-05-08T06:07:09.371+0000 7f1d485a5200 -1 mgr[py] Module pg_autoscaler has missing NOTIFY_TYPES member
2024-05-08T06:07:10.062 INFO:journalctl@ceph.mgr.x.smithi031.stdout:May 08 06:07:09 smithi031 ceph-fc039742-0d00-11ef-bc97-c7b262605968-mgr-x[29852]:
2024-05-08T06:07:09.632+0000 7f1d485a5200 -1 mgr[py] Module test_orchestrator has missing NOTIFY_TYPES member
2024-05-08T06:07:10.746 INFO:journalctl@ceph.mgr.x.smithi031.stdout:May 08 06:07:10 smithi031 ceph-fc039742-0d00-11ef-bc97-c7b262605968-mgr-x[29852]:
2024-05-08T06:07:10.446+0000 7f1d485a5200 -1 mgr[py] Module rook has missing NOTIFY_TYPES member
2024-05-08T06:07:10.746 INFO:journalctl@ceph.mgr.x.smithi031.stdout:May 08 06:07:10 smithi031 ceph-fc039742-0d00-11ef-bc97-c7b262605968-mgr-x[29852]:
2024-05-08T06:07:10.744+0000 7f1d485a5200 -1 mgr[py] Module smb has missing NOTIFY_TYPES member
2024-05-08T06:07:11.562 INFO:journalctl@ceph.mgr.x.smithi031.stdout:May 08 06:07:11 smithi031 ceph-fc039742-0d00-11ef-bc97-c7b262605968-mgr-x[29852]:
2024-05-08T06:07:11.318+0000 7f1d485a5200 -1 mgr[py] Module volumes has missing NOTIFY_TYPES member
2024-05-08T06:07:11.562 INFO:journalctl@ceph.mgr.x.smithi031.stdout:May 08 06:07:11 smithi031 ceph-fc039742-0d00-11ef-bc97-c7b262605968-mgr-x[29852]:
2024-05-08T06:07:11.451+0000 7f1d485a5200 -1 mgr[py] Module crash has missing NOTIFY_TYPES member
2024-05-08T06:07:12.312 INFO:journalctl@ceph.mgr.x.smithi031.stdout:May 08 06:07:11 smithi031 ceph-fc039742-0d00-11ef-bc97-c7b262605968-mgr-x[29852]:
2024-05-08T06:07:11.924+0000 7f1d485a5200 -1 mgr[py] Module rgw has missing NOTIFY_TYPES member
2024-05-08T06:07:12.812 INFO:journalctl@ceph.mgr.x.smithi031.stdout:May 08 06:07:12 smithi031 ceph-fc039742-0d00-11ef-bc97-c7b262605968-mgr-x[29852]:
2024-05-08T06:07:12.391+0000 7f1d485a5200 -1 mgr[py] Module prometheus has missing NOTIFY_TYPES member
2024-05-08T06:07:12.812 INFO:journalctl@ceph.mgr.x.smithi031.stdout:May 08 06:07:12 smithi031 ceph-fc039742-0d00-11ef-bc97-c7b262605968-mgr-x[29852]:
2024-05-08T06:07:12.520+0000 7f1d485a5200 -1 mgr[py] Module devicehealth has missing NOTIFY_TYPES member
2024-05-08T06:07:13.174 INFO:journalctl@ceph.mgr.x.smithi031.stdout:May 08 06:07:12 smithi031 ceph-fc039742-0d00-11ef-bc97-c7b262605968-mgr-x[29852]:
2024-05-08T06:07:12.853+0000 7f1d485a5200 -1 mgr[py] Module telemetry has missing NOTIFY_TYPES member
2024-05-08T06:07:13.174 INFO:journalctl@ceph.mgr.x.smithi031.stdout:May 08 06:07:13 smithi031 ceph-fc039742-0d00-11ef-bc97-c7b262605968-mgr-x[29852]:
2024-05-08T06:07:13.040+0000 7f1d485a5200 -1 mgr[py] Module diskprediction_local has missing NOTIFY_TYPES member
2024-05-08T06:07:13.175 INFO:journalctl@ceph.mgr.x.smithi031.stdout:May 08 06:07:13 smithi031 ceph-fc039742-0d00-11ef-bc97-c7b262605968-mgr-x[29852]:
2024-05-08T06:07:13.173+0000 7f1d485a5200 -1 mgr[py] Module osd_perf_query has missing NOTIFY_TYPES member
2024-05-08T06:07:14.062 INFO:journalctl@ceph.mgr.x.smithi031.stdout:May 08 06:07:13 smithi031 ceph-fc039742-0d00-11ef-bc97-c7b262605968-mgr-x[29852]:
2024-05-08T06:07:13.580+0000 7f1d485a5200 -1 mgr[py] Module rbd_support has missing NOTIFY_TYPES member
2024-05-08T06:07:14.062 INFO:journalctl@ceph.mgr.x.smithi031.stdout:May 08 06:07:13 smithi031 ceph-fc039742-0d00-11ef-bc97-c7b262605968-mgr-x[29852]:
2024-05-08T06:07:13.708+0000 7f1d485a5200 -1 mgr[py] Module zabbix has missing NOTIFY_TYPES member
2024-05-08T06:07:14.796 INFO:journalctl@ceph.mgr.x.smithi031.stdout:May 08 06:07:14 smithi031 ceph-fc039742-0d00-11ef-bc97-c7b262605968-mgr-x[29852]:
2024-05-08T06:07:14.498+0000 7f1d485a5200 -1 mgr[py] Module status has missing NOTIFY_TYPES member
2024-05-08T06:07:15.062 INFO:journalctl@ceph.mgr.x.smithi031.stdout:May 08 06:07:14 smithi031 ceph-fc039742-0d00-11ef-bc97-c7b262605968-mgr-x[29852]:
2024-05-08T06:07:14.794+0000 7f1d485a5200 -1 mgr[py] Module nfs has missing NOTIFY_TYPES member
2024-05-08T06:07:15.062 INFO:journalctl@ceph.mon.a.smithi031.stdout:May 08 06:07:14 smithi031 ceph-mon[29613]: Active manager daemon x restarted
2024-05-08T06:07:15.062 INFO:journalctl@ceph.mon.a.smithi031.stdout:May 08 06:07:14 smithi031 ceph-mon[29613]: Activating manager daemon x
2024-05-08T06:07:15.062 INFO:journalctl@ceph.mon.a.smithi031.stdout:May 08 06:07:14 smithi031 ceph-mon[29613]: osdmap e2: 0 total, 0 up, 0 in
2024-05-08T06:07:15.062 INFO:journalctl@ceph.mon.a.smithi031.stdout:May 08 06:07:14 smithi031 ceph-mon[29613]: mgrmap e6: x(active, starting, since 0.0110728s)
2024-05-08T06:07:15.062 INFO:journalctl@ceph.mon.a.smithi031.stdout:May 08 06:07:14 smithi031 ceph-mon[29613]: from='mgr.14120 172.21.15.31:0/3071437428' entity='mgr.x' cmd=[{"prefix": "mon metadata", "id": "a"}]: dispatch
2024-05-08T06:07:15.062 INFO:journalctl@ceph.mon.a.smithi031.stdout:May 08 06:07:14 smithi031 ceph-mon[29613]: from='mgr.14120 172.21.15.31:0/3071437428' entity='mgr.x' cmd=[{"prefix": "mgr metadata", "who": "x", "id": "x"}]: dispatch
2024-05-08T06:07:15.062 INFO:journalctl@ceph.mon.a.smithi031.stdout:May 08 06:07:14 smithi031 ceph-mon[29613]: from='mgr.14120 172.21.15.31:0/3071437428' entity='mgr.x' cmd=[{"prefix": "mds metadata"}]: dispatch
2024-05-08T06:07:15.062 INFO:journalctl@ceph.mon.a.smithi031.stdout:May 08 06:07:14 smithi031 ceph-mon[29613]: from='mgr.14120 172.21.15.31:0/3071437428' entity='mgr.x' cmd=[{"prefix": "osd metadata"}]: dispatch
2024-05-08T06:07:15.063 INFO:journalctl@ceph.mon.a.smithi031.stdout:May 08 06:07:14 smithi031 ceph-mon[29613]: from='mgr.14120 172.21.15.31:0/3071437428' entity='mgr.x' cmd=[{"prefix": "mon metadata"}]: dispatch
2024-05-08T06:07:15.063 INFO:journalctl@ceph.mon.a.smithi031.stdout:May 08 06:07:14 smithi031 ceph-mon[29613]: Manager daemon x is now available
2024-05-08T06:07:16.239 INFO:journalctl@ceph.mon.a.smithi031.stdout:May 08 06:07:15 smithi031 ceph-mon[29613]: Found migration_current of "None". Setting to last migration.
2024-05-08T06:07:16.239 INFO:journalctl@ceph.mon.a.smithi031.stdout:May 08 06:07:15 smithi031 ceph-mon[29613]: from='mgr.14120 172.21.15.31:0/3071437428' entity='mgr.x'
2024-05-08T06:07:16.239 INFO:journalctl@ceph.mon.a.smithi031.stdout:May 08 06:07:15 smithi031 ceph-mon[29613]: from='mgr.14120 172.21.15.31:0/3071437428' entity='mgr.x'
2024-05-08T06:07:16.239 INFO:journalctl@ceph.mon.a.smithi031.stdout:May 08 06:07:15 smithi031 ceph-mon[29613]: from='mgr.14120 172.21.15.31:0/3071437428' entity='mgr.x' cmd=[{"prefix": "config dump", "format": "json"}]: dispatch
2024-05-08T06:07:16.239 INFO:journalctl@ceph.mon.a.smithi031.stdout:May 08 06:07:15 smithi031 ceph-mon[29613]: from='mgr.14120 172.21.15.31:0/3071437428' entity='mgr.x' cmd=[{"prefix": "config dump", "format": "json"}]: dispatch
2024-05-08T06:07:16.239 INFO:journalctl@ceph.mon.a.smithi031.stdout:May 08 06:07:15 smithi031 ceph-mon[29613]: from='mgr.14120 172.21.15.31:0/3071437428' entity='mgr.x' cmd=[{"prefix":"config rm","who":"mgr","name":"mgr/rbd_support/x/mirror_snapshot_schedule"}]: dispatch
2024-05-08T06:07:16.239 INFO:journalctl@ceph.mon.a.smithi031.stdout:May 08 06:07:15 smithi031 ceph-mon[29613]: from='mgr.14120 172.21.15.31:0/3071437428' entity='mgr.x' cmd=[{"prefix":"config rm","who":"mgr","name":"mgr/rbd_support/x/trash_purge_schedule"}]: dispatch
2024-05-08T06:07:16.239 INFO:journalctl@ceph.mon.a.smithi031.stdout:May 08 06:07:15 smithi031 ceph-mon[29613]: mgrmap e7: x(active, since 1.01813s)
2024-05-08T06:07:16.618 INFO:teuthology.orchestra.run.smithi031.stdout:/usr/bin/ceph: stdout {
2024-05-08T06:07:16.618 INFO:teuthology.orchestra.run.smithi031.stdout:/usr/bin/ceph: stdout "mgrmap_epoch": 7,
2024-05-08T06:07:16.618 INFO:teuthology.orchestra.run.smithi031.stdout:/usr/bin/ceph: stdout "initialized": true
2024-05-08T06:07:16.618 INFO:teuthology.orchestra.run.smithi031.stdout:/usr/bin/ceph: stdout }
2024-05-08T06:07:16.618 INFO:teuthology.orchestra.run.smithi031.stdout:/usr/bin/ceph: stderr
2024-05-08T06:07:08.234+0000 7fd534200700 1 Processor -- start
2024-05-08T06:07:16.618 INFO:teuthology.orchestra.run.smithi031.stdout:/usr/bin/ceph: stderr
2024-05-08T06:07:08.234+0000 7fd534200700 1 -- start start
2024-05-08T06:07:16.619 INFO:teuthology.orchestra.run.smithi031.stdout:/usr/bin/ceph: stderr
2024-05-08T06:07:08.235+0000 7fd534200700 1 --2- >> [v2:172.21.15.31:3300/0,v1:172.21.15.31:6789/0] conn(0x7fd52c07ee90 0x7fd52c07d2f0 unknown :-1 s=NONE pgs=0 cs=0 l=0 rev1=0 crypto rx=0 tx=0 comp rx=0 tx=0).connect
2024-05-08T06:07:16.619 INFO:teuthology.orchestra.run.smithi031.stdout:/usr/bin/ceph: stderr
2024-05-08T06:07:08.235+0000 7fd534200700 1 -- --> [v2:172.21.15.31:3300/0,v1:172.21.15.31:6789/0] -- mon_getmap magic: 0 -- 0x7fd52c07d8c0 con 0x7fd52c07ee90
2024-05-08T06:07:16.619 INFO:teuthology.orchestra.run.smithi031.stdout:/usr/bin/ceph: stderr
2024-05-08T06:07:08.235+0000 7fd531800700 1 --2- >> [v2:172.21.15.31:3300/0,v1:172.21.15.31:6789/0] conn(0x7fd52c07ee90 0x7fd52c07d2f0 unknown :-1 s=BANNER_CONNECTING pgs=0 cs=0 l=0 rev1=0 crypto rx=0 tx=0 comp rx=0 tx=0)._handle_peer_banner_payload supported=3 required=0
2024-05-08T06:07:16.619 INFO:teuthology.orchestra.run.smithi031.stdout:/usr/bin/ceph: stderr
2024-05-08T06:07:08.235+0000 7fd531800700 1 --2- >> [v2:172.21.15.31:3300/0,v1:172.21.15.31:6789/0] conn(0x7fd52c07ee90 0x7fd52c07d2f0 unknown :-1 s=HELLO_CONNECTING pgs=0 cs=0 l=0 rev1=1 crypto rx=0 tx=0 comp rx=0 tx=0).handle_hello peer v2:172.21.15.31:3300/0 says I am v2:172.21.15.31:53342/0 (socket says 172.21.15.31:53342)
2024-05-08T06:07:16.619 INFO:teuthology.orchestra.run.smithi031.stdout:/usr/bin/ceph: stderr
2024-05-08T06:07:08.235+0000 7fd531800700 1 -- 172.21.15.31:0/1507027534 learned_addr learned my addr 172.21.15.31:0/1507027534 (peer_addr_for_me v2:172.21.15.31:0/0)
2024-05-08T06:07:16.619 INFO:teuthology.orchestra.run.smithi031.stdout:/usr/bin/ceph: stderr
2024-05-08T06:07:08.236+0000 7fd531800700 1 -- 172.21.15.31:0/1507027534 --> [v2:172.21.15.31:3300/0,v1:172.21.15.31:6789/0] -- mon_subscribe({config=0+,monmap=0+}) -- 0x7fd52c07da40 con 0x7fd52c07ee90
2024-05-08T06:07:16.619 INFO:teuthology.orchestra.run.smithi031.stdout:/usr/bin/ceph: stderr
2024-05-08T06:07:08.236+0000 7fd531800700 1 --2- 172.21.15.31:0/1507027534 >> [v2:172.21.15.31:3300/0,v1:172.21.15.31:6789/0] conn(0x7fd52c07ee90 0x7fd52c07d2f0 secure :-1 s=READY pgs=28 cs=0 l=1 rev1=1 crypto rx=0x7fd5200098a0 tx=0x7fd520009bb0 comp rx=0 tx=0).ready entity=mon.0 client_cookie=8035290f4362da63 server_cookie=0 in_seq=0 out_seq=0
2024-05-08T06:07:16.619 INFO:teuthology.orchestra.run.smithi031.stdout:/usr/bin/ceph: stderr
2024-05-08T06:07:08.236+0000 7fd52be00700 1 -- 172.21.15.31:0/1507027534 <== mon.0 v2:172.21.15.31:3300/0 1 ==== mon_map magic: 0 ==== 205+0+0 (secure 0 0 0) 0x7fd520004160 con 0x7fd52c07ee90
2024-05-08T06:07:16.619 INFO:teuthology.orchestra.run.smithi031.stdout:/usr/bin/ceph: stderr
2024-05-08T06:07:08.237+0000 7fd52be00700 1 -- 172.21.15.31:0/1507027534 <== mon.0 v2:172.21.15.31:3300/0 2 ==== config(26 keys) ==== 1070+0+0 (secure 0 0 0) 0x7fd520004300 con 0x7fd52c07ee90
2024-05-08T06:07:16.619 INFO:teuthology.orchestra.run.smithi031.stdout:/usr/bin/ceph: stderr
2024-05-08T06:07:08.237+0000 7fd52be00700 1 -- 172.21.15.31:0/1507027534 <== mon.0 v2:172.21.15.31:3300/0 3 ==== mon_map magic: 0 ==== 205+0+0 (secure 0 0 0) 0x7fd520011af0 con 0x7fd52c07ee90
2024-05-08T06:07:16.619 INFO:teuthology.orchestra.run.smithi031.stdout:/usr/bin/ceph: stderr
2024-05-08T06:07:08.237+0000 7fd534200700 1 -- 172.21.15.31:0/1507027534 >> [v2:172.21.15.31:3300/0,v1:172.21.15.31:6789/0] conn(0x7fd52c07ee90 msgr2=0x7fd52c07d2f0 secure :-1 s=STATE_CONNECTION_ESTABLISHED l=1).mark_down
2024-05-08T06:07:16.619 INFO:teuthology.orchestra.run.smithi031.stdout:/usr/bin/ceph: stderr
2024-05-08T06:07:08.237+0000 7fd534200700 1 --2- 172.21.15.31:0/1507027534 >> [v2:172.21.15.31:3300/0,v1:172.21.15.31:6789/0] conn(0x7fd52c07ee90 0x7fd52c07d2f0 secure :-1 s=READY pgs=28 cs=0 l=1 rev1=1 crypto rx=0x7fd5200098a0 tx=0x7fd520009bb0 comp rx=0 tx=0).stop
2024-05-08T06:07:16.619 INFO:teuthology.orchestra.run.smithi031.stdout:/usr/bin/ceph: stderr
2024-05-08T06:07:08.237+0000 7fd534200700 1 -- 172.21.15.31:0/1507027534 shutdown_connections
2024-05-08T06:07:16.619 INFO:teuthology.orchestra.run.smithi031.stdout:/usr/bin/ceph: stderr
2024-05-08T06:07:08.237+0000 7fd534200700 1 --2- 172.21.15.31:0/1507027534 >> [v2:172.21.15.31:3300/0,v1:172.21.15.31:6789/0] conn(0x7fd52c07ee90 0x7fd52c07d2f0 unknown :-1 s=CLOSED pgs=28 cs=0 l=1 rev1=1 crypto rx=0 tx=0 comp rx=0 tx=0).stop
2024-05-08T06:07:16.620 INFO:teuthology.orchestra.run.smithi031.stdout:/usr/bin/ceph: stderr
2024-05-08T06:07:08.237+0000 7fd534200700 1 -- 172.21.15.31:0/1507027534 >> 172.21.15.31:0/1507027534 conn(0x7fd52c1043e0 msgr2=0x7fd52c106800 unknown :-1 s=STATE_NONE l=0).mark_down
2024-05-08T06:07:16.620 INFO:teuthology.orchestra.run.smithi031.stdout:/usr/bin/ceph: stderr
2024-05-08T06:07:08.237+0000 7fd534200700 1 -- 172.21.15.31:0/1507027534 shutdown_connections
2024-05-08T06:07:16.620 INFO:teuthology.orchestra.run.smithi031.stdout:/usr/bin/ceph: stderr
2024-05-08T06:07:08.238+0000 7fd534200700 1 -- 172.21.15.31:0/1507027534 wait complete.
2024-05-08T06:07:16.620 INFO:teuthology.orchestra.run.smithi031.stdout:/usr/bin/ceph: stderr
2024-05-08T06:07:08.239+0000 7fd534200700 1 Processor -- start
2024-05-08T06:07:16.620 INFO:teuthology.orchestra.run.smithi031.stdout:/usr/bin/ceph: stderr
2024-05-08T06:07:08.239+0000 7fd534200700 1 -- start start
2024-05-08T06:07:16.620 INFO:teuthology.orchestra.run.smithi031.stdout:/usr/bin/ceph: stderr
2024-05-08T06:07:08.239+0000 7fd534200700 1 --2- >> [v2:172.21.15.31:3300/0,v1:172.21.15.31:6789/0] conn(0x7fd52c07ee90 0x7fd52c19ef80 unknown :-1 s=NONE pgs=0 cs=0 l=1 rev1=0 crypto rx=0 tx=0 comp rx=0 tx=0).connect
2024-05-08T06:07:16.620 INFO:teuthology.orchestra.run.smithi031.stdout:/usr/bin/ceph: stderr
2024-05-08T06:07:08.239+0000 7fd534200700 1 -- --> [v2:172.21.15.31:3300/0,v1:172.21.15.31:6789/0] -- mon_getmap magic: 0 -- 0x7fd52c10f3f0 con 0x7fd52c07ee90
2024-05-08T06:07:16.620 INFO:teuthology.orchestra.run.smithi031.stdout:/usr/bin/ceph: stderr
2024-05-08T06:07:08.239+0000 7fd531800700 1 --2- >> [v2:172.21.15.31:3300/0,v1:172.21.15.31:6789/0] conn(0x7fd52c07ee90 0x7fd52c19ef80 unknown :-1 s=BANNER_CONNECTING pgs=0 cs=0 l=1 rev1=0 crypto rx=0 tx=0 comp rx=0 tx=0)._handle_peer_banner_payload supported=3 required=0
2024-05-08T06:07:16.620 INFO:teuthology.orchestra.run.smithi031.stdout:/usr/bin/ceph: stderr
2024-05-08T06:07:08.240+0000 7fd531800700 1 --2- >> [v2:172.21.15.31:3300/0,v1:172.21.15.31:6789/0] conn(0x7fd52c07ee90 0x7fd52c19ef80 unknown :-1 s=HELLO_CONNECTING pgs=0 cs=0 l=1 rev1=1 crypto rx=0 tx=0 comp rx=0 tx=0).handle_hello peer v2:172.21.15.31:3300/0 says I am v2:172.21.15.31:53358/0 (socket says 172.21.15.31:53358)
2024-05-08T06:07:16.620 INFO:teuthology.orchestra.run.smithi031.stdout:/usr/bin/ceph: stderr
2024-05-08T06:07:08.240+0000 7fd531800700 1 -- 172.21.15.31:0/1779841267 learned_addr learned my addr 172.21.15.31:0/1779841267 (peer_addr_for_me v2:172.21.15.31:0/0)
2024-05-08T06:07:16.620 INFO:teuthology.orchestra.run.smithi031.stdout:/usr/bin/ceph: stderr
2024-05-08T06:07:08.240+0000 7fd531800700 1 -- 172.21.15.31:0/1779841267 --> [v2:172.21.15.31:3300/0,v1:172.21.15.31:6789/0] -- mon_subscribe({config=0+,monmap=0+}) -- 0x7fd52c19f4c0 con 0x7fd52c07ee90
2024-05-08T06:07:16.620 INFO:teuthology.orchestra.run.smithi031.stdout:/usr/bin/ceph: stderr
2024-05-08T06:07:08.240+0000 7fd531800700 1 --2- 172.21.15.31:0/1779841267 >> [v2:172.21.15.31:3300/0,v1:172.21.15.31:6789/0] conn(0x7fd52c07ee90 0x7fd52c19ef80 secure :-1 s=READY pgs=29 cs=0 l=1 rev1=1 crypto rx=0x7fd520011ac0 tx=0x7fd520011ba0 comp rx=0 tx=0).ready entity=mon.0 client_cookie=0 server_cookie=0 in_seq=0 out_seq=0
2024-05-08T06:07:16.620 INFO:teuthology.orchestra.run.smithi031.stdout:/usr/bin/ceph: stderr
2024-05-08T06:07:08.240+0000 7fd52a000700 1 -- 172.21.15.31:0/1779841267 <== mon.0 v2:172.21.15.31:3300/0 1 ==== mon_map magic: 0 ==== 205+0+0 (secure 0 0 0) 0x7fd520003970 con 0x7fd52c07ee90
2024-05-08T06:07:16.620 INFO:teuthology.orchestra.run.smithi031.stdout:/usr/bin/ceph: stderr
2024-05-08T06:07:08.241+0000 7fd52a000700 1 -- 172.21.15.31:0/1779841267 <== mon.0 v2:172.21.15.31:3300/0 2 ==== config(26 keys) ==== 1070+0+0 (secure 0 0 0) 0x7fd520003b10 con 0x7fd52c07ee90
2024-05-08T06:07:16.620 INFO:teuthology.orchestra.run.smithi031.stdout:/usr/bin/ceph: stderr
2024-05-08T06:07:08.241+0000 7fd534200700 1 -- 172.21.15.31:0/1779841267 --> [v2:172.21.15.31:3300/0,v1:172.21.15.31:6789/0] -- mon_subscribe({mgrmap=0+}) -- 0x7fd52c19f750 con 0x7fd52c07ee90
2024-05-08T06:07:16.620 INFO:teuthology.orchestra.run.smithi031.stdout:/usr/bin/ceph: stderr
2024-05-08T06:07:08.241+0000 7fd52a000700 1 -- 172.21.15.31:0/1779841267 <== mon.0 v2:172.21.15.31:3300/0 3 ==== mon_map magic: 0 ==== 205+0+0 (secure 0 0 0) 0x7fd520024610 con 0x7fd52c07ee90
2024-05-08T06:07:16.621 INFO:teuthology.orchestra.run.smithi031.stdout:/usr/bin/ceph: stderr
2024-05-08T06:07:08.241+0000 7fd534200700 1 -- 172.21.15.31:0/1779841267 --> [v2:172.21.15.31:3300/0,v1:172.21.15.31:6789/0] -- mon_subscribe({osdmap=0}) -- 0x7fd52c1a2440 con 0x7fd52c07ee90
2024-05-08T06:07:16.621 INFO:teuthology.orchestra.run.smithi031.stdout:/usr/bin/ceph: stderr
2024-05-08T06:07:08.242+0000 7fd52a000700 1 -- 172.21.15.31:0/1779841267 <== mon.0 v2:172.21.15.31:3300/0 4 ==== mgrmap(e 5) ==== 50222+0+0 (secure 0 0 0) 0x7fd52001a9e0 con 0x7fd52c07ee90
2024-05-08T06:07:16.621 INFO:teuthology.orchestra.run.smithi031.stdout:/usr/bin/ceph: stderr
2024-05-08T06:07:08.242+0000 7fd52a000700 1 --2- 172.21.15.31:0/1779841267 >> [v2:172.21.15.31:6800/1685529498,v1:172.21.15.31:6801/1685529498] conn(0x7fd51403e4c0 0x7fd514040980 unknown :-1 s=NONE pgs=0 cs=0 l=1 rev1=0 crypto rx=0 tx=0 comp rx=0 tx=0).connect
2024-05-08T06:07:16.621 INFO:teuthology.orchestra.run.smithi031.stdout:/usr/bin/ceph: stderr
2024-05-08T06:07:08.242+0000 7fd52a000700 1 -- 172.21.15.31:0/1779841267 --> [v2:172.21.15.31:6800/1685529498,v1:172.21.15.31:6801/1685529498] -- command(tid 0: {"prefix": "get_command_descriptions"}) -- 0x7fd514041090 con 0x7fd51403e4c0
2024-05-08T06:07:16.621 INFO:teuthology.orchestra.run.smithi031.stdout:/usr/bin/ceph: stderr
2024-05-08T06:07:08.243+0000 7fd52a000700 1 -- 172.21.15.31:0/1779841267 <== mon.0 v2:172.21.15.31:3300/0 5 ==== osd_map(1..1 src has 1..1) ==== 725+0+0 (secure 0 0 0) 0x7fd520053840 con 0x7fd52c07ee90
2024-05-08T06:07:16.621 INFO:teuthology.orchestra.run.smithi031.stdout:/usr/bin/ceph: stderr
2024-05-08T06:07:08.243+0000 7fd530e00700 1 -- 172.21.15.31:0/1779841267 >> [v2:172.21.15.31:6800/1685529498,v1:172.21.15.31:6801/1685529498] conn(0x7fd51403e4c0 msgr2=0x7fd514040980 unknown :-1 s=STATE_CONNECTING_RE l=1).process reconnect failed to v2:172.21.15.31:6800/1685529498
2024-05-08T06:07:16.621 INFO:teuthology.orchestra.run.smithi031.stdout:/usr/bin/ceph: stderr
