2024-05-08T06:07:21.751 INFO:teuthology.orchestra.run.smithi031.stdout:/usr/bin/ceph: stderr
2024-05-08T06:07:20.518+0000 7f07bea00700 1 -- 172.21.15.31:0/2017014001 --> [v2:172.21.15.31:3300/0,v1:172.21.15.31:6789/0] -- mon_subscribe({config=0+,monmap=0+}) -- 0x7f07c0110610 con 0x7f07c0082dd0
2024-05-08T06:07:21.751 INFO:teuthology.orchestra.run.smithi031.stdout:/usr/bin/ceph: stderr
2024-05-08T06:07:20.519+0000 7f07bea00700 1 --2- 172.21.15.31:0/2017014001 >> [v2:172.21.15.31:3300/0,v1:172.21.15.31:6789/0] conn(0x7f07c0082dd0 0x7f07c00831f0 secure :-1 s=READY pgs=41 cs=0 l=1 rev1=1 crypto rx=0x7f07b00098a0 tx=0x7f07b0009bb0 comp rx=0 tx=0).ready entity=mon.0 client_cookie=aba014c986ebdbfb server_cookie=0 in_seq=0 out_seq=0
2024-05-08T06:07:21.751 INFO:teuthology.orchestra.run.smithi031.stdout:/usr/bin/ceph: stderr
2024-05-08T06:07:20.519+0000 7f07be000700 1 -- 172.21.15.31:0/2017014001 <== mon.0 v2:172.21.15.31:3300/0 1 ==== mon_map magic: 0 ==== 205+0+0 (secure 0 0 0) 0x7f07b0004160 con 0x7f07c0082dd0
2024-05-08T06:07:21.752 INFO:teuthology.orchestra.run.smithi031.stdout:/usr/bin/ceph: stderr
2024-05-08T06:07:20.519+0000 7f07be000700 1 -- 172.21.15.31:0/2017014001 <== mon.0 v2:172.21.15.31:3300/0 2 ==== config(26 keys) ==== 1070+0+0 (secure 0 0 0) 0x7f07b0004300 con 0x7f07c0082dd0
2024-05-08T06:07:21.752 INFO:teuthology.orchestra.run.smithi031.stdout:/usr/bin/ceph: stderr
2024-05-08T06:07:20.519+0000 7f07be000700 1 -- 172.21.15.31:0/2017014001 <== mon.0 v2:172.21.15.31:3300/0 3 ==== mon_map magic: 0 ==== 205+0+0 (secure 0 0 0) 0x7f07b0011af0 con 0x7f07c0082dd0
2024-05-08T06:07:21.752 INFO:teuthology.orchestra.run.smithi031.stdout:/usr/bin/ceph: stderr
2024-05-08T06:07:20.520+0000 7f07c5800700 1 -- 172.21.15.31:0/2017014001 >> [v2:172.21.15.31:3300/0,v1:172.21.15.31:6789/0] conn(0x7f07c0082dd0 msgr2=0x7f07c00831f0 secure :-1 s=STATE_CONNECTION_ESTABLISHED l=1).mark_down
2024-05-08T06:07:21.752 INFO:teuthology.orchestra.run.smithi031.stdout:/usr/bin/ceph: stderr
2024-05-08T06:07:20.520+0000 7f07c5800700 1 --2- 172.21.15.31:0/2017014001 >> [v2:172.21.15.31:3300/0,v1:172.21.15.31:6789/0] conn(0x7f07c0082dd0 0x7f07c00831f0 secure :-1 s=READY pgs=41 cs=0 l=1 rev1=1 crypto rx=0x7f07b00098a0 tx=0x7f07b0009bb0 comp rx=0 tx=0).stop
2024-05-08T06:07:21.752 INFO:teuthology.orchestra.run.smithi031.stdout:/usr/bin/ceph: stderr
2024-05-08T06:07:20.520+0000 7f07c5800700 1 -- 172.21.15.31:0/2017014001 shutdown_connections
2024-05-08T06:07:21.752 INFO:teuthology.orchestra.run.smithi031.stdout:/usr/bin/ceph: stderr
2024-05-08T06:07:20.520+0000 7f07c5800700 1 --2- 172.21.15.31:0/2017014001 >> [v2:172.21.15.31:3300/0,v1:172.21.15.31:6789/0] conn(0x7f07c0082dd0 0x7f07c00831f0 unknown :-1 s=CLOSED pgs=41 cs=0 l=1 rev1=1 crypto rx=0 tx=0 comp rx=0 tx=0).stop
2024-05-08T06:07:21.752 INFO:teuthology.orchestra.run.smithi031.stdout:/usr/bin/ceph: stderr
2024-05-08T06:07:20.520+0000 7f07c5800700 1 -- 172.21.15.31:0/2017014001 >> 172.21.15.31:0/2017014001 conn(0x7f07c007e3a0 msgr2=0x7f07c0080800 unknown :-1 s=STATE_NONE l=0).mark_down
2024-05-08T06:07:21.752 INFO:teuthology.orchestra.run.smithi031.stdout:/usr/bin/ceph: stderr
2024-05-08T06:07:20.520+0000 7f07c5800700 1 -- 172.21.15.31:0/2017014001 shutdown_connections
2024-05-08T06:07:21.752 INFO:teuthology.orchestra.run.smithi031.stdout:/usr/bin/ceph: stderr
2024-05-08T06:07:20.520+0000 7f07c5800700 1 -- 172.21.15.31:0/2017014001 wait complete.
2024-05-08T06:07:21.752 INFO:teuthology.orchestra.run.smithi031.stdout:/usr/bin/ceph: stderr
2024-05-08T06:07:20.521+0000 7f07c5800700 1 Processor -- start
2024-05-08T06:07:21.752 INFO:teuthology.orchestra.run.smithi031.stdout:/usr/bin/ceph: stderr
2024-05-08T06:07:20.521+0000 7f07c5800700 1 -- start start
2024-05-08T06:07:21.752 INFO:teuthology.orchestra.run.smithi031.stdout:/usr/bin/ceph: stderr
2024-05-08T06:07:20.522+0000 7f07c5800700 1 --2- >> [v2:172.21.15.31:3300/0,v1:172.21.15.31:6789/0] conn(0x7f07c0082dd0 0x7f07c01a3370 unknown :-1 s=NONE pgs=0 cs=0 l=1 rev1=0 crypto rx=0 tx=0 comp rx=0 tx=0).connect
2024-05-08T06:07:21.752 INFO:teuthology.orchestra.run.smithi031.stdout:/usr/bin/ceph: stderr
2024-05-08T06:07:20.522+0000 7f07c5800700 1 -- --> [v2:172.21.15.31:3300/0,v1:172.21.15.31:6789/0] -- mon_getmap magic: 0 -- 0x7f07c01139c0 con 0x7f07c0082dd0
2024-05-08T06:07:21.752 INFO:teuthology.orchestra.run.smithi031.stdout:/usr/bin/ceph: stderr
2024-05-08T06:07:20.522+0000 7f07bea00700 1 --2- >> [v2:172.21.15.31:3300/0,v1:172.21.15.31:6789/0] conn(0x7f07c0082dd0 0x7f07c01a3370 unknown :-1 s=BANNER_CONNECTING pgs=0 cs=0 l=1 rev1=0 crypto rx=0 tx=0 comp rx=0 tx=0)._handle_peer_banner_payload supported=3 required=0
2024-05-08T06:07:21.753 INFO:teuthology.orchestra.run.smithi031.stdout:/usr/bin/ceph: stderr
2024-05-08T06:07:20.522+0000 7f07bea00700 1 --2- >> [v2:172.21.15.31:3300/0,v1:172.21.15.31:6789/0] conn(0x7f07c0082dd0 0x7f07c01a3370 unknown :-1 s=HELLO_CONNECTING pgs=0 cs=0 l=1 rev1=1 crypto rx=0 tx=0 comp rx=0 tx=0).handle_hello peer v2:172.21.15.31:3300/0 says I am v2:172.21.15.31:58384/0 (socket says 172.21.15.31:58384)
2024-05-08T06:07:21.753 INFO:teuthology.orchestra.run.smithi031.stdout:/usr/bin/ceph: stderr
2024-05-08T06:07:20.522+0000 7f07bea00700 1 -- 172.21.15.31:0/1732512404 learned_addr learned my addr 172.21.15.31:0/1732512404 (peer_addr_for_me v2:172.21.15.31:0/0)
2024-05-08T06:07:21.753 INFO:teuthology.orchestra.run.smithi031.stdout:/usr/bin/ceph: stderr
2024-05-08T06:07:20.522+0000 7f07bea00700 1 -- 172.21.15.31:0/1732512404 --> [v2:172.21.15.31:3300/0,v1:172.21.15.31:6789/0] -- mon_subscribe({config=0+,monmap=0+}) -- 0x7f07c01a38b0 con 0x7f07c0082dd0
2024-05-08T06:07:21.753 INFO:teuthology.orchestra.run.smithi031.stdout:/usr/bin/ceph: stderr
2024-05-08T06:07:20.523+0000 7f07bea00700 1 --2- 172.21.15.31:0/1732512404 >> [v2:172.21.15.31:3300/0,v1:172.21.15.31:6789/0] conn(0x7f07c0082dd0 0x7f07c01a3370 secure :-1 s=READY pgs=42 cs=0 l=1 rev1=1 crypto rx=0x7f07b0011ac0 tx=0x7f07b0011ba0 comp rx=0 tx=0).ready entity=mon.0 client_cookie=0 server_cookie=0 in_seq=0 out_seq=0
2024-05-08T06:07:21.753 INFO:teuthology.orchestra.run.smithi031.stdout:/usr/bin/ceph: stderr
2024-05-08T06:07:20.523+0000 7f07b7e00700 1 -- 172.21.15.31:0/1732512404 <== mon.0 v2:172.21.15.31:3300/0 1 ==== mon_map magic: 0 ==== 205+0+0 (secure 0 0 0) 0x7f07b0003970 con 0x7f07c0082dd0
2024-05-08T06:07:21.753 INFO:teuthology.orchestra.run.smithi031.stdout:/usr/bin/ceph: stderr
2024-05-08T06:07:20.523+0000 7f07b7e00700 1 -- 172.21.15.31:0/1732512404 <== mon.0 v2:172.21.15.31:3300/0 2 ==== config(26 keys) ==== 1070+0+0 (secure 0 0 0) 0x7f07b0003b10 con 0x7f07c0082dd0
2024-05-08T06:07:21.753 INFO:teuthology.orchestra.run.smithi031.stdout:/usr/bin/ceph: stderr
2024-05-08T06:07:20.523+0000 7f07b7e00700 1 -- 172.21.15.31:0/1732512404 <== mon.0 v2:172.21.15.31:3300/0 3 ==== mon_map magic: 0 ==== 205+0+0 (secure 0 0 0) 0x7f07b0024610 con 0x7f07c0082dd0
2024-05-08T06:07:21.753 INFO:teuthology.orchestra.run.smithi031.stdout:/usr/bin/ceph: stderr
2024-05-08T06:07:20.523+0000 7f07c5800700 1 -- 172.21.15.31:0/1732512404 --> [v2:172.21.15.31:3300/0,v1:172.21.15.31:6789/0] -- mon_subscribe({mgrmap=0+}) -- 0x7f07c01a3b40 con 0x7f07c0082dd0
2024-05-08T06:07:21.753 INFO:teuthology.orchestra.run.smithi031.stdout:/usr/bin/ceph: stderr
2024-05-08T06:07:20.523+0000 7f07c5800700 1 -- 172.21.15.31:0/1732512404 --> [v2:172.21.15.31:3300/0,v1:172.21.15.31:6789/0] -- mon_subscribe({osdmap=0}) -- 0x7f07c01a6830 con 0x7f07c0082dd0
2024-05-08T06:07:21.753 INFO:teuthology.orchestra.run.smithi031.stdout:/usr/bin/ceph: stderr
2024-05-08T06:07:20.524+0000 7f07b7e00700 1 -- 172.21.15.31:0/1732512404 <== mon.0 v2:172.21.15.31:3300/0 4 ==== mgrmap(e 8) ==== 50222+0+0 (secure 0 0 0) 0x7f07b001a9e0 con 0x7f07c0082dd0
2024-05-08T06:07:21.753 INFO:teuthology.orchestra.run.smithi031.stdout:/usr/bin/ceph: stderr
2024-05-08T06:07:20.524+0000 7f07c5800700 1 -- 172.21.15.31:0/1732512404 --> [v2:172.21.15.31:3300/0,v1:172.21.15.31:6789/0] -- mon_command({"prefix": "get_command_descriptions"} v 0) -- 0x7f07c006a5c0 con 0x7f07c0082dd0
2024-05-08T06:07:21.753 INFO:teuthology.orchestra.run.smithi031.stdout:/usr/bin/ceph: stderr
2024-05-08T06:07:20.525+0000 7f07b7e00700 1 --2- 172.21.15.31:0/1732512404 >> [v2:172.21.15.31:6800/1630699228,v1:172.21.15.31:6801/1630699228] conn(0x7f07a003e4c0 0x7f07a0040980 unknown :-1 s=NONE pgs=0 cs=0 l=1 rev1=0 crypto rx=0 tx=0 comp rx=0 tx=0).connect
2024-05-08T06:07:21.753 INFO:teuthology.orchestra.run.smithi031.stdout:/usr/bin/ceph: stderr
2024-05-08T06:07:20.525+0000 7f07b7e00700 1 -- 172.21.15.31:0/1732512404 <== mon.0 v2:172.21.15.31:3300/0 5 ==== osd_map(2..2 src has 1..2) ==== 940+0+0 (secure 0 0 0) 0x7f07b0053960 con 0x7f07c0082dd0
2024-05-08T06:07:21.754 INFO:teuthology.orchestra.run.smithi031.stdout:/usr/bin/ceph: stderr
2024-05-08T06:07:20.525+0000 7f07b6000700 1 --2- 172.21.15.31:0/1732512404 >> [v2:172.21.15.31:6800/1630699228,v1:172.21.15.31:6801/1630699228] conn(0x7f07a003e4c0 0x7f07a0040980 unknown :-1 s=BANNER_CONNECTING pgs=0 cs=0 l=1 rev1=0 crypto rx=0 tx=0 comp rx=0 tx=0)._handle_peer_banner_payload supported=3 required=0
2024-05-08T06:07:21.754 INFO:teuthology.orchestra.run.smithi031.stdout:/usr/bin/ceph: stderr
2024-05-08T06:07:20.526+0000 7f07b6000700 1 --2- 172.21.15.31:0/1732512404 >> [v2:172.21.15.31:6800/1630699228,v1:172.21.15.31:6801/1630699228] conn(0x7f07a003e4c0 0x7f07a0040980 secure :-1 s=READY pgs=9 cs=0 l=1 rev1=1 crypto rx=0x7f07a8006fd0 tx=0x7f07a8006e40 comp rx=0 tx=0).ready entity=mgr.14120 client_cookie=0 server_cookie=0 in_seq=0 out_seq=0
2024-05-08T06:07:21.754 INFO:teuthology.orchestra.run.smithi031.stdout:/usr/bin/ceph: stderr
2024-05-08T06:07:20.530+0000 7f07b7e00700 1 -- 172.21.15.31:0/1732512404 <== mon.0 v2:172.21.15.31:3300/0 6 ==== mon_command_ack([{"prefix": "get_command_descriptions"}]=0 v0) ==== 72+0+191963 (secure 0 0 0) 0x7f07b0024c10 con 0x7f07c0082dd0
2024-05-08T06:07:21.754 INFO:teuthology.orchestra.run.smithi031.stdout:/usr/bin/ceph: stderr
2024-05-08T06:07:20.770+0000 7f07c5800700 1 -- 172.21.15.31:0/1732512404 --> [v2:172.21.15.31:6800/1630699228,v1:172.21.15.31:6801/1630699228] -- mgr_command(tid 0: {"prefix": "cephadm generate-key", "target": ["mon-mgr", ""]}) -- 0x7f07c007f630 con 0x7f07a003e4c0
2024-05-08T06:07:21.754 INFO:teuthology.orchestra.run.smithi031.stdout:/usr/bin/ceph: stderr
2024-05-08T06:07:20.894+0000 7f07b7e00700 1 -- 172.21.15.31:0/1732512404 <== mgr.14120 v2:172.21.15.31:6800/1630699228 1 ==== mgr_command_reply(tid 0: 0 ) ==== 8+0+0 (secure 0 0 0) 0x7f07c007f630 con 0x7f07a003e4c0
2024-05-08T06:07:21.754 INFO:teuthology.orchestra.run.smithi031.stdout:/usr/bin/ceph: stderr
2024-05-08T06:07:20.897+0000 7f07c5800700 1 -- 172.21.15.31:0/1732512404 >> [v2:172.21.15.31:6800/1630699228,v1:172.21.15.31:6801/1630699228] conn(0x7f07a003e4c0 msgr2=0x7f07a0040980 secure :-1 s=STATE_CONNECTION_ESTABLISHED l=1).mark_down
2024-05-08T06:07:21.754 INFO:teuthology.orchestra.run.smithi031.stdout:/usr/bin/ceph: stderr
2024-05-08T06:07:20.897+0000 7f07c5800700 1 --2- 172.21.15.31:0/1732512404 >> [v2:172.21.15.31:6800/1630699228,v1:172.21.15.31:6801/1630699228] conn(0x7f07a003e4c0 0x7f07a0040980 secure :-1 s=READY pgs=9 cs=0 l=1 rev1=1 crypto rx=0x7f07a8006fd0 tx=0x7f07a8006e40 comp rx=0 tx=0).stop
2024-05-08T06:07:21.754 INFO:teuthology.orchestra.run.smithi031.stdout:/usr/bin/ceph: stderr
2024-05-08T06:07:20.897+0000 7f07c5800700 1 -- 172.21.15.31:0/1732512404 >> [v2:172.21.15.31:3300/0,v1:172.21.15.31:6789/0] conn(0x7f07c0082dd0 msgr2=0x7f07c01a3370 secure :-1 s=STATE_CONNECTION_ESTABLISHED l=1).mark_down
2024-05-08T06:07:21.754 INFO:teuthology.orchestra.run.smithi031.stdout:/usr/bin/ceph: stderr
2024-05-08T06:07:20.897+0000 7f07c5800700 1 --2- 172.21.15.31:0/1732512404 >> [v2:172.21.15.31:3300/0,v1:172.21.15.31:6789/0] conn(0x7f07c0082dd0 0x7f07c01a3370 secure :-1 s=READY pgs=42 cs=0 l=1 rev1=1 crypto rx=0x7f07b0011ac0 tx=0x7f07b0011ba0 comp rx=0 tx=0).stop
2024-05-08T06:07:21.754 INFO:teuthology.orchestra.run.smithi031.stdout:/usr/bin/ceph: stderr
2024-05-08T06:07:20.897+0000 7f07c5800700 1 -- 172.21.15.31:0/1732512404 shutdown_connections
2024-05-08T06:07:21.754 INFO:teuthology.orchestra.run.smithi031.stdout:/usr/bin/ceph: stderr
2024-05-08T06:07:20.897+0000 7f07c5800700 1 --2- 172.21.15.31:0/1732512404 >> [v2:172.21.15.31:6800/1630699228,v1:172.21.15.31:6801/1630699228] conn(0x7f07a003e4c0 0x7f07a0040980 unknown :-1 s=CLOSED pgs=9 cs=0 l=1 rev1=1 crypto rx=0 tx=0 comp rx=0 tx=0).stop
2024-05-08T06:07:21.754 INFO:teuthology.orchestra.run.smithi031.stdout:/usr/bin/ceph: stderr
2024-05-08T06:07:20.897+0000 7f07c5800700 1 --2- 172.21.15.31:0/1732512404 >> [v2:172.21.15.31:3300/0,v1:172.21.15.31:6789/0] conn(0x7f07c0082dd0 0x7f07c01a3370 unknown :-1 s=CLOSED pgs=42 cs=0 l=1 rev1=1 crypto rx=0 tx=0 comp rx=0 tx=0).stop
2024-05-08T06:07:21.754 INFO:teuthology.orchestra.run.smithi031.stdout:/usr/bin/ceph: stderr
2024-05-08T06:07:20.897+0000 7f07c5800700 1 -- 172.21.15.31:0/1732512404 >> 172.21.15.31:0/1732512404 conn(0x7f07c007e3a0 msgr2=0x7f07c007ef20 unknown :-1 s=STATE_NONE l=0).mark_down
2024-05-08T06:07:21.754 INFO:teuthology.orchestra.run.smithi031.stdout:/usr/bin/ceph: stderr
2024-05-08T06:07:20.897+0000 7f07c5800700 1 -- 172.21.15.31:0/1732512404 shutdown_connections
2024-05-08T06:07:21.754 INFO:teuthology.orchestra.run.smithi031.stdout:/usr/bin/ceph: stderr
2024-05-08T06:07:20.897+0000 7f07c5800700 1 -- 172.21.15.31:0/1732512404 wait complete.
2024-05-08T06:07:22.062 INFO:journalctl@ceph.mon.a.smithi031.stdout:May 08 06:07:21 smithi031 ceph-mon[29613]: from='client.14136 -' entity='client.admin' cmd=[{"prefix": "cephadm generate-key", "target": ["mon-mgr", ""]}]: dispatch
2024-05-08T06:07:22.062 INFO:journalctl@ceph.mon.a.smithi031.stdout:May 08 06:07:21 smithi031 ceph-mon[29613]: Generating ssh key...
2024-05-08T06:07:22.062 INFO:journalctl@ceph.mon.a.smithi031.stdout:May 08 06:07:21 smithi031 ceph-mon[29613]: from='mgr.14120 172.21.15.31:0/3071437428' entity='mgr.x'
2024-05-08T06:07:22.062 INFO:journalctl@ceph.mon.a.smithi031.stdout:May 08 06:07:21 smithi031 ceph-mon[29613]: from='mgr.14120 172.21.15.31:0/3071437428' entity='mgr.x'
2024-05-08T06:07:23.424 INFO:teuthology.orchestra.run.smithi031.stdout:/usr/bin/ceph: stdout ssh-rsa AAAAB3NzaC1yc2EAAAADAQABAAABgQDE/ODTJnHDlF5zhRVUFbrRNBIs7LUNU3yiYvX6cuHeUuC/8WKfmiKZZWlpn/gNcASpQoOkEvTyzw1ArjCP3oqYqidI0sTzXxNGE6mA8QypKT7k12MFEauqtJMB5hNCov2MebyPI6R3TxMRqLxKa+gtNf9BNzbcWAFex8US1kfb4LSfd+X18oCzfrQudKK3sGdhPvmFBZSoI/4JEwmzg0S2c1wWaBpZRvAhCqb6tvBHXPATrjmGOoGBg6loWw1nb6qNsvxES9hkY3ln4EC2JY38N7kDotb1Xhkpyu3qLWNXJZ2UY565uA1LMnq4Nct0cBJBlZBx8obS3hUu4QYxIPIJwgvCy+SdnrnLE5ZMxFPDgxcGzW3wZB7xxEFjvfRL+ZrM4Af0ZIjUub7P0DQIw+DFyGHfsjz5RYWye5wOxJ8ZHXhKbxFJwu9G45g8AFymIJtWrB7xjFB33B69ZWGF135+cN5E29IEVkI9wrptHT8lgViUDH8dQf0g7Kz8ZdRm9wU= ceph-fc039742-0d00-11ef-bc97-c7b262605968
2024-05-08T06:07:23.427 INFO:teuthology.orchestra.run.smithi031.stdout:/usr/bin/ceph: stderr
2024-05-08T06:07:22.399+0000 7f6953e00700 1 Processor -- start
2024-05-08T06:07:23.427 INFO:teuthology.orchestra.run.smithi031.stdout:/usr/bin/ceph: stderr
2024-05-08T06:07:22.399+0000 7f6953e00700 1 -- start start
2024-05-08T06:07:23.427 INFO:teuthology.orchestra.run.smithi031.stdout:/usr/bin/ceph: stderr
2024-05-08T06:07:22.400+0000 7f6953e00700 1 --2- >> [v2:172.21.15.31:3300/0,v1:172.21.15.31:6789/0] conn(0x7f6954107460 0x7f6954109890 unknown :-1 s=NONE pgs=0 cs=0 l=0 rev1=0 crypto rx=0 tx=0 comp rx=0 tx=0).connect
2024-05-08T06:07:23.427 INFO:teuthology.orchestra.run.smithi031.stdout:/usr/bin/ceph: stderr
2024-05-08T06:07:22.400+0000 7f6953e00700 1 -- --> [v2:172.21.15.31:3300/0,v1:172.21.15.31:6789/0] -- mon_getmap magic: 0 -- 0x7f695407cec0 con 0x7f6954107460
2024-05-08T06:07:23.427 INFO:teuthology.orchestra.run.smithi031.stdout:/usr/bin/ceph: stderr
2024-05-08T06:07:22.400+0000 7f6952a00700 1 --2- >> [v2:172.21.15.31:3300/0,v1:172.21.15.31:6789/0] conn(0x7f6954107460 0x7f6954109890 unknown :-1 s=BANNER_CONNECTING pgs=0 cs=0 l=0 rev1=0 crypto rx=0 tx=0 comp rx=0 tx=0)._handle_peer_banner_payload supported=3 required=0
2024-05-08T06:07:23.427 INFO:teuthology.orchestra.run.smithi031.stdout:/usr/bin/ceph: stderr
2024-05-08T06:07:22.400+0000 7f6952a00700 1 --2- >> [v2:172.21.15.31:3300/0,v1:172.21.15.31:6789/0] conn(0x7f6954107460 0x7f6954109890 unknown :-1 s=HELLO_CONNECTING pgs=0 cs=0 l=0 rev1=1 crypto rx=0 tx=0 comp rx=0 tx=0).handle_hello peer v2:172.21.15.31:3300/0 says I am v2:172.21.15.31:58390/0 (socket says 172.21.15.31:58390)
2024-05-08T06:07:23.427 INFO:teuthology.orchestra.run.smithi031.stdout:/usr/bin/ceph: stderr
2024-05-08T06:07:22.400+0000 7f6952a00700 1 -- 172.21.15.31:0/3740814358 learned_addr learned my addr 172.21.15.31:0/3740814358 (peer_addr_for_me v2:172.21.15.31:0/0)
2024-05-08T06:07:23.427 INFO:teuthology.orchestra.run.smithi031.stdout:/usr/bin/ceph: stderr
2024-05-08T06:07:22.401+0000 7f6952a00700 1 -- 172.21.15.31:0/3740814358 --> [v2:172.21.15.31:3300/0,v1:172.21.15.31:6789/0] -- mon_subscribe({config=0+,monmap=0+}) -- 0x7f6954109dd0 con 0x7f6954107460
2024-05-08T06:07:23.428 INFO:teuthology.orchestra.run.smithi031.stdout:/usr/bin/ceph: stderr
2024-05-08T06:07:22.401+0000 7f6952a00700 1 --2- 172.21.15.31:0/3740814358 >> [v2:172.21.15.31:3300/0,v1:172.21.15.31:6789/0] conn(0x7f6954107460 0x7f6954109890 secure :-1 s=READY pgs=43 cs=0 l=1 rev1=1 crypto rx=0x7f69440098a0 tx=0x7f6944009bb0 comp rx=0 tx=0).ready entity=mon.0 client_cookie=94136affbd60516f server_cookie=0 in_seq=0 out_seq=0
2024-05-08T06:07:23.428 INFO:teuthology.orchestra.run.smithi031.stdout:/usr/bin/ceph: stderr
2024-05-08T06:07:22.401+0000 7f6952000700 1 -- 172.21.15.31:0/3740814358 <== mon.0 v2:172.21.15.31:3300/0 1 ==== mon_map magic: 0 ==== 205+0+0 (secure 0 0 0) 0x7f6944004160 con 0x7f6954107460
2024-05-08T06:07:23.428 INFO:teuthology.orchestra.run.smithi031.stdout:/usr/bin/ceph: stderr
2024-05-08T06:07:22.401+0000 7f6952000700 1 -- 172.21.15.31:0/3740814358 <== mon.0 v2:172.21.15.31:3300/0 2 ==== config(26 keys) ==== 1070+0+0 (secure 0 0 0) 0x7f6944004300 con 0x7f6954107460
2024-05-08T06:07:23.428 INFO:teuthology.orchestra.run.smithi031.stdout:/usr/bin/ceph: stderr
2024-05-08T06:07:22.401+0000 7f6952000700 1 -- 172.21.15.31:0/3740814358 <== mon.0 v2:172.21.15.31:3300/0 3 ==== mon_map magic: 0 ==== 205+0+0 (secure 0 0 0) 0x7f6944011af0 con 0x7f6954107460
2024-05-08T06:07:23.428 INFO:teuthology.orchestra.run.smithi031.stdout:/usr/bin/ceph: stderr
2024-05-08T06:07:22.402+0000 7f6953e00700 1 -- 172.21.15.31:0/3740814358 >> [v2:172.21.15.31:3300/0,v1:172.21.15.31:6789/0] conn(0x7f6954107460 msgr2=0x7f6954109890 secure :-1 s=STATE_CONNECTION_ESTABLISHED l=1).mark_down
2024-05-08T06:07:23.428 INFO:teuthology.orchestra.run.smithi031.stdout:/usr/bin/ceph: stderr
2024-05-08T06:07:22.402+0000 7f6953e00700 1 --2- 172.21.15.31:0/3740814358 >> [v2:172.21.15.31:3300/0,v1:172.21.15.31:6789/0] conn(0x7f6954107460 0x7f6954109890 secure :-1 s=READY pgs=43 cs=0 l=1 rev1=1 crypto rx=0x7f69440098a0 tx=0x7f6944009bb0 comp rx=0 tx=0).stop
2024-05-08T06:07:23.428 INFO:teuthology.orchestra.run.smithi031.stdout:/usr/bin/ceph: stderr
2024-05-08T06:07:22.402+0000 7f6953e00700 1 -- 172.21.15.31:0/3740814358 shutdown_connections
2024-05-08T06:07:23.428 INFO:teuthology.orchestra.run.smithi031.stdout:/usr/bin/ceph: stderr
2024-05-08T06:07:22.402+0000 7f6953e00700 1 --2- 172.21.15.31:0/3740814358 >> [v2:172.21.15.31:3300/0,v1:172.21.15.31:6789/0] conn(0x7f6954107460 0x7f6954109890 unknown :-1 s=CLOSED pgs=43 cs=0 l=1 rev1=1 crypto rx=0 tx=0 comp rx=0 tx=0).stop
2024-05-08T06:07:23.428 INFO:teuthology.orchestra.run.smithi031.stdout:/usr/bin/ceph: stderr
2024-05-08T06:07:22.402+0000 7f6953e00700 1 -- 172.21.15.31:0/3740814358 >> 172.21.15.31:0/3740814358 conn(0x7f69541030c0 msgr2=0x7f69541054e0 unknown :-1 s=STATE_NONE l=0).mark_down
2024-05-08T06:07:23.428 INFO:teuthology.orchestra.run.smithi031.stdout:/usr/bin/ceph: stderr
2024-05-08T06:07:22.402+0000 7f6953e00700 1 -- 172.21.15.31:0/3740814358 shutdown_connections
2024-05-08T06:07:23.428 INFO:teuthology.orchestra.run.smithi031.stdout:/usr/bin/ceph: stderr
2024-05-08T06:07:22.402+0000 7f6953e00700 1 -- 172.21.15.31:0/3740814358 wait complete.
2024-05-08T06:07:23.428 INFO:teuthology.orchestra.run.smithi031.stdout:/usr/bin/ceph: stderr
2024-05-08T06:07:22.403+0000 7f6953e00700 1 Processor -- start
2024-05-08T06:07:23.428 INFO:teuthology.orchestra.run.smithi031.stdout:/usr/bin/ceph: stderr
2024-05-08T06:07:22.403+0000 7f6953e00700 1 -- start start
2024-05-08T06:07:23.428 INFO:teuthology.orchestra.run.smithi031.stdout:/usr/bin/ceph: stderr
2024-05-08T06:07:22.404+0000 7f6953e00700 1 --2- >> [v2:172.21.15.31:3300/0,v1:172.21.15.31:6789/0] conn(0x7f6954107460 0x7f69541a3150 unknown :-1 s=NONE pgs=0 cs=0 l=1 rev1=0 crypto rx=0 tx=0 comp rx=0 tx=0).connect
2024-05-08T06:07:23.431 INFO:teuthology.orchestra.run.smithi031.stdout:/usr/bin/ceph: stderr
2024-05-08T06:07:22.404+0000 7f6953e00700 1 -- --> [v2:172.21.15.31:3300/0,v1:172.21.15.31:6789/0] -- mon_getmap magic: 0 -- 0x7f695410ae00 con 0x7f6954107460
2024-05-08T06:07:23.432 INFO:teuthology.orchestra.run.smithi031.stdout:/usr/bin/ceph: stderr
2024-05-08T06:07:22.404+0000 7f6952a00700 1 --2- >> [v2:172.21.15.31:3300/0,v1:172.21.15.31:6789/0] conn(0x7f6954107460 0x7f69541a3150 unknown :-1 s=BANNER_CONNECTING pgs=0 cs=0 l=1 rev1=0 crypto rx=0 tx=0 comp rx=0 tx=0)._handle_peer_banner_payload supported=3 required=0
2024-05-08T06:07:23.432 INFO:teuthology.orchestra.run.smithi031.stdout:/usr/bin/ceph: stderr
2024-05-08T06:07:22.404+0000 7f6952a00700 1 --2- >> [v2:172.21.15.31:3300/0,v1:172.21.15.31:6789/0] conn(0x7f6954107460 0x7f69541a3150 unknown :-1 s=HELLO_CONNECTING pgs=0 cs=0 l=1 rev1=1 crypto rx=0 tx=0 comp rx=0 tx=0).handle_hello peer v2:172.21.15.31:3300/0 says I am v2:172.21.15.31:58392/0 (socket says 172.21.15.31:58392)
2024-05-08T06:07:23.432 INFO:teuthology.orchestra.run.smithi031.stdout:/usr/bin/ceph: stderr
2024-05-08T06:07:22.404+0000 7f6952a00700 1 -- 172.21.15.31:0/4207262170 learned_addr learned my addr 172.21.15.31:0/4207262170 (peer_addr_for_me v2:172.21.15.31:0/0)
2024-05-08T06:07:23.432 INFO:teuthology.orchestra.run.smithi031.stdout:/usr/bin/ceph: stderr
2024-05-08T06:07:22.404+0000 7f6952a00700 1 -- 172.21.15.31:0/4207262170 --> [v2:172.21.15.31:3300/0,v1:172.21.15.31:6789/0] -- mon_subscribe({config=0+,monmap=0+}) -- 0x7f69541a3690 con 0x7f6954107460
2024-05-08T06:07:23.432 INFO:teuthology.orchestra.run.smithi031.stdout:/usr/bin/ceph: stderr
2024-05-08T06:07:22.405+0000 7f6952a00700 1 --2- 172.21.15.31:0/4207262170 >> [v2:172.21.15.31:3300/0,v1:172.21.15.31:6789/0] conn(0x7f6954107460 0x7f69541a3150 secure :-1 s=READY pgs=44 cs=0 l=1 rev1=1 crypto rx=0x7f6944011ac0 tx=0x7f6944011ba0 comp rx=0 tx=0).ready entity=mon.0 client_cookie=0 server_cookie=0 in_seq=0 out_seq=0
2024-05-08T06:07:23.432 INFO:teuthology.orchestra.run.smithi031.stdout:/usr/bin/ceph: stderr
2024-05-08T06:07:22.405+0000 7f694be00700 1 -- 172.21.15.31:0/4207262170 <== mon.0 v2:172.21.15.31:3300/0 1 ==== mon_map magic: 0 ==== 205+0+0 (secure 0 0 0) 0x7f6944003970 con 0x7f6954107460
2024-05-08T06:07:23.432 INFO:teuthology.orchestra.run.smithi031.stdout:/usr/bin/ceph: stderr
2024-05-08T06:07:22.405+0000 7f694be00700 1 -- 172.21.15.31:0/4207262170 <== mon.0 v2:172.21.15.31:3300/0 2 ==== config(26 keys) ==== 1070+0+0 (secure 0 0 0) 0x7f6944003b10 con 0x7f6954107460
2024-05-08T06:07:23.432 INFO:teuthology.orchestra.run.smithi031.stdout:/usr/bin/ceph: stderr
2024-05-08T06:07:22.405+0000 7f6953e00700 1 -- 172.21.15.31:0/4207262170 --> [v2:172.21.15.31:3300/0,v1:172.21.15.31:6789/0] -- mon_subscribe({mgrmap=0+}) -- 0x7f69541a3920 con 0x7f6954107460
2024-05-08T06:07:23.432 INFO:teuthology.orchestra.run.smithi031.stdout:/usr/bin/ceph: stderr
2024-05-08T06:07:22.405+0000 7f694be00700 1 -- 172.21.15.31:0/4207262170 <== mon.0 v2:172.21.15.31:3300/0 3 ==== mon_map magic: 0 ==== 205+0+0 (secure 0 0 0) 0x7f6944024610 con 0x7f6954107460
2024-05-08T06:07:23.432 INFO:teuthology.orchestra.run.smithi031.stdout:/usr/bin/ceph: stderr
2024-05-08T06:07:22.405+0000 7f6953e00700 1 -- 172.21.15.31:0/4207262170 --> [v2:172.21.15.31:3300/0,v1:172.21.15.31:6789/0] -- mon_subscribe({osdmap=0}) -- 0x7f69541a6610 con 0x7f6954107460
2024-05-08T06:07:23.432 INFO:teuthology.orchestra.run.smithi031.stdout:/usr/bin/ceph: stderr
2024-05-08T06:07:22.407+0000 7f6953e00700 1 -- 172.21.15.31:0/4207262170 --> [v2:172.21.15.31:3300/0,v1:172.21.15.31:6789/0] -- mon_command({"prefix": "get_command_descriptions"} v 0) -- 0x7f695406a5c0 con 0x7f6954107460
2024-05-08T06:07:23.433 INFO:teuthology.orchestra.run.smithi031.stdout:/usr/bin/ceph: stderr
2024-05-08T06:07:22.407+0000 7f694be00700 1 -- 172.21.15.31:0/4207262170 <== mon.0 v2:172.21.15.31:3300/0 4 ==== mgrmap(e 8) ==== 50222+0+0 (secure 0 0 0) 0x7f694401a9e0 con 0x7f6954107460
2024-05-08T06:07:23.433 INFO:teuthology.orchestra.run.smithi031.stdout:/usr/bin/ceph: stderr
2024-05-08T06:07:22.407+0000 7f694be00700 1 --2- 172.21.15.31:0/4207262170 >> [v2:172.21.15.31:6800/1630699228,v1:172.21.15.31:6801/1630699228] conn(0x7f693803e470 0x7f6938040930 unknown :-1 s=NONE pgs=0 cs=0 l=1 rev1=0 crypto rx=0 tx=0 comp rx=0 tx=0).connect
2024-05-08T06:07:23.433 INFO:teuthology.orchestra.run.smithi031.stdout:/usr/bin/ceph: stderr
2024-05-08T06:07:22.407+0000 7f694be00700 1 -- 172.21.15.31:0/4207262170 <== mon.0 v2:172.21.15.31:3300/0 5 ==== osd_map(2..2 src has 1..2) ==== 940+0+0 (secure 0 0 0) 0x7f6944053990 con 0x7f6954107460
2024-05-08T06:07:23.433 INFO:teuthology.orchestra.run.smithi031.stdout:/usr/bin/ceph: stderr
2024-05-08T06:07:22.408+0000 7f694a000700 1 --2- 172.21.15.31:0/4207262170 >> [v2:172.21.15.31:6800/1630699228,v1:172.21.15.31:6801/1630699228] conn(0x7f693803e470 0x7f6938040930 unknown :-1 s=BANNER_CONNECTING pgs=0 cs=0 l=1 rev1=0 crypto rx=0 tx=0 comp rx=0 tx=0)._handle_peer_banner_payload supported=3 required=0
2024-05-08T06:07:23.433 INFO:teuthology.orchestra.run.smithi031.stdout:/usr/bin/ceph: stderr
2024-05-08T06:07:22.408+0000 7f694a000700 1 --2- 172.21.15.31:0/4207262170 >> [v2:172.21.15.31:6800/1630699228,v1:172.21.15.31:6801/1630699228] conn(0x7f693803e470 0x7f6938040930 secure :-1 s=READY pgs=10 cs=0 l=1 rev1=1 crypto rx=0x7f693c00ad30 tx=0x7f693c0093f0 comp rx=0 tx=0).ready entity=mgr.14120 client_cookie=0 server_cookie=0 in_seq=0 out_seq=0
2024-05-08T06:07:23.433 INFO:teuthology.orchestra.run.smithi031.stdout:/usr/bin/ceph: stderr
2024-05-08T06:07:22.414+0000 7f694be00700 1 -- 172.21.15.31:0/4207262170 <== mon.0 v2:172.21.15.31:3300/0 6 ==== mon_command_ack([{"prefix": "get_command_descriptions"}]=0 v0) ==== 72+0+191963 (secure 0 0 0) 0x7f6944024840 con 0x7f6954107460
2024-05-08T06:07:23.433 INFO:teuthology.orchestra.run.smithi031.stdout:/usr/bin/ceph: stderr
2024-05-08T06:07:22.652+0000 7f6953e00700 1 -- 172.21.15.31:0/4207262170 --> [v2:172.21.15.31:6800/1630699228,v1:172.21.15.31:6801/1630699228] -- mgr_command(tid 0: {"prefix": "cephadm get-pub-key", "target": ["mon-mgr", ""]}) -- 0x7f69540008d0 con 0x7f693803e470
2024-05-08T06:07:23.433 INFO:teuthology.orchestra.run.smithi031.stdout:/usr/bin/ceph: stderr
2024-05-08T06:07:22.654+0000 7f694be00700 1 -- 172.21.15.31:0/4207262170 <== mgr.14120 v2:172.21.15.31:6800/1630699228 1 ==== mgr_command_reply(tid 0: 0 ) ==== 8+0+595 (secure 0 0 0) 0x7f69540008d0 con 0x7f693803e470
2024-05-08T06:07:23.433 INFO:teuthology.orchestra.run.smithi031.stdout:/usr/bin/ceph: stderr
2024-05-08T06:07:22.657+0000 7f6953e00700 1 -- 172.21.15.31:0/4207262170 >> [v2:172.21.15.31:6800/1630699228,v1:172.21.15.31:6801/1630699228] conn(0x7f693803e470 msgr2=0x7f6938040930 secure :-1 s=STATE_CONNECTION_ESTABLISHED l=1).mark_down
2024-05-08T06:07:23.433 INFO:teuthology.orchestra.run.smithi031.stdout:/usr/bin/ceph: stderr
2024-05-08T06:07:22.657+0000 7f6953e00700 1 --2- 172.21.15.31:0/4207262170 >> [v2:172.21.15.31:6800/1630699228,v1:172.21.15.31:6801/1630699228] conn(0x7f693803e470 0x7f6938040930 secure :-1 s=READY pgs=10 cs=0 l=1 rev1=1 crypto rx=0x7f693c00ad30 tx=0x7f693c0093f0 comp rx=0 tx=0).stop
2024-05-08T06:07:23.433 INFO:teuthology.orchestra.run.smithi031.stdout:/usr/bin/ceph: stderr
2024-05-08T06:07:22.657+0000 7f6953e00700 1 -- 172.21.15.31:0/4207262170 >> [v2:172.21.15.31:3300/0,v1:172.21.15.31:6789/0] conn(0x7f6954107460 msgr2=0x7f69541a3150 secure :-1 s=STATE_CONNECTION_ESTABLISHED l=1).mark_down
2024-05-08T06:07:23.433 INFO:teuthology.orchestra.run.smithi031.stdout:/usr/bin/ceph: stderr
2024-05-08T06:07:22.657+0000 7f6953e00700 1 --2- 172.21.15.31:0/4207262170 >> [v2:172.21.15.31:3300/0,v1:172.21.15.31:6789/0] conn(0x7f6954107460 0x7f69541a3150 secure :-1 s=READY pgs=44 cs=0 l=1 rev1=1 crypto rx=0x7f6944011ac0 tx=0x7f6944011ba0 comp rx=0 tx=0).stop
2024-05-08T06:07:23.434 INFO:teuthology.orchestra.run.smithi031.stdout:/usr/bin/ceph: stderr
2024-05-08T06:07:22.657+0000 7f6953e00700 1 -- 172.21.15.31:0/4207262170 shutdown_connections
2024-05-08T06:07:23.434 INFO:teuthology.orchestra.run.smithi031.stdout:/usr/bin/ceph: stderr
2024-05-08T06:07:22.657+0000 7f6953e00700 1 --2- 172.21.15.31:0/4207262170 >> [v2:172.21.15.31:6800/1630699228,v1:172.21.15.31:6801/1630699228] conn(0x7f693803e470 0x7f6938040930 unknown :-1 s=CLOSED pgs=10 cs=0 l=1 rev1=1 crypto rx=0 tx=0 comp rx=0 tx=0).stop
2024-05-08T06:07:23.434 INFO:teuthology.orchestra.run.smithi031.stdout:/usr/bin/ceph: stderr
2024-05-08T06:07:22.657+0000 7f6953e00700 1 --2- 172.21.15.31:0/4207262170 >> [v2:172.21.15.31:3300/0,v1:172.21.15.31:6789/0] conn(0x7f6954107460 0x7f69541a3150 unknown :-1 s=CLOSED pgs=44 cs=0 l=1 rev1=1 crypto rx=0 tx=0 comp rx=0 tx=0).stop
2024-05-08T06:07:23.434 INFO:teuthology.orchestra.run.smithi031.stdout:/usr/bin/ceph: stderr
2024-05-08T06:07:22.657+0000 7f6953e00700 1 -- 172.21.15.31:0/4207262170 >> 172.21.15.31:0/4207262170 conn(0x7f69541030c0 msgr2=0x7f69541054b0 unknown :-1 s=STATE_NONE l=0).mark_down
2024-05-08T06:07:23.434 INFO:teuthology.orchestra.run.smithi031.stdout:/usr/bin/ceph: stderr
2024-05-08T06:07:22.657+0000 7f6953e00700 1 -- 172.21.15.31:0/4207262170 shutdown_connections
2024-05-08T06:07:23.434 INFO:teuthology.orchestra.run.smithi031.stdout:/usr/bin/ceph: stderr
2024-05-08T06:07:22.658+0000 7f6953e00700 1 -- 172.21.15.31:0/4207262170 wait complete.
2024-05-08T06:07:23.434 INFO:teuthology.orchestra.run.smithi031.stdout:Wrote public SSH key to /home/ubuntu/cephtest/ceph.pub
2024-05-08T06:07:23.435 INFO:teuthology.orchestra.run.smithi031.stdout:Adding key to root@localhost authorized_keys...
2024-05-08T06:07:23.435 INFO:teuthology.orchestra.run.smithi031.stdout:Adding host smithi031...
2024-05-08T06:07:23.752 INFO:journalctl@ceph.mon.a.smithi031.stdout:May 08 06:07:23 smithi031 ceph-mon[29613]: from='client.14138 -' entity='client.admin' cmd=[{"prefix": "cephadm get-pub-key", "target": ["mon-mgr", ""]}]: dispatch
2024-05-08T06:07:24.676 INFO:journalctl@ceph.mon.a.smithi031.stdout:May 08 06:07:24 smithi031 ceph-mon[29613]: from='client.14140 -' entity='client.admin' cmd=[{"prefix": "orch host add", "hostname": "smithi031", "addr": "172.21.15.31", "target": ["mon-mgr", ""]}]: dispatch
2024-05-08T06:07:26.561 INFO:journalctl@ceph.mon.a.smithi031.stdout:May 08 06:07:26 smithi031 ceph-mon[29613]: Deploying cephadm binary to smithi031
2024-05-08T06:07:31.439 INFO:teuthology.orchestra.run.smithi031.stdout:/usr/bin/ceph: stdout Added host 'smithi031' with addr '172.21.15.31'
2024-05-08T06:07:31.439 INFO:teuthology.orchestra.run.smithi031.stdout:/usr/bin/ceph: stderr
2024-05-08T06:07:24.073+0000 7ff263000700 1 Processor -- start
2024-05-08T06:07:31.439 INFO:teuthology.orchestra.run.smithi031.stdout:/usr/bin/ceph: stderr
2024-05-08T06:07:24.074+0000 7ff263000700 1 -- start start
2024-05-08T06:07:31.440 INFO:teuthology.orchestra.run.smithi031.stdout:/usr/bin/ceph: stderr
2024-05-08T06:07:24.074+0000 7ff263000700 1 --2- >> [v2:172.21.15.31:3300/0,v1:172.21.15.31:6789/0] conn(0x7ff25c07fdb0 0x7ff25c0801d0 unknown :-1 s=NONE pgs=0 cs=0 l=0 rev1=0 crypto rx=0 tx=0 comp rx=0 tx=0).connect
2024-05-08T06:07:31.440 INFO:teuthology.orchestra.run.smithi031.stdout:/usr/bin/ceph: stderr
2024-05-08T06:07:24.074+0000 7ff263000700 1 -- --> [v2:172.21.15.31:3300/0,v1:172.21.15.31:6789/0] -- mon_getmap magic: 0 -- 0x7ff25c0807a0 con 0x7ff25c07fdb0
2024-05-08T06:07:31.440 INFO:teuthology.orchestra.run.smithi031.stdout:/usr/bin/ceph: stderr
2024-05-08T06:07:24.074+0000 7ff25be00700 1 --2- >> [v2:172.21.15.31:3300/0,v1:172.21.15.31:6789/0] conn(0x7ff25c07fdb0 0x7ff25c0801d0 unknown :-1 s=BANNER_CONNECTING pgs=0 cs=0 l=0 rev1=0 crypto rx=0 tx=0 comp rx=0 tx=0)._handle_peer_banner_payload supported=3 required=0
2024-05-08T06:07:31.441 INFO:teuthology.orchestra.run.smithi031.stdout:/usr/bin/ceph: stderr
2024-05-08T06:07:24.074+0000 7ff25be00700 1 --2- >> [v2:172.21.15.31:3300/0,v1:172.21.15.31:6789/0] conn(0x7ff25c07fdb0 0x7ff25c0801d0 unknown :-1 s=HELLO_CONNECTING pgs=0 cs=0 l=0 rev1=1 crypto rx=0 tx=0 comp rx=0 tx=0).handle_hello peer v2:172.21.15.31:3300/0 says I am v2:172.21.15.31:58396/0 (socket says 172.21.15.31:58396)
2024-05-08T06:07:31.441 INFO:teuthology.orchestra.run.smithi031.stdout:/usr/bin/ceph: stderr
2024-05-08T06:07:24.074+0000 7ff25be00700 1 -- 172.21.15.31:0/2343911478 learned_addr learned my addr 172.21.15.31:0/2343911478 (peer_addr_for_me v2:172.21.15.31:0/0)
2024-05-08T06:07:31.441 INFO:teuthology.orchestra.run.smithi031.stdout:/usr/bin/ceph: stderr
2024-05-08T06:07:24.075+0000 7ff25be00700 1 -- 172.21.15.31:0/2343911478 --> [v2:172.21.15.31:3300/0,v1:172.21.15.31:6789/0] -- mon_subscribe({config=0+,monmap=0+}) -- 0x7ff25c081000 con 0x7ff25c07fdb0
2024-05-08T06:07:31.441 INFO:teuthology.orchestra.run.smithi031.stdout:/usr/bin/ceph: stderr
2024-05-08T06:07:24.075+0000 7ff25be00700 1 --2- 172.21.15.31:0/2343911478 >> [v2:172.21.15.31:3300/0,v1:172.21.15.31:6789/0] conn(0x7ff25c07fdb0 0x7ff25c0801d0 secure :-1 s=READY pgs=45 cs=0 l=1 rev1=1 crypto rx=0x7ff24c0098a0 tx=0x7ff24c009bb0 comp rx=0 tx=0).ready entity=mon.0 client_cookie=128d6d4b3bcf8f02 server_cookie=0 in_seq=0 out_seq=0
2024-05-08T06:07:31.441 INFO:teuthology.orchestra.run.smithi031.stdout:/usr/bin/ceph: stderr
2024-05-08T06:07:24.075+0000 7ff25aa00700 1 -- 172.21.15.31:0/2343911478 <== mon.0 v2:172.21.15.31:3300/0 1 ==== mon_map magic: 0 ==== 205+0+0 (secure 0 0 0) 0x7ff24c004160 con 0x7ff25c07fdb0
2024-05-08T06:07:31.443 INFO:teuthology.orchestra.run.smithi031.stdout:/usr/bin/ceph: stderr
2024-05-08T06:07:24.075+0000 7ff25aa00700 1 -- 172.21.15.31:0/2343911478 <== mon.0 v2:172.21.15.31:3300/0 2 ==== config(26 keys) ==== 1070+0+0 (secure 0 0 0) 0x7ff24c004300 con 0x7ff25c07fdb0
2024-05-08T06:07:31.443 INFO:teuthology.orchestra.run.smithi031.stdout:/usr/bin/ceph: stderr
2024-05-08T06:07:24.075+0000 7ff25aa00700 1 -- 172.21.15.31:0/2343911478 <== mon.0 v2:172.21.15.31:3300/0 3 ==== mon_map magic: 0 ==== 205+0+0 (secure 0 0 0) 0x7ff24c011af0 con 0x7ff25c07fdb0
2024-05-08T06:07:31.443 INFO:teuthology.orchestra.run.smithi031.stdout:/usr/bin/ceph: stderr
2024-05-08T06:07:24.076+0000 7ff263000700 1 -- 172.21.15.31:0/2343911478 >> [v2:172.21.15.31:3300/0,v1:172.21.15.31:6789/0] conn(0x7ff25c07fdb0 msgr2=0x7ff25c0801d0 secure :-1 s=STATE_CONNECTION_ESTABLISHED l=1).mark_down
2024-05-08T06:07:31.443 INFO:teuthology.orchestra.run.smithi031.stdout:/usr/bin/ceph: stderr
2024-05-08T06:07:24.076+0000 7ff263000700 1 --2- 172.21.15.31:0/2343911478 >> [v2:172.21.15.31:3300/0,v1:172.21.15.31:6789/0] conn(0x7ff25c07fdb0 0x7ff25c0801d0 secure :-1 s=READY pgs=45 cs=0 l=1 rev1=1 crypto rx=0x7ff24c0098a0 tx=0x7ff24c009bb0 comp rx=0 tx=0).stop
2024-05-08T06:07:31.443 INFO:teuthology.orchestra.run.smithi031.stdout:/usr/bin/ceph: stderr
2024-05-08T06:07:24.076+0000 7ff263000700 1 -- 172.21.15.31:0/2343911478 shutdown_connections
2024-05-08T06:07:31.444 INFO:teuthology.orchestra.run.smithi031.stdout:/usr/bin/ceph: stderr
2024-05-08T06:07:24.076+0000 7ff263000700 1 --2- 172.21.15.31:0/2343911478 >> [v2:172.21.15.31:3300/0,v1:172.21.15.31:6789/0] conn(0x7ff25c07fdb0 0x7ff25c0801d0 unknown :-1 s=CLOSED pgs=45 cs=0 l=1 rev1=1 crypto rx=0 tx=0 comp rx=0 tx=0).stop
2024-05-08T06:07:31.444 INFO:teuthology.orchestra.run.smithi031.stdout:/usr/bin/ceph: stderr
2024-05-08T06:07:24.076+0000 7ff263000700 1 -- 172.21.15.31:0/2343911478 >> 172.21.15.31:0/2343911478 conn(0x7ff25c07e3a0 msgr2=0x7ff25c07e7f0 unknown :-1 s=STATE_NONE l=0).mark_down
2024-05-08T06:07:31.444 INFO:teuthology.orchestra.run.smithi031.stdout:/usr/bin/ceph: stderr
2024-05-08T06:07:24.077+0000 7ff263000700 1 -- 172.21.15.31:0/2343911478 shutdown_connections
2024-05-08T06:07:31.444 INFO:teuthology.orchestra.run.smithi031.stdout:/usr/bin/ceph: stderr
2024-05-08T06:07:24.077+0000 7ff263000700 1 -- 172.21.15.31:0/2343911478 wait complete.
2024-05-08T06:07:31.444 INFO:teuthology.orchestra.run.smithi031.stdout:/usr/bin/ceph: stderr
2024-05-08T06:07:24.078+0000 7ff263000700 1 Processor -- start
2024-05-08T06:07:31.444 INFO:teuthology.orchestra.run.smithi031.stdout:/usr/bin/ceph: stderr
2024-05-08T06:07:24.078+0000 7ff263000700 1 -- start start
2024-05-08T06:07:31.445 INFO:teuthology.orchestra.run.smithi031.stdout:/usr/bin/ceph: stderr
2024-05-08T06:07:24.079+0000 7ff263000700 1 --2- >> [v2:172.21.15.31:3300/0,v1:172.21.15.31:6789/0] conn(0x7ff25c07fdb0 0x7ff25c1a3370 unknown :-1 s=NONE pgs=0 cs=0 l=1 rev1=0 crypto rx=0 tx=0 comp rx=0 tx=0).connect
2024-05-08T06:07:31.446 INFO:teuthology.orchestra.run.smithi031.stdout:/usr/bin/ceph: stderr
2024-05-08T06:07:24.079+0000 7ff263000700 1 -- --> [v2:172.21.15.31:3300/0,v1:172.21.15.31:6789/0] -- mon_getmap magic: 0 -- 0x7ff25c0823c0 con 0x7ff25c07fdb0
2024-05-08T06:07:31.446 INFO:teuthology.orchestra.run.smithi031.stdout:/usr/bin/ceph: stderr
2024-05-08T06:07:24.079+0000 7ff25be00700 1 --2- >> [v2:172.21.15.31:3300/0,v1:172.21.15.31:6789/0] conn(0x7ff25c07fdb0 0x7ff25c1a3370 unknown :-1 s=BANNER_CONNECTING pgs=0 cs=0 l=1 rev1=0 crypto rx=0 tx=0 comp rx=0 tx=0)._handle_peer_banner_payload supported=3 required=0
2024-05-08T06:07:31.446 INFO:teuthology.orchestra.run.smithi031.stdout:/usr/bin/ceph: stderr
2024-05-08T06:07:24.079+0000 7ff25be00700 1 --2- >> [v2:172.21.15.31:3300/0,v1:172.21.15.31:6789/0] conn(0x7ff25c07fdb0 0x7ff25c1a3370 unknown :-1 s=HELLO_CONNECTING pgs=0 cs=0 l=1 rev1=1 crypto rx=0 tx=0 comp rx=0 tx=0).handle_hello peer v2:172.21.15.31:3300/0 says I am v2:172.21.15.31:58408/0 (socket says 172.21.15.31:58408)
2024-05-08T06:07:31.446 INFO:teuthology.orchestra.run.smithi031.stdout:/usr/bin/ceph: stderr
2024-05-08T06:07:24.079+0000 7ff25be00700 1 -- 172.21.15.31:0/2666292679 learned_addr learned my addr 172.21.15.31:0/2666292679 (peer_addr_for_me v2:172.21.15.31:0/0)
2024-05-08T06:07:31.446 INFO:teuthology.orchestra.run.smithi031.stdout:/usr/bin/ceph: stderr
2024-05-08T06:07:24.079+0000 7ff25be00700 1 -- 172.21.15.31:0/2666292679 --> [v2:172.21.15.31:3300/0,v1:172.21.15.31:6789/0] -- mon_subscribe({config=0+,monmap=0+}) -- 0x7ff25c1a38b0 con 0x7ff25c07fdb0
2024-05-08T06:07:31.446 INFO:teuthology.orchestra.run.smithi031.stdout:/usr/bin/ceph: stderr
2024-05-08T06:07:24.080+0000 7ff25be00700 1 --2- 172.21.15.31:0/2666292679 >> [v2:172.21.15.31:3300/0,v1:172.21.15.31:6789/0] conn(0x7ff25c07fdb0 0x7ff25c1a3370 secure :-1 s=READY pgs=46 cs=0 l=1 rev1=1 crypto rx=0x7ff24c011ac0 tx=0x7ff24c011ba0 comp rx=0 tx=0).ready entity=mon.0 client_cookie=0 server_cookie=0 in_seq=0 out_seq=0
2024-05-08T06:07:31.446 INFO:teuthology.orchestra.run.smithi031.stdout:/usr/bin/ceph: stderr
2024-05-08T06:07:24.080+0000 7ff258c00700 1 -- 172.21.15.31:0/2666292679 <== mon.0 v2:172.21.15.31:3300/0 1 ==== mon_map magic: 0 ==== 205+0+0 (secure 0 0 0) 0x7ff24c003970 con 0x7ff25c07fdb0
2024-05-08T06:07:31.448 INFO:teuthology.orchestra.run.smithi031.stdout:/usr/bin/ceph: stderr
2024-05-08T06:07:24.080+0000 7ff258c00700 1 -- 172.21.15.31:0/2666292679 <== mon.0 v2:172.21.15.31:3300/0 2 ==== config(26 keys) ==== 1070+0+0 (secure 0 0 0) 0x7ff24c003b10 con 0x7ff25c07fdb0
2024-05-08T06:07:31.448 INFO:teuthology.orchestra.run.smithi031.stdout:/usr/bin/ceph: stderr
2024-05-08T06:07:24.080+0000 7ff258c00700 1 -- 172.21.15.31:0/2666292679 <== mon.0 v2:172.21.15.31:3300/0 3 ==== mon_map magic: 0 ==== 205+0+0 (secure 0 0 0) 0x7ff24c024610 con 0x7ff25c07fdb0
2024-05-08T06:07:31.448 INFO:teuthology.orchestra.run.smithi031.stdout:/usr/bin/ceph: stderr
2024-05-08T06:07:24.080+0000 7ff263000700 1 -- 172.21.15.31:0/2666292679 --> [v2:172.21.15.31:3300/0,v1:172.21.15.31:6789/0] -- mon_subscribe({mgrmap=0+}) -- 0x7ff25c1a3b40 con 0x7ff25c07fdb0
2024-05-08T06:07:31.448 INFO:teuthology.orchestra.run.smithi031.stdout:/usr/bin/ceph: stderr
2024-05-08T06:07:24.080+0000 7ff263000700 1 -- 172.21.15.31:0/2666292679 --> [v2:172.21.15.31:3300/0,v1:172.21.15.31:6789/0] -- mon_subscribe({osdmap=0}) -- 0x7ff25c1a6830 con 0x7ff25c07fdb0
2024-05-08T06:07:31.448 INFO:teuthology.orchestra.run.smithi031.stdout:/usr/bin/ceph: stderr
2024-05-08T06:07:24.082+0000 7ff258c00700 1 -- 172.21.15.31:0/2666292679 <== mon.0 v2:172.21.15.31:3300/0 4 ==== mgrmap(e 8) ==== 50222+0+0 (secure 0 0 0) 0x7ff24c01a9e0 con 0x7ff25c07fdb0
2024-05-08T06:07:31.448 INFO:teuthology.orchestra.run.smithi031.stdout:/usr/bin/ceph: stderr
2024-05-08T06:07:24.082+0000 7ff263000700 1 -- 172.21.15.31:0/2666292679 --> [v2:172.21.15.31:3300/0,v1:172.21.15.31:6789/0] -- mon_command({"prefix": "get_command_descriptions"} v 0) -- 0x7ff25c06a5c0 con 0x7ff25c07fdb0
2024-05-08T06:07:31.448 INFO:teuthology.orchestra.run.smithi031.stdout:/usr/bin/ceph: stderr
2024-05-08T06:07:24.082+0000 7ff258c00700 1 --2- 172.21.15.31:0/2666292679 >> [v2:172.21.15.31:6800/1630699228,v1:172.21.15.31:6801/1630699228] conn(0x7ff24003e4c0 0x7ff240040980 unknown :-1 s=NONE pgs=0 cs=0 l=1 rev1=0 crypto rx=0 tx=0 comp rx=0 tx=0).connect
2024-05-08T06:07:31.448 INFO:teuthology.orchestra.run.smithi031.stdout:/usr/bin/ceph: stderr
2024-05-08T06:07:24.082+0000 7ff258c00700 1 -- 172.21.15.31:0/2666292679 <== mon.0 v2:172.21.15.31:3300/0 5 ==== osd_map(2..2 src has 1..2) ==== 940+0+0 (secure 0 0 0) 0x7ff24c053880 con 0x7ff25c07fdb0
2024-05-08T06:07:31.448 INFO:teuthology.orchestra.run.smithi031.stdout:/usr/bin/ceph: stderr
2024-05-08T06:07:24.083+0000 7ff25b400700 1 --2- 172.21.15.31:0/2666292679 >> [v2:172.21.15.31:6800/1630699228,v1:172.21.15.31:6801/1630699228] conn(0x7ff24003e4c0 0x7ff240040980 unknown :-1 s=BANNER_CONNECTING pgs=0 cs=0 l=1 rev1=0 crypto rx=0 tx=0 comp rx=0 tx=0)._handle_peer_banner_payload supported=3 required=0
2024-05-08T06:07:31.448 INFO:teuthology.orchestra.run.smithi031.stdout:/usr/bin/ceph: stderr
2024-05-08T06:07:24.083+0000 7ff25b400700 1 --2- 172.21.15.31:0/2666292679 >> [v2:172.21.15.31:6800/1630699228,v1:172.21.15.31:6801/1630699228] conn(0x7ff24003e4c0 0x7ff240040980 secure :-1 s=READY pgs=11 cs=0 l=1 rev1=1 crypto rx=0x7ff248006fd0 tx=0x7ff248006e40 comp rx=0 tx=0).ready entity=mgr.14120 client_cookie=0 server_cookie=0 in_seq=0 out_seq=0
2024-05-08T06:07:31.450 INFO:teuthology.orchestra.run.smithi031.stdout:/usr/bin/ceph: stderr
2024-05-08T06:07:24.088+0000 7ff258c00700 1 -- 172.21.15.31:0/2666292679 <== mon.0 v2:172.21.15.31:3300/0 6 ==== mon_command_ack([{"prefix": "get_command_descriptions"}]=0 v0) ==== 72+0+191963 (secure 0 0 0) 0x7ff24c0247f0 con 0x7ff25c07fdb0
2024-05-08T06:07:31.450 INFO:teuthology.orchestra.run.smithi031.stdout:/usr/bin/ceph: stderr
2024-05-08T06:07:24.327+0000 7ff263000700 1 -- 172.21.15.31:0/2666292679 --> [v2:172.21.15.31:6800/1630699228,v1:172.21.15.31:6801/1630699228] -- mgr_command(tid 0: {"prefix": "orch host add", "hostname": "smithi031", "addr": "172.21.15.31", "target": ["mon-mgr", ""]}) -- 0x7ff25c0008d0 con 0x7ff24003e4c0
2024-05-08T06:07:31.450 INFO:teuthology.orchestra.run.smithi031.stdout:/usr/bin/ceph: stderr
2024-05-08T06:07:30.652+0000 7ff258c00700 1 -- 172.21.15.31:0/2666292679 <== mgr.14120 v2:172.21.15.31:6800/1630699228 1 ==== mgr_command_reply(tid 0: 0 ) ==== 8+0+48 (secure 0 0 0) 0x7ff25c0008d0 con 0x7ff24003e4c0
2024-05-08T06:07:31.450 INFO:teuthology.orchestra.run.smithi031.stdout:/usr/bin/ceph: stderr
2024-05-08T06:07:30.657+0000 7ff263000700 1 -- 172.21.15.31:0/2666292679 >> [v2:172.21.15.31:6800/1630699228,v1:172.21.15.31:6801/1630699228] conn(0x7ff24003e4c0 msgr2=0x7ff240040980 secure :-1 s=STATE_CONNECTION_ESTABLISHED l=1).mark_down
2024-05-08T06:07:31.451 INFO:teuthology.orchestra.run.smithi031.stdout:/usr/bin/ceph: stderr
2024-05-08T06:07:30.658+0000 7ff263000700 1 --2- 172.21.15.31:0/2666292679 >> [v2:172.21.15.31:6800/1630699228,v1:172.21.15.31:6801/1630699228] conn(0x7ff24003e4c0 0x7ff240040980 secure :-1 s=READY pgs=11 cs=0 l=1 rev1=1 crypto rx=0x7ff248006fd0 tx=0x7ff248006e40 comp rx=0 tx=0).stop
2024-05-08T06:07:31.451 INFO:teuthology.orchestra.run.smithi031.stdout:/usr/bin/ceph: stderr
2024-05-08T06:07:30.658+0000 7ff263000700 1 -- 172.21.15.31:0/2666292679 >> [v2:172.21.15.31:3300/0,v1:172.21.15.31:6789/0] conn(0x7ff25c07fdb0 msgr2=0x7ff25c1a3370 secure :-1 s=STATE_CONNECTION_ESTABLISHED l=1).mark_down
2024-05-08T06:07:31.451 INFO:teuthology.orchestra.run.smithi031.stdout:/usr/bin/ceph: stderr
2024-05-08T06:07:30.658+0000 7ff263000700 1 --2- 172.21.15.31:0/2666292679 >> [v2:172.21.15.31:3300/0,v1:172.21.15.31:6789/0] conn(0x7ff25c07fdb0 0x7ff25c1a3370 secure :-1 s=READY pgs=46 cs=0 l=1 rev1=1 crypto rx=0x7ff24c011ac0 tx=0x7ff24c011ba0 comp rx=0 tx=0).stop
2024-05-08T06:07:31.451 INFO:teuthology.orchestra.run.smithi031.stdout:/usr/bin/ceph: stderr
2024-05-08T06:07:30.658+0000 7ff263000700 1 -- 172.21.15.31:0/2666292679 shutdown_connections
2024-05-08T06:07:31.451 INFO:teuthology.orchestra.run.smithi031.stdout:/usr/bin/ceph: stderr
2024-05-08T06:07:30.658+0000 7ff263000700 1 --2- 172.21.15.31:0/2666292679 >> [v2:172.21.15.31:6800/1630699228,v1:172.21.15.31:6801/1630699228] conn(0x7ff24003e4c0 0x7ff240040980 unknown :-1 s=CLOSED pgs=11 cs=0 l=1 rev1=1 crypto rx=0 tx=0 comp rx=0 tx=0).stop
2024-05-08T06:07:31.451 INFO:teuthology.orchestra.run.smithi031.stdout:/usr/bin/ceph: stderr
2024-05-08T06:07:30.658+0000 7ff263000700 1 --2- 172.21.15.31:0/2666292679 >> [v2:172.21.15.31:3300/0,v1:172.21.15.31:6789/0] conn(0x7ff25c07fdb0 0x7ff25c1a3370 unknown :-1 s=CLOSED pgs=46 cs=0 l=1 rev1=1 crypto rx=0 tx=0 comp rx=0 tx=0).stop
2024-05-08T06:07:31.451 INFO:teuthology.orchestra.run.smithi031.stdout:/usr/bin/ceph: stderr
2024-05-08T06:07:30.658+0000 7ff263000700 1 -- 172.21.15.31:0/2666292679 >> 172.21.15.31:0/2666292679 conn(0x7ff25c07e3a0 msgr2=0x7ff25c109e40 unknown :-1 s=STATE_NONE l=0).mark_down
2024-05-08T06:07:31.451 INFO:teuthology.orchestra.run.smithi031.stdout:/usr/bin/ceph: stderr
2024-05-08T06:07:30.658+0000 7ff263000700 1 -- 172.21.15.31:0/2666292679 shutdown_connections
2024-05-08T06:07:31.451 INFO:teuthology.orchestra.run.smithi031.stdout:/usr/bin/ceph: stderr
2024-05-08T06:07:30.658+0000 7ff263000700 1 -- 172.21.15.31:0/2666292679 wait complete.
2024-05-08T06:07:31.451 INFO:teuthology.orchestra.run.smithi031.stdout:Deploying unmanaged mon service...
2024-05-08T06:07:31.762 INFO:journalctl@ceph.mon.a.smithi031.stdout:May 08 06:07:31 smithi031 ceph-mon[29613]: from='mgr.14120 172.21.15.31:0/3071437428' entity='mgr.x'
2024-05-08T06:07:31.762 INFO:journalctl@ceph.mon.a.smithi031.stdout:May 08 06:07:31 smithi031 ceph-mon[29613]: Added host smithi031
2024-05-08T06:07:31.762 INFO:journalctl@ceph.mon.a.smithi031.stdout:May 08 06:07:31 smithi031 ceph-mon[29613]: from='mgr.14120 172.21.15.31:0/3071437428' entity='mgr.x' cmd=[{"prefix": "config dump", "format": "json"}]: dispatch
2024-05-08T06:07:33.667 INFO:teuthology.orchestra.run.smithi031.stdout:/usr/bin/ceph: stdout Scheduled mon update...
2024-05-08T06:07:33.667 INFO:teuthology.orchestra.run.smithi031.stdout:/usr/bin/ceph: stderr
2024-05-08T06:07:32.121+0000 7f9a6f600700 1 Processor -- start
2024-05-08T06:07:33.667 INFO:teuthology.orchestra.run.smithi031.stdout:/usr/bin/ceph: stderr
2024-05-08T06:07:32.122+0000 7f9a6f600700 1 -- start start
2024-05-08T06:07:33.667 INFO:teuthology.orchestra.run.smithi031.stdout:/usr/bin/ceph: stderr
2024-05-08T06:07:32.122+0000 7f9a6f600700 1 --2- >> [v2:172.21.15.31:3300/0,v1:172.21.15.31:6789/0] conn(0x7f9a6810b160 0x7f9a6810b580 unknown :-1 s=NONE pgs=0 cs=0 l=0 rev1=0 crypto rx=0 tx=0 comp rx=0 tx=0).connect
2024-05-08T06:07:33.667 INFO:teuthology.orchestra.run.smithi031.stdout:/usr/bin/ceph: stderr
2024-05-08T06:07:32.122+0000 7f9a6f600700 1 -- --> [v2:172.21.15.31:3300/0,v1:172.21.15.31:6789/0] -- mon_getmap magic: 0 -- 0x7f9a6810bb50 con 0x7f9a6810b160
2024-05-08T06:07:33.667 INFO:teuthology.orchestra.run.smithi031.stdout:/usr/bin/ceph: stderr
2024-05-08T06:07:32.123+0000 7f9a6cc00700 1 --2- >> [v2:172.21.15.31:3300/0,v1:172.21.15.31:6789/0] conn(0x7f9a6810b160 0x7f9a6810b580 unknown :-1 s=BANNER_CONNECTING pgs=0 cs=0 l=0 rev1=0 crypto rx=0 tx=0 comp rx=0 tx=0)._handle_peer_banner_payload supported=3 required=0
2024-05-08T06:07:33.668 INFO:teuthology.orchestra.run.smithi031.stdout:/usr/bin/ceph: stderr
2024-05-08T06:07:32.123+0000 7f9a6cc00700 1 --2- >> [v2:172.21.15.31:3300/0,v1:172.21.15.31:6789/0] conn(0x7f9a6810b160 0x7f9a6810b580 unknown :-1 s=HELLO_CONNECTING pgs=0 cs=0 l=0 rev1=1 crypto rx=0 tx=0 comp rx=0 tx=0).handle_hello peer v2:172.21.15.31:3300/0 says I am v2:172.21.15.31:58766/0 (socket says 172.21.15.31:58766)
2024-05-08T06:07:33.668 INFO:teuthology.orchestra.run.smithi031.stdout:/usr/bin/ceph: stderr
2024-05-08T06:07:32.123+0000 7f9a6cc00700 1 -- 172.21.15.31:0/2771478382 learned_addr learned my addr 172.21.15.31:0/2771478382 (peer_addr_for_me v2:172.21.15.31:0/0)
2024-05-08T06:07:33.668 INFO:teuthology.orchestra.run.smithi031.stdout:/usr/bin/ceph: stderr
2024-05-08T06:07:32.123+0000 7f9a6cc00700 1 -- 172.21.15.31:0/2771478382 --> [v2:172.21.15.31:3300/0,v1:172.21.15.31:6789/0] -- mon_subscribe({config=0+,monmap=0+}) -- 0x7f9a6810c1f0 con 0x7f9a6810b160
2024-05-08T06:07:33.668 INFO:teuthology.orchestra.run.smithi031.stdout:/usr/bin/ceph: stderr
