2024-05-08T06:31:05.867 INFO:teuthology.orchestra.run.smithi070.stdout:/usr/bin/ceph: stderr
2024-05-08T06:31:03.372+0000 7fba18c00700 1 --2- >> [v2:172.21.15.70:3300/0,v1:172.21.15.70:6789/0] conn(0x7fba1407ee20 0x7fba1419eaf0 unknown :-1 s=BANNER_CONNECTING pgs=0 cs=0 l=1 rev1=0 crypto rx=0 tx=0 comp rx=0 tx=0)._handle_peer_banner_payload supported=3 required=0
2024-05-08T06:31:05.867 INFO:teuthology.orchestra.run.smithi070.stdout:/usr/bin/ceph: stderr
2024-05-08T06:31:03.372+0000 7fba18c00700 1 --2- >> [v2:172.21.15.70:3300/0,v1:172.21.15.70:6789/0] conn(0x7fba1407ee20 0x7fba1419eaf0 unknown :-1 s=HELLO_CONNECTING pgs=0 cs=0 l=1 rev1=1 crypto rx=0 tx=0 comp rx=0 tx=0).handle_hello peer v2:172.21.15.70:3300/0 says I am v2:172.21.15.70:46434/0 (socket says 172.21.15.70:46434)
2024-05-08T06:31:05.868 INFO:teuthology.orchestra.run.smithi070.stdout:/usr/bin/ceph: stderr
2024-05-08T06:31:03.372+0000 7fba18c00700 1 -- 172.21.15.70:0/1896762566 learned_addr learned my addr 172.21.15.70:0/1896762566 (peer_addr_for_me v2:172.21.15.70:0/0)
2024-05-08T06:31:05.868 INFO:teuthology.orchestra.run.smithi070.stdout:/usr/bin/ceph: stderr
2024-05-08T06:31:03.372+0000 7fba18c00700 1 -- 172.21.15.70:0/1896762566 --> [v2:172.21.15.70:3300/0,v1:172.21.15.70:6789/0] -- mon_subscribe({config=0+,monmap=0+}) -- 0x7fba1419f030 con 0x7fba1407ee20
2024-05-08T06:31:05.868 INFO:teuthology.orchestra.run.smithi070.stdout:/usr/bin/ceph: stderr
2024-05-08T06:31:03.373+0000 7fba18c00700 1 --2- 172.21.15.70:0/1896762566 >> [v2:172.21.15.70:3300/0,v1:172.21.15.70:6789/0] conn(0x7fba1407ee20 0x7fba1419eaf0 secure :-1 s=READY pgs=56 cs=0 l=1 rev1=1 crypto rx=0x7fba08011670 tx=0x7fba08011aa0 comp rx=0 tx=0).ready entity=mon.0 client_cookie=0 server_cookie=0 in_seq=0 out_seq=0
2024-05-08T06:31:05.868 INFO:teuthology.orchestra.run.smithi070.stdout:/usr/bin/ceph: stderr
2024-05-08T06:31:03.373+0000 7fba11600700 1 -- 172.21.15.70:0/1896762566 <== mon.0 v2:172.21.15.70:3300/0 1 ==== mon_map magic: 0 ==== 205+0+0 (secure 0 0 0) 0x7fba08003a60 con 0x7fba1407ee20
2024-05-08T06:31:05.868 INFO:teuthology.orchestra.run.smithi070.stdout:/usr/bin/ceph: stderr
2024-05-08T06:31:03.373+0000 7fba11600700 1 -- 172.21.15.70:0/1896762566 <== mon.0 v2:172.21.15.70:3300/0 2 ==== config(25 keys) ==== 1063+0+0 (secure 0 0 0) 0x7fba0801b8d0 con 0x7fba1407ee20
2024-05-08T06:31:05.868 INFO:teuthology.orchestra.run.smithi070.stdout:/usr/bin/ceph: stderr
2024-05-08T06:31:03.373+0000 7fba11600700 1 -- 172.21.15.70:0/1896762566 <== mon.0 v2:172.21.15.70:3300/0 3 ==== mon_map magic: 0 ==== 205+0+0 (secure 0 0 0) 0x7fba080237d0 con 0x7fba1407ee20
2024-05-08T06:31:05.868 INFO:teuthology.orchestra.run.smithi070.stdout:/usr/bin/ceph: stderr
2024-05-08T06:31:03.373+0000 7fba1a000700 1 -- 172.21.15.70:0/1896762566 --> [v2:172.21.15.70:3300/0,v1:172.21.15.70:6789/0] -- mon_subscribe({mgrmap=0+}) -- 0x7fba1419f2c0 con 0x7fba1407ee20
2024-05-08T06:31:05.868 INFO:teuthology.orchestra.run.smithi070.stdout:/usr/bin/ceph: stderr
2024-05-08T06:31:03.373+0000 7fba1a000700 1 -- 172.21.15.70:0/1896762566 --> [v2:172.21.15.70:3300/0,v1:172.21.15.70:6789/0] -- mon_subscribe({osdmap=0}) -- 0x7fba141a1fb0 con 0x7fba1407ee20
2024-05-08T06:31:05.868 INFO:teuthology.orchestra.run.smithi070.stdout:/usr/bin/ceph: stderr
2024-05-08T06:31:03.374+0000 7fba11600700 1 -- 172.21.15.70:0/1896762566 <== mon.0 v2:172.21.15.70:3300/0 4 ==== mgrmap(e 8) ==== 50222+0+0 (secure 0 0 0) 0x7fba0801b440 con 0x7fba1407ee20
2024-05-08T06:31:05.868 INFO:teuthology.orchestra.run.smithi070.stdout:/usr/bin/ceph: stderr
2024-05-08T06:31:03.375+0000 7fba1a000700 1 -- 172.21.15.70:0/1896762566 --> [v2:172.21.15.70:3300/0,v1:172.21.15.70:6789/0] -- mon_command({"prefix": "get_command_descriptions"} v 0) -- 0x7fba14064b00 con 0x7fba1407ee20
2024-05-08T06:31:05.868 INFO:teuthology.orchestra.run.smithi070.stdout:/usr/bin/ceph: stderr
2024-05-08T06:31:03.375+0000 7fba11600700 1 --2- 172.21.15.70:0/1896762566 >> [v2:172.21.15.70:6800/1348548569,v1:172.21.15.70:6801/1348548569] conn(0x7fb9fc03e4c0 0x7fb9fc040980 unknown :-1 s=NONE pgs=0 cs=0 l=1 rev1=0 crypto rx=0 tx=0 comp rx=0 tx=0).connect
2024-05-08T06:31:05.868 INFO:teuthology.orchestra.run.smithi070.stdout:/usr/bin/ceph: stderr
2024-05-08T06:31:03.375+0000 7fba11600700 1 -- 172.21.15.70:0/1896762566 <== mon.0 v2:172.21.15.70:3300/0 5 ==== osd_map(2..2 src has 1..2) ==== 940+0+0 (secure 0 0 0) 0x7fba08053f50 con 0x7fba1407ee20
2024-05-08T06:31:05.868 INFO:teuthology.orchestra.run.smithi070.stdout:/usr/bin/ceph: stderr
2024-05-08T06:31:03.375+0000 7fba13e00700 1 --2- 172.21.15.70:0/1896762566 >> [v2:172.21.15.70:6800/1348548569,v1:172.21.15.70:6801/1348548569] conn(0x7fb9fc03e4c0 0x7fb9fc040980 unknown :-1 s=BANNER_CONNECTING pgs=0 cs=0 l=1 rev1=0 crypto rx=0 tx=0 comp rx=0 tx=0)._handle_peer_banner_payload supported=3 required=0
2024-05-08T06:31:05.868 INFO:teuthology.orchestra.run.smithi070.stdout:/usr/bin/ceph: stderr
2024-05-08T06:31:03.376+0000 7fba13e00700 1 --2- 172.21.15.70:0/1896762566 >> [v2:172.21.15.70:6800/1348548569,v1:172.21.15.70:6801/1348548569] conn(0x7fb9fc03e4c0 0x7fb9fc040980 secure :-1 s=READY pgs=16 cs=0 l=1 rev1=1 crypto rx=0x7fba00006fd0 tx=0x7fba00006e40 comp rx=0 tx=0).ready entity=mgr.14120 client_cookie=0 server_cookie=0 in_seq=0 out_seq=0
2024-05-08T06:31:05.869 INFO:teuthology.orchestra.run.smithi070.stdout:/usr/bin/ceph: stderr
2024-05-08T06:31:03.385+0000 7fba11600700 1 -- 172.21.15.70:0/1896762566 <== mon.0 v2:172.21.15.70:3300/0 6 ==== mon_command_ack([{"prefix": "get_command_descriptions"}]=0 v0) ==== 72+0+191963 (secure 0 0 0) 0x7fba0801f030 con 0x7fba1407ee20
2024-05-08T06:31:05.869 INFO:teuthology.orchestra.run.smithi070.stdout:/usr/bin/ceph: stderr
2024-05-08T06:31:03.705+0000 7fba1a000700 1 -- 172.21.15.70:0/1896762566 --> [v2:172.21.15.70:3300/0,v1:172.21.15.70:6789/0] -- mon_command({"prefix": "mgr module enable", "module": "dashboard"} v 0) -- 0x7fba141a2560 con 0x7fba1407ee20
2024-05-08T06:31:05.869 INFO:teuthology.orchestra.run.smithi070.stdout:/usr/bin/ceph: stderr
2024-05-08T06:31:04.637+0000 7fba11600700 1 -- 172.21.15.70:0/1896762566 <== mon.0 v2:172.21.15.70:3300/0 7 ==== mon_command_ack([{"prefix": "mgr module enable", "module": "dashboard"}]=0 v9) ==== 88+0+0 (secure 0 0 0) 0x7fba0801a3d0 con 0x7fba1407ee20
2024-05-08T06:31:05.869 INFO:teuthology.orchestra.run.smithi070.stdout:/usr/bin/ceph: stderr
2024-05-08T06:31:04.640+0000 7fba11600700 1 -- 172.21.15.70:0/1896762566 <== mon.0 v2:172.21.15.70:3300/0 8 ==== mgrmap(e 9) ==== 50235+0+0 (secure 0 0 0) 0x7fba0800b3e0 con 0x7fba1407ee20
2024-05-08T06:31:05.869 INFO:teuthology.orchestra.run.smithi070.stdout:/usr/bin/ceph: stderr
2024-05-08T06:31:04.642+0000 7fba1a000700 1 -- 172.21.15.70:0/1896762566 >> [v2:172.21.15.70:6800/1348548569,v1:172.21.15.70:6801/1348548569] conn(0x7fb9fc03e4c0 msgr2=0x7fb9fc040980 secure :-1 s=STATE_CONNECTION_ESTABLISHED l=1).mark_down
2024-05-08T06:31:05.869 INFO:teuthology.orchestra.run.smithi070.stdout:/usr/bin/ceph: stderr
2024-05-08T06:31:04.642+0000 7fba1a000700 1 --2- 172.21.15.70:0/1896762566 >> [v2:172.21.15.70:6800/1348548569,v1:172.21.15.70:6801/1348548569] conn(0x7fb9fc03e4c0 0x7fb9fc040980 secure :-1 s=READY pgs=16 cs=0 l=1 rev1=1 crypto rx=0x7fba00006fd0 tx=0x7fba00006e40 comp rx=0 tx=0).stop
2024-05-08T06:31:05.869 INFO:teuthology.orchestra.run.smithi070.stdout:/usr/bin/ceph: stderr
2024-05-08T06:31:04.642+0000 7fba1a000700 1 -- 172.21.15.70:0/1896762566 >> [v2:172.21.15.70:3300/0,v1:172.21.15.70:6789/0] conn(0x7fba1407ee20 msgr2=0x7fba1419eaf0 secure :-1 s=STATE_CONNECTION_ESTABLISHED l=1).mark_down
2024-05-08T06:31:05.869 INFO:teuthology.orchestra.run.smithi070.stdout:/usr/bin/ceph: stderr
2024-05-08T06:31:04.642+0000 7fba1a000700 1 --2- 172.21.15.70:0/1896762566 >> [v2:172.21.15.70:3300/0,v1:172.21.15.70:6789/0] conn(0x7fba1407ee20 0x7fba1419eaf0 secure :-1 s=READY pgs=56 cs=0 l=1 rev1=1 crypto rx=0x7fba08011670 tx=0x7fba08011aa0 comp rx=0 tx=0).stop
2024-05-08T06:31:05.869 INFO:teuthology.orchestra.run.smithi070.stdout:/usr/bin/ceph: stderr
2024-05-08T06:31:04.642+0000 7fba1a000700 1 -- 172.21.15.70:0/1896762566 shutdown_connections
2024-05-08T06:31:05.869 INFO:teuthology.orchestra.run.smithi070.stdout:/usr/bin/ceph: stderr
2024-05-08T06:31:04.642+0000 7fba1a000700 1 --2- 172.21.15.70:0/1896762566 >> [v2:172.21.15.70:6800/1348548569,v1:172.21.15.70:6801/1348548569] conn(0x7fb9fc03e4c0 0x7fb9fc040980 unknown :-1 s=CLOSED pgs=16 cs=0 l=1 rev1=1 crypto rx=0 tx=0 comp rx=0 tx=0).stop
2024-05-08T06:31:05.869 INFO:teuthology.orchestra.run.smithi070.stdout:/usr/bin/ceph: stderr
2024-05-08T06:31:04.642+0000 7fba1a000700 1 --2- 172.21.15.70:0/1896762566 >> [v2:172.21.15.70:3300/0,v1:172.21.15.70:6789/0] conn(0x7fba1407ee20 0x7fba1419eaf0 unknown :-1 s=CLOSED pgs=56 cs=0 l=1 rev1=1 crypto rx=0 tx=0 comp rx=0 tx=0).stop
2024-05-08T06:31:05.869 INFO:teuthology.orchestra.run.smithi070.stdout:/usr/bin/ceph: stderr
2024-05-08T06:31:04.642+0000 7fba1a000700 1 -- 172.21.15.70:0/1896762566 >> 172.21.15.70:0/1896762566 conn(0x7fba141040a0 msgr2=0x7fba14104b00 unknown :-1 s=STATE_NONE l=0).mark_down
2024-05-08T06:31:05.869 INFO:teuthology.orchestra.run.smithi070.stdout:/usr/bin/ceph: stderr
2024-05-08T06:31:04.643+0000 7fba1a000700 1 -- 172.21.15.70:0/1896762566 shutdown_connections
2024-05-08T06:31:05.869 INFO:teuthology.orchestra.run.smithi070.stdout:/usr/bin/ceph: stderr
2024-05-08T06:31:04.643+0000 7fba1a000700 1 -- 172.21.15.70:0/1896762566 wait complete.
2024-05-08T06:31:06.129 INFO:journalctl@ceph.mon.a.smithi070.stdout:May 08 06:31:05 smithi070 ceph-mon[29591]: from='client.? 172.21.15.70:0/1896762566' entity='client.admin' cmd='[{"prefix": "mgr module enable", "module": "dashboard"}]': finished
2024-05-08T06:31:06.129 INFO:journalctl@ceph.mon.a.smithi070.stdout:May 08 06:31:05 smithi070 ceph-mon[29591]: mgrmap e9: x(active, since 26s)
2024-05-08T06:31:06.129 INFO:journalctl@ceph.mgr.x.smithi070.stdout:May 08 06:31:05 smithi070 ceph-3cf89df8-0d04-11ef-bc97-c7b262605968-mgr-x[29820]:
2024-05-08T06:31:05.740+0000 7f16fc3a9200 -1 mgr[py] Module progress has missing NOTIFY_TYPES member
2024-05-08T06:31:06.129 INFO:journalctl@ceph.mgr.x.smithi070.stdout:May 08 06:31:05 smithi070 ceph-3cf89df8-0d04-11ef-bc97-c7b262605968-mgr-x[29820]:
2024-05-08T06:31:05.854+0000 7f16fc3a9200 -1 mgr[py] Module influx has missing NOTIFY_TYPES member
2024-05-08T06:31:07.379 INFO:journalctl@ceph.mon.a.smithi070.stdout:May 08 06:31:07 smithi070 ceph-mon[29591]: from='client.? 172.21.15.70:0/4141358755' entity='client.admin' cmd=[{"prefix": "mgr stat"}]: dispatch
2024-05-08T06:31:07.829 INFO:journalctl@ceph.mgr.x.smithi070.stdout:May 08 06:31:07 smithi070 ceph-3cf89df8-0d04-11ef-bc97-c7b262605968-mgr-x[29820]:
2024-05-08T06:31:07.414+0000 7f16fc3a9200 -1 mgr[py] Module telegraf has missing NOTIFY_TYPES member
2024-05-08T06:31:07.829 INFO:journalctl@ceph.mgr.x.smithi070.stdout:May 08 06:31:07 smithi070 ceph-3cf89df8-0d04-11ef-bc97-c7b262605968-mgr-x[29820]:
2024-05-08T06:31:07.642+0000 7f16fc3a9200 -1 mgr[py] Module osd_support has missing NOTIFY_TYPES member
2024-05-08T06:31:07.841 INFO:teuthology.orchestra.run.smithi070.stdout:/usr/bin/ceph: stdout {
2024-05-08T06:31:07.841 INFO:teuthology.orchestra.run.smithi070.stdout:/usr/bin/ceph: stdout "epoch": 9,
2024-05-08T06:31:07.841 INFO:teuthology.orchestra.run.smithi070.stdout:/usr/bin/ceph: stdout "available": true,
2024-05-08T06:31:07.841 INFO:teuthology.orchestra.run.smithi070.stdout:/usr/bin/ceph: stdout "active_name": "x",
2024-05-08T06:31:07.841 INFO:teuthology.orchestra.run.smithi070.stdout:/usr/bin/ceph: stdout "num_standby": 0
2024-05-08T06:31:07.841 INFO:teuthology.orchestra.run.smithi070.stdout:/usr/bin/ceph: stdout }
2024-05-08T06:31:07.841 INFO:teuthology.orchestra.run.smithi070.stdout:/usr/bin/ceph: stderr
2024-05-08T06:31:06.801+0000 7fdbde400700 1 Processor -- start
2024-05-08T06:31:07.841 INFO:teuthology.orchestra.run.smithi070.stdout:/usr/bin/ceph: stderr
2024-05-08T06:31:06.801+0000 7fdbde400700 1 -- start start
2024-05-08T06:31:07.841 INFO:teuthology.orchestra.run.smithi070.stdout:/usr/bin/ceph: stderr
2024-05-08T06:31:06.801+0000 7fdbde400700 1 --2- >> [v2:172.21.15.70:3300/0,v1:172.21.15.70:6789/0] conn(0x7fdbd807ee20 0x7fdbd807d2d0 unknown :-1 s=NONE pgs=0 cs=0 l=0 rev1=0 crypto rx=0 tx=0 comp rx=0 tx=0).connect
2024-05-08T06:31:07.841 INFO:teuthology.orchestra.run.smithi070.stdout:/usr/bin/ceph: stderr
2024-05-08T06:31:06.801+0000 7fdbde400700 1 -- --> [v2:172.21.15.70:3300/0,v1:172.21.15.70:6789/0] -- mon_getmap magic: 0 -- 0x7fdbd807d810 con 0x7fdbd807ee20
2024-05-08T06:31:07.841 INFO:teuthology.orchestra.run.smithi070.stdout:/usr/bin/ceph: stderr
2024-05-08T06:31:06.802+0000 7fdbd7400700 1 --2- >> [v2:172.21.15.70:3300/0,v1:172.21.15.70:6789/0] conn(0x7fdbd807ee20 0x7fdbd807d2d0 unknown :-1 s=BANNER_CONNECTING pgs=0 cs=0 l=0 rev1=0 crypto rx=0 tx=0 comp rx=0 tx=0)._handle_peer_banner_payload supported=3 required=0
2024-05-08T06:31:07.841 INFO:teuthology.orchestra.run.smithi070.stdout:/usr/bin/ceph: stderr
2024-05-08T06:31:06.802+0000 7fdbd7400700 1 --2- >> [v2:172.21.15.70:3300/0,v1:172.21.15.70:6789/0] conn(0x7fdbd807ee20 0x7fdbd807d2d0 unknown :-1 s=HELLO_CONNECTING pgs=0 cs=0 l=0 rev1=1 crypto rx=0 tx=0 comp rx=0 tx=0).handle_hello peer v2:172.21.15.70:3300/0 says I am v2:172.21.15.70:46446/0 (socket says 172.21.15.70:46446)
2024-05-08T06:31:07.842 INFO:teuthology.orchestra.run.smithi070.stdout:/usr/bin/ceph: stderr
2024-05-08T06:31:06.802+0000 7fdbd7400700 1 -- 172.21.15.70:0/3713008855 learned_addr learned my addr 172.21.15.70:0/3713008855 (peer_addr_for_me v2:172.21.15.70:0/0)
2024-05-08T06:31:07.842 INFO:teuthology.orchestra.run.smithi070.stdout:/usr/bin/ceph: stderr
2024-05-08T06:31:06.802+0000 7fdbd7400700 1 -- 172.21.15.70:0/3713008855 --> [v2:172.21.15.70:3300/0,v1:172.21.15.70:6789/0] -- mon_subscribe({config=0+,monmap=0+}) -- 0x7fdbd807d990 con 0x7fdbd807ee20
2024-05-08T06:31:07.842 INFO:teuthology.orchestra.run.smithi070.stdout:/usr/bin/ceph: stderr
2024-05-08T06:31:06.803+0000 7fdbd7400700 1 --2- 172.21.15.70:0/3713008855 >> [v2:172.21.15.70:3300/0,v1:172.21.15.70:6789/0] conn(0x7fdbd807ee20 0x7fdbd807d2d0 secure :-1 s=READY pgs=59 cs=0 l=1 rev1=1 crypto rx=0x7fdbc80098a0 tx=0x7fdbc8009bb0 comp rx=0 tx=0).ready entity=mon.0 client_cookie=c4d46a5497d35450 server_cookie=0 in_seq=0 out_seq=0
2024-05-08T06:31:07.842 INFO:teuthology.orchestra.run.smithi070.stdout:/usr/bin/ceph: stderr
2024-05-08T06:31:06.803+0000 7fdbd6000700 1 -- 172.21.15.70:0/3713008855 <== mon.0 v2:172.21.15.70:3300/0 1 ==== mon_map magic: 0 ==== 205+0+0 (secure 0 0 0) 0x7fdbc8004160 con 0x7fdbd807ee20
2024-05-08T06:31:07.842 INFO:teuthology.orchestra.run.smithi070.stdout:/usr/bin/ceph: stderr
2024-05-08T06:31:06.803+0000 7fdbd6000700 1 -- 172.21.15.70:0/3713008855 <== mon.0 v2:172.21.15.70:3300/0 2 ==== config(25 keys) ==== 1063+0+0 (secure 0 0 0) 0x7fdbc8004300 con 0x7fdbd807ee20
2024-05-08T06:31:07.842 INFO:teuthology.orchestra.run.smithi070.stdout:/usr/bin/ceph: stderr
2024-05-08T06:31:06.803+0000 7fdbd6000700 1 -- 172.21.15.70:0/3713008855 <== mon.0 v2:172.21.15.70:3300/0 3 ==== mon_map magic: 0 ==== 205+0+0 (secure 0 0 0) 0x7fdbc8011960 con 0x7fdbd807ee20
2024-05-08T06:31:07.842 INFO:teuthology.orchestra.run.smithi070.stdout:/usr/bin/ceph: stderr
2024-05-08T06:31:06.804+0000 7fdbde400700 1 -- 172.21.15.70:0/3713008855 >> [v2:172.21.15.70:3300/0,v1:172.21.15.70:6789/0] conn(0x7fdbd807ee20 msgr2=0x7fdbd807d2d0 secure :-1 s=STATE_CONNECTION_ESTABLISHED l=1).mark_down
2024-05-08T06:31:07.842 INFO:teuthology.orchestra.run.smithi070.stdout:/usr/bin/ceph: stderr
2024-05-08T06:31:06.804+0000 7fdbde400700 1 --2- 172.21.15.70:0/3713008855 >> [v2:172.21.15.70:3300/0,v1:172.21.15.70:6789/0] conn(0x7fdbd807ee20 0x7fdbd807d2d0 secure :-1 s=READY pgs=59 cs=0 l=1 rev1=1 crypto rx=0x7fdbc80098a0 tx=0x7fdbc8009bb0 comp rx=0 tx=0).stop
2024-05-08T06:31:07.842 INFO:teuthology.orchestra.run.smithi070.stdout:/usr/bin/ceph: stderr
2024-05-08T06:31:06.804+0000 7fdbde400700 1 -- 172.21.15.70:0/3713008855 shutdown_connections
2024-05-08T06:31:07.842 INFO:teuthology.orchestra.run.smithi070.stdout:/usr/bin/ceph: stderr
2024-05-08T06:31:06.804+0000 7fdbde400700 1 --2- 172.21.15.70:0/3713008855 >> [v2:172.21.15.70:3300/0,v1:172.21.15.70:6789/0] conn(0x7fdbd807ee20 0x7fdbd807d2d0 unknown :-1 s=CLOSED pgs=59 cs=0 l=1 rev1=1 crypto rx=0 tx=0 comp rx=0 tx=0).stop
2024-05-08T06:31:07.842 INFO:teuthology.orchestra.run.smithi070.stdout:/usr/bin/ceph: stderr
2024-05-08T06:31:06.804+0000 7fdbde400700 1 -- 172.21.15.70:0/3713008855 >> 172.21.15.70:0/3713008855 conn(0x7fdbd8104270 msgr2=0x7fdbd8106690 unknown :-1 s=STATE_NONE l=0).mark_down
2024-05-08T06:31:07.842 INFO:teuthology.orchestra.run.smithi070.stdout:/usr/bin/ceph: stderr
2024-05-08T06:31:06.804+0000 7fdbde400700 1 -- 172.21.15.70:0/3713008855 shutdown_connections
2024-05-08T06:31:07.842 INFO:teuthology.orchestra.run.smithi070.stdout:/usr/bin/ceph: stderr
2024-05-08T06:31:06.804+0000 7fdbde400700 1 -- 172.21.15.70:0/3713008855 wait complete.
2024-05-08T06:31:07.843 INFO:teuthology.orchestra.run.smithi070.stdout:/usr/bin/ceph: stderr
2024-05-08T06:31:06.805+0000 7fdbde400700 1 Processor -- start
2024-05-08T06:31:07.843 INFO:teuthology.orchestra.run.smithi070.stdout:/usr/bin/ceph: stderr
2024-05-08T06:31:06.805+0000 7fdbde400700 1 -- start start
2024-05-08T06:31:07.843 INFO:teuthology.orchestra.run.smithi070.stdout:/usr/bin/ceph: stderr
2024-05-08T06:31:06.806+0000 7fdbde400700 1 --2- >> [v2:172.21.15.70:3300/0,v1:172.21.15.70:6789/0] conn(0x7fdbd807ee20 0x7fdbd819ecb0 unknown :-1 s=NONE pgs=0 cs=0 l=1 rev1=0 crypto rx=0 tx=0 comp rx=0 tx=0).connect
2024-05-08T06:31:07.843 INFO:teuthology.orchestra.run.smithi070.stdout:/usr/bin/ceph: stderr
2024-05-08T06:31:06.806+0000 7fdbde400700 1 -- --> [v2:172.21.15.70:3300/0,v1:172.21.15.70:6789/0] -- mon_getmap magic: 0 -- 0x7fdbd810f1b0 con 0x7fdbd807ee20
2024-05-08T06:31:07.843 INFO:teuthology.orchestra.run.smithi070.stdout:/usr/bin/ceph: stderr
2024-05-08T06:31:06.806+0000 7fdbd7400700 1 --2- >> [v2:172.21.15.70:3300/0,v1:172.21.15.70:6789/0] conn(0x7fdbd807ee20 0x7fdbd819ecb0 unknown :-1 s=BANNER_CONNECTING pgs=0 cs=0 l=1 rev1=0 crypto rx=0 tx=0 comp rx=0 tx=0)._handle_peer_banner_payload supported=3 required=0
2024-05-08T06:31:07.843 INFO:teuthology.orchestra.run.smithi070.stdout:/usr/bin/ceph: stderr
2024-05-08T06:31:06.806+0000 7fdbd7400700 1 --2- >> [v2:172.21.15.70:3300/0,v1:172.21.15.70:6789/0] conn(0x7fdbd807ee20 0x7fdbd819ecb0 unknown :-1 s=HELLO_CONNECTING pgs=0 cs=0 l=1 rev1=1 crypto rx=0 tx=0 comp rx=0 tx=0).handle_hello peer v2:172.21.15.70:3300/0 says I am v2:172.21.15.70:46456/0 (socket says 172.21.15.70:46456)
2024-05-08T06:31:07.843 INFO:teuthology.orchestra.run.smithi070.stdout:/usr/bin/ceph: stderr
2024-05-08T06:31:06.806+0000 7fdbd7400700 1 -- 172.21.15.70:0/4141358755 learned_addr learned my addr 172.21.15.70:0/4141358755 (peer_addr_for_me v2:172.21.15.70:0/0)
2024-05-08T06:31:07.843 INFO:teuthology.orchestra.run.smithi070.stdout:/usr/bin/ceph: stderr
2024-05-08T06:31:06.806+0000 7fdbd7400700 1 -- 172.21.15.70:0/4141358755 --> [v2:172.21.15.70:3300/0,v1:172.21.15.70:6789/0] -- mon_subscribe({config=0+,monmap=0+}) -- 0x7fdbd819f1f0 con 0x7fdbd807ee20
2024-05-08T06:31:07.843 INFO:teuthology.orchestra.run.smithi070.stdout:/usr/bin/ceph: stderr
2024-05-08T06:31:06.807+0000 7fdbd7400700 1 --2- 172.21.15.70:0/4141358755 >> [v2:172.21.15.70:3300/0,v1:172.21.15.70:6789/0] conn(0x7fdbd807ee20 0x7fdbd819ecb0 secure :-1 s=READY pgs=60 cs=0 l=1 rev1=1 crypto rx=0x7fdbc8011670 tx=0x7fdbc8011aa0 comp rx=0 tx=0).ready entity=mon.0 client_cookie=0 server_cookie=0 in_seq=0 out_seq=0
2024-05-08T06:31:07.843 INFO:teuthology.orchestra.run.smithi070.stdout:/usr/bin/ceph: stderr
2024-05-08T06:31:06.807+0000 7fdbcfe00700 1 -- 172.21.15.70:0/4141358755 <== mon.0 v2:172.21.15.70:3300/0 1 ==== mon_map magic: 0 ==== 205+0+0 (secure 0 0 0) 0x7fdbc8003a60 con 0x7fdbd807ee20
2024-05-08T06:31:07.843 INFO:teuthology.orchestra.run.smithi070.stdout:/usr/bin/ceph: stderr
2024-05-08T06:31:06.807+0000 7fdbde400700 1 -- 172.21.15.70:0/4141358755 --> [v2:172.21.15.70:3300/0,v1:172.21.15.70:6789/0] -- mon_subscribe({mgrmap=0+}) -- 0x7fdbd819f480 con 0x7fdbd807ee20
2024-05-08T06:31:07.843 INFO:teuthology.orchestra.run.smithi070.stdout:/usr/bin/ceph: stderr
2024-05-08T06:31:06.807+0000 7fdbcfe00700 1 -- 172.21.15.70:0/4141358755 <== mon.0 v2:172.21.15.70:3300/0 2 ==== config(25 keys) ==== 1063+0+0 (secure 0 0 0) 0x7fdbc801b8d0 con 0x7fdbd807ee20
2024-05-08T06:31:07.843 INFO:teuthology.orchestra.run.smithi070.stdout:/usr/bin/ceph: stderr
2024-05-08T06:31:06.807+0000 7fdbcfe00700 1 -- 172.21.15.70:0/4141358755 <== mon.0 v2:172.21.15.70:3300/0 3 ==== mon_map magic: 0 ==== 205+0+0 (secure 0 0 0) 0x7fdbc80237d0 con 0x7fdbd807ee20
2024-05-08T06:31:07.843 INFO:teuthology.orchestra.run.smithi070.stdout:/usr/bin/ceph: stderr
2024-05-08T06:31:06.807+0000 7fdbde400700 1 -- 172.21.15.70:0/4141358755 --> [v2:172.21.15.70:3300/0,v1:172.21.15.70:6789/0] -- mon_subscribe({osdmap=0}) -- 0x7fdbd81a2170 con 0x7fdbd807ee20
2024-05-08T06:31:07.844 INFO:teuthology.orchestra.run.smithi070.stdout:/usr/bin/ceph: stderr
2024-05-08T06:31:06.808+0000 7fdbcfe00700 1 -- 172.21.15.70:0/4141358755 <== mon.0 v2:172.21.15.70:3300/0 4 ==== mgrmap(e 9) ==== 50235+0+0 (secure 0 0 0) 0x7fdbc8023ad0 con 0x7fdbd807ee20
2024-05-08T06:31:07.844 INFO:teuthology.orchestra.run.smithi070.stdout:/usr/bin/ceph: stderr
2024-05-08T06:31:06.808+0000 7fdbde400700 1 -- 172.21.15.70:0/4141358755 --> [v2:172.21.15.70:3300/0,v1:172.21.15.70:6789/0] -- mon_command({"prefix": "get_command_descriptions"} v 0) -- 0x7fdbd8064b00 con 0x7fdbd807ee20
2024-05-08T06:31:07.844 INFO:teuthology.orchestra.run.smithi070.stdout:/usr/bin/ceph: stderr
2024-05-08T06:31:06.809+0000 7fdbcfe00700 1 --2- 172.21.15.70:0/4141358755 >> [v2:172.21.15.70:6800/1348548569,v1:172.21.15.70:6801/1348548569] conn(0x7fdbbc03e4c0 0x7fdbbc040980 unknown :-1 s=NONE pgs=0 cs=0 l=1 rev1=0 crypto rx=0 tx=0 comp rx=0 tx=0).connect
2024-05-08T06:31:07.844 INFO:teuthology.orchestra.run.smithi070.stdout:/usr/bin/ceph: stderr
2024-05-08T06:31:06.809+0000 7fdbcfe00700 1 -- 172.21.15.70:0/4141358755 <== mon.0 v2:172.21.15.70:3300/0 5 ==== osd_map(2..2 src has 1..2) ==== 940+0+0 (secure 0 0 0) 0x7fdbc8054190 con 0x7fdbd807ee20
2024-05-08T06:31:07.844 INFO:teuthology.orchestra.run.smithi070.stdout:/usr/bin/ceph: stderr
2024-05-08T06:31:06.809+0000 7fdbd6a00700 1 -- 172.21.15.70:0/4141358755 >> [v2:172.21.15.70:6800/1348548569,v1:172.21.15.70:6801/1348548569] conn(0x7fdbbc03e4c0 msgr2=0x7fdbbc040980 unknown :-1 s=STATE_CONNECTING_RE l=1).process reconnect failed to v2:172.21.15.70:6800/1348548569
2024-05-08T06:31:07.844 INFO:teuthology.orchestra.run.smithi070.stdout:/usr/bin/ceph: stderr
2024-05-08T06:31:06.809+0000 7fdbd6a00700 1 --2- 172.21.15.70:0/4141358755 >> [v2:172.21.15.70:6800/1348548569,v1:172.21.15.70:6801/1348548569] conn(0x7fdbbc03e4c0 0x7fdbbc040980 unknown :-1 s=START_CONNECT pgs=0 cs=0 l=1 rev1=0 crypto rx=0 tx=0 comp rx=0 tx=0)._fault waiting 0.200000
2024-05-08T06:31:07.844 INFO:teuthology.orchestra.run.smithi070.stdout:/usr/bin/ceph: stderr
2024-05-08T06:31:06.815+0000 7fdbcfe00700 1 -- 172.21.15.70:0/4141358755 <== mon.0 v2:172.21.15.70:3300/0 6 ==== mon_command_ack([{"prefix": "get_command_descriptions"}]=0 v0) ==== 72+0+191963 (secure 0 0 0) 0x7fdbc801f030 con 0x7fdbd807ee20
2024-05-08T06:31:07.844 INFO:teuthology.orchestra.run.smithi070.stdout:/usr/bin/ceph: stderr
2024-05-08T06:31:07.010+0000 7fdbd6a00700 1 -- 172.21.15.70:0/4141358755 >> [v2:172.21.15.70:6800/1348548569,v1:172.21.15.70:6801/1348548569] conn(0x7fdbbc03e4c0 msgr2=0x7fdbbc040980 unknown :-1 s=STATE_CONNECTING_RE l=1).process reconnect failed to v2:172.21.15.70:6800/1348548569
2024-05-08T06:31:07.844 INFO:teuthology.orchestra.run.smithi070.stdout:/usr/bin/ceph: stderr
2024-05-08T06:31:07.010+0000 7fdbd6a00700 1 --2- 172.21.15.70:0/4141358755 >> [v2:172.21.15.70:6800/1348548569,v1:172.21.15.70:6801/1348548569] conn(0x7fdbbc03e4c0 0x7fdbbc040980 unknown :-1 s=START_CONNECT pgs=0 cs=0 l=1 rev1=0 crypto rx=0 tx=0 comp rx=0 tx=0)._fault waiting 0.400000
2024-05-08T06:31:07.844 INFO:teuthology.orchestra.run.smithi070.stdout:/usr/bin/ceph: stderr
2024-05-08T06:31:07.104+0000 7fdbde400700 1 -- 172.21.15.70:0/4141358755 --> [v2:172.21.15.70:3300/0,v1:172.21.15.70:6789/0] -- mon_command({"prefix": "mgr stat"} v 0) -- 0x7fdbd81a2720 con 0x7fdbd807ee20
2024-05-08T06:31:07.844 INFO:teuthology.orchestra.run.smithi070.stdout:/usr/bin/ceph: stderr
2024-05-08T06:31:07.105+0000 7fdbcfe00700 1 -- 172.21.15.70:0/4141358755 <== mon.0 v2:172.21.15.70:3300/0 7 ==== mon_command_ack([{"prefix": "mgr stat"}]=0 v9) ==== 56+0+88 (secure 0 0 0) 0x7fdbc800b3e0 con 0x7fdbd807ee20
2024-05-08T06:31:07.844 INFO:teuthology.orchestra.run.smithi070.stdout:/usr/bin/ceph: stderr
2024-05-08T06:31:07.108+0000 7fdbde400700 1 -- 172.21.15.70:0/4141358755 >> [v2:172.21.15.70:6800/1348548569,v1:172.21.15.70:6801/1348548569] conn(0x7fdbbc03e4c0 msgr2=0x7fdbbc040980 unknown :-1 s=STATE_CONNECTING l=1).mark_down
2024-05-08T06:31:07.844 INFO:teuthology.orchestra.run.smithi070.stdout:/usr/bin/ceph: stderr
2024-05-08T06:31:07.108+0000 7fdbde400700 1 --2- 172.21.15.70:0/4141358755 >> [v2:172.21.15.70:6800/1348548569,v1:172.21.15.70:6801/1348548569] conn(0x7fdbbc03e4c0 0x7fdbbc040980 unknown :-1 s=START_CONNECT pgs=0 cs=0 l=1 rev1=0 crypto rx=0 tx=0 comp rx=0 tx=0).stop
2024-05-08T06:31:07.845 INFO:teuthology.orchestra.run.smithi070.stdout:/usr/bin/ceph: stderr
2024-05-08T06:31:07.108+0000 7fdbde400700 1 -- 172.21.15.70:0/4141358755 >> [v2:172.21.15.70:3300/0,v1:172.21.15.70:6789/0] conn(0x7fdbd807ee20 msgr2=0x7fdbd819ecb0 secure :-1 s=STATE_CONNECTION_ESTABLISHED l=1).mark_down
2024-05-08T06:31:07.845 INFO:teuthology.orchestra.run.smithi070.stdout:/usr/bin/ceph: stderr
2024-05-08T06:31:07.108+0000 7fdbde400700 1 --2- 172.21.15.70:0/4141358755 >> [v2:172.21.15.70:3300/0,v1:172.21.15.70:6789/0] conn(0x7fdbd807ee20 0x7fdbd819ecb0 secure :-1 s=READY pgs=60 cs=0 l=1 rev1=1 crypto rx=0x7fdbc8011670 tx=0x7fdbc8011aa0 comp rx=0 tx=0).stop
2024-05-08T06:31:07.845 INFO:teuthology.orchestra.run.smithi070.stdout:/usr/bin/ceph: stderr
2024-05-08T06:31:07.108+0000 7fdbde400700 1 -- 172.21.15.70:0/4141358755 shutdown_connections
2024-05-08T06:31:07.845 INFO:teuthology.orchestra.run.smithi070.stdout:/usr/bin/ceph: stderr
2024-05-08T06:31:07.108+0000 7fdbde400700 1 --2- 172.21.15.70:0/4141358755 >> [v2:172.21.15.70:6800/1348548569,v1:172.21.15.70:6801/1348548569] conn(0x7fdbbc03e4c0 0x7fdbbc040980 unknown :-1 s=CLOSED pgs=0 cs=0 l=1 rev1=0 crypto rx=0 tx=0 comp rx=0 tx=0).stop
2024-05-08T06:31:07.845 INFO:teuthology.orchestra.run.smithi070.stdout:/usr/bin/ceph: stderr
2024-05-08T06:31:07.108+0000 7fdbde400700 1 --2- 172.21.15.70:0/4141358755 >> [v2:172.21.15.70:3300/0,v1:172.21.15.70:6789/0] conn(0x7fdbd807ee20 0x7fdbd819ecb0 unknown :-1 s=CLOSED pgs=60 cs=0 l=1 rev1=1 crypto rx=0 tx=0 comp rx=0 tx=0).stop
2024-05-08T06:31:07.845 INFO:teuthology.orchestra.run.smithi070.stdout:/usr/bin/ceph: stderr
2024-05-08T06:31:07.108+0000 7fdbde400700 1 -- 172.21.15.70:0/4141358755 >> 172.21.15.70:0/4141358755 conn(0x7fdbd8104270 msgr2=0x7fdbd8104d40 unknown :-1 s=STATE_NONE l=0).mark_down
2024-05-08T06:31:07.845 INFO:teuthology.orchestra.run.smithi070.stdout:/usr/bin/ceph: stderr
2024-05-08T06:31:07.109+0000 7fdbde400700 1 -- 172.21.15.70:0/4141358755 shutdown_connections
2024-05-08T06:31:07.845 INFO:teuthology.orchestra.run.smithi070.stdout:/usr/bin/ceph: stderr
2024-05-08T06:31:07.109+0000 7fdbde400700 1 -- 172.21.15.70:0/4141358755 wait complete.
2024-05-08T06:31:07.845 INFO:teuthology.orchestra.run.smithi070.stdout:Waiting for the mgr to restart...
2024-05-08T06:31:07.845 INFO:teuthology.orchestra.run.smithi070.stdout:Waiting for mgr epoch 9...
2024-05-08T06:31:08.128 INFO:journalctl@ceph.mgr.x.smithi070.stdout:May 08 06:31:07 smithi070 ceph-3cf89df8-0d04-11ef-bc97-c7b262605968-mgr-x[29820]:
2024-05-08T06:31:07.862+0000 7f16fc3a9200 -1 mgr[py] Module iostat has missing NOTIFY_TYPES member
2024-05-08T06:31:08.453 INFO:journalctl@ceph.mgr.x.smithi070.stdout:May 08 06:31:08 smithi070 ceph-3cf89df8-0d04-11ef-bc97-c7b262605968-mgr-x[29820]:
2024-05-08T06:31:08.253+0000 7f16fc3a9200 -1 mgr[py] Module alerts has missing NOTIFY_TYPES member
2024-05-08T06:31:08.453 INFO:journalctl@ceph.mgr.x.smithi070.stdout:May 08 06:31:08 smithi070 ceph-3cf89df8-0d04-11ef-bc97-c7b262605968-mgr-x[29820]:
2024-05-08T06:31:08.379+0000 7f16fc3a9200 -1 mgr[py] Module selftest has missing NOTIFY_TYPES member
2024-05-08T06:31:08.878 INFO:journalctl@ceph.mgr.x.smithi070.stdout:May 08 06:31:08 smithi070 ceph-3cf89df8-0d04-11ef-bc97-c7b262605968-mgr-x[29820]:
2024-05-08T06:31:08.634+0000 7f16fc3a9200 -1 mgr[py] Module pg_autoscaler has missing NOTIFY_TYPES member
2024-05-08T06:31:09.379 INFO:journalctl@ceph.mgr.x.smithi070.stdout:May 08 06:31:08 smithi070 ceph-3cf89df8-0d04-11ef-bc97-c7b262605968-mgr-x[29820]:
2024-05-08T06:31:08.887+0000 7f16fc3a9200 -1 mgr[py] Module test_orchestrator has missing NOTIFY_TYPES member
2024-05-08T06:31:09.961 INFO:journalctl@ceph.mgr.x.smithi070.stdout:May 08 06:31:09 smithi070 ceph-3cf89df8-0d04-11ef-bc97-c7b262605968-mgr-x[29820]:
2024-05-08T06:31:09.669+0000 7f16fc3a9200 -1 mgr[py] Module rook has missing NOTIFY_TYPES member
2024-05-08T06:31:10.381 INFO:journalctl@ceph.mgr.x.smithi070.stdout:May 08 06:31:09 smithi070 ceph-3cf89df8-0d04-11ef-bc97-c7b262605968-mgr-x[29820]:
2024-05-08T06:31:09.962+0000 7f16fc3a9200 -1 mgr[py] Module smb has missing NOTIFY_TYPES member
2024-05-08T06:31:10.879 INFO:journalctl@ceph.mgr.x.smithi070.stdout:May 08 06:31:10 smithi070 ceph-3cf89df8-0d04-11ef-bc97-c7b262605968-mgr-x[29820]:
2024-05-08T06:31:10.520+0000 7f16fc3a9200 -1 mgr[py] Module volumes has missing NOTIFY_TYPES member
2024-05-08T06:31:10.879 INFO:journalctl@ceph.mgr.x.smithi070.stdout:May 08 06:31:10 smithi070 ceph-3cf89df8-0d04-11ef-bc97-c7b262605968-mgr-x[29820]:
2024-05-08T06:31:10.647+0000 7f16fc3a9200 -1 mgr[py] Module crash has missing NOTIFY_TYPES member
2024-05-08T06:31:11.379 INFO:journalctl@ceph.mgr.x.smithi070.stdout:May 08 06:31:11 smithi070 ceph-3cf89df8-0d04-11ef-bc97-c7b262605968-mgr-x[29820]:
2024-05-08T06:31:11.111+0000 7f16fc3a9200 -1 mgr[py] Module rgw has missing NOTIFY_TYPES member
2024-05-08T06:31:11.878 INFO:journalctl@ceph.mgr.x.smithi070.stdout:May 08 06:31:11 smithi070 ceph-3cf89df8-0d04-11ef-bc97-c7b262605968-mgr-x[29820]:
2024-05-08T06:31:11.562+0000 7f16fc3a9200 -1 mgr[py] Module prometheus has missing NOTIFY_TYPES member
2024-05-08T06:31:11.879 INFO:journalctl@ceph.mgr.x.smithi070.stdout:May 08 06:31:11 smithi070 ceph-3cf89df8-0d04-11ef-bc97-c7b262605968-mgr-x[29820]:
2024-05-08T06:31:11.687+0000 7f16fc3a9200 -1 mgr[py] Module devicehealth has missing NOTIFY_TYPES member
2024-05-08T06:31:12.319 INFO:journalctl@ceph.mgr.x.smithi070.stdout:May 08 06:31:12 smithi070 ceph-3cf89df8-0d04-11ef-bc97-c7b262605968-mgr-x[29820]:
2024-05-08T06:31:12.011+0000 7f16fc3a9200 -1 mgr[py] Module telemetry has missing NOTIFY_TYPES member
2024-05-08T06:31:12.319 INFO:journalctl@ceph.mgr.x.smithi070.stdout:May 08 06:31:12 smithi070 ceph-3cf89df8-0d04-11ef-bc97-c7b262605968-mgr-x[29820]:
2024-05-08T06:31:12.190+0000 7f16fc3a9200 -1 mgr[py] Module diskprediction_local has missing NOTIFY_TYPES member
2024-05-08T06:31:13.128 INFO:journalctl@ceph.mgr.x.smithi070.stdout:May 08 06:31:12 smithi070 ceph-3cf89df8-0d04-11ef-bc97-c7b262605968-mgr-x[29820]:
2024-05-08T06:31:12.319+0000 7f16fc3a9200 -1 mgr[py] Module osd_perf_query has missing NOTIFY_TYPES member
2024-05-08T06:31:13.129 INFO:journalctl@ceph.mgr.x.smithi070.stdout:May 08 06:31:12 smithi070 ceph-3cf89df8-0d04-11ef-bc97-c7b262605968-mgr-x[29820]:
2024-05-08T06:31:12.719+0000 7f16fc3a9200 -1 mgr[py] Module rbd_support has missing NOTIFY_TYPES member
2024-05-08T06:31:13.129 INFO:journalctl@ceph.mgr.x.smithi070.stdout:May 08 06:31:12 smithi070 ceph-3cf89df8-0d04-11ef-bc97-c7b262605968-mgr-x[29820]:
2024-05-08T06:31:12.847+0000 7f16fc3a9200 -1 mgr[py] Module zabbix has missing NOTIFY_TYPES member
2024-05-08T06:31:13.878 INFO:journalctl@ceph.mgr.x.smithi070.stdout:May 08 06:31:13 smithi070 ceph-3cf89df8-0d04-11ef-bc97-c7b262605968-mgr-x[29820]:
2024-05-08T06:31:13.610+0000 7f16fc3a9200 -1 mgr[py] Module status has missing NOTIFY_TYPES member
2024-05-08T06:31:14.379 INFO:journalctl@ceph.mgr.x.smithi070.stdout:May 08 06:31:13 smithi070 ceph-3cf89df8-0d04-11ef-bc97-c7b262605968-mgr-x[29820]:
2024-05-08T06:31:13.899+0000 7f16fc3a9200 -1 mgr[py] Module nfs has missing NOTIFY_TYPES member
2024-05-08T06:31:14.379 INFO:journalctl@ceph.mon.a.smithi070.stdout:May 08 06:31:13 smithi070 ceph-mon[29591]: Active manager daemon x restarted
2024-05-08T06:31:14.379 INFO:journalctl@ceph.mon.a.smithi070.stdout:May 08 06:31:13 smithi070 ceph-mon[29591]: Activating manager daemon x
2024-05-08T06:31:14.379 INFO:journalctl@ceph.mon.a.smithi070.stdout:May 08 06:31:13 smithi070 ceph-mon[29591]: osdmap e3: 0 total, 0 up, 0 in
2024-05-08T06:31:14.379 INFO:journalctl@ceph.mon.a.smithi070.stdout:May 08 06:31:13 smithi070 ceph-mon[29591]: mgrmap e10: x(active, starting, since 0.00990426s)
2024-05-08T06:31:14.379 INFO:journalctl@ceph.mon.a.smithi070.stdout:May 08 06:31:13 smithi070 ceph-mon[29591]: from='mgr.14152 172.21.15.70:0/1367609956' entity='mgr.x' cmd=[{"prefix": "mon metadata", "id": "a"}]: dispatch
2024-05-08T06:31:14.379 INFO:journalctl@ceph.mon.a.smithi070.stdout:May 08 06:31:13 smithi070 ceph-mon[29591]: from='mgr.14152 172.21.15.70:0/1367609956' entity='mgr.x' cmd=[{"prefix": "mgr metadata", "who": "x", "id": "x"}]: dispatch
2024-05-08T06:31:14.379 INFO:journalctl@ceph.mon.a.smithi070.stdout:May 08 06:31:13 smithi070 ceph-mon[29591]: from='mgr.14152 172.21.15.70:0/1367609956' entity='mgr.x' cmd=[{"prefix": "mds metadata"}]: dispatch
2024-05-08T06:31:14.380 INFO:journalctl@ceph.mon.a.smithi070.stdout:May 08 06:31:13 smithi070 ceph-mon[29591]: from='mgr.14152 172.21.15.70:0/1367609956' entity='mgr.x' cmd=[{"prefix": "osd metadata"}]: dispatch
2024-05-08T06:31:14.380 INFO:journalctl@ceph.mon.a.smithi070.stdout:May 08 06:31:13 smithi070 ceph-mon[29591]: from='mgr.14152 172.21.15.70:0/1367609956' entity='mgr.x' cmd=[{"prefix": "mon metadata"}]: dispatch
2024-05-08T06:31:14.380 INFO:journalctl@ceph.mon.a.smithi070.stdout:May 08 06:31:13 smithi070 ceph-mon[29591]: Manager daemon x is now available
2024-05-08T06:31:15.266 INFO:journalctl@ceph.mon.a.smithi070.stdout:May 08 06:31:14 smithi070 ceph-mon[29591]: from='mgr.14152 172.21.15.70:0/1367609956' entity='mgr.x' cmd=[{"prefix": "config dump", "format": "json"}]: dispatch
2024-05-08T06:31:15.266 INFO:journalctl@ceph.mon.a.smithi070.stdout:May 08 06:31:14 smithi070 ceph-mon[29591]: from='mgr.14152 172.21.15.70:0/1367609956' entity='mgr.x' cmd=[{"prefix":"config rm","who":"mgr","name":"mgr/rbd_support/x/mirror_snapshot_schedule"}]: dispatch
2024-05-08T06:31:15.266 INFO:journalctl@ceph.mon.a.smithi070.stdout:May 08 06:31:14 smithi070 ceph-mon[29591]: from='mgr.14152 172.21.15.70:0/1367609956' entity='mgr.x' cmd=[{"prefix":"config rm","who":"mgr","name":"mgr/rbd_support/x/trash_purge_schedule"}]: dispatch
2024-05-08T06:31:15.266 INFO:journalctl@ceph.mon.a.smithi070.stdout:May 08 06:31:14 smithi070 ceph-mon[29591]: [08/May/2024:06:31:14] ENGINE Bus STARTING
2024-05-08T06:31:15.266 INFO:journalctl@ceph.mon.a.smithi070.stdout:May 08 06:31:14 smithi070 ceph-mon[29591]: [08/May/2024:06:31:14] ENGINE Serving on http://172.21.15.70:8765
2024-05-08T06:31:15.266 INFO:journalctl@ceph.mon.a.smithi070.stdout:May 08 06:31:14 smithi070 ceph-mon[29591]: mgrmap e11: x(active, since 1.01016s)
2024-05-08T06:31:16.316 INFO:journalctl@ceph.mon.a.smithi070.stdout:May 08 06:31:15 smithi070 ceph-mon[29591]: [08/May/2024:06:31:14] ENGINE Serving on https://172.21.15.70:7150
2024-05-08T06:31:16.316 INFO:journalctl@ceph.mon.a.smithi070.stdout:May 08 06:31:15 smithi070 ceph-mon[29591]: [08/May/2024:06:31:14] ENGINE Bus STARTED
2024-05-08T06:31:16.316 INFO:journalctl@ceph.mon.a.smithi070.stdout:May 08 06:31:15 smithi070 ceph-mon[29591]: from='client.14156 -' entity='client.admin' cmd=[{"prefix": "get_command_descriptions"}]: dispatch
2024-05-08T06:31:16.316 INFO:journalctl@ceph.mon.a.smithi070.stdout:May 08 06:31:15 smithi070 ceph-mon[29591]: from='client.14156 -' entity='client.admin' cmd=[{"prefix": "mgr_status"}]: dispatch
2024-05-08T06:31:16.328 INFO:teuthology.orchestra.run.smithi070.stdout:/usr/bin/ceph: stdout {
2024-05-08T06:31:16.329 INFO:teuthology.orchestra.run.smithi070.stdout:/usr/bin/ceph: stdout "mgrmap_epoch": 11,
2024-05-08T06:31:16.329 INFO:teuthology.orchestra.run.smithi070.stdout:/usr/bin/ceph: stdout "initialized": true
2024-05-08T06:31:16.329 INFO:teuthology.orchestra.run.smithi070.stdout:/usr/bin/ceph: stdout }
2024-05-08T06:31:16.329 INFO:teuthology.orchestra.run.smithi070.stdout:/usr/bin/ceph: stderr
2024-05-08T06:31:08.454+0000 7f4011600700 1 Processor -- start
2024-05-08T06:31:16.329 INFO:teuthology.orchestra.run.smithi070.stdout:/usr/bin/ceph: stderr
2024-05-08T06:31:08.454+0000 7f4011600700 1 -- start start
2024-05-08T06:31:16.337 INFO:teuthology.orchestra.run.smithi070.stdout:/usr/bin/ceph: stderr
2024-05-08T06:31:08.455+0000 7f4011600700 1 --2- >> [v2:172.21.15.70:3300/0,v1:172.21.15.70:6789/0] conn(0x7f400c1097e0 0x7f400c10bbd0 unknown :-1 s=NONE pgs=0 cs=0 l=0 rev1=0 crypto rx=0 tx=0 comp rx=0 tx=0).connect
2024-05-08T06:31:16.337 INFO:teuthology.orchestra.run.smithi070.stdout:/usr/bin/ceph: stderr
2024-05-08T06:31:08.455+0000 7f4011600700 1 -- --> [v2:172.21.15.70:3300/0,v1:172.21.15.70:6789/0] -- mon_getmap magic: 0 -- 0x7f400c07cdc0 con 0x7f400c1097e0
2024-05-08T06:31:16.337 INFO:teuthology.orchestra.run.smithi070.stdout:/usr/bin/ceph: stderr
2024-05-08T06:31:08.455+0000 7f400aa00700 1 --2- >> [v2:172.21.15.70:3300/0,v1:172.21.15.70:6789/0] conn(0x7f400c1097e0 0x7f400c10bbd0 unknown :-1 s=BANNER_CONNECTING pgs=0 cs=0 l=0 rev1=0 crypto rx=0 tx=0 comp rx=0 tx=0)._handle_peer_banner_payload supported=3 required=0
2024-05-08T06:31:16.337 INFO:teuthology.orchestra.run.smithi070.stdout:/usr/bin/ceph: stderr
2024-05-08T06:31:08.455+0000 7f400aa00700 1 --2- >> [v2:172.21.15.70:3300/0,v1:172.21.15.70:6789/0] conn(0x7f400c1097e0 0x7f400c10bbd0 unknown :-1 s=HELLO_CONNECTING pgs=0 cs=0 l=0 rev1=1 crypto rx=0 tx=0 comp rx=0 tx=0).handle_hello peer v2:172.21.15.70:3300/0 says I am v2:172.21.15.70:55382/0 (socket says 172.21.15.70:55382)
2024-05-08T06:31:16.338 INFO:teuthology.orchestra.run.smithi070.stdout:/usr/bin/ceph: stderr
2024-05-08T06:31:08.455+0000 7f400aa00700 1 -- 172.21.15.70:0/178874769 learned_addr learned my addr 172.21.15.70:0/178874769 (peer_addr_for_me v2:172.21.15.70:0/0)
2024-05-08T06:31:16.338 INFO:teuthology.orchestra.run.smithi070.stdout:/usr/bin/ceph: stderr
2024-05-08T06:31:08.456+0000 7f400aa00700 1 -- 172.21.15.70:0/178874769 --> [v2:172.21.15.70:3300/0,v1:172.21.15.70:6789/0] -- mon_subscribe({config=0+,monmap=0+}) -- 0x7f400c10c110 con 0x7f400c1097e0
2024-05-08T06:31:16.338 INFO:teuthology.orchestra.run.smithi070.stdout:/usr/bin/ceph: stderr
2024-05-08T06:31:08.456+0000 7f400aa00700 1 --2- 172.21.15.70:0/178874769 >> [v2:172.21.15.70:3300/0,v1:172.21.15.70:6789/0] conn(0x7f400c1097e0 0x7f400c10bbd0 secure :-1 s=READY pgs=61 cs=0 l=1 rev1=1 crypto rx=0x7f3ffc0098a0 tx=0x7f3ffc009bb0 comp rx=0 tx=0).ready entity=mon.0 client_cookie=355ff9268a3d72ad server_cookie=0 in_seq=0 out_seq=0
2024-05-08T06:31:16.338 INFO:teuthology.orchestra.run.smithi070.stdout:/usr/bin/ceph: stderr
2024-05-08T06:31:08.456+0000 7f4009600700 1 -- 172.21.15.70:0/178874769 <== mon.0 v2:172.21.15.70:3300/0 1 ==== mon_map magic: 0 ==== 205+0+0 (secure 0 0 0) 0x7f3ffc004160 con 0x7f400c1097e0
2024-05-08T06:31:16.338 INFO:teuthology.orchestra.run.smithi070.stdout:/usr/bin/ceph: stderr
2024-05-08T06:31:08.456+0000 7f4009600700 1 -- 172.21.15.70:0/178874769 <== mon.0 v2:172.21.15.70:3300/0 2 ==== config(25 keys) ==== 1063+0+0 (secure 0 0 0) 0x7f3ffc004300 con 0x7f400c1097e0
2024-05-08T06:31:16.338 INFO:teuthology.orchestra.run.smithi070.stdout:/usr/bin/ceph: stderr
2024-05-08T06:31:08.456+0000 7f4009600700 1 -- 172.21.15.70:0/178874769 <== mon.0 v2:172.21.15.70:3300/0 3 ==== mon_map magic: 0 ==== 205+0+0 (secure 0 0 0) 0x7f3ffc011960 con 0x7f400c1097e0
2024-05-08T06:31:16.338 INFO:teuthology.orchestra.run.smithi070.stdout:/usr/bin/ceph: stderr
2024-05-08T06:31:08.457+0000 7f4011600700 1 -- 172.21.15.70:0/178874769 >> [v2:172.21.15.70:3300/0,v1:172.21.15.70:6789/0] conn(0x7f400c1097e0 msgr2=0x7f400c10bbd0 secure :-1 s=STATE_CONNECTION_ESTABLISHED l=1).mark_down
2024-05-08T06:31:16.338 INFO:teuthology.orchestra.run.smithi070.stdout:/usr/bin/ceph: stderr
2024-05-08T06:31:08.457+0000 7f4011600700 1 --2- 172.21.15.70:0/178874769 >> [v2:172.21.15.70:3300/0,v1:172.21.15.70:6789/0] conn(0x7f400c1097e0 0x7f400c10bbd0 secure :-1 s=READY pgs=61 cs=0 l=1 rev1=1 crypto rx=0x7f3ffc0098a0 tx=0x7f3ffc009bb0 comp rx=0 tx=0).stop
2024-05-08T06:31:16.338 INFO:teuthology.orchestra.run.smithi070.stdout:/usr/bin/ceph: stderr
2024-05-08T06:31:08.457+0000 7f4011600700 1 -- 172.21.15.70:0/178874769 shutdown_connections
2024-05-08T06:31:16.338 INFO:teuthology.orchestra.run.smithi070.stdout:/usr/bin/ceph: stderr
2024-05-08T06:31:08.457+0000 7f4011600700 1 --2- 172.21.15.70:0/178874769 >> [v2:172.21.15.70:3300/0,v1:172.21.15.70:6789/0] conn(0x7f400c1097e0 0x7f400c10bbd0 unknown :-1 s=CLOSED pgs=61 cs=0 l=1 rev1=1 crypto rx=0 tx=0 comp rx=0 tx=0).stop
2024-05-08T06:31:16.338 INFO:teuthology.orchestra.run.smithi070.stdout:/usr/bin/ceph: stderr
2024-05-08T06:31:08.457+0000 7f4011600700 1 -- 172.21.15.70:0/178874769 >> 172.21.15.70:0/178874769 conn(0x7f400c103130 msgr2=0x7f400c105570 unknown :-1 s=STATE_NONE l=0).mark_down
2024-05-08T06:31:16.338 INFO:teuthology.orchestra.run.smithi070.stdout:/usr/bin/ceph: stderr
2024-05-08T06:31:08.457+0000 7f4011600700 1 -- 172.21.15.70:0/178874769 shutdown_connections
2024-05-08T06:31:16.338 INFO:teuthology.orchestra.run.smithi070.stdout:/usr/bin/ceph: stderr
2024-05-08T06:31:08.457+0000 7f4011600700 1 -- 172.21.15.70:0/178874769 wait complete.
2024-05-08T06:31:16.339 INFO:teuthology.orchestra.run.smithi070.stdout:/usr/bin/ceph: stderr
2024-05-08T06:31:08.458+0000 7f4011600700 1 Processor -- start
2024-05-08T06:31:16.339 INFO:teuthology.orchestra.run.smithi070.stdout:/usr/bin/ceph: stderr
2024-05-08T06:31:08.458+0000 7f4011600700 1 -- start start
2024-05-08T06:31:16.339 INFO:teuthology.orchestra.run.smithi070.stdout:/usr/bin/ceph: stderr
2024-05-08T06:31:08.459+0000 7f4011600700 1 --2- >> [v2:172.21.15.70:3300/0,v1:172.21.15.70:6789/0] conn(0x7f400c1097e0 0x7f400c109060 unknown :-1 s=NONE pgs=0 cs=0 l=1 rev1=0 crypto rx=0 tx=0 comp rx=0 tx=0).connect
2024-05-08T06:31:16.339 INFO:teuthology.orchestra.run.smithi070.stdout:/usr/bin/ceph: stderr
2024-05-08T06:31:08.459+0000 7f4011600700 1 -- --> [v2:172.21.15.70:3300/0,v1:172.21.15.70:6789/0] -- mon_getmap magic: 0 -- 0x7f400c10cff0 con 0x7f400c1097e0
2024-05-08T06:31:16.339 INFO:teuthology.orchestra.run.smithi070.stdout:/usr/bin/ceph: stderr
2024-05-08T06:31:08.459+0000 7f400aa00700 1 --2- >> [v2:172.21.15.70:3300/0,v1:172.21.15.70:6789/0] conn(0x7f400c1097e0 0x7f400c109060 unknown :-1 s=BANNER_CONNECTING pgs=0 cs=0 l=1 rev1=0 crypto rx=0 tx=0 comp rx=0 tx=0)._handle_peer_banner_payload supported=3 required=0
2024-05-08T06:31:16.339 INFO:teuthology.orchestra.run.smithi070.stdout:/usr/bin/ceph: stderr
2024-05-08T06:31:08.459+0000 7f400aa00700 1 --2- >> [v2:172.21.15.70:3300/0,v1:172.21.15.70:6789/0] conn(0x7f400c1097e0 0x7f400c109060 unknown :-1 s=HELLO_CONNECTING pgs=0 cs=0 l=1 rev1=1 crypto rx=0 tx=0 comp rx=0 tx=0).handle_hello peer v2:172.21.15.70:3300/0 says I am v2:172.21.15.70:55398/0 (socket says 172.21.15.70:55398)
2024-05-08T06:31:16.339 INFO:teuthology.orchestra.run.smithi070.stdout:/usr/bin/ceph: stderr
2024-05-08T06:31:08.459+0000 7f400aa00700 1 -- 172.21.15.70:0/3666188005 learned_addr learned my addr 172.21.15.70:0/3666188005 (peer_addr_for_me v2:172.21.15.70:0/0)
2024-05-08T06:31:16.339 INFO:teuthology.orchestra.run.smithi070.stdout:/usr/bin/ceph: stderr
2024-05-08T06:31:08.459+0000 7f400aa00700 1 -- 172.21.15.70:0/3666188005 --> [v2:172.21.15.70:3300/0,v1:172.21.15.70:6789/0] -- mon_subscribe({config=0+,monmap=0+}) -- 0x7f400c1095a0 con 0x7f400c1097e0
2024-05-08T06:31:16.339 INFO:teuthology.orchestra.run.smithi070.stdout:/usr/bin/ceph: stderr
2024-05-08T06:31:08.460+0000 7f400aa00700 1 --2- 172.21.15.70:0/3666188005 >> [v2:172.21.15.70:3300/0,v1:172.21.15.70:6789/0] conn(0x7f400c1097e0 0x7f400c109060 secure :-1 s=READY pgs=62 cs=0 l=1 rev1=1 crypto rx=0x7f3ffc011670 tx=0x7f3ffc011a30 comp rx=0 tx=0).ready entity=mon.0 client_cookie=0 server_cookie=0 in_seq=0 out_seq=0
2024-05-08T06:31:16.339 INFO:teuthology.orchestra.run.smithi070.stdout:/usr/bin/ceph: stderr
2024-05-08T06:31:08.460+0000 7f4003400700 1 -- 172.21.15.70:0/3666188005 <== mon.0 v2:172.21.15.70:3300/0 1 ==== mon_map magic: 0 ==== 205+0+0 (secure 0 0 0) 0x7f3ffc003a60 con 0x7f400c1097e0
2024-05-08T06:31:16.339 INFO:teuthology.orchestra.run.smithi070.stdout:/usr/bin/ceph: stderr
2024-05-08T06:31:08.460+0000 7f4003400700 1 -- 172.21.15.70:0/3666188005 <== mon.0 v2:172.21.15.70:3300/0 2 ==== config(25 keys) ==== 1063+0+0 (secure 0 0 0) 0x7f3ffc01b8d0 con 0x7f400c1097e0
2024-05-08T06:31:16.339 INFO:teuthology.orchestra.run.smithi070.stdout:/usr/bin/ceph: stderr
2024-05-08T06:31:08.460+0000 7f4003400700 1 -- 172.21.15.70:0/3666188005 <== mon.0 v2:172.21.15.70:3300/0 3 ==== mon_map magic: 0 ==== 205+0+0 (secure 0 0 0) 0x7f3ffc023790 con 0x7f400c1097e0
2024-05-08T06:31:16.339 INFO:teuthology.orchestra.run.smithi070.stdout:/usr/bin/ceph: stderr
2024-05-08T06:31:08.460+0000 7f4011600700 1 -- 172.21.15.70:0/3666188005 --> [v2:172.21.15.70:3300/0,v1:172.21.15.70:6789/0] -- mon_subscribe({mgrmap=0+}) -- 0x7f400c107790 con 0x7f400c1097e0
2024-05-08T06:31:16.339 INFO:teuthology.orchestra.run.smithi070.stdout:/usr/bin/ceph: stderr
2024-05-08T06:31:08.460+0000 7f4011600700 1 -- 172.21.15.70:0/3666188005 --> [v2:172.21.15.70:3300/0,v1:172.21.15.70:6789/0] -- mon_subscribe({osdmap=0}) -- 0x7f400c107cd0 con 0x7f400c1097e0
2024-05-08T06:31:16.340 INFO:teuthology.orchestra.run.smithi070.stdout:/usr/bin/ceph: stderr
2024-05-08T06:31:08.461+0000 7f4003400700 1 -- 172.21.15.70:0/3666188005 <== mon.0 v2:172.21.15.70:3300/0 4 ==== mgrmap(e 9) ==== 50235+0+0 (secure 0 0 0) 0x7f3ffc01b440 con 0x7f400c1097e0
2024-05-08T06:31:16.340 INFO:teuthology.orchestra.run.smithi070.stdout:/usr/bin/ceph: stderr
2024-05-08T06:31:08.462+0000 7f4003400700 1 --2- 172.21.15.70:0/3666188005 >> [v2:172.21.15.70:6800/1348548569,v1:172.21.15.70:6801/1348548569] conn(0x7f3ff003e520 0x7f3ff00409e0 unknown :-1 s=NONE pgs=0 cs=0 l=1 rev1=0 crypto rx=0 tx=0 comp rx=0 tx=0).connect
2024-05-08T06:31:16.340 INFO:teuthology.orchestra.run.smithi070.stdout:/usr/bin/ceph: stderr
2024-05-08T06:31:08.462+0000 7f4003400700 1 -- 172.21.15.70:0/3666188005 --> [v2:172.21.15.70:6800/1348548569,v1:172.21.15.70:6801/1348548569] -- command(tid 0: {"prefix": "get_command_descriptions"}) -- 0x7f3ff00410f0 con 0x7f3ff003e520
2024-05-08T06:31:16.340 INFO:teuthology.orchestra.run.smithi070.stdout:/usr/bin/ceph: stderr
2024-05-08T06:31:08.462+0000 7f4003400700 1 -- 172.21.15.70:0/3666188005 <== mon.0 v2:172.21.15.70:3300/0 5 ==== osd_map(2..2 src has 1..2) ==== 940+0+0 (secure 0 0 0) 0x7f3ffc053f30 con 0x7f400c1097e0
2024-05-08T06:31:16.340 INFO:teuthology.orchestra.run.smithi070.stdout:/usr/bin/ceph: stderr
2024-05-08T06:31:08.462+0000 7f400a000700 1 -- 172.21.15.70:0/3666188005 >> [v2:172.21.15.70:6800/1348548569,v1:172.21.15.70:6801/1348548569] conn(0x7f3ff003e520 msgr2=0x7f3ff00409e0 unknown :-1 s=STATE_CONNECTING_RE l=1).process reconnect failed to v2:172.21.15.70:6800/1348548569
2024-05-08T06:31:16.340 INFO:teuthology.orchestra.run.smithi070.stdout:/usr/bin/ceph: stderr
2024-05-08T06:31:08.462+0000 7f400a000700 1 --2- 172.21.15.70:0/3666188005 >> [v2:172.21.15.70:6800/1348548569,v1:172.21.15.70:6801/1348548569] conn(0x7f3ff003e520 0x7f3ff00409e0 unknown :-1 s=START_CONNECT pgs=0 cs=0 l=1 rev1=0 crypto rx=0 tx=0 comp rx=0 tx=0)._fault waiting 0.200000
2024-05-08T06:31:16.340 INFO:teuthology.orchestra.run.smithi070.stdout:/usr/bin/ceph: stderr
2024-05-08T06:31:08.663+0000 7f400a000700 1 -- 172.21.15.70:0/3666188005 >> [v2:172.21.15.70:6800/1348548569,v1:172.21.15.70:6801/1348548569] conn(0x7f3ff003e520 msgr2=0x7f3ff00409e0 unknown :-1 s=STATE_CONNECTING_RE l=1).process reconnect failed to v2:172.21.15.70:6800/1348548569
2024-05-08T06:31:16.340 INFO:teuthology.orchestra.run.smithi070.stdout:/usr/bin/ceph: stderr
2024-05-08T06:31:08.663+0000 7f400a000700 1 --2- 172.21.15.70:0/3666188005 >> [v2:172.21.15.70:6800/1348548569,v1:172.21.15.70:6801/1348548569] conn(0x7f3ff003e520 0x7f3ff00409e0 unknown :-1 s=START_CONNECT pgs=0 cs=0 l=1 rev1=0 crypto rx=0 tx=0 comp rx=0 tx=0)._fault waiting 0.400000
2024-05-08T06:31:16.340 INFO:teuthology.orchestra.run.smithi070.stdout:/usr/bin/ceph: stderr
2024-05-08T06:31:09.064+0000 7f400a000700 1 -- 172.21.15.70:0/3666188005 >> [v2:172.21.15.70:6800/1348548569,v1:172.21.15.70:6801/1348548569] conn(0x7f3ff003e520 msgr2=0x7f3ff00409e0 unknown :-1 s=STATE_CONNECTING_RE l=1).process reconnect failed to v2:172.21.15.70:6800/1348548569
2024-05-08T06:31:16.340 INFO:teuthology.orchestra.run.smithi070.stdout:/usr/bin/ceph: stderr
2024-05-08T06:31:09.064+0000 7f400a000700 1 --2- 172.21.15.70:0/3666188005 >> [v2:172.21.15.70:6800/1348548569,v1:172.21.15.70:6801/1348548569] conn(0x7f3ff003e520 0x7f3ff00409e0 unknown :-1 s=START_CONNECT pgs=0 cs=0 l=1 rev1=0 crypto rx=0 tx=0 comp rx=0 tx=0)._fault waiting 0.800000
2024-05-08T06:31:16.340 INFO:teuthology.orchestra.run.smithi070.stdout:/usr/bin/ceph: stderr
