2024-05-08T06:30:26.678 INFO:teuthology.orchestra.run.smithi070.stdout:/usr/bin/ceph: stderr
2024-05-08T06:30:25.493+0000 7fc45aa00700 1 -- 172.21.15.70:0/4216865761 --> [v2:172.21.15.70:3300/0,v1:172.21.15.70:6789/0] -- mon_subscribe({mgrmap=0+}) -- 0x7fc4541a3880 con 0x7fc45410fcc0
2024-05-08T06:30:26.678 INFO:teuthology.orchestra.run.smithi070.stdout:/usr/bin/ceph: stderr
2024-05-08T06:30:25.493+0000 7fc45aa00700 1 -- 172.21.15.70:0/4216865761 --> [v2:172.21.15.70:3300/0,v1:172.21.15.70:6789/0] -- mon_subscribe({osdmap=0}) -- 0x7fc4541a6570 con 0x7fc45410fcc0
2024-05-08T06:30:26.678 INFO:teuthology.orchestra.run.smithi070.stdout:/usr/bin/ceph: stderr
2024-05-08T06:30:25.494+0000 7fc450c00700 1 -- 172.21.15.70:0/4216865761 <== mon.0 v2:172.21.15.70:3300/0 4 ==== mgrmap(e 3) ==== 50105+0+0 (secure 0 0 0) 0x7fc444022020 con 0x7fc45410fcc0
2024-05-08T06:30:26.678 INFO:teuthology.orchestra.run.smithi070.stdout:/usr/bin/ceph: stderr
2024-05-08T06:30:25.494+0000 7fc45aa00700 1 -- 172.21.15.70:0/4216865761 --> [v2:172.21.15.70:3300/0,v1:172.21.15.70:6789/0] -- mon_command({"prefix": "get_command_descriptions"} v 0) -- 0x7fc454064b00 con 0x7fc45410fcc0
2024-05-08T06:30:26.678 INFO:teuthology.orchestra.run.smithi070.stdout:/usr/bin/ceph: stderr
2024-05-08T06:30:25.494+0000 7fc450c00700 1 --2- 172.21.15.70:0/4216865761 >> [v2:172.21.15.70:6800/2822740915,v1:172.21.15.70:6801/2822740915] conn(0x7fc43803e350 0x7fc438040810 unknown :-1 s=NONE pgs=0 cs=0 l=1 rev1=0 crypto rx=0 tx=0 comp rx=0 tx=0).connect
2024-05-08T06:30:26.678 INFO:teuthology.orchestra.run.smithi070.stdout:/usr/bin/ceph: stderr
2024-05-08T06:30:25.494+0000 7fc450c00700 1 -- 172.21.15.70:0/4216865761 <== mon.0 v2:172.21.15.70:3300/0 5 ==== osd_map(1..1 src has 1..1) ==== 725+0+0 (secure 0 0 0) 0x7fc444053310 con 0x7fc45410fcc0
2024-05-08T06:30:26.678 INFO:teuthology.orchestra.run.smithi070.stdout:/usr/bin/ceph: stderr
2024-05-08T06:30:25.495+0000 7fc453400700 1 --2- 172.21.15.70:0/4216865761 >> [v2:172.21.15.70:6800/2822740915,v1:172.21.15.70:6801/2822740915] conn(0x7fc43803e350 0x7fc438040810 unknown :-1 s=BANNER_CONNECTING pgs=0 cs=0 l=1 rev1=0 crypto rx=0 tx=0 comp rx=0 tx=0)._handle_peer_banner_payload supported=3 required=0
2024-05-08T06:30:26.678 INFO:teuthology.orchestra.run.smithi070.stdout:/usr/bin/ceph: stderr
2024-05-08T06:30:25.495+0000 7fc453400700 1 --2- 172.21.15.70:0/4216865761 >> [v2:172.21.15.70:6800/2822740915,v1:172.21.15.70:6801/2822740915] conn(0x7fc43803e350 0x7fc438040810 secure :-1 s=READY pgs=6 cs=0 l=1 rev1=1 crypto rx=0x7fc440006fd0 tx=0x7fc440006e40 comp rx=0 tx=0).ready entity=mgr.14100 client_cookie=0 server_cookie=0 in_seq=0 out_seq=0
2024-05-08T06:30:26.679 INFO:teuthology.orchestra.run.smithi070.stdout:/usr/bin/ceph: stderr
2024-05-08T06:30:25.501+0000 7fc450c00700 1 -- 172.21.15.70:0/4216865761 <== mon.0 v2:172.21.15.70:3300/0 6 ==== mon_command_ack([{"prefix": "get_command_descriptions"}]=0 v0) ==== 72+0+191963 (secure 0 0 0) 0x7fc44401aa50 con 0x7fc45410fcc0
2024-05-08T06:30:26.679 INFO:teuthology.orchestra.run.smithi070.stdout:/usr/bin/ceph: stderr
2024-05-08T06:30:25.700+0000 7fc450c00700 1 -- 172.21.15.70:0/4216865761 <== mon.0 v2:172.21.15.70:3300/0 7 ==== mgrmap(e 4) ==== 50211+0+0 (secure 0 0 0) 0x7fc44401a430 con 0x7fc45410fcc0
2024-05-08T06:30:26.679 INFO:teuthology.orchestra.run.smithi070.stdout:/usr/bin/ceph: stderr
2024-05-08T06:30:25.818+0000 7fc45aa00700 1 -- 172.21.15.70:0/4216865761 --> [v2:172.21.15.70:3300/0,v1:172.21.15.70:6789/0] -- mon_command({"prefix": "status", "format": "json-pretty"} v 0) -- 0x7fc4541a6740 con 0x7fc45410fcc0
2024-05-08T06:30:26.679 INFO:teuthology.orchestra.run.smithi070.stdout:/usr/bin/ceph: stderr
2024-05-08T06:30:25.819+0000 7fc450c00700 1 -- 172.21.15.70:0/4216865761 <== mon.0 v2:172.21.15.70:3300/0 8 ==== mon_command_ack([{"prefix": "status", "format": "json-pretty"}]=0 v0) ==== 79+0+1239 (secure 0 0 0) 0x7fc4541a6740 con 0x7fc45410fcc0
2024-05-08T06:30:26.679 INFO:teuthology.orchestra.run.smithi070.stdout:/usr/bin/ceph: stderr
2024-05-08T06:30:25.822+0000 7fc45aa00700 1 -- 172.21.15.70:0/4216865761 >> [v2:172.21.15.70:6800/2822740915,v1:172.21.15.70:6801/2822740915] conn(0x7fc43803e350 msgr2=0x7fc438040810 secure :-1 s=STATE_CONNECTION_ESTABLISHED l=1).mark_down
2024-05-08T06:30:26.679 INFO:teuthology.orchestra.run.smithi070.stdout:/usr/bin/ceph: stderr
2024-05-08T06:30:25.822+0000 7fc45aa00700 1 --2- 172.21.15.70:0/4216865761 >> [v2:172.21.15.70:6800/2822740915,v1:172.21.15.70:6801/2822740915] conn(0x7fc43803e350 0x7fc438040810 secure :-1 s=READY pgs=6 cs=0 l=1 rev1=1 crypto rx=0x7fc440006fd0 tx=0x7fc440006e40 comp rx=0 tx=0).stop
2024-05-08T06:30:26.679 INFO:teuthology.orchestra.run.smithi070.stdout:/usr/bin/ceph: stderr
2024-05-08T06:30:25.822+0000 7fc45aa00700 1 -- 172.21.15.70:0/4216865761 >> [v2:172.21.15.70:3300/0,v1:172.21.15.70:6789/0] conn(0x7fc45410fcc0 msgr2=0x7fc4541a30b0 secure :-1 s=STATE_CONNECTION_ESTABLISHED l=1).mark_down
2024-05-08T06:30:26.679 INFO:teuthology.orchestra.run.smithi070.stdout:/usr/bin/ceph: stderr
2024-05-08T06:30:25.822+0000 7fc45aa00700 1 --2- 172.21.15.70:0/4216865761 >> [v2:172.21.15.70:3300/0,v1:172.21.15.70:6789/0] conn(0x7fc45410fcc0 0x7fc4541a30b0 secure :-1 s=READY pgs=19 cs=0 l=1 rev1=1 crypto rx=0x7fc444009130 tx=0x7fc444011a60 comp rx=0 tx=0).stop
2024-05-08T06:30:26.679 INFO:teuthology.orchestra.run.smithi070.stdout:/usr/bin/ceph: stderr
2024-05-08T06:30:25.822+0000 7fc45aa00700 1 -- 172.21.15.70:0/4216865761 shutdown_connections
2024-05-08T06:30:26.679 INFO:teuthology.orchestra.run.smithi070.stdout:/usr/bin/ceph: stderr
2024-05-08T06:30:25.822+0000 7fc45aa00700 1 --2- 172.21.15.70:0/4216865761 >> [v2:172.21.15.70:6800/2822740915,v1:172.21.15.70:6801/2822740915] conn(0x7fc43803e350 0x7fc438040810 unknown :-1 s=CLOSED pgs=6 cs=0 l=1 rev1=1 crypto rx=0 tx=0 comp rx=0 tx=0).stop
2024-05-08T06:30:26.679 INFO:teuthology.orchestra.run.smithi070.stdout:/usr/bin/ceph: stderr
2024-05-08T06:30:25.822+0000 7fc45aa00700 1 --2- 172.21.15.70:0/4216865761 >> [v2:172.21.15.70:3300/0,v1:172.21.15.70:6789/0] conn(0x7fc45410fcc0 0x7fc4541a30b0 unknown :-1 s=CLOSED pgs=19 cs=0 l=1 rev1=1 crypto rx=0 tx=0 comp rx=0 tx=0).stop
2024-05-08T06:30:26.679 INFO:teuthology.orchestra.run.smithi070.stdout:/usr/bin/ceph: stderr
2024-05-08T06:30:25.822+0000 7fc45aa00700 1 -- 172.21.15.70:0/4216865761 >> 172.21.15.70:0/4216865761 conn(0x7fc45407e280 msgr2=0x7fc45407ed50 unknown :-1 s=STATE_NONE l=0).mark_down
2024-05-08T06:30:26.679 INFO:teuthology.orchestra.run.smithi070.stdout:/usr/bin/ceph: stderr
2024-05-08T06:30:25.822+0000 7fc45aa00700 1 -- 172.21.15.70:0/4216865761 shutdown_connections
2024-05-08T06:30:26.679 INFO:teuthology.orchestra.run.smithi070.stdout:/usr/bin/ceph: stderr
2024-05-08T06:30:25.822+0000 7fc45aa00700 1 -- 172.21.15.70:0/4216865761 wait complete.
2024-05-08T06:30:26.680 INFO:teuthology.orchestra.run.smithi070.stdout:mgr is available
2024-05-08T06:30:26.958 INFO:journalctl@ceph.mon.a.smithi070.stdout:May 08 06:30:26 smithi070 ceph-mon[29591]: mgrmap e4: x(active, since 2s)
2024-05-08T06:30:26.958 INFO:journalctl@ceph.mon.a.smithi070.stdout:May 08 06:30:26 smithi070 ceph-mon[29591]: from='client.? 172.21.15.70:0/4216865761' entity='client.admin' cmd=[{"prefix": "status", "format": "json-pretty"}]: dispatch
2024-05-08T06:30:28.094 INFO:journalctl@ceph.mon.a.smithi070.stdout:May 08 06:30:27 smithi070 ceph-mon[29591]: from='client.? 172.21.15.70:0/4221009848' entity='client.admin' cmd=[{"prefix": "config assimilate-conf"}]: dispatch
2024-05-08T06:30:28.112 INFO:teuthology.orchestra.run.smithi070.stdout:/usr/bin/ceph: stdout
2024-05-08T06:30:28.112 INFO:teuthology.orchestra.run.smithi070.stdout:/usr/bin/ceph: stdout [global]
2024-05-08T06:30:28.112 INFO:teuthology.orchestra.run.smithi070.stdout:/usr/bin/ceph: stdout fsid = 3cf89df8-0d04-11ef-bc97-c7b262605968
2024-05-08T06:30:28.112 INFO:teuthology.orchestra.run.smithi070.stdout:/usr/bin/ceph: stdout mon_cluster_log_file_level = debug
2024-05-08T06:30:28.112 INFO:teuthology.orchestra.run.smithi070.stdout:/usr/bin/ceph: stdout mon_osd_allow_pg_remap = true
2024-05-08T06:30:28.112 INFO:teuthology.orchestra.run.smithi070.stdout:/usr/bin/ceph: stdout mon_osd_allow_primary_affinity = true
2024-05-08T06:30:28.112 INFO:teuthology.orchestra.run.smithi070.stdout:/usr/bin/ceph: stdout mon_warn_on_no_sortbitwise = false
2024-05-08T06:30:28.112 INFO:teuthology.orchestra.run.smithi070.stdout:/usr/bin/ceph: stdout osd_crush_chooseleaf_type = 0
2024-05-08T06:30:28.112 INFO:teuthology.orchestra.run.smithi070.stdout:/usr/bin/ceph: stdout
2024-05-08T06:30:28.113 INFO:teuthology.orchestra.run.smithi070.stdout:/usr/bin/ceph: stdout [mgr]
2024-05-08T06:30:28.113 INFO:teuthology.orchestra.run.smithi070.stdout:/usr/bin/ceph: stdout mgr/telemetry/nag = false
2024-05-08T06:30:28.113 INFO:teuthology.orchestra.run.smithi070.stdout:/usr/bin/ceph: stdout
2024-05-08T06:30:28.113 INFO:teuthology.orchestra.run.smithi070.stdout:/usr/bin/ceph: stdout [osd]
2024-05-08T06:30:28.113 INFO:teuthology.orchestra.run.smithi070.stdout:/usr/bin/ceph: stdout mon_osd_backfillfull_ratio = 0.85
2024-05-08T06:30:28.113 INFO:teuthology.orchestra.run.smithi070.stdout:/usr/bin/ceph: stdout mon_osd_full_ratio = 0.9
2024-05-08T06:30:28.113 INFO:teuthology.orchestra.run.smithi070.stdout:/usr/bin/ceph: stdout mon_osd_nearfull_ratio = 0.8
2024-05-08T06:30:28.113 INFO:teuthology.orchestra.run.smithi070.stdout:/usr/bin/ceph: stdout osd_map_max_advance = 10
2024-05-08T06:30:28.113 INFO:teuthology.orchestra.run.smithi070.stdout:/usr/bin/ceph: stdout osd_sloppy_crc = true
2024-05-08T06:30:28.113 INFO:teuthology.orchestra.run.smithi070.stdout:/usr/bin/ceph: stderr
2024-05-08T06:30:27.240+0000 7f8a6be00700 1 Processor -- start
2024-05-08T06:30:28.113 INFO:teuthology.orchestra.run.smithi070.stdout:/usr/bin/ceph: stderr
2024-05-08T06:30:27.240+0000 7f8a6be00700 1 -- start start
2024-05-08T06:30:28.113 INFO:teuthology.orchestra.run.smithi070.stdout:/usr/bin/ceph: stderr
2024-05-08T06:30:27.240+0000 7f8a6be00700 1 --2- >> [v2:172.21.15.70:3300/0,v1:172.21.15.70:6789/0] conn(0x7f8a6c1095f0 0x7f8a6c10b9e0 unknown :-1 s=NONE pgs=0 cs=0 l=0 rev1=0 crypto rx=0 tx=0 comp rx=0 tx=0).connect
2024-05-08T06:30:28.114 INFO:teuthology.orchestra.run.smithi070.stdout:/usr/bin/ceph: stderr
2024-05-08T06:30:27.240+0000 7f8a6be00700 1 -- --> [v2:172.21.15.70:3300/0,v1:172.21.15.70:6789/0] -- mon_getmap magic: 0 -- 0x7f8a6c07cde0 con 0x7f8a6c1095f0
2024-05-08T06:30:28.114 INFO:teuthology.orchestra.run.smithi070.stdout:/usr/bin/ceph: stderr
2024-05-08T06:30:27.241+0000 7f8a6aa00700 1 --2- >> [v2:172.21.15.70:3300/0,v1:172.21.15.70:6789/0] conn(0x7f8a6c1095f0 0x7f8a6c10b9e0 unknown :-1 s=BANNER_CONNECTING pgs=0 cs=0 l=0 rev1=0 crypto rx=0 tx=0 comp rx=0 tx=0)._handle_peer_banner_payload supported=3 required=0
2024-05-08T06:30:28.114 INFO:teuthology.orchestra.run.smithi070.stdout:/usr/bin/ceph: stderr
2024-05-08T06:30:27.241+0000 7f8a6aa00700 1 --2- >> [v2:172.21.15.70:3300/0,v1:172.21.15.70:6789/0] conn(0x7f8a6c1095f0 0x7f8a6c10b9e0 unknown :-1 s=HELLO_CONNECTING pgs=0 cs=0 l=0 rev1=1 crypto rx=0 tx=0 comp rx=0 tx=0).handle_hello peer v2:172.21.15.70:3300/0 says I am v2:172.21.15.70:54286/0 (socket says 172.21.15.70:54286)
2024-05-08T06:30:28.114 INFO:teuthology.orchestra.run.smithi070.stdout:/usr/bin/ceph: stderr
2024-05-08T06:30:27.241+0000 7f8a6aa00700 1 -- 172.21.15.70:0/2020163847 learned_addr learned my addr 172.21.15.70:0/2020163847 (peer_addr_for_me v2:172.21.15.70:0/0)
2024-05-08T06:30:28.114 INFO:teuthology.orchestra.run.smithi070.stdout:/usr/bin/ceph: stderr
2024-05-08T06:30:27.241+0000 7f8a6aa00700 1 -- 172.21.15.70:0/2020163847 --> [v2:172.21.15.70:3300/0,v1:172.21.15.70:6789/0] -- mon_subscribe({config=0+,monmap=0+}) -- 0x7f8a6c10bf20 con 0x7f8a6c1095f0
2024-05-08T06:30:28.114 INFO:teuthology.orchestra.run.smithi070.stdout:/usr/bin/ceph: stderr
2024-05-08T06:30:27.241+0000 7f8a6aa00700 1 --2- 172.21.15.70:0/2020163847 >> [v2:172.21.15.70:3300/0,v1:172.21.15.70:6789/0] conn(0x7f8a6c1095f0 0x7f8a6c10b9e0 secure :-1 s=READY pgs=20 cs=0 l=1 rev1=1 crypto rx=0x7f8a5c0098a0 tx=0x7f8a5c009bb0 comp rx=0 tx=0).ready entity=mon.0 client_cookie=b634b4d1a3c7897 server_cookie=0 in_seq=0 out_seq=0
2024-05-08T06:30:28.114 INFO:teuthology.orchestra.run.smithi070.stdout:/usr/bin/ceph: stderr
2024-05-08T06:30:27.242+0000 7f8a6a000700 1 -- 172.21.15.70:0/2020163847 <== mon.0 v2:172.21.15.70:3300/0 1 ==== mon_map magic: 0 ==== 205+0+0 (secure 0 0 0) 0x7f8a5c004160 con 0x7f8a6c1095f0
2024-05-08T06:30:28.114 INFO:teuthology.orchestra.run.smithi070.stdout:/usr/bin/ceph: stderr
2024-05-08T06:30:27.242+0000 7f8a6a000700 1 -- 172.21.15.70:0/2020163847 <== mon.0 v2:172.21.15.70:3300/0 2 ==== config(25 keys) ==== 1032+0+0 (secure 0 0 0) 0x7f8a5c004300 con 0x7f8a6c1095f0
2024-05-08T06:30:28.114 INFO:teuthology.orchestra.run.smithi070.stdout:/usr/bin/ceph: stderr
2024-05-08T06:30:27.242+0000 7f8a6a000700 1 -- 172.21.15.70:0/2020163847 <== mon.0 v2:172.21.15.70:3300/0 3 ==== mon_map magic: 0 ==== 205+0+0 (secure 0 0 0) 0x7f8a5c0119e0 con 0x7f8a6c1095f0
2024-05-08T06:30:28.114 INFO:teuthology.orchestra.run.smithi070.stdout:/usr/bin/ceph: stderr
2024-05-08T06:30:27.242+0000 7f8a6be00700 1 -- 172.21.15.70:0/2020163847 >> [v2:172.21.15.70:3300/0,v1:172.21.15.70:6789/0] conn(0x7f8a6c1095f0 msgr2=0x7f8a6c10b9e0 secure :-1 s=STATE_CONNECTION_ESTABLISHED l=1).mark_down
2024-05-08T06:30:28.114 INFO:teuthology.orchestra.run.smithi070.stdout:/usr/bin/ceph: stderr
2024-05-08T06:30:27.242+0000 7f8a6be00700 1 --2- 172.21.15.70:0/2020163847 >> [v2:172.21.15.70:3300/0,v1:172.21.15.70:6789/0] conn(0x7f8a6c1095f0 0x7f8a6c10b9e0 secure :-1 s=READY pgs=20 cs=0 l=1 rev1=1 crypto rx=0x7f8a5c0098a0 tx=0x7f8a5c009bb0 comp rx=0 tx=0).stop
2024-05-08T06:30:28.115 INFO:teuthology.orchestra.run.smithi070.stdout:/usr/bin/ceph: stderr
2024-05-08T06:30:27.242+0000 7f8a6be00700 1 -- 172.21.15.70:0/2020163847 shutdown_connections
2024-05-08T06:30:28.115 INFO:teuthology.orchestra.run.smithi070.stdout:/usr/bin/ceph: stderr
2024-05-08T06:30:27.242+0000 7f8a6be00700 1 --2- 172.21.15.70:0/2020163847 >> [v2:172.21.15.70:3300/0,v1:172.21.15.70:6789/0] conn(0x7f8a6c1095f0 0x7f8a6c10b9e0 unknown :-1 s=CLOSED pgs=20 cs=0 l=1 rev1=1 crypto rx=0 tx=0 comp rx=0 tx=0).stop
2024-05-08T06:30:28.115 INFO:teuthology.orchestra.run.smithi070.stdout:/usr/bin/ceph: stderr
2024-05-08T06:30:27.242+0000 7f8a6be00700 1 -- 172.21.15.70:0/2020163847 >> 172.21.15.70:0/2020163847 conn(0x7f8a6c102f60 msgr2=0x7f8a6c1053a0 unknown :-1 s=STATE_NONE l=0).mark_down
2024-05-08T06:30:28.115 INFO:teuthology.orchestra.run.smithi070.stdout:/usr/bin/ceph: stderr
2024-05-08T06:30:27.243+0000 7f8a6be00700 1 -- 172.21.15.70:0/2020163847 shutdown_connections
2024-05-08T06:30:28.115 INFO:teuthology.orchestra.run.smithi070.stdout:/usr/bin/ceph: stderr
2024-05-08T06:30:27.243+0000 7f8a6be00700 1 -- 172.21.15.70:0/2020163847 wait complete.
2024-05-08T06:30:28.115 INFO:teuthology.orchestra.run.smithi070.stdout:/usr/bin/ceph: stderr
2024-05-08T06:30:27.244+0000 7f8a6be00700 1 Processor -- start
2024-05-08T06:30:28.115 INFO:teuthology.orchestra.run.smithi070.stdout:/usr/bin/ceph: stderr
2024-05-08T06:30:27.244+0000 7f8a6be00700 1 -- start start
2024-05-08T06:30:28.115 INFO:teuthology.orchestra.run.smithi070.stdout:/usr/bin/ceph: stderr
2024-05-08T06:30:27.244+0000 7f8a6be00700 1 --2- >> [v2:172.21.15.70:3300/0,v1:172.21.15.70:6789/0] conn(0x7f8a6c1095f0 0x7f8a6c19c8a0 unknown :-1 s=NONE pgs=0 cs=0 l=1 rev1=0 crypto rx=0 tx=0 comp rx=0 tx=0).connect
2024-05-08T06:30:28.115 INFO:teuthology.orchestra.run.smithi070.stdout:/usr/bin/ceph: stderr
2024-05-08T06:30:27.244+0000 7f8a6be00700 1 -- --> [v2:172.21.15.70:3300/0,v1:172.21.15.70:6789/0] -- mon_getmap magic: 0 -- 0x7f8a6c10cdd0 con 0x7f8a6c1095f0
2024-05-08T06:30:28.115 INFO:teuthology.orchestra.run.smithi070.stdout:/usr/bin/ceph: stderr
2024-05-08T06:30:27.244+0000 7f8a6aa00700 1 --2- >> [v2:172.21.15.70:3300/0,v1:172.21.15.70:6789/0] conn(0x7f8a6c1095f0 0x7f8a6c19c8a0 unknown :-1 s=BANNER_CONNECTING pgs=0 cs=0 l=1 rev1=0 crypto rx=0 tx=0 comp rx=0 tx=0)._handle_peer_banner_payload supported=3 required=0
2024-05-08T06:30:28.115 INFO:teuthology.orchestra.run.smithi070.stdout:/usr/bin/ceph: stderr
2024-05-08T06:30:27.244+0000 7f8a6aa00700 1 --2- >> [v2:172.21.15.70:3300/0,v1:172.21.15.70:6789/0] conn(0x7f8a6c1095f0 0x7f8a6c19c8a0 unknown :-1 s=HELLO_CONNECTING pgs=0 cs=0 l=1 rev1=1 crypto rx=0 tx=0 comp rx=0 tx=0).handle_hello peer v2:172.21.15.70:3300/0 says I am v2:172.21.15.70:54292/0 (socket says 172.21.15.70:54292)
2024-05-08T06:30:28.115 INFO:teuthology.orchestra.run.smithi070.stdout:/usr/bin/ceph: stderr
2024-05-08T06:30:27.244+0000 7f8a6aa00700 1 -- 172.21.15.70:0/4221009848 learned_addr learned my addr 172.21.15.70:0/4221009848 (peer_addr_for_me v2:172.21.15.70:0/0)
2024-05-08T06:30:28.116 INFO:teuthology.orchestra.run.smithi070.stdout:/usr/bin/ceph: stderr
2024-05-08T06:30:27.245+0000 7f8a6aa00700 1 -- 172.21.15.70:0/4221009848 --> [v2:172.21.15.70:3300/0,v1:172.21.15.70:6789/0] -- mon_subscribe({config=0+,monmap=0+}) -- 0x7f8a6c19cde0 con 0x7f8a6c1095f0
2024-05-08T06:30:28.116 INFO:teuthology.orchestra.run.smithi070.stdout:/usr/bin/ceph: stderr
2024-05-08T06:30:27.245+0000 7f8a6aa00700 1 --2- 172.21.15.70:0/4221009848 >> [v2:172.21.15.70:3300/0,v1:172.21.15.70:6789/0] conn(0x7f8a6c1095f0 0x7f8a6c19c8a0 secure :-1 s=READY pgs=21 cs=0 l=1 rev1=1 crypto rx=0x7f8a5c009130 tx=0x7f8a5c011a60 comp rx=0 tx=0).ready entity=mon.0 client_cookie=0 server_cookie=0 in_seq=0 out_seq=0
2024-05-08T06:30:28.116 INFO:teuthology.orchestra.run.smithi070.stdout:/usr/bin/ceph: stderr
2024-05-08T06:30:27.245+0000 7f8a63e00700 1 -- 172.21.15.70:0/4221009848 <== mon.0 v2:172.21.15.70:3300/0 1 ==== mon_map magic: 0 ==== 205+0+0 (secure 0 0 0) 0x7f8a5c003b20 con 0x7f8a6c1095f0
2024-05-08T06:30:28.116 INFO:teuthology.orchestra.run.smithi070.stdout:/usr/bin/ceph: stderr
2024-05-08T06:30:27.245+0000 7f8a63e00700 1 -- 172.21.15.70:0/4221009848 <== mon.0 v2:172.21.15.70:3300/0 2 ==== config(25 keys) ==== 1032+0+0 (secure 0 0 0) 0x7f8a5c01a8a0 con 0x7f8a6c1095f0
2024-05-08T06:30:28.116 INFO:teuthology.orchestra.run.smithi070.stdout:/usr/bin/ceph: stderr
2024-05-08T06:30:27.245+0000 7f8a6be00700 1 -- 172.21.15.70:0/4221009848 --> [v2:172.21.15.70:3300/0,v1:172.21.15.70:6789/0] -- mon_subscribe({mgrmap=0+}) -- 0x7f8a6c19d070 con 0x7f8a6c1095f0
2024-05-08T06:30:28.116 INFO:teuthology.orchestra.run.smithi070.stdout:/usr/bin/ceph: stderr
2024-05-08T06:30:27.245+0000 7f8a63e00700 1 -- 172.21.15.70:0/4221009848 <== mon.0 v2:172.21.15.70:3300/0 3 ==== mon_map magic: 0 ==== 205+0+0 (secure 0 0 0) 0x7f8a5c024810 con 0x7f8a6c1095f0
2024-05-08T06:30:28.116 INFO:teuthology.orchestra.run.smithi070.stdout:/usr/bin/ceph: stderr
2024-05-08T06:30:27.245+0000 7f8a6be00700 1 -- 172.21.15.70:0/4221009848 --> [v2:172.21.15.70:3300/0,v1:172.21.15.70:6789/0] -- mon_subscribe({osdmap=0}) -- 0x7f8a6c19fd60 con 0x7f8a6c1095f0
2024-05-08T06:30:28.116 INFO:teuthology.orchestra.run.smithi070.stdout:/usr/bin/ceph: stderr
2024-05-08T06:30:27.246+0000 7f8a6be00700 1 -- 172.21.15.70:0/4221009848 --> [v2:172.21.15.70:3300/0,v1:172.21.15.70:6789/0] -- mon_command({"prefix": "get_command_descriptions"} v 0) -- 0x7f8a6c064b00 con 0x7f8a6c1095f0
2024-05-08T06:30:28.116 INFO:teuthology.orchestra.run.smithi070.stdout:/usr/bin/ceph: stderr
2024-05-08T06:30:27.246+0000 7f8a63e00700 1 -- 172.21.15.70:0/4221009848 <== mon.0 v2:172.21.15.70:3300/0 4 ==== mgrmap(e 4) ==== 50211+0+0 (secure 0 0 0) 0x7f8a5c022020 con 0x7f8a6c1095f0
2024-05-08T06:30:28.116 INFO:teuthology.orchestra.run.smithi070.stdout:/usr/bin/ceph: stderr
2024-05-08T06:30:27.247+0000 7f8a63e00700 1 --2- 172.21.15.70:0/4221009848 >> [v2:172.21.15.70:6800/2822740915,v1:172.21.15.70:6801/2822740915] conn(0x7f8a5003e420 0x7f8a500408e0 unknown :-1 s=NONE pgs=0 cs=0 l=1 rev1=0 crypto rx=0 tx=0 comp rx=0 tx=0).connect
2024-05-08T06:30:28.116 INFO:teuthology.orchestra.run.smithi070.stdout:/usr/bin/ceph: stderr
2024-05-08T06:30:27.247+0000 7f8a63e00700 1 -- 172.21.15.70:0/4221009848 <== mon.0 v2:172.21.15.70:3300/0 5 ==== osd_map(1..1 src has 1..1) ==== 725+0+0 (secure 0 0 0) 0x7f8a5c053570 con 0x7f8a6c1095f0
2024-05-08T06:30:28.116 INFO:teuthology.orchestra.run.smithi070.stdout:/usr/bin/ceph: stderr
2024-05-08T06:30:27.247+0000 7f8a62000700 1 --2- 172.21.15.70:0/4221009848 >> [v2:172.21.15.70:6800/2822740915,v1:172.21.15.70:6801/2822740915] conn(0x7f8a5003e420 0x7f8a500408e0 unknown :-1 s=BANNER_CONNECTING pgs=0 cs=0 l=1 rev1=0 crypto rx=0 tx=0 comp rx=0 tx=0)._handle_peer_banner_payload supported=3 required=0
2024-05-08T06:30:28.117 INFO:teuthology.orchestra.run.smithi070.stdout:/usr/bin/ceph: stderr
2024-05-08T06:30:27.248+0000 7f8a62000700 1 --2- 172.21.15.70:0/4221009848 >> [v2:172.21.15.70:6800/2822740915,v1:172.21.15.70:6801/2822740915] conn(0x7f8a5003e420 0x7f8a500408e0 secure :-1 s=READY pgs=7 cs=0 l=1 rev1=1 crypto rx=0x7f8a54006fd0 tx=0x7f8a54006e40 comp rx=0 tx=0).ready entity=mgr.14100 client_cookie=0 server_cookie=0 in_seq=0 out_seq=0
2024-05-08T06:30:28.117 INFO:teuthology.orchestra.run.smithi070.stdout:/usr/bin/ceph: stderr
2024-05-08T06:30:27.253+0000 7f8a63e00700 1 -- 172.21.15.70:0/4221009848 <== mon.0 v2:172.21.15.70:3300/0 6 ==== mon_command_ack([{"prefix": "get_command_descriptions"}]=0 v0) ==== 72+0+191963 (secure 0 0 0) 0x7f8a5c005a20 con 0x7f8a6c1095f0
2024-05-08T06:30:28.117 INFO:teuthology.orchestra.run.smithi070.stdout:/usr/bin/ceph: stderr
2024-05-08T06:30:27.464+0000 7f8a6be00700 1 -- 172.21.15.70:0/4221009848 --> [v2:172.21.15.70:3300/0,v1:172.21.15.70:6789/0] -- mon_command({"prefix": "config assimilate-conf"} v 0) -- 0x7f8a6c19ff30 con 0x7f8a6c1095f0
2024-05-08T06:30:28.117 INFO:teuthology.orchestra.run.smithi070.stdout:/usr/bin/ceph: stderr
2024-05-08T06:30:27.465+0000 7f8a63e00700 1 -- 172.21.15.70:0/4221009848 <== mon.0 v2:172.21.15.70:3300/0 7 ==== mon_command_ack([{"prefix": "config assimilate-conf"}]=0 v3) ==== 70+0+409 (secure 0 0 0) 0x7f8a6c19ff30 con 0x7f8a6c1095f0
2024-05-08T06:30:28.117 INFO:teuthology.orchestra.run.smithi070.stdout:/usr/bin/ceph: stderr
2024-05-08T06:30:27.468+0000 7f8a6be00700 1 -- 172.21.15.70:0/4221009848 >> [v2:172.21.15.70:6800/2822740915,v1:172.21.15.70:6801/2822740915] conn(0x7f8a5003e420 msgr2=0x7f8a500408e0 secure :-1 s=STATE_CONNECTION_ESTABLISHED l=1).mark_down
2024-05-08T06:30:28.117 INFO:teuthology.orchestra.run.smithi070.stdout:/usr/bin/ceph: stderr
2024-05-08T06:30:27.468+0000 7f8a6be00700 1 --2- 172.21.15.70:0/4221009848 >> [v2:172.21.15.70:6800/2822740915,v1:172.21.15.70:6801/2822740915] conn(0x7f8a5003e420 0x7f8a500408e0 secure :-1 s=READY pgs=7 cs=0 l=1 rev1=1 crypto rx=0x7f8a54006fd0 tx=0x7f8a54006e40 comp rx=0 tx=0).stop
2024-05-08T06:30:28.117 INFO:teuthology.orchestra.run.smithi070.stdout:/usr/bin/ceph: stderr
2024-05-08T06:30:27.468+0000 7f8a6be00700 1 -- 172.21.15.70:0/4221009848 >> [v2:172.21.15.70:3300/0,v1:172.21.15.70:6789/0] conn(0x7f8a6c1095f0 msgr2=0x7f8a6c19c8a0 secure :-1 s=STATE_CONNECTION_ESTABLISHED l=1).mark_down
2024-05-08T06:30:28.117 INFO:teuthology.orchestra.run.smithi070.stdout:/usr/bin/ceph: stderr
2024-05-08T06:30:27.468+0000 7f8a6be00700 1 --2- 172.21.15.70:0/4221009848 >> [v2:172.21.15.70:3300/0,v1:172.21.15.70:6789/0] conn(0x7f8a6c1095f0 0x7f8a6c19c8a0 secure :-1 s=READY pgs=21 cs=0 l=1 rev1=1 crypto rx=0x7f8a5c009130 tx=0x7f8a5c011a60 comp rx=0 tx=0).stop
2024-05-08T06:30:28.117 INFO:teuthology.orchestra.run.smithi070.stdout:/usr/bin/ceph: stderr
2024-05-08T06:30:27.468+0000 7f8a6be00700 1 -- 172.21.15.70:0/4221009848 shutdown_connections
2024-05-08T06:30:28.117 INFO:teuthology.orchestra.run.smithi070.stdout:/usr/bin/ceph: stderr
2024-05-08T06:30:27.468+0000 7f8a6be00700 1 --2- 172.21.15.70:0/4221009848 >> [v2:172.21.15.70:6800/2822740915,v1:172.21.15.70:6801/2822740915] conn(0x7f8a5003e420 0x7f8a500408e0 unknown :-1 s=CLOSED pgs=7 cs=0 l=1 rev1=1 crypto rx=0 tx=0 comp rx=0 tx=0).stop
2024-05-08T06:30:28.117 INFO:teuthology.orchestra.run.smithi070.stdout:/usr/bin/ceph: stderr
2024-05-08T06:30:27.468+0000 7f8a6be00700 1 --2- 172.21.15.70:0/4221009848 >> [v2:172.21.15.70:3300/0,v1:172.21.15.70:6789/0] conn(0x7f8a6c1095f0 0x7f8a6c19c8a0 unknown :-1 s=CLOSED pgs=21 cs=0 l=1 rev1=1 crypto rx=0 tx=0 comp rx=0 tx=0).stop
2024-05-08T06:30:28.117 INFO:teuthology.orchestra.run.smithi070.stdout:/usr/bin/ceph: stderr
2024-05-08T06:30:27.468+0000 7f8a6be00700 1 -- 172.21.15.70:0/4221009848 >> 172.21.15.70:0/4221009848 conn(0x7f8a6c102f60 msgr2=0x7f8a6c1039c0 unknown :-1 s=STATE_NONE l=0).mark_down
2024-05-08T06:30:28.117 INFO:teuthology.orchestra.run.smithi070.stdout:/usr/bin/ceph: stderr
2024-05-08T06:30:27.469+0000 7f8a6be00700 1 -- 172.21.15.70:0/4221009848 shutdown_connections
2024-05-08T06:30:28.118 INFO:teuthology.orchestra.run.smithi070.stdout:/usr/bin/ceph: stderr
2024-05-08T06:30:27.469+0000 7f8a6be00700 1 -- 172.21.15.70:0/4221009848 wait complete.
2024-05-08T06:30:28.118 INFO:teuthology.orchestra.run.smithi070.stdout:Enabling cephadm module...
2024-05-08T06:30:29.373 INFO:journalctl@ceph.mon.a.smithi070.stdout:May 08 06:30:29 smithi070 ceph-mon[29591]: from='client.? 172.21.15.70:0/1476160451' entity='client.admin' cmd=[{"prefix": "mgr module enable", "module": "cephadm"}]: dispatch
2024-05-08T06:30:29.373 INFO:journalctl@ceph.mgr.x.smithi070.stdout:May 08 06:30:29 smithi070 ceph-3cf89df8-0d04-11ef-bc97-c7b262605968-mgr-x[29820]: ignoring --setuser ceph since I am not root
2024-05-08T06:30:29.373 INFO:journalctl@ceph.mgr.x.smithi070.stdout:May 08 06:30:29 smithi070 ceph-3cf89df8-0d04-11ef-bc97-c7b262605968-mgr-x[29820]: ignoring --setgroup ceph since I am not root
2024-05-08T06:30:29.374 INFO:journalctl@ceph.mgr.x.smithi070.stdout:May 08 06:30:29 smithi070 ceph-3cf89df8-0d04-11ef-bc97-c7b262605968-mgr-x[29820]:
2024-05-08T06:30:29.373+0000 7f84def31200 -1 mgr[py] Module balancer has missing NOTIFY_TYPES member
2024-05-08T06:30:29.629 INFO:journalctl@ceph.mgr.x.smithi070.stdout:May 08 06:30:29 smithi070 ceph-3cf89df8-0d04-11ef-bc97-c7b262605968-mgr-x[29820]:
2024-05-08T06:30:29.614+0000 7f84def31200 -1 mgr[py] Module orchestrator has missing NOTIFY_TYPES member
2024-05-08T06:30:29.838 INFO:teuthology.orchestra.run.smithi070.stdout:/usr/bin/ceph: stderr
2024-05-08T06:30:28.714+0000 7fefb1600700 1 Processor -- start
2024-05-08T06:30:29.839 INFO:teuthology.orchestra.run.smithi070.stdout:/usr/bin/ceph: stderr
2024-05-08T06:30:28.714+0000 7fefb1600700 1 -- start start
2024-05-08T06:30:29.839 INFO:teuthology.orchestra.run.smithi070.stdout:/usr/bin/ceph: stderr
2024-05-08T06:30:28.715+0000 7fefb1600700 1 --2- >> [v2:172.21.15.70:3300/0,v1:172.21.15.70:6789/0] conn(0x7fefac108cb0 0x7fefac1090d0 unknown :-1 s=NONE pgs=0 cs=0 l=0 rev1=0 crypto rx=0 tx=0 comp rx=0 tx=0).connect
2024-05-08T06:30:29.839 INFO:teuthology.orchestra.run.smithi070.stdout:/usr/bin/ceph: stderr
2024-05-08T06:30:28.715+0000 7fefb1600700 1 -- --> [v2:172.21.15.70:3300/0,v1:172.21.15.70:6789/0] -- mon_getmap magic: 0 -- 0x7fefac1096a0 con 0x7fefac108cb0
2024-05-08T06:30:29.839 INFO:teuthology.orchestra.run.smithi070.stdout:/usr/bin/ceph: stderr
2024-05-08T06:30:28.715+0000 7fefaaa00700 1 --2- >> [v2:172.21.15.70:3300/0,v1:172.21.15.70:6789/0] conn(0x7fefac108cb0 0x7fefac1090d0 unknown :-1 s=BANNER_CONNECTING pgs=0 cs=0 l=0 rev1=0 crypto rx=0 tx=0 comp rx=0 tx=0)._handle_peer_banner_payload supported=3 required=0
2024-05-08T06:30:29.839 INFO:teuthology.orchestra.run.smithi070.stdout:/usr/bin/ceph: stderr
2024-05-08T06:30:28.715+0000 7fefaaa00700 1 --2- >> [v2:172.21.15.70:3300/0,v1:172.21.15.70:6789/0] conn(0x7fefac108cb0 0x7fefac1090d0 unknown :-1 s=HELLO_CONNECTING pgs=0 cs=0 l=0 rev1=1 crypto rx=0 tx=0 comp rx=0 tx=0).handle_hello peer v2:172.21.15.70:3300/0 says I am v2:172.21.15.70:54306/0 (socket says 172.21.15.70:54306)
2024-05-08T06:30:29.839 INFO:teuthology.orchestra.run.smithi070.stdout:/usr/bin/ceph: stderr
2024-05-08T06:30:28.715+0000 7fefaaa00700 1 -- 172.21.15.70:0/2373916888 learned_addr learned my addr 172.21.15.70:0/2373916888 (peer_addr_for_me v2:172.21.15.70:0/0)
2024-05-08T06:30:29.839 INFO:teuthology.orchestra.run.smithi070.stdout:/usr/bin/ceph: stderr
2024-05-08T06:30:28.716+0000 7fefaaa00700 1 -- 172.21.15.70:0/2373916888 --> [v2:172.21.15.70:3300/0,v1:172.21.15.70:6789/0] -- mon_subscribe({config=0+,monmap=0+}) -- 0x7fefac109e60 con 0x7fefac108cb0
2024-05-08T06:30:29.839 INFO:teuthology.orchestra.run.smithi070.stdout:/usr/bin/ceph: stderr
2024-05-08T06:30:28.716+0000 7fefaaa00700 1 --2- 172.21.15.70:0/2373916888 >> [v2:172.21.15.70:3300/0,v1:172.21.15.70:6789/0] conn(0x7fefac108cb0 0x7fefac1090d0 secure :-1 s=READY pgs=22 cs=0 l=1 rev1=1 crypto rx=0x7fef9c0098a0 tx=0x7fef9c009bb0 comp rx=0 tx=0).ready entity=mon.0 client_cookie=7bb9963ebb89725e server_cookie=0 in_seq=0 out_seq=0
2024-05-08T06:30:29.839 INFO:teuthology.orchestra.run.smithi070.stdout:/usr/bin/ceph: stderr
2024-05-08T06:30:28.716+0000 7fefa9600700 1 -- 172.21.15.70:0/2373916888 <== mon.0 v2:172.21.15.70:3300/0 1 ==== mon_map magic: 0 ==== 205+0+0 (secure 0 0 0) 0x7fef9c004160 con 0x7fefac108cb0
2024-05-08T06:30:29.840 INFO:teuthology.orchestra.run.smithi070.stdout:/usr/bin/ceph: stderr
2024-05-08T06:30:28.716+0000 7fefa9600700 1 -- 172.21.15.70:0/2373916888 <== mon.0 v2:172.21.15.70:3300/0 2 ==== config(25 keys) ==== 1032+0+0 (secure 0 0 0) 0x7fef9c004300 con 0x7fefac108cb0
2024-05-08T06:30:29.840 INFO:teuthology.orchestra.run.smithi070.stdout:/usr/bin/ceph: stderr
2024-05-08T06:30:28.716+0000 7fefa9600700 1 -- 172.21.15.70:0/2373916888 <== mon.0 v2:172.21.15.70:3300/0 3 ==== mon_map magic: 0 ==== 205+0+0 (secure 0 0 0) 0x7fef9c0119e0 con 0x7fefac108cb0
2024-05-08T06:30:29.840 INFO:teuthology.orchestra.run.smithi070.stdout:/usr/bin/ceph: stderr
2024-05-08T06:30:28.717+0000 7fefb1600700 1 -- 172.21.15.70:0/2373916888 >> [v2:172.21.15.70:3300/0,v1:172.21.15.70:6789/0] conn(0x7fefac108cb0 msgr2=0x7fefac1090d0 secure :-1 s=STATE_CONNECTION_ESTABLISHED l=1).mark_down
2024-05-08T06:30:29.840 INFO:teuthology.orchestra.run.smithi070.stdout:/usr/bin/ceph: stderr
2024-05-08T06:30:28.717+0000 7fefb1600700 1 --2- 172.21.15.70:0/2373916888 >> [v2:172.21.15.70:3300/0,v1:172.21.15.70:6789/0] conn(0x7fefac108cb0 0x7fefac1090d0 secure :-1 s=READY pgs=22 cs=0 l=1 rev1=1 crypto rx=0x7fef9c0098a0 tx=0x7fef9c009bb0 comp rx=0 tx=0).stop
2024-05-08T06:30:29.840 INFO:teuthology.orchestra.run.smithi070.stdout:/usr/bin/ceph: stderr
2024-05-08T06:30:28.717+0000 7fefb1600700 1 -- 172.21.15.70:0/2373916888 shutdown_connections
2024-05-08T06:30:29.840 INFO:teuthology.orchestra.run.smithi070.stdout:/usr/bin/ceph: stderr
2024-05-08T06:30:28.717+0000 7fefb1600700 1 --2- 172.21.15.70:0/2373916888 >> [v2:172.21.15.70:3300/0,v1:172.21.15.70:6789/0] conn(0x7fefac108cb0 0x7fefac1090d0 unknown :-1 s=CLOSED pgs=22 cs=0 l=1 rev1=1 crypto rx=0 tx=0 comp rx=0 tx=0).stop
2024-05-08T06:30:29.840 INFO:teuthology.orchestra.run.smithi070.stdout:/usr/bin/ceph: stderr
2024-05-08T06:30:28.717+0000 7fefb1600700 1 -- 172.21.15.70:0/2373916888 >> 172.21.15.70:0/2373916888 conn(0x7fefac104270 msgr2=0x7fefac106690 unknown :-1 s=STATE_NONE l=0).mark_down
2024-05-08T06:30:29.840 INFO:teuthology.orchestra.run.smithi070.stdout:/usr/bin/ceph: stderr
2024-05-08T06:30:28.717+0000 7fefb1600700 1 -- 172.21.15.70:0/2373916888 shutdown_connections
2024-05-08T06:30:29.840 INFO:teuthology.orchestra.run.smithi070.stdout:/usr/bin/ceph: stderr
2024-05-08T06:30:28.717+0000 7fefb1600700 1 -- 172.21.15.70:0/2373916888 wait complete.
2024-05-08T06:30:29.840 INFO:teuthology.orchestra.run.smithi070.stdout:/usr/bin/ceph: stderr
2024-05-08T06:30:28.718+0000 7fefb1600700 1 Processor -- start
2024-05-08T06:30:29.840 INFO:teuthology.orchestra.run.smithi070.stdout:/usr/bin/ceph: stderr
2024-05-08T06:30:28.718+0000 7fefb1600700 1 -- start start
2024-05-08T06:30:29.840 INFO:teuthology.orchestra.run.smithi070.stdout:/usr/bin/ceph: stderr
2024-05-08T06:30:28.719+0000 7fefb1600700 1 --2- >> [v2:172.21.15.70:3300/0,v1:172.21.15.70:6789/0] conn(0x7fefac108cb0 0x7fefac19ecc0 unknown :-1 s=NONE pgs=0 cs=0 l=1 rev1=0 crypto rx=0 tx=0 comp rx=0 tx=0).connect
2024-05-08T06:30:29.841 INFO:teuthology.orchestra.run.smithi070.stdout:/usr/bin/ceph: stderr
2024-05-08T06:30:28.719+0000 7fefb1600700 1 -- --> [v2:172.21.15.70:3300/0,v1:172.21.15.70:6789/0] -- mon_getmap magic: 0 -- 0x7fefac10d090 con 0x7fefac108cb0
2024-05-08T06:30:29.841 INFO:teuthology.orchestra.run.smithi070.stdout:/usr/bin/ceph: stderr
2024-05-08T06:30:28.719+0000 7fefaaa00700 1 --2- >> [v2:172.21.15.70:3300/0,v1:172.21.15.70:6789/0] conn(0x7fefac108cb0 0x7fefac19ecc0 unknown :-1 s=BANNER_CONNECTING pgs=0 cs=0 l=1 rev1=0 crypto rx=0 tx=0 comp rx=0 tx=0)._handle_peer_banner_payload supported=3 required=0
2024-05-08T06:30:29.841 INFO:teuthology.orchestra.run.smithi070.stdout:/usr/bin/ceph: stderr
2024-05-08T06:30:28.719+0000 7fefaaa00700 1 --2- >> [v2:172.21.15.70:3300/0,v1:172.21.15.70:6789/0] conn(0x7fefac108cb0 0x7fefac19ecc0 unknown :-1 s=HELLO_CONNECTING pgs=0 cs=0 l=1 rev1=1 crypto rx=0 tx=0 comp rx=0 tx=0).handle_hello peer v2:172.21.15.70:3300/0 says I am v2:172.21.15.70:54316/0 (socket says 172.21.15.70:54316)
2024-05-08T06:30:29.841 INFO:teuthology.orchestra.run.smithi070.stdout:/usr/bin/ceph: stderr
2024-05-08T06:30:28.719+0000 7fefaaa00700 1 -- 172.21.15.70:0/1476160451 learned_addr learned my addr 172.21.15.70:0/1476160451 (peer_addr_for_me v2:172.21.15.70:0/0)
2024-05-08T06:30:29.841 INFO:teuthology.orchestra.run.smithi070.stdout:/usr/bin/ceph: stderr
2024-05-08T06:30:28.719+0000 7fefaaa00700 1 -- 172.21.15.70:0/1476160451 --> [v2:172.21.15.70:3300/0,v1:172.21.15.70:6789/0] -- mon_subscribe({config=0+,monmap=0+}) -- 0x7fefac19f200 con 0x7fefac108cb0
2024-05-08T06:30:29.841 INFO:teuthology.orchestra.run.smithi070.stdout:/usr/bin/ceph: stderr
2024-05-08T06:30:28.720+0000 7fefaaa00700 1 --2- 172.21.15.70:0/1476160451 >> [v2:172.21.15.70:3300/0,v1:172.21.15.70:6789/0] conn(0x7fefac108cb0 0x7fefac19ecc0 secure :-1 s=READY pgs=23 cs=0 l=1 rev1=1 crypto rx=0x7fef9c0119b0 tx=0x7fef9c011a90 comp rx=0 tx=0).ready entity=mon.0 client_cookie=0 server_cookie=0 in_seq=0 out_seq=0
2024-05-08T06:30:29.841 INFO:teuthology.orchestra.run.smithi070.stdout:/usr/bin/ceph: stderr
2024-05-08T06:30:28.720+0000 7fefa3400700 1 -- 172.21.15.70:0/1476160451 <== mon.0 v2:172.21.15.70:3300/0 1 ==== mon_map magic: 0 ==== 205+0+0 (secure 0 0 0) 0x7fef9c003af0 con 0x7fefac108cb0
2024-05-08T06:30:29.841 INFO:teuthology.orchestra.run.smithi070.stdout:/usr/bin/ceph: stderr
2024-05-08T06:30:28.720+0000 7fefa3400700 1 -- 172.21.15.70:0/1476160451 <== mon.0 v2:172.21.15.70:3300/0 2 ==== config(25 keys) ==== 1032+0+0 (secure 0 0 0) 0x7fef9c01a8a0 con 0x7fefac108cb0
2024-05-08T06:30:29.841 INFO:teuthology.orchestra.run.smithi070.stdout:/usr/bin/ceph: stderr
2024-05-08T06:30:28.720+0000 7fefb1600700 1 -- 172.21.15.70:0/1476160451 --> [v2:172.21.15.70:3300/0,v1:172.21.15.70:6789/0] -- mon_subscribe({mgrmap=0+}) -- 0x7fefac19f490 con 0x7fefac108cb0
2024-05-08T06:30:29.841 INFO:teuthology.orchestra.run.smithi070.stdout:/usr/bin/ceph: stderr
2024-05-08T06:30:28.720+0000 7fefa3400700 1 -- 172.21.15.70:0/1476160451 <== mon.0 v2:172.21.15.70:3300/0 3 ==== mon_map magic: 0 ==== 205+0+0 (secure 0 0 0) 0x7fef9c024830 con 0x7fefac108cb0
2024-05-08T06:30:29.841 INFO:teuthology.orchestra.run.smithi070.stdout:/usr/bin/ceph: stderr
2024-05-08T06:30:28.720+0000 7fefb1600700 1 -- 172.21.15.70:0/1476160451 --> [v2:172.21.15.70:3300/0,v1:172.21.15.70:6789/0] -- mon_subscribe({osdmap=0}) -- 0x7fefac1a2180 con 0x7fefac108cb0
2024-05-08T06:30:29.841 INFO:teuthology.orchestra.run.smithi070.stdout:/usr/bin/ceph: stderr
2024-05-08T06:30:28.721+0000 7fefb1600700 1 -- 172.21.15.70:0/1476160451 --> [v2:172.21.15.70:3300/0,v1:172.21.15.70:6789/0] -- mon_command({"prefix": "get_command_descriptions"} v 0) -- 0x7fefac064b00 con 0x7fefac108cb0
2024-05-08T06:30:29.841 INFO:teuthology.orchestra.run.smithi070.stdout:/usr/bin/ceph: stderr
2024-05-08T06:30:28.722+0000 7fefa3400700 1 -- 172.21.15.70:0/1476160451 <== mon.0 v2:172.21.15.70:3300/0 4 ==== mgrmap(e 4) ==== 50211+0+0 (secure 0 0 0) 0x7fef9c022020 con 0x7fefac108cb0
2024-05-08T06:30:29.842 INFO:teuthology.orchestra.run.smithi070.stdout:/usr/bin/ceph: stderr
2024-05-08T06:30:28.722+0000 7fefa3400700 1 --2- 172.21.15.70:0/1476160451 >> [v2:172.21.15.70:6800/2822740915,v1:172.21.15.70:6801/2822740915] conn(0x7fef9003e470 0x7fef90040930 unknown :-1 s=NONE pgs=0 cs=0 l=1 rev1=0 crypto rx=0 tx=0 comp rx=0 tx=0).connect
2024-05-08T06:30:29.842 INFO:teuthology.orchestra.run.smithi070.stdout:/usr/bin/ceph: stderr
2024-05-08T06:30:28.722+0000 7fefa3400700 1 -- 172.21.15.70:0/1476160451 <== mon.0 v2:172.21.15.70:3300/0 5 ==== osd_map(1..1 src has 1..1) ==== 725+0+0 (secure 0 0 0) 0x7fef9c0534c0 con 0x7fefac108cb0
2024-05-08T06:30:29.842 INFO:teuthology.orchestra.run.smithi070.stdout:/usr/bin/ceph: stderr
2024-05-08T06:30:28.723+0000 7fefaa000700 1 --2- 172.21.15.70:0/1476160451 >> [v2:172.21.15.70:6800/2822740915,v1:172.21.15.70:6801/2822740915] conn(0x7fef9003e470 0x7fef90040930 unknown :-1 s=BANNER_CONNECTING pgs=0 cs=0 l=1 rev1=0 crypto rx=0 tx=0 comp rx=0 tx=0)._handle_peer_banner_payload supported=3 required=0
2024-05-08T06:30:29.842 INFO:teuthology.orchestra.run.smithi070.stdout:/usr/bin/ceph: stderr
2024-05-08T06:30:28.723+0000 7fefaa000700 1 --2- 172.21.15.70:0/1476160451 >> [v2:172.21.15.70:6800/2822740915,v1:172.21.15.70:6801/2822740915] conn(0x7fef9003e470 0x7fef90040930 secure :-1 s=READY pgs=8 cs=0 l=1 rev1=1 crypto rx=0x7fef98006fd0 tx=0x7fef98006e40 comp rx=0 tx=0).ready entity=mgr.14100 client_cookie=0 server_cookie=0 in_seq=0 out_seq=0
2024-05-08T06:30:29.842 INFO:teuthology.orchestra.run.smithi070.stdout:/usr/bin/ceph: stderr
2024-05-08T06:30:28.728+0000 7fefa3400700 1 -- 172.21.15.70:0/1476160451 <== mon.0 v2:172.21.15.70:3300/0 6 ==== mon_command_ack([{"prefix": "get_command_descriptions"}]=0 v0) ==== 72+0+191963 (secure 0 0 0) 0x7fef9c0212c0 con 0x7fefac108cb0
2024-05-08T06:30:29.842 INFO:teuthology.orchestra.run.smithi070.stdout:/usr/bin/ceph: stderr
2024-05-08T06:30:29.019+0000 7fefb1600700 1 -- 172.21.15.70:0/1476160451 --> [v2:172.21.15.70:3300/0,v1:172.21.15.70:6789/0] -- mon_command({"prefix": "mgr module enable", "module": "cephadm"} v 0) -- 0x7fefac1a2350 con 0x7fefac108cb0
2024-05-08T06:30:29.842 INFO:teuthology.orchestra.run.smithi070.stdout:/usr/bin/ceph: stderr
2024-05-08T06:30:29.072+0000 7fefa3400700 1 -- 172.21.15.70:0/1476160451 <== mon.0 v2:172.21.15.70:3300/0 7 ==== mon_command_ack([{"prefix": "mgr module enable", "module": "cephadm"}]=0 v5) ==== 86+0+0 (secure 0 0 0) 0x7fefac1a2350 con 0x7fefac108cb0
2024-05-08T06:30:29.842 INFO:teuthology.orchestra.run.smithi070.stdout:/usr/bin/ceph: stderr
2024-05-08T06:30:29.076+0000 7fefa3400700 1 -- 172.21.15.70:0/1476160451 <== mon.0 v2:172.21.15.70:3300/0 8 ==== mgrmap(e 5) ==== 50222+0+0 (secure 0 0 0) 0x7fef9c01aa50 con 0x7fefac108cb0
2024-05-08T06:30:29.842 INFO:teuthology.orchestra.run.smithi070.stdout:/usr/bin/ceph: stderr
2024-05-08T06:30:29.077+0000 7fefb1600700 1 -- 172.21.15.70:0/1476160451 >> [v2:172.21.15.70:6800/2822740915,v1:172.21.15.70:6801/2822740915] conn(0x7fef9003e470 msgr2=0x7fef90040930 secure :-1 s=STATE_CONNECTION_ESTABLISHED l=1).mark_down
2024-05-08T06:30:29.842 INFO:teuthology.orchestra.run.smithi070.stdout:/usr/bin/ceph: stderr
2024-05-08T06:30:29.077+0000 7fefb1600700 1 --2- 172.21.15.70:0/1476160451 >> [v2:172.21.15.70:6800/2822740915,v1:172.21.15.70:6801/2822740915] conn(0x7fef9003e470 0x7fef90040930 secure :-1 s=READY pgs=8 cs=0 l=1 rev1=1 crypto rx=0x7fef98006fd0 tx=0x7fef98006e40 comp rx=0 tx=0).stop
2024-05-08T06:30:29.842 INFO:teuthology.orchestra.run.smithi070.stdout:/usr/bin/ceph: stderr
2024-05-08T06:30:29.077+0000 7fefb1600700 1 -- 172.21.15.70:0/1476160451 >> [v2:172.21.15.70:3300/0,v1:172.21.15.70:6789/0] conn(0x7fefac108cb0 msgr2=0x7fefac19ecc0 secure :-1 s=STATE_CONNECTION_ESTABLISHED l=1).mark_down
2024-05-08T06:30:29.843 INFO:teuthology.orchestra.run.smithi070.stdout:/usr/bin/ceph: stderr
2024-05-08T06:30:29.077+0000 7fefb1600700 1 --2- 172.21.15.70:0/1476160451 >> [v2:172.21.15.70:3300/0,v1:172.21.15.70:6789/0] conn(0x7fefac108cb0 0x7fefac19ecc0 secure :-1 s=READY pgs=23 cs=0 l=1 rev1=1 crypto rx=0x7fef9c0119b0 tx=0x7fef9c011a90 comp rx=0 tx=0).stop
2024-05-08T06:30:29.843 INFO:teuthology.orchestra.run.smithi070.stdout:/usr/bin/ceph: stderr
2024-05-08T06:30:29.077+0000 7fefb1600700 1 -- 172.21.15.70:0/1476160451 shutdown_connections
2024-05-08T06:30:29.843 INFO:teuthology.orchestra.run.smithi070.stdout:/usr/bin/ceph: stderr
2024-05-08T06:30:29.077+0000 7fefb1600700 1 --2- 172.21.15.70:0/1476160451 >> [v2:172.21.15.70:6800/2822740915,v1:172.21.15.70:6801/2822740915] conn(0x7fef9003e470 0x7fef90040930 unknown :-1 s=CLOSED pgs=8 cs=0 l=1 rev1=1 crypto rx=0 tx=0 comp rx=0 tx=0).stop
2024-05-08T06:30:29.843 INFO:teuthology.orchestra.run.smithi070.stdout:/usr/bin/ceph: stderr
2024-05-08T06:30:29.077+0000 7fefb1600700 1 --2- 172.21.15.70:0/1476160451 >> [v2:172.21.15.70:3300/0,v1:172.21.15.70:6789/0] conn(0x7fefac108cb0 0x7fefac19ecc0 unknown :-1 s=CLOSED pgs=23 cs=0 l=1 rev1=1 crypto rx=0 tx=0 comp rx=0 tx=0).stop
2024-05-08T06:30:29.843 INFO:teuthology.orchestra.run.smithi070.stdout:/usr/bin/ceph: stderr
2024-05-08T06:30:29.079+0000 7fefb1600700 1 -- 172.21.15.70:0/1476160451 >> 172.21.15.70:0/1476160451 conn(0x7fefac104270 msgr2=0x7fefac104cf0 unknown :-1 s=STATE_NONE l=0).mark_down
2024-05-08T06:30:29.843 INFO:teuthology.orchestra.run.smithi070.stdout:/usr/bin/ceph: stderr
2024-05-08T06:30:29.079+0000 7fefb1600700 1 -- 172.21.15.70:0/1476160451 shutdown_connections
2024-05-08T06:30:29.843 INFO:teuthology.orchestra.run.smithi070.stdout:/usr/bin/ceph: stderr
2024-05-08T06:30:29.079+0000 7fefb1600700 1 -- 172.21.15.70:0/1476160451 wait complete.
2024-05-08T06:30:30.009 INFO:journalctl@ceph.mgr.x.smithi070.stdout:May 08 06:30:29 smithi070 ceph-3cf89df8-0d04-11ef-bc97-c7b262605968-mgr-x[29820]:
2024-05-08T06:30:29.745+0000 7f84def31200 -1 mgr[py] Module snap_schedule has missing NOTIFY_TYPES member
2024-05-08T06:30:30.268 INFO:journalctl@ceph.mon.a.smithi070.stdout:May 08 06:30:30 smithi070 ceph-mon[29591]: from='client.? 172.21.15.70:0/1476160451' entity='client.admin' cmd='[{"prefix": "mgr module enable", "module": "cephadm"}]': finished
2024-05-08T06:30:30.268 INFO:journalctl@ceph.mon.a.smithi070.stdout:May 08 06:30:30 smithi070 ceph-mon[29591]: mgrmap e5: x(active, since 5s)
2024-05-08T06:30:30.268 INFO:journalctl@ceph.mgr.x.smithi070.stdout:May 08 06:30:30 smithi070 ceph-3cf89df8-0d04-11ef-bc97-c7b262605968-mgr-x[29820]:
2024-05-08T06:30:30.152+0000 7f84def31200 -1 mgr[py] Module progress has missing NOTIFY_TYPES member
2024-05-08T06:30:30.628 INFO:journalctl@ceph.mgr.x.smithi070.stdout:May 08 06:30:30 smithi070 ceph-3cf89df8-0d04-11ef-bc97-c7b262605968-mgr-x[29820]:
2024-05-08T06:30:30.267+0000 7f84def31200 -1 mgr[py] Module influx has missing NOTIFY_TYPES member
2024-05-08T06:30:31.378 INFO:journalctl@ceph.mon.a.smithi070.stdout:May 08 06:30:31 smithi070 ceph-mon[29591]: from='client.? 172.21.15.70:0/2684279046' entity='client.admin' cmd=[{"prefix": "mgr stat"}]: dispatch
2024-05-08T06:30:31.480 INFO:teuthology.orchestra.run.smithi070.stdout:/usr/bin/ceph: stdout {
2024-05-08T06:30:31.480 INFO:teuthology.orchestra.run.smithi070.stdout:/usr/bin/ceph: stdout "epoch": 5,
2024-05-08T06:30:31.480 INFO:teuthology.orchestra.run.smithi070.stdout:/usr/bin/ceph: stdout "available": true,
2024-05-08T06:30:31.480 INFO:teuthology.orchestra.run.smithi070.stdout:/usr/bin/ceph: stdout "active_name": "x",
2024-05-08T06:30:31.480 INFO:teuthology.orchestra.run.smithi070.stdout:/usr/bin/ceph: stdout "num_standby": 0
2024-05-08T06:30:31.480 INFO:teuthology.orchestra.run.smithi070.stdout:/usr/bin/ceph: stdout }
2024-05-08T06:30:31.480 INFO:teuthology.orchestra.run.smithi070.stdout:/usr/bin/ceph: stderr
2024-05-08T06:30:30.425+0000 7f4ddb200700 1 Processor -- start
2024-05-08T06:30:31.480 INFO:teuthology.orchestra.run.smithi070.stdout:/usr/bin/ceph: stderr
2024-05-08T06:30:30.425+0000 7f4ddb200700 1 -- start start
2024-05-08T06:30:31.480 INFO:teuthology.orchestra.run.smithi070.stdout:/usr/bin/ceph: stderr
2024-05-08T06:30:30.426+0000 7f4ddb200700 1 --2- >> [v2:172.21.15.70:3300/0,v1:172.21.15.70:6789/0] conn(0x7f4dd4109720 0x7f4dd410bb10 unknown :-1 s=NONE pgs=0 cs=0 l=0 rev1=0 crypto rx=0 tx=0 comp rx=0 tx=0).connect
2024-05-08T06:30:31.480 INFO:teuthology.orchestra.run.smithi070.stdout:/usr/bin/ceph: stderr
2024-05-08T06:30:30.426+0000 7f4ddb200700 1 -- --> [v2:172.21.15.70:3300/0,v1:172.21.15.70:6789/0] -- mon_getmap magic: 0 -- 0x7f4dd407ce80 con 0x7f4dd4109720
2024-05-08T06:30:31.480 INFO:teuthology.orchestra.run.smithi070.stdout:/usr/bin/ceph: stderr
2024-05-08T06:30:30.426+0000 7f4dd3e00700 1 --2- >> [v2:172.21.15.70:3300/0,v1:172.21.15.70:6789/0] conn(0x7f4dd4109720 0x7f4dd410bb10 unknown :-1 s=BANNER_CONNECTING pgs=0 cs=0 l=0 rev1=0 crypto rx=0 tx=0 comp rx=0 tx=0)._handle_peer_banner_payload supported=3 required=0
2024-05-08T06:30:31.480 INFO:teuthology.orchestra.run.smithi070.stdout:/usr/bin/ceph: stderr
2024-05-08T06:30:30.426+0000 7f4dd3e00700 1 --2- >> [v2:172.21.15.70:3300/0,v1:172.21.15.70:6789/0] conn(0x7f4dd4109720 0x7f4dd410bb10 unknown :-1 s=HELLO_CONNECTING pgs=0 cs=0 l=0 rev1=1 crypto rx=0 tx=0 comp rx=0 tx=0).handle_hello peer v2:172.21.15.70:3300/0 says I am v2:172.21.15.70:54346/0 (socket says 172.21.15.70:54346)
2024-05-08T06:30:31.480 INFO:teuthology.orchestra.run.smithi070.stdout:/usr/bin/ceph: stderr
2024-05-08T06:30:30.426+0000 7f4dd3e00700 1 -- 172.21.15.70:0/1212634411 learned_addr learned my addr 172.21.15.70:0/1212634411 (peer_addr_for_me v2:172.21.15.70:0/0)
2024-05-08T06:30:31.481 INFO:teuthology.orchestra.run.smithi070.stdout:/usr/bin/ceph: stderr
2024-05-08T06:30:30.426+0000 7f4dd3e00700 1 -- 172.21.15.70:0/1212634411 --> [v2:172.21.15.70:3300/0,v1:172.21.15.70:6789/0] -- mon_subscribe({config=0+,monmap=0+}) -- 0x7f4dd410c050 con 0x7f4dd4109720
2024-05-08T06:30:31.481 INFO:teuthology.orchestra.run.smithi070.stdout:/usr/bin/ceph: stderr
2024-05-08T06:30:30.427+0000 7f4dd3e00700 1 --2- 172.21.15.70:0/1212634411 >> [v2:172.21.15.70:3300/0,v1:172.21.15.70:6789/0] conn(0x7f4dd4109720 0x7f4dd410bb10 secure :-1 s=READY pgs=26 cs=0 l=1 rev1=1 crypto rx=0x7f4dc40098a0 tx=0x7f4dc4009bb0 comp rx=0 tx=0).ready entity=mon.0 client_cookie=c42e75e8fbc7aa13 server_cookie=0 in_seq=0 out_seq=0
2024-05-08T06:30:31.481 INFO:teuthology.orchestra.run.smithi070.stdout:/usr/bin/ceph: stderr
2024-05-08T06:30:30.427+0000 7f4dd2a00700 1 -- 172.21.15.70:0/1212634411 <== mon.0 v2:172.21.15.70:3300/0 1 ==== mon_map magic: 0 ==== 205+0+0 (secure 0 0 0) 0x7f4dc4004160 con 0x7f4dd4109720
2024-05-08T06:30:31.481 INFO:teuthology.orchestra.run.smithi070.stdout:/usr/bin/ceph: stderr
2024-05-08T06:30:30.427+0000 7f4dd2a00700 1 -- 172.21.15.70:0/1212634411 <== mon.0 v2:172.21.15.70:3300/0 2 ==== config(25 keys) ==== 1032+0+0 (secure 0 0 0) 0x7f4dc4004300 con 0x7f4dd4109720
2024-05-08T06:30:31.481 INFO:teuthology.orchestra.run.smithi070.stdout:/usr/bin/ceph: stderr
2024-05-08T06:30:30.427+0000 7f4dd2a00700 1 -- 172.21.15.70:0/1212634411 <== mon.0 v2:172.21.15.70:3300/0 3 ==== mon_map magic: 0 ==== 205+0+0 (secure 0 0 0) 0x7f4dc40119e0 con 0x7f4dd4109720
2024-05-08T06:30:31.481 INFO:teuthology.orchestra.run.smithi070.stdout:/usr/bin/ceph: stderr
2024-05-08T06:30:30.428+0000 7f4ddb200700 1 -- 172.21.15.70:0/1212634411 >> [v2:172.21.15.70:3300/0,v1:172.21.15.70:6789/0] conn(0x7f4dd4109720 msgr2=0x7f4dd410bb10 secure :-1 s=STATE_CONNECTION_ESTABLISHED l=1).mark_down
2024-05-08T06:30:31.481 INFO:teuthology.orchestra.run.smithi070.stdout:/usr/bin/ceph: stderr
2024-05-08T06:30:30.428+0000 7f4ddb200700 1 --2- 172.21.15.70:0/1212634411 >> [v2:172.21.15.70:3300/0,v1:172.21.15.70:6789/0] conn(0x7f4dd4109720 0x7f4dd410bb10 secure :-1 s=READY pgs=26 cs=0 l=1 rev1=1 crypto rx=0x7f4dc40098a0 tx=0x7f4dc4009bb0 comp rx=0 tx=0).stop
2024-05-08T06:30:31.481 INFO:teuthology.orchestra.run.smithi070.stdout:/usr/bin/ceph: stderr
2024-05-08T06:30:30.428+0000 7f4ddb200700 1 -- 172.21.15.70:0/1212634411 shutdown_connections
2024-05-08T06:30:31.481 INFO:teuthology.orchestra.run.smithi070.stdout:/usr/bin/ceph: stderr
2024-05-08T06:30:30.428+0000 7f4ddb200700 1 --2- 172.21.15.70:0/1212634411 >> [v2:172.21.15.70:3300/0,v1:172.21.15.70:6789/0] conn(0x7f4dd4109720 0x7f4dd410bb10 unknown :-1 s=CLOSED pgs=26 cs=0 l=1 rev1=1 crypto rx=0 tx=0 comp rx=0 tx=0).stop
2024-05-08T06:30:31.482 INFO:teuthology.orchestra.run.smithi070.stdout:/usr/bin/ceph: stderr
2024-05-08T06:30:30.428+0000 7f4ddb200700 1 -- 172.21.15.70:0/1212634411 >> 172.21.15.70:0/1212634411 conn(0x7f4dd4103130 msgr2=0x7f4dd4105570 unknown :-1 s=STATE_NONE l=0).mark_down
2024-05-08T06:30:31.482 INFO:teuthology.orchestra.run.smithi070.stdout:/usr/bin/ceph: stderr
2024-05-08T06:30:30.428+0000 7f4ddb200700 1 -- 172.21.15.70:0/1212634411 shutdown_connections
2024-05-08T06:30:31.482 INFO:teuthology.orchestra.run.smithi070.stdout:/usr/bin/ceph: stderr
2024-05-08T06:30:30.428+0000 7f4ddb200700 1 -- 172.21.15.70:0/1212634411 wait complete.
2024-05-08T06:30:31.482 INFO:teuthology.orchestra.run.smithi070.stdout:/usr/bin/ceph: stderr
2024-05-08T06:30:30.429+0000 7f4ddb200700 1 Processor -- start
2024-05-08T06:30:31.482 INFO:teuthology.orchestra.run.smithi070.stdout:/usr/bin/ceph: stderr
2024-05-08T06:30:30.429+0000 7f4ddb200700 1 -- start start
2024-05-08T06:30:31.482 INFO:teuthology.orchestra.run.smithi070.stdout:/usr/bin/ceph: stderr
2024-05-08T06:30:30.429+0000 7f4ddb200700 1 --2- >> [v2:172.21.15.70:3300/0,v1:172.21.15.70:6789/0] conn(0x7f4dd4109720 0x7f4dd419ec60 unknown :-1 s=NONE pgs=0 cs=0 l=1 rev1=0 crypto rx=0 tx=0 comp rx=0 tx=0).connect
