2024-05-08T06:31:21.596+0000 7f34ebe00700 1 --2- 172.21.15.70:0/4103850208 >> [v2:172.21.15.70:3300/0,v1:172.21.15.70:6789/0] conn(0x7f34ec10aca0 0x7f34ec19eb10 secure :-1 s=READY pgs=75 cs=0 l=1 rev1=1 crypto rx=0x7f34dc011670 tx=0x7f34dc011a30 comp rx=0 tx=0).ready entity=mon.0 client_cookie=0 server_cookie=0 in_seq=0 out_seq=0
2024-05-08T06:31:22.565 INFO:teuthology.orchestra.run.smithi070.stdout:/usr/bin/ceph: stderr
2024-05-08T06:31:21.597+0000 7f34e8c00700 1 -- 172.21.15.70:0/4103850208 <== mon.0 v2:172.21.15.70:3300/0 1 ==== mon_map magic: 0 ==== 205+0+0 (secure 0 0 0) 0x7f34dc003a60 con 0x7f34ec10aca0
2024-05-08T06:31:22.565 INFO:teuthology.orchestra.run.smithi070.stdout:/usr/bin/ceph: stderr
2024-05-08T06:31:21.597+0000 7f34e8c00700 1 -- 172.21.15.70:0/4103850208 <== mon.0 v2:172.21.15.70:3300/0 2 ==== config(25 keys) ==== 1063+0+0 (secure 0 0 0) 0x7f34dc01b8d0 con 0x7f34ec10aca0
2024-05-08T06:31:22.565 INFO:teuthology.orchestra.run.smithi070.stdout:/usr/bin/ceph: stderr
2024-05-08T06:31:21.597+0000 7f34e8c00700 1 -- 172.21.15.70:0/4103850208 <== mon.0 v2:172.21.15.70:3300/0 3 ==== mon_map magic: 0 ==== 205+0+0 (secure 0 0 0) 0x7f34dc023790 con 0x7f34ec10aca0
2024-05-08T06:31:22.565 INFO:teuthology.orchestra.run.smithi070.stdout:/usr/bin/ceph: stderr
2024-05-08T06:31:21.597+0000 7f34f1400700 1 -- 172.21.15.70:0/4103850208 --> [v2:172.21.15.70:3300/0,v1:172.21.15.70:6789/0] -- mon_subscribe({mgrmap=0+}) -- 0x7f34ec19f2e0 con 0x7f34ec10aca0
2024-05-08T06:31:22.565 INFO:teuthology.orchestra.run.smithi070.stdout:/usr/bin/ceph: stderr
2024-05-08T06:31:21.597+0000 7f34f1400700 1 -- 172.21.15.70:0/4103850208 --> [v2:172.21.15.70:3300/0,v1:172.21.15.70:6789/0] -- mon_subscribe({osdmap=0}) -- 0x7f34ec1a1fd0 con 0x7f34ec10aca0
2024-05-08T06:31:22.565 INFO:teuthology.orchestra.run.smithi070.stdout:/usr/bin/ceph: stderr
2024-05-08T06:31:21.598+0000 7f34f1400700 1 -- 172.21.15.70:0/4103850208 --> [v2:172.21.15.70:3300/0,v1:172.21.15.70:6789/0] -- mon_command({"prefix": "get_command_descriptions"} v 0) -- 0x7f34ec10f250 con 0x7f34ec10aca0
2024-05-08T06:31:22.565 INFO:teuthology.orchestra.run.smithi070.stdout:/usr/bin/ceph: stderr
2024-05-08T06:31:21.598+0000 7f34e8c00700 1 -- 172.21.15.70:0/4103850208 <== mon.0 v2:172.21.15.70:3300/0 4 ==== mgrmap(e 13) ==== 50278+0+0 (secure 0 0 0) 0x7f34dc01b440 con 0x7f34ec10aca0
2024-05-08T06:31:22.565 INFO:teuthology.orchestra.run.smithi070.stdout:/usr/bin/ceph: stderr
2024-05-08T06:31:21.599+0000 7f34e8c00700 1 --2- 172.21.15.70:0/4103850208 >> [v2:172.21.15.70:6800/3718531938,v1:172.21.15.70:6801/3718531938] conn(0x7f34d003e5c0 0x7f34d0040a80 unknown :-1 s=NONE pgs=0 cs=0 l=1 rev1=0 crypto rx=0 tx=0 comp rx=0 tx=0).connect
2024-05-08T06:31:22.565 INFO:teuthology.orchestra.run.smithi070.stdout:/usr/bin/ceph: stderr
2024-05-08T06:31:21.599+0000 7f34e8c00700 1 -- 172.21.15.70:0/4103850208 <== mon.0 v2:172.21.15.70:3300/0 5 ==== osd_map(3..3 src has 1..3) ==== 1155+0+0 (secure 0 0 0) 0x7f34dc054150 con 0x7f34ec10aca0
2024-05-08T06:31:22.565 INFO:teuthology.orchestra.run.smithi070.stdout:/usr/bin/ceph: stderr
2024-05-08T06:31:21.599+0000 7f34eb400700 1 --2- 172.21.15.70:0/4103850208 >> [v2:172.21.15.70:6800/3718531938,v1:172.21.15.70:6801/3718531938] conn(0x7f34d003e5c0 0x7f34d0040a80 unknown :-1 s=BANNER_CONNECTING pgs=0 cs=0 l=1 rev1=0 crypto rx=0 tx=0 comp rx=0 tx=0)._handle_peer_banner_payload supported=3 required=0
2024-05-08T06:31:22.565 INFO:teuthology.orchestra.run.smithi070.stdout:/usr/bin/ceph: stderr
2024-05-08T06:31:21.600+0000 7f34eb400700 1 --2- 172.21.15.70:0/4103850208 >> [v2:172.21.15.70:6800/3718531938,v1:172.21.15.70:6801/3718531938] conn(0x7f34d003e5c0 0x7f34d0040a80 secure :-1 s=READY pgs=9 cs=0 l=1 rev1=1 crypto rx=0x7f34d8006fd0 tx=0x7f34d8006e40 comp rx=0 tx=0).ready entity=mgr.14152 client_cookie=0 server_cookie=0 in_seq=0 out_seq=0
2024-05-08T06:31:22.565 INFO:teuthology.orchestra.run.smithi070.stdout:/usr/bin/ceph: stderr
2024-05-08T06:31:21.604+0000 7f34e8c00700 1 -- 172.21.15.70:0/4103850208 <== mon.0 v2:172.21.15.70:3300/0 6 ==== mon_command_ack([{"prefix": "get_command_descriptions"}]=0 v0) ==== 72+0+191963 (secure 0 0 0) 0x7f34dc01f030 con 0x7f34ec10aca0
2024-05-08T06:31:22.565 INFO:teuthology.orchestra.run.smithi070.stdout:/usr/bin/ceph: stderr
2024-05-08T06:31:21.836+0000 7f34f1400700 1 -- 172.21.15.70:0/4103850208 --> [v2:172.21.15.70:3300/0,v1:172.21.15.70:6789/0] -- mon_command({"prefix": "config get", "who": "mgr", "key": "mgr/dashboard/ssl_server_port"} v 0) -- 0x7f34ec1a21a0 con 0x7f34ec10aca0
2024-05-08T06:31:22.566 INFO:teuthology.orchestra.run.smithi070.stdout:/usr/bin/ceph: stderr
2024-05-08T06:31:21.837+0000 7f34e8c00700 1 -- 172.21.15.70:0/4103850208 <== mon.0 v2:172.21.15.70:3300/0 7 ==== mon_command_ack([{"prefix": "config get", "who": "mgr", "key": "mgr/dashboard/ssl_server_port"}]=0 v8) ==== 112+0+5 (secure 0 0 0) 0x7f34dc0202b0 con 0x7f34ec10aca0
2024-05-08T06:31:22.566 INFO:teuthology.orchestra.run.smithi070.stdout:/usr/bin/ceph: stderr
2024-05-08T06:31:21.840+0000 7f34f1400700 1 -- 172.21.15.70:0/4103850208 >> [v2:172.21.15.70:6800/3718531938,v1:172.21.15.70:6801/3718531938] conn(0x7f34d003e5c0 msgr2=0x7f34d0040a80 secure :-1 s=STATE_CONNECTION_ESTABLISHED l=1).mark_down
2024-05-08T06:31:22.566 INFO:teuthology.orchestra.run.smithi070.stdout:/usr/bin/ceph: stderr
2024-05-08T06:31:21.840+0000 7f34f1400700 1 --2- 172.21.15.70:0/4103850208 >> [v2:172.21.15.70:6800/3718531938,v1:172.21.15.70:6801/3718531938] conn(0x7f34d003e5c0 0x7f34d0040a80 secure :-1 s=READY pgs=9 cs=0 l=1 rev1=1 crypto rx=0x7f34d8006fd0 tx=0x7f34d8006e40 comp rx=0 tx=0).stop
2024-05-08T06:31:22.566 INFO:teuthology.orchestra.run.smithi070.stdout:/usr/bin/ceph: stderr
2024-05-08T06:31:21.840+0000 7f34f1400700 1 -- 172.21.15.70:0/4103850208 >> [v2:172.21.15.70:3300/0,v1:172.21.15.70:6789/0] conn(0x7f34ec10aca0 msgr2=0x7f34ec19eb10 secure :-1 s=STATE_CONNECTION_ESTABLISHED l=1).mark_down
2024-05-08T06:31:22.566 INFO:teuthology.orchestra.run.smithi070.stdout:/usr/bin/ceph: stderr
2024-05-08T06:31:21.840+0000 7f34f1400700 1 --2- 172.21.15.70:0/4103850208 >> [v2:172.21.15.70:3300/0,v1:172.21.15.70:6789/0] conn(0x7f34ec10aca0 0x7f34ec19eb10 secure :-1 s=READY pgs=75 cs=0 l=1 rev1=1 crypto rx=0x7f34dc011670 tx=0x7f34dc011a30 comp rx=0 tx=0).stop
2024-05-08T06:31:22.566 INFO:teuthology.orchestra.run.smithi070.stdout:/usr/bin/ceph: stderr
2024-05-08T06:31:21.840+0000 7f34f1400700 1 -- 172.21.15.70:0/4103850208 shutdown_connections
2024-05-08T06:31:22.566 INFO:teuthology.orchestra.run.smithi070.stdout:/usr/bin/ceph: stderr
2024-05-08T06:31:21.840+0000 7f34f1400700 1 --2- 172.21.15.70:0/4103850208 >> [v2:172.21.15.70:6800/3718531938,v1:172.21.15.70:6801/3718531938] conn(0x7f34d003e5c0 0x7f34d0040a80 unknown :-1 s=CLOSED pgs=9 cs=0 l=1 rev1=1 crypto rx=0 tx=0 comp rx=0 tx=0).stop
2024-05-08T06:31:22.566 INFO:teuthology.orchestra.run.smithi070.stdout:/usr/bin/ceph: stderr
2024-05-08T06:31:21.840+0000 7f34f1400700 1 --2- 172.21.15.70:0/4103850208 >> [v2:172.21.15.70:3300/0,v1:172.21.15.70:6789/0] conn(0x7f34ec10aca0 0x7f34ec19eb10 unknown :-1 s=CLOSED pgs=75 cs=0 l=1 rev1=1 crypto rx=0 tx=0 comp rx=0 tx=0).stop
2024-05-08T06:31:22.566 INFO:teuthology.orchestra.run.smithi070.stdout:/usr/bin/ceph: stderr
2024-05-08T06:31:21.840+0000 7f34f1400700 1 -- 172.21.15.70:0/4103850208 >> 172.21.15.70:0/4103850208 conn(0x7f34ec07e070 msgr2=0x7f34ec108410 unknown :-1 s=STATE_NONE l=0).mark_down
2024-05-08T06:31:22.566 INFO:teuthology.orchestra.run.smithi070.stdout:/usr/bin/ceph: stderr
2024-05-08T06:31:21.841+0000 7f34f1400700 1 -- 172.21.15.70:0/4103850208 shutdown_connections
2024-05-08T06:31:22.567 INFO:teuthology.orchestra.run.smithi070.stdout:/usr/bin/ceph: stderr
2024-05-08T06:31:21.841+0000 7f34f1400700 1 -- 172.21.15.70:0/4103850208 wait complete.
2024-05-08T06:31:22.600 INFO:teuthology.orchestra.run.smithi070.stdout:Non-zero exit code 1 from systemctl is-enabled firewalld.service
2024-05-08T06:31:22.600 INFO:teuthology.orchestra.run.smithi070.stdout:systemctl: stdout disabled
2024-05-08T06:31:22.623 INFO:teuthology.orchestra.run.smithi070.stdout:Non-zero exit code 3 from systemctl is-active firewalld.service
2024-05-08T06:31:22.623 INFO:teuthology.orchestra.run.smithi070.stdout:systemctl: stdout inactive
2024-05-08T06:31:22.623 INFO:teuthology.orchestra.run.smithi070.stdout:firewalld.service is not enabled
2024-05-08T06:31:22.623 INFO:teuthology.orchestra.run.smithi070.stdout:Not possible to open ports <[8443]>. firewalld.service is not available
2024-05-08T06:31:22.630 INFO:teuthology.orchestra.run.smithi070.stdout:Ceph Dashboard is now available at:
2024-05-08T06:31:22.630 INFO:teuthology.orchestra.run.smithi070.stdout:
2024-05-08T06:31:22.630 INFO:teuthology.orchestra.run.smithi070.stdout: URL: https://smithi070.front.sepia.ceph.com:8443/
2024-05-08T06:31:22.630 INFO:teuthology.orchestra.run.smithi070.stdout: User: admin
2024-05-08T06:31:22.631 INFO:teuthology.orchestra.run.smithi070.stdout: Password: vcvclf57ck
2024-05-08T06:31:22.631 INFO:teuthology.orchestra.run.smithi070.stdout:
2024-05-08T06:31:22.631 INFO:teuthology.orchestra.run.smithi070.stdout:Saving cluster configuration to /var/lib/ceph/3cf89df8-0d04-11ef-bc97-c7b262605968/config directory
2024-05-08T06:31:22.634 INFO:teuthology.orchestra.run.smithi070.stdout:Enabling autotune for osd_memory_target
2024-05-08T06:31:24.235 INFO:teuthology.orchestra.run.smithi070.stdout:/usr/bin/ceph: stderr
2024-05-08T06:31:23.240+0000 7f4488c00700 1 Processor -- start
2024-05-08T06:31:24.235 INFO:teuthology.orchestra.run.smithi070.stdout:/usr/bin/ceph: stderr
2024-05-08T06:31:23.240+0000 7f4488c00700 1 -- start start
2024-05-08T06:31:24.235 INFO:teuthology.orchestra.run.smithi070.stdout:/usr/bin/ceph: stderr
2024-05-08T06:31:23.240+0000 7f4488c00700 1 --2- >> [v2:172.21.15.70:3300/0,v1:172.21.15.70:6789/0] conn(0x7f4484083280 0x7f4484111cd0 unknown :-1 s=NONE pgs=0 cs=0 l=0 rev1=0 crypto rx=0 tx=0 comp rx=0 tx=0).connect
2024-05-08T06:31:24.235 INFO:teuthology.orchestra.run.smithi070.stdout:/usr/bin/ceph: stderr
2024-05-08T06:31:23.240+0000 7f4488c00700 1 -- --> [v2:172.21.15.70:3300/0,v1:172.21.15.70:6789/0] -- mon_getmap magic: 0 -- 0x7f44841122a0 con 0x7f4484083280
2024-05-08T06:31:24.235 INFO:teuthology.orchestra.run.smithi070.stdout:/usr/bin/ceph: stderr
2024-05-08T06:31:23.241+0000 7f4483400700 1 --2- >> [v2:172.21.15.70:3300/0,v1:172.21.15.70:6789/0] conn(0x7f4484083280 0x7f4484111cd0 unknown :-1 s=BANNER_CONNECTING pgs=0 cs=0 l=0 rev1=0 crypto rx=0 tx=0 comp rx=0 tx=0)._handle_peer_banner_payload supported=3 required=0
2024-05-08T06:31:24.235 INFO:teuthology.orchestra.run.smithi070.stdout:/usr/bin/ceph: stderr
2024-05-08T06:31:23.241+0000 7f4483400700 1 --2- >> [v2:172.21.15.70:3300/0,v1:172.21.15.70:6789/0] conn(0x7f4484083280 0x7f4484111cd0 unknown :-1 s=HELLO_CONNECTING pgs=0 cs=0 l=0 rev1=1 crypto rx=0 tx=0 comp rx=0 tx=0).handle_hello peer v2:172.21.15.70:3300/0 says I am v2:172.21.15.70:57534/0 (socket says 172.21.15.70:57534)
2024-05-08T06:31:24.235 INFO:teuthology.orchestra.run.smithi070.stdout:/usr/bin/ceph: stderr
2024-05-08T06:31:23.241+0000 7f4483400700 1 -- 172.21.15.70:0/1133478496 learned_addr learned my addr 172.21.15.70:0/1133478496 (peer_addr_for_me v2:172.21.15.70:0/0)
2024-05-08T06:31:24.235 INFO:teuthology.orchestra.run.smithi070.stdout:/usr/bin/ceph: stderr
2024-05-08T06:31:23.241+0000 7f4483400700 1 -- 172.21.15.70:0/1133478496 --> [v2:172.21.15.70:3300/0,v1:172.21.15.70:6789/0] -- mon_subscribe({config=0+,monmap=0+}) -- 0x7f4484112420 con 0x7f4484083280
2024-05-08T06:31:24.235 INFO:teuthology.orchestra.run.smithi070.stdout:/usr/bin/ceph: stderr
2024-05-08T06:31:23.242+0000 7f4483400700 1 --2- 172.21.15.70:0/1133478496 >> [v2:172.21.15.70:3300/0,v1:172.21.15.70:6789/0] conn(0x7f4484083280 0x7f4484111cd0 secure :-1 s=READY pgs=76 cs=0 l=1 rev1=1 crypto rx=0x7f44740098a0 tx=0x7f4474009bb0 comp rx=0 tx=0).ready entity=mon.0 client_cookie=2e1a2370b3b1829b server_cookie=0 in_seq=0 out_seq=0
2024-05-08T06:31:24.236 INFO:teuthology.orchestra.run.smithi070.stdout:/usr/bin/ceph: stderr
2024-05-08T06:31:23.242+0000 7f4482000700 1 -- 172.21.15.70:0/1133478496 <== mon.0 v2:172.21.15.70:3300/0 1 ==== mon_map magic: 0 ==== 205+0+0 (secure 0 0 0) 0x7f4474004160 con 0x7f4484083280
2024-05-08T06:31:24.236 INFO:teuthology.orchestra.run.smithi070.stdout:/usr/bin/ceph: stderr
2024-05-08T06:31:23.242+0000 7f4482000700 1 -- 172.21.15.70:0/1133478496 <== mon.0 v2:172.21.15.70:3300/0 2 ==== config(25 keys) ==== 1063+0+0 (secure 0 0 0) 0x7f4474004300 con 0x7f4484083280
2024-05-08T06:31:24.236 INFO:teuthology.orchestra.run.smithi070.stdout:/usr/bin/ceph: stderr
2024-05-08T06:31:23.242+0000 7f4482000700 1 -- 172.21.15.70:0/1133478496 <== mon.0 v2:172.21.15.70:3300/0 3 ==== mon_map magic: 0 ==== 205+0+0 (secure 0 0 0) 0x7f4474011960 con 0x7f4484083280
2024-05-08T06:31:24.236 INFO:teuthology.orchestra.run.smithi070.stdout:/usr/bin/ceph: stderr
2024-05-08T06:31:23.243+0000 7f4488c00700 1 -- 172.21.15.70:0/1133478496 >> [v2:172.21.15.70:3300/0,v1:172.21.15.70:6789/0] conn(0x7f4484083280 msgr2=0x7f4484111cd0 secure :-1 s=STATE_CONNECTION_ESTABLISHED l=1).mark_down
2024-05-08T06:31:24.236 INFO:teuthology.orchestra.run.smithi070.stdout:/usr/bin/ceph: stderr
2024-05-08T06:31:23.243+0000 7f4488c00700 1 --2- 172.21.15.70:0/1133478496 >> [v2:172.21.15.70:3300/0,v1:172.21.15.70:6789/0] conn(0x7f4484083280 0x7f4484111cd0 secure :-1 s=READY pgs=76 cs=0 l=1 rev1=1 crypto rx=0x7f44740098a0 tx=0x7f4474009bb0 comp rx=0 tx=0).stop
2024-05-08T06:31:24.236 INFO:teuthology.orchestra.run.smithi070.stdout:/usr/bin/ceph: stderr
2024-05-08T06:31:23.243+0000 7f4488c00700 1 -- 172.21.15.70:0/1133478496 shutdown_connections
2024-05-08T06:31:24.236 INFO:teuthology.orchestra.run.smithi070.stdout:/usr/bin/ceph: stderr
2024-05-08T06:31:23.243+0000 7f4488c00700 1 --2- 172.21.15.70:0/1133478496 >> [v2:172.21.15.70:3300/0,v1:172.21.15.70:6789/0] conn(0x7f4484083280 0x7f4484111cd0 unknown :-1 s=CLOSED pgs=76 cs=0 l=1 rev1=1 crypto rx=0 tx=0 comp rx=0 tx=0).stop
2024-05-08T06:31:24.236 INFO:teuthology.orchestra.run.smithi070.stdout:/usr/bin/ceph: stderr
2024-05-08T06:31:23.243+0000 7f4488c00700 1 -- 172.21.15.70:0/1133478496 >> 172.21.15.70:0/1133478496 conn(0x7f448407e070 msgr2=0x7f44840804b0 unknown :-1 s=STATE_NONE l=0).mark_down
2024-05-08T06:31:24.236 INFO:teuthology.orchestra.run.smithi070.stdout:/usr/bin/ceph: stderr
2024-05-08T06:31:23.243+0000 7f4488c00700 1 -- 172.21.15.70:0/1133478496 shutdown_connections
2024-05-08T06:31:24.236 INFO:teuthology.orchestra.run.smithi070.stdout:/usr/bin/ceph: stderr
2024-05-08T06:31:23.243+0000 7f4488c00700 1 -- 172.21.15.70:0/1133478496 wait complete.
2024-05-08T06:31:24.236 INFO:teuthology.orchestra.run.smithi070.stdout:/usr/bin/ceph: stderr
2024-05-08T06:31:23.244+0000 7f4488c00700 1 Processor -- start
2024-05-08T06:31:24.236 INFO:teuthology.orchestra.run.smithi070.stdout:/usr/bin/ceph: stderr
2024-05-08T06:31:23.244+0000 7f4488c00700 1 -- start start
2024-05-08T06:31:24.236 INFO:teuthology.orchestra.run.smithi070.stdout:/usr/bin/ceph: stderr
2024-05-08T06:31:23.244+0000 7f4488c00700 1 --2- >> [v2:172.21.15.70:3300/0,v1:172.21.15.70:6789/0] conn(0x7f4484083280 0x7f44841a2eb0 unknown :-1 s=NONE pgs=0 cs=0 l=1 rev1=0 crypto rx=0 tx=0 comp rx=0 tx=0).connect
2024-05-08T06:31:24.236 INFO:teuthology.orchestra.run.smithi070.stdout:/usr/bin/ceph: stderr
2024-05-08T06:31:23.244+0000 7f4488c00700 1 -- --> [v2:172.21.15.70:3300/0,v1:172.21.15.70:6789/0] -- mon_getmap magic: 0 -- 0x7f4484113430 con 0x7f4484083280
2024-05-08T06:31:24.237 INFO:teuthology.orchestra.run.smithi070.stdout:/usr/bin/ceph: stderr
2024-05-08T06:31:23.245+0000 7f4483400700 1 --2- >> [v2:172.21.15.70:3300/0,v1:172.21.15.70:6789/0] conn(0x7f4484083280 0x7f44841a2eb0 unknown :-1 s=BANNER_CONNECTING pgs=0 cs=0 l=1 rev1=0 crypto rx=0 tx=0 comp rx=0 tx=0)._handle_peer_banner_payload supported=3 required=0
2024-05-08T06:31:24.237 INFO:teuthology.orchestra.run.smithi070.stdout:/usr/bin/ceph: stderr
2024-05-08T06:31:23.245+0000 7f4483400700 1 --2- >> [v2:172.21.15.70:3300/0,v1:172.21.15.70:6789/0] conn(0x7f4484083280 0x7f44841a2eb0 unknown :-1 s=HELLO_CONNECTING pgs=0 cs=0 l=1 rev1=1 crypto rx=0 tx=0 comp rx=0 tx=0).handle_hello peer v2:172.21.15.70:3300/0 says I am v2:172.21.15.70:57542/0 (socket says 172.21.15.70:57542)
2024-05-08T06:31:24.237 INFO:teuthology.orchestra.run.smithi070.stdout:/usr/bin/ceph: stderr
2024-05-08T06:31:23.245+0000 7f4483400700 1 -- 172.21.15.70:0/3516697210 learned_addr learned my addr 172.21.15.70:0/3516697210 (peer_addr_for_me v2:172.21.15.70:0/0)
2024-05-08T06:31:24.237 INFO:teuthology.orchestra.run.smithi070.stdout:/usr/bin/ceph: stderr
2024-05-08T06:31:23.245+0000 7f4483400700 1 -- 172.21.15.70:0/3516697210 --> [v2:172.21.15.70:3300/0,v1:172.21.15.70:6789/0] -- mon_subscribe({config=0+,monmap=0+}) -- 0x7f44841a33f0 con 0x7f4484083280
2024-05-08T06:31:24.237 INFO:teuthology.orchestra.run.smithi070.stdout:/usr/bin/ceph: stderr
2024-05-08T06:31:23.245+0000 7f4483400700 1 --2- 172.21.15.70:0/3516697210 >> [v2:172.21.15.70:3300/0,v1:172.21.15.70:6789/0] conn(0x7f4484083280 0x7f44841a2eb0 secure :-1 s=READY pgs=77 cs=0 l=1 rev1=1 crypto rx=0x7f4474011670 tx=0x7f4474011a30 comp rx=0 tx=0).ready entity=mon.0 client_cookie=0 server_cookie=0 in_seq=0 out_seq=0
2024-05-08T06:31:24.237 INFO:teuthology.orchestra.run.smithi070.stdout:/usr/bin/ceph: stderr
2024-05-08T06:31:23.246+0000 7f447be00700 1 -- 172.21.15.70:0/3516697210 <== mon.0 v2:172.21.15.70:3300/0 1 ==== mon_map magic: 0 ==== 205+0+0 (secure 0 0 0) 0x7f4474003a60 con 0x7f4484083280
2024-05-08T06:31:24.237 INFO:teuthology.orchestra.run.smithi070.stdout:/usr/bin/ceph: stderr
2024-05-08T06:31:23.246+0000 7f447be00700 1 -- 172.21.15.70:0/3516697210 <== mon.0 v2:172.21.15.70:3300/0 2 ==== config(25 keys) ==== 1063+0+0 (secure 0 0 0) 0x7f447401b8d0 con 0x7f4484083280
2024-05-08T06:31:24.237 INFO:teuthology.orchestra.run.smithi070.stdout:/usr/bin/ceph: stderr
2024-05-08T06:31:23.246+0000 7f4488c00700 1 -- 172.21.15.70:0/3516697210 --> [v2:172.21.15.70:3300/0,v1:172.21.15.70:6789/0] -- mon_subscribe({mgrmap=0+}) -- 0x7f44841a3680 con 0x7f4484083280
2024-05-08T06:31:24.237 INFO:teuthology.orchestra.run.smithi070.stdout:/usr/bin/ceph: stderr
2024-05-08T06:31:23.246+0000 7f447be00700 1 -- 172.21.15.70:0/3516697210 <== mon.0 v2:172.21.15.70:3300/0 3 ==== mon_map magic: 0 ==== 205+0+0 (secure 0 0 0) 0x7f4474023790 con 0x7f4484083280
2024-05-08T06:31:24.237 INFO:teuthology.orchestra.run.smithi070.stdout:/usr/bin/ceph: stderr
2024-05-08T06:31:23.246+0000 7f4488c00700 1 -- 172.21.15.70:0/3516697210 --> [v2:172.21.15.70:3300/0,v1:172.21.15.70:6789/0] -- mon_subscribe({osdmap=0}) -- 0x7f44841a6370 con 0x7f4484083280
2024-05-08T06:31:24.237 INFO:teuthology.orchestra.run.smithi070.stdout:/usr/bin/ceph: stderr
2024-05-08T06:31:23.247+0000 7f4488c00700 1 -- 172.21.15.70:0/3516697210 --> [v2:172.21.15.70:3300/0,v1:172.21.15.70:6789/0] -- mon_command({"prefix": "get_command_descriptions"} v 0) -- 0x7f4484064b00 con 0x7f4484083280
2024-05-08T06:31:24.237 INFO:teuthology.orchestra.run.smithi070.stdout:/usr/bin/ceph: stderr
2024-05-08T06:31:23.247+0000 7f447be00700 1 -- 172.21.15.70:0/3516697210 <== mon.0 v2:172.21.15.70:3300/0 4 ==== mgrmap(e 13) ==== 50278+0+0 (secure 0 0 0) 0x7f447401b440 con 0x7f4484083280
2024-05-08T06:31:24.237 INFO:teuthology.orchestra.run.smithi070.stdout:/usr/bin/ceph: stderr
2024-05-08T06:31:23.248+0000 7f447be00700 1 --2- 172.21.15.70:0/3516697210 >> [v2:172.21.15.70:6800/3718531938,v1:172.21.15.70:6801/3718531938] conn(0x7f446803e5c0 0x7f4468040a80 unknown :-1 s=NONE pgs=0 cs=0 l=1 rev1=0 crypto rx=0 tx=0 comp rx=0 tx=0).connect
2024-05-08T06:31:24.237 INFO:teuthology.orchestra.run.smithi070.stdout:/usr/bin/ceph: stderr
2024-05-08T06:31:23.248+0000 7f447be00700 1 -- 172.21.15.70:0/3516697210 <== mon.0 v2:172.21.15.70:3300/0 5 ==== osd_map(3..3 src has 1..3) ==== 1155+0+0 (secure 0 0 0) 0x7f44740540d0 con 0x7f4484083280
2024-05-08T06:31:24.238 INFO:teuthology.orchestra.run.smithi070.stdout:/usr/bin/ceph: stderr
2024-05-08T06:31:23.248+0000 7f4482a00700 1 --2- 172.21.15.70:0/3516697210 >> [v2:172.21.15.70:6800/3718531938,v1:172.21.15.70:6801/3718531938] conn(0x7f446803e5c0 0x7f4468040a80 unknown :-1 s=BANNER_CONNECTING pgs=0 cs=0 l=1 rev1=0 crypto rx=0 tx=0 comp rx=0 tx=0)._handle_peer_banner_payload supported=3 required=0
2024-05-08T06:31:24.238 INFO:teuthology.orchestra.run.smithi070.stdout:/usr/bin/ceph: stderr
2024-05-08T06:31:23.249+0000 7f4482a00700 1 --2- 172.21.15.70:0/3516697210 >> [v2:172.21.15.70:6800/3718531938,v1:172.21.15.70:6801/3718531938] conn(0x7f446803e5c0 0x7f4468040a80 secure :-1 s=READY pgs=10 cs=0 l=1 rev1=1 crypto rx=0x7f4470006fd0 tx=0x7f4470006e40 comp rx=0 tx=0).ready entity=mgr.14152 client_cookie=0 server_cookie=0 in_seq=0 out_seq=0
2024-05-08T06:31:24.238 INFO:teuthology.orchestra.run.smithi070.stdout:/usr/bin/ceph: stderr
2024-05-08T06:31:23.253+0000 7f447be00700 1 -- 172.21.15.70:0/3516697210 <== mon.0 v2:172.21.15.70:3300/0 6 ==== mon_command_ack([{"prefix": "get_command_descriptions"}]=0 v0) ==== 72+0+191963 (secure 0 0 0) 0x7f447401f030 con 0x7f4484083280
2024-05-08T06:31:24.238 INFO:teuthology.orchestra.run.smithi070.stdout:/usr/bin/ceph: stderr
2024-05-08T06:31:23.486+0000 7f4488c00700 1 -- 172.21.15.70:0/3516697210 --> [v2:172.21.15.70:3300/0,v1:172.21.15.70:6789/0] -- mon_command([{prefix=config set, name=osd_memory_target_autotune}] v 0) -- 0x7f44841a6990 con 0x7f4484083280
2024-05-08T06:31:24.238 INFO:teuthology.orchestra.run.smithi070.stdout:/usr/bin/ceph: stderr
2024-05-08T06:31:23.487+0000 7f447be00700 1 -- 172.21.15.70:0/3516697210 <== mon.0 v2:172.21.15.70:3300/0 7 ==== mon_command_ack([{prefix=config set, name=osd_memory_target_autotune}]=0 v8)=0 v8) ==== 127+0+0 (secure 0 0 0) 0x7f44740239f0 con 0x7f4484083280
2024-05-08T06:31:24.238 INFO:teuthology.orchestra.run.smithi070.stdout:/usr/bin/ceph: stderr
2024-05-08T06:31:23.490+0000 7f4488c00700 1 -- 172.21.15.70:0/3516697210 >> [v2:172.21.15.70:6800/3718531938,v1:172.21.15.70:6801/3718531938] conn(0x7f446803e5c0 msgr2=0x7f4468040a80 secure :-1 s=STATE_CONNECTION_ESTABLISHED l=1).mark_down
2024-05-08T06:31:24.238 INFO:teuthology.orchestra.run.smithi070.stdout:/usr/bin/ceph: stderr
2024-05-08T06:31:23.490+0000 7f4488c00700 1 --2- 172.21.15.70:0/3516697210 >> [v2:172.21.15.70:6800/3718531938,v1:172.21.15.70:6801/3718531938] conn(0x7f446803e5c0 0x7f4468040a80 secure :-1 s=READY pgs=10 cs=0 l=1 rev1=1 crypto rx=0x7f4470006fd0 tx=0x7f4470006e40 comp rx=0 tx=0).stop
2024-05-08T06:31:24.238 INFO:teuthology.orchestra.run.smithi070.stdout:/usr/bin/ceph: stderr
2024-05-08T06:31:23.490+0000 7f4488c00700 1 -- 172.21.15.70:0/3516697210 >> [v2:172.21.15.70:3300/0,v1:172.21.15.70:6789/0] conn(0x7f4484083280 msgr2=0x7f44841a2eb0 secure :-1 s=STATE_CONNECTION_ESTABLISHED l=1).mark_down
2024-05-08T06:31:24.238 INFO:teuthology.orchestra.run.smithi070.stdout:/usr/bin/ceph: stderr
2024-05-08T06:31:23.490+0000 7f4488c00700 1 --2- 172.21.15.70:0/3516697210 >> [v2:172.21.15.70:3300/0,v1:172.21.15.70:6789/0] conn(0x7f4484083280 0x7f44841a2eb0 secure :-1 s=READY pgs=77 cs=0 l=1 rev1=1 crypto rx=0x7f4474011670 tx=0x7f4474011a30 comp rx=0 tx=0).stop
2024-05-08T06:31:24.238 INFO:teuthology.orchestra.run.smithi070.stdout:/usr/bin/ceph: stderr
2024-05-08T06:31:23.490+0000 7f4488c00700 1 -- 172.21.15.70:0/3516697210 shutdown_connections
2024-05-08T06:31:24.238 INFO:teuthology.orchestra.run.smithi070.stdout:/usr/bin/ceph: stderr
2024-05-08T06:31:23.490+0000 7f4488c00700 1 --2- 172.21.15.70:0/3516697210 >> [v2:172.21.15.70:6800/3718531938,v1:172.21.15.70:6801/3718531938] conn(0x7f446803e5c0 0x7f4468040a80 unknown :-1 s=CLOSED pgs=10 cs=0 l=1 rev1=1 crypto rx=0 tx=0 comp rx=0 tx=0).stop
2024-05-08T06:31:24.238 INFO:teuthology.orchestra.run.smithi070.stdout:/usr/bin/ceph: stderr
2024-05-08T06:31:23.490+0000 7f4488c00700 1 --2- 172.21.15.70:0/3516697210 >> [v2:172.21.15.70:3300/0,v1:172.21.15.70:6789/0] conn(0x7f4484083280 0x7f44841a2eb0 secure :-1 s=CLOSED pgs=77 cs=0 l=1 rev1=1 crypto rx=0x7f4474011670 tx=0x7f4474011a30 comp rx=0 tx=0).stop
2024-05-08T06:31:24.238 INFO:teuthology.orchestra.run.smithi070.stdout:/usr/bin/ceph: stderr
2024-05-08T06:31:23.490+0000 7f4488c00700 1 -- 172.21.15.70:0/3516697210 >> 172.21.15.70:0/3516697210 conn(0x7f448407e070 msgr2=0x7f448407eb10 unknown :-1 s=STATE_NONE l=0).mark_down
2024-05-08T06:31:24.238 INFO:teuthology.orchestra.run.smithi070.stdout:/usr/bin/ceph: stderr
2024-05-08T06:31:23.490+0000 7f4488c00700 1 -- 172.21.15.70:0/3516697210 shutdown_connections
2024-05-08T06:31:24.239 INFO:teuthology.orchestra.run.smithi070.stdout:/usr/bin/ceph: stderr
2024-05-08T06:31:23.490+0000 7f4488c00700 1 -- 172.21.15.70:0/3516697210 wait complete.
2024-05-08T06:31:26.015 INFO:teuthology.orchestra.run.smithi070.stdout:/usr/bin/ceph: stderr
2024-05-08T06:31:24.904+0000 7f6d09a00700 1 Processor -- start
2024-05-08T06:31:26.016 INFO:teuthology.orchestra.run.smithi070.stdout:/usr/bin/ceph: stderr
2024-05-08T06:31:24.904+0000 7f6d09a00700 1 -- start start
2024-05-08T06:31:26.016 INFO:teuthology.orchestra.run.smithi070.stdout:/usr/bin/ceph: stderr
2024-05-08T06:31:24.904+0000 7f6d09a00700 1 --2- >> [v2:172.21.15.70:3300/0,v1:172.21.15.70:6789/0] conn(0x7f6d0407ee40 0x7f6d0407d2f0 unknown :-1 s=NONE pgs=0 cs=0 l=0 rev1=0 crypto rx=0 tx=0 comp rx=0 tx=0).connect
2024-05-08T06:31:26.016 INFO:teuthology.orchestra.run.smithi070.stdout:/usr/bin/ceph: stderr
2024-05-08T06:31:24.905+0000 7f6d09a00700 1 -- --> [v2:172.21.15.70:3300/0,v1:172.21.15.70:6789/0] -- mon_getmap magic: 0 -- 0x7f6d0407d8c0 con 0x7f6d0407ee40
2024-05-08T06:31:26.016 INFO:teuthology.orchestra.run.smithi070.stdout:/usr/bin/ceph: stderr
2024-05-08T06:31:24.905+0000 7f6d02a00700 1 --2- >> [v2:172.21.15.70:3300/0,v1:172.21.15.70:6789/0] conn(0x7f6d0407ee40 0x7f6d0407d2f0 unknown :-1 s=BANNER_CONNECTING pgs=0 cs=0 l=0 rev1=0 crypto rx=0 tx=0 comp rx=0 tx=0)._handle_peer_banner_payload supported=3 required=0
2024-05-08T06:31:26.016 INFO:teuthology.orchestra.run.smithi070.stdout:/usr/bin/ceph: stderr
2024-05-08T06:31:24.905+0000 7f6d02a00700 1 --2- >> [v2:172.21.15.70:3300/0,v1:172.21.15.70:6789/0] conn(0x7f6d0407ee40 0x7f6d0407d2f0 unknown :-1 s=HELLO_CONNECTING pgs=0 cs=0 l=0 rev1=1 crypto rx=0 tx=0 comp rx=0 tx=0).handle_hello peer v2:172.21.15.70:3300/0 says I am v2:172.21.15.70:57546/0 (socket says 172.21.15.70:57546)
2024-05-08T06:31:26.016 INFO:teuthology.orchestra.run.smithi070.stdout:/usr/bin/ceph: stderr
2024-05-08T06:31:24.905+0000 7f6d02a00700 1 -- 172.21.15.70:0/832878554 learned_addr learned my addr 172.21.15.70:0/832878554 (peer_addr_for_me v2:172.21.15.70:0/0)
2024-05-08T06:31:26.016 INFO:teuthology.orchestra.run.smithi070.stdout:/usr/bin/ceph: stderr
2024-05-08T06:31:24.905+0000 7f6d02a00700 1 -- 172.21.15.70:0/832878554 --> [v2:172.21.15.70:3300/0,v1:172.21.15.70:6789/0] -- mon_subscribe({config=0+,monmap=0+}) -- 0x7f6d0407da40 con 0x7f6d0407ee40
2024-05-08T06:31:26.016 INFO:teuthology.orchestra.run.smithi070.stdout:/usr/bin/ceph: stderr
2024-05-08T06:31:24.906+0000 7f6d02a00700 1 --2- 172.21.15.70:0/832878554 >> [v2:172.21.15.70:3300/0,v1:172.21.15.70:6789/0] conn(0x7f6d0407ee40 0x7f6d0407d2f0 secure :-1 s=READY pgs=78 cs=0 l=1 rev1=1 crypto rx=0x7f6cf40098a0 tx=0x7f6cf4009bb0 comp rx=0 tx=0).ready entity=mon.0 client_cookie=44e18b28d3694075 server_cookie=0 in_seq=0 out_seq=0
2024-05-08T06:31:26.016 INFO:teuthology.orchestra.run.smithi070.stdout:/usr/bin/ceph: stderr
2024-05-08T06:31:24.906+0000 7f6d01600700 1 -- 172.21.15.70:0/832878554 <== mon.0 v2:172.21.15.70:3300/0 1 ==== mon_map magic: 0 ==== 205+0+0 (secure 0 0 0) 0x7f6cf4004160 con 0x7f6d0407ee40
2024-05-08T06:31:26.016 INFO:teuthology.orchestra.run.smithi070.stdout:/usr/bin/ceph: stderr
2024-05-08T06:31:24.906+0000 7f6d01600700 1 -- 172.21.15.70:0/832878554 <== mon.0 v2:172.21.15.70:3300/0 2 ==== config(25 keys) ==== 1063+0+0 (secure 0 0 0) 0x7f6cf4004300 con 0x7f6d0407ee40
2024-05-08T06:31:26.016 INFO:teuthology.orchestra.run.smithi070.stdout:/usr/bin/ceph: stderr
2024-05-08T06:31:24.906+0000 7f6d01600700 1 -- 172.21.15.70:0/832878554 <== mon.0 v2:172.21.15.70:3300/0 3 ==== mon_map magic: 0 ==== 205+0+0 (secure 0 0 0) 0x7f6cf4011960 con 0x7f6d0407ee40
2024-05-08T06:31:26.016 INFO:teuthology.orchestra.run.smithi070.stdout:/usr/bin/ceph: stderr
2024-05-08T06:31:24.907+0000 7f6d09a00700 1 -- 172.21.15.70:0/832878554 >> [v2:172.21.15.70:3300/0,v1:172.21.15.70:6789/0] conn(0x7f6d0407ee40 msgr2=0x7f6d0407d2f0 secure :-1 s=STATE_CONNECTION_ESTABLISHED l=1).mark_down
2024-05-08T06:31:26.016 INFO:teuthology.orchestra.run.smithi070.stdout:/usr/bin/ceph: stderr
2024-05-08T06:31:24.907+0000 7f6d09a00700 1 --2- 172.21.15.70:0/832878554 >> [v2:172.21.15.70:3300/0,v1:172.21.15.70:6789/0] conn(0x7f6d0407ee40 0x7f6d0407d2f0 secure :-1 s=READY pgs=78 cs=0 l=1 rev1=1 crypto rx=0x7f6cf40098a0 tx=0x7f6cf4009bb0 comp rx=0 tx=0).stop
2024-05-08T06:31:26.017 INFO:teuthology.orchestra.run.smithi070.stdout:/usr/bin/ceph: stderr
2024-05-08T06:31:24.907+0000 7f6d09a00700 1 -- 172.21.15.70:0/832878554 shutdown_connections
2024-05-08T06:31:26.017 INFO:teuthology.orchestra.run.smithi070.stdout:/usr/bin/ceph: stderr
2024-05-08T06:31:24.907+0000 7f6d09a00700 1 --2- 172.21.15.70:0/832878554 >> [v2:172.21.15.70:3300/0,v1:172.21.15.70:6789/0] conn(0x7f6d0407ee40 0x7f6d0407d2f0 unknown :-1 s=CLOSED pgs=78 cs=0 l=1 rev1=1 crypto rx=0 tx=0 comp rx=0 tx=0).stop
2024-05-08T06:31:26.017 INFO:teuthology.orchestra.run.smithi070.stdout:/usr/bin/ceph: stderr
2024-05-08T06:31:24.907+0000 7f6d09a00700 1 -- 172.21.15.70:0/832878554 >> 172.21.15.70:0/832878554 conn(0x7f6d04104270 msgr2=0x7f6d04106690 unknown :-1 s=STATE_NONE l=0).mark_down
2024-05-08T06:31:26.017 INFO:teuthology.orchestra.run.smithi070.stdout:/usr/bin/ceph: stderr
2024-05-08T06:31:24.907+0000 7f6d09a00700 1 -- 172.21.15.70:0/832878554 shutdown_connections
2024-05-08T06:31:26.017 INFO:teuthology.orchestra.run.smithi070.stdout:/usr/bin/ceph: stderr
2024-05-08T06:31:24.907+0000 7f6d09a00700 1 -- 172.21.15.70:0/832878554 wait complete.
2024-05-08T06:31:26.017 INFO:teuthology.orchestra.run.smithi070.stdout:/usr/bin/ceph: stderr
2024-05-08T06:31:24.908+0000 7f6d09a00700 1 Processor -- start
2024-05-08T06:31:26.017 INFO:teuthology.orchestra.run.smithi070.stdout:/usr/bin/ceph: stderr
2024-05-08T06:31:24.908+0000 7f6d09a00700 1 -- start start
2024-05-08T06:31:26.017 INFO:teuthology.orchestra.run.smithi070.stdout:/usr/bin/ceph: stderr
2024-05-08T06:31:24.908+0000 7f6d09a00700 1 --2- >> [v2:172.21.15.70:3300/0,v1:172.21.15.70:6789/0] conn(0x7f6d0407ee40 0x7f6d0419ecc0 unknown :-1 s=NONE pgs=0 cs=0 l=1 rev1=0 crypto rx=0 tx=0 comp rx=0 tx=0).connect
2024-05-08T06:31:26.017 INFO:teuthology.orchestra.run.smithi070.stdout:/usr/bin/ceph: stderr
2024-05-08T06:31:24.909+0000 7f6d09a00700 1 -- --> [v2:172.21.15.70:3300/0,v1:172.21.15.70:6789/0] -- mon_getmap magic: 0 -- 0x7f6d0410f1f0 con 0x7f6d0407ee40
2024-05-08T06:31:26.017 INFO:teuthology.orchestra.run.smithi070.stdout:/usr/bin/ceph: stderr
2024-05-08T06:31:24.909+0000 7f6d02a00700 1 --2- >> [v2:172.21.15.70:3300/0,v1:172.21.15.70:6789/0] conn(0x7f6d0407ee40 0x7f6d0419ecc0 unknown :-1 s=BANNER_CONNECTING pgs=0 cs=0 l=1 rev1=0 crypto rx=0 tx=0 comp rx=0 tx=0)._handle_peer_banner_payload supported=3 required=0
2024-05-08T06:31:26.017 INFO:teuthology.orchestra.run.smithi070.stdout:/usr/bin/ceph: stderr
2024-05-08T06:31:24.909+0000 7f6d02a00700 1 --2- >> [v2:172.21.15.70:3300/0,v1:172.21.15.70:6789/0] conn(0x7f6d0407ee40 0x7f6d0419ecc0 unknown :-1 s=HELLO_CONNECTING pgs=0 cs=0 l=1 rev1=1 crypto rx=0 tx=0 comp rx=0 tx=0).handle_hello peer v2:172.21.15.70:3300/0 says I am v2:172.21.15.70:57552/0 (socket says 172.21.15.70:57552)
2024-05-08T06:31:26.017 INFO:teuthology.orchestra.run.smithi070.stdout:/usr/bin/ceph: stderr
2024-05-08T06:31:24.909+0000 7f6d02a00700 1 -- 172.21.15.70:0/1215537752 learned_addr learned my addr 172.21.15.70:0/1215537752 (peer_addr_for_me v2:172.21.15.70:0/0)
2024-05-08T06:31:26.017 INFO:teuthology.orchestra.run.smithi070.stdout:/usr/bin/ceph: stderr
2024-05-08T06:31:24.909+0000 7f6d02a00700 1 -- 172.21.15.70:0/1215537752 --> [v2:172.21.15.70:3300/0,v1:172.21.15.70:6789/0] -- mon_subscribe({config=0+,monmap=0+}) -- 0x7f6d0419f200 con 0x7f6d0407ee40
2024-05-08T06:31:26.017 INFO:teuthology.orchestra.run.smithi070.stdout:/usr/bin/ceph: stderr
2024-05-08T06:31:24.909+0000 7f6d02a00700 1 --2- 172.21.15.70:0/1215537752 >> [v2:172.21.15.70:3300/0,v1:172.21.15.70:6789/0] conn(0x7f6d0407ee40 0x7f6d0419ecc0 secure :-1 s=READY pgs=79 cs=0 l=1 rev1=1 crypto rx=0x7f6cf4011670 tx=0x7f6cf4011a30 comp rx=0 tx=0).ready entity=mon.0 client_cookie=0 server_cookie=0 in_seq=0 out_seq=0
2024-05-08T06:31:26.018 INFO:teuthology.orchestra.run.smithi070.stdout:/usr/bin/ceph: stderr
2024-05-08T06:31:24.910+0000 7f6cfb400700 1 -- 172.21.15.70:0/1215537752 <== mon.0 v2:172.21.15.70:3300/0 1 ==== mon_map magic: 0 ==== 205+0+0 (secure 0 0 0) 0x7f6cf4003a60 con 0x7f6d0407ee40
2024-05-08T06:31:26.018 INFO:teuthology.orchestra.run.smithi070.stdout:/usr/bin/ceph: stderr
2024-05-08T06:31:24.910+0000 7f6cfb400700 1 -- 172.21.15.70:0/1215537752 <== mon.0 v2:172.21.15.70:3300/0 2 ==== config(25 keys) ==== 1063+0+0 (secure 0 0 0) 0x7f6cf401b8d0 con 0x7f6d0407ee40
2024-05-08T06:31:26.018 INFO:teuthology.orchestra.run.smithi070.stdout:/usr/bin/ceph: stderr
2024-05-08T06:31:24.910+0000 7f6cfb400700 1 -- 172.21.15.70:0/1215537752 <== mon.0 v2:172.21.15.70:3300/0 3 ==== mon_map magic: 0 ==== 205+0+0 (secure 0 0 0) 0x7f6cf4023790 con 0x7f6d0407ee40
2024-05-08T06:31:26.018 INFO:teuthology.orchestra.run.smithi070.stdout:/usr/bin/ceph: stderr
2024-05-08T06:31:24.910+0000 7f6d09a00700 1 -- 172.21.15.70:0/1215537752 --> [v2:172.21.15.70:3300/0,v1:172.21.15.70:6789/0] -- mon_subscribe({mgrmap=0+}) -- 0x7f6d0419f490 con 0x7f6d0407ee40
2024-05-08T06:31:26.018 INFO:teuthology.orchestra.run.smithi070.stdout:/usr/bin/ceph: stderr
2024-05-08T06:31:24.910+0000 7f6d09a00700 1 -- 172.21.15.70:0/1215537752 --> [v2:172.21.15.70:3300/0,v1:172.21.15.70:6789/0] -- mon_subscribe({osdmap=0}) -- 0x7f6d041a2180 con 0x7f6d0407ee40
2024-05-08T06:31:26.018 INFO:teuthology.orchestra.run.smithi070.stdout:/usr/bin/ceph: stderr
2024-05-08T06:31:24.911+0000 7f6cfb400700 1 -- 172.21.15.70:0/1215537752 <== mon.0 v2:172.21.15.70:3300/0 4 ==== mgrmap(e 13) ==== 50278+0+0 (secure 0 0 0) 0x7f6cf401b440 con 0x7f6d0407ee40
2024-05-08T06:31:26.018 INFO:teuthology.orchestra.run.smithi070.stdout:/usr/bin/ceph: stderr
2024-05-08T06:31:24.911+0000 7f6d09a00700 1 -- 172.21.15.70:0/1215537752 --> [v2:172.21.15.70:3300/0,v1:172.21.15.70:6789/0] -- mon_command({"prefix": "get_command_descriptions"} v 0) -- 0x7f6d04064b00 con 0x7f6d0407ee40
2024-05-08T06:31:26.018 INFO:teuthology.orchestra.run.smithi070.stdout:/usr/bin/ceph: stderr
2024-05-08T06:31:24.912+0000 7f6cfb400700 1 --2- 172.21.15.70:0/1215537752 >> [v2:172.21.15.70:6800/3718531938,v1:172.21.15.70:6801/3718531938] conn(0x7f6ce803e5c0 0x7f6ce8040a80 unknown :-1 s=NONE pgs=0 cs=0 l=1 rev1=0 crypto rx=0 tx=0 comp rx=0 tx=0).connect
2024-05-08T06:31:26.018 INFO:teuthology.orchestra.run.smithi070.stdout:/usr/bin/ceph: stderr
2024-05-08T06:31:24.912+0000 7f6cfb400700 1 -- 172.21.15.70:0/1215537752 <== mon.0 v2:172.21.15.70:3300/0 5 ==== osd_map(3..3 src has 1..3) ==== 1155+0+0 (secure 0 0 0) 0x7f6cf40540d0 con 0x7f6d0407ee40
2024-05-08T06:31:26.018 INFO:teuthology.orchestra.run.smithi070.stdout:/usr/bin/ceph: stderr
2024-05-08T06:31:24.912+0000 7f6d02000700 1 --2- 172.21.15.70:0/1215537752 >> [v2:172.21.15.70:6800/3718531938,v1:172.21.15.70:6801/3718531938] conn(0x7f6ce803e5c0 0x7f6ce8040a80 unknown :-1 s=BANNER_CONNECTING pgs=0 cs=0 l=1 rev1=0 crypto rx=0 tx=0 comp rx=0 tx=0)._handle_peer_banner_payload supported=3 required=0
2024-05-08T06:31:26.018 INFO:teuthology.orchestra.run.smithi070.stdout:/usr/bin/ceph: stderr
2024-05-08T06:31:24.913+0000 7f6d02000700 1 --2- 172.21.15.70:0/1215537752 >> [v2:172.21.15.70:6800/3718531938,v1:172.21.15.70:6801/3718531938] conn(0x7f6ce803e5c0 0x7f6ce8040a80 secure :-1 s=READY pgs=11 cs=0 l=1 rev1=1 crypto rx=0x7f6cf0006fd0 tx=0x7f6cf0006e40 comp rx=0 tx=0).ready entity=mgr.14152 client_cookie=0 server_cookie=0 in_seq=0 out_seq=0
2024-05-08T06:31:26.018 INFO:teuthology.orchestra.run.smithi070.stdout:/usr/bin/ceph: stderr
2024-05-08T06:31:24.917+0000 7f6cfb400700 1 -- 172.21.15.70:0/1215537752 <== mon.0 v2:172.21.15.70:3300/0 6 ==== mon_command_ack([{"prefix": "get_command_descriptions"}]=0 v0) ==== 72+0+191963 (secure 0 0 0) 0x7f6cf401f030 con 0x7f6d0407ee40
2024-05-08T06:31:26.018 INFO:teuthology.orchestra.run.smithi070.stdout:/usr/bin/ceph: stderr
2024-05-08T06:31:25.264+0000 7f6d09a00700 1 -- 172.21.15.70:0/1215537752 --> [v2:172.21.15.70:3300/0,v1:172.21.15.70:6789/0] -- mon_command([{prefix=config-key set, key=mgr/dashboard/cluster/status}] v 0) -- 0x7f6d041a2730 con 0x7f6d0407ee40
2024-05-08T06:31:26.019 INFO:teuthology.orchestra.run.smithi070.stdout:/usr/bin/ceph: stderr
2024-05-08T06:31:25.270+0000 7f6cfb400700 1 -- 172.21.15.70:0/1215537752 <== mon.0 v2:172.21.15.70:3300/0 7 ==== mon_command_ack([{prefix=config-key set, key=mgr/dashboard/cluster/status}]=0 set mgr/dashboard/cluster/status v28)=0 set mgr/dashboard/cluster/status v28) ==== 153+0+0 (secure 0 0 0) 0x7f6cf40239f0 con 0x7f6d0407ee40
2024-05-08T06:31:26.019 INFO:teuthology.orchestra.run.smithi070.stdout:/usr/bin/ceph: stderr
2024-05-08T06:31:25.273+0000 7f6d09a00700 1 -- 172.21.15.70:0/1215537752 >> [v2:172.21.15.70:6800/3718531938,v1:172.21.15.70:6801/3718531938] conn(0x7f6ce803e5c0 msgr2=0x7f6ce8040a80 secure :-1 s=STATE_CONNECTION_ESTABLISHED l=1).mark_down
2024-05-08T06:31:26.019 INFO:teuthology.orchestra.run.smithi070.stdout:/usr/bin/ceph: stderr
2024-05-08T06:31:25.273+0000 7f6d09a00700 1 --2- 172.21.15.70:0/1215537752 >> [v2:172.21.15.70:6800/3718531938,v1:172.21.15.70:6801/3718531938] conn(0x7f6ce803e5c0 0x7f6ce8040a80 secure :-1 s=READY pgs=11 cs=0 l=1 rev1=1 crypto rx=0x7f6cf0006fd0 tx=0x7f6cf0006e40 comp rx=0 tx=0).stop
2024-05-08T06:31:26.019 INFO:teuthology.orchestra.run.smithi070.stdout:/usr/bin/ceph: stderr
2024-05-08T06:31:25.273+0000 7f6d09a00700 1 -- 172.21.15.70:0/1215537752 >> [v2:172.21.15.70:3300/0,v1:172.21.15.70:6789/0] conn(0x7f6d0407ee40 msgr2=0x7f6d0419ecc0 secure :-1 s=STATE_CONNECTION_ESTABLISHED l=1).mark_down
2024-05-08T06:31:26.019 INFO:teuthology.orchestra.run.smithi070.stdout:/usr/bin/ceph: stderr
2024-05-08T06:31:25.273+0000 7f6d09a00700 1 --2- 172.21.15.70:0/1215537752 >> [v2:172.21.15.70:3300/0,v1:172.21.15.70:6789/0] conn(0x7f6d0407ee40 0x7f6d0419ecc0 secure :-1 s=READY pgs=79 cs=0 l=1 rev1=1 crypto rx=0x7f6cf4011670 tx=0x7f6cf4011a30 comp rx=0 tx=0).stop
2024-05-08T06:31:26.019 INFO:teuthology.orchestra.run.smithi070.stdout:/usr/bin/ceph: stderr
2024-05-08T06:31:25.273+0000 7f6d09a00700 1 -- 172.21.15.70:0/1215537752 shutdown_connections
2024-05-08T06:31:26.019 INFO:teuthology.orchestra.run.smithi070.stdout:/usr/bin/ceph: stderr
2024-05-08T06:31:25.273+0000 7f6d09a00700 1 --2- 172.21.15.70:0/1215537752 >> [v2:172.21.15.70:6800/3718531938,v1:172.21.15.70:6801/3718531938] conn(0x7f6ce803e5c0 0x7f6ce8040a80 unknown :-1 s=CLOSED pgs=11 cs=0 l=1 rev1=1 crypto rx=0 tx=0 comp rx=0 tx=0).stop
2024-05-08T06:31:26.019 INFO:teuthology.orchestra.run.smithi070.stdout:/usr/bin/ceph: stderr
2024-05-08T06:31:25.273+0000 7f6d09a00700 1 --2- 172.21.15.70:0/1215537752 >> [v2:172.21.15.70:3300/0,v1:172.21.15.70:6789/0] conn(0x7f6d0407ee40 0x7f6d0419ecc0 unknown :-1 s=CLOSED pgs=79 cs=0 l=1 rev1=1 crypto rx=0 tx=0 comp rx=0 tx=0).stop
2024-05-08T06:31:26.019 INFO:teuthology.orchestra.run.smithi070.stdout:/usr/bin/ceph: stderr
2024-05-08T06:31:25.273+0000 7f6d09a00700 1 -- 172.21.15.70:0/1215537752 >> 172.21.15.70:0/1215537752 conn(0x7f6d04104270 msgr2=0x7f6d04104d60 unknown :-1 s=STATE_NONE l=0).mark_down
2024-05-08T06:31:26.019 INFO:teuthology.orchestra.run.smithi070.stdout:/usr/bin/ceph: stderr
2024-05-08T06:31:25.273+0000 7f6d09a00700 1 -- 172.21.15.70:0/1215537752 shutdown_connections
2024-05-08T06:31:26.019 INFO:teuthology.orchestra.run.smithi070.stdout:/usr/bin/ceph: stderr
2024-05-08T06:31:25.273+0000 7f6d09a00700 1 -- 172.21.15.70:0/1215537752 wait complete.
2024-05-08T06:31:26.019 INFO:teuthology.orchestra.run.smithi070.stdout:/usr/bin/ceph: stderr set mgr/dashboard/cluster/status
2024-05-08T06:31:26.019 INFO:teuthology.orchestra.run.smithi070.stdout:You can access the Ceph CLI as following in case of multi-cluster or non-default config:
2024-05-08T06:31:26.019 INFO:teuthology.orchestra.run.smithi070.stdout:
2024-05-08T06:31:26.020 INFO:teuthology.orchestra.run.smithi070.stdout: sudo /home/ubuntu/cephtest/cephadm shell --fsid 3cf89df8-0d04-11ef-bc97-c7b262605968 -c /etc/ceph/ceph.conf -k /etc/ceph/ceph.client.admin.keyring
2024-05-08T06:31:26.020 INFO:teuthology.orchestra.run.smithi070.stdout:
2024-05-08T06:31:26.020 INFO:teuthology.orchestra.run.smithi070.stdout:Or, if you are only running a single cluster on this host:
2024-05-08T06:31:26.020 INFO:teuthology.orchestra.run.smithi070.stdout:
2024-05-08T06:31:26.020 INFO:teuthology.orchestra.run.smithi070.stdout: sudo /home/ubuntu/cephtest/cephadm shell
2024-05-08T06:31:26.020 INFO:teuthology.orchestra.run.smithi070.stdout:
2024-05-08T06:31:26.020 INFO:teuthology.orchestra.run.smithi070.stdout:Please consider enabling telemetry to help improve Ceph:
2024-05-08T06:31:26.020 INFO:teuthology.orchestra.run.smithi070.stdout:
2024-05-08T06:31:26.020 INFO:teuthology.orchestra.run.smithi070.stdout: ceph telemetry on
2024-05-08T06:31:26.020 INFO:teuthology.orchestra.run.smithi070.stdout:
2024-05-08T06:31:26.020 INFO:teuthology.orchestra.run.smithi070.stdout:For more information see:
2024-05-08T06:31:26.020 INFO:teuthology.orchestra.run.smithi070.stdout:
2024-05-08T06:31:26.020 INFO:teuthology.orchestra.run.smithi070.stdout: https://docs.ceph.com/en/latest/mgr/telemetry/
2024-05-08T06:31:26.020 INFO:teuthology.orchestra.run.smithi070.stdout:
2024-05-08T06:31:26.020 INFO:teuthology.orchestra.run.smithi070.stdout:Bootstrap complete.
2024-05-08T06:31:26.097 INFO:tasks.cephadm:Fetching config...
2024-05-08T06:31:26.097 DEBUG:teuthology.orchestra.run.smithi070:> set -ex
2024-05-08T06:31:26.097 DEBUG:teuthology.orchestra.run.smithi070:> dd if=/etc/ceph/ceph.conf of=/dev/stdout
2024-05-08T06:31:26.187 INFO:tasks.cephadm:Fetching client.admin keyring...
2024-05-08T06:31:26.187 DEBUG:teuthology.orchestra.run.smithi070:> set -ex
2024-05-08T06:31:26.187 DEBUG:teuthology.orchestra.run.smithi070:> dd if=/etc/ceph/ceph.client.admin.keyring of=/dev/stdout
2024-05-08T06:31:26.268 INFO:tasks.cephadm:Fetching mon keyring...
2024-05-08T06:31:26.268 DEBUG:teuthology.orchestra.run.smithi070:> set -ex
2024-05-08T06:31:26.269 DEBUG:teuthology.orchestra.run.smithi070:> sudo dd if=/var/lib/ceph/3cf89df8-0d04-11ef-bc97-c7b262605968/mon.a/keyring of=/dev/stdout
2024-05-08T06:31:26.384 INFO:tasks.cephadm:Fetching pub ssh key...
2024-05-08T06:31:26.384 DEBUG:teuthology.orchestra.run.smithi070:> set -ex
2024-05-08T06:31:26.384 DEBUG:teuthology.orchestra.run.smithi070:> dd if=/home/ubuntu/cephtest/ceph.pub of=/dev/stdout
2024-05-08T06:31:26.479 INFO:tasks.cephadm:Installing pub ssh key for root users...
2024-05-08T06:31:26.479 DEBUG:teuthology.orchestra.run.smithi070:> sudo install -d -m 0700 /root/.ssh && echo 'ssh-rsa AAAAB3NzaC1yc2EAAAADAQABAAABgQDNo8HUbR7e6qKXeAQuuelH41xbTbWqC9vHKvK24ZkzhSc2JECVzNiYMHKAczazksdAgFqvPY4nt0cHylttrbnGIuwHicD95QTei/6IK7YjyiccxDiq48GfsTqJ6xBuhxnoH2VwmE4F4X6CRcEKGT19nP4tns7f2pIZ4mkBG+PJWoBzBQ7uN6hY6E9LMiwKfW5IGAySFyDR0XKe2SHXl0T1X//WyRsZ32fs8Njzvihh2QZCKr2O5i4jauYMa7xP/x7AGittNQa0lR8/X9H5389RImwLbTpL2cbSnDjOT9qyXmnw6VEfovLAbkNNlRiJKonzw51LNNQuaCSoDJ+Sohf+aKYS3/38KcB39m2j6H+/amoYtyonN5ntRorMFV0zPU7iExRHVbufjQTPtza+XLu9wiP/RQaN6cJ7rVpWnt+PdQCjwMbrAy6pb1cd9ATcU2SFEviLuUQJwoHQpUeDrwqDBT3Tw0sVUetJ/KrtkhGifgmqXphuAZiJv6DcinPniEc= ceph-3cf89df8-0d04-11ef-bc97-c7b262605968' | sudo tee -a /root/.ssh/authorized_keys && sudo chmod 0600 /root/.ssh/authorized_keys
2024-05-08T06:31:26.517 INFO:journalctl@ceph.mon.a.smithi070.stdout:May 08 06:31:26 smithi070 ceph-mon[29591]: from='client.? 172.21.15.70:0/1215537752' entity='client.admin'
2024-05-08T06:31:26.581 INFO:teuthology.orchestra.run.smithi070.stdout:ssh-rsa AAAAB3NzaC1yc2EAAAADAQABAAABgQDNo8HUbR7e6qKXeAQuuelH41xbTbWqC9vHKvK24ZkzhSc2JECVzNiYMHKAczazksdAgFqvPY4nt0cHylttrbnGIuwHicD95QTei/6IK7YjyiccxDiq48GfsTqJ6xBuhxnoH2VwmE4F4X6CRcEKGT19nP4tns7f2pIZ4mkBG+PJWoBzBQ7uN6hY6E9LMiwKfW5IGAySFyDR0XKe2SHXl0T1X//WyRsZ32fs8Njzvihh2QZCKr2O5i4jauYMa7xP/x7AGittNQa0lR8/X9H5389RImwLbTpL2cbSnDjOT9qyXmnw6VEfovLAbkNNlRiJKonzw51LNNQuaCSoDJ+Sohf+aKYS3/38KcB39m2j6H+/amoYtyonN5ntRorMFV0zPU7iExRHVbufjQTPtza+XLu9wiP/RQaN6cJ7rVpWnt+PdQCjwMbrAy6pb1cd9ATcU2SFEviLuUQJwoHQpUeDrwqDBT3Tw0sVUetJ/KrtkhGifgmqXphuAZiJv6DcinPniEc= ceph-3cf89df8-0d04-11ef-bc97-c7b262605968
2024-05-08T06:31:26.612 DEBUG:teuthology.orchestra.run.smithi172:> sudo install -d -m 0700 /root/.ssh && echo 'ssh-rsa AAAAB3NzaC1yc2EAAAADAQABAAABgQDNo8HUbR7e6qKXeAQuuelH41xbTbWqC9vHKvK24ZkzhSc2JECVzNiYMHKAczazksdAgFqvPY4nt0cHylttrbnGIuwHicD95QTei/6IK7YjyiccxDiq48GfsTqJ6xBuhxnoH2VwmE4F4X6CRcEKGT19nP4tns7f2pIZ4mkBG+PJWoBzBQ7uN6hY6E9LMiwKfW5IGAySFyDR0XKe2SHXl0T1X//WyRsZ32fs8Njzvihh2QZCKr2O5i4jauYMa7xP/x7AGittNQa0lR8/X9H5389RImwLbTpL2cbSnDjOT9qyXmnw6VEfovLAbkNNlRiJKonzw51LNNQuaCSoDJ+Sohf+aKYS3/38KcB39m2j6H+/amoYtyonN5ntRorMFV0zPU7iExRHVbufjQTPtza+XLu9wiP/RQaN6cJ7rVpWnt+PdQCjwMbrAy6pb1cd9ATcU2SFEviLuUQJwoHQpUeDrwqDBT3Tw0sVUetJ/KrtkhGifgmqXphuAZiJv6DcinPniEc= ceph-3cf89df8-0d04-11ef-bc97-c7b262605968' | sudo tee -a /root/.ssh/authorized_keys && sudo chmod 0600 /root/.ssh/authorized_keys
2024-05-08T06:31:26.726 INFO:teuthology.orchestra.run.smithi172.stdout:ssh-rsa AAAAB3NzaC1yc2EAAAADAQABAAABgQDNo8HUbR7e6qKXeAQuuelH41xbTbWqC9vHKvK24ZkzhSc2JECVzNiYMHKAczazksdAgFqvPY4nt0cHylttrbnGIuwHicD95QTei/6IK7YjyiccxDiq48GfsTqJ6xBuhxnoH2VwmE4F4X6CRcEKGT19nP4tns7f2pIZ4mkBG+PJWoBzBQ7uN6hY6E9LMiwKfW5IGAySFyDR0XKe2SHXl0T1X//WyRsZ32fs8Njzvihh2QZCKr2O5i4jauYMa7xP/x7AGittNQa0lR8/X9H5389RImwLbTpL2cbSnDjOT9qyXmnw6VEfovLAbkNNlRiJKonzw51LNNQuaCSoDJ+Sohf+aKYS3/38KcB39m2j6H+/amoYtyonN5ntRorMFV0zPU7iExRHVbufjQTPtza+XLu9wiP/RQaN6cJ7rVpWnt+PdQCjwMbrAy6pb1cd9ATcU2SFEviLuUQJwoHQpUeDrwqDBT3Tw0sVUetJ/KrtkhGifgmqXphuAZiJv6DcinPniEc= ceph-3cf89df8-0d04-11ef-bc97-c7b262605968
2024-05-08T06:31:26.765 DEBUG:teuthology.orchestra.run.smithi194:> sudo install -d -m 0700 /root/.ssh && echo 'ssh-rsa AAAAB3NzaC1yc2EAAAADAQABAAABgQDNo8HUbR7e6qKXeAQuuelH41xbTbWqC9vHKvK24ZkzhSc2JECVzNiYMHKAczazksdAgFqvPY4nt0cHylttrbnGIuwHicD95QTei/6IK7YjyiccxDiq48GfsTqJ6xBuhxnoH2VwmE4F4X6CRcEKGT19nP4tns7f2pIZ4mkBG+PJWoBzBQ7uN6hY6E9LMiwKfW5IGAySFyDR0XKe2SHXl0T1X//WyRsZ32fs8Njzvihh2QZCKr2O5i4jauYMa7xP/x7AGittNQa0lR8/X9H5389RImwLbTpL2cbSnDjOT9qyXmnw6VEfovLAbkNNlRiJKonzw51LNNQuaCSoDJ+Sohf+aKYS3/38KcB39m2j6H+/amoYtyonN5ntRorMFV0zPU7iExRHVbufjQTPtza+XLu9wiP/RQaN6cJ7rVpWnt+PdQCjwMbrAy6pb1cd9ATcU2SFEviLuUQJwoHQpUeDrwqDBT3Tw0sVUetJ/KrtkhGifgmqXphuAZiJv6DcinPniEc= ceph-3cf89df8-0d04-11ef-bc97-c7b262605968' | sudo tee -a /root/.ssh/authorized_keys && sudo chmod 0600 /root/.ssh/authorized_keys
2024-05-08T06:31:26.883 INFO:teuthology.orchestra.run.smithi194.stdout:ssh-rsa AAAAB3NzaC1yc2EAAAADAQABAAABgQDNo8HUbR7e6qKXeAQuuelH41xbTbWqC9vHKvK24ZkzhSc2JECVzNiYMHKAczazksdAgFqvPY4nt0cHylttrbnGIuwHicD95QTei/6IK7YjyiccxDiq48GfsTqJ6xBuhxnoH2VwmE4F4X6CRcEKGT19nP4tns7f2pIZ4mkBG+PJWoBzBQ7uN6hY6E9LMiwKfW5IGAySFyDR0XKe2SHXl0T1X//WyRsZ32fs8Njzvihh2QZCKr2O5i4jauYMa7xP/x7AGittNQa0lR8/X9H5389RImwLbTpL2cbSnDjOT9qyXmnw6VEfovLAbkNNlRiJKonzw51LNNQuaCSoDJ+Sohf+aKYS3/38KcB39m2j6H+/amoYtyonN5ntRorMFV0zPU7iExRHVbufjQTPtza+XLu9wiP/RQaN6cJ7rVpWnt+PdQCjwMbrAy6pb1cd9ATcU2SFEviLuUQJwoHQpUeDrwqDBT3Tw0sVUetJ/KrtkhGifgmqXphuAZiJv6DcinPniEc= ceph-3cf89df8-0d04-11ef-bc97-c7b262605968
2024-05-08T06:31:26.924 DEBUG:teuthology.orchestra.run.smithi070:> sudo /home/ubuntu/cephtest/cephadm --image quay-quay-quay.apps.os.sepia.ceph.com/ceph-ci/ceph:bee299f4ac344e4c45e550d7a80abcadd7bc3d5a shell -c /etc/ceph/ceph.conf -k /etc/ceph/ceph.client.admin.keyring --fsid 3cf89df8-0d04-11ef-bc97-c7b262605968 -- ceph config set mgr mgr/cephadm/allow_ptrace true
2024-05-08T06:31:27.347 INFO:teuthology.orchestra.run.smithi070.stderr:Inferring config /var/lib/ceph/3cf89df8-0d04-11ef-bc97-c7b262605968/mon.a/config
2024-05-08T06:31:30.451 INFO:teuthology.orchestra.run.smithi070.stderr:2024-05-08T06:31:30.450+0000 7f8f28e00700 1 -- 172.21.15.70:0/1735912629 >> [v2:172.21.15.70:3300/0,v1:172.21.15.70:6789/0] conn(0x7f8f24102d50 msgr2=0x7f8f24103170 secure :-1 s=STATE_CONNECTION_ESTABLISHED l=1).mark_down
2024-05-08T06:31:30.452 INFO:teuthology.orchestra.run.smithi070.stderr:2024-05-08T06:31:30.450+0000 7f8f28e00700 1 --2- 172.21.15.70:0/1735912629 >> [v2:172.21.15.70:3300/0,v1:172.21.15.70:6789/0] conn(0x7f8f24102d50 0x7f8f24103170 secure :-1 s=READY pgs=80 cs=0 l=1 rev1=1 crypto rx=0x7f8f1400b0a0 tx=0x7f8f1400b3b0 comp rx=0 tx=0).stop
2024-05-08T06:31:30.452 INFO:teuthology.orchestra.run.smithi070.stderr:2024-05-08T06:31:30.450+0000 7f8f28e00700 1 -- 172.21.15.70:0/1735912629 shutdown_connections
2024-05-08T06:31:30.452 INFO:teuthology.orchestra.run.smithi070.stderr:2024-05-08T06:31:30.450+0000 7f8f28e00700 1 --2- 172.21.15.70:0/1735912629 >> [v2:172.21.15.70:3300/0,v1:172.21.15.70:6789/0] conn(0x7f8f24102d50 0x7f8f24103170 unknown :-1 s=CLOSED pgs=80 cs=0 l=1 rev1=1 crypto rx=0 tx=0 comp rx=0 tx=0).stop
2024-05-08T06:31:30.452 INFO:teuthology.orchestra.run.smithi070.stderr:2024-05-08T06:31:30.450+0000 7f8f28e00700 1 -- 172.21.15.70:0/1735912629 >> 172.21.15.70:0/1735912629 conn(0x7f8f240fe350 msgr2=0x7f8f24100770 unknown :-1 s=STATE_NONE l=0).mark_down
2024-05-08T06:31:30.452 INFO:teuthology.orchestra.run.smithi070.stderr:2024-05-08T06:31:30.450+0000 7f8f28e00700 1 -- 172.21.15.70:0/1735912629 shutdown_connections
