2024-05-08T06:31:09.865+0000 7f400a000700 1 -- 172.21.15.70:0/3666188005 >> [v2:172.21.15.70:6800/1348548569,v1:172.21.15.70:6801/1348548569] conn(0x7f3ff003e520 msgr2=0x7f3ff00409e0 unknown :-1 s=STATE_CONNECTING_RE l=1).process reconnect failed to v2:172.21.15.70:6800/1348548569
2024-05-08T06:31:16.340 INFO:teuthology.orchestra.run.smithi070.stdout:/usr/bin/ceph: stderr
2024-05-08T06:31:09.865+0000 7f400a000700 1 --2- 172.21.15.70:0/3666188005 >> [v2:172.21.15.70:6800/1348548569,v1:172.21.15.70:6801/1348548569] conn(0x7f3ff003e520 0x7f3ff00409e0 unknown :-1 s=START_CONNECT pgs=0 cs=0 l=1 rev1=0 crypto rx=0 tx=0 comp rx=0 tx=0)._fault waiting 1.600000
2024-05-08T06:31:16.340 INFO:teuthology.orchestra.run.smithi070.stdout:/usr/bin/ceph: stderr
2024-05-08T06:31:11.466+0000 7f400a000700 1 -- 172.21.15.70:0/3666188005 >> [v2:172.21.15.70:6800/1348548569,v1:172.21.15.70:6801/1348548569] conn(0x7f3ff003e520 msgr2=0x7f3ff00409e0 unknown :-1 s=STATE_CONNECTING_RE l=1).process reconnect failed to v2:172.21.15.70:6800/1348548569
2024-05-08T06:31:16.341 INFO:teuthology.orchestra.run.smithi070.stdout:/usr/bin/ceph: stderr
2024-05-08T06:31:11.466+0000 7f400a000700 1 --2- 172.21.15.70:0/3666188005 >> [v2:172.21.15.70:6800/1348548569,v1:172.21.15.70:6801/1348548569] conn(0x7f3ff003e520 0x7f3ff00409e0 unknown :-1 s=START_CONNECT pgs=0 cs=0 l=1 rev1=0 crypto rx=0 tx=0 comp rx=0 tx=0)._fault waiting 3.200000
2024-05-08T06:31:16.341 INFO:teuthology.orchestra.run.smithi070.stdout:/usr/bin/ceph: stderr
2024-05-08T06:31:13.909+0000 7f4003400700 1 -- 172.21.15.70:0/3666188005 <== mon.0 v2:172.21.15.70:3300/0 6 ==== mgrmap(e 10) ==== 50002+0+0 (secure 0 0 0) 0x7f3ffc023a40 con 0x7f400c1097e0
2024-05-08T06:31:16.341 INFO:teuthology.orchestra.run.smithi070.stdout:/usr/bin/ceph: stderr
2024-05-08T06:31:13.909+0000 7f4003400700 1 -- 172.21.15.70:0/3666188005 >> [v2:172.21.15.70:6800/1348548569,v1:172.21.15.70:6801/1348548569] conn(0x7f3ff003e520 msgr2=0x7f3ff00409e0 unknown :-1 s=STATE_CONNECTING l=1).mark_down
2024-05-08T06:31:16.341 INFO:teuthology.orchestra.run.smithi070.stdout:/usr/bin/ceph: stderr
2024-05-08T06:31:13.909+0000 7f4003400700 1 --2- 172.21.15.70:0/3666188005 >> [v2:172.21.15.70:6800/1348548569,v1:172.21.15.70:6801/1348548569] conn(0x7f3ff003e520 0x7f3ff00409e0 unknown :-1 s=START_CONNECT pgs=0 cs=0 l=1 rev1=0 crypto rx=0 tx=0 comp rx=0 tx=0).stop
2024-05-08T06:31:16.341 INFO:teuthology.orchestra.run.smithi070.stdout:/usr/bin/ceph: stderr
2024-05-08T06:31:14.911+0000 7f4003400700 1 -- 172.21.15.70:0/3666188005 <== mon.0 v2:172.21.15.70:3300/0 7 ==== mgrmap(e 11) ==== 50129+0+0 (secure 0 0 0) 0x7f3ffc055bb0 con 0x7f400c1097e0
2024-05-08T06:31:16.341 INFO:teuthology.orchestra.run.smithi070.stdout:/usr/bin/ceph: stderr
2024-05-08T06:31:14.911+0000 7f4003400700 1 --2- 172.21.15.70:0/3666188005 >> [v2:172.21.15.70:6800/3718531938,v1:172.21.15.70:6801/3718531938] conn(0x7f3ff0041fa0 0x7f3ff0044390 unknown :-1 s=NONE pgs=0 cs=0 l=1 rev1=0 crypto rx=0 tx=0 comp rx=0 tx=0).connect
2024-05-08T06:31:16.341 INFO:teuthology.orchestra.run.smithi070.stdout:/usr/bin/ceph: stderr
2024-05-08T06:31:14.911+0000 7f4003400700 1 -- 172.21.15.70:0/3666188005 --> [v2:172.21.15.70:6800/3718531938,v1:172.21.15.70:6801/3718531938] -- command(tid 0: {"prefix": "get_command_descriptions"}) -- 0x7f3ffc02de50 con 0x7f3ff0041fa0
2024-05-08T06:31:16.341 INFO:teuthology.orchestra.run.smithi070.stdout:/usr/bin/ceph: stderr
2024-05-08T06:31:14.912+0000 7f400a000700 1 --2- 172.21.15.70:0/3666188005 >> [v2:172.21.15.70:6800/3718531938,v1:172.21.15.70:6801/3718531938] conn(0x7f3ff0041fa0 0x7f3ff0044390 unknown :-1 s=BANNER_CONNECTING pgs=0 cs=0 l=1 rev1=0 crypto rx=0 tx=0 comp rx=0 tx=0)._handle_peer_banner_payload supported=3 required=0
2024-05-08T06:31:16.341 INFO:teuthology.orchestra.run.smithi070.stdout:/usr/bin/ceph: stderr
2024-05-08T06:31:14.913+0000 7f400a000700 1 --2- 172.21.15.70:0/3666188005 >> [v2:172.21.15.70:6800/3718531938,v1:172.21.15.70:6801/3718531938] conn(0x7f3ff0041fa0 0x7f3ff0044390 secure :-1 s=READY pgs=1 cs=0 l=1 rev1=1 crypto rx=0x7f3ff8003a10 tx=0x7f3ff8009270 comp rx=0 tx=0).ready entity=mgr.14152 client_cookie=0 server_cookie=0 in_seq=0 out_seq=0
2024-05-08T06:31:16.341 INFO:teuthology.orchestra.run.smithi070.stdout:/usr/bin/ceph: stderr
2024-05-08T06:31:14.914+0000 7f4003400700 1 -- 172.21.15.70:0/3666188005 <== mgr.14152 v2:172.21.15.70:6800/3718531938 1 ==== command_reply(tid 0: 0 ) ==== 8+0+9564 (secure 0 0 0) 0x7f3ffc02de50 con 0x7f3ff0041fa0
2024-05-08T06:31:16.341 INFO:teuthology.orchestra.run.smithi070.stdout:/usr/bin/ceph: stderr
2024-05-08T06:31:14.924+0000 7f4011600700 1 -- 172.21.15.70:0/3666188005 --> [v2:172.21.15.70:6800/3718531938,v1:172.21.15.70:6801/3718531938] -- command(tid 1: {"prefix": "mgr_status"}) -- 0x7f400c064b00 con 0x7f3ff0041fa0
2024-05-08T06:31:16.341 INFO:teuthology.orchestra.run.smithi070.stdout:/usr/bin/ceph: stderr
2024-05-08T06:31:14.925+0000 7f4003400700 1 -- 172.21.15.70:0/3666188005 <== mgr.14152 v2:172.21.15.70:6800/3718531938 2 ==== command_reply(tid 1: 0 ) ==== 8+0+52 (secure 0 0 0) 0x7f400c064b00 con 0x7f3ff0041fa0
2024-05-08T06:31:16.341 INFO:teuthology.orchestra.run.smithi070.stdout:/usr/bin/ceph: stderr
2024-05-08T06:31:14.925+0000 7f4011600700 1 -- 172.21.15.70:0/3666188005 >> [v2:172.21.15.70:6800/3718531938,v1:172.21.15.70:6801/3718531938] conn(0x7f3ff0041fa0 msgr2=0x7f3ff0044390 secure :-1 s=STATE_CONNECTION_ESTABLISHED l=1).mark_down
2024-05-08T06:31:16.341 INFO:teuthology.orchestra.run.smithi070.stdout:/usr/bin/ceph: stderr
2024-05-08T06:31:14.925+0000 7f4011600700 1 --2- 172.21.15.70:0/3666188005 >> [v2:172.21.15.70:6800/3718531938,v1:172.21.15.70:6801/3718531938] conn(0x7f3ff0041fa0 0x7f3ff0044390 secure :-1 s=READY pgs=1 cs=0 l=1 rev1=1 crypto rx=0x7f3ff8003a10 tx=0x7f3ff8009270 comp rx=0 tx=0).stop
2024-05-08T06:31:16.342 INFO:teuthology.orchestra.run.smithi070.stdout:/usr/bin/ceph: stderr
2024-05-08T06:31:14.925+0000 7f4011600700 1 -- 172.21.15.70:0/3666188005 >> [v2:172.21.15.70:3300/0,v1:172.21.15.70:6789/0] conn(0x7f400c1097e0 msgr2=0x7f400c109060 secure :-1 s=STATE_CONNECTION_ESTABLISHED l=1).mark_down
2024-05-08T06:31:16.342 INFO:teuthology.orchestra.run.smithi070.stdout:/usr/bin/ceph: stderr
2024-05-08T06:31:14.925+0000 7f4011600700 1 --2- 172.21.15.70:0/3666188005 >> [v2:172.21.15.70:3300/0,v1:172.21.15.70:6789/0] conn(0x7f400c1097e0 0x7f400c109060 secure :-1 s=READY pgs=62 cs=0 l=1 rev1=1 crypto rx=0x7f3ffc011670 tx=0x7f3ffc011a30 comp rx=0 tx=0).stop
2024-05-08T06:31:16.342 INFO:teuthology.orchestra.run.smithi070.stdout:/usr/bin/ceph: stderr
2024-05-08T06:31:14.925+0000 7f4011600700 1 -- 172.21.15.70:0/3666188005 shutdown_connections
2024-05-08T06:31:16.342 INFO:teuthology.orchestra.run.smithi070.stdout:/usr/bin/ceph: stderr
2024-05-08T06:31:14.925+0000 7f4011600700 1 --2- 172.21.15.70:0/3666188005 >> [v2:172.21.15.70:6800/3718531938,v1:172.21.15.70:6801/3718531938] conn(0x7f3ff0041fa0 0x7f3ff0044390 unknown :-1 s=CLOSED pgs=1 cs=0 l=1 rev1=1 crypto rx=0 tx=0 comp rx=0 tx=0).stop
2024-05-08T06:31:16.342 INFO:teuthology.orchestra.run.smithi070.stdout:/usr/bin/ceph: stderr
2024-05-08T06:31:14.925+0000 7f4011600700 1 --2- 172.21.15.70:0/3666188005 >> [v2:172.21.15.70:3300/0,v1:172.21.15.70:6789/0] conn(0x7f400c1097e0 0x7f400c109060 unknown :-1 s=CLOSED pgs=62 cs=0 l=1 rev1=1 crypto rx=0 tx=0 comp rx=0 tx=0).stop
2024-05-08T06:31:16.342 INFO:teuthology.orchestra.run.smithi070.stdout:/usr/bin/ceph: stderr
2024-05-08T06:31:14.925+0000 7f4011600700 1 --2- 172.21.15.70:0/3666188005 >> [v2:172.21.15.70:6800/1348548569,v1:172.21.15.70:6801/1348548569] conn(0x7f3ff003e520 0x7f3ff00409e0 unknown :-1 s=CLOSED pgs=0 cs=0 l=1 rev1=0 crypto rx=0 tx=0 comp rx=0 tx=0).stop
2024-05-08T06:31:16.342 INFO:teuthology.orchestra.run.smithi070.stdout:/usr/bin/ceph: stderr
2024-05-08T06:31:14.925+0000 7f4011600700 1 -- 172.21.15.70:0/3666188005 >> 172.21.15.70:0/3666188005 conn(0x7f400c103130 msgr2=0x7f400c103b60 unknown :-1 s=STATE_NONE l=0).mark_down
2024-05-08T06:31:16.342 INFO:teuthology.orchestra.run.smithi070.stdout:/usr/bin/ceph: stderr
2024-05-08T06:31:14.926+0000 7f4011600700 1 -- 172.21.15.70:0/3666188005 shutdown_connections
2024-05-08T06:31:16.342 INFO:teuthology.orchestra.run.smithi070.stdout:/usr/bin/ceph: stderr
2024-05-08T06:31:14.926+0000 7f4011600700 1 -- 172.21.15.70:0/3666188005 wait complete.
2024-05-08T06:31:16.342 INFO:teuthology.orchestra.run.smithi070.stdout:mgr epoch 9 is available
2024-05-08T06:31:16.342 INFO:teuthology.orchestra.run.smithi070.stdout:Generating a dashboard self-signed certificate...
2024-05-08T06:31:17.277 INFO:journalctl@ceph.mon.a.smithi070.stdout:May 08 06:31:16 smithi070 ceph-mon[29591]: mgrmap e12: x(active, since 2s)
2024-05-08T06:31:17.277 INFO:journalctl@ceph.mon.a.smithi070.stdout:May 08 06:31:16 smithi070 ceph-mon[29591]: from='mgr.14152 172.21.15.70:0/1367609956' entity='mgr.x'
2024-05-08T06:31:18.124 INFO:teuthology.orchestra.run.smithi070.stdout:/usr/bin/ceph: stdout Self-signed certificate created
2024-05-08T06:31:18.125 INFO:teuthology.orchestra.run.smithi070.stdout:/usr/bin/ceph: stderr
2024-05-08T06:31:16.997+0000 7f2f8e400700 1 Processor -- start
2024-05-08T06:31:18.125 INFO:teuthology.orchestra.run.smithi070.stdout:/usr/bin/ceph: stderr
2024-05-08T06:31:16.997+0000 7f2f8e400700 1 -- start start
2024-05-08T06:31:18.125 INFO:teuthology.orchestra.run.smithi070.stdout:/usr/bin/ceph: stderr
2024-05-08T06:31:16.998+0000 7f2f8e400700 1 --2- >> [v2:172.21.15.70:3300/0,v1:172.21.15.70:6789/0] conn(0x7f2f8807ee70 0x7f2f8807d2d0 unknown :-1 s=NONE pgs=0 cs=0 l=0 rev1=0 crypto rx=0 tx=0 comp rx=0 tx=0).connect
2024-05-08T06:31:18.125 INFO:teuthology.orchestra.run.smithi070.stdout:/usr/bin/ceph: stderr
2024-05-08T06:31:16.998+0000 7f2f8e400700 1 -- --> [v2:172.21.15.70:3300/0,v1:172.21.15.70:6789/0] -- mon_getmap magic: 0 -- 0x7f2f8807d8a0 con 0x7f2f8807ee70
2024-05-08T06:31:18.125 INFO:teuthology.orchestra.run.smithi070.stdout:/usr/bin/ceph: stderr
2024-05-08T06:31:16.998+0000 7f2f8d000700 1 --2- >> [v2:172.21.15.70:3300/0,v1:172.21.15.70:6789/0] conn(0x7f2f8807ee70 0x7f2f8807d2d0 unknown :-1 s=BANNER_CONNECTING pgs=0 cs=0 l=0 rev1=0 crypto rx=0 tx=0 comp rx=0 tx=0)._handle_peer_banner_payload supported=3 required=0
2024-05-08T06:31:18.126 INFO:teuthology.orchestra.run.smithi070.stdout:/usr/bin/ceph: stderr
2024-05-08T06:31:16.998+0000 7f2f8d000700 1 --2- >> [v2:172.21.15.70:3300/0,v1:172.21.15.70:6789/0] conn(0x7f2f8807ee70 0x7f2f8807d2d0 unknown :-1 s=HELLO_CONNECTING pgs=0 cs=0 l=0 rev1=1 crypto rx=0 tx=0 comp rx=0 tx=0).handle_hello peer v2:172.21.15.70:3300/0 says I am v2:172.21.15.70:55476/0 (socket says 172.21.15.70:55476)
2024-05-08T06:31:18.126 INFO:teuthology.orchestra.run.smithi070.stdout:/usr/bin/ceph: stderr
2024-05-08T06:31:16.998+0000 7f2f8d000700 1 -- 172.21.15.70:0/101891046 learned_addr learned my addr 172.21.15.70:0/101891046 (peer_addr_for_me v2:172.21.15.70:0/0)
2024-05-08T06:31:18.126 INFO:teuthology.orchestra.run.smithi070.stdout:/usr/bin/ceph: stderr
2024-05-08T06:31:16.999+0000 7f2f8d000700 1 -- 172.21.15.70:0/101891046 --> [v2:172.21.15.70:3300/0,v1:172.21.15.70:6789/0] -- mon_subscribe({config=0+,monmap=0+}) -- 0x7f2f8807da20 con 0x7f2f8807ee70
2024-05-08T06:31:18.126 INFO:teuthology.orchestra.run.smithi070.stdout:/usr/bin/ceph: stderr
2024-05-08T06:31:16.999+0000 7f2f8d000700 1 --2- 172.21.15.70:0/101891046 >> [v2:172.21.15.70:3300/0,v1:172.21.15.70:6789/0] conn(0x7f2f8807ee70 0x7f2f8807d2d0 secure :-1 s=READY pgs=70 cs=0 l=1 rev1=1 crypto rx=0x7f2f7c0098a0 tx=0x7f2f7c009bb0 comp rx=0 tx=0).ready entity=mon.0 client_cookie=28b39517a938a52 server_cookie=0 in_seq=0 out_seq=0
2024-05-08T06:31:18.126 INFO:teuthology.orchestra.run.smithi070.stdout:/usr/bin/ceph: stderr
2024-05-08T06:31:16.999+0000 7f2f87400700 1 -- 172.21.15.70:0/101891046 <== mon.0 v2:172.21.15.70:3300/0 1 ==== mon_map magic: 0 ==== 205+0+0 (secure 0 0 0) 0x7f2f7c004160 con 0x7f2f8807ee70
2024-05-08T06:31:18.126 INFO:teuthology.orchestra.run.smithi070.stdout:/usr/bin/ceph: stderr
2024-05-08T06:31:16.999+0000 7f2f87400700 1 -- 172.21.15.70:0/101891046 <== mon.0 v2:172.21.15.70:3300/0 2 ==== config(25 keys) ==== 1063+0+0 (secure 0 0 0) 0x7f2f7c004300 con 0x7f2f8807ee70
2024-05-08T06:31:18.126 INFO:teuthology.orchestra.run.smithi070.stdout:/usr/bin/ceph: stderr
2024-05-08T06:31:17.000+0000 7f2f87400700 1 -- 172.21.15.70:0/101891046 <== mon.0 v2:172.21.15.70:3300/0 3 ==== mon_map magic: 0 ==== 205+0+0 (secure 0 0 0) 0x7f2f7c011960 con 0x7f2f8807ee70
2024-05-08T06:31:18.126 INFO:teuthology.orchestra.run.smithi070.stdout:/usr/bin/ceph: stderr
2024-05-08T06:31:17.000+0000 7f2f8e400700 1 -- 172.21.15.70:0/101891046 >> [v2:172.21.15.70:3300/0,v1:172.21.15.70:6789/0] conn(0x7f2f8807ee70 msgr2=0x7f2f8807d2d0 secure :-1 s=STATE_CONNECTION_ESTABLISHED l=1).mark_down
2024-05-08T06:31:18.126 INFO:teuthology.orchestra.run.smithi070.stdout:/usr/bin/ceph: stderr
2024-05-08T06:31:17.000+0000 7f2f8e400700 1 --2- 172.21.15.70:0/101891046 >> [v2:172.21.15.70:3300/0,v1:172.21.15.70:6789/0] conn(0x7f2f8807ee70 0x7f2f8807d2d0 secure :-1 s=READY pgs=70 cs=0 l=1 rev1=1 crypto rx=0x7f2f7c0098a0 tx=0x7f2f7c009bb0 comp rx=0 tx=0).stop
2024-05-08T06:31:18.126 INFO:teuthology.orchestra.run.smithi070.stdout:/usr/bin/ceph: stderr
2024-05-08T06:31:17.000+0000 7f2f8e400700 1 -- 172.21.15.70:0/101891046 shutdown_connections
2024-05-08T06:31:18.126 INFO:teuthology.orchestra.run.smithi070.stdout:/usr/bin/ceph: stderr
2024-05-08T06:31:17.000+0000 7f2f8e400700 1 --2- 172.21.15.70:0/101891046 >> [v2:172.21.15.70:3300/0,v1:172.21.15.70:6789/0] conn(0x7f2f8807ee70 0x7f2f8807d2d0 unknown :-1 s=CLOSED pgs=70 cs=0 l=1 rev1=1 crypto rx=0 tx=0 comp rx=0 tx=0).stop
2024-05-08T06:31:18.126 INFO:teuthology.orchestra.run.smithi070.stdout:/usr/bin/ceph: stderr
2024-05-08T06:31:17.000+0000 7f2f8e400700 1 -- 172.21.15.70:0/101891046 >> 172.21.15.70:0/101891046 conn(0x7f2f88104040 msgr2=0x7f2f88106480 unknown :-1 s=STATE_NONE l=0).mark_down
2024-05-08T06:31:18.127 INFO:teuthology.orchestra.run.smithi070.stdout:/usr/bin/ceph: stderr
2024-05-08T06:31:17.001+0000 7f2f8e400700 1 -- 172.21.15.70:0/101891046 shutdown_connections
2024-05-08T06:31:18.127 INFO:teuthology.orchestra.run.smithi070.stdout:/usr/bin/ceph: stderr
2024-05-08T06:31:17.001+0000 7f2f8e400700 1 -- 172.21.15.70:0/101891046 wait complete.
2024-05-08T06:31:18.127 INFO:teuthology.orchestra.run.smithi070.stdout:/usr/bin/ceph: stderr
2024-05-08T06:31:17.002+0000 7f2f8e400700 1 Processor -- start
2024-05-08T06:31:18.127 INFO:teuthology.orchestra.run.smithi070.stdout:/usr/bin/ceph: stderr
2024-05-08T06:31:17.002+0000 7f2f8e400700 1 -- start start
2024-05-08T06:31:18.127 INFO:teuthology.orchestra.run.smithi070.stdout:/usr/bin/ceph: stderr
2024-05-08T06:31:17.002+0000 7f2f8e400700 1 --2- >> [v2:172.21.15.70:3300/0,v1:172.21.15.70:6789/0] conn(0x7f2f8807ee70 0x7f2f8819eab0 unknown :-1 s=NONE pgs=0 cs=0 l=1 rev1=0 crypto rx=0 tx=0 comp rx=0 tx=0).connect
2024-05-08T06:31:18.127 INFO:teuthology.orchestra.run.smithi070.stdout:/usr/bin/ceph: stderr
2024-05-08T06:31:17.002+0000 7f2f8e400700 1 -- --> [v2:172.21.15.70:3300/0,v1:172.21.15.70:6789/0] -- mon_getmap magic: 0 -- 0x7f2f8810f060 con 0x7f2f8807ee70
2024-05-08T06:31:18.127 INFO:teuthology.orchestra.run.smithi070.stdout:/usr/bin/ceph: stderr
2024-05-08T06:31:17.003+0000 7f2f8d000700 1 --2- >> [v2:172.21.15.70:3300/0,v1:172.21.15.70:6789/0] conn(0x7f2f8807ee70 0x7f2f8819eab0 unknown :-1 s=BANNER_CONNECTING pgs=0 cs=0 l=1 rev1=0 crypto rx=0 tx=0 comp rx=0 tx=0)._handle_peer_banner_payload supported=3 required=0
2024-05-08T06:31:18.127 INFO:teuthology.orchestra.run.smithi070.stdout:/usr/bin/ceph: stderr
2024-05-08T06:31:17.003+0000 7f2f8d000700 1 --2- >> [v2:172.21.15.70:3300/0,v1:172.21.15.70:6789/0] conn(0x7f2f8807ee70 0x7f2f8819eab0 unknown :-1 s=HELLO_CONNECTING pgs=0 cs=0 l=1 rev1=1 crypto rx=0 tx=0 comp rx=0 tx=0).handle_hello peer v2:172.21.15.70:3300/0 says I am v2:172.21.15.70:55490/0 (socket says 172.21.15.70:55490)
2024-05-08T06:31:18.127 INFO:teuthology.orchestra.run.smithi070.stdout:/usr/bin/ceph: stderr
2024-05-08T06:31:17.003+0000 7f2f8d000700 1 -- 172.21.15.70:0/2283085311 learned_addr learned my addr 172.21.15.70:0/2283085311 (peer_addr_for_me v2:172.21.15.70:0/0)
2024-05-08T06:31:18.127 INFO:teuthology.orchestra.run.smithi070.stdout:/usr/bin/ceph: stderr
2024-05-08T06:31:17.003+0000 7f2f8d000700 1 -- 172.21.15.70:0/2283085311 --> [v2:172.21.15.70:3300/0,v1:172.21.15.70:6789/0] -- mon_subscribe({config=0+,monmap=0+}) -- 0x7f2f8819eff0 con 0x7f2f8807ee70
2024-05-08T06:31:18.127 INFO:teuthology.orchestra.run.smithi070.stdout:/usr/bin/ceph: stderr
2024-05-08T06:31:17.003+0000 7f2f8d000700 1 --2- 172.21.15.70:0/2283085311 >> [v2:172.21.15.70:3300/0,v1:172.21.15.70:6789/0] conn(0x7f2f8807ee70 0x7f2f8819eab0 secure :-1 s=READY pgs=71 cs=0 l=1 rev1=1 crypto rx=0x7f2f7c003e50 tx=0x7f2f7c011a30 comp rx=0 tx=0).ready entity=mon.0 client_cookie=0 server_cookie=0 in_seq=0 out_seq=0
2024-05-08T06:31:18.127 INFO:teuthology.orchestra.run.smithi070.stdout:/usr/bin/ceph: stderr
2024-05-08T06:31:17.004+0000 7f2f85600700 1 -- 172.21.15.70:0/2283085311 <== mon.0 v2:172.21.15.70:3300/0 1 ==== mon_map magic: 0 ==== 205+0+0 (secure 0 0 0) 0x7f2f7c003a60 con 0x7f2f8807ee70
2024-05-08T06:31:18.127 INFO:teuthology.orchestra.run.smithi070.stdout:/usr/bin/ceph: stderr
2024-05-08T06:31:17.004+0000 7f2f85600700 1 -- 172.21.15.70:0/2283085311 <== mon.0 v2:172.21.15.70:3300/0 2 ==== config(25 keys) ==== 1063+0+0 (secure 0 0 0) 0x7f2f7c01b8d0 con 0x7f2f8807ee70
2024-05-08T06:31:18.127 INFO:teuthology.orchestra.run.smithi070.stdout:/usr/bin/ceph: stderr
2024-05-08T06:31:17.004+0000 7f2f85600700 1 -- 172.21.15.70:0/2283085311 <== mon.0 v2:172.21.15.70:3300/0 3 ==== mon_map magic: 0 ==== 205+0+0 (secure 0 0 0) 0x7f2f7c0237d0 con 0x7f2f8807ee70
2024-05-08T06:31:18.128 INFO:teuthology.orchestra.run.smithi070.stdout:/usr/bin/ceph: stderr
2024-05-08T06:31:17.004+0000 7f2f8e400700 1 -- 172.21.15.70:0/2283085311 --> [v2:172.21.15.70:3300/0,v1:172.21.15.70:6789/0] -- mon_subscribe({mgrmap=0+}) -- 0x7f2f8819f280 con 0x7f2f8807ee70
2024-05-08T06:31:18.128 INFO:teuthology.orchestra.run.smithi070.stdout:/usr/bin/ceph: stderr
2024-05-08T06:31:17.004+0000 7f2f8e400700 1 -- 172.21.15.70:0/2283085311 --> [v2:172.21.15.70:3300/0,v1:172.21.15.70:6789/0] -- mon_subscribe({osdmap=0}) -- 0x7f2f881a1f70 con 0x7f2f8807ee70
2024-05-08T06:31:18.128 INFO:teuthology.orchestra.run.smithi070.stdout:/usr/bin/ceph: stderr
2024-05-08T06:31:17.005+0000 7f2f85600700 1 -- 172.21.15.70:0/2283085311 <== mon.0 v2:172.21.15.70:3300/0 4 ==== mgrmap(e 12) ==== 50235+0+0 (secure 0 0 0) 0x7f2f7c01b440 con 0x7f2f8807ee70
2024-05-08T06:31:18.128 INFO:teuthology.orchestra.run.smithi070.stdout:/usr/bin/ceph: stderr
2024-05-08T06:31:17.006+0000 7f2f85600700 1 --2- 172.21.15.70:0/2283085311 >> [v2:172.21.15.70:6800/3718531938,v1:172.21.15.70:6801/3718531938] conn(0x7f2f7003e4d0 0x7f2f70040990 unknown :-1 s=NONE pgs=0 cs=0 l=1 rev1=0 crypto rx=0 tx=0 comp rx=0 tx=0).connect
2024-05-08T06:31:18.128 INFO:teuthology.orchestra.run.smithi070.stdout:/usr/bin/ceph: stderr
2024-05-08T06:31:17.006+0000 7f2f8e400700 1 -- 172.21.15.70:0/2283085311 --> [v2:172.21.15.70:3300/0,v1:172.21.15.70:6789/0] -- mon_command({"prefix": "get_command_descriptions"} v 0) -- 0x7f2f88064b00 con 0x7f2f8807ee70
2024-05-08T06:31:18.128 INFO:teuthology.orchestra.run.smithi070.stdout:/usr/bin/ceph: stderr
2024-05-08T06:31:17.006+0000 7f2f85600700 1 -- 172.21.15.70:0/2283085311 <== mon.0 v2:172.21.15.70:3300/0 5 ==== osd_map(3..3 src has 1..3) ==== 1155+0+0 (secure 0 0 0) 0x7f2f7c054120 con 0x7f2f8807ee70
2024-05-08T06:31:18.128 INFO:teuthology.orchestra.run.smithi070.stdout:/usr/bin/ceph: stderr
2024-05-08T06:31:17.006+0000 7f2f87e00700 1 --2- 172.21.15.70:0/2283085311 >> [v2:172.21.15.70:6800/3718531938,v1:172.21.15.70:6801/3718531938] conn(0x7f2f7003e4d0 0x7f2f70040990 unknown :-1 s=BANNER_CONNECTING pgs=0 cs=0 l=1 rev1=0 crypto rx=0 tx=0 comp rx=0 tx=0)._handle_peer_banner_payload supported=3 required=0
2024-05-08T06:31:18.128 INFO:teuthology.orchestra.run.smithi070.stdout:/usr/bin/ceph: stderr
2024-05-08T06:31:17.007+0000 7f2f87e00700 1 --2- 172.21.15.70:0/2283085311 >> [v2:172.21.15.70:6800/3718531938,v1:172.21.15.70:6801/3718531938] conn(0x7f2f7003e4d0 0x7f2f70040990 secure :-1 s=READY pgs=7 cs=0 l=1 rev1=1 crypto rx=0x7f2f74006fd0 tx=0x7f2f74006e40 comp rx=0 tx=0).ready entity=mgr.14152 client_cookie=0 server_cookie=0 in_seq=0 out_seq=0
2024-05-08T06:31:18.128 INFO:teuthology.orchestra.run.smithi070.stdout:/usr/bin/ceph: stderr
2024-05-08T06:31:17.012+0000 7f2f85600700 1 -- 172.21.15.70:0/2283085311 <== mon.0 v2:172.21.15.70:3300/0 6 ==== mon_command_ack([{"prefix": "get_command_descriptions"}]=0 v0) ==== 72+0+191963 (secure 0 0 0) 0x7f2f7c01f030 con 0x7f2f8807ee70
2024-05-08T06:31:18.128 INFO:teuthology.orchestra.run.smithi070.stdout:/usr/bin/ceph: stderr
2024-05-08T06:31:17.276+0000 7f2f8e400700 1 -- 172.21.15.70:0/2283085311 --> [v2:172.21.15.70:6800/3718531938,v1:172.21.15.70:6801/3718531938] -- mgr_command(tid 0: {"prefix": "dashboard create-self-signed-cert", "target": ["mon-mgr", ""]}) -- 0x7f2f881051d0 con 0x7f2f7003e4d0
2024-05-08T06:31:18.128 INFO:teuthology.orchestra.run.smithi070.stdout:/usr/bin/ceph: stderr
2024-05-08T06:31:17.358+0000 7f2f85600700 1 -- 172.21.15.70:0/2283085311 <== mgr.14152 v2:172.21.15.70:6800/3718531938 1 ==== mgr_command_reply(tid 0: 0 ) ==== 8+0+32 (secure 0 0 0) 0x7f2f881051d0 con 0x7f2f7003e4d0
2024-05-08T06:31:18.128 INFO:teuthology.orchestra.run.smithi070.stdout:/usr/bin/ceph: stderr
2024-05-08T06:31:17.361+0000 7f2f8e400700 1 -- 172.21.15.70:0/2283085311 >> [v2:172.21.15.70:6800/3718531938,v1:172.21.15.70:6801/3718531938] conn(0x7f2f7003e4d0 msgr2=0x7f2f70040990 secure :-1 s=STATE_CONNECTION_ESTABLISHED l=1).mark_down
2024-05-08T06:31:18.128 INFO:teuthology.orchestra.run.smithi070.stdout:/usr/bin/ceph: stderr
2024-05-08T06:31:17.361+0000 7f2f8e400700 1 --2- 172.21.15.70:0/2283085311 >> [v2:172.21.15.70:6800/3718531938,v1:172.21.15.70:6801/3718531938] conn(0x7f2f7003e4d0 0x7f2f70040990 secure :-1 s=READY pgs=7 cs=0 l=1 rev1=1 crypto rx=0x7f2f74006fd0 tx=0x7f2f74006e40 comp rx=0 tx=0).stop
2024-05-08T06:31:18.128 INFO:teuthology.orchestra.run.smithi070.stdout:/usr/bin/ceph: stderr
2024-05-08T06:31:17.361+0000 7f2f8e400700 1 -- 172.21.15.70:0/2283085311 >> [v2:172.21.15.70:3300/0,v1:172.21.15.70:6789/0] conn(0x7f2f8807ee70 msgr2=0x7f2f8819eab0 secure :-1 s=STATE_CONNECTION_ESTABLISHED l=1).mark_down
2024-05-08T06:31:18.128 INFO:teuthology.orchestra.run.smithi070.stdout:/usr/bin/ceph: stderr
2024-05-08T06:31:17.361+0000 7f2f8e400700 1 --2- 172.21.15.70:0/2283085311 >> [v2:172.21.15.70:3300/0,v1:172.21.15.70:6789/0] conn(0x7f2f8807ee70 0x7f2f8819eab0 secure :-1 s=READY pgs=71 cs=0 l=1 rev1=1 crypto rx=0x7f2f7c003e50 tx=0x7f2f7c011a30 comp rx=0 tx=0).stop
2024-05-08T06:31:18.129 INFO:teuthology.orchestra.run.smithi070.stdout:/usr/bin/ceph: stderr
2024-05-08T06:31:17.361+0000 7f2f8e400700 1 -- 172.21.15.70:0/2283085311 shutdown_connections
2024-05-08T06:31:18.129 INFO:teuthology.orchestra.run.smithi070.stdout:/usr/bin/ceph: stderr
2024-05-08T06:31:17.361+0000 7f2f8e400700 1 --2- 172.21.15.70:0/2283085311 >> [v2:172.21.15.70:6800/3718531938,v1:172.21.15.70:6801/3718531938] conn(0x7f2f7003e4d0 0x7f2f70040990 unknown :-1 s=CLOSED pgs=7 cs=0 l=1 rev1=1 crypto rx=0 tx=0 comp rx=0 tx=0).stop
2024-05-08T06:31:18.129 INFO:teuthology.orchestra.run.smithi070.stdout:/usr/bin/ceph: stderr
2024-05-08T06:31:17.361+0000 7f2f8e400700 1 --2- 172.21.15.70:0/2283085311 >> [v2:172.21.15.70:3300/0,v1:172.21.15.70:6789/0] conn(0x7f2f8807ee70 0x7f2f8819eab0 unknown :-1 s=CLOSED pgs=71 cs=0 l=1 rev1=1 crypto rx=0 tx=0 comp rx=0 tx=0).stop
2024-05-08T06:31:18.129 INFO:teuthology.orchestra.run.smithi070.stdout:/usr/bin/ceph: stderr
2024-05-08T06:31:17.361+0000 7f2f8e400700 1 -- 172.21.15.70:0/2283085311 >> 172.21.15.70:0/2283085311 conn(0x7f2f88104040 msgr2=0x7f2f88104ac0 unknown :-1 s=STATE_NONE l=0).mark_down
2024-05-08T06:31:18.129 INFO:teuthology.orchestra.run.smithi070.stdout:/usr/bin/ceph: stderr
2024-05-08T06:31:17.361+0000 7f2f8e400700 1 -- 172.21.15.70:0/2283085311 shutdown_connections
2024-05-08T06:31:18.129 INFO:teuthology.orchestra.run.smithi070.stdout:/usr/bin/ceph: stderr
2024-05-08T06:31:17.361+0000 7f2f8e400700 1 -- 172.21.15.70:0/2283085311 wait complete.
2024-05-08T06:31:18.129 INFO:teuthology.orchestra.run.smithi070.stdout:Creating initial admin user...
2024-05-08T06:31:18.565 INFO:journalctl@ceph.mon.a.smithi070.stdout:May 08 06:31:18 smithi070 ceph-mon[29591]: from='client.14164 -' entity='client.admin' cmd=[{"prefix": "dashboard create-self-signed-cert", "target": ["mon-mgr", ""]}]: dispatch
2024-05-08T06:31:18.566 INFO:journalctl@ceph.mon.a.smithi070.stdout:May 08 06:31:18 smithi070 ceph-mon[29591]: from='mgr.14152 172.21.15.70:0/1367609956' entity='mgr.x'
2024-05-08T06:31:18.566 INFO:journalctl@ceph.mon.a.smithi070.stdout:May 08 06:31:18 smithi070 ceph-mon[29591]: from='mgr.14152 172.21.15.70:0/1367609956' entity='mgr.x'
2024-05-08T06:31:18.566 INFO:journalctl@ceph.mon.a.smithi070.stdout:May 08 06:31:18 smithi070 ceph-mon[29591]: from='mgr.14152 172.21.15.70:0/1367609956' entity='mgr.x'
2024-05-08T06:31:20.498 INFO:journalctl@ceph.mon.a.smithi070.stdout:May 08 06:31:20 smithi070 ceph-mon[29591]: from='client.14166 -' entity='client.admin' cmd=[{"prefix": "dashboard ac-user-create", "username": "admin", "rolename": "administrator", "force_password": true, "pwd_update_required": true, "target": ["mon-mgr", ""]}]: dispatch
2024-05-08T06:31:20.498 INFO:journalctl@ceph.mon.a.smithi070.stdout:May 08 06:31:20 smithi070 ceph-mon[29591]: from='mgr.14152 172.21.15.70:0/1367609956' entity='mgr.x'
2024-05-08T06:31:20.499 INFO:teuthology.orchestra.run.smithi070.stdout:/usr/bin/ceph: stdout {"username": "admin", "password": "$2b$12$bLs/ftXE6ix2RFUvLKSGgOjLN6YkJO2x0UvZ4znTDo3nfAixtFVVy", "roles": ["administrator"], "name": null, "email": null, "lastUpdate": 1715149879, "enabled": true, "pwdExpirationDate": null, "pwdUpdateRequired": true}
2024-05-08T06:31:20.500 INFO:teuthology.orchestra.run.smithi070.stdout:/usr/bin/ceph: stderr
2024-05-08T06:31:18.731+0000 7f1801e00700 1 Processor -- start
2024-05-08T06:31:20.500 INFO:teuthology.orchestra.run.smithi070.stdout:/usr/bin/ceph: stderr
2024-05-08T06:31:18.731+0000 7f1801e00700 1 -- start start
2024-05-08T06:31:20.500 INFO:teuthology.orchestra.run.smithi070.stdout:/usr/bin/ceph: stderr
2024-05-08T06:31:18.731+0000 7f1801e00700 1 --2- >> [v2:172.21.15.70:3300/0,v1:172.21.15.70:6789/0] conn(0x7f17fc108b00 0x7f17fc108f20 unknown :-1 s=NONE pgs=0 cs=0 l=0 rev1=0 crypto rx=0 tx=0 comp rx=0 tx=0).connect
2024-05-08T06:31:20.500 INFO:teuthology.orchestra.run.smithi070.stdout:/usr/bin/ceph: stderr
2024-05-08T06:31:18.731+0000 7f1801e00700 1 -- --> [v2:172.21.15.70:3300/0,v1:172.21.15.70:6789/0] -- mon_getmap magic: 0 -- 0x7f17fc1094f0 con 0x7f17fc108b00
2024-05-08T06:31:20.500 INFO:teuthology.orchestra.run.smithi070.stdout:/usr/bin/ceph: stderr
2024-05-08T06:31:18.732+0000 7f1800a00700 1 --2- >> [v2:172.21.15.70:3300/0,v1:172.21.15.70:6789/0] conn(0x7f17fc108b00 0x7f17fc108f20 unknown :-1 s=BANNER_CONNECTING pgs=0 cs=0 l=0 rev1=0 crypto rx=0 tx=0 comp rx=0 tx=0)._handle_peer_banner_payload supported=3 required=0
2024-05-08T06:31:20.503 INFO:teuthology.orchestra.run.smithi070.stdout:/usr/bin/ceph: stderr
2024-05-08T06:31:18.732+0000 7f1800a00700 1 --2- >> [v2:172.21.15.70:3300/0,v1:172.21.15.70:6789/0] conn(0x7f17fc108b00 0x7f17fc108f20 unknown :-1 s=HELLO_CONNECTING pgs=0 cs=0 l=0 rev1=1 crypto rx=0 tx=0 comp rx=0 tx=0).handle_hello peer v2:172.21.15.70:3300/0 says I am v2:172.21.15.70:57474/0 (socket says 172.21.15.70:57474)
2024-05-08T06:31:20.503 INFO:teuthology.orchestra.run.smithi070.stdout:/usr/bin/ceph: stderr
2024-05-08T06:31:18.732+0000 7f1800a00700 1 -- 172.21.15.70:0/346523870 learned_addr learned my addr 172.21.15.70:0/346523870 (peer_addr_for_me v2:172.21.15.70:0/0)
2024-05-08T06:31:20.503 INFO:teuthology.orchestra.run.smithi070.stdout:/usr/bin/ceph: stderr
2024-05-08T06:31:18.733+0000 7f1800a00700 1 -- 172.21.15.70:0/346523870 --> [v2:172.21.15.70:3300/0,v1:172.21.15.70:6789/0] -- mon_subscribe({config=0+,monmap=0+}) -- 0x7f17fc109cb0 con 0x7f17fc108b00
2024-05-08T06:31:20.504 INFO:teuthology.orchestra.run.smithi070.stdout:/usr/bin/ceph: stderr
2024-05-08T06:31:18.733+0000 7f1800a00700 1 --2- 172.21.15.70:0/346523870 >> [v2:172.21.15.70:3300/0,v1:172.21.15.70:6789/0] conn(0x7f17fc108b00 0x7f17fc108f20 secure :-1 s=READY pgs=72 cs=0 l=1 rev1=1 crypto rx=0x7f17f00098a0 tx=0x7f17f0009bb0 comp rx=0 tx=0).ready entity=mon.0 client_cookie=4745711122efb19e server_cookie=0 in_seq=0 out_seq=0
2024-05-08T06:31:20.504 INFO:teuthology.orchestra.run.smithi070.stdout:/usr/bin/ceph: stderr
2024-05-08T06:31:18.733+0000 7f17fb400700 1 -- 172.21.15.70:0/346523870 <== mon.0 v2:172.21.15.70:3300/0 1 ==== mon_map magic: 0 ==== 205+0+0 (secure 0 0 0) 0x7f17f0004160 con 0x7f17fc108b00
2024-05-08T06:31:20.504 INFO:teuthology.orchestra.run.smithi070.stdout:/usr/bin/ceph: stderr
2024-05-08T06:31:18.733+0000 7f17fb400700 1 -- 172.21.15.70:0/346523870 <== mon.0 v2:172.21.15.70:3300/0 2 ==== config(25 keys) ==== 1063+0+0 (secure 0 0 0) 0x7f17f0004300 con 0x7f17fc108b00
2024-05-08T06:31:20.504 INFO:teuthology.orchestra.run.smithi070.stdout:/usr/bin/ceph: stderr
2024-05-08T06:31:18.733+0000 7f17fb400700 1 -- 172.21.15.70:0/346523870 <== mon.0 v2:172.21.15.70:3300/0 3 ==== mon_map magic: 0 ==== 205+0+0 (secure 0 0 0) 0x7f17f0011960 con 0x7f17fc108b00
2024-05-08T06:31:20.504 INFO:teuthology.orchestra.run.smithi070.stdout:/usr/bin/ceph: stderr
2024-05-08T06:31:18.734+0000 7f1801e00700 1 -- 172.21.15.70:0/346523870 >> [v2:172.21.15.70:3300/0,v1:172.21.15.70:6789/0] conn(0x7f17fc108b00 msgr2=0x7f17fc108f20 secure :-1 s=STATE_CONNECTION_ESTABLISHED l=1).mark_down
2024-05-08T06:31:20.504 INFO:teuthology.orchestra.run.smithi070.stdout:/usr/bin/ceph: stderr
2024-05-08T06:31:18.734+0000 7f1801e00700 1 --2- 172.21.15.70:0/346523870 >> [v2:172.21.15.70:3300/0,v1:172.21.15.70:6789/0] conn(0x7f17fc108b00 0x7f17fc108f20 secure :-1 s=READY pgs=72 cs=0 l=1 rev1=1 crypto rx=0x7f17f00098a0 tx=0x7f17f0009bb0 comp rx=0 tx=0).stop
2024-05-08T06:31:20.504 INFO:teuthology.orchestra.run.smithi070.stdout:/usr/bin/ceph: stderr
2024-05-08T06:31:18.734+0000 7f1801e00700 1 -- 172.21.15.70:0/346523870 shutdown_connections
2024-05-08T06:31:20.504 INFO:teuthology.orchestra.run.smithi070.stdout:/usr/bin/ceph: stderr
2024-05-08T06:31:18.734+0000 7f1801e00700 1 --2- 172.21.15.70:0/346523870 >> [v2:172.21.15.70:3300/0,v1:172.21.15.70:6789/0] conn(0x7f17fc108b00 0x7f17fc108f20 unknown :-1 s=CLOSED pgs=72 cs=0 l=1 rev1=1 crypto rx=0 tx=0 comp rx=0 tx=0).stop
2024-05-08T06:31:20.504 INFO:teuthology.orchestra.run.smithi070.stdout:/usr/bin/ceph: stderr
2024-05-08T06:31:18.734+0000 7f1801e00700 1 -- 172.21.15.70:0/346523870 >> 172.21.15.70:0/346523870 conn(0x7f17fc1040a0 msgr2=0x7f17fc1064e0 unknown :-1 s=STATE_NONE l=0).mark_down
2024-05-08T06:31:20.504 INFO:teuthology.orchestra.run.smithi070.stdout:/usr/bin/ceph: stderr
2024-05-08T06:31:18.734+0000 7f1801e00700 1 -- 172.21.15.70:0/346523870 shutdown_connections
2024-05-08T06:31:20.504 INFO:teuthology.orchestra.run.smithi070.stdout:/usr/bin/ceph: stderr
2024-05-08T06:31:18.734+0000 7f1801e00700 1 -- 172.21.15.70:0/346523870 wait complete.
2024-05-08T06:31:20.504 INFO:teuthology.orchestra.run.smithi070.stdout:/usr/bin/ceph: stderr
2024-05-08T06:31:18.735+0000 7f1801e00700 1 Processor -- start
2024-05-08T06:31:20.504 INFO:teuthology.orchestra.run.smithi070.stdout:/usr/bin/ceph: stderr
2024-05-08T06:31:18.736+0000 7f1801e00700 1 -- start start
2024-05-08T06:31:20.504 INFO:teuthology.orchestra.run.smithi070.stdout:/usr/bin/ceph: stderr
2024-05-08T06:31:18.736+0000 7f1801e00700 1 --2- >> [v2:172.21.15.70:3300/0,v1:172.21.15.70:6789/0] conn(0x7f17fc108b00 0x7f17fc19eb50 unknown :-1 s=NONE pgs=0 cs=0 l=1 rev1=0 crypto rx=0 tx=0 comp rx=0 tx=0).connect
2024-05-08T06:31:20.505 INFO:teuthology.orchestra.run.smithi070.stdout:/usr/bin/ceph: stderr
2024-05-08T06:31:18.736+0000 7f1801e00700 1 -- --> [v2:172.21.15.70:3300/0,v1:172.21.15.70:6789/0] -- mon_getmap magic: 0 -- 0x7f17fc10cee0 con 0x7f17fc108b00
2024-05-08T06:31:20.505 INFO:teuthology.orchestra.run.smithi070.stdout:/usr/bin/ceph: stderr
2024-05-08T06:31:18.736+0000 7f1800a00700 1 --2- >> [v2:172.21.15.70:3300/0,v1:172.21.15.70:6789/0] conn(0x7f17fc108b00 0x7f17fc19eb50 unknown :-1 s=BANNER_CONNECTING pgs=0 cs=0 l=1 rev1=0 crypto rx=0 tx=0 comp rx=0 tx=0)._handle_peer_banner_payload supported=3 required=0
2024-05-08T06:31:20.505 INFO:teuthology.orchestra.run.smithi070.stdout:/usr/bin/ceph: stderr
2024-05-08T06:31:18.736+0000 7f1800a00700 1 --2- >> [v2:172.21.15.70:3300/0,v1:172.21.15.70:6789/0] conn(0x7f17fc108b00 0x7f17fc19eb50 unknown :-1 s=HELLO_CONNECTING pgs=0 cs=0 l=1 rev1=1 crypto rx=0 tx=0 comp rx=0 tx=0).handle_hello peer v2:172.21.15.70:3300/0 says I am v2:172.21.15.70:57490/0 (socket says 172.21.15.70:57490)
2024-05-08T06:31:20.505 INFO:teuthology.orchestra.run.smithi070.stdout:/usr/bin/ceph: stderr
2024-05-08T06:31:18.736+0000 7f1800a00700 1 -- 172.21.15.70:0/3616393579 learned_addr learned my addr 172.21.15.70:0/3616393579 (peer_addr_for_me v2:172.21.15.70:0/0)
2024-05-08T06:31:20.505 INFO:teuthology.orchestra.run.smithi070.stdout:/usr/bin/ceph: stderr
2024-05-08T06:31:18.737+0000 7f1800a00700 1 -- 172.21.15.70:0/3616393579 --> [v2:172.21.15.70:3300/0,v1:172.21.15.70:6789/0] -- mon_subscribe({config=0+,monmap=0+}) -- 0x7f17fc19f090 con 0x7f17fc108b00
2024-05-08T06:31:20.505 INFO:teuthology.orchestra.run.smithi070.stdout:/usr/bin/ceph: stderr
2024-05-08T06:31:18.737+0000 7f1800a00700 1 --2- 172.21.15.70:0/3616393579 >> [v2:172.21.15.70:3300/0,v1:172.21.15.70:6789/0] conn(0x7f17fc108b00 0x7f17fc19eb50 secure :-1 s=READY pgs=73 cs=0 l=1 rev1=1 crypto rx=0x7f17f0011670 tx=0x7f17f0011a30 comp rx=0 tx=0).ready entity=mon.0 client_cookie=0 server_cookie=0 in_seq=0 out_seq=0
2024-05-08T06:31:20.505 INFO:teuthology.orchestra.run.smithi070.stdout:/usr/bin/ceph: stderr
2024-05-08T06:31:18.737+0000 7f17f9600700 1 -- 172.21.15.70:0/3616393579 <== mon.0 v2:172.21.15.70:3300/0 1 ==== mon_map magic: 0 ==== 205+0+0 (secure 0 0 0) 0x7f17f0003a60 con 0x7f17fc108b00
2024-05-08T06:31:20.505 INFO:teuthology.orchestra.run.smithi070.stdout:/usr/bin/ceph: stderr
2024-05-08T06:31:18.737+0000 7f17f9600700 1 -- 172.21.15.70:0/3616393579 <== mon.0 v2:172.21.15.70:3300/0 2 ==== config(25 keys) ==== 1063+0+0 (secure 0 0 0) 0x7f17f001b8d0 con 0x7f17fc108b00
2024-05-08T06:31:20.508 INFO:teuthology.orchestra.run.smithi070.stdout:/usr/bin/ceph: stderr
2024-05-08T06:31:18.737+0000 7f17f9600700 1 -- 172.21.15.70:0/3616393579 <== mon.0 v2:172.21.15.70:3300/0 3 ==== mon_map magic: 0 ==== 205+0+0 (secure 0 0 0) 0x7f17f0023790 con 0x7f17fc108b00
2024-05-08T06:31:20.508 INFO:teuthology.orchestra.run.smithi070.stdout:/usr/bin/ceph: stderr
2024-05-08T06:31:18.737+0000 7f1801e00700 1 -- 172.21.15.70:0/3616393579 --> [v2:172.21.15.70:3300/0,v1:172.21.15.70:6789/0] -- mon_subscribe({mgrmap=0+}) -- 0x7f17fc19f320 con 0x7f17fc108b00
2024-05-08T06:31:20.508 INFO:teuthology.orchestra.run.smithi070.stdout:/usr/bin/ceph: stderr
2024-05-08T06:31:18.737+0000 7f1801e00700 1 -- 172.21.15.70:0/3616393579 --> [v2:172.21.15.70:3300/0,v1:172.21.15.70:6789/0] -- mon_subscribe({osdmap=0}) -- 0x7f17fc1a2010 con 0x7f17fc108b00
2024-05-08T06:31:20.508 INFO:teuthology.orchestra.run.smithi070.stdout:/usr/bin/ceph: stderr
2024-05-08T06:31:18.738+0000 7f17f9600700 1 -- 172.21.15.70:0/3616393579 <== mon.0 v2:172.21.15.70:3300/0 4 ==== mgrmap(e 12) ==== 50235+0+0 (secure 0 0 0) 0x7f17f001b440 con 0x7f17fc108b00
2024-05-08T06:31:20.508 INFO:teuthology.orchestra.run.smithi070.stdout:/usr/bin/ceph: stderr
2024-05-08T06:31:18.738+0000 7f1801e00700 1 -- 172.21.15.70:0/3616393579 --> [v2:172.21.15.70:3300/0,v1:172.21.15.70:6789/0] -- mon_command({"prefix": "get_command_descriptions"} v 0) -- 0x7f17fc10d060 con 0x7f17fc108b00
2024-05-08T06:31:20.508 INFO:teuthology.orchestra.run.smithi070.stdout:/usr/bin/ceph: stderr
2024-05-08T06:31:18.739+0000 7f17f9600700 1 --2- 172.21.15.70:0/3616393579 >> [v2:172.21.15.70:6800/3718531938,v1:172.21.15.70:6801/3718531938] conn(0x7f17e403e4c0 0x7f17e4040980 unknown :-1 s=NONE pgs=0 cs=0 l=1 rev1=0 crypto rx=0 tx=0 comp rx=0 tx=0).connect
2024-05-08T06:31:20.508 INFO:teuthology.orchestra.run.smithi070.stdout:/usr/bin/ceph: stderr
2024-05-08T06:31:18.739+0000 7f17f9600700 1 -- 172.21.15.70:0/3616393579 <== mon.0 v2:172.21.15.70:3300/0 5 ==== osd_map(3..3 src has 1..3) ==== 1155+0+0 (secure 0 0 0) 0x7f17f0054020 con 0x7f17fc108b00
2024-05-08T06:31:20.508 INFO:teuthology.orchestra.run.smithi070.stdout:/usr/bin/ceph: stderr
2024-05-08T06:31:18.739+0000 7f17fbe00700 1 --2- 172.21.15.70:0/3616393579 >> [v2:172.21.15.70:6800/3718531938,v1:172.21.15.70:6801/3718531938] conn(0x7f17e403e4c0 0x7f17e4040980 unknown :-1 s=BANNER_CONNECTING pgs=0 cs=0 l=1 rev1=0 crypto rx=0 tx=0 comp rx=0 tx=0)._handle_peer_banner_payload supported=3 required=0
2024-05-08T06:31:20.508 INFO:teuthology.orchestra.run.smithi070.stdout:/usr/bin/ceph: stderr
2024-05-08T06:31:18.740+0000 7f17fbe00700 1 --2- 172.21.15.70:0/3616393579 >> [v2:172.21.15.70:6800/3718531938,v1:172.21.15.70:6801/3718531938] conn(0x7f17e403e4c0 0x7f17e4040980 secure :-1 s=READY pgs=8 cs=0 l=1 rev1=1 crypto rx=0x7f17e8006fd0 tx=0x7f17e8006e40 comp rx=0 tx=0).ready entity=mgr.14152 client_cookie=0 server_cookie=0 in_seq=0 out_seq=0
2024-05-08T06:31:20.508 INFO:teuthology.orchestra.run.smithi070.stdout:/usr/bin/ceph: stderr
2024-05-08T06:31:18.745+0000 7f17f9600700 1 -- 172.21.15.70:0/3616393579 <== mon.0 v2:172.21.15.70:3300/0 6 ==== mon_command_ack([{"prefix": "get_command_descriptions"}]=0 v0) ==== 72+0+191963 (secure 0 0 0) 0x7f17f001f030 con 0x7f17fc108b00
2024-05-08T06:31:20.508 INFO:teuthology.orchestra.run.smithi070.stdout:/usr/bin/ceph: stderr
2024-05-08T06:31:19.006+0000 7f1801e00700 1 -- 172.21.15.70:0/3616393579 --> [v2:172.21.15.70:6800/3718531938,v1:172.21.15.70:6801/3718531938] -- mgr_command(tid 0: {"prefix": "dashboard ac-user-create", "username": "admin", "rolename": "administrator", "force_password": true, "pwd_update_required": true, "target": ["mon-mgr", ""]}) -- 0x7f17fc1a22a0 con 0x7f17e403e4c0
2024-05-08T06:31:20.508 INFO:teuthology.orchestra.run.smithi070.stdout:/usr/bin/ceph: stderr
2024-05-08T06:31:19.246+0000 7f17f9600700 1 -- 172.21.15.70:0/3616393579 <== mgr.14152 v2:172.21.15.70:6800/3718531938 1 ==== mgr_command_reply(tid 0: 0 ) ==== 8+0+252 (secure 0 0 0) 0x7f17fc1a22a0 con 0x7f17e403e4c0
2024-05-08T06:31:20.508 INFO:teuthology.orchestra.run.smithi070.stdout:/usr/bin/ceph: stderr
2024-05-08T06:31:19.250+0000 7f1801e00700 1 -- 172.21.15.70:0/3616393579 >> [v2:172.21.15.70:6800/3718531938,v1:172.21.15.70:6801/3718531938] conn(0x7f17e403e4c0 msgr2=0x7f17e4040980 secure :-1 s=STATE_CONNECTION_ESTABLISHED l=1).mark_down
2024-05-08T06:31:20.509 INFO:teuthology.orchestra.run.smithi070.stdout:/usr/bin/ceph: stderr
2024-05-08T06:31:19.250+0000 7f1801e00700 1 --2- 172.21.15.70:0/3616393579 >> [v2:172.21.15.70:6800/3718531938,v1:172.21.15.70:6801/3718531938] conn(0x7f17e403e4c0 0x7f17e4040980 secure :-1 s=READY pgs=8 cs=0 l=1 rev1=1 crypto rx=0x7f17e8006fd0 tx=0x7f17e8006e40 comp rx=0 tx=0).stop
2024-05-08T06:31:20.509 INFO:teuthology.orchestra.run.smithi070.stdout:/usr/bin/ceph: stderr
2024-05-08T06:31:19.250+0000 7f1801e00700 1 -- 172.21.15.70:0/3616393579 >> [v2:172.21.15.70:3300/0,v1:172.21.15.70:6789/0] conn(0x7f17fc108b00 msgr2=0x7f17fc19eb50 secure :-1 s=STATE_CONNECTION_ESTABLISHED l=1).mark_down
2024-05-08T06:31:20.509 INFO:teuthology.orchestra.run.smithi070.stdout:/usr/bin/ceph: stderr
2024-05-08T06:31:19.250+0000 7f1801e00700 1 --2- 172.21.15.70:0/3616393579 >> [v2:172.21.15.70:3300/0,v1:172.21.15.70:6789/0] conn(0x7f17fc108b00 0x7f17fc19eb50 secure :-1 s=READY pgs=73 cs=0 l=1 rev1=1 crypto rx=0x7f17f0011670 tx=0x7f17f0011a30 comp rx=0 tx=0).stop
2024-05-08T06:31:20.509 INFO:teuthology.orchestra.run.smithi070.stdout:/usr/bin/ceph: stderr
2024-05-08T06:31:19.250+0000 7f1801e00700 1 -- 172.21.15.70:0/3616393579 shutdown_connections
2024-05-08T06:31:20.509 INFO:teuthology.orchestra.run.smithi070.stdout:/usr/bin/ceph: stderr
2024-05-08T06:31:19.250+0000 7f1801e00700 1 --2- 172.21.15.70:0/3616393579 >> [v2:172.21.15.70:6800/3718531938,v1:172.21.15.70:6801/3718531938] conn(0x7f17e403e4c0 0x7f17e4040980 unknown :-1 s=CLOSED pgs=8 cs=0 l=1 rev1=1 crypto rx=0 tx=0 comp rx=0 tx=0).stop
2024-05-08T06:31:20.509 INFO:teuthology.orchestra.run.smithi070.stdout:/usr/bin/ceph: stderr
2024-05-08T06:31:19.250+0000 7f1801e00700 1 --2- 172.21.15.70:0/3616393579 >> [v2:172.21.15.70:3300/0,v1:172.21.15.70:6789/0] conn(0x7f17fc108b00 0x7f17fc19eb50 unknown :-1 s=CLOSED pgs=73 cs=0 l=1 rev1=1 crypto rx=0 tx=0 comp rx=0 tx=0).stop
2024-05-08T06:31:20.509 INFO:teuthology.orchestra.run.smithi070.stdout:/usr/bin/ceph: stderr
2024-05-08T06:31:19.250+0000 7f1801e00700 1 -- 172.21.15.70:0/3616393579 >> 172.21.15.70:0/3616393579 conn(0x7f17fc1040a0 msgr2=0x7f17fc104b60 unknown :-1 s=STATE_NONE l=0).mark_down
2024-05-08T06:31:20.509 INFO:teuthology.orchestra.run.smithi070.stdout:/usr/bin/ceph: stderr
2024-05-08T06:31:19.250+0000 7f1801e00700 1 -- 172.21.15.70:0/3616393579 shutdown_connections
2024-05-08T06:31:20.509 INFO:teuthology.orchestra.run.smithi070.stdout:/usr/bin/ceph: stderr
2024-05-08T06:31:19.250+0000 7f1801e00700 1 -- 172.21.15.70:0/3616393579 wait complete.
2024-05-08T06:31:20.509 INFO:teuthology.orchestra.run.smithi070.stdout:Fetching dashboard port number...
2024-05-08T06:31:21.509 INFO:journalctl@ceph.mon.a.smithi070.stdout:May 08 06:31:21 smithi070 ceph-mon[29591]: mgrmap e13: x(active, since 6s)
2024-05-08T06:31:22.546 INFO:journalctl@ceph.mon.a.smithi070.stdout:May 08 06:31:22 smithi070 ceph-mon[29591]: from='client.? 172.21.15.70:0/4103850208' entity='client.admin' cmd=[{"prefix": "config get", "who": "mgr", "key": "mgr/dashboard/ssl_server_port"}]: dispatch
2024-05-08T06:31:22.557 INFO:teuthology.orchestra.run.smithi070.stdout:/usr/bin/ceph: stdout 8443
2024-05-08T06:31:22.557 INFO:teuthology.orchestra.run.smithi070.stdout:/usr/bin/ceph: stderr
2024-05-08T06:31:21.591+0000 7f34f1400700 1 Processor -- start
2024-05-08T06:31:22.557 INFO:teuthology.orchestra.run.smithi070.stdout:/usr/bin/ceph: stderr
2024-05-08T06:31:21.591+0000 7f34f1400700 1 -- start start
2024-05-08T06:31:22.558 INFO:teuthology.orchestra.run.smithi070.stdout:/usr/bin/ceph: stderr
2024-05-08T06:31:21.592+0000 7f34f1400700 1 --2- >> [v2:172.21.15.70:3300/0,v1:172.21.15.70:6789/0] conn(0x7f34ec10aca0 0x7f34ec10b0c0 unknown :-1 s=NONE pgs=0 cs=0 l=0 rev1=0 crypto rx=0 tx=0 comp rx=0 tx=0).connect
2024-05-08T06:31:22.558 INFO:teuthology.orchestra.run.smithi070.stdout:/usr/bin/ceph: stderr
2024-05-08T06:31:21.592+0000 7f34f1400700 1 -- --> [v2:172.21.15.70:3300/0,v1:172.21.15.70:6789/0] -- mon_getmap magic: 0 -- 0x7f34ec10b690 con 0x7f34ec10aca0
2024-05-08T06:31:22.558 INFO:teuthology.orchestra.run.smithi070.stdout:/usr/bin/ceph: stderr
2024-05-08T06:31:21.592+0000 7f34ebe00700 1 --2- >> [v2:172.21.15.70:3300/0,v1:172.21.15.70:6789/0] conn(0x7f34ec10aca0 0x7f34ec10b0c0 unknown :-1 s=BANNER_CONNECTING pgs=0 cs=0 l=0 rev1=0 crypto rx=0 tx=0 comp rx=0 tx=0)._handle_peer_banner_payload supported=3 required=0
2024-05-08T06:31:22.558 INFO:teuthology.orchestra.run.smithi070.stdout:/usr/bin/ceph: stderr
2024-05-08T06:31:21.592+0000 7f34ebe00700 1 --2- >> [v2:172.21.15.70:3300/0,v1:172.21.15.70:6789/0] conn(0x7f34ec10aca0 0x7f34ec10b0c0 unknown :-1 s=HELLO_CONNECTING pgs=0 cs=0 l=0 rev1=1 crypto rx=0 tx=0 comp rx=0 tx=0).handle_hello peer v2:172.21.15.70:3300/0 says I am v2:172.21.15.70:57504/0 (socket says 172.21.15.70:57504)
2024-05-08T06:31:22.558 INFO:teuthology.orchestra.run.smithi070.stdout:/usr/bin/ceph: stderr
2024-05-08T06:31:21.592+0000 7f34ebe00700 1 -- 172.21.15.70:0/4254881102 learned_addr learned my addr 172.21.15.70:0/4254881102 (peer_addr_for_me v2:172.21.15.70:0/0)
2024-05-08T06:31:22.558 INFO:teuthology.orchestra.run.smithi070.stdout:/usr/bin/ceph: stderr
2024-05-08T06:31:21.593+0000 7f34ebe00700 1 -- 172.21.15.70:0/4254881102 --> [v2:172.21.15.70:3300/0,v1:172.21.15.70:6789/0] -- mon_subscribe({config=0+,monmap=0+}) -- 0x7f34ec10bea0 con 0x7f34ec10aca0
2024-05-08T06:31:22.559 INFO:teuthology.orchestra.run.smithi070.stdout:/usr/bin/ceph: stderr
2024-05-08T06:31:21.593+0000 7f34ebe00700 1 --2- 172.21.15.70:0/4254881102 >> [v2:172.21.15.70:3300/0,v1:172.21.15.70:6789/0] conn(0x7f34ec10aca0 0x7f34ec10b0c0 secure :-1 s=READY pgs=74 cs=0 l=1 rev1=1 crypto rx=0x7f34dc0098a0 tx=0x7f34dc009bb0 comp rx=0 tx=0).ready entity=mon.0 client_cookie=14394212a55ce73e server_cookie=0 in_seq=0 out_seq=0
2024-05-08T06:31:22.559 INFO:teuthology.orchestra.run.smithi070.stdout:/usr/bin/ceph: stderr
2024-05-08T06:31:21.593+0000 7f34eaa00700 1 -- 172.21.15.70:0/4254881102 <== mon.0 v2:172.21.15.70:3300/0 1 ==== mon_map magic: 0 ==== 205+0+0 (secure 0 0 0) 0x7f34dc004160 con 0x7f34ec10aca0
2024-05-08T06:31:22.563 INFO:teuthology.orchestra.run.smithi070.stdout:/usr/bin/ceph: stderr
2024-05-08T06:31:21.593+0000 7f34eaa00700 1 -- 172.21.15.70:0/4254881102 <== mon.0 v2:172.21.15.70:3300/0 2 ==== config(25 keys) ==== 1063+0+0 (secure 0 0 0) 0x7f34dc004300 con 0x7f34ec10aca0
2024-05-08T06:31:22.563 INFO:teuthology.orchestra.run.smithi070.stdout:/usr/bin/ceph: stderr
2024-05-08T06:31:21.593+0000 7f34eaa00700 1 -- 172.21.15.70:0/4254881102 <== mon.0 v2:172.21.15.70:3300/0 3 ==== mon_map magic: 0 ==== 205+0+0 (secure 0 0 0) 0x7f34dc011960 con 0x7f34ec10aca0
2024-05-08T06:31:22.563 INFO:teuthology.orchestra.run.smithi070.stdout:/usr/bin/ceph: stderr
2024-05-08T06:31:21.594+0000 7f34f1400700 1 -- 172.21.15.70:0/4254881102 >> [v2:172.21.15.70:3300/0,v1:172.21.15.70:6789/0] conn(0x7f34ec10aca0 msgr2=0x7f34ec10b0c0 secure :-1 s=STATE_CONNECTION_ESTABLISHED l=1).mark_down
2024-05-08T06:31:22.563 INFO:teuthology.orchestra.run.smithi070.stdout:/usr/bin/ceph: stderr
2024-05-08T06:31:21.594+0000 7f34f1400700 1 --2- 172.21.15.70:0/4254881102 >> [v2:172.21.15.70:3300/0,v1:172.21.15.70:6789/0] conn(0x7f34ec10aca0 0x7f34ec10b0c0 secure :-1 s=READY pgs=74 cs=0 l=1 rev1=1 crypto rx=0x7f34dc0098a0 tx=0x7f34dc009bb0 comp rx=0 tx=0).stop
2024-05-08T06:31:22.563 INFO:teuthology.orchestra.run.smithi070.stdout:/usr/bin/ceph: stderr
2024-05-08T06:31:21.594+0000 7f34f1400700 1 -- 172.21.15.70:0/4254881102 shutdown_connections
2024-05-08T06:31:22.564 INFO:teuthology.orchestra.run.smithi070.stdout:/usr/bin/ceph: stderr
2024-05-08T06:31:21.594+0000 7f34f1400700 1 --2- 172.21.15.70:0/4254881102 >> [v2:172.21.15.70:3300/0,v1:172.21.15.70:6789/0] conn(0x7f34ec10aca0 0x7f34ec10b0c0 unknown :-1 s=CLOSED pgs=74 cs=0 l=1 rev1=1 crypto rx=0 tx=0 comp rx=0 tx=0).stop
2024-05-08T06:31:22.564 INFO:teuthology.orchestra.run.smithi070.stdout:/usr/bin/ceph: stderr
2024-05-08T06:31:21.594+0000 7f34f1400700 1 -- 172.21.15.70:0/4254881102 >> 172.21.15.70:0/4254881102 conn(0x7f34ec07e070 msgr2=0x7f34ec07e4a0 unknown :-1 s=STATE_NONE l=0).mark_down
2024-05-08T06:31:22.564 INFO:teuthology.orchestra.run.smithi070.stdout:/usr/bin/ceph: stderr
2024-05-08T06:31:21.594+0000 7f34f1400700 1 -- 172.21.15.70:0/4254881102 shutdown_connections
2024-05-08T06:31:22.564 INFO:teuthology.orchestra.run.smithi070.stdout:/usr/bin/ceph: stderr
2024-05-08T06:31:21.594+0000 7f34f1400700 1 -- 172.21.15.70:0/4254881102 wait complete.
2024-05-08T06:31:22.564 INFO:teuthology.orchestra.run.smithi070.stdout:/usr/bin/ceph: stderr
2024-05-08T06:31:21.595+0000 7f34f1400700 1 Processor -- start
2024-05-08T06:31:22.564 INFO:teuthology.orchestra.run.smithi070.stdout:/usr/bin/ceph: stderr
2024-05-08T06:31:21.595+0000 7f34f1400700 1 -- start start
2024-05-08T06:31:22.564 INFO:teuthology.orchestra.run.smithi070.stdout:/usr/bin/ceph: stderr
2024-05-08T06:31:21.596+0000 7f34f1400700 1 --2- >> [v2:172.21.15.70:3300/0,v1:172.21.15.70:6789/0] conn(0x7f34ec10aca0 0x7f34ec19eb10 unknown :-1 s=NONE pgs=0 cs=0 l=1 rev1=0 crypto rx=0 tx=0 comp rx=0 tx=0).connect
2024-05-08T06:31:22.564 INFO:teuthology.orchestra.run.smithi070.stdout:/usr/bin/ceph: stderr
2024-05-08T06:31:21.596+0000 7f34f1400700 1 -- --> [v2:172.21.15.70:3300/0,v1:172.21.15.70:6789/0] -- mon_getmap magic: 0 -- 0x7f34ec10f0d0 con 0x7f34ec10aca0
2024-05-08T06:31:22.564 INFO:teuthology.orchestra.run.smithi070.stdout:/usr/bin/ceph: stderr
2024-05-08T06:31:21.596+0000 7f34ebe00700 1 --2- >> [v2:172.21.15.70:3300/0,v1:172.21.15.70:6789/0] conn(0x7f34ec10aca0 0x7f34ec19eb10 unknown :-1 s=BANNER_CONNECTING pgs=0 cs=0 l=1 rev1=0 crypto rx=0 tx=0 comp rx=0 tx=0)._handle_peer_banner_payload supported=3 required=0
2024-05-08T06:31:22.564 INFO:teuthology.orchestra.run.smithi070.stdout:/usr/bin/ceph: stderr
2024-05-08T06:31:21.596+0000 7f34ebe00700 1 --2- >> [v2:172.21.15.70:3300/0,v1:172.21.15.70:6789/0] conn(0x7f34ec10aca0 0x7f34ec19eb10 unknown :-1 s=HELLO_CONNECTING pgs=0 cs=0 l=1 rev1=1 crypto rx=0 tx=0 comp rx=0 tx=0).handle_hello peer v2:172.21.15.70:3300/0 says I am v2:172.21.15.70:57520/0 (socket says 172.21.15.70:57520)
2024-05-08T06:31:22.564 INFO:teuthology.orchestra.run.smithi070.stdout:/usr/bin/ceph: stderr
2024-05-08T06:31:21.596+0000 7f34ebe00700 1 -- 172.21.15.70:0/4103850208 learned_addr learned my addr 172.21.15.70:0/4103850208 (peer_addr_for_me v2:172.21.15.70:0/0)
2024-05-08T06:31:22.564 INFO:teuthology.orchestra.run.smithi070.stdout:/usr/bin/ceph: stderr
2024-05-08T06:31:21.596+0000 7f34ebe00700 1 -- 172.21.15.70:0/4103850208 --> [v2:172.21.15.70:3300/0,v1:172.21.15.70:6789/0] -- mon_subscribe({config=0+,monmap=0+}) -- 0x7f34ec19f050 con 0x7f34ec10aca0
2024-05-08T06:31:22.564 INFO:teuthology.orchestra.run.smithi070.stdout:/usr/bin/ceph: stderr
