2024-05-08T06:30:40.653+0000 7faed3400700 1 --2- >> [v2:172.21.15.70:3300/0,v1:172.21.15.70:6789/0] conn(0x7faed410aeb0 0x7faed419ecc0 unknown :-1 s=BANNER_CONNECTING pgs=0 cs=0 l=1 rev1=0 crypto rx=0 tx=0 comp rx=0 tx=0)._handle_peer_banner_payload supported=3 required=0
2024-05-08T06:30:41.618 INFO:teuthology.orchestra.run.smithi070.stdout:/usr/bin/ceph: stderr
2024-05-08T06:30:40.653+0000 7faed3400700 1 --2- >> [v2:172.21.15.70:3300/0,v1:172.21.15.70:6789/0] conn(0x7faed410aeb0 0x7faed419ecc0 unknown :-1 s=HELLO_CONNECTING pgs=0 cs=0 l=1 rev1=1 crypto rx=0 tx=0 comp rx=0 tx=0).handle_hello peer v2:172.21.15.70:3300/0 says I am v2:172.21.15.70:37474/0 (socket says 172.21.15.70:37474)
2024-05-08T06:30:41.621 INFO:teuthology.orchestra.run.smithi070.stdout:/usr/bin/ceph: stderr
2024-05-08T06:30:40.653+0000 7faed3400700 1 -- 172.21.15.70:0/4123805953 learned_addr learned my addr 172.21.15.70:0/4123805953 (peer_addr_for_me v2:172.21.15.70:0/0)
2024-05-08T06:30:41.621 INFO:teuthology.orchestra.run.smithi070.stdout:/usr/bin/ceph: stderr
2024-05-08T06:30:40.653+0000 7faed3400700 1 -- 172.21.15.70:0/4123805953 --> [v2:172.21.15.70:3300/0,v1:172.21.15.70:6789/0] -- mon_subscribe({config=0+,monmap=0+}) -- 0x7faed419f200 con 0x7faed410aeb0
2024-05-08T06:30:41.621 INFO:teuthology.orchestra.run.smithi070.stdout:/usr/bin/ceph: stderr
2024-05-08T06:30:40.653+0000 7faed3400700 1 --2- 172.21.15.70:0/4123805953 >> [v2:172.21.15.70:3300/0,v1:172.21.15.70:6789/0] conn(0x7faed410aeb0 0x7faed419ecc0 secure :-1 s=READY pgs=38 cs=0 l=1 rev1=1 crypto rx=0x7faec4009130 tx=0x7faec4011a60 comp rx=0 tx=0).ready entity=mon.0 client_cookie=0 server_cookie=0 in_seq=0 out_seq=0
2024-05-08T06:30:41.621 INFO:teuthology.orchestra.run.smithi070.stdout:/usr/bin/ceph: stderr
2024-05-08T06:30:40.654+0000 7faecbe00700 1 -- 172.21.15.70:0/4123805953 <== mon.0 v2:172.21.15.70:3300/0 1 ==== mon_map magic: 0 ==== 205+0+0 (secure 0 0 0) 0x7faec4003b20 con 0x7faed410aeb0
2024-05-08T06:30:41.621 INFO:teuthology.orchestra.run.smithi070.stdout:/usr/bin/ceph: stderr
2024-05-08T06:30:40.654+0000 7faecbe00700 1 -- 172.21.15.70:0/4123805953 <== mon.0 v2:172.21.15.70:3300/0 2 ==== config(25 keys) ==== 1032+0+0 (secure 0 0 0) 0x7faec401a8a0 con 0x7faed410aeb0
2024-05-08T06:30:41.621 INFO:teuthology.orchestra.run.smithi070.stdout:/usr/bin/ceph: stderr
2024-05-08T06:30:40.654+0000 7faecbe00700 1 -- 172.21.15.70:0/4123805953 <== mon.0 v2:172.21.15.70:3300/0 3 ==== mon_map magic: 0 ==== 205+0+0 (secure 0 0 0) 0x7faec4024810 con 0x7faed410aeb0
2024-05-08T06:30:41.621 INFO:teuthology.orchestra.run.smithi070.stdout:/usr/bin/ceph: stderr
2024-05-08T06:30:40.654+0000 7faeda800700 1 -- 172.21.15.70:0/4123805953 --> [v2:172.21.15.70:3300/0,v1:172.21.15.70:6789/0] -- mon_subscribe({mgrmap=0+}) -- 0x7faed419f490 con 0x7faed410aeb0
2024-05-08T06:30:41.621 INFO:teuthology.orchestra.run.smithi070.stdout:/usr/bin/ceph: stderr
2024-05-08T06:30:40.654+0000 7faeda800700 1 -- 172.21.15.70:0/4123805953 --> [v2:172.21.15.70:3300/0,v1:172.21.15.70:6789/0] -- mon_subscribe({osdmap=0}) -- 0x7faed41a2180 con 0x7faed410aeb0
2024-05-08T06:30:41.621 INFO:teuthology.orchestra.run.smithi070.stdout:/usr/bin/ceph: stderr
2024-05-08T06:30:40.655+0000 7faeda800700 1 -- 172.21.15.70:0/4123805953 --> [v2:172.21.15.70:3300/0,v1:172.21.15.70:6789/0] -- mon_command({"prefix": "get_command_descriptions"} v 0) -- 0x7faed4064b00 con 0x7faed410aeb0
2024-05-08T06:30:41.621 INFO:teuthology.orchestra.run.smithi070.stdout:/usr/bin/ceph: stderr
2024-05-08T06:30:40.655+0000 7faecbe00700 1 -- 172.21.15.70:0/4123805953 <== mon.0 v2:172.21.15.70:3300/0 4 ==== mgrmap(e 8) ==== 50222+0+0 (secure 0 0 0) 0x7faec4022020 con 0x7faed410aeb0
2024-05-08T06:30:41.621 INFO:teuthology.orchestra.run.smithi070.stdout:/usr/bin/ceph: stderr
2024-05-08T06:30:40.656+0000 7faecbe00700 1 --2- 172.21.15.70:0/4123805953 >> [v2:172.21.15.70:6800/1348548569,v1:172.21.15.70:6801/1348548569] conn(0x7faeb803e4c0 0x7faeb8040980 unknown :-1 s=NONE pgs=0 cs=0 l=1 rev1=0 crypto rx=0 tx=0 comp rx=0 tx=0).connect
2024-05-08T06:30:41.621 INFO:teuthology.orchestra.run.smithi070.stdout:/usr/bin/ceph: stderr
2024-05-08T06:30:40.656+0000 7faecbe00700 1 -- 172.21.15.70:0/4123805953 <== mon.0 v2:172.21.15.70:3300/0 5 ==== osd_map(2..2 src has 1..2) ==== 940+0+0 (secure 0 0 0) 0x7faec40538c0 con 0x7faed410aeb0
2024-05-08T06:30:41.621 INFO:teuthology.orchestra.run.smithi070.stdout:/usr/bin/ceph: stderr
2024-05-08T06:30:40.656+0000 7faed2a00700 1 --2- 172.21.15.70:0/4123805953 >> [v2:172.21.15.70:6800/1348548569,v1:172.21.15.70:6801/1348548569] conn(0x7faeb803e4c0 0x7faeb8040980 unknown :-1 s=BANNER_CONNECTING pgs=0 cs=0 l=1 rev1=0 crypto rx=0 tx=0 comp rx=0 tx=0)._handle_peer_banner_payload supported=3 required=0
2024-05-08T06:30:41.622 INFO:teuthology.orchestra.run.smithi070.stdout:/usr/bin/ceph: stderr
2024-05-08T06:30:40.657+0000 7faed2a00700 1 --2- 172.21.15.70:0/4123805953 >> [v2:172.21.15.70:6800/1348548569,v1:172.21.15.70:6801/1348548569] conn(0x7faeb803e4c0 0x7faeb8040980 secure :-1 s=READY pgs=7 cs=0 l=1 rev1=1 crypto rx=0x7faec0006fd0 tx=0x7faec0006e40 comp rx=0 tx=0).ready entity=mgr.14120 client_cookie=0 server_cookie=0 in_seq=0 out_seq=0
2024-05-08T06:30:41.622 INFO:teuthology.orchestra.run.smithi070.stdout:/usr/bin/ceph: stderr
2024-05-08T06:30:40.661+0000 7faecbe00700 1 -- 172.21.15.70:0/4123805953 <== mon.0 v2:172.21.15.70:3300/0 6 ==== mon_command_ack([{"prefix": "get_command_descriptions"}]=0 v0) ==== 72+0+191963 (secure 0 0 0) 0x7faec400f2e0 con 0x7faed410aeb0
2024-05-08T06:30:41.622 INFO:teuthology.orchestra.run.smithi070.stdout:/usr/bin/ceph: stderr
2024-05-08T06:30:40.910+0000 7faeda800700 1 -- 172.21.15.70:0/4123805953 --> [v2:172.21.15.70:6800/1348548569,v1:172.21.15.70:6801/1348548569] -- mgr_command(tid 0: {"prefix": "orch set backend", "module_name": "cephadm", "target": ["mon-mgr", ""]}) -- 0x7faed4108b00 con 0x7faeb803e4c0
2024-05-08T06:30:41.622 INFO:teuthology.orchestra.run.smithi070.stdout:/usr/bin/ceph: stderr
2024-05-08T06:30:40.919+0000 7faecbe00700 1 -- 172.21.15.70:0/4123805953 <== mgr.14120 v2:172.21.15.70:6800/1348548569 1 ==== mgr_command_reply(tid 0: 0 ) ==== 8+0+0 (secure 0 0 0) 0x7faed4108b00 con 0x7faeb803e4c0
2024-05-08T06:30:41.622 INFO:teuthology.orchestra.run.smithi070.stdout:/usr/bin/ceph: stderr
2024-05-08T06:30:40.922+0000 7faeda800700 1 -- 172.21.15.70:0/4123805953 >> [v2:172.21.15.70:6800/1348548569,v1:172.21.15.70:6801/1348548569] conn(0x7faeb803e4c0 msgr2=0x7faeb8040980 secure :-1 s=STATE_CONNECTION_ESTABLISHED l=1).mark_down
2024-05-08T06:30:41.622 INFO:teuthology.orchestra.run.smithi070.stdout:/usr/bin/ceph: stderr
2024-05-08T06:30:40.922+0000 7faeda800700 1 --2- 172.21.15.70:0/4123805953 >> [v2:172.21.15.70:6800/1348548569,v1:172.21.15.70:6801/1348548569] conn(0x7faeb803e4c0 0x7faeb8040980 secure :-1 s=READY pgs=7 cs=0 l=1 rev1=1 crypto rx=0x7faec0006fd0 tx=0x7faec0006e40 comp rx=0 tx=0).stop
2024-05-08T06:30:41.622 INFO:teuthology.orchestra.run.smithi070.stdout:/usr/bin/ceph: stderr
2024-05-08T06:30:40.922+0000 7faeda800700 1 -- 172.21.15.70:0/4123805953 >> [v2:172.21.15.70:3300/0,v1:172.21.15.70:6789/0] conn(0x7faed410aeb0 msgr2=0x7faed419ecc0 secure :-1 s=STATE_CONNECTION_ESTABLISHED l=1).mark_down
2024-05-08T06:30:41.622 INFO:teuthology.orchestra.run.smithi070.stdout:/usr/bin/ceph: stderr
2024-05-08T06:30:40.922+0000 7faeda800700 1 --2- 172.21.15.70:0/4123805953 >> [v2:172.21.15.70:3300/0,v1:172.21.15.70:6789/0] conn(0x7faed410aeb0 0x7faed419ecc0 secure :-1 s=READY pgs=38 cs=0 l=1 rev1=1 crypto rx=0x7faec4009130 tx=0x7faec4011a60 comp rx=0 tx=0).stop
2024-05-08T06:30:41.622 INFO:teuthology.orchestra.run.smithi070.stdout:/usr/bin/ceph: stderr
2024-05-08T06:30:40.923+0000 7faeda800700 1 -- 172.21.15.70:0/4123805953 shutdown_connections
2024-05-08T06:30:41.622 INFO:teuthology.orchestra.run.smithi070.stdout:/usr/bin/ceph: stderr
2024-05-08T06:30:40.923+0000 7faeda800700 1 --2- 172.21.15.70:0/4123805953 >> [v2:172.21.15.70:6800/1348548569,v1:172.21.15.70:6801/1348548569] conn(0x7faeb803e4c0 0x7faeb8040980 unknown :-1 s=CLOSED pgs=7 cs=0 l=1 rev1=1 crypto rx=0 tx=0 comp rx=0 tx=0).stop
2024-05-08T06:30:41.622 INFO:teuthology.orchestra.run.smithi070.stdout:/usr/bin/ceph: stderr
2024-05-08T06:30:40.923+0000 7faeda800700 1 --2- 172.21.15.70:0/4123805953 >> [v2:172.21.15.70:3300/0,v1:172.21.15.70:6789/0] conn(0x7faed410aeb0 0x7faed419ecc0 unknown :-1 s=CLOSED pgs=38 cs=0 l=1 rev1=1 crypto rx=0 tx=0 comp rx=0 tx=0).stop
2024-05-08T06:30:41.622 INFO:teuthology.orchestra.run.smithi070.stdout:/usr/bin/ceph: stderr
2024-05-08T06:30:40.923+0000 7faeda800700 1 -- 172.21.15.70:0/4123805953 >> 172.21.15.70:0/4123805953 conn(0x7faed407e280 msgr2=0x7faed41083f0 unknown :-1 s=STATE_NONE l=0).mark_down
2024-05-08T06:30:41.623 INFO:teuthology.orchestra.run.smithi070.stdout:/usr/bin/ceph: stderr
2024-05-08T06:30:40.923+0000 7faeda800700 1 -- 172.21.15.70:0/4123805953 shutdown_connections
2024-05-08T06:30:41.623 INFO:teuthology.orchestra.run.smithi070.stdout:/usr/bin/ceph: stderr
2024-05-08T06:30:40.923+0000 7faeda800700 1 -- 172.21.15.70:0/4123805953 wait complete.
2024-05-08T06:30:43.255 INFO:teuthology.orchestra.run.smithi070.stdout:/usr/bin/ceph: stdout value unchanged
2024-05-08T06:30:43.255 INFO:teuthology.orchestra.run.smithi070.stdout:/usr/bin/ceph: stderr
2024-05-08T06:30:42.255+0000 7feccb200700 1 Processor -- start
2024-05-08T06:30:43.255 INFO:teuthology.orchestra.run.smithi070.stdout:/usr/bin/ceph: stderr
2024-05-08T06:30:42.255+0000 7feccb200700 1 -- start start
2024-05-08T06:30:43.255 INFO:teuthology.orchestra.run.smithi070.stdout:/usr/bin/ceph: stderr
2024-05-08T06:30:42.256+0000 7feccb200700 1 --2- >> [v2:172.21.15.70:3300/0,v1:172.21.15.70:6789/0] conn(0x7feccc07ee50 0x7feccc07d2b0 unknown :-1 s=NONE pgs=0 cs=0 l=0 rev1=0 crypto rx=0 tx=0 comp rx=0 tx=0).connect
2024-05-08T06:30:43.256 INFO:teuthology.orchestra.run.smithi070.stdout:/usr/bin/ceph: stderr
2024-05-08T06:30:42.256+0000 7feccb200700 1 -- --> [v2:172.21.15.70:3300/0,v1:172.21.15.70:6789/0] -- mon_getmap magic: 0 -- 0x7feccc07d880 con 0x7feccc07ee50
2024-05-08T06:30:43.256 INFO:teuthology.orchestra.run.smithi070.stdout:/usr/bin/ceph: stderr
2024-05-08T06:30:42.256+0000 7fecc9e00700 1 --2- >> [v2:172.21.15.70:3300/0,v1:172.21.15.70:6789/0] conn(0x7feccc07ee50 0x7feccc07d2b0 unknown :-1 s=BANNER_CONNECTING pgs=0 cs=0 l=0 rev1=0 crypto rx=0 tx=0 comp rx=0 tx=0)._handle_peer_banner_payload supported=3 required=0
2024-05-08T06:30:43.256 INFO:teuthology.orchestra.run.smithi070.stdout:/usr/bin/ceph: stderr
2024-05-08T06:30:42.257+0000 7fecc9e00700 1 --2- >> [v2:172.21.15.70:3300/0,v1:172.21.15.70:6789/0] conn(0x7feccc07ee50 0x7feccc07d2b0 unknown :-1 s=HELLO_CONNECTING pgs=0 cs=0 l=0 rev1=1 crypto rx=0 tx=0 comp rx=0 tx=0).handle_hello peer v2:172.21.15.70:3300/0 says I am v2:172.21.15.70:37488/0 (socket says 172.21.15.70:37488)
2024-05-08T06:30:43.256 INFO:teuthology.orchestra.run.smithi070.stdout:/usr/bin/ceph: stderr
2024-05-08T06:30:42.257+0000 7fecc9e00700 1 -- 172.21.15.70:0/747098503 learned_addr learned my addr 172.21.15.70:0/747098503 (peer_addr_for_me v2:172.21.15.70:0/0)
2024-05-08T06:30:43.256 INFO:teuthology.orchestra.run.smithi070.stdout:/usr/bin/ceph: stderr
2024-05-08T06:30:42.257+0000 7fecc9e00700 1 -- 172.21.15.70:0/747098503 --> [v2:172.21.15.70:3300/0,v1:172.21.15.70:6789/0] -- mon_subscribe({config=0+,monmap=0+}) -- 0x7feccc07da00 con 0x7feccc07ee50
2024-05-08T06:30:43.256 INFO:teuthology.orchestra.run.smithi070.stdout:/usr/bin/ceph: stderr
2024-05-08T06:30:42.257+0000 7fecc9e00700 1 --2- 172.21.15.70:0/747098503 >> [v2:172.21.15.70:3300/0,v1:172.21.15.70:6789/0] conn(0x7feccc07ee50 0x7feccc07d2b0 secure :-1 s=READY pgs=39 cs=0 l=1 rev1=1 crypto rx=0x7fecbc0098a0 tx=0x7fecbc009bb0 comp rx=0 tx=0).ready entity=mon.0 client_cookie=7ade245130cdfa56 server_cookie=0 in_seq=0 out_seq=0
2024-05-08T06:30:43.256 INFO:teuthology.orchestra.run.smithi070.stdout:/usr/bin/ceph: stderr
2024-05-08T06:30:42.258+0000 7fecc8a00700 1 -- 172.21.15.70:0/747098503 <== mon.0 v2:172.21.15.70:3300/0 1 ==== mon_map magic: 0 ==== 205+0+0 (secure 0 0 0) 0x7fecbc004160 con 0x7feccc07ee50
2024-05-08T06:30:43.256 INFO:teuthology.orchestra.run.smithi070.stdout:/usr/bin/ceph: stderr
2024-05-08T06:30:42.258+0000 7fecc8a00700 1 -- 172.21.15.70:0/747098503 <== mon.0 v2:172.21.15.70:3300/0 2 ==== config(25 keys) ==== 1032+0+0 (secure 0 0 0) 0x7fecbc004300 con 0x7feccc07ee50
2024-05-08T06:30:43.256 INFO:teuthology.orchestra.run.smithi070.stdout:/usr/bin/ceph: stderr
2024-05-08T06:30:42.258+0000 7fecc8a00700 1 -- 172.21.15.70:0/747098503 <== mon.0 v2:172.21.15.70:3300/0 3 ==== mon_map magic: 0 ==== 205+0+0 (secure 0 0 0) 0x7fecbc0119e0 con 0x7feccc07ee50
2024-05-08T06:30:43.256 INFO:teuthology.orchestra.run.smithi070.stdout:/usr/bin/ceph: stderr
2024-05-08T06:30:42.258+0000 7feccb200700 1 -- 172.21.15.70:0/747098503 >> [v2:172.21.15.70:3300/0,v1:172.21.15.70:6789/0] conn(0x7feccc07ee50 msgr2=0x7feccc07d2b0 secure :-1 s=STATE_CONNECTION_ESTABLISHED l=1).mark_down
2024-05-08T06:30:43.256 INFO:teuthology.orchestra.run.smithi070.stdout:/usr/bin/ceph: stderr
2024-05-08T06:30:42.258+0000 7feccb200700 1 --2- 172.21.15.70:0/747098503 >> [v2:172.21.15.70:3300/0,v1:172.21.15.70:6789/0] conn(0x7feccc07ee50 0x7feccc07d2b0 secure :-1 s=READY pgs=39 cs=0 l=1 rev1=1 crypto rx=0x7fecbc0098a0 tx=0x7fecbc009bb0 comp rx=0 tx=0).stop
2024-05-08T06:30:43.256 INFO:teuthology.orchestra.run.smithi070.stdout:/usr/bin/ceph: stderr
2024-05-08T06:30:42.258+0000 7feccb200700 1 -- 172.21.15.70:0/747098503 shutdown_connections
2024-05-08T06:30:43.256 INFO:teuthology.orchestra.run.smithi070.stdout:/usr/bin/ceph: stderr
2024-05-08T06:30:42.259+0000 7feccb200700 1 --2- 172.21.15.70:0/747098503 >> [v2:172.21.15.70:3300/0,v1:172.21.15.70:6789/0] conn(0x7feccc07ee50 0x7feccc07d2b0 unknown :-1 s=CLOSED pgs=39 cs=0 l=1 rev1=1 crypto rx=0 tx=0 comp rx=0 tx=0).stop
2024-05-08T06:30:43.257 INFO:teuthology.orchestra.run.smithi070.stdout:/usr/bin/ceph: stderr
2024-05-08T06:30:42.259+0000 7feccb200700 1 -- 172.21.15.70:0/747098503 >> 172.21.15.70:0/747098503 conn(0x7feccc104040 msgr2=0x7feccc106480 unknown :-1 s=STATE_NONE l=0).mark_down
2024-05-08T06:30:43.257 INFO:teuthology.orchestra.run.smithi070.stdout:/usr/bin/ceph: stderr
2024-05-08T06:30:42.259+0000 7feccb200700 1 -- 172.21.15.70:0/747098503 shutdown_connections
2024-05-08T06:30:43.257 INFO:teuthology.orchestra.run.smithi070.stdout:/usr/bin/ceph: stderr
2024-05-08T06:30:42.259+0000 7feccb200700 1 -- 172.21.15.70:0/747098503 wait complete.
2024-05-08T06:30:43.257 INFO:teuthology.orchestra.run.smithi070.stdout:/usr/bin/ceph: stderr
2024-05-08T06:30:42.260+0000 7feccb200700 1 Processor -- start
2024-05-08T06:30:43.257 INFO:teuthology.orchestra.run.smithi070.stdout:/usr/bin/ceph: stderr
2024-05-08T06:30:42.260+0000 7feccb200700 1 -- start start
2024-05-08T06:30:43.257 INFO:teuthology.orchestra.run.smithi070.stdout:/usr/bin/ceph: stderr
2024-05-08T06:30:42.260+0000 7feccb200700 1 --2- >> [v2:172.21.15.70:3300/0,v1:172.21.15.70:6789/0] conn(0x7feccc07ee50 0x7feccc19eab0 unknown :-1 s=NONE pgs=0 cs=0 l=1 rev1=0 crypto rx=0 tx=0 comp rx=0 tx=0).connect
2024-05-08T06:30:43.257 INFO:teuthology.orchestra.run.smithi070.stdout:/usr/bin/ceph: stderr
2024-05-08T06:30:42.260+0000 7feccb200700 1 -- --> [v2:172.21.15.70:3300/0,v1:172.21.15.70:6789/0] -- mon_getmap magic: 0 -- 0x7feccc10efd0 con 0x7feccc07ee50
2024-05-08T06:30:43.257 INFO:teuthology.orchestra.run.smithi070.stdout:/usr/bin/ceph: stderr
2024-05-08T06:30:42.261+0000 7fecc9e00700 1 --2- >> [v2:172.21.15.70:3300/0,v1:172.21.15.70:6789/0] conn(0x7feccc07ee50 0x7feccc19eab0 unknown :-1 s=BANNER_CONNECTING pgs=0 cs=0 l=1 rev1=0 crypto rx=0 tx=0 comp rx=0 tx=0)._handle_peer_banner_payload supported=3 required=0
2024-05-08T06:30:43.257 INFO:teuthology.orchestra.run.smithi070.stdout:/usr/bin/ceph: stderr
2024-05-08T06:30:42.261+0000 7fecc9e00700 1 --2- >> [v2:172.21.15.70:3300/0,v1:172.21.15.70:6789/0] conn(0x7feccc07ee50 0x7feccc19eab0 unknown :-1 s=HELLO_CONNECTING pgs=0 cs=0 l=1 rev1=1 crypto rx=0 tx=0 comp rx=0 tx=0).handle_hello peer v2:172.21.15.70:3300/0 says I am v2:172.21.15.70:37490/0 (socket says 172.21.15.70:37490)
2024-05-08T06:30:43.257 INFO:teuthology.orchestra.run.smithi070.stdout:/usr/bin/ceph: stderr
2024-05-08T06:30:42.261+0000 7fecc9e00700 1 -- 172.21.15.70:0/1201584439 learned_addr learned my addr 172.21.15.70:0/1201584439 (peer_addr_for_me v2:172.21.15.70:0/0)
2024-05-08T06:30:43.257 INFO:teuthology.orchestra.run.smithi070.stdout:/usr/bin/ceph: stderr
2024-05-08T06:30:42.261+0000 7fecc9e00700 1 -- 172.21.15.70:0/1201584439 --> [v2:172.21.15.70:3300/0,v1:172.21.15.70:6789/0] -- mon_subscribe({config=0+,monmap=0+}) -- 0x7feccc19eff0 con 0x7feccc07ee50
2024-05-08T06:30:43.257 INFO:teuthology.orchestra.run.smithi070.stdout:/usr/bin/ceph: stderr
2024-05-08T06:30:42.261+0000 7fecc9e00700 1 --2- 172.21.15.70:0/1201584439 >> [v2:172.21.15.70:3300/0,v1:172.21.15.70:6789/0] conn(0x7feccc07ee50 0x7feccc19eab0 secure :-1 s=READY pgs=40 cs=0 l=1 rev1=1 crypto rx=0x7fecbc0119b0 tx=0x7fecbc011a90 comp rx=0 tx=0).ready entity=mon.0 client_cookie=0 server_cookie=0 in_seq=0 out_seq=0
2024-05-08T06:30:43.257 INFO:teuthology.orchestra.run.smithi070.stdout:/usr/bin/ceph: stderr
2024-05-08T06:30:42.261+0000 7fecc2a00700 1 -- 172.21.15.70:0/1201584439 <== mon.0 v2:172.21.15.70:3300/0 1 ==== mon_map magic: 0 ==== 205+0+0 (secure 0 0 0) 0x7fecbc0039f0 con 0x7feccc07ee50
2024-05-08T06:30:43.258 INFO:teuthology.orchestra.run.smithi070.stdout:/usr/bin/ceph: stderr
2024-05-08T06:30:42.261+0000 7fecc2a00700 1 -- 172.21.15.70:0/1201584439 <== mon.0 v2:172.21.15.70:3300/0 2 ==== config(25 keys) ==== 1032+0+0 (secure 0 0 0) 0x7fecbc003b90 con 0x7feccc07ee50
2024-05-08T06:30:43.258 INFO:teuthology.orchestra.run.smithi070.stdout:/usr/bin/ceph: stderr
2024-05-08T06:30:42.262+0000 7feccb200700 1 -- 172.21.15.70:0/1201584439 --> [v2:172.21.15.70:3300/0,v1:172.21.15.70:6789/0] -- mon_subscribe({mgrmap=0+}) -- 0x7feccc19f280 con 0x7feccc07ee50
2024-05-08T06:30:43.258 INFO:teuthology.orchestra.run.smithi070.stdout:/usr/bin/ceph: stderr
2024-05-08T06:30:42.262+0000 7fecc2a00700 1 -- 172.21.15.70:0/1201584439 <== mon.0 v2:172.21.15.70:3300/0 3 ==== mon_map magic: 0 ==== 205+0+0 (secure 0 0 0) 0x7fecbc01a620 con 0x7feccc07ee50
2024-05-08T06:30:43.258 INFO:teuthology.orchestra.run.smithi070.stdout:/usr/bin/ceph: stderr
2024-05-08T06:30:42.262+0000 7feccb200700 1 -- 172.21.15.70:0/1201584439 --> [v2:172.21.15.70:3300/0,v1:172.21.15.70:6789/0] -- mon_subscribe({osdmap=0}) -- 0x7feccc1a1f70 con 0x7feccc07ee50
2024-05-08T06:30:43.258 INFO:teuthology.orchestra.run.smithi070.stdout:/usr/bin/ceph: stderr
2024-05-08T06:30:42.263+0000 7fecc2a00700 1 -- 172.21.15.70:0/1201584439 <== mon.0 v2:172.21.15.70:3300/0 4 ==== mgrmap(e 8) ==== 50222+0+0 (secure 0 0 0) 0x7fecbc024430 con 0x7feccc07ee50
2024-05-08T06:30:43.258 INFO:teuthology.orchestra.run.smithi070.stdout:/usr/bin/ceph: stderr
2024-05-08T06:30:42.263+0000 7feccb200700 1 -- 172.21.15.70:0/1201584439 --> [v2:172.21.15.70:3300/0,v1:172.21.15.70:6789/0] -- mon_command({"prefix": "get_command_descriptions"} v 0) -- 0x7feccc064b00 con 0x7feccc07ee50
2024-05-08T06:30:43.258 INFO:teuthology.orchestra.run.smithi070.stdout:/usr/bin/ceph: stderr
2024-05-08T06:30:42.263+0000 7fecc2a00700 1 --2- 172.21.15.70:0/1201584439 >> [v2:172.21.15.70:6800/1348548569,v1:172.21.15.70:6801/1348548569] conn(0x7fecb003e470 0x7fecb0040930 unknown :-1 s=NONE pgs=0 cs=0 l=1 rev1=0 crypto rx=0 tx=0 comp rx=0 tx=0).connect
2024-05-08T06:30:43.258 INFO:teuthology.orchestra.run.smithi070.stdout:/usr/bin/ceph: stderr
2024-05-08T06:30:42.263+0000 7fecc2a00700 1 -- 172.21.15.70:0/1201584439 <== mon.0 v2:172.21.15.70:3300/0 5 ==== osd_map(2..2 src has 1..2) ==== 940+0+0 (secure 0 0 0) 0x7fecbc053bb0 con 0x7feccc07ee50
2024-05-08T06:30:43.258 INFO:teuthology.orchestra.run.smithi070.stdout:/usr/bin/ceph: stderr
2024-05-08T06:30:42.264+0000 7fecc9400700 1 --2- 172.21.15.70:0/1201584439 >> [v2:172.21.15.70:6800/1348548569,v1:172.21.15.70:6801/1348548569] conn(0x7fecb003e470 0x7fecb0040930 unknown :-1 s=BANNER_CONNECTING pgs=0 cs=0 l=1 rev1=0 crypto rx=0 tx=0 comp rx=0 tx=0)._handle_peer_banner_payload supported=3 required=0
2024-05-08T06:30:43.258 INFO:teuthology.orchestra.run.smithi070.stdout:/usr/bin/ceph: stderr
2024-05-08T06:30:42.265+0000 7fecc9400700 1 --2- 172.21.15.70:0/1201584439 >> [v2:172.21.15.70:6800/1348548569,v1:172.21.15.70:6801/1348548569] conn(0x7fecb003e470 0x7fecb0040930 secure :-1 s=READY pgs=8 cs=0 l=1 rev1=1 crypto rx=0x7fecb8006fd0 tx=0x7fecb8006e40 comp rx=0 tx=0).ready entity=mgr.14120 client_cookie=0 server_cookie=0 in_seq=0 out_seq=0
2024-05-08T06:30:43.258 INFO:teuthology.orchestra.run.smithi070.stdout:/usr/bin/ceph: stderr
2024-05-08T06:30:42.270+0000 7fecc2a00700 1 -- 172.21.15.70:0/1201584439 <== mon.0 v2:172.21.15.70:3300/0 6 ==== mon_command_ack([{"prefix": "get_command_descriptions"}]=0 v0) ==== 72+0+191963 (secure 0 0 0) 0x7fecbc0172b0 con 0x7feccc07ee50
2024-05-08T06:30:43.258 INFO:teuthology.orchestra.run.smithi070.stdout:/usr/bin/ceph: stderr
2024-05-08T06:30:42.507+0000 7feccb200700 1 -- 172.21.15.70:0/1201584439 --> [v2:172.21.15.70:6800/1348548569,v1:172.21.15.70:6801/1348548569] -- mgr_command(tid 0: {"prefix": "cephadm set-user", "user": "root", "target": ["mon-mgr", ""]}) -- 0x7feccc1051f0 con 0x7fecb003e470
2024-05-08T06:30:43.258 INFO:teuthology.orchestra.run.smithi070.stdout:/usr/bin/ceph: stderr
2024-05-08T06:30:42.508+0000 7fecc2a00700 1 -- 172.21.15.70:0/1201584439 <== mgr.14120 v2:172.21.15.70:6800/1348548569 1 ==== mgr_command_reply(tid 0: 0 ) ==== 8+0+16 (secure 0 0 0) 0x7feccc1051f0 con 0x7fecb003e470
2024-05-08T06:30:43.258 INFO:teuthology.orchestra.run.smithi070.stdout:/usr/bin/ceph: stderr
2024-05-08T06:30:42.513+0000 7feccb200700 1 -- 172.21.15.70:0/1201584439 >> [v2:172.21.15.70:6800/1348548569,v1:172.21.15.70:6801/1348548569] conn(0x7fecb003e470 msgr2=0x7fecb0040930 secure :-1 s=STATE_CONNECTION_ESTABLISHED l=1).mark_down
2024-05-08T06:30:43.259 INFO:teuthology.orchestra.run.smithi070.stdout:/usr/bin/ceph: stderr
2024-05-08T06:30:42.513+0000 7feccb200700 1 --2- 172.21.15.70:0/1201584439 >> [v2:172.21.15.70:6800/1348548569,v1:172.21.15.70:6801/1348548569] conn(0x7fecb003e470 0x7fecb0040930 secure :-1 s=READY pgs=8 cs=0 l=1 rev1=1 crypto rx=0x7fecb8006fd0 tx=0x7fecb8006e40 comp rx=0 tx=0).stop
2024-05-08T06:30:43.259 INFO:teuthology.orchestra.run.smithi070.stdout:/usr/bin/ceph: stderr
2024-05-08T06:30:42.513+0000 7feccb200700 1 -- 172.21.15.70:0/1201584439 >> [v2:172.21.15.70:3300/0,v1:172.21.15.70:6789/0] conn(0x7feccc07ee50 msgr2=0x7feccc19eab0 secure :-1 s=STATE_CONNECTION_ESTABLISHED l=1).mark_down
2024-05-08T06:30:43.259 INFO:teuthology.orchestra.run.smithi070.stdout:/usr/bin/ceph: stderr
2024-05-08T06:30:42.513+0000 7feccb200700 1 --2- 172.21.15.70:0/1201584439 >> [v2:172.21.15.70:3300/0,v1:172.21.15.70:6789/0] conn(0x7feccc07ee50 0x7feccc19eab0 secure :-1 s=READY pgs=40 cs=0 l=1 rev1=1 crypto rx=0x7fecbc0119b0 tx=0x7fecbc011a90 comp rx=0 tx=0).stop
2024-05-08T06:30:43.259 INFO:teuthology.orchestra.run.smithi070.stdout:/usr/bin/ceph: stderr
2024-05-08T06:30:42.513+0000 7feccb200700 1 -- 172.21.15.70:0/1201584439 shutdown_connections
2024-05-08T06:30:43.259 INFO:teuthology.orchestra.run.smithi070.stdout:/usr/bin/ceph: stderr
2024-05-08T06:30:42.513+0000 7feccb200700 1 --2- 172.21.15.70:0/1201584439 >> [v2:172.21.15.70:6800/1348548569,v1:172.21.15.70:6801/1348548569] conn(0x7fecb003e470 0x7fecb0040930 unknown :-1 s=CLOSED pgs=8 cs=0 l=1 rev1=1 crypto rx=0 tx=0 comp rx=0 tx=0).stop
2024-05-08T06:30:43.259 INFO:teuthology.orchestra.run.smithi070.stdout:/usr/bin/ceph: stderr
2024-05-08T06:30:42.513+0000 7feccb200700 1 --2- 172.21.15.70:0/1201584439 >> [v2:172.21.15.70:3300/0,v1:172.21.15.70:6789/0] conn(0x7feccc07ee50 0x7feccc19eab0 unknown :-1 s=CLOSED pgs=40 cs=0 l=1 rev1=1 crypto rx=0 tx=0 comp rx=0 tx=0).stop
2024-05-08T06:30:43.259 INFO:teuthology.orchestra.run.smithi070.stdout:/usr/bin/ceph: stderr
2024-05-08T06:30:42.513+0000 7feccb200700 1 -- 172.21.15.70:0/1201584439 >> 172.21.15.70:0/1201584439 conn(0x7feccc104040 msgr2=0x7feccc104ae0 unknown :-1 s=STATE_NONE l=0).mark_down
2024-05-08T06:30:43.259 INFO:teuthology.orchestra.run.smithi070.stdout:/usr/bin/ceph: stderr
2024-05-08T06:30:42.513+0000 7feccb200700 1 -- 172.21.15.70:0/1201584439 shutdown_connections
2024-05-08T06:30:43.259 INFO:teuthology.orchestra.run.smithi070.stdout:/usr/bin/ceph: stderr
2024-05-08T06:30:42.513+0000 7feccb200700 1 -- 172.21.15.70:0/1201584439 wait complete.
2024-05-08T06:30:43.259 INFO:teuthology.orchestra.run.smithi070.stdout:Generating ssh key...
2024-05-08T06:30:43.546 INFO:journalctl@ceph.mon.a.smithi070.stdout:May 08 06:30:43 smithi070 ceph-mon[29591]: from='client.14134 -' entity='client.admin' cmd=[{"prefix": "cephadm set-user", "user": "root", "target": ["mon-mgr", ""]}]: dispatch
2024-05-08T06:30:44.629 INFO:journalctl@ceph.mon.a.smithi070.stdout:May 08 06:30:44 smithi070 ceph-mon[29591]: from='client.14136 -' entity='client.admin' cmd=[{"prefix": "cephadm generate-key", "target": ["mon-mgr", ""]}]: dispatch
2024-05-08T06:30:44.629 INFO:journalctl@ceph.mon.a.smithi070.stdout:May 08 06:30:44 smithi070 ceph-mon[29591]: Generating ssh key...
2024-05-08T06:30:45.130 INFO:journalctl@ceph.mgr.x.smithi070.stdout:May 08 06:30:44 smithi070 ceph-3cf89df8-0d04-11ef-bc97-c7b262605968-mgr-x[29820]: Generating public/private rsa key pair.
2024-05-08T06:30:45.130 INFO:journalctl@ceph.mgr.x.smithi070.stdout:May 08 06:30:44 smithi070 ceph-3cf89df8-0d04-11ef-bc97-c7b262605968-mgr-x[29820]: Your identification has been saved in /tmp/tmpm_5iyg1f/key.
2024-05-08T06:30:45.130 INFO:journalctl@ceph.mgr.x.smithi070.stdout:May 08 06:30:44 smithi070 ceph-3cf89df8-0d04-11ef-bc97-c7b262605968-mgr-x[29820]: Your public key has been saved in /tmp/tmpm_5iyg1f/key.pub.
2024-05-08T06:30:45.130 INFO:journalctl@ceph.mgr.x.smithi070.stdout:May 08 06:30:44 smithi070 ceph-3cf89df8-0d04-11ef-bc97-c7b262605968-mgr-x[29820]: The key fingerprint is:
2024-05-08T06:30:45.130 INFO:journalctl@ceph.mgr.x.smithi070.stdout:May 08 06:30:44 smithi070 ceph-3cf89df8-0d04-11ef-bc97-c7b262605968-mgr-x[29820]: SHA256:YRLynTL/RT0uyf30Fi6/kXTO6+4zAFiuXIsh1L+pYo8 ceph-3cf89df8-0d04-11ef-bc97-c7b262605968
2024-05-08T06:30:45.130 INFO:journalctl@ceph.mgr.x.smithi070.stdout:May 08 06:30:44 smithi070 ceph-3cf89df8-0d04-11ef-bc97-c7b262605968-mgr-x[29820]: The key's randomart image is:
2024-05-08T06:30:45.130 INFO:journalctl@ceph.mgr.x.smithi070.stdout:May 08 06:30:44 smithi070 ceph-3cf89df8-0d04-11ef-bc97-c7b262605968-mgr-x[29820]: +---[RSA 3072]----+
2024-05-08T06:30:45.130 INFO:journalctl@ceph.mgr.x.smithi070.stdout:May 08 06:30:44 smithi070 ceph-3cf89df8-0d04-11ef-bc97-c7b262605968-mgr-x[29820]: | . . . |
2024-05-08T06:30:45.130 INFO:journalctl@ceph.mgr.x.smithi070.stdout:May 08 06:30:44 smithi070 ceph-3cf89df8-0d04-11ef-bc97-c7b262605968-mgr-x[29820]: | o + o . . |
2024-05-08T06:30:45.130 INFO:journalctl@ceph.mgr.x.smithi070.stdout:May 08 06:30:44 smithi070 ceph-3cf89df8-0d04-11ef-bc97-c7b262605968-mgr-x[29820]: | * = = . o |
2024-05-08T06:30:45.130 INFO:journalctl@ceph.mgr.x.smithi070.stdout:May 08 06:30:44 smithi070 ceph-3cf89df8-0d04-11ef-bc97-c7b262605968-mgr-x[29820]: | B + B + . |
2024-05-08T06:30:45.131 INFO:journalctl@ceph.mgr.x.smithi070.stdout:May 08 06:30:44 smithi070 ceph-3cf89df8-0d04-11ef-bc97-c7b262605968-mgr-x[29820]: | S = X ooo|
2024-05-08T06:30:45.131 INFO:journalctl@ceph.mgr.x.smithi070.stdout:May 08 06:30:44 smithi070 ceph-3cf89df8-0d04-11ef-bc97-c7b262605968-mgr-x[29820]: | = = oo==|
2024-05-08T06:30:45.131 INFO:journalctl@ceph.mgr.x.smithi070.stdout:May 08 06:30:44 smithi070 ceph-3cf89df8-0d04-11ef-bc97-c7b262605968-mgr-x[29820]: | o ..+*|
2024-05-08T06:30:45.131 INFO:journalctl@ceph.mgr.x.smithi070.stdout:May 08 06:30:44 smithi070 ceph-3cf89df8-0d04-11ef-bc97-c7b262605968-mgr-x[29820]: | o.. o+o|
2024-05-08T06:30:45.131 INFO:journalctl@ceph.mgr.x.smithi070.stdout:May 08 06:30:44 smithi070 ceph-3cf89df8-0d04-11ef-bc97-c7b262605968-mgr-x[29820]: | .Eo. +B+|
2024-05-08T06:30:45.131 INFO:journalctl@ceph.mgr.x.smithi070.stdout:May 08 06:30:44 smithi070 ceph-3cf89df8-0d04-11ef-bc97-c7b262605968-mgr-x[29820]: +----[SHA256]-----+
2024-05-08T06:30:45.500 INFO:teuthology.orchestra.run.smithi070.stdout:/usr/bin/ceph: stderr
2024-05-08T06:30:43.840+0000 7f63cea00700 1 Processor -- start
2024-05-08T06:30:45.505 INFO:teuthology.orchestra.run.smithi070.stdout:/usr/bin/ceph: stderr
2024-05-08T06:30:43.840+0000 7f63cea00700 1 -- start start
2024-05-08T06:30:45.505 INFO:teuthology.orchestra.run.smithi070.stdout:/usr/bin/ceph: stderr
2024-05-08T06:30:43.841+0000 7f63cea00700 1 --2- >> [v2:172.21.15.70:3300/0,v1:172.21.15.70:6789/0] conn(0x7f63c807ee70 0x7f63c807d2d0 unknown :-1 s=NONE pgs=0 cs=0 l=0 rev1=0 crypto rx=0 tx=0 comp rx=0 tx=0).connect
2024-05-08T06:30:45.505 INFO:teuthology.orchestra.run.smithi070.stdout:/usr/bin/ceph: stderr
2024-05-08T06:30:43.841+0000 7f63cea00700 1 -- --> [v2:172.21.15.70:3300/0,v1:172.21.15.70:6789/0] -- mon_getmap magic: 0 -- 0x7f63c807d8a0 con 0x7f63c807ee70
2024-05-08T06:30:45.505 INFO:teuthology.orchestra.run.smithi070.stdout:/usr/bin/ceph: stderr
2024-05-08T06:30:43.841+0000 7f63cd600700 1 --2- >> [v2:172.21.15.70:3300/0,v1:172.21.15.70:6789/0] conn(0x7f63c807ee70 0x7f63c807d2d0 unknown :-1 s=BANNER_CONNECTING pgs=0 cs=0 l=0 rev1=0 crypto rx=0 tx=0 comp rx=0 tx=0)._handle_peer_banner_payload supported=3 required=0
2024-05-08T06:30:45.505 INFO:teuthology.orchestra.run.smithi070.stdout:/usr/bin/ceph: stderr
2024-05-08T06:30:43.841+0000 7f63cd600700 1 --2- >> [v2:172.21.15.70:3300/0,v1:172.21.15.70:6789/0] conn(0x7f63c807ee70 0x7f63c807d2d0 unknown :-1 s=HELLO_CONNECTING pgs=0 cs=0 l=0 rev1=1 crypto rx=0 tx=0 comp rx=0 tx=0).handle_hello peer v2:172.21.15.70:3300/0 says I am v2:172.21.15.70:37492/0 (socket says 172.21.15.70:37492)
2024-05-08T06:30:45.505 INFO:teuthology.orchestra.run.smithi070.stdout:/usr/bin/ceph: stderr
2024-05-08T06:30:43.841+0000 7f63cd600700 1 -- 172.21.15.70:0/194200991 learned_addr learned my addr 172.21.15.70:0/194200991 (peer_addr_for_me v2:172.21.15.70:0/0)
2024-05-08T06:30:45.506 INFO:teuthology.orchestra.run.smithi070.stdout:/usr/bin/ceph: stderr
2024-05-08T06:30:43.842+0000 7f63cd600700 1 -- 172.21.15.70:0/194200991 --> [v2:172.21.15.70:3300/0,v1:172.21.15.70:6789/0] -- mon_subscribe({config=0+,monmap=0+}) -- 0x7f63c807da20 con 0x7f63c807ee70
2024-05-08T06:30:45.506 INFO:teuthology.orchestra.run.smithi070.stdout:/usr/bin/ceph: stderr
2024-05-08T06:30:43.842+0000 7f63cd600700 1 --2- 172.21.15.70:0/194200991 >> [v2:172.21.15.70:3300/0,v1:172.21.15.70:6789/0] conn(0x7f63c807ee70 0x7f63c807d2d0 secure :-1 s=READY pgs=41 cs=0 l=1 rev1=1 crypto rx=0x7f63bc009e80 tx=0x7f63bc00b330 comp rx=0 tx=0).ready entity=mon.0 client_cookie=74a5cddd90479a6c server_cookie=0 in_seq=0 out_seq=0
2024-05-08T06:30:45.506 INFO:teuthology.orchestra.run.smithi070.stdout:/usr/bin/ceph: stderr
2024-05-08T06:30:43.842+0000 7f63c7e00700 1 -- 172.21.15.70:0/194200991 <== mon.0 v2:172.21.15.70:3300/0 1 ==== mon_map magic: 0 ==== 205+0+0 (secure 0 0 0) 0x7f63bc017070 con 0x7f63c807ee70
2024-05-08T06:30:45.506 INFO:teuthology.orchestra.run.smithi070.stdout:/usr/bin/ceph: stderr
2024-05-08T06:30:43.842+0000 7f63c7e00700 1 -- 172.21.15.70:0/194200991 <== mon.0 v2:172.21.15.70:3300/0 2 ==== config(25 keys) ==== 1032+0+0 (secure 0 0 0) 0x7f63bc00b8c0 con 0x7f63c807ee70
2024-05-08T06:30:45.506 INFO:teuthology.orchestra.run.smithi070.stdout:/usr/bin/ceph: stderr
2024-05-08T06:30:43.842+0000 7f63c7e00700 1 -- 172.21.15.70:0/194200991 <== mon.0 v2:172.21.15.70:3300/0 3 ==== mon_map magic: 0 ==== 205+0+0 (secure 0 0 0) 0x7f63bc004420 con 0x7f63c807ee70
2024-05-08T06:30:45.506 INFO:teuthology.orchestra.run.smithi070.stdout:/usr/bin/ceph: stderr
2024-05-08T06:30:43.843+0000 7f63cea00700 1 -- 172.21.15.70:0/194200991 >> [v2:172.21.15.70:3300/0,v1:172.21.15.70:6789/0] conn(0x7f63c807ee70 msgr2=0x7f63c807d2d0 secure :-1 s=STATE_CONNECTION_ESTABLISHED l=1).mark_down
2024-05-08T06:30:45.506 INFO:teuthology.orchestra.run.smithi070.stdout:/usr/bin/ceph: stderr
2024-05-08T06:30:43.843+0000 7f63cea00700 1 --2- 172.21.15.70:0/194200991 >> [v2:172.21.15.70:3300/0,v1:172.21.15.70:6789/0] conn(0x7f63c807ee70 0x7f63c807d2d0 secure :-1 s=READY pgs=41 cs=0 l=1 rev1=1 crypto rx=0x7f63bc009e80 tx=0x7f63bc00b330 comp rx=0 tx=0).stop
2024-05-08T06:30:45.506 INFO:teuthology.orchestra.run.smithi070.stdout:/usr/bin/ceph: stderr
2024-05-08T06:30:43.843+0000 7f63cea00700 1 -- 172.21.15.70:0/194200991 shutdown_connections
2024-05-08T06:30:45.506 INFO:teuthology.orchestra.run.smithi070.stdout:/usr/bin/ceph: stderr
2024-05-08T06:30:43.843+0000 7f63cea00700 1 --2- 172.21.15.70:0/194200991 >> [v2:172.21.15.70:3300/0,v1:172.21.15.70:6789/0] conn(0x7f63c807ee70 0x7f63c807d2d0 unknown :-1 s=CLOSED pgs=41 cs=0 l=1 rev1=1 crypto rx=0 tx=0 comp rx=0 tx=0).stop
2024-05-08T06:30:45.506 INFO:teuthology.orchestra.run.smithi070.stdout:/usr/bin/ceph: stderr
2024-05-08T06:30:43.843+0000 7f63cea00700 1 -- 172.21.15.70:0/194200991 >> 172.21.15.70:0/194200991 conn(0x7f63c8104040 msgr2=0x7f63c8106480 unknown :-1 s=STATE_NONE l=0).mark_down
2024-05-08T06:30:45.506 INFO:teuthology.orchestra.run.smithi070.stdout:/usr/bin/ceph: stderr
2024-05-08T06:30:43.843+0000 7f63cea00700 1 -- 172.21.15.70:0/194200991 shutdown_connections
2024-05-08T06:30:45.506 INFO:teuthology.orchestra.run.smithi070.stdout:/usr/bin/ceph: stderr
2024-05-08T06:30:43.843+0000 7f63cea00700 1 -- 172.21.15.70:0/194200991 wait complete.
2024-05-08T06:30:45.506 INFO:teuthology.orchestra.run.smithi070.stdout:/usr/bin/ceph: stderr
2024-05-08T06:30:43.844+0000 7f63cea00700 1 Processor -- start
2024-05-08T06:30:45.506 INFO:teuthology.orchestra.run.smithi070.stdout:/usr/bin/ceph: stderr
2024-05-08T06:30:43.845+0000 7f63cea00700 1 -- start start
2024-05-08T06:30:45.507 INFO:teuthology.orchestra.run.smithi070.stdout:/usr/bin/ceph: stderr
2024-05-08T06:30:43.845+0000 7f63cea00700 1 --2- >> [v2:172.21.15.70:3300/0,v1:172.21.15.70:6789/0] conn(0x7f63c807ee70 0x7f63c819eb10 unknown :-1 s=NONE pgs=0 cs=0 l=1 rev1=0 crypto rx=0 tx=0 comp rx=0 tx=0).connect
2024-05-08T06:30:45.507 INFO:teuthology.orchestra.run.smithi070.stdout:/usr/bin/ceph: stderr
2024-05-08T06:30:43.845+0000 7f63cea00700 1 -- --> [v2:172.21.15.70:3300/0,v1:172.21.15.70:6789/0] -- mon_getmap magic: 0 -- 0x7f63c810f010 con 0x7f63c807ee70
2024-05-08T06:30:45.507 INFO:teuthology.orchestra.run.smithi070.stdout:/usr/bin/ceph: stderr
2024-05-08T06:30:43.845+0000 7f63cd600700 1 --2- >> [v2:172.21.15.70:3300/0,v1:172.21.15.70:6789/0] conn(0x7f63c807ee70 0x7f63c819eb10 unknown :-1 s=BANNER_CONNECTING pgs=0 cs=0 l=1 rev1=0 crypto rx=0 tx=0 comp rx=0 tx=0)._handle_peer_banner_payload supported=3 required=0
2024-05-08T06:30:45.507 INFO:teuthology.orchestra.run.smithi070.stdout:/usr/bin/ceph: stderr
2024-05-08T06:30:43.845+0000 7f63cd600700 1 --2- >> [v2:172.21.15.70:3300/0,v1:172.21.15.70:6789/0] conn(0x7f63c807ee70 0x7f63c819eb10 unknown :-1 s=HELLO_CONNECTING pgs=0 cs=0 l=1 rev1=1 crypto rx=0 tx=0 comp rx=0 tx=0).handle_hello peer v2:172.21.15.70:3300/0 says I am v2:172.21.15.70:37498/0 (socket says 172.21.15.70:37498)
2024-05-08T06:30:45.507 INFO:teuthology.orchestra.run.smithi070.stdout:/usr/bin/ceph: stderr
2024-05-08T06:30:43.845+0000 7f63cd600700 1 -- 172.21.15.70:0/1466453022 learned_addr learned my addr 172.21.15.70:0/1466453022 (peer_addr_for_me v2:172.21.15.70:0/0)
2024-05-08T06:30:45.507 INFO:teuthology.orchestra.run.smithi070.stdout:/usr/bin/ceph: stderr
2024-05-08T06:30:43.845+0000 7f63cd600700 1 -- 172.21.15.70:0/1466453022 --> [v2:172.21.15.70:3300/0,v1:172.21.15.70:6789/0] -- mon_subscribe({config=0+,monmap=0+}) -- 0x7f63c819f050 con 0x7f63c807ee70
2024-05-08T06:30:45.507 INFO:teuthology.orchestra.run.smithi070.stdout:/usr/bin/ceph: stderr
2024-05-08T06:30:43.846+0000 7f63cd600700 1 --2- 172.21.15.70:0/1466453022 >> [v2:172.21.15.70:3300/0,v1:172.21.15.70:6789/0] conn(0x7f63c807ee70 0x7f63c819eb10 secure :-1 s=READY pgs=42 cs=0 l=1 rev1=1 crypto rx=0x7f63bc004000 tx=0x7f63bc003ad0 comp rx=0 tx=0).ready entity=mon.0 client_cookie=0 server_cookie=0 in_seq=0 out_seq=0
2024-05-08T06:30:45.507 INFO:teuthology.orchestra.run.smithi070.stdout:/usr/bin/ceph: stderr
2024-05-08T06:30:43.846+0000 7f63c6000700 1 -- 172.21.15.70:0/1466453022 <== mon.0 v2:172.21.15.70:3300/0 1 ==== mon_map magic: 0 ==== 205+0+0 (secure 0 0 0) 0x7f63bc020020 con 0x7f63c807ee70
2024-05-08T06:30:45.507 INFO:teuthology.orchestra.run.smithi070.stdout:/usr/bin/ceph: stderr
2024-05-08T06:30:43.846+0000 7f63c6000700 1 -- 172.21.15.70:0/1466453022 <== mon.0 v2:172.21.15.70:3300/0 2 ==== config(25 keys) ==== 1032+0+0 (secure 0 0 0) 0x7f63bc0128a0 con 0x7f63c807ee70
2024-05-08T06:30:45.507 INFO:teuthology.orchestra.run.smithi070.stdout:/usr/bin/ceph: stderr
2024-05-08T06:30:43.846+0000 7f63cea00700 1 -- 172.21.15.70:0/1466453022 --> [v2:172.21.15.70:3300/0,v1:172.21.15.70:6789/0] -- mon_subscribe({mgrmap=0+}) -- 0x7f63c819f2e0 con 0x7f63c807ee70
2024-05-08T06:30:45.507 INFO:teuthology.orchestra.run.smithi070.stdout:/usr/bin/ceph: stderr
2024-05-08T06:30:43.846+0000 7f63c6000700 1 -- 172.21.15.70:0/1466453022 <== mon.0 v2:172.21.15.70:3300/0 3 ==== mon_map magic: 0 ==== 205+0+0 (secure 0 0 0) 0x7f63bc017040 con 0x7f63c807ee70
2024-05-08T06:30:45.507 INFO:teuthology.orchestra.run.smithi070.stdout:/usr/bin/ceph: stderr
2024-05-08T06:30:43.846+0000 7f63cea00700 1 -- 172.21.15.70:0/1466453022 --> [v2:172.21.15.70:3300/0,v1:172.21.15.70:6789/0] -- mon_subscribe({osdmap=0}) -- 0x7f63c81a1fd0 con 0x7f63c807ee70
2024-05-08T06:30:45.507 INFO:teuthology.orchestra.run.smithi070.stdout:/usr/bin/ceph: stderr
2024-05-08T06:30:43.847+0000 7f63cea00700 1 -- 172.21.15.70:0/1466453022 --> [v2:172.21.15.70:3300/0,v1:172.21.15.70:6789/0] -- mon_command({"prefix": "get_command_descriptions"} v 0) -- 0x7f63c8064b00 con 0x7f63c807ee70
2024-05-08T06:30:45.507 INFO:teuthology.orchestra.run.smithi070.stdout:/usr/bin/ceph: stderr
2024-05-08T06:30:43.847+0000 7f63c6000700 1 -- 172.21.15.70:0/1466453022 <== mon.0 v2:172.21.15.70:3300/0 4 ==== mgrmap(e 8) ==== 50222+0+0 (secure 0 0 0) 0x7f63bc023020 con 0x7f63c807ee70
2024-05-08T06:30:45.508 INFO:teuthology.orchestra.run.smithi070.stdout:/usr/bin/ceph: stderr
2024-05-08T06:30:43.848+0000 7f63c6000700 1 --2- 172.21.15.70:0/1466453022 >> [v2:172.21.15.70:6800/1348548569,v1:172.21.15.70:6801/1348548569] conn(0x7f63b003e4c0 0x7f63b0040980 unknown :-1 s=NONE pgs=0 cs=0 l=1 rev1=0 crypto rx=0 tx=0 comp rx=0 tx=0).connect
2024-05-08T06:30:45.508 INFO:teuthology.orchestra.run.smithi070.stdout:/usr/bin/ceph: stderr
2024-05-08T06:30:43.848+0000 7f63c6000700 1 -- 172.21.15.70:0/1466453022 <== mon.0 v2:172.21.15.70:3300/0 5 ==== osd_map(2..2 src has 1..2) ==== 940+0+0 (secure 0 0 0) 0x7f63bc00f050 con 0x7f63c807ee70
2024-05-08T06:30:45.508 INFO:teuthology.orchestra.run.smithi070.stdout:/usr/bin/ceph: stderr
2024-05-08T06:30:43.848+0000 7f63ccc00700 1 --2- 172.21.15.70:0/1466453022 >> [v2:172.21.15.70:6800/1348548569,v1:172.21.15.70:6801/1348548569] conn(0x7f63b003e4c0 0x7f63b0040980 unknown :-1 s=BANNER_CONNECTING pgs=0 cs=0 l=1 rev1=0 crypto rx=0 tx=0 comp rx=0 tx=0)._handle_peer_banner_payload supported=3 required=0
2024-05-08T06:30:45.508 INFO:teuthology.orchestra.run.smithi070.stdout:/usr/bin/ceph: stderr
2024-05-08T06:30:43.849+0000 7f63ccc00700 1 --2- 172.21.15.70:0/1466453022 >> [v2:172.21.15.70:6800/1348548569,v1:172.21.15.70:6801/1348548569] conn(0x7f63b003e4c0 0x7f63b0040980 secure :-1 s=READY pgs=9 cs=0 l=1 rev1=1 crypto rx=0x7f63b4006fd0 tx=0x7f63b4006e40 comp rx=0 tx=0).ready entity=mgr.14120 client_cookie=0 server_cookie=0 in_seq=0 out_seq=0
2024-05-08T06:30:45.508 INFO:teuthology.orchestra.run.smithi070.stdout:/usr/bin/ceph: stderr
2024-05-08T06:30:43.853+0000 7f63c6000700 1 -- 172.21.15.70:0/1466453022 <== mon.0 v2:172.21.15.70:3300/0 6 ==== mon_command_ack([{"prefix": "get_command_descriptions"}]=0 v0) ==== 72+0+191963 (secure 0 0 0) 0x7f63bc02a020 con 0x7f63c807ee70
2024-05-08T06:30:45.508 INFO:teuthology.orchestra.run.smithi070.stdout:/usr/bin/ceph: stderr
2024-05-08T06:30:44.078+0000 7f63cea00700 1 -- 172.21.15.70:0/1466453022 --> [v2:172.21.15.70:6800/1348548569,v1:172.21.15.70:6801/1348548569] -- mgr_command(tid 0: {"prefix": "cephadm generate-key", "target": ["mon-mgr", ""]}) -- 0x7f63c8105240 con 0x7f63b003e4c0
2024-05-08T06:30:45.508 INFO:teuthology.orchestra.run.smithi070.stdout:/usr/bin/ceph: stderr
2024-05-08T06:30:44.811+0000 7f63c6000700 1 -- 172.21.15.70:0/1466453022 <== mgr.14120 v2:172.21.15.70:6800/1348548569 1 ==== mgr_command_reply(tid 0: 0 ) ==== 8+0+0 (secure 0 0 0) 0x7f63c8105240 con 0x7f63b003e4c0
2024-05-08T06:30:45.508 INFO:teuthology.orchestra.run.smithi070.stdout:/usr/bin/ceph: stderr
2024-05-08T06:30:44.814+0000 7f63cea00700 1 -- 172.21.15.70:0/1466453022 >> [v2:172.21.15.70:6800/1348548569,v1:172.21.15.70:6801/1348548569] conn(0x7f63b003e4c0 msgr2=0x7f63b0040980 secure :-1 s=STATE_CONNECTION_ESTABLISHED l=1).mark_down
2024-05-08T06:30:45.508 INFO:teuthology.orchestra.run.smithi070.stdout:/usr/bin/ceph: stderr
2024-05-08T06:30:44.814+0000 7f63cea00700 1 --2- 172.21.15.70:0/1466453022 >> [v2:172.21.15.70:6800/1348548569,v1:172.21.15.70:6801/1348548569] conn(0x7f63b003e4c0 0x7f63b0040980 secure :-1 s=READY pgs=9 cs=0 l=1 rev1=1 crypto rx=0x7f63b4006fd0 tx=0x7f63b4006e40 comp rx=0 tx=0).stop
2024-05-08T06:30:45.508 INFO:teuthology.orchestra.run.smithi070.stdout:/usr/bin/ceph: stderr
2024-05-08T06:30:44.814+0000 7f63cea00700 1 -- 172.21.15.70:0/1466453022 >> [v2:172.21.15.70:3300/0,v1:172.21.15.70:6789/0] conn(0x7f63c807ee70 msgr2=0x7f63c819eb10 secure :-1 s=STATE_CONNECTION_ESTABLISHED l=1).mark_down
2024-05-08T06:30:45.508 INFO:teuthology.orchestra.run.smithi070.stdout:/usr/bin/ceph: stderr
2024-05-08T06:30:44.814+0000 7f63cea00700 1 --2- 172.21.15.70:0/1466453022 >> [v2:172.21.15.70:3300/0,v1:172.21.15.70:6789/0] conn(0x7f63c807ee70 0x7f63c819eb10 secure :-1 s=READY pgs=42 cs=0 l=1 rev1=1 crypto rx=0x7f63bc004000 tx=0x7f63bc003ad0 comp rx=0 tx=0).stop
2024-05-08T06:30:45.508 INFO:teuthology.orchestra.run.smithi070.stdout:/usr/bin/ceph: stderr
2024-05-08T06:30:44.814+0000 7f63cea00700 1 -- 172.21.15.70:0/1466453022 shutdown_connections
2024-05-08T06:30:45.508 INFO:teuthology.orchestra.run.smithi070.stdout:/usr/bin/ceph: stderr
2024-05-08T06:30:44.814+0000 7f63cea00700 1 --2- 172.21.15.70:0/1466453022 >> [v2:172.21.15.70:6800/1348548569,v1:172.21.15.70:6801/1348548569] conn(0x7f63b003e4c0 0x7f63b0040980 unknown :-1 s=CLOSED pgs=9 cs=0 l=1 rev1=1 crypto rx=0 tx=0 comp rx=0 tx=0).stop
2024-05-08T06:30:45.508 INFO:teuthology.orchestra.run.smithi070.stdout:/usr/bin/ceph: stderr
2024-05-08T06:30:44.814+0000 7f63cea00700 1 --2- 172.21.15.70:0/1466453022 >> [v2:172.21.15.70:3300/0,v1:172.21.15.70:6789/0] conn(0x7f63c807ee70 0x7f63c819eb10 unknown :-1 s=CLOSED pgs=42 cs=0 l=1 rev1=1 crypto rx=0 tx=0 comp rx=0 tx=0).stop
2024-05-08T06:30:45.509 INFO:teuthology.orchestra.run.smithi070.stdout:/usr/bin/ceph: stderr
2024-05-08T06:30:44.814+0000 7f63cea00700 1 -- 172.21.15.70:0/1466453022 >> 172.21.15.70:0/1466453022 conn(0x7f63c8104040 msgr2=0x7f63c8104b30 unknown :-1 s=STATE_NONE l=0).mark_down
2024-05-08T06:30:45.509 INFO:teuthology.orchestra.run.smithi070.stdout:/usr/bin/ceph: stderr
2024-05-08T06:30:44.815+0000 7f63cea00700 1 -- 172.21.15.70:0/1466453022 shutdown_connections
2024-05-08T06:30:45.509 INFO:teuthology.orchestra.run.smithi070.stdout:/usr/bin/ceph: stderr
2024-05-08T06:30:44.815+0000 7f63cea00700 1 -- 172.21.15.70:0/1466453022 wait complete.
2024-05-08T06:30:46.101 INFO:journalctl@ceph.mon.a.smithi070.stdout:May 08 06:30:45 smithi070 ceph-mon[29591]: from='mgr.14120 172.21.15.70:0/1186838587' entity='mgr.x'
2024-05-08T06:30:46.101 INFO:journalctl@ceph.mon.a.smithi070.stdout:May 08 06:30:45 smithi070 ceph-mon[29591]: from='mgr.14120 172.21.15.70:0/1186838587' entity='mgr.x'
2024-05-08T06:30:47.045 INFO:teuthology.orchestra.run.smithi070.stdout:/usr/bin/ceph: stdout ssh-rsa AAAAB3NzaC1yc2EAAAADAQABAAABgQDNo8HUbR7e6qKXeAQuuelH41xbTbWqC9vHKvK24ZkzhSc2JECVzNiYMHKAczazksdAgFqvPY4nt0cHylttrbnGIuwHicD95QTei/6IK7YjyiccxDiq48GfsTqJ6xBuhxnoH2VwmE4F4X6CRcEKGT19nP4tns7f2pIZ4mkBG+PJWoBzBQ7uN6hY6E9LMiwKfW5IGAySFyDR0XKe2SHXl0T1X//WyRsZ32fs8Njzvihh2QZCKr2O5i4jauYMa7xP/x7AGittNQa0lR8/X9H5389RImwLbTpL2cbSnDjOT9qyXmnw6VEfovLAbkNNlRiJKonzw51LNNQuaCSoDJ+Sohf+aKYS3/38KcB39m2j6H+/amoYtyonN5ntRorMFV0zPU7iExRHVbufjQTPtza+XLu9wiP/RQaN6cJ7rVpWnt+PdQCjwMbrAy6pb1cd9ATcU2SFEviLuUQJwoHQpUeDrwqDBT3Tw0sVUetJ/KrtkhGifgmqXphuAZiJv6DcinPniEc= ceph-3cf89df8-0d04-11ef-bc97-c7b262605968
2024-05-08T06:30:47.045 INFO:teuthology.orchestra.run.smithi070.stdout:/usr/bin/ceph: stderr
2024-05-08T06:30:46.100+0000 7fed9e400700 1 Processor -- start
2024-05-08T06:30:47.045 INFO:teuthology.orchestra.run.smithi070.stdout:/usr/bin/ceph: stderr
2024-05-08T06:30:46.101+0000 7fed9e400700 1 -- start start
2024-05-08T06:30:47.045 INFO:teuthology.orchestra.run.smithi070.stdout:/usr/bin/ceph: stderr
2024-05-08T06:30:46.101+0000 7fed9e400700 1 --2- >> [v2:172.21.15.70:3300/0,v1:172.21.15.70:6789/0] conn(0x7fed9807ee00 0x7fed9807d2b0 unknown :-1 s=NONE pgs=0 cs=0 l=0 rev1=0 crypto rx=0 tx=0 comp rx=0 tx=0).connect
2024-05-08T06:30:47.045 INFO:teuthology.orchestra.run.smithi070.stdout:/usr/bin/ceph: stderr
2024-05-08T06:30:46.101+0000 7fed9e400700 1 -- --> [v2:172.21.15.70:3300/0,v1:172.21.15.70:6789/0] -- mon_getmap magic: 0 -- 0x7fed9807d7f0 con 0x7fed9807ee00
2024-05-08T06:30:47.045 INFO:teuthology.orchestra.run.smithi070.stdout:/usr/bin/ceph: stderr
2024-05-08T06:30:46.102+0000 7fed97400700 1 --2- >> [v2:172.21.15.70:3300/0,v1:172.21.15.70:6789/0] conn(0x7fed9807ee00 0x7fed9807d2b0 unknown :-1 s=BANNER_CONNECTING pgs=0 cs=0 l=0 rev1=0 crypto rx=0 tx=0 comp rx=0 tx=0)._handle_peer_banner_payload supported=3 required=0
2024-05-08T06:30:47.046 INFO:teuthology.orchestra.run.smithi070.stdout:/usr/bin/ceph: stderr
2024-05-08T06:30:46.102+0000 7fed97400700 1 --2- >> [v2:172.21.15.70:3300/0,v1:172.21.15.70:6789/0] conn(0x7fed9807ee00 0x7fed9807d2b0 unknown :-1 s=HELLO_CONNECTING pgs=0 cs=0 l=0 rev1=1 crypto rx=0 tx=0 comp rx=0 tx=0).handle_hello peer v2:172.21.15.70:3300/0 says I am v2:172.21.15.70:37504/0 (socket says 172.21.15.70:37504)
2024-05-08T06:30:47.046 INFO:teuthology.orchestra.run.smithi070.stdout:/usr/bin/ceph: stderr
2024-05-08T06:30:46.102+0000 7fed97400700 1 -- 172.21.15.70:0/2503990075 learned_addr learned my addr 172.21.15.70:0/2503990075 (peer_addr_for_me v2:172.21.15.70:0/0)
2024-05-08T06:30:47.046 INFO:teuthology.orchestra.run.smithi070.stdout:/usr/bin/ceph: stderr
2024-05-08T06:30:46.102+0000 7fed97400700 1 -- 172.21.15.70:0/2503990075 --> [v2:172.21.15.70:3300/0,v1:172.21.15.70:6789/0] -- mon_subscribe({config=0+,monmap=0+}) -- 0x7fed9807d970 con 0x7fed9807ee00
2024-05-08T06:30:47.046 INFO:teuthology.orchestra.run.smithi070.stdout:/usr/bin/ceph: stderr
2024-05-08T06:30:46.102+0000 7fed97400700 1 --2- 172.21.15.70:0/2503990075 >> [v2:172.21.15.70:3300/0,v1:172.21.15.70:6789/0] conn(0x7fed9807ee00 0x7fed9807d2b0 secure :-1 s=READY pgs=43 cs=0 l=1 rev1=1 crypto rx=0x7fed880098a0 tx=0x7fed88009bb0 comp rx=0 tx=0).ready entity=mon.0 client_cookie=9ca7ed5737035e9 server_cookie=0 in_seq=0 out_seq=0
2024-05-08T06:30:47.046 INFO:teuthology.orchestra.run.smithi070.stdout:/usr/bin/ceph: stderr
2024-05-08T06:30:46.103+0000 7fed96a00700 1 -- 172.21.15.70:0/2503990075 <== mon.0 v2:172.21.15.70:3300/0 1 ==== mon_map magic: 0 ==== 205+0+0 (secure 0 0 0) 0x7fed88004160 con 0x7fed9807ee00
2024-05-08T06:30:47.046 INFO:teuthology.orchestra.run.smithi070.stdout:/usr/bin/ceph: stderr
2024-05-08T06:30:46.103+0000 7fed96a00700 1 -- 172.21.15.70:0/2503990075 <== mon.0 v2:172.21.15.70:3300/0 2 ==== config(25 keys) ==== 1032+0+0 (secure 0 0 0) 0x7fed88004300 con 0x7fed9807ee00
2024-05-08T06:30:47.046 INFO:teuthology.orchestra.run.smithi070.stdout:/usr/bin/ceph: stderr
2024-05-08T06:30:46.103+0000 7fed96a00700 1 -- 172.21.15.70:0/2503990075 <== mon.0 v2:172.21.15.70:3300/0 3 ==== mon_map magic: 0 ==== 205+0+0 (secure 0 0 0) 0x7fed880119e0 con 0x7fed9807ee00
2024-05-08T06:30:47.046 INFO:teuthology.orchestra.run.smithi070.stdout:/usr/bin/ceph: stderr
2024-05-08T06:30:46.103+0000 7fed9e400700 1 -- 172.21.15.70:0/2503990075 >> [v2:172.21.15.70:3300/0,v1:172.21.15.70:6789/0] conn(0x7fed9807ee00 msgr2=0x7fed9807d2b0 secure :-1 s=STATE_CONNECTION_ESTABLISHED l=1).mark_down
2024-05-08T06:30:47.046 INFO:teuthology.orchestra.run.smithi070.stdout:/usr/bin/ceph: stderr
2024-05-08T06:30:46.103+0000 7fed9e400700 1 --2- 172.21.15.70:0/2503990075 >> [v2:172.21.15.70:3300/0,v1:172.21.15.70:6789/0] conn(0x7fed9807ee00 0x7fed9807d2b0 secure :-1 s=READY pgs=43 cs=0 l=1 rev1=1 crypto rx=0x7fed880098a0 tx=0x7fed88009bb0 comp rx=0 tx=0).stop
2024-05-08T06:30:47.046 INFO:teuthology.orchestra.run.smithi070.stdout:/usr/bin/ceph: stderr
2024-05-08T06:30:46.104+0000 7fed9e400700 1 -- 172.21.15.70:0/2503990075 shutdown_connections
2024-05-08T06:30:47.046 INFO:teuthology.orchestra.run.smithi070.stdout:/usr/bin/ceph: stderr
2024-05-08T06:30:46.104+0000 7fed9e400700 1 --2- 172.21.15.70:0/2503990075 >> [v2:172.21.15.70:3300/0,v1:172.21.15.70:6789/0] conn(0x7fed9807ee00 0x7fed9807d2b0 unknown :-1 s=CLOSED pgs=43 cs=0 l=1 rev1=1 crypto rx=0 tx=0 comp rx=0 tx=0).stop
2024-05-08T06:30:47.046 INFO:teuthology.orchestra.run.smithi070.stdout:/usr/bin/ceph: stderr
2024-05-08T06:30:46.104+0000 7fed9e400700 1 -- 172.21.15.70:0/2503990075 >> 172.21.15.70:0/2503990075 conn(0x7fed98104270 msgr2=0x7fed98106690 unknown :-1 s=STATE_NONE l=0).mark_down
2024-05-08T06:30:47.046 INFO:teuthology.orchestra.run.smithi070.stdout:/usr/bin/ceph: stderr
2024-05-08T06:30:46.104+0000 7fed9e400700 1 -- 172.21.15.70:0/2503990075 shutdown_connections
