2024-05-10T20:55:43.481 INFO:teuthology.orchestra.run.smithi050.stdout:/usr/bin/ceph: stderr
2024-05-10T20:55:42.266+0000 7f4287e00700 1 --2- 172.21.15.50:0/3496808065 >> [v2:172.21.15.50:3300/0,v1:172.21.15.50:6789/0] conn(0x7f4288111830 0x7f4288111c40 secure :-1 s=READY pgs=53 cs=0 l=1 rev1=1 crypto rx=0x7f42780098a0 tx=0x7f4278009bb0 comp rx=0 tx=0).ready entity=mon.0 client_cookie=3b2ab3fa7471f5e6 server_cookie=0 in_seq=0 out_seq=0
2024-05-10T20:55:43.481 INFO:teuthology.orchestra.run.smithi050.stdout:/usr/bin/ceph: stderr
2024-05-10T20:55:42.266+0000 7f4286a00700 1 -- 172.21.15.50:0/3496808065 <== mon.0 v2:172.21.15.50:3300/0 1 ==== mon_map magic: 0 ==== 205+0+0 (secure 0 0 0) 0x7f4278004160 con 0x7f4288111830
2024-05-10T20:55:43.481 INFO:teuthology.orchestra.run.smithi050.stdout:/usr/bin/ceph: stderr
2024-05-10T20:55:42.266+0000 7f4286a00700 1 -- 172.21.15.50:0/3496808065 <== mon.0 v2:172.21.15.50:3300/0 2 ==== config(26 keys) ==== 1101+0+0 (secure 0 0 0) 0x7f4278004300 con 0x7f4288111830
2024-05-10T20:55:43.481 INFO:teuthology.orchestra.run.smithi050.stdout:/usr/bin/ceph: stderr
2024-05-10T20:55:42.266+0000 7f4286a00700 1 -- 172.21.15.50:0/3496808065 <== mon.0 v2:172.21.15.50:3300/0 3 ==== mon_map magic: 0 ==== 205+0+0 (secure 0 0 0) 0x7f4278011a20 con 0x7f4288111830
2024-05-10T20:55:43.481 INFO:teuthology.orchestra.run.smithi050.stdout:/usr/bin/ceph: stderr
2024-05-10T20:55:42.267+0000 7f428f200700 1 -- 172.21.15.50:0/3496808065 >> [v2:172.21.15.50:3300/0,v1:172.21.15.50:6789/0] conn(0x7f4288111830 msgr2=0x7f4288111c40 secure :-1 s=STATE_CONNECTION_ESTABLISHED l=1).mark_down
2024-05-10T20:55:43.481 INFO:teuthology.orchestra.run.smithi050.stdout:/usr/bin/ceph: stderr
2024-05-10T20:55:42.267+0000 7f428f200700 1 --2- 172.21.15.50:0/3496808065 >> [v2:172.21.15.50:3300/0,v1:172.21.15.50:6789/0] conn(0x7f4288111830 0x7f4288111c40 secure :-1 s=READY pgs=53 cs=0 l=1 rev1=1 crypto rx=0x7f42780098a0 tx=0x7f4278009bb0 comp rx=0 tx=0).stop
2024-05-10T20:55:43.481 INFO:teuthology.orchestra.run.smithi050.stdout:/usr/bin/ceph: stderr
2024-05-10T20:55:42.267+0000 7f428f200700 1 -- 172.21.15.50:0/3496808065 shutdown_connections
2024-05-10T20:55:43.481 INFO:teuthology.orchestra.run.smithi050.stdout:/usr/bin/ceph: stderr
2024-05-10T20:55:42.267+0000 7f428f200700 1 --2- 172.21.15.50:0/3496808065 >> [v2:172.21.15.50:3300/0,v1:172.21.15.50:6789/0] conn(0x7f4288111830 0x7f4288111c40 unknown :-1 s=CLOSED pgs=53 cs=0 l=1 rev1=1 crypto rx=0 tx=0 comp rx=0 tx=0).stop
2024-05-10T20:55:43.481 INFO:teuthology.orchestra.run.smithi050.stdout:/usr/bin/ceph: stderr
2024-05-10T20:55:42.267+0000 7f428f200700 1 -- 172.21.15.50:0/3496808065 >> 172.21.15.50:0/3496808065 conn(0x7f428807f3b0 msgr2=0x7f4288081800 unknown :-1 s=STATE_NONE l=0).mark_down
2024-05-10T20:55:43.481 INFO:teuthology.orchestra.run.smithi050.stdout:/usr/bin/ceph: stderr
2024-05-10T20:55:42.268+0000 7f428f200700 1 -- 172.21.15.50:0/3496808065 shutdown_connections
2024-05-10T20:55:43.482 INFO:teuthology.orchestra.run.smithi050.stdout:/usr/bin/ceph: stderr
2024-05-10T20:55:42.268+0000 7f428f200700 1 -- 172.21.15.50:0/3496808065 wait complete.
2024-05-10T20:55:43.482 INFO:teuthology.orchestra.run.smithi050.stdout:/usr/bin/ceph: stderr
2024-05-10T20:55:42.269+0000 7f428f200700 1 Processor -- start
2024-05-10T20:55:43.482 INFO:teuthology.orchestra.run.smithi050.stdout:/usr/bin/ceph: stderr
2024-05-10T20:55:42.269+0000 7f428f200700 1 -- start start
2024-05-10T20:55:43.482 INFO:teuthology.orchestra.run.smithi050.stdout:/usr/bin/ceph: stderr
2024-05-10T20:55:42.269+0000 7f428f200700 1 --2- >> [v2:172.21.15.50:3300/0,v1:172.21.15.50:6789/0] conn(0x7f4288111830 0x7f42881a4640 unknown :-1 s=NONE pgs=0 cs=0 l=1 rev1=0 crypto rx=0 tx=0 comp rx=0 tx=0).connect
2024-05-10T20:55:43.482 INFO:teuthology.orchestra.run.smithi050.stdout:/usr/bin/ceph: stderr
2024-05-10T20:55:42.269+0000 7f428f200700 1 -- --> [v2:172.21.15.50:3300/0,v1:172.21.15.50:6789/0] -- mon_getmap magic: 0 -- 0x7f4288114790 con 0x7f4288111830
2024-05-10T20:55:43.482 INFO:teuthology.orchestra.run.smithi050.stdout:/usr/bin/ceph: stderr
2024-05-10T20:55:42.270+0000 7f4287e00700 1 --2- >> [v2:172.21.15.50:3300/0,v1:172.21.15.50:6789/0] conn(0x7f4288111830 0x7f42881a4640 unknown :-1 s=BANNER_CONNECTING pgs=0 cs=0 l=1 rev1=0 crypto rx=0 tx=0 comp rx=0 tx=0)._handle_peer_banner_payload supported=3 required=0
2024-05-10T20:55:43.482 INFO:teuthology.orchestra.run.smithi050.stdout:/usr/bin/ceph: stderr
2024-05-10T20:55:42.270+0000 7f4287e00700 1 --2- >> [v2:172.21.15.50:3300/0,v1:172.21.15.50:6789/0] conn(0x7f4288111830 0x7f42881a4640 unknown :-1 s=HELLO_CONNECTING pgs=0 cs=0 l=1 rev1=1 crypto rx=0 tx=0 comp rx=0 tx=0).handle_hello peer v2:172.21.15.50:3300/0 says I am v2:172.21.15.50:35742/0 (socket says 172.21.15.50:35742)
2024-05-10T20:55:43.482 INFO:teuthology.orchestra.run.smithi050.stdout:/usr/bin/ceph: stderr
2024-05-10T20:55:42.270+0000 7f4287e00700 1 -- 172.21.15.50:0/2833128884 learned_addr learned my addr 172.21.15.50:0/2833128884 (peer_addr_for_me v2:172.21.15.50:0/0)
2024-05-10T20:55:43.482 INFO:teuthology.orchestra.run.smithi050.stdout:/usr/bin/ceph: stderr
2024-05-10T20:55:42.270+0000 7f4287e00700 1 -- 172.21.15.50:0/2833128884 --> [v2:172.21.15.50:3300/0,v1:172.21.15.50:6789/0] -- mon_subscribe({config=0+,monmap=0+}) -- 0x7f42881a4b80 con 0x7f4288111830
2024-05-10T20:55:43.482 INFO:teuthology.orchestra.run.smithi050.stdout:/usr/bin/ceph: stderr
2024-05-10T20:55:42.271+0000 7f4287e00700 1 --2- 172.21.15.50:0/2833128884 >> [v2:172.21.15.50:3300/0,v1:172.21.15.50:6789/0] conn(0x7f4288111830 0x7f42881a4640 secure :-1 s=READY pgs=54 cs=0 l=1 rev1=1 crypto rx=0x7f42780119f0 tx=0x7f4278011ad0 comp rx=0 tx=0).ready entity=mon.0 client_cookie=0 server_cookie=0 in_seq=0 out_seq=0
2024-05-10T20:55:43.482 INFO:teuthology.orchestra.run.smithi050.stdout:/usr/bin/ceph: stderr
2024-05-10T20:55:42.271+0000 7f4284c00700 1 -- 172.21.15.50:0/2833128884 <== mon.0 v2:172.21.15.50:3300/0 1 ==== mon_map magic: 0 ==== 205+0+0 (secure 0 0 0) 0x7f4278003a60 con 0x7f4288111830
2024-05-10T20:55:43.482 INFO:teuthology.orchestra.run.smithi050.stdout:/usr/bin/ceph: stderr
2024-05-10T20:55:42.271+0000 7f4284c00700 1 -- 172.21.15.50:0/2833128884 <== mon.0 v2:172.21.15.50:3300/0 2 ==== config(26 keys) ==== 1101+0+0 (secure 0 0 0) 0x7f427801b8f0 con 0x7f4288111830
2024-05-10T20:55:43.482 INFO:teuthology.orchestra.run.smithi050.stdout:/usr/bin/ceph: stderr
2024-05-10T20:55:42.271+0000 7f428f200700 1 -- 172.21.15.50:0/2833128884 --> [v2:172.21.15.50:3300/0,v1:172.21.15.50:6789/0] -- mon_subscribe({mgrmap=0+}) -- 0x7f42881a4e10 con 0x7f4288111830
2024-05-10T20:55:43.483 INFO:teuthology.orchestra.run.smithi050.stdout:/usr/bin/ceph: stderr
2024-05-10T20:55:42.271+0000 7f4284c00700 1 -- 172.21.15.50:0/2833128884 <== mon.0 v2:172.21.15.50:3300/0 3 ==== mon_map magic: 0 ==== 205+0+0 (secure 0 0 0) 0x7f4278023880 con 0x7f4288111830
2024-05-10T20:55:43.483 INFO:teuthology.orchestra.run.smithi050.stdout:/usr/bin/ceph: stderr
2024-05-10T20:55:42.271+0000 7f428f200700 1 -- 172.21.15.50:0/2833128884 --> [v2:172.21.15.50:3300/0,v1:172.21.15.50:6789/0] -- mon_subscribe({osdmap=0}) -- 0x7f42881a7a20 con 0x7f4288111830
2024-05-10T20:55:43.483 INFO:teuthology.orchestra.run.smithi050.stdout:/usr/bin/ceph: stderr
2024-05-10T20:55:42.272+0000 7f428f200700 1 -- 172.21.15.50:0/2833128884 --> [v2:172.21.15.50:3300/0,v1:172.21.15.50:6789/0] -- mon_command({"prefix": "get_command_descriptions"} v 0) -- 0x7f4288064e20 con 0x7f4288111830
2024-05-10T20:55:43.483 INFO:teuthology.orchestra.run.smithi050.stdout:/usr/bin/ceph: stderr
2024-05-10T20:55:42.273+0000 7f4284c00700 1 -- 172.21.15.50:0/2833128884 <== mon.0 v2:172.21.15.50:3300/0 4 ==== mgrmap(e 8) ==== 50222+0+0 (secure 0 0 0) 0x7f427801b440 con 0x7f4288111830
2024-05-10T20:55:43.483 INFO:teuthology.orchestra.run.smithi050.stdout:/usr/bin/ceph: stderr
2024-05-10T20:55:42.274+0000 7f4284c00700 1 --2- 172.21.15.50:0/2833128884 >> [v2:172.21.15.50:6800/3321516664,v1:172.21.15.50:6801/3321516664] conn(0x7f426c03e4c0 0x7f426c0409d0 unknown :-1 s=NONE pgs=0 cs=0 l=1 rev1=0 crypto rx=0 tx=0 comp rx=0 tx=0).connect
2024-05-10T20:55:43.483 INFO:teuthology.orchestra.run.smithi050.stdout:/usr/bin/ceph: stderr
2024-05-10T20:55:42.274+0000 7f4284c00700 1 -- 172.21.15.50:0/2833128884 <== mon.0 v2:172.21.15.50:3300/0 5 ==== osd_map(2..2 src has 1..2) ==== 940+0+0 (secure 0 0 0) 0x7f4278053ee0 con 0x7f4288111830
2024-05-10T20:55:43.483 INFO:teuthology.orchestra.run.smithi050.stdout:/usr/bin/ceph: stderr
2024-05-10T20:55:42.274+0000 7f4287400700 1 --2- 172.21.15.50:0/2833128884 >> [v2:172.21.15.50:6800/3321516664,v1:172.21.15.50:6801/3321516664] conn(0x7f426c03e4c0 0x7f426c0409d0 unknown :-1 s=BANNER_CONNECTING pgs=0 cs=0 l=1 rev1=0 crypto rx=0 tx=0 comp rx=0 tx=0)._handle_peer_banner_payload supported=3 required=0
2024-05-10T20:55:43.483 INFO:teuthology.orchestra.run.smithi050.stdout:/usr/bin/ceph: stderr
2024-05-10T20:55:42.275+0000 7f4287400700 1 --2- 172.21.15.50:0/2833128884 >> [v2:172.21.15.50:6800/3321516664,v1:172.21.15.50:6801/3321516664] conn(0x7f426c03e4c0 0x7f426c0409d0 secure :-1 s=READY pgs=15 cs=0 l=1 rev1=1 crypto rx=0x7f4274006fd0 tx=0x7f4274006e40 comp rx=0 tx=0).ready entity=mgr.14120 client_cookie=0 server_cookie=0 in_seq=0 out_seq=0
2024-05-10T20:55:43.483 INFO:teuthology.orchestra.run.smithi050.stdout:/usr/bin/ceph: stderr
2024-05-10T20:55:42.280+0000 7f4284c00700 1 -- 172.21.15.50:0/2833128884 <== mon.0 v2:172.21.15.50:3300/0 6 ==== mon_command_ack([{"prefix": "get_command_descriptions"}]=0 v0) ==== 72+0+191963 (secure 0 0 0) 0x7f427801f030 con 0x7f4288111830
2024-05-10T20:55:43.483 INFO:teuthology.orchestra.run.smithi050.stdout:/usr/bin/ceph: stderr
2024-05-10T20:55:42.519+0000 7f428f200700 1 -- 172.21.15.50:0/2833128884 --> [v2:172.21.15.50:3300/0,v1:172.21.15.50:6789/0] -- mon_command([{prefix=config set, name=mgr/dashboard/ssl_server_port}] v 0) -- 0x7f42881a7d30 con 0x7f4288111830
2024-05-10T20:55:43.483 INFO:teuthology.orchestra.run.smithi050.stdout:/usr/bin/ceph: stderr
2024-05-10T20:55:42.524+0000 7f4284c00700 1 -- 172.21.15.50:0/2833128884 <== mon.0 v2:172.21.15.50:3300/0 7 ==== mon_command_ack([{prefix=config set, name=mgr/dashboard/ssl_server_port}]=0 v8)=0 v8) ==== 130+0+0 (secure 0 0 0) 0x7f4288112390 con 0x7f4288111830
2024-05-10T20:55:43.483 INFO:teuthology.orchestra.run.smithi050.stdout:/usr/bin/ceph: stderr
2024-05-10T20:55:42.527+0000 7f428f200700 1 -- 172.21.15.50:0/2833128884 >> [v2:172.21.15.50:6800/3321516664,v1:172.21.15.50:6801/3321516664] conn(0x7f426c03e4c0 msgr2=0x7f426c0409d0 secure :-1 s=STATE_CONNECTION_ESTABLISHED l=1).mark_down
2024-05-10T20:55:43.483 INFO:teuthology.orchestra.run.smithi050.stdout:/usr/bin/ceph: stderr
2024-05-10T20:55:42.527+0000 7f428f200700 1 --2- 172.21.15.50:0/2833128884 >> [v2:172.21.15.50:6800/3321516664,v1:172.21.15.50:6801/3321516664] conn(0x7f426c03e4c0 0x7f426c0409d0 secure :-1 s=READY pgs=15 cs=0 l=1 rev1=1 crypto rx=0x7f4274006fd0 tx=0x7f4274006e40 comp rx=0 tx=0).stop
2024-05-10T20:55:43.483 INFO:teuthology.orchestra.run.smithi050.stdout:/usr/bin/ceph: stderr
2024-05-10T20:55:42.527+0000 7f428f200700 1 -- 172.21.15.50:0/2833128884 >> [v2:172.21.15.50:3300/0,v1:172.21.15.50:6789/0] conn(0x7f4288111830 msgr2=0x7f42881a4640 secure :-1 s=STATE_CONNECTION_ESTABLISHED l=1).mark_down
2024-05-10T20:55:43.484 INFO:teuthology.orchestra.run.smithi050.stdout:/usr/bin/ceph: stderr
2024-05-10T20:55:42.527+0000 7f428f200700 1 --2- 172.21.15.50:0/2833128884 >> [v2:172.21.15.50:3300/0,v1:172.21.15.50:6789/0] conn(0x7f4288111830 0x7f42881a4640 secure :-1 s=READY pgs=54 cs=0 l=1 rev1=1 crypto rx=0x7f42780119f0 tx=0x7f4278011ad0 comp rx=0 tx=0).stop
2024-05-10T20:55:43.484 INFO:teuthology.orchestra.run.smithi050.stdout:/usr/bin/ceph: stderr
2024-05-10T20:55:42.527+0000 7f428f200700 1 -- 172.21.15.50:0/2833128884 shutdown_connections
2024-05-10T20:55:43.484 INFO:teuthology.orchestra.run.smithi050.stdout:/usr/bin/ceph: stderr
2024-05-10T20:55:42.527+0000 7f428f200700 1 --2- 172.21.15.50:0/2833128884 >> [v2:172.21.15.50:6800/3321516664,v1:172.21.15.50:6801/3321516664] conn(0x7f426c03e4c0 0x7f426c0409d0 unknown :-1 s=CLOSED pgs=15 cs=0 l=1 rev1=1 crypto rx=0 tx=0 comp rx=0 tx=0).stop
2024-05-10T20:55:43.484 INFO:teuthology.orchestra.run.smithi050.stdout:/usr/bin/ceph: stderr
2024-05-10T20:55:42.527+0000 7f428f200700 1 --2- 172.21.15.50:0/2833128884 >> [v2:172.21.15.50:3300/0,v1:172.21.15.50:6789/0] conn(0x7f4288111830 0x7f42881a4640 unknown :-1 s=CLOSED pgs=54 cs=0 l=1 rev1=1 crypto rx=0 tx=0 comp rx=0 tx=0).stop
2024-05-10T20:55:43.484 INFO:teuthology.orchestra.run.smithi050.stdout:/usr/bin/ceph: stderr
2024-05-10T20:55:42.527+0000 7f428f200700 1 -- 172.21.15.50:0/2833128884 >> 172.21.15.50:0/2833128884 conn(0x7f428807f3b0 msgr2=0x7f4288080cb0 unknown :-1 s=STATE_NONE l=0).mark_down
2024-05-10T20:55:43.484 INFO:teuthology.orchestra.run.smithi050.stdout:/usr/bin/ceph: stderr
2024-05-10T20:55:42.528+0000 7f428f200700 1 -- 172.21.15.50:0/2833128884 shutdown_connections
2024-05-10T20:55:43.484 INFO:teuthology.orchestra.run.smithi050.stdout:/usr/bin/ceph: stderr
2024-05-10T20:55:42.528+0000 7f428f200700 1 -- 172.21.15.50:0/2833128884 wait complete.
2024-05-10T20:55:43.484 INFO:teuthology.orchestra.run.smithi050.stdout:Enabling the dashboard module...
2024-05-10T20:55:43.794 INFO:journalctl@ceph.mon.a.smithi050.stdout:May 10 20:55:43 smithi050 ceph-mon[29546]: from='client.? 172.21.15.50:0/2833128884' entity='client.admin'
2024-05-10T20:55:43.794 INFO:journalctl@ceph.mon.a.smithi050.stdout:May 10 20:55:43 smithi050 ceph-mon[29546]: from='mgr.14120 172.21.15.50:0/2162255015' entity='mgr.x'
2024-05-10T20:55:44.922 INFO:journalctl@ceph.mon.a.smithi050.stdout:May 10 20:55:44 smithi050 ceph-mon[29546]: pgmap v5: 0 pgs: ; 0 B data, 0 B used, 0 B / 0 B avail
2024-05-10T20:55:45.762 INFO:journalctl@ceph.mon.a.smithi050.stdout:May 10 20:55:45 smithi050 ceph-mon[29546]: from='client.? 172.21.15.50:0/2987658523' entity='client.admin' cmd=[{"prefix": "mgr module enable", "module": "dashboard"}]: dispatch
2024-05-10T20:55:45.762 INFO:journalctl@ceph.mon.a.smithi050.stdout:May 10 20:55:45 smithi050 ceph-mon[29546]: from='mgr.14120 172.21.15.50:0/2162255015' entity='mgr.x'
2024-05-10T20:55:46.173 INFO:journalctl@ceph.mgr.x.smithi050.stdout:May 10 20:55:45 smithi050 ceph-55ba4db6-0f0f-11ef-bc98-c7b262605968-mgr-x[29777]: ignoring --setuser ceph since I am not root
2024-05-10T20:55:46.173 INFO:journalctl@ceph.mgr.x.smithi050.stdout:May 10 20:55:45 smithi050 ceph-55ba4db6-0f0f-11ef-bc98-c7b262605968-mgr-x[29777]: ignoring --setgroup ceph since I am not root
2024-05-10T20:55:46.173 INFO:journalctl@ceph.mgr.x.smithi050.stdout:May 10 20:55:45 smithi050 ceph-55ba4db6-0f0f-11ef-bc98-c7b262605968-mgr-x[29777]:
2024-05-10T20:55:45.942+0000 7fc3cf3ce200 -1 mgr[py] Module balancer has missing NOTIFY_TYPES member
2024-05-10T20:55:46.251 INFO:teuthology.orchestra.run.smithi050.stdout:/usr/bin/ceph: stderr
2024-05-10T20:55:44.197+0000 7f9663a00700 1 Processor -- start
2024-05-10T20:55:46.257 INFO:teuthology.orchestra.run.smithi050.stdout:/usr/bin/ceph: stderr
2024-05-10T20:55:44.197+0000 7f9663a00700 1 -- start start
2024-05-10T20:55:46.258 INFO:teuthology.orchestra.run.smithi050.stdout:/usr/bin/ceph: stderr
2024-05-10T20:55:44.198+0000 7f9663a00700 1 --2- >> [v2:172.21.15.50:3300/0,v1:172.21.15.50:6789/0] conn(0x7f965c109c00 0x7f965c10a010 unknown :-1 s=NONE pgs=0 cs=0 l=0 rev1=0 crypto rx=0 tx=0 comp rx=0 tx=0).connect
2024-05-10T20:55:46.258 INFO:teuthology.orchestra.run.smithi050.stdout:/usr/bin/ceph: stderr
2024-05-10T20:55:44.198+0000 7f9663a00700 1 -- --> [v2:172.21.15.50:3300/0,v1:172.21.15.50:6789/0] -- mon_getmap magic: 0 -- 0x7f965c10a600 con 0x7f965c109c00
2024-05-10T20:55:46.258 INFO:teuthology.orchestra.run.smithi050.stdout:/usr/bin/ceph: stderr
2024-05-10T20:55:44.198+0000 7f9661000700 1 --2- >> [v2:172.21.15.50:3300/0,v1:172.21.15.50:6789/0] conn(0x7f965c109c00 0x7f965c10a010 unknown :-1 s=BANNER_CONNECTING pgs=0 cs=0 l=0 rev1=0 crypto rx=0 tx=0 comp rx=0 tx=0)._handle_peer_banner_payload supported=3 required=0
2024-05-10T20:55:46.258 INFO:teuthology.orchestra.run.smithi050.stdout:/usr/bin/ceph: stderr
2024-05-10T20:55:44.198+0000 7f9661000700 1 --2- >> [v2:172.21.15.50:3300/0,v1:172.21.15.50:6789/0] conn(0x7f965c109c00 0x7f965c10a010 unknown :-1 s=HELLO_CONNECTING pgs=0 cs=0 l=0 rev1=1 crypto rx=0 tx=0 comp rx=0 tx=0).handle_hello peer v2:172.21.15.50:3300/0 says I am v2:172.21.15.50:42216/0 (socket says 172.21.15.50:42216)
2024-05-10T20:55:46.258 INFO:teuthology.orchestra.run.smithi050.stdout:/usr/bin/ceph: stderr
2024-05-10T20:55:44.198+0000 7f9661000700 1 -- 172.21.15.50:0/17737285 learned_addr learned my addr 172.21.15.50:0/17737285 (peer_addr_for_me v2:172.21.15.50:0/0)
2024-05-10T20:55:46.258 INFO:teuthology.orchestra.run.smithi050.stdout:/usr/bin/ceph: stderr
2024-05-10T20:55:44.199+0000 7f9661000700 1 -- 172.21.15.50:0/17737285 --> [v2:172.21.15.50:3300/0,v1:172.21.15.50:6789/0] -- mon_subscribe({config=0+,monmap=0+}) -- 0x7f965c10ad80 con 0x7f965c109c00
2024-05-10T20:55:46.258 INFO:teuthology.orchestra.run.smithi050.stdout:/usr/bin/ceph: stderr
2024-05-10T20:55:44.199+0000 7f9661000700 1 --2- 172.21.15.50:0/17737285 >> [v2:172.21.15.50:3300/0,v1:172.21.15.50:6789/0] conn(0x7f965c109c00 0x7f965c10a010 secure :-1 s=READY pgs=55 cs=0 l=1 rev1=1 crypto rx=0x7f96500098a0 tx=0x7f9650009bb0 comp rx=0 tx=0).ready entity=mon.0 client_cookie=8fe0de0c28a2b298 server_cookie=0 in_seq=0 out_seq=0
2024-05-10T20:55:46.258 INFO:teuthology.orchestra.run.smithi050.stdout:/usr/bin/ceph: stderr
2024-05-10T20:55:44.199+0000 7f965b400700 1 -- 172.21.15.50:0/17737285 <== mon.0 v2:172.21.15.50:3300/0 1 ==== mon_map magic: 0 ==== 205+0+0 (secure 0 0 0) 0x7f9650004160 con 0x7f965c109c00
2024-05-10T20:55:46.258 INFO:teuthology.orchestra.run.smithi050.stdout:/usr/bin/ceph: stderr
2024-05-10T20:55:44.199+0000 7f965b400700 1 -- 172.21.15.50:0/17737285 <== mon.0 v2:172.21.15.50:3300/0 2 ==== config(26 keys) ==== 1101+0+0 (secure 0 0 0) 0x7f9650004300 con 0x7f965c109c00
2024-05-10T20:55:46.258 INFO:teuthology.orchestra.run.smithi050.stdout:/usr/bin/ceph: stderr
2024-05-10T20:55:44.199+0000 7f965b400700 1 -- 172.21.15.50:0/17737285 <== mon.0 v2:172.21.15.50:3300/0 3 ==== mon_map magic: 0 ==== 205+0+0 (secure 0 0 0) 0x7f9650011a20 con 0x7f965c109c00
2024-05-10T20:55:46.258 INFO:teuthology.orchestra.run.smithi050.stdout:/usr/bin/ceph: stderr
2024-05-10T20:55:44.200+0000 7f9663a00700 1 -- 172.21.15.50:0/17737285 >> [v2:172.21.15.50:3300/0,v1:172.21.15.50:6789/0] conn(0x7f965c109c00 msgr2=0x7f965c10a010 secure :-1 s=STATE_CONNECTION_ESTABLISHED l=1).mark_down
2024-05-10T20:55:46.258 INFO:teuthology.orchestra.run.smithi050.stdout:/usr/bin/ceph: stderr
2024-05-10T20:55:44.200+0000 7f9663a00700 1 --2- 172.21.15.50:0/17737285 >> [v2:172.21.15.50:3300/0,v1:172.21.15.50:6789/0] conn(0x7f965c109c00 0x7f965c10a010 secure :-1 s=READY pgs=55 cs=0 l=1 rev1=1 crypto rx=0x7f96500098a0 tx=0x7f9650009bb0 comp rx=0 tx=0).stop
2024-05-10T20:55:46.259 INFO:teuthology.orchestra.run.smithi050.stdout:/usr/bin/ceph: stderr
2024-05-10T20:55:44.200+0000 7f9663a00700 1 -- 172.21.15.50:0/17737285 shutdown_connections
2024-05-10T20:55:46.259 INFO:teuthology.orchestra.run.smithi050.stdout:/usr/bin/ceph: stderr
2024-05-10T20:55:44.200+0000 7f9663a00700 1 --2- 172.21.15.50:0/17737285 >> [v2:172.21.15.50:3300/0,v1:172.21.15.50:6789/0] conn(0x7f965c109c00 0x7f965c10a010 unknown :-1 s=CLOSED pgs=55 cs=0 l=1 rev1=1 crypto rx=0 tx=0 comp rx=0 tx=0).stop
2024-05-10T20:55:46.259 INFO:teuthology.orchestra.run.smithi050.stdout:/usr/bin/ceph: stderr
2024-05-10T20:55:44.200+0000 7f9663a00700 1 -- 172.21.15.50:0/17737285 >> 172.21.15.50:0/17737285 conn(0x7f965c105240 msgr2=0x7f965c1076f0 unknown :-1 s=STATE_NONE l=0).mark_down
2024-05-10T20:55:46.259 INFO:teuthology.orchestra.run.smithi050.stdout:/usr/bin/ceph: stderr
2024-05-10T20:55:44.201+0000 7f9663a00700 1 -- 172.21.15.50:0/17737285 shutdown_connections
2024-05-10T20:55:46.259 INFO:teuthology.orchestra.run.smithi050.stdout:/usr/bin/ceph: stderr
2024-05-10T20:55:44.201+0000 7f9663a00700 1 -- 172.21.15.50:0/17737285 wait complete.
2024-05-10T20:55:46.259 INFO:teuthology.orchestra.run.smithi050.stdout:/usr/bin/ceph: stderr
2024-05-10T20:55:44.202+0000 7f9663a00700 1 Processor -- start
2024-05-10T20:55:46.259 INFO:teuthology.orchestra.run.smithi050.stdout:/usr/bin/ceph: stderr
2024-05-10T20:55:44.202+0000 7f9663a00700 1 -- start start
2024-05-10T20:55:46.259 INFO:teuthology.orchestra.run.smithi050.stdout:/usr/bin/ceph: stderr
2024-05-10T20:55:44.203+0000 7f9663a00700 1 --2- >> [v2:172.21.15.50:3300/0,v1:172.21.15.50:6789/0] conn(0x7f965c109c00 0x7f965c07f490 unknown :-1 s=NONE pgs=0 cs=0 l=1 rev1=0 crypto rx=0 tx=0 comp rx=0 tx=0).connect
2024-05-10T20:55:46.259 INFO:teuthology.orchestra.run.smithi050.stdout:/usr/bin/ceph: stderr
2024-05-10T20:55:44.203+0000 7f9663a00700 1 -- --> [v2:172.21.15.50:3300/0,v1:172.21.15.50:6789/0] -- mon_getmap magic: 0 -- 0x7f965c10e130 con 0x7f965c109c00
2024-05-10T20:55:46.259 INFO:teuthology.orchestra.run.smithi050.stdout:/usr/bin/ceph: stderr
2024-05-10T20:55:44.203+0000 7f9661000700 1 --2- >> [v2:172.21.15.50:3300/0,v1:172.21.15.50:6789/0] conn(0x7f965c109c00 0x7f965c07f490 unknown :-1 s=BANNER_CONNECTING pgs=0 cs=0 l=1 rev1=0 crypto rx=0 tx=0 comp rx=0 tx=0)._handle_peer_banner_payload supported=3 required=0
2024-05-10T20:55:46.259 INFO:teuthology.orchestra.run.smithi050.stdout:/usr/bin/ceph: stderr
2024-05-10T20:55:44.203+0000 7f9661000700 1 --2- >> [v2:172.21.15.50:3300/0,v1:172.21.15.50:6789/0] conn(0x7f965c109c00 0x7f965c07f490 unknown :-1 s=HELLO_CONNECTING pgs=0 cs=0 l=1 rev1=1 crypto rx=0 tx=0 comp rx=0 tx=0).handle_hello peer v2:172.21.15.50:3300/0 says I am v2:172.21.15.50:42228/0 (socket says 172.21.15.50:42228)
2024-05-10T20:55:46.259 INFO:teuthology.orchestra.run.smithi050.stdout:/usr/bin/ceph: stderr
2024-05-10T20:55:44.203+0000 7f9661000700 1 -- 172.21.15.50:0/2987658523 learned_addr learned my addr 172.21.15.50:0/2987658523 (peer_addr_for_me v2:172.21.15.50:0/0)
2024-05-10T20:55:46.259 INFO:teuthology.orchestra.run.smithi050.stdout:/usr/bin/ceph: stderr
2024-05-10T20:55:44.203+0000 7f9661000700 1 -- 172.21.15.50:0/2987658523 --> [v2:172.21.15.50:3300/0,v1:172.21.15.50:6789/0] -- mon_subscribe({config=0+,monmap=0+}) -- 0x7f965c07f9d0 con 0x7f965c109c00
2024-05-10T20:55:46.260 INFO:teuthology.orchestra.run.smithi050.stdout:/usr/bin/ceph: stderr
2024-05-10T20:55:44.204+0000 7f9661000700 1 --2- 172.21.15.50:0/2987658523 >> [v2:172.21.15.50:3300/0,v1:172.21.15.50:6789/0] conn(0x7f965c109c00 0x7f965c07f490 secure :-1 s=READY pgs=56 cs=0 l=1 rev1=1 crypto rx=0x7f9650009130 tx=0x7f9650011aa0 comp rx=0 tx=0).ready entity=mon.0 client_cookie=0 server_cookie=0 in_seq=0 out_seq=0
2024-05-10T20:55:46.260 INFO:teuthology.orchestra.run.smithi050.stdout:/usr/bin/ceph: stderr
2024-05-10T20:55:44.204+0000 7f9659600700 1 -- 172.21.15.50:0/2987658523 <== mon.0 v2:172.21.15.50:3300/0 1 ==== mon_map magic: 0 ==== 205+0+0 (secure 0 0 0) 0x7f9650003aa0 con 0x7f965c109c00
2024-05-10T20:55:46.260 INFO:teuthology.orchestra.run.smithi050.stdout:/usr/bin/ceph: stderr
2024-05-10T20:55:44.204+0000 7f9659600700 1 -- 172.21.15.50:0/2987658523 <== mon.0 v2:172.21.15.50:3300/0 2 ==== config(26 keys) ==== 1101+0+0 (secure 0 0 0) 0x7f965001a8e0 con 0x7f965c109c00
2024-05-10T20:55:46.260 INFO:teuthology.orchestra.run.smithi050.stdout:/usr/bin/ceph: stderr
2024-05-10T20:55:44.204+0000 7f9663a00700 1 -- 172.21.15.50:0/2987658523 --> [v2:172.21.15.50:3300/0,v1:172.21.15.50:6789/0] -- mon_subscribe({mgrmap=0+}) -- 0x7f965c07dc20 con 0x7f965c109c00
2024-05-10T20:55:46.260 INFO:teuthology.orchestra.run.smithi050.stdout:/usr/bin/ceph: stderr
2024-05-10T20:55:44.204+0000 7f9659600700 1 -- 172.21.15.50:0/2987658523 <== mon.0 v2:172.21.15.50:3300/0 3 ==== mon_map magic: 0 ==== 205+0+0 (secure 0 0 0) 0x7f96500248f0 con 0x7f965c109c00
2024-05-10T20:55:46.260 INFO:teuthology.orchestra.run.smithi050.stdout:/usr/bin/ceph: stderr
2024-05-10T20:55:44.204+0000 7f9663a00700 1 -- 172.21.15.50:0/2987658523 --> [v2:172.21.15.50:3300/0,v1:172.21.15.50:6789/0] -- mon_subscribe({osdmap=0}) -- 0x7f965c07e100 con 0x7f965c109c00
2024-05-10T20:55:46.260 INFO:teuthology.orchestra.run.smithi050.stdout:/usr/bin/ceph: stderr
2024-05-10T20:55:44.206+0000 7f9663a00700 1 -- 172.21.15.50:0/2987658523 --> [v2:172.21.15.50:3300/0,v1:172.21.15.50:6789/0] -- mon_command({"prefix": "get_command_descriptions"} v 0) -- 0x7f965c064e20 con 0x7f965c109c00
2024-05-10T20:55:46.260 INFO:teuthology.orchestra.run.smithi050.stdout:/usr/bin/ceph: stderr
2024-05-10T20:55:44.207+0000 7f9659600700 1 -- 172.21.15.50:0/2987658523 <== mon.0 v2:172.21.15.50:3300/0 4 ==== mgrmap(e 8) ==== 50222+0+0 (secure 0 0 0) 0x7f9650022020 con 0x7f965c109c00
2024-05-10T20:55:46.260 INFO:teuthology.orchestra.run.smithi050.stdout:/usr/bin/ceph: stderr
2024-05-10T20:55:44.207+0000 7f9659600700 1 --2- 172.21.15.50:0/2987658523 >> [v2:172.21.15.50:6800/3321516664,v1:172.21.15.50:6801/3321516664] conn(0x7f964403e4c0 0x7f96440409d0 unknown :-1 s=NONE pgs=0 cs=0 l=1 rev1=0 crypto rx=0 tx=0 comp rx=0 tx=0).connect
2024-05-10T20:55:46.260 INFO:teuthology.orchestra.run.smithi050.stdout:/usr/bin/ceph: stderr
2024-05-10T20:55:44.207+0000 7f9659600700 1 -- 172.21.15.50:0/2987658523 <== mon.0 v2:172.21.15.50:3300/0 5 ==== osd_map(2..2 src has 1..2) ==== 940+0+0 (secure 0 0 0) 0x7f96500537a0 con 0x7f965c109c00
2024-05-10T20:55:46.260 INFO:teuthology.orchestra.run.smithi050.stdout:/usr/bin/ceph: stderr
2024-05-10T20:55:44.208+0000 7f965be00700 1 --2- 172.21.15.50:0/2987658523 >> [v2:172.21.15.50:6800/3321516664,v1:172.21.15.50:6801/3321516664] conn(0x7f964403e4c0 0x7f96440409d0 unknown :-1 s=BANNER_CONNECTING pgs=0 cs=0 l=1 rev1=0 crypto rx=0 tx=0 comp rx=0 tx=0)._handle_peer_banner_payload supported=3 required=0
2024-05-10T20:55:46.260 INFO:teuthology.orchestra.run.smithi050.stdout:/usr/bin/ceph: stderr
2024-05-10T20:55:44.209+0000 7f965be00700 1 --2- 172.21.15.50:0/2987658523 >> [v2:172.21.15.50:6800/3321516664,v1:172.21.15.50:6801/3321516664] conn(0x7f964403e4c0 0x7f96440409d0 secure :-1 s=READY pgs=16 cs=0 l=1 rev1=1 crypto rx=0x7f9648006fd0 tx=0x7f9648006e40 comp rx=0 tx=0).ready entity=mgr.14120 client_cookie=0 server_cookie=0 in_seq=0 out_seq=0
2024-05-10T20:55:46.260 INFO:teuthology.orchestra.run.smithi050.stdout:/usr/bin/ceph: stderr
2024-05-10T20:55:44.214+0000 7f9659600700 1 -- 172.21.15.50:0/2987658523 <== mon.0 v2:172.21.15.50:3300/0 6 ==== mon_command_ack([{"prefix": "get_command_descriptions"}]=0 v0) ==== 72+0+191963 (secure 0 0 0) 0x7f9650029df0 con 0x7f965c109c00
2024-05-10T20:55:46.261 INFO:teuthology.orchestra.run.smithi050.stdout:/usr/bin/ceph: stderr
2024-05-10T20:55:44.533+0000 7f9663a00700 1 -- 172.21.15.50:0/2987658523 --> [v2:172.21.15.50:3300/0,v1:172.21.15.50:6789/0] -- mon_command({"prefix": "mgr module enable", "module": "dashboard"} v 0) -- 0x7f965c07e7f0 con 0x7f965c109c00
2024-05-10T20:55:46.261 INFO:teuthology.orchestra.run.smithi050.stdout:/usr/bin/ceph: stderr
2024-05-10T20:55:45.533+0000 7f9659600700 1 -- 172.21.15.50:0/2987658523 <== mon.0 v2:172.21.15.50:3300/0 7 ==== mon_command_ack([{"prefix": "mgr module enable", "module": "dashboard"}]=0 v9) ==== 88+0+0 (secure 0 0 0) 0x7f965001aa90 con 0x7f965c109c00
2024-05-10T20:55:46.261 INFO:teuthology.orchestra.run.smithi050.stdout:/usr/bin/ceph: stderr
2024-05-10T20:55:45.537+0000 7f9659600700 1 -- 172.21.15.50:0/2987658523 <== mon.0 v2:172.21.15.50:3300/0 8 ==== mgrmap(e 9) ==== 50235+0+0 (secure 0 0 0) 0x7f9650055ca0 con 0x7f965c109c00
2024-05-10T20:55:46.261 INFO:teuthology.orchestra.run.smithi050.stdout:/usr/bin/ceph: stderr
2024-05-10T20:55:45.538+0000 7f9663a00700 1 -- 172.21.15.50:0/2987658523 >> [v2:172.21.15.50:6800/3321516664,v1:172.21.15.50:6801/3321516664] conn(0x7f964403e4c0 msgr2=0x7f96440409d0 secure :-1 s=STATE_CONNECTION_ESTABLISHED l=1).mark_down
2024-05-10T20:55:46.261 INFO:teuthology.orchestra.run.smithi050.stdout:/usr/bin/ceph: stderr
2024-05-10T20:55:45.538+0000 7f9663a00700 1 --2- 172.21.15.50:0/2987658523 >> [v2:172.21.15.50:6800/3321516664,v1:172.21.15.50:6801/3321516664] conn(0x7f964403e4c0 0x7f96440409d0 secure :-1 s=READY pgs=16 cs=0 l=1 rev1=1 crypto rx=0x7f9648006fd0 tx=0x7f9648006e40 comp rx=0 tx=0).stop
2024-05-10T20:55:46.261 INFO:teuthology.orchestra.run.smithi050.stdout:/usr/bin/ceph: stderr
2024-05-10T20:55:45.538+0000 7f9663a00700 1 -- 172.21.15.50:0/2987658523 >> [v2:172.21.15.50:3300/0,v1:172.21.15.50:6789/0] conn(0x7f965c109c00 msgr2=0x7f965c07f490 secure :-1 s=STATE_CONNECTION_ESTABLISHED l=1).mark_down
2024-05-10T20:55:46.261 INFO:teuthology.orchestra.run.smithi050.stdout:/usr/bin/ceph: stderr
2024-05-10T20:55:45.538+0000 7f9663a00700 1 --2- 172.21.15.50:0/2987658523 >> [v2:172.21.15.50:3300/0,v1:172.21.15.50:6789/0] conn(0x7f965c109c00 0x7f965c07f490 secure :-1 s=READY pgs=56 cs=0 l=1 rev1=1 crypto rx=0x7f9650009130 tx=0x7f9650011aa0 comp rx=0 tx=0).stop
2024-05-10T20:55:46.261 INFO:teuthology.orchestra.run.smithi050.stdout:/usr/bin/ceph: stderr
2024-05-10T20:55:45.538+0000 7f9663a00700 1 -- 172.21.15.50:0/2987658523 shutdown_connections
2024-05-10T20:55:46.261 INFO:teuthology.orchestra.run.smithi050.stdout:/usr/bin/ceph: stderr
2024-05-10T20:55:45.538+0000 7f9663a00700 1 --2- 172.21.15.50:0/2987658523 >> [v2:172.21.15.50:6800/3321516664,v1:172.21.15.50:6801/3321516664] conn(0x7f964403e4c0 0x7f96440409d0 unknown :-1 s=CLOSED pgs=16 cs=0 l=1 rev1=1 crypto rx=0 tx=0 comp rx=0 tx=0).stop
2024-05-10T20:55:46.261 INFO:teuthology.orchestra.run.smithi050.stdout:/usr/bin/ceph: stderr
2024-05-10T20:55:45.538+0000 7f9663a00700 1 --2- 172.21.15.50:0/2987658523 >> [v2:172.21.15.50:3300/0,v1:172.21.15.50:6789/0] conn(0x7f965c109c00 0x7f965c07f490 unknown :-1 s=CLOSED pgs=56 cs=0 l=1 rev1=1 crypto rx=0 tx=0 comp rx=0 tx=0).stop
2024-05-10T20:55:46.261 INFO:teuthology.orchestra.run.smithi050.stdout:/usr/bin/ceph: stderr
2024-05-10T20:55:45.538+0000 7f9663a00700 1 -- 172.21.15.50:0/2987658523 >> 172.21.15.50:0/2987658523 conn(0x7f965c105240 msgr2=0x7f965c105b70 unknown :-1 s=STATE_NONE l=0).mark_down
2024-05-10T20:55:46.261 INFO:teuthology.orchestra.run.smithi050.stdout:/usr/bin/ceph: stderr
2024-05-10T20:55:45.539+0000 7f9663a00700 1 -- 172.21.15.50:0/2987658523 shutdown_connections
2024-05-10T20:55:46.261 INFO:teuthology.orchestra.run.smithi050.stdout:/usr/bin/ceph: stderr
2024-05-10T20:55:45.539+0000 7f9663a00700 1 -- 172.21.15.50:0/2987658523 wait complete.
2024-05-10T20:55:46.474 INFO:journalctl@ceph.mgr.x.smithi050.stdout:May 10 20:55:46 smithi050 ceph-55ba4db6-0f0f-11ef-bc98-c7b262605968-mgr-x[29777]:
2024-05-10T20:55:46.198+0000 7fc3cf3ce200 -1 mgr[py] Module orchestrator has missing NOTIFY_TYPES member
2024-05-10T20:55:46.475 INFO:journalctl@ceph.mgr.x.smithi050.stdout:May 10 20:55:46 smithi050 ceph-55ba4db6-0f0f-11ef-bc98-c7b262605968-mgr-x[29777]:
2024-05-10T20:55:46.346+0000 7fc3cf3ce200 -1 mgr[py] Module snap_schedule has missing NOTIFY_TYPES member
2024-05-10T20:55:46.737 INFO:journalctl@ceph.mon.a.smithi050.stdout:May 10 20:55:46 smithi050 ceph-mon[29546]: from='client.? 172.21.15.50:0/2987658523' entity='client.admin' cmd='[{"prefix": "mgr module enable", "module": "dashboard"}]': finished
2024-05-10T20:55:46.738 INFO:journalctl@ceph.mon.a.smithi050.stdout:May 10 20:55:46 smithi050 ceph-mon[29546]: mgrmap e9: x(active, since 26s)
2024-05-10T20:55:46.988 INFO:journalctl@ceph.mgr.x.smithi050.stdout:May 10 20:55:46 smithi050 ceph-55ba4db6-0f0f-11ef-bc98-c7b262605968-mgr-x[29777]:
2024-05-10T20:55:46.780+0000 7fc3cf3ce200 -1 mgr[py] Module progress has missing NOTIFY_TYPES member
2024-05-10T20:55:46.988 INFO:journalctl@ceph.mgr.x.smithi050.stdout:May 10 20:55:46 smithi050 ceph-55ba4db6-0f0f-11ef-bc98-c7b262605968-mgr-x[29777]:
2024-05-10T20:55:46.905+0000 7fc3cf3ce200 -1 mgr[py] Module influx has missing NOTIFY_TYPES member
2024-05-10T20:55:47.897 INFO:journalctl@ceph.mon.a.smithi050.stdout:May 10 20:55:47 smithi050 ceph-mon[29546]: from='client.? 172.21.15.50:0/1876808871' entity='client.admin' cmd=[{"prefix": "mgr stat"}]: dispatch
2024-05-10T20:55:47.907 INFO:teuthology.orchestra.run.smithi050.stdout:/usr/bin/ceph: stdout {
2024-05-10T20:55:47.913 INFO:teuthology.orchestra.run.smithi050.stdout:/usr/bin/ceph: stdout "epoch": 9,
2024-05-10T20:55:47.913 INFO:teuthology.orchestra.run.smithi050.stdout:/usr/bin/ceph: stdout "available": true,
2024-05-10T20:55:47.913 INFO:teuthology.orchestra.run.smithi050.stdout:/usr/bin/ceph: stdout "active_name": "x",
2024-05-10T20:55:47.913 INFO:teuthology.orchestra.run.smithi050.stdout:/usr/bin/ceph: stdout "num_standby": 0
2024-05-10T20:55:47.914 INFO:teuthology.orchestra.run.smithi050.stdout:/usr/bin/ceph: stdout }
2024-05-10T20:55:47.914 INFO:teuthology.orchestra.run.smithi050.stdout:/usr/bin/ceph: stderr
2024-05-10T20:55:46.968+0000 7fdacca00700 1 Processor -- start
2024-05-10T20:55:47.914 INFO:teuthology.orchestra.run.smithi050.stdout:/usr/bin/ceph: stderr
2024-05-10T20:55:46.968+0000 7fdacca00700 1 -- start start
2024-05-10T20:55:47.914 INFO:teuthology.orchestra.run.smithi050.stdout:/usr/bin/ceph: stderr
2024-05-10T20:55:46.968+0000 7fdacca00700 1 --2- >> [v2:172.21.15.50:3300/0,v1:172.21.15.50:6789/0] conn(0x7fdac807ee00 0x7fdac807d230 unknown :-1 s=NONE pgs=0 cs=0 l=0 rev1=0 crypto rx=0 tx=0 comp rx=0 tx=0).connect
2024-05-10T20:55:47.914 INFO:teuthology.orchestra.run.smithi050.stdout:/usr/bin/ceph: stderr
2024-05-10T20:55:46.969+0000 7fdacca00700 1 -- --> [v2:172.21.15.50:3300/0,v1:172.21.15.50:6789/0] -- mon_getmap magic: 0 -- 0x7fdac807d770 con 0x7fdac807ee00
2024-05-10T20:55:47.914 INFO:teuthology.orchestra.run.smithi050.stdout:/usr/bin/ceph: stderr
2024-05-10T20:55:46.969+0000 7fdac7400700 1 --2- >> [v2:172.21.15.50:3300/0,v1:172.21.15.50:6789/0] conn(0x7fdac807ee00 0x7fdac807d230 unknown :-1 s=BANNER_CONNECTING pgs=0 cs=0 l=0 rev1=0 crypto rx=0 tx=0 comp rx=0 tx=0)._handle_peer_banner_payload supported=3 required=0
2024-05-10T20:55:47.914 INFO:teuthology.orchestra.run.smithi050.stdout:/usr/bin/ceph: stderr
2024-05-10T20:55:46.969+0000 7fdac7400700 1 --2- >> [v2:172.21.15.50:3300/0,v1:172.21.15.50:6789/0] conn(0x7fdac807ee00 0x7fdac807d230 unknown :-1 s=HELLO_CONNECTING pgs=0 cs=0 l=0 rev1=1 crypto rx=0 tx=0 comp rx=0 tx=0).handle_hello peer v2:172.21.15.50:3300/0 says I am v2:172.21.15.50:42266/0 (socket says 172.21.15.50:42266)
2024-05-10T20:55:47.914 INFO:teuthology.orchestra.run.smithi050.stdout:/usr/bin/ceph: stderr
2024-05-10T20:55:46.969+0000 7fdac7400700 1 -- 172.21.15.50:0/2711842676 learned_addr learned my addr 172.21.15.50:0/2711842676 (peer_addr_for_me v2:172.21.15.50:0/0)
2024-05-10T20:55:47.914 INFO:teuthology.orchestra.run.smithi050.stdout:/usr/bin/ceph: stderr
2024-05-10T20:55:46.970+0000 7fdac7400700 1 -- 172.21.15.50:0/2711842676 --> [v2:172.21.15.50:3300/0,v1:172.21.15.50:6789/0] -- mon_subscribe({config=0+,monmap=0+}) -- 0x7fdac807d8f0 con 0x7fdac807ee00
2024-05-10T20:55:47.914 INFO:teuthology.orchestra.run.smithi050.stdout:/usr/bin/ceph: stderr
2024-05-10T20:55:46.970+0000 7fdac7400700 1 --2- 172.21.15.50:0/2711842676 >> [v2:172.21.15.50:3300/0,v1:172.21.15.50:6789/0] conn(0x7fdac807ee00 0x7fdac807d230 secure :-1 s=READY pgs=59 cs=0 l=1 rev1=1 crypto rx=0x7fdab8009e80 tx=0x7fdab800b330 comp rx=0 tx=0).ready entity=mon.0 client_cookie=4473253fb5598faa server_cookie=0 in_seq=0 out_seq=0
2024-05-10T20:55:47.914 INFO:teuthology.orchestra.run.smithi050.stdout:/usr/bin/ceph: stderr
2024-05-10T20:55:46.970+0000 7fdac6a00700 1 -- 172.21.15.50:0/2711842676 <== mon.0 v2:172.21.15.50:3300/0 1 ==== mon_map magic: 0 ==== 205+0+0 (secure 0 0 0) 0x7fdab8017070 con 0x7fdac807ee00
2024-05-10T20:55:47.914 INFO:teuthology.orchestra.run.smithi050.stdout:/usr/bin/ceph: stderr
2024-05-10T20:55:46.970+0000 7fdac6a00700 1 -- 172.21.15.50:0/2711842676 <== mon.0 v2:172.21.15.50:3300/0 2 ==== config(26 keys) ==== 1101+0+0 (secure 0 0 0) 0x7fdab800b8c0 con 0x7fdac807ee00
2024-05-10T20:55:47.914 INFO:teuthology.orchestra.run.smithi050.stdout:/usr/bin/ceph: stderr
2024-05-10T20:55:46.970+0000 7fdac6a00700 1 -- 172.21.15.50:0/2711842676 <== mon.0 v2:172.21.15.50:3300/0 3 ==== mon_map magic: 0 ==== 205+0+0 (secure 0 0 0) 0x7fdab8004490 con 0x7fdac807ee00
2024-05-10T20:55:47.915 INFO:teuthology.orchestra.run.smithi050.stdout:/usr/bin/ceph: stderr
2024-05-10T20:55:46.971+0000 7fdacca00700 1 -- 172.21.15.50:0/2711842676 >> [v2:172.21.15.50:3300/0,v1:172.21.15.50:6789/0] conn(0x7fdac807ee00 msgr2=0x7fdac807d230 secure :-1 s=STATE_CONNECTION_ESTABLISHED l=1).mark_down
2024-05-10T20:55:47.915 INFO:teuthology.orchestra.run.smithi050.stdout:/usr/bin/ceph: stderr
2024-05-10T20:55:46.971+0000 7fdacca00700 1 --2- 172.21.15.50:0/2711842676 >> [v2:172.21.15.50:3300/0,v1:172.21.15.50:6789/0] conn(0x7fdac807ee00 0x7fdac807d230 secure :-1 s=READY pgs=59 cs=0 l=1 rev1=1 crypto rx=0x7fdab8009e80 tx=0x7fdab800b330 comp rx=0 tx=0).stop
2024-05-10T20:55:47.915 INFO:teuthology.orchestra.run.smithi050.stdout:/usr/bin/ceph: stderr
2024-05-10T20:55:46.971+0000 7fdacca00700 1 -- 172.21.15.50:0/2711842676 shutdown_connections
2024-05-10T20:55:47.915 INFO:teuthology.orchestra.run.smithi050.stdout:/usr/bin/ceph: stderr
2024-05-10T20:55:46.971+0000 7fdacca00700 1 --2- 172.21.15.50:0/2711842676 >> [v2:172.21.15.50:3300/0,v1:172.21.15.50:6789/0] conn(0x7fdac807ee00 0x7fdac807d230 unknown :-1 s=CLOSED pgs=59 cs=0 l=1 rev1=1 crypto rx=0 tx=0 comp rx=0 tx=0).stop
2024-05-10T20:55:47.915 INFO:teuthology.orchestra.run.smithi050.stdout:/usr/bin/ceph: stderr
2024-05-10T20:55:46.971+0000 7fdacca00700 1 -- 172.21.15.50:0/2711842676 >> 172.21.15.50:0/2711842676 conn(0x7fdac8105080 msgr2=0x7fdac8107510 unknown :-1 s=STATE_NONE l=0).mark_down
2024-05-10T20:55:47.915 INFO:teuthology.orchestra.run.smithi050.stdout:/usr/bin/ceph: stderr
2024-05-10T20:55:46.972+0000 7fdacca00700 1 -- 172.21.15.50:0/2711842676 shutdown_connections
2024-05-10T20:55:47.915 INFO:teuthology.orchestra.run.smithi050.stdout:/usr/bin/ceph: stderr
2024-05-10T20:55:46.972+0000 7fdacca00700 1 -- 172.21.15.50:0/2711842676 wait complete.
2024-05-10T20:55:47.915 INFO:teuthology.orchestra.run.smithi050.stdout:/usr/bin/ceph: stderr
2024-05-10T20:55:46.973+0000 7fdacca00700 1 Processor -- start
2024-05-10T20:55:47.915 INFO:teuthology.orchestra.run.smithi050.stdout:/usr/bin/ceph: stderr
2024-05-10T20:55:46.973+0000 7fdacca00700 1 -- start start
2024-05-10T20:55:47.915 INFO:teuthology.orchestra.run.smithi050.stdout:/usr/bin/ceph: stderr
2024-05-10T20:55:46.973+0000 7fdacca00700 1 --2- >> [v2:172.21.15.50:3300/0,v1:172.21.15.50:6789/0] conn(0x7fdac807ee00 0x7fdac81a0070 unknown :-1 s=NONE pgs=0 cs=0 l=1 rev1=0 crypto rx=0 tx=0 comp rx=0 tx=0).connect
2024-05-10T20:55:47.915 INFO:teuthology.orchestra.run.smithi050.stdout:/usr/bin/ceph: stderr
2024-05-10T20:55:46.973+0000 7fdacca00700 1 -- --> [v2:172.21.15.50:3300/0,v1:172.21.15.50:6789/0] -- mon_getmap magic: 0 -- 0x7fdac8110040 con 0x7fdac807ee00
2024-05-10T20:55:47.915 INFO:teuthology.orchestra.run.smithi050.stdout:/usr/bin/ceph: stderr
2024-05-10T20:55:46.974+0000 7fdac7400700 1 --2- >> [v2:172.21.15.50:3300/0,v1:172.21.15.50:6789/0] conn(0x7fdac807ee00 0x7fdac81a0070 unknown :-1 s=BANNER_CONNECTING pgs=0 cs=0 l=1 rev1=0 crypto rx=0 tx=0 comp rx=0 tx=0)._handle_peer_banner_payload supported=3 required=0
2024-05-10T20:55:47.915 INFO:teuthology.orchestra.run.smithi050.stdout:/usr/bin/ceph: stderr
2024-05-10T20:55:46.974+0000 7fdac7400700 1 --2- >> [v2:172.21.15.50:3300/0,v1:172.21.15.50:6789/0] conn(0x7fdac807ee00 0x7fdac81a0070 unknown :-1 s=HELLO_CONNECTING pgs=0 cs=0 l=1 rev1=1 crypto rx=0 tx=0 comp rx=0 tx=0).handle_hello peer v2:172.21.15.50:3300/0 says I am v2:172.21.15.50:42274/0 (socket says 172.21.15.50:42274)
2024-05-10T20:55:47.915 INFO:teuthology.orchestra.run.smithi050.stdout:/usr/bin/ceph: stderr
2024-05-10T20:55:46.974+0000 7fdac7400700 1 -- 172.21.15.50:0/1876808871 learned_addr learned my addr 172.21.15.50:0/1876808871 (peer_addr_for_me v2:172.21.15.50:0/0)
2024-05-10T20:55:47.916 INFO:teuthology.orchestra.run.smithi050.stdout:/usr/bin/ceph: stderr
2024-05-10T20:55:46.974+0000 7fdac7400700 1 -- 172.21.15.50:0/1876808871 --> [v2:172.21.15.50:3300/0,v1:172.21.15.50:6789/0] -- mon_subscribe({config=0+,monmap=0+}) -- 0x7fdac81a05b0 con 0x7fdac807ee00
2024-05-10T20:55:47.916 INFO:teuthology.orchestra.run.smithi050.stdout:/usr/bin/ceph: stderr
2024-05-10T20:55:46.974+0000 7fdac7400700 1 --2- 172.21.15.50:0/1876808871 >> [v2:172.21.15.50:3300/0,v1:172.21.15.50:6789/0] conn(0x7fdac807ee00 0x7fdac81a0070 secure :-1 s=READY pgs=60 cs=0 l=1 rev1=1 crypto rx=0x7fdab800b7b0 tx=0x7fdab800bd30 comp rx=0 tx=0).ready entity=mon.0 client_cookie=0 server_cookie=0 in_seq=0 out_seq=0
2024-05-10T20:55:47.916 INFO:teuthology.orchestra.run.smithi050.stdout:/usr/bin/ceph: stderr
2024-05-10T20:55:46.975+0000 7fdac4c00700 1 -- 172.21.15.50:0/1876808871 <== mon.0 v2:172.21.15.50:3300/0 1 ==== mon_map magic: 0 ==== 205+0+0 (secure 0 0 0) 0x7fdab8020020 con 0x7fdac807ee00
2024-05-10T20:55:47.916 INFO:teuthology.orchestra.run.smithi050.stdout:/usr/bin/ceph: stderr
2024-05-10T20:55:46.975+0000 7fdac4c00700 1 -- 172.21.15.50:0/1876808871 <== mon.0 v2:172.21.15.50:3300/0 2 ==== config(26 keys) ==== 1101+0+0 (secure 0 0 0) 0x7fdab8012430 con 0x7fdac807ee00
2024-05-10T20:55:47.916 INFO:teuthology.orchestra.run.smithi050.stdout:/usr/bin/ceph: stderr
2024-05-10T20:55:46.975+0000 7fdacca00700 1 -- 172.21.15.50:0/1876808871 --> [v2:172.21.15.50:3300/0,v1:172.21.15.50:6789/0] -- mon_subscribe({mgrmap=0+}) -- 0x7fdac81a0840 con 0x7fdac807ee00
2024-05-10T20:55:47.916 INFO:teuthology.orchestra.run.smithi050.stdout:/usr/bin/ceph: stderr
2024-05-10T20:55:46.975+0000 7fdac4c00700 1 -- 172.21.15.50:0/1876808871 <== mon.0 v2:172.21.15.50:3300/0 3 ==== mon_map magic: 0 ==== 205+0+0 (secure 0 0 0) 0x7fdab8017040 con 0x7fdac807ee00
2024-05-10T20:55:47.916 INFO:teuthology.orchestra.run.smithi050.stdout:/usr/bin/ceph: stderr
2024-05-10T20:55:46.975+0000 7fdacca00700 1 -- 172.21.15.50:0/1876808871 --> [v2:172.21.15.50:3300/0,v1:172.21.15.50:6789/0] -- mon_subscribe({osdmap=0}) -- 0x7fdac81a3450 con 0x7fdac807ee00
2024-05-10T20:55:47.916 INFO:teuthology.orchestra.run.smithi050.stdout:/usr/bin/ceph: stderr
2024-05-10T20:55:46.976+0000 7fdacca00700 1 -- 172.21.15.50:0/1876808871 --> [v2:172.21.15.50:3300/0,v1:172.21.15.50:6789/0] -- mon_command({"prefix": "get_command_descriptions"} v 0) -- 0x7fdac8064e20 con 0x7fdac807ee00
2024-05-10T20:55:47.916 INFO:teuthology.orchestra.run.smithi050.stdout:/usr/bin/ceph: stderr
2024-05-10T20:55:46.976+0000 7fdac4c00700 1 -- 172.21.15.50:0/1876808871 <== mon.0 v2:172.21.15.50:3300/0 4 ==== mgrmap(e 9) ==== 50235+0+0 (secure 0 0 0) 0x7fdab8023020 con 0x7fdac807ee00
2024-05-10T20:55:47.917 INFO:teuthology.orchestra.run.smithi050.stdout:/usr/bin/ceph: stderr
2024-05-10T20:55:46.977+0000 7fdac4c00700 1 --2- 172.21.15.50:0/1876808871 >> [v2:172.21.15.50:6800/3321516664,v1:172.21.15.50:6801/3321516664] conn(0x7fdaac03e510 0x7fdaac040a20 unknown :-1 s=NONE pgs=0 cs=0 l=1 rev1=0 crypto rx=0 tx=0 comp rx=0 tx=0).connect
2024-05-10T20:55:47.917 INFO:teuthology.orchestra.run.smithi050.stdout:/usr/bin/ceph: stderr
2024-05-10T20:55:46.977+0000 7fdac4c00700 1 -- 172.21.15.50:0/1876808871 <== mon.0 v2:172.21.15.50:3300/0 5 ==== osd_map(2..2 src has 1..2) ==== 940+0+0 (secure 0 0 0) 0x7fdab800f050 con 0x7fdac807ee00
2024-05-10T20:55:47.917 INFO:teuthology.orchestra.run.smithi050.stdout:/usr/bin/ceph: stderr
2024-05-10T20:55:46.977+0000 7fdabea00700 1 -- 172.21.15.50:0/1876808871 >> [v2:172.21.15.50:6800/3321516664,v1:172.21.15.50:6801/3321516664] conn(0x7fdaac03e510 msgr2=0x7fdaac040a20 unknown :-1 s=STATE_CONNECTING_RE l=1).process reconnect failed to v2:172.21.15.50:6800/3321516664
2024-05-10T20:55:47.917 INFO:teuthology.orchestra.run.smithi050.stdout:/usr/bin/ceph: stderr
2024-05-10T20:55:46.977+0000 7fdabea00700 1 --2- 172.21.15.50:0/1876808871 >> [v2:172.21.15.50:6800/3321516664,v1:172.21.15.50:6801/3321516664] conn(0x7fdaac03e510 0x7fdaac040a20 unknown :-1 s=START_CONNECT pgs=0 cs=0 l=1 rev1=0 crypto rx=0 tx=0 comp rx=0 tx=0)._fault waiting 0.200000
2024-05-10T20:55:47.917 INFO:teuthology.orchestra.run.smithi050.stdout:/usr/bin/ceph: stderr
2024-05-10T20:55:46.983+0000 7fdac4c00700 1 -- 172.21.15.50:0/1876808871 <== mon.0 v2:172.21.15.50:3300/0 6 ==== mon_command_ack([{"prefix": "get_command_descriptions"}]=0 v0) ==== 72+0+191963 (secure 0 0 0) 0x7fdab802a020 con 0x7fdac807ee00
2024-05-10T20:55:47.917 INFO:teuthology.orchestra.run.smithi050.stdout:/usr/bin/ceph: stderr
2024-05-10T20:55:47.178+0000 7fdabea00700 1 -- 172.21.15.50:0/1876808871 >> [v2:172.21.15.50:6800/3321516664,v1:172.21.15.50:6801/3321516664] conn(0x7fdaac03e510 msgr2=0x7fdaac040a20 unknown :-1 s=STATE_CONNECTING_RE l=1).process reconnect failed to v2:172.21.15.50:6800/3321516664
2024-05-10T20:55:47.917 INFO:teuthology.orchestra.run.smithi050.stdout:/usr/bin/ceph: stderr
2024-05-10T20:55:47.178+0000 7fdabea00700 1 --2- 172.21.15.50:0/1876808871 >> [v2:172.21.15.50:6800/3321516664,v1:172.21.15.50:6801/3321516664] conn(0x7fdaac03e510 0x7fdaac040a20 unknown :-1 s=START_CONNECT pgs=0 cs=0 l=1 rev1=0 crypto rx=0 tx=0 comp rx=0 tx=0)._fault waiting 0.400000
2024-05-10T20:55:47.917 INFO:teuthology.orchestra.run.smithi050.stdout:/usr/bin/ceph: stderr
2024-05-10T20:55:47.273+0000 7fdacca00700 1 -- 172.21.15.50:0/1876808871 --> [v2:172.21.15.50:3300/0,v1:172.21.15.50:6789/0] -- mon_command({"prefix": "mgr stat"} v 0) -- 0x7fdac81a3a50 con 0x7fdac807ee00
2024-05-10T20:55:47.917 INFO:teuthology.orchestra.run.smithi050.stdout:/usr/bin/ceph: stderr
2024-05-10T20:55:47.274+0000 7fdac4c00700 1 -- 172.21.15.50:0/1876808871 <== mon.0 v2:172.21.15.50:3300/0 7 ==== mon_command_ack([{"prefix": "mgr stat"}]=0 v9) ==== 56+0+88 (secure 0 0 0) 0x7fdab802dd60 con 0x7fdac807ee00
2024-05-10T20:55:47.917 INFO:teuthology.orchestra.run.smithi050.stdout:/usr/bin/ceph: stderr
2024-05-10T20:55:47.276+0000 7fdacca00700 1 -- 172.21.15.50:0/1876808871 >> [v2:172.21.15.50:6800/3321516664,v1:172.21.15.50:6801/3321516664] conn(0x7fdaac03e510 msgr2=0x7fdaac040a20 unknown :-1 s=STATE_CONNECTING l=1).mark_down
2024-05-10T20:55:47.917 INFO:teuthology.orchestra.run.smithi050.stdout:/usr/bin/ceph: stderr
2024-05-10T20:55:47.276+0000 7fdacca00700 1 --2- 172.21.15.50:0/1876808871 >> [v2:172.21.15.50:6800/3321516664,v1:172.21.15.50:6801/3321516664] conn(0x7fdaac03e510 0x7fdaac040a20 unknown :-1 s=START_CONNECT pgs=0 cs=0 l=1 rev1=0 crypto rx=0 tx=0 comp rx=0 tx=0).stop
2024-05-10T20:55:47.917 INFO:teuthology.orchestra.run.smithi050.stdout:/usr/bin/ceph: stderr
2024-05-10T20:55:47.276+0000 7fdacca00700 1 -- 172.21.15.50:0/1876808871 >> [v2:172.21.15.50:3300/0,v1:172.21.15.50:6789/0] conn(0x7fdac807ee00 msgr2=0x7fdac81a0070 secure :-1 s=STATE_CONNECTION_ESTABLISHED l=1).mark_down
2024-05-10T20:55:47.917 INFO:teuthology.orchestra.run.smithi050.stdout:/usr/bin/ceph: stderr
2024-05-10T20:55:47.276+0000 7fdacca00700 1 --2- 172.21.15.50:0/1876808871 >> [v2:172.21.15.50:3300/0,v1:172.21.15.50:6789/0] conn(0x7fdac807ee00 0x7fdac81a0070 secure :-1 s=READY pgs=60 cs=0 l=1 rev1=1 crypto rx=0x7fdab800b7b0 tx=0x7fdab800bd30 comp rx=0 tx=0).stop
2024-05-10T20:55:47.918 INFO:teuthology.orchestra.run.smithi050.stdout:/usr/bin/ceph: stderr
2024-05-10T20:55:47.276+0000 7fdacca00700 1 -- 172.21.15.50:0/1876808871 shutdown_connections
2024-05-10T20:55:47.918 INFO:teuthology.orchestra.run.smithi050.stdout:/usr/bin/ceph: stderr
2024-05-10T20:55:47.277+0000 7fdacca00700 1 --2- 172.21.15.50:0/1876808871 >> [v2:172.21.15.50:6800/3321516664,v1:172.21.15.50:6801/3321516664] conn(0x7fdaac03e510 0x7fdaac040a20 unknown :-1 s=CLOSED pgs=0 cs=0 l=1 rev1=0 crypto rx=0 tx=0 comp rx=0 tx=0).stop
2024-05-10T20:55:47.918 INFO:teuthology.orchestra.run.smithi050.stdout:/usr/bin/ceph: stderr
2024-05-10T20:55:47.277+0000 7fdacca00700 1 --2- 172.21.15.50:0/1876808871 >> [v2:172.21.15.50:3300/0,v1:172.21.15.50:6789/0] conn(0x7fdac807ee00 0x7fdac81a0070 unknown :-1 s=CLOSED pgs=60 cs=0 l=1 rev1=1 crypto rx=0 tx=0 comp rx=0 tx=0).stop
2024-05-10T20:55:47.918 INFO:teuthology.orchestra.run.smithi050.stdout:/usr/bin/ceph: stderr
2024-05-10T20:55:47.277+0000 7fdacca00700 1 -- 172.21.15.50:0/1876808871 >> 172.21.15.50:0/1876808871 conn(0x7fdac8105080 msgr2=0x7fdac81059c0 unknown :-1 s=STATE_NONE l=0).mark_down
2024-05-10T20:55:47.918 INFO:teuthology.orchestra.run.smithi050.stdout:/usr/bin/ceph: stderr
2024-05-10T20:55:47.277+0000 7fdacca00700 1 -- 172.21.15.50:0/1876808871 shutdown_connections
2024-05-10T20:55:47.918 INFO:teuthology.orchestra.run.smithi050.stdout:/usr/bin/ceph: stderr
2024-05-10T20:55:47.277+0000 7fdacca00700 1 -- 172.21.15.50:0/1876808871 wait complete.
2024-05-10T20:55:47.918 INFO:teuthology.orchestra.run.smithi050.stdout:Waiting for the mgr to restart...
2024-05-10T20:55:47.918 INFO:teuthology.orchestra.run.smithi050.stdout:Waiting for mgr epoch 9...
2024-05-10T20:55:48.797 INFO:journalctl@ceph.mgr.x.smithi050.stdout:May 10 20:55:48 smithi050 ceph-55ba4db6-0f0f-11ef-bc98-c7b262605968-mgr-x[29777]:
2024-05-10T20:55:48.541+0000 7fc3cf3ce200 -1 mgr[py] Module telegraf has missing NOTIFY_TYPES member
2024-05-10T20:55:48.797 INFO:journalctl@ceph.mgr.x.smithi050.stdout:May 10 20:55:48 smithi050 ceph-55ba4db6-0f0f-11ef-bc98-c7b262605968-mgr-x[29777]:
2024-05-10T20:55:48.791+0000 7fc3cf3ce200 -1 mgr[py] Module osd_support has missing NOTIFY_TYPES member
2024-05-10T20:55:49.173 INFO:journalctl@ceph.mgr.x.smithi050.stdout:May 10 20:55:49 smithi050 ceph-55ba4db6-0f0f-11ef-bc98-c7b262605968-mgr-x[29777]:
2024-05-10T20:55:49.035+0000 7fc3cf3ce200 -1 mgr[py] Module iostat has missing NOTIFY_TYPES member
2024-05-10T20:55:49.570 INFO:journalctl@ceph.mgr.x.smithi050.stdout:May 10 20:55:49 smithi050 ceph-55ba4db6-0f0f-11ef-bc98-c7b262605968-mgr-x[29777]:
