2024-05-14T09:07:34.625+0000 7f8d5d600700 1 -- 172.21.15.120:0/2083358255 <== mon.0 v2:172.21.15.120:3300/0 2 ==== config(25 keys) ==== 1063+0+0 (secure 0 0 0) 0x7f8d5401b8d0 con 0x7f8d6010aee0
2024-05-14T09:07:41.781 INFO:teuthology.orchestra.run.smithi120.stdout:/usr/bin/ceph: stderr
2024-05-14T09:07:34.625+0000 7f8d5d600700 1 -- 172.21.15.120:0/2083358255 <== mon.0 v2:172.21.15.120:3300/0 3 ==== mon_map magic: 0 ==== 205+0+0 (secure 0 0 0) 0x7f8d54019780 con 0x7f8d6010aee0
2024-05-14T09:07:41.781 INFO:teuthology.orchestra.run.smithi120.stdout:/usr/bin/ceph: stderr
2024-05-14T09:07:34.625+0000 7f8d67a00700 1 -- 172.21.15.120:0/2083358255 --> [v2:172.21.15.120:3300/0,v1:172.21.15.120:6789/0] -- mon_subscribe({osdmap=0}) -- 0x7f8d601a10f0 con 0x7f8d6010aee0
2024-05-14T09:07:41.781 INFO:teuthology.orchestra.run.smithi120.stdout:/usr/bin/ceph: stderr
2024-05-14T09:07:34.627+0000 7f8d5d600700 1 -- 172.21.15.120:0/2083358255 <== mon.0 v2:172.21.15.120:3300/0 4 ==== mgrmap(e 9) ==== 50235+0+0 (secure 0 0 0) 0x7f8d54019a30 con 0x7f8d6010aee0
2024-05-14T09:07:41.781 INFO:teuthology.orchestra.run.smithi120.stdout:/usr/bin/ceph: stderr
2024-05-14T09:07:34.627+0000 7f8d5d600700 1 --2- 172.21.15.120:0/2083358255 >> [v2:172.21.15.120:6800/975840748,v1:172.21.15.120:6801/975840748] conn(0x7f8d4803e520 0x7f8d48040a30 unknown :-1 s=NONE pgs=0 cs=0 l=1 rev1=0 crypto rx=0 tx=0 comp rx=0 tx=0).connect
2024-05-14T09:07:41.781 INFO:teuthology.orchestra.run.smithi120.stdout:/usr/bin/ceph: stderr
2024-05-14T09:07:34.627+0000 7f8d5d600700 1 -- 172.21.15.120:0/2083358255 --> [v2:172.21.15.120:6800/975840748,v1:172.21.15.120:6801/975840748] -- command(tid 0: {"prefix": "get_command_descriptions"}) -- 0x7f8d48041140 con 0x7f8d4803e520
2024-05-14T09:07:41.781 INFO:teuthology.orchestra.run.smithi120.stdout:/usr/bin/ceph: stderr
2024-05-14T09:07:34.627+0000 7f8d5d600700 1 -- 172.21.15.120:0/2083358255 <== mon.0 v2:172.21.15.120:3300/0 5 ==== osd_map(2..2 src has 1..2) ==== 940+0+0 (secure 0 0 0) 0x7f8d54053e10 con 0x7f8d6010aee0
2024-05-14T09:07:41.781 INFO:teuthology.orchestra.run.smithi120.stdout:/usr/bin/ceph: stderr
2024-05-14T09:07:34.627+0000 7f8d5fe00700 1 -- 172.21.15.120:0/2083358255 >> [v2:172.21.15.120:6800/975840748,v1:172.21.15.120:6801/975840748] conn(0x7f8d4803e520 msgr2=0x7f8d48040a30 unknown :-1 s=STATE_CONNECTING_RE l=1).process reconnect failed to v2:172.21.15.120:6800/975840748
2024-05-14T09:07:41.781 INFO:teuthology.orchestra.run.smithi120.stdout:/usr/bin/ceph: stderr
2024-05-14T09:07:34.627+0000 7f8d5fe00700 1 --2- 172.21.15.120:0/2083358255 >> [v2:172.21.15.120:6800/975840748,v1:172.21.15.120:6801/975840748] conn(0x7f8d4803e520 0x7f8d48040a30 unknown :-1 s=START_CONNECT pgs=0 cs=0 l=1 rev1=0 crypto rx=0 tx=0 comp rx=0 tx=0)._fault waiting 0.200000
2024-05-14T09:07:41.781 INFO:teuthology.orchestra.run.smithi120.stdout:/usr/bin/ceph: stderr
2024-05-14T09:07:34.828+0000 7f8d5fe00700 1 -- 172.21.15.120:0/2083358255 >> [v2:172.21.15.120:6800/975840748,v1:172.21.15.120:6801/975840748] conn(0x7f8d4803e520 msgr2=0x7f8d48040a30 unknown :-1 s=STATE_CONNECTING_RE l=1).process reconnect failed to v2:172.21.15.120:6800/975840748
2024-05-14T09:07:41.782 INFO:teuthology.orchestra.run.smithi120.stdout:/usr/bin/ceph: stderr
2024-05-14T09:07:34.828+0000 7f8d5fe00700 1 --2- 172.21.15.120:0/2083358255 >> [v2:172.21.15.120:6800/975840748,v1:172.21.15.120:6801/975840748] conn(0x7f8d4803e520 0x7f8d48040a30 unknown :-1 s=START_CONNECT pgs=0 cs=0 l=1 rev1=0 crypto rx=0 tx=0 comp rx=0 tx=0)._fault waiting 0.400000
2024-05-14T09:07:41.782 INFO:teuthology.orchestra.run.smithi120.stdout:/usr/bin/ceph: stderr
2024-05-14T09:07:35.228+0000 7f8d5fe00700 1 -- 172.21.15.120:0/2083358255 >> [v2:172.21.15.120:6800/975840748,v1:172.21.15.120:6801/975840748] conn(0x7f8d4803e520 msgr2=0x7f8d48040a30 unknown :-1 s=STATE_CONNECTING_RE l=1).process reconnect failed to v2:172.21.15.120:6800/975840748
2024-05-14T09:07:41.782 INFO:teuthology.orchestra.run.smithi120.stdout:/usr/bin/ceph: stderr
2024-05-14T09:07:35.228+0000 7f8d5fe00700 1 --2- 172.21.15.120:0/2083358255 >> [v2:172.21.15.120:6800/975840748,v1:172.21.15.120:6801/975840748] conn(0x7f8d4803e520 0x7f8d48040a30 unknown :-1 s=START_CONNECT pgs=0 cs=0 l=1 rev1=0 crypto rx=0 tx=0 comp rx=0 tx=0)._fault waiting 0.800000
2024-05-14T09:07:41.782 INFO:teuthology.orchestra.run.smithi120.stdout:/usr/bin/ceph: stderr
2024-05-14T09:07:36.029+0000 7f8d5fe00700 1 -- 172.21.15.120:0/2083358255 >> [v2:172.21.15.120:6800/975840748,v1:172.21.15.120:6801/975840748] conn(0x7f8d4803e520 msgr2=0x7f8d48040a30 unknown :-1 s=STATE_CONNECTING_RE l=1).process reconnect failed to v2:172.21.15.120:6800/975840748
2024-05-14T09:07:41.782 INFO:teuthology.orchestra.run.smithi120.stdout:/usr/bin/ceph: stderr
2024-05-14T09:07:36.029+0000 7f8d5fe00700 1 --2- 172.21.15.120:0/2083358255 >> [v2:172.21.15.120:6800/975840748,v1:172.21.15.120:6801/975840748] conn(0x7f8d4803e520 0x7f8d48040a30 unknown :-1 s=START_CONNECT pgs=0 cs=0 l=1 rev1=0 crypto rx=0 tx=0 comp rx=0 tx=0)._fault waiting 1.600000
2024-05-14T09:07:41.782 INFO:teuthology.orchestra.run.smithi120.stdout:/usr/bin/ceph: stderr
2024-05-14T09:07:37.631+0000 7f8d5fe00700 1 -- 172.21.15.120:0/2083358255 >> [v2:172.21.15.120:6800/975840748,v1:172.21.15.120:6801/975840748] conn(0x7f8d4803e520 msgr2=0x7f8d48040a30 unknown :-1 s=STATE_CONNECTING_RE l=1).process reconnect failed to v2:172.21.15.120:6800/975840748
2024-05-14T09:07:41.782 INFO:teuthology.orchestra.run.smithi120.stdout:/usr/bin/ceph: stderr
2024-05-14T09:07:37.631+0000 7f8d5fe00700 1 --2- 172.21.15.120:0/2083358255 >> [v2:172.21.15.120:6800/975840748,v1:172.21.15.120:6801/975840748] conn(0x7f8d4803e520 0x7f8d48040a30 unknown :-1 s=START_CONNECT pgs=0 cs=0 l=1 rev1=0 crypto rx=0 tx=0 comp rx=0 tx=0)._fault waiting 3.200000
2024-05-14T09:07:41.782 INFO:teuthology.orchestra.run.smithi120.stdout:/usr/bin/ceph: stderr
2024-05-14T09:07:40.073+0000 7f8d5d600700 1 -- 172.21.15.120:0/2083358255 <== mon.0 v2:172.21.15.120:3300/0 6 ==== mgrmap(e 10) ==== 50002+0+0 (secure 0 0 0) 0x7f8d5401ba80 con 0x7f8d6010aee0
2024-05-14T09:07:41.782 INFO:teuthology.orchestra.run.smithi120.stdout:/usr/bin/ceph: stderr
2024-05-14T09:07:40.074+0000 7f8d5d600700 1 -- 172.21.15.120:0/2083358255 >> [v2:172.21.15.120:6800/975840748,v1:172.21.15.120:6801/975840748] conn(0x7f8d4803e520 msgr2=0x7f8d48040a30 unknown :-1 s=STATE_CONNECTING l=1).mark_down
2024-05-14T09:07:41.782 INFO:teuthology.orchestra.run.smithi120.stdout:/usr/bin/ceph: stderr
2024-05-14T09:07:40.074+0000 7f8d5d600700 1 --2- 172.21.15.120:0/2083358255 >> [v2:172.21.15.120:6800/975840748,v1:172.21.15.120:6801/975840748] conn(0x7f8d4803e520 0x7f8d48040a30 unknown :-1 s=START_CONNECT pgs=0 cs=0 l=1 rev1=0 crypto rx=0 tx=0 comp rx=0 tx=0).stop
2024-05-14T09:07:41.782 INFO:teuthology.orchestra.run.smithi120.stdout:/usr/bin/ceph: stderr
2024-05-14T09:07:41.072+0000 7f8d5d600700 1 -- 172.21.15.120:0/2083358255 <== mon.0 v2:172.21.15.120:3300/0 7 ==== mgrmap(e 11) ==== 50129+0+0 (secure 0 0 0) 0x7f8d54055bd0 con 0x7f8d6010aee0
2024-05-14T09:07:41.782 INFO:teuthology.orchestra.run.smithi120.stdout:/usr/bin/ceph: stderr
2024-05-14T09:07:41.073+0000 7f8d5d600700 1 --2- 172.21.15.120:0/2083358255 >> [v2:172.21.15.120:6800/197404993,v1:172.21.15.120:6801/197404993] conn(0x7f8d540539a0 0x7f8d48044000 unknown :-1 s=NONE pgs=0 cs=0 l=1 rev1=0 crypto rx=0 tx=0 comp rx=0 tx=0).connect
2024-05-14T09:07:41.782 INFO:teuthology.orchestra.run.smithi120.stdout:/usr/bin/ceph: stderr
2024-05-14T09:07:41.073+0000 7f8d5d600700 1 -- 172.21.15.120:0/2083358255 --> [v2:172.21.15.120:6800/197404993,v1:172.21.15.120:6801/197404993] -- command(tid 0: {"prefix": "get_command_descriptions"}) -- 0x7f8d54013e70 con 0x7f8d540539a0
2024-05-14T09:07:41.782 INFO:teuthology.orchestra.run.smithi120.stdout:/usr/bin/ceph: stderr
2024-05-14T09:07:41.074+0000 7f8d5fe00700 1 --2- 172.21.15.120:0/2083358255 >> [v2:172.21.15.120:6800/197404993,v1:172.21.15.120:6801/197404993] conn(0x7f8d540539a0 0x7f8d48044000 unknown :-1 s=BANNER_CONNECTING pgs=0 cs=0 l=1 rev1=0 crypto rx=0 tx=0 comp rx=0 tx=0)._handle_peer_banner_payload supported=3 required=0
2024-05-14T09:07:41.783 INFO:teuthology.orchestra.run.smithi120.stdout:/usr/bin/ceph: stderr
2024-05-14T09:07:41.075+0000 7f8d5fe00700 1 --2- 172.21.15.120:0/2083358255 >> [v2:172.21.15.120:6800/197404993,v1:172.21.15.120:6801/197404993] conn(0x7f8d540539a0 0x7f8d48044000 secure :-1 s=READY pgs=1 cs=0 l=1 rev1=1 crypto rx=0x7f8d4c003a10 tx=0x7f8d4c009270 comp rx=0 tx=0).ready entity=mgr.14152 client_cookie=0 server_cookie=0 in_seq=0 out_seq=0
2024-05-14T09:07:41.783 INFO:teuthology.orchestra.run.smithi120.stdout:/usr/bin/ceph: stderr
2024-05-14T09:07:41.076+0000 7f8d5d600700 1 -- 172.21.15.120:0/2083358255 <== mgr.14152 v2:172.21.15.120:6800/197404993 1 ==== command_reply(tid 0: 0 ) ==== 8+0+9564 (secure 0 0 0) 0x7f8d54013e70 con 0x7f8d540539a0
2024-05-14T09:07:41.783 INFO:teuthology.orchestra.run.smithi120.stdout:/usr/bin/ceph: stderr
2024-05-14T09:07:41.084+0000 7f8d67a00700 1 -- 172.21.15.120:0/2083358255 --> [v2:172.21.15.120:6800/197404993,v1:172.21.15.120:6801/197404993] -- command(tid 1: {"prefix": "mgr_status"}) -- 0x7f8d60064e20 con 0x7f8d540539a0
2024-05-14T09:07:41.783 INFO:teuthology.orchestra.run.smithi120.stdout:/usr/bin/ceph: stderr
2024-05-14T09:07:41.085+0000 7f8d5d600700 1 -- 172.21.15.120:0/2083358255 <== mgr.14152 v2:172.21.15.120:6800/197404993 2 ==== command_reply(tid 1: 0 ) ==== 8+0+52 (secure 0 0 0) 0x7f8d60064e20 con 0x7f8d540539a0
2024-05-14T09:07:41.783 INFO:teuthology.orchestra.run.smithi120.stdout:/usr/bin/ceph: stderr
2024-05-14T09:07:41.085+0000 7f8d67a00700 1 -- 172.21.15.120:0/2083358255 >> [v2:172.21.15.120:6800/197404993,v1:172.21.15.120:6801/197404993] conn(0x7f8d540539a0 msgr2=0x7f8d48044000 secure :-1 s=STATE_CONNECTION_ESTABLISHED l=1).mark_down
2024-05-14T09:07:41.783 INFO:teuthology.orchestra.run.smithi120.stdout:/usr/bin/ceph: stderr
2024-05-14T09:07:41.085+0000 7f8d67a00700 1 --2- 172.21.15.120:0/2083358255 >> [v2:172.21.15.120:6800/197404993,v1:172.21.15.120:6801/197404993] conn(0x7f8d540539a0 0x7f8d48044000 secure :-1 s=READY pgs=1 cs=0 l=1 rev1=1 crypto rx=0x7f8d4c003a10 tx=0x7f8d4c009270 comp rx=0 tx=0).stop
2024-05-14T09:07:41.783 INFO:teuthology.orchestra.run.smithi120.stdout:/usr/bin/ceph: stderr
2024-05-14T09:07:41.085+0000 7f8d67a00700 1 -- 172.21.15.120:0/2083358255 >> [v2:172.21.15.120:3300/0,v1:172.21.15.120:6789/0] conn(0x7f8d6010aee0 msgr2=0x7f8d6019dd20 secure :-1 s=STATE_CONNECTION_ESTABLISHED l=1).mark_down
2024-05-14T09:07:41.783 INFO:teuthology.orchestra.run.smithi120.stdout:/usr/bin/ceph: stderr
2024-05-14T09:07:41.085+0000 7f8d67a00700 1 --2- 172.21.15.120:0/2083358255 >> [v2:172.21.15.120:3300/0,v1:172.21.15.120:6789/0] conn(0x7f8d6010aee0 0x7f8d6019dd20 secure :-1 s=READY pgs=62 cs=0 l=1 rev1=1 crypto rx=0x7f8d54000c00 tx=0x7f8d54011a30 comp rx=0 tx=0).stop
2024-05-14T09:07:41.783 INFO:teuthology.orchestra.run.smithi120.stdout:/usr/bin/ceph: stderr
2024-05-14T09:07:41.086+0000 7f8d67a00700 1 -- 172.21.15.120:0/2083358255 shutdown_connections
2024-05-14T09:07:41.783 INFO:teuthology.orchestra.run.smithi120.stdout:/usr/bin/ceph: stderr
2024-05-14T09:07:41.086+0000 7f8d67a00700 1 --2- 172.21.15.120:0/2083358255 >> [v2:172.21.15.120:6800/197404993,v1:172.21.15.120:6801/197404993] conn(0x7f8d540539a0 0x7f8d48044000 unknown :-1 s=CLOSED pgs=1 cs=0 l=1 rev1=1 crypto rx=0 tx=0 comp rx=0 tx=0).stop
2024-05-14T09:07:41.783 INFO:teuthology.orchestra.run.smithi120.stdout:/usr/bin/ceph: stderr
2024-05-14T09:07:41.086+0000 7f8d67a00700 1 --2- 172.21.15.120:0/2083358255 >> [v2:172.21.15.120:3300/0,v1:172.21.15.120:6789/0] conn(0x7f8d6010aee0 0x7f8d6019dd20 unknown :-1 s=CLOSED pgs=62 cs=0 l=1 rev1=1 crypto rx=0 tx=0 comp rx=0 tx=0).stop
2024-05-14T09:07:41.783 INFO:teuthology.orchestra.run.smithi120.stdout:/usr/bin/ceph: stderr
2024-05-14T09:07:41.086+0000 7f8d67a00700 1 --2- 172.21.15.120:0/2083358255 >> [v2:172.21.15.120:6800/975840748,v1:172.21.15.120:6801/975840748] conn(0x7f8d4803e520 0x7f8d48040a30 unknown :-1 s=CLOSED pgs=0 cs=0 l=1 rev1=0 crypto rx=0 tx=0 comp rx=0 tx=0).stop
2024-05-14T09:07:41.783 INFO:teuthology.orchestra.run.smithi120.stdout:/usr/bin/ceph: stderr
2024-05-14T09:07:41.086+0000 7f8d67a00700 1 -- 172.21.15.120:0/2083358255 >> 172.21.15.120:0/2083358255 conn(0x7f8d60104f10 msgr2=0x7f8d601058a0 unknown :-1 s=STATE_NONE l=0).mark_down
2024-05-14T09:07:41.783 INFO:teuthology.orchestra.run.smithi120.stdout:/usr/bin/ceph: stderr
2024-05-14T09:07:41.086+0000 7f8d67a00700 1 -- 172.21.15.120:0/2083358255 shutdown_connections
2024-05-14T09:07:41.783 INFO:teuthology.orchestra.run.smithi120.stdout:/usr/bin/ceph: stderr
2024-05-14T09:07:41.086+0000 7f8d67a00700 1 -- 172.21.15.120:0/2083358255 wait complete.
2024-05-14T09:07:41.783 INFO:teuthology.orchestra.run.smithi120.stdout:mgr epoch 9 is available
2024-05-14T09:07:41.784 INFO:teuthology.orchestra.run.smithi120.stdout:Generating a dashboard self-signed certificate...
2024-05-14T09:07:42.381 INFO:journalctl@ceph.mon.a.smithi120.stdout:May 14 09:07:42 smithi120 ceph-mon[31085]: from='client.14156 -' entity='client.admin' cmd=[{"prefix": "get_command_descriptions"}]: dispatch
2024-05-14T09:07:42.381 INFO:journalctl@ceph.mon.a.smithi120.stdout:May 14 09:07:42 smithi120 ceph-mon[31085]: from='client.14156 -' entity='client.admin' cmd=[{"prefix": "mgr_status"}]: dispatch
2024-05-14T09:07:43.348 INFO:journalctl@ceph.mon.a.smithi120.stdout:May 14 09:07:43 smithi120 ceph-mon[31085]: mgrmap e12: x(active, since 2s)
2024-05-14T09:07:43.349 INFO:journalctl@ceph.mon.a.smithi120.stdout:May 14 09:07:43 smithi120 ceph-mon[31085]: from='mgr.14152 172.21.15.120:0/3675944324' entity='mgr.x'
2024-05-14T09:07:44.184 INFO:teuthology.orchestra.run.smithi120.stdout:/usr/bin/ceph: stdout Self-signed certificate created
2024-05-14T09:07:44.184 INFO:teuthology.orchestra.run.smithi120.stdout:/usr/bin/ceph: stderr
2024-05-14T09:07:43.095+0000 7f69fa200700 1 Processor -- start
2024-05-14T09:07:44.184 INFO:teuthology.orchestra.run.smithi120.stdout:/usr/bin/ceph: stderr
2024-05-14T09:07:43.095+0000 7f69fa200700 1 -- start start
2024-05-14T09:07:44.184 INFO:teuthology.orchestra.run.smithi120.stdout:/usr/bin/ceph: stderr
2024-05-14T09:07:43.096+0000 7f69fa200700 1 --2- >> [v2:172.21.15.120:3300/0,v1:172.21.15.120:6789/0] conn(0x7f69f410aee0 0x7f69f410b2f0 unknown :-1 s=NONE pgs=0 cs=0 l=0 rev1=0 crypto rx=0 tx=0 comp rx=0 tx=0).connect
2024-05-14T09:07:44.184 INFO:teuthology.orchestra.run.smithi120.stdout:/usr/bin/ceph: stderr
2024-05-14T09:07:43.096+0000 7f69fa200700 1 -- --> [v2:172.21.15.120:3300/0,v1:172.21.15.120:6789/0] -- mon_getmap magic: 0 -- 0x7f69f41094e0 con 0x7f69f410aee0
2024-05-14T09:07:44.185 INFO:teuthology.orchestra.run.smithi120.stdout:/usr/bin/ceph: stderr
2024-05-14T09:07:43.096+0000 7f69f3400700 1 --2- >> [v2:172.21.15.120:3300/0,v1:172.21.15.120:6789/0] conn(0x7f69f410aee0 0x7f69f410b2f0 unknown :-1 s=BANNER_CONNECTING pgs=0 cs=0 l=0 rev1=0 crypto rx=0 tx=0 comp rx=0 tx=0)._handle_peer_banner_payload supported=3 required=0
2024-05-14T09:07:44.185 INFO:teuthology.orchestra.run.smithi120.stdout:/usr/bin/ceph: stderr
2024-05-14T09:07:43.096+0000 7f69f3400700 1 --2- >> [v2:172.21.15.120:3300/0,v1:172.21.15.120:6789/0] conn(0x7f69f410aee0 0x7f69f410b2f0 unknown :-1 s=HELLO_CONNECTING pgs=0 cs=0 l=0 rev1=1 crypto rx=0 tx=0 comp rx=0 tx=0).handle_hello peer v2:172.21.15.120:3300/0 says I am v2:172.21.15.120:38526/0 (socket says 172.21.15.120:38526)
2024-05-14T09:07:44.185 INFO:teuthology.orchestra.run.smithi120.stdout:/usr/bin/ceph: stderr
2024-05-14T09:07:43.096+0000 7f69f3400700 1 -- 172.21.15.120:0/721640172 learned_addr learned my addr 172.21.15.120:0/721640172 (peer_addr_for_me v2:172.21.15.120:0/0)
2024-05-14T09:07:44.185 INFO:teuthology.orchestra.run.smithi120.stdout:/usr/bin/ceph: stderr
2024-05-14T09:07:43.097+0000 7f69f3400700 1 -- 172.21.15.120:0/721640172 --> [v2:172.21.15.120:3300/0,v1:172.21.15.120:6789/0] -- mon_subscribe({config=0+,monmap=0+}) -- 0x7f69f4109660 con 0x7f69f410aee0
2024-05-14T09:07:44.185 INFO:teuthology.orchestra.run.smithi120.stdout:/usr/bin/ceph: stderr
2024-05-14T09:07:43.097+0000 7f69f3400700 1 --2- 172.21.15.120:0/721640172 >> [v2:172.21.15.120:3300/0,v1:172.21.15.120:6789/0] conn(0x7f69f410aee0 0x7f69f410b2f0 secure :-1 s=READY pgs=70 cs=0 l=1 rev1=1 crypto rx=0x7f69e40098a0 tx=0x7f69e4009bb0 comp rx=0 tx=0).ready entity=mon.0 client_cookie=3697f2ed093c3ace server_cookie=0 in_seq=0 out_seq=0
2024-05-14T09:07:44.185 INFO:teuthology.orchestra.run.smithi120.stdout:/usr/bin/ceph: stderr
2024-05-14T09:07:43.097+0000 7f69f2000700 1 -- 172.21.15.120:0/721640172 <== mon.0 v2:172.21.15.120:3300/0 1 ==== mon_map magic: 0 ==== 205+0+0 (secure 0 0 0) 0x7f69e4004160 con 0x7f69f410aee0
2024-05-14T09:07:44.185 INFO:teuthology.orchestra.run.smithi120.stdout:/usr/bin/ceph: stderr
2024-05-14T09:07:43.097+0000 7f69f2000700 1 -- 172.21.15.120:0/721640172 <== mon.0 v2:172.21.15.120:3300/0 2 ==== config(25 keys) ==== 1063+0+0 (secure 0 0 0) 0x7f69e4004300 con 0x7f69f410aee0
2024-05-14T09:07:44.185 INFO:teuthology.orchestra.run.smithi120.stdout:/usr/bin/ceph: stderr
2024-05-14T09:07:43.098+0000 7f69f2000700 1 -- 172.21.15.120:0/721640172 <== mon.0 v2:172.21.15.120:3300/0 3 ==== mon_map magic: 0 ==== 205+0+0 (secure 0 0 0) 0x7f69e4011960 con 0x7f69f410aee0
2024-05-14T09:07:44.185 INFO:teuthology.orchestra.run.smithi120.stdout:/usr/bin/ceph: stderr
2024-05-14T09:07:43.098+0000 7f69fa200700 1 -- 172.21.15.120:0/721640172 >> [v2:172.21.15.120:3300/0,v1:172.21.15.120:6789/0] conn(0x7f69f410aee0 msgr2=0x7f69f410b2f0 secure :-1 s=STATE_CONNECTION_ESTABLISHED l=1).mark_down
2024-05-14T09:07:44.185 INFO:teuthology.orchestra.run.smithi120.stdout:/usr/bin/ceph: stderr
2024-05-14T09:07:43.098+0000 7f69fa200700 1 --2- 172.21.15.120:0/721640172 >> [v2:172.21.15.120:3300/0,v1:172.21.15.120:6789/0] conn(0x7f69f410aee0 0x7f69f410b2f0 secure :-1 s=READY pgs=70 cs=0 l=1 rev1=1 crypto rx=0x7f69e40098a0 tx=0x7f69e4009bb0 comp rx=0 tx=0).stop
2024-05-14T09:07:44.185 INFO:teuthology.orchestra.run.smithi120.stdout:/usr/bin/ceph: stderr
2024-05-14T09:07:43.099+0000 7f69fa200700 1 -- 172.21.15.120:0/721640172 shutdown_connections
2024-05-14T09:07:44.185 INFO:teuthology.orchestra.run.smithi120.stdout:/usr/bin/ceph: stderr
2024-05-14T09:07:43.099+0000 7f69fa200700 1 --2- 172.21.15.120:0/721640172 >> [v2:172.21.15.120:3300/0,v1:172.21.15.120:6789/0] conn(0x7f69f410aee0 0x7f69f410b2f0 unknown :-1 s=CLOSED pgs=70 cs=0 l=1 rev1=1 crypto rx=0 tx=0 comp rx=0 tx=0).stop
2024-05-14T09:07:44.185 INFO:teuthology.orchestra.run.smithi120.stdout:/usr/bin/ceph: stderr
2024-05-14T09:07:43.099+0000 7f69fa200700 1 -- 172.21.15.120:0/721640172 >> 172.21.15.120:0/721640172 conn(0x7f69f4104f10 msgr2=0x7f69f41073e0 unknown :-1 s=STATE_NONE l=0).mark_down
2024-05-14T09:07:44.186 INFO:teuthology.orchestra.run.smithi120.stdout:/usr/bin/ceph: stderr
2024-05-14T09:07:43.099+0000 7f69fa200700 1 -- 172.21.15.120:0/721640172 shutdown_connections
2024-05-14T09:07:44.186 INFO:teuthology.orchestra.run.smithi120.stdout:/usr/bin/ceph: stderr
2024-05-14T09:07:43.099+0000 7f69fa200700 1 -- 172.21.15.120:0/721640172 wait complete.
2024-05-14T09:07:44.186 INFO:teuthology.orchestra.run.smithi120.stdout:/usr/bin/ceph: stderr
2024-05-14T09:07:43.100+0000 7f69fa200700 1 Processor -- start
2024-05-14T09:07:44.186 INFO:teuthology.orchestra.run.smithi120.stdout:/usr/bin/ceph: stderr
2024-05-14T09:07:43.100+0000 7f69fa200700 1 -- start start
2024-05-14T09:07:44.186 INFO:teuthology.orchestra.run.smithi120.stdout:/usr/bin/ceph: stderr
2024-05-14T09:07:43.100+0000 7f69fa200700 1 --2- >> [v2:172.21.15.120:3300/0,v1:172.21.15.120:6789/0] conn(0x7f69f410aee0 0x7f69f419ff30 unknown :-1 s=NONE pgs=0 cs=0 l=1 rev1=0 crypto rx=0 tx=0 comp rx=0 tx=0).connect
2024-05-14T09:07:44.186 INFO:teuthology.orchestra.run.smithi120.stdout:/usr/bin/ceph: stderr
2024-05-14T09:07:43.100+0000 7f69fa200700 1 -- --> [v2:172.21.15.120:3300/0,v1:172.21.15.120:6789/0] -- mon_getmap magic: 0 -- 0x7f69f410dd80 con 0x7f69f410aee0
2024-05-14T09:07:44.186 INFO:teuthology.orchestra.run.smithi120.stdout:/usr/bin/ceph: stderr
2024-05-14T09:07:43.101+0000 7f69f3400700 1 --2- >> [v2:172.21.15.120:3300/0,v1:172.21.15.120:6789/0] conn(0x7f69f410aee0 0x7f69f419ff30 unknown :-1 s=BANNER_CONNECTING pgs=0 cs=0 l=1 rev1=0 crypto rx=0 tx=0 comp rx=0 tx=0)._handle_peer_banner_payload supported=3 required=0
2024-05-14T09:07:44.186 INFO:teuthology.orchestra.run.smithi120.stdout:/usr/bin/ceph: stderr
2024-05-14T09:07:43.101+0000 7f69f3400700 1 --2- >> [v2:172.21.15.120:3300/0,v1:172.21.15.120:6789/0] conn(0x7f69f410aee0 0x7f69f419ff30 unknown :-1 s=HELLO_CONNECTING pgs=0 cs=0 l=1 rev1=1 crypto rx=0 tx=0 comp rx=0 tx=0).handle_hello peer v2:172.21.15.120:3300/0 says I am v2:172.21.15.120:38528/0 (socket says 172.21.15.120:38528)
2024-05-14T09:07:44.186 INFO:teuthology.orchestra.run.smithi120.stdout:/usr/bin/ceph: stderr
2024-05-14T09:07:43.101+0000 7f69f3400700 1 -- 172.21.15.120:0/3972995102 learned_addr learned my addr 172.21.15.120:0/3972995102 (peer_addr_for_me v2:172.21.15.120:0/0)
2024-05-14T09:07:44.186 INFO:teuthology.orchestra.run.smithi120.stdout:/usr/bin/ceph: stderr
2024-05-14T09:07:43.101+0000 7f69f3400700 1 -- 172.21.15.120:0/3972995102 --> [v2:172.21.15.120:3300/0,v1:172.21.15.120:6789/0] -- mon_subscribe({config=0+,monmap=0+}) -- 0x7f69f41a0470 con 0x7f69f410aee0
2024-05-14T09:07:44.186 INFO:teuthology.orchestra.run.smithi120.stdout:/usr/bin/ceph: stderr
2024-05-14T09:07:43.101+0000 7f69f3400700 1 --2- 172.21.15.120:0/3972995102 >> [v2:172.21.15.120:3300/0,v1:172.21.15.120:6789/0] conn(0x7f69f410aee0 0x7f69f419ff30 secure :-1 s=READY pgs=71 cs=0 l=1 rev1=1 crypto rx=0x7f69e4000c00 tx=0x7f69e4011a30 comp rx=0 tx=0).ready entity=mon.0 client_cookie=0 server_cookie=0 in_seq=0 out_seq=0
2024-05-14T09:07:44.186 INFO:teuthology.orchestra.run.smithi120.stdout:/usr/bin/ceph: stderr
2024-05-14T09:07:43.102+0000 7f69ebe00700 1 -- 172.21.15.120:0/3972995102 <== mon.0 v2:172.21.15.120:3300/0 1 ==== mon_map magic: 0 ==== 205+0+0 (secure 0 0 0) 0x7f69e4003a60 con 0x7f69f410aee0
2024-05-14T09:07:44.186 INFO:teuthology.orchestra.run.smithi120.stdout:/usr/bin/ceph: stderr
2024-05-14T09:07:43.102+0000 7f69ebe00700 1 -- 172.21.15.120:0/3972995102 <== mon.0 v2:172.21.15.120:3300/0 2 ==== config(25 keys) ==== 1063+0+0 (secure 0 0 0) 0x7f69e401b8d0 con 0x7f69f410aee0
2024-05-14T09:07:44.187 INFO:teuthology.orchestra.run.smithi120.stdout:/usr/bin/ceph: stderr
2024-05-14T09:07:43.102+0000 7f69fa200700 1 -- 172.21.15.120:0/3972995102 --> [v2:172.21.15.120:3300/0,v1:172.21.15.120:6789/0] -- mon_subscribe({mgrmap=0+}) -- 0x7f69f41a0700 con 0x7f69f410aee0
2024-05-14T09:07:44.187 INFO:teuthology.orchestra.run.smithi120.stdout:/usr/bin/ceph: stderr
2024-05-14T09:07:43.102+0000 7f69ebe00700 1 -- 172.21.15.120:0/3972995102 <== mon.0 v2:172.21.15.120:3300/0 3 ==== mon_map magic: 0 ==== 205+0+0 (secure 0 0 0) 0x7f69e4019780 con 0x7f69f410aee0
2024-05-14T09:07:44.187 INFO:teuthology.orchestra.run.smithi120.stdout:/usr/bin/ceph: stderr
2024-05-14T09:07:43.102+0000 7f69fa200700 1 -- 172.21.15.120:0/3972995102 --> [v2:172.21.15.120:3300/0,v1:172.21.15.120:6789/0] -- mon_subscribe({osdmap=0}) -- 0x7f69f41a3310 con 0x7f69f410aee0
2024-05-14T09:07:44.187 INFO:teuthology.orchestra.run.smithi120.stdout:/usr/bin/ceph: stderr
2024-05-14T09:07:43.103+0000 7f69ebe00700 1 -- 172.21.15.120:0/3972995102 <== mon.0 v2:172.21.15.120:3300/0 4 ==== mgrmap(e 12) ==== 50235+0+0 (secure 0 0 0) 0x7f69e4019a40 con 0x7f69f410aee0
2024-05-14T09:07:44.187 INFO:teuthology.orchestra.run.smithi120.stdout:/usr/bin/ceph: stderr
2024-05-14T09:07:43.103+0000 7f69fa200700 1 -- 172.21.15.120:0/3972995102 --> [v2:172.21.15.120:3300/0,v1:172.21.15.120:6789/0] -- mon_command({"prefix": "get_command_descriptions"} v 0) -- 0x7f69f4064e20 con 0x7f69f410aee0
2024-05-14T09:07:44.187 INFO:teuthology.orchestra.run.smithi120.stdout:/usr/bin/ceph: stderr
2024-05-14T09:07:43.104+0000 7f69ebe00700 1 --2- 172.21.15.120:0/3972995102 >> [v2:172.21.15.120:6800/197404993,v1:172.21.15.120:6801/197404993] conn(0x7f69d803e4c0 0x7f69d80409d0 unknown :-1 s=NONE pgs=0 cs=0 l=1 rev1=0 crypto rx=0 tx=0 comp rx=0 tx=0).connect
2024-05-14T09:07:44.187 INFO:teuthology.orchestra.run.smithi120.stdout:/usr/bin/ceph: stderr
2024-05-14T09:07:43.104+0000 7f69ebe00700 1 -- 172.21.15.120:0/3972995102 <== mon.0 v2:172.21.15.120:3300/0 5 ==== osd_map(3..3 src has 1..3) ==== 1155+0+0 (secure 0 0 0) 0x7f69e4053f20 con 0x7f69f410aee0
2024-05-14T09:07:44.187 INFO:teuthology.orchestra.run.smithi120.stdout:/usr/bin/ceph: stderr
2024-05-14T09:07:43.104+0000 7f69f2a00700 1 --2- 172.21.15.120:0/3972995102 >> [v2:172.21.15.120:6800/197404993,v1:172.21.15.120:6801/197404993] conn(0x7f69d803e4c0 0x7f69d80409d0 unknown :-1 s=BANNER_CONNECTING pgs=0 cs=0 l=1 rev1=0 crypto rx=0 tx=0 comp rx=0 tx=0)._handle_peer_banner_payload supported=3 required=0
2024-05-14T09:07:44.187 INFO:teuthology.orchestra.run.smithi120.stdout:/usr/bin/ceph: stderr
2024-05-14T09:07:43.105+0000 7f69f2a00700 1 --2- 172.21.15.120:0/3972995102 >> [v2:172.21.15.120:6800/197404993,v1:172.21.15.120:6801/197404993] conn(0x7f69d803e4c0 0x7f69d80409d0 secure :-1 s=READY pgs=7 cs=0 l=1 rev1=1 crypto rx=0x7f69e0006fd0 tx=0x7f69e0006e40 comp rx=0 tx=0).ready entity=mgr.14152 client_cookie=0 server_cookie=0 in_seq=0 out_seq=0
2024-05-14T09:07:44.187 INFO:teuthology.orchestra.run.smithi120.stdout:/usr/bin/ceph: stderr
2024-05-14T09:07:43.110+0000 7f69ebe00700 1 -- 172.21.15.120:0/3972995102 <== mon.0 v2:172.21.15.120:3300/0 6 ==== mon_command_ack([{"prefix": "get_command_descriptions"}]=0 v0) ==== 72+0+191963 (secure 0 0 0) 0x7f69e401f030 con 0x7f69f410aee0
2024-05-14T09:07:44.187 INFO:teuthology.orchestra.run.smithi120.stdout:/usr/bin/ceph: stderr
2024-05-14T09:07:43.347+0000 7f69fa200700 1 -- 172.21.15.120:0/3972995102 --> [v2:172.21.15.120:6800/197404993,v1:172.21.15.120:6801/197404993] -- mgr_command(tid 0: {"prefix": "dashboard create-self-signed-cert", "target": ["mon-mgr", ""]}) -- 0x7f69f407d840 con 0x7f69d803e4c0
2024-05-14T09:07:44.187 INFO:teuthology.orchestra.run.smithi120.stdout:/usr/bin/ceph: stderr
2024-05-14T09:07:43.462+0000 7f69ebe00700 1 -- 172.21.15.120:0/3972995102 <== mgr.14152 v2:172.21.15.120:6800/197404993 1 ==== mgr_command_reply(tid 0: 0 ) ==== 8+0+32 (secure 0 0 0) 0x7f69f407d840 con 0x7f69d803e4c0
2024-05-14T09:07:44.187 INFO:teuthology.orchestra.run.smithi120.stdout:/usr/bin/ceph: stderr
2024-05-14T09:07:43.465+0000 7f69fa200700 1 -- 172.21.15.120:0/3972995102 >> [v2:172.21.15.120:6800/197404993,v1:172.21.15.120:6801/197404993] conn(0x7f69d803e4c0 msgr2=0x7f69d80409d0 secure :-1 s=STATE_CONNECTION_ESTABLISHED l=1).mark_down
2024-05-14T09:07:44.188 INFO:teuthology.orchestra.run.smithi120.stdout:/usr/bin/ceph: stderr
2024-05-14T09:07:43.465+0000 7f69fa200700 1 --2- 172.21.15.120:0/3972995102 >> [v2:172.21.15.120:6800/197404993,v1:172.21.15.120:6801/197404993] conn(0x7f69d803e4c0 0x7f69d80409d0 secure :-1 s=READY pgs=7 cs=0 l=1 rev1=1 crypto rx=0x7f69e0006fd0 tx=0x7f69e0006e40 comp rx=0 tx=0).stop
2024-05-14T09:07:44.188 INFO:teuthology.orchestra.run.smithi120.stdout:/usr/bin/ceph: stderr
2024-05-14T09:07:43.465+0000 7f69fa200700 1 -- 172.21.15.120:0/3972995102 >> [v2:172.21.15.120:3300/0,v1:172.21.15.120:6789/0] conn(0x7f69f410aee0 msgr2=0x7f69f419ff30 secure :-1 s=STATE_CONNECTION_ESTABLISHED l=1).mark_down
2024-05-14T09:07:44.188 INFO:teuthology.orchestra.run.smithi120.stdout:/usr/bin/ceph: stderr
2024-05-14T09:07:43.465+0000 7f69fa200700 1 --2- 172.21.15.120:0/3972995102 >> [v2:172.21.15.120:3300/0,v1:172.21.15.120:6789/0] conn(0x7f69f410aee0 0x7f69f419ff30 secure :-1 s=READY pgs=71 cs=0 l=1 rev1=1 crypto rx=0x7f69e4000c00 tx=0x7f69e4011a30 comp rx=0 tx=0).stop
2024-05-14T09:07:44.188 INFO:teuthology.orchestra.run.smithi120.stdout:/usr/bin/ceph: stderr
2024-05-14T09:07:43.465+0000 7f69fa200700 1 -- 172.21.15.120:0/3972995102 shutdown_connections
2024-05-14T09:07:44.188 INFO:teuthology.orchestra.run.smithi120.stdout:/usr/bin/ceph: stderr
2024-05-14T09:07:43.465+0000 7f69fa200700 1 --2- 172.21.15.120:0/3972995102 >> [v2:172.21.15.120:6800/197404993,v1:172.21.15.120:6801/197404993] conn(0x7f69d803e4c0 0x7f69d80409d0 unknown :-1 s=CLOSED pgs=7 cs=0 l=1 rev1=1 crypto rx=0 tx=0 comp rx=0 tx=0).stop
2024-05-14T09:07:44.188 INFO:teuthology.orchestra.run.smithi120.stdout:/usr/bin/ceph: stderr
2024-05-14T09:07:43.465+0000 7f69fa200700 1 --2- 172.21.15.120:0/3972995102 >> [v2:172.21.15.120:3300/0,v1:172.21.15.120:6789/0] conn(0x7f69f410aee0 0x7f69f419ff30 unknown :-1 s=CLOSED pgs=71 cs=0 l=1 rev1=1 crypto rx=0 tx=0 comp rx=0 tx=0).stop
2024-05-14T09:07:44.188 INFO:teuthology.orchestra.run.smithi120.stdout:/usr/bin/ceph: stderr
2024-05-14T09:07:43.465+0000 7f69fa200700 1 -- 172.21.15.120:0/3972995102 >> 172.21.15.120:0/3972995102 conn(0x7f69f4104f10 msgr2=0x7f69f407d130 unknown :-1 s=STATE_NONE l=0).mark_down
2024-05-14T09:07:44.188 INFO:teuthology.orchestra.run.smithi120.stdout:/usr/bin/ceph: stderr
2024-05-14T09:07:43.465+0000 7f69fa200700 1 -- 172.21.15.120:0/3972995102 shutdown_connections
2024-05-14T09:07:44.188 INFO:teuthology.orchestra.run.smithi120.stdout:/usr/bin/ceph: stderr
2024-05-14T09:07:43.465+0000 7f69fa200700 1 -- 172.21.15.120:0/3972995102 wait complete.
2024-05-14T09:07:44.189 INFO:teuthology.orchestra.run.smithi120.stdout:Creating initial admin user...
2024-05-14T09:07:44.825 INFO:journalctl@ceph.mon.a.smithi120.stdout:May 14 09:07:44 smithi120 ceph-mon[31085]: from='client.14164 -' entity='client.admin' cmd=[{"prefix": "dashboard create-self-signed-cert", "target": ["mon-mgr", ""]}]: dispatch
2024-05-14T09:07:44.825 INFO:journalctl@ceph.mon.a.smithi120.stdout:May 14 09:07:44 smithi120 ceph-mon[31085]: from='mgr.14152 172.21.15.120:0/3675944324' entity='mgr.x'
2024-05-14T09:07:44.825 INFO:journalctl@ceph.mon.a.smithi120.stdout:May 14 09:07:44 smithi120 ceph-mon[31085]: from='mgr.14152 172.21.15.120:0/3675944324' entity='mgr.x'
2024-05-14T09:07:46.087 INFO:journalctl@ceph.mon.a.smithi120.stdout:May 14 09:07:45 smithi120 ceph-mon[31085]: from='mgr.14152 172.21.15.120:0/3675944324' entity='mgr.x'
2024-05-14T09:07:46.087 INFO:journalctl@ceph.mon.a.smithi120.stdout:May 14 09:07:45 smithi120 ceph-mon[31085]: from='mgr.14152 172.21.15.120:0/3675944324' entity='mgr.x'
2024-05-14T09:07:46.102 INFO:teuthology.orchestra.run.smithi120.stdout:/usr/bin/ceph: stdout {"username": "admin", "password": "$2b$12$dA9NUIFAJWcpt8EVZH61F.bF6eruVTaG9ppHxMgo6H6mSyK4jgK4a", "roles": ["administrator"], "name": null, "email": null, "lastUpdate": 1715677665, "enabled": true, "pwdExpirationDate": null, "pwdUpdateRequired": true}
2024-05-14T09:07:46.102 INFO:teuthology.orchestra.run.smithi120.stdout:/usr/bin/ceph: stderr
2024-05-14T09:07:44.824+0000 7fa53ca00700 1 Processor -- start
2024-05-14T09:07:46.102 INFO:teuthology.orchestra.run.smithi120.stdout:/usr/bin/ceph: stderr
2024-05-14T09:07:44.824+0000 7fa53ca00700 1 -- start start
2024-05-14T09:07:46.102 INFO:teuthology.orchestra.run.smithi120.stdout:/usr/bin/ceph: stderr
2024-05-14T09:07:44.825+0000 7fa53ca00700 1 --2- >> [v2:172.21.15.120:3300/0,v1:172.21.15.120:6789/0] conn(0x7fa53810aee0 0x7fa53810b2f0 unknown :-1 s=NONE pgs=0 cs=0 l=0 rev1=0 crypto rx=0 tx=0 comp rx=0 tx=0).connect
2024-05-14T09:07:46.102 INFO:teuthology.orchestra.run.smithi120.stdout:/usr/bin/ceph: stderr
2024-05-14T09:07:44.825+0000 7fa53ca00700 1 -- --> [v2:172.21.15.120:3300/0,v1:172.21.15.120:6789/0] -- mon_getmap magic: 0 -- 0x7fa5381094e0 con 0x7fa53810aee0
2024-05-14T09:07:46.103 INFO:teuthology.orchestra.run.smithi120.stdout:/usr/bin/ceph: stderr
2024-05-14T09:07:44.825+0000 7fa535e00700 1 --2- >> [v2:172.21.15.120:3300/0,v1:172.21.15.120:6789/0] conn(0x7fa53810aee0 0x7fa53810b2f0 unknown :-1 s=BANNER_CONNECTING pgs=0 cs=0 l=0 rev1=0 crypto rx=0 tx=0 comp rx=0 tx=0)._handle_peer_banner_payload supported=3 required=0
2024-05-14T09:07:46.103 INFO:teuthology.orchestra.run.smithi120.stdout:/usr/bin/ceph: stderr
2024-05-14T09:07:44.825+0000 7fa535e00700 1 --2- >> [v2:172.21.15.120:3300/0,v1:172.21.15.120:6789/0] conn(0x7fa53810aee0 0x7fa53810b2f0 unknown :-1 s=HELLO_CONNECTING pgs=0 cs=0 l=0 rev1=1 crypto rx=0 tx=0 comp rx=0 tx=0).handle_hello peer v2:172.21.15.120:3300/0 says I am v2:172.21.15.120:38534/0 (socket says 172.21.15.120:38534)
2024-05-14T09:07:46.103 INFO:teuthology.orchestra.run.smithi120.stdout:/usr/bin/ceph: stderr
2024-05-14T09:07:44.825+0000 7fa535e00700 1 -- 172.21.15.120:0/2560175606 learned_addr learned my addr 172.21.15.120:0/2560175606 (peer_addr_for_me v2:172.21.15.120:0/0)
2024-05-14T09:07:46.108 INFO:teuthology.orchestra.run.smithi120.stdout:/usr/bin/ceph: stderr
2024-05-14T09:07:44.826+0000 7fa535e00700 1 -- 172.21.15.120:0/2560175606 --> [v2:172.21.15.120:3300/0,v1:172.21.15.120:6789/0] -- mon_subscribe({config=0+,monmap=0+}) -- 0x7fa538109660 con 0x7fa53810aee0
2024-05-14T09:07:46.108 INFO:teuthology.orchestra.run.smithi120.stdout:/usr/bin/ceph: stderr
2024-05-14T09:07:44.826+0000 7fa535e00700 1 --2- 172.21.15.120:0/2560175606 >> [v2:172.21.15.120:3300/0,v1:172.21.15.120:6789/0] conn(0x7fa53810aee0 0x7fa53810b2f0 secure :-1 s=READY pgs=72 cs=0 l=1 rev1=1 crypto rx=0x7fa5280098a0 tx=0x7fa528009bb0 comp rx=0 tx=0).ready entity=mon.0 client_cookie=43c011985e872a07 server_cookie=0 in_seq=0 out_seq=0
2024-05-14T09:07:46.108 INFO:teuthology.orchestra.run.smithi120.stdout:/usr/bin/ceph: stderr
2024-05-14T09:07:44.826+0000 7fa535400700 1 -- 172.21.15.120:0/2560175606 <== mon.0 v2:172.21.15.120:3300/0 1 ==== mon_map magic: 0 ==== 205+0+0 (secure 0 0 0) 0x7fa528004160 con 0x7fa53810aee0
2024-05-14T09:07:46.108 INFO:teuthology.orchestra.run.smithi120.stdout:/usr/bin/ceph: stderr
2024-05-14T09:07:44.826+0000 7fa535400700 1 -- 172.21.15.120:0/2560175606 <== mon.0 v2:172.21.15.120:3300/0 2 ==== config(25 keys) ==== 1063+0+0 (secure 0 0 0) 0x7fa528004300 con 0x7fa53810aee0
2024-05-14T09:07:46.108 INFO:teuthology.orchestra.run.smithi120.stdout:/usr/bin/ceph: stderr
2024-05-14T09:07:44.826+0000 7fa535400700 1 -- 172.21.15.120:0/2560175606 <== mon.0 v2:172.21.15.120:3300/0 3 ==== mon_map magic: 0 ==== 205+0+0 (secure 0 0 0) 0x7fa528011960 con 0x7fa53810aee0
2024-05-14T09:07:46.108 INFO:teuthology.orchestra.run.smithi120.stdout:/usr/bin/ceph: stderr
2024-05-14T09:07:44.827+0000 7fa53ca00700 1 -- 172.21.15.120:0/2560175606 >> [v2:172.21.15.120:3300/0,v1:172.21.15.120:6789/0] conn(0x7fa53810aee0 msgr2=0x7fa53810b2f0 secure :-1 s=STATE_CONNECTION_ESTABLISHED l=1).mark_down
2024-05-14T09:07:46.108 INFO:teuthology.orchestra.run.smithi120.stdout:/usr/bin/ceph: stderr
2024-05-14T09:07:44.827+0000 7fa53ca00700 1 --2- 172.21.15.120:0/2560175606 >> [v2:172.21.15.120:3300/0,v1:172.21.15.120:6789/0] conn(0x7fa53810aee0 0x7fa53810b2f0 secure :-1 s=READY pgs=72 cs=0 l=1 rev1=1 crypto rx=0x7fa5280098a0 tx=0x7fa528009bb0 comp rx=0 tx=0).stop
2024-05-14T09:07:46.108 INFO:teuthology.orchestra.run.smithi120.stdout:/usr/bin/ceph: stderr
2024-05-14T09:07:44.827+0000 7fa53ca00700 1 -- 172.21.15.120:0/2560175606 shutdown_connections
2024-05-14T09:07:46.108 INFO:teuthology.orchestra.run.smithi120.stdout:/usr/bin/ceph: stderr
2024-05-14T09:07:44.827+0000 7fa53ca00700 1 --2- 172.21.15.120:0/2560175606 >> [v2:172.21.15.120:3300/0,v1:172.21.15.120:6789/0] conn(0x7fa53810aee0 0x7fa53810b2f0 unknown :-1 s=CLOSED pgs=72 cs=0 l=1 rev1=1 crypto rx=0 tx=0 comp rx=0 tx=0).stop
2024-05-14T09:07:46.108 INFO:teuthology.orchestra.run.smithi120.stdout:/usr/bin/ceph: stderr
2024-05-14T09:07:44.827+0000 7fa53ca00700 1 -- 172.21.15.120:0/2560175606 >> 172.21.15.120:0/2560175606 conn(0x7fa538104f10 msgr2=0x7fa5381073e0 unknown :-1 s=STATE_NONE l=0).mark_down
2024-05-14T09:07:46.109 INFO:teuthology.orchestra.run.smithi120.stdout:/usr/bin/ceph: stderr
2024-05-14T09:07:44.828+0000 7fa53ca00700 1 -- 172.21.15.120:0/2560175606 shutdown_connections
2024-05-14T09:07:46.109 INFO:teuthology.orchestra.run.smithi120.stdout:/usr/bin/ceph: stderr
2024-05-14T09:07:44.828+0000 7fa53ca00700 1 -- 172.21.15.120:0/2560175606 wait complete.
2024-05-14T09:07:46.109 INFO:teuthology.orchestra.run.smithi120.stdout:/usr/bin/ceph: stderr
2024-05-14T09:07:44.829+0000 7fa53ca00700 1 Processor -- start
2024-05-14T09:07:46.109 INFO:teuthology.orchestra.run.smithi120.stdout:/usr/bin/ceph: stderr
2024-05-14T09:07:44.829+0000 7fa53ca00700 1 -- start start
2024-05-14T09:07:46.109 INFO:teuthology.orchestra.run.smithi120.stdout:/usr/bin/ceph: stderr
2024-05-14T09:07:44.829+0000 7fa53ca00700 1 --2- >> [v2:172.21.15.120:3300/0,v1:172.21.15.120:6789/0] conn(0x7fa53807e960 0x7fa53807d170 unknown :-1 s=NONE pgs=0 cs=0 l=1 rev1=0 crypto rx=0 tx=0 comp rx=0 tx=0).connect
2024-05-14T09:07:46.109 INFO:teuthology.orchestra.run.smithi120.stdout:/usr/bin/ceph: stderr
2024-05-14T09:07:44.829+0000 7fa53ca00700 1 -- --> [v2:172.21.15.120:3300/0,v1:172.21.15.120:6789/0] -- mon_getmap magic: 0 -- 0x7fa53810dd80 con 0x7fa53807e960
2024-05-14T09:07:46.109 INFO:teuthology.orchestra.run.smithi120.stdout:/usr/bin/ceph: stderr
2024-05-14T09:07:44.830+0000 7fa535e00700 1 --2- >> [v2:172.21.15.120:3300/0,v1:172.21.15.120:6789/0] conn(0x7fa53807e960 0x7fa53807d170 unknown :-1 s=BANNER_CONNECTING pgs=0 cs=0 l=1 rev1=0 crypto rx=0 tx=0 comp rx=0 tx=0)._handle_peer_banner_payload supported=3 required=0
2024-05-14T09:07:46.109 INFO:teuthology.orchestra.run.smithi120.stdout:/usr/bin/ceph: stderr
2024-05-14T09:07:44.830+0000 7fa535e00700 1 --2- >> [v2:172.21.15.120:3300/0,v1:172.21.15.120:6789/0] conn(0x7fa53807e960 0x7fa53807d170 unknown :-1 s=HELLO_CONNECTING pgs=0 cs=0 l=1 rev1=1 crypto rx=0 tx=0 comp rx=0 tx=0).handle_hello peer v2:172.21.15.120:3300/0 says I am v2:172.21.15.120:38544/0 (socket says 172.21.15.120:38544)
2024-05-14T09:07:46.109 INFO:teuthology.orchestra.run.smithi120.stdout:/usr/bin/ceph: stderr
2024-05-14T09:07:44.830+0000 7fa535e00700 1 -- 172.21.15.120:0/363516469 learned_addr learned my addr 172.21.15.120:0/363516469 (peer_addr_for_me v2:172.21.15.120:0/0)
2024-05-14T09:07:46.109 INFO:teuthology.orchestra.run.smithi120.stdout:/usr/bin/ceph: stderr
2024-05-14T09:07:44.830+0000 7fa535e00700 1 -- 172.21.15.120:0/363516469 --> [v2:172.21.15.120:3300/0,v1:172.21.15.120:6789/0] -- mon_subscribe({config=0+,monmap=0+}) -- 0x7fa53807edd0 con 0x7fa53807e960
2024-05-14T09:07:46.109 INFO:teuthology.orchestra.run.smithi120.stdout:/usr/bin/ceph: stderr
2024-05-14T09:07:44.830+0000 7fa535e00700 1 --2- 172.21.15.120:0/363516469 >> [v2:172.21.15.120:3300/0,v1:172.21.15.120:6789/0] conn(0x7fa53807e960 0x7fa53807d170 secure :-1 s=READY pgs=73 cs=0 l=1 rev1=1 crypto rx=0x7fa5280098a0 tx=0x7fa528012f00 comp rx=0 tx=0).ready entity=mon.0 client_cookie=0 server_cookie=0 in_seq=0 out_seq=0
2024-05-14T09:07:46.109 INFO:teuthology.orchestra.run.smithi120.stdout:/usr/bin/ceph: stderr
2024-05-14T09:07:44.831+0000 7fa52ea00700 1 -- 172.21.15.120:0/363516469 <== mon.0 v2:172.21.15.120:3300/0 1 ==== mon_map magic: 0 ==== 205+0+0 (secure 0 0 0) 0x7fa528011900 con 0x7fa53807e960
2024-05-14T09:07:46.109 INFO:teuthology.orchestra.run.smithi120.stdout:/usr/bin/ceph: stderr
2024-05-14T09:07:44.831+0000 7fa52ea00700 1 -- 172.21.15.120:0/363516469 <== mon.0 v2:172.21.15.120:3300/0 2 ==== config(25 keys) ==== 1063+0+0 (secure 0 0 0) 0x7fa528003b30 con 0x7fa53807e960
2024-05-14T09:07:46.109 INFO:teuthology.orchestra.run.smithi120.stdout:/usr/bin/ceph: stderr
2024-05-14T09:07:44.831+0000 7fa53ca00700 1 -- 172.21.15.120:0/363516469 --> [v2:172.21.15.120:3300/0,v1:172.21.15.120:6789/0] -- mon_subscribe({mgrmap=0+}) -- 0x7fa53807f060 con 0x7fa53807e960
2024-05-14T09:07:46.110 INFO:teuthology.orchestra.run.smithi120.stdout:/usr/bin/ceph: stderr
2024-05-14T09:07:44.831+0000 7fa53ca00700 1 -- 172.21.15.120:0/363516469 --> [v2:172.21.15.120:3300/0,v1:172.21.15.120:6789/0] -- mon_subscribe({osdmap=0}) -- 0x7fa53807d9c0 con 0x7fa53807e960
2024-05-14T09:07:46.110 INFO:teuthology.orchestra.run.smithi120.stdout:/usr/bin/ceph: stderr
2024-05-14T09:07:44.831+0000 7fa52ea00700 1 -- 172.21.15.120:0/363516469 <== mon.0 v2:172.21.15.120:3300/0 3 ==== mon_map magic: 0 ==== 205+0+0 (secure 0 0 0) 0x7fa52801bbf0 con 0x7fa53807e960
2024-05-14T09:07:46.110 INFO:teuthology.orchestra.run.smithi120.stdout:/usr/bin/ceph: stderr
2024-05-14T09:07:44.832+0000 7fa52ea00700 1 -- 172.21.15.120:0/363516469 <== mon.0 v2:172.21.15.120:3300/0 4 ==== mgrmap(e 12) ==== 50235+0+0 (secure 0 0 0) 0x7fa52801c450 con 0x7fa53807e960
2024-05-14T09:07:46.110 INFO:teuthology.orchestra.run.smithi120.stdout:/usr/bin/ceph: stderr
2024-05-14T09:07:44.832+0000 7fa53ca00700 1 -- 172.21.15.120:0/363516469 --> [v2:172.21.15.120:3300/0,v1:172.21.15.120:6789/0] -- mon_command({"prefix": "get_command_descriptions"} v 0) -- 0x7fa514005360 con 0x7fa53807e960
2024-05-14T09:07:46.110 INFO:teuthology.orchestra.run.smithi120.stdout:/usr/bin/ceph: stderr
2024-05-14T09:07:44.833+0000 7fa52ea00700 1 --2- 172.21.15.120:0/363516469 >> [v2:172.21.15.120:6800/197404993,v1:172.21.15.120:6801/197404993] conn(0x7fa51c03e520 0x7fa51c040a30 unknown :-1 s=NONE pgs=0 cs=0 l=1 rev1=0 crypto rx=0 tx=0 comp rx=0 tx=0).connect
2024-05-14T09:07:46.110 INFO:teuthology.orchestra.run.smithi120.stdout:/usr/bin/ceph: stderr
2024-05-14T09:07:44.833+0000 7fa52ea00700 1 -- 172.21.15.120:0/363516469 <== mon.0 v2:172.21.15.120:3300/0 5 ==== osd_map(3..3 src has 1..3) ==== 1155+0+0 (secure 0 0 0) 0x7fa5280541a0 con 0x7fa53807e960
2024-05-14T09:07:46.110 INFO:teuthology.orchestra.run.smithi120.stdout:/usr/bin/ceph: stderr
2024-05-14T09:07:44.833+0000 7fa52fe00700 1 --2- 172.21.15.120:0/363516469 >> [v2:172.21.15.120:6800/197404993,v1:172.21.15.120:6801/197404993] conn(0x7fa51c03e520 0x7fa51c040a30 unknown :-1 s=BANNER_CONNECTING pgs=0 cs=0 l=1 rev1=0 crypto rx=0 tx=0 comp rx=0 tx=0)._handle_peer_banner_payload supported=3 required=0
2024-05-14T09:07:46.110 INFO:teuthology.orchestra.run.smithi120.stdout:/usr/bin/ceph: stderr
2024-05-14T09:07:44.834+0000 7fa52fe00700 1 --2- 172.21.15.120:0/363516469 >> [v2:172.21.15.120:6800/197404993,v1:172.21.15.120:6801/197404993] conn(0x7fa51c03e520 0x7fa51c040a30 secure :-1 s=READY pgs=8 cs=0 l=1 rev1=1 crypto rx=0x7fa520006fd0 tx=0x7fa520006e40 comp rx=0 tx=0).ready entity=mgr.14152 client_cookie=0 server_cookie=0 in_seq=0 out_seq=0
2024-05-14T09:07:46.110 INFO:teuthology.orchestra.run.smithi120.stdout:/usr/bin/ceph: stderr
2024-05-14T09:07:44.839+0000 7fa52ea00700 1 -- 172.21.15.120:0/363516469 <== mon.0 v2:172.21.15.120:3300/0 6 ==== mon_command_ack([{"prefix": "get_command_descriptions"}]=0 v0) ==== 72+0+191963 (secure 0 0 0) 0x7fa52802a260 con 0x7fa53807e960
2024-05-14T09:07:46.110 INFO:teuthology.orchestra.run.smithi120.stdout:/usr/bin/ceph: stderr
2024-05-14T09:07:45.094+0000 7fa53ca00700 1 -- 172.21.15.120:0/363516469 --> [v2:172.21.15.120:6800/197404993,v1:172.21.15.120:6801/197404993] -- mgr_command(tid 0: {"prefix": "dashboard ac-user-create", "username": "admin", "rolename": "administrator", "force_password": true, "pwd_update_required": true, "target": ["mon-mgr", ""]}) -- 0x7fa514002430 con 0x7fa51c03e520
2024-05-14T09:07:46.110 INFO:teuthology.orchestra.run.smithi120.stdout:/usr/bin/ceph: stderr
2024-05-14T09:07:45.359+0000 7fa52ea00700 1 -- 172.21.15.120:0/363516469 <== mgr.14152 v2:172.21.15.120:6800/197404993 1 ==== mgr_command_reply(tid 0: 0 ) ==== 8+0+252 (secure 0 0 0) 0x7fa514002430 con 0x7fa51c03e520
2024-05-14T09:07:46.110 INFO:teuthology.orchestra.run.smithi120.stdout:/usr/bin/ceph: stderr
2024-05-14T09:07:45.363+0000 7fa53ca00700 1 -- 172.21.15.120:0/363516469 >> [v2:172.21.15.120:6800/197404993,v1:172.21.15.120:6801/197404993] conn(0x7fa51c03e520 msgr2=0x7fa51c040a30 secure :-1 s=STATE_CONNECTION_ESTABLISHED l=1).mark_down
2024-05-14T09:07:46.111 INFO:teuthology.orchestra.run.smithi120.stdout:/usr/bin/ceph: stderr
2024-05-14T09:07:45.363+0000 7fa53ca00700 1 --2- 172.21.15.120:0/363516469 >> [v2:172.21.15.120:6800/197404993,v1:172.21.15.120:6801/197404993] conn(0x7fa51c03e520 0x7fa51c040a30 secure :-1 s=READY pgs=8 cs=0 l=1 rev1=1 crypto rx=0x7fa520006fd0 tx=0x7fa520006e40 comp rx=0 tx=0).stop
2024-05-14T09:07:46.111 INFO:teuthology.orchestra.run.smithi120.stdout:/usr/bin/ceph: stderr
2024-05-14T09:07:45.364+0000 7fa53ca00700 1 -- 172.21.15.120:0/363516469 >> [v2:172.21.15.120:3300/0,v1:172.21.15.120:6789/0] conn(0x7fa53807e960 msgr2=0x7fa53807d170 secure :-1 s=STATE_CONNECTION_ESTABLISHED l=1).mark_down
2024-05-14T09:07:46.111 INFO:teuthology.orchestra.run.smithi120.stdout:/usr/bin/ceph: stderr
2024-05-14T09:07:45.364+0000 7fa53ca00700 1 --2- 172.21.15.120:0/363516469 >> [v2:172.21.15.120:3300/0,v1:172.21.15.120:6789/0] conn(0x7fa53807e960 0x7fa53807d170 secure :-1 s=READY pgs=73 cs=0 l=1 rev1=1 crypto rx=0x7fa5280098a0 tx=0x7fa528012f00 comp rx=0 tx=0).stop
2024-05-14T09:07:46.111 INFO:teuthology.orchestra.run.smithi120.stdout:/usr/bin/ceph: stderr
2024-05-14T09:07:45.364+0000 7fa53ca00700 1 -- 172.21.15.120:0/363516469 shutdown_connections
2024-05-14T09:07:46.111 INFO:teuthology.orchestra.run.smithi120.stdout:/usr/bin/ceph: stderr
2024-05-14T09:07:45.364+0000 7fa53ca00700 1 --2- 172.21.15.120:0/363516469 >> [v2:172.21.15.120:6800/197404993,v1:172.21.15.120:6801/197404993] conn(0x7fa51c03e520 0x7fa51c040a30 unknown :-1 s=CLOSED pgs=8 cs=0 l=1 rev1=1 crypto rx=0 tx=0 comp rx=0 tx=0).stop
2024-05-14T09:07:46.111 INFO:teuthology.orchestra.run.smithi120.stdout:/usr/bin/ceph: stderr
2024-05-14T09:07:45.364+0000 7fa53ca00700 1 --2- 172.21.15.120:0/363516469 >> [v2:172.21.15.120:3300/0,v1:172.21.15.120:6789/0] conn(0x7fa53807e960 0x7fa53807d170 unknown :-1 s=CLOSED pgs=73 cs=0 l=1 rev1=1 crypto rx=0 tx=0 comp rx=0 tx=0).stop
2024-05-14T09:07:46.111 INFO:teuthology.orchestra.run.smithi120.stdout:/usr/bin/ceph: stderr
2024-05-14T09:07:45.364+0000 7fa53ca00700 1 -- 172.21.15.120:0/363516469 >> 172.21.15.120:0/363516469 conn(0x7fa538104f10 msgr2=0x7fa538105ad0 unknown :-1 s=STATE_NONE l=0).mark_down
2024-05-14T09:07:46.111 INFO:teuthology.orchestra.run.smithi120.stdout:/usr/bin/ceph: stderr
2024-05-14T09:07:45.364+0000 7fa53ca00700 1 -- 172.21.15.120:0/363516469 shutdown_connections
2024-05-14T09:07:46.111 INFO:teuthology.orchestra.run.smithi120.stdout:/usr/bin/ceph: stderr
2024-05-14T09:07:45.364+0000 7fa53ca00700 1 -- 172.21.15.120:0/363516469 wait complete.
2024-05-14T09:07:46.111 INFO:teuthology.orchestra.run.smithi120.stdout:Fetching dashboard port number...
2024-05-14T09:07:47.080 INFO:journalctl@ceph.mon.a.smithi120.stdout:May 14 09:07:46 smithi120 ceph-mon[31085]: from='client.14166 -' entity='client.admin' cmd=[{"prefix": "dashboard ac-user-create", "username": "admin", "rolename": "administrator", "force_password": true, "pwd_update_required": true, "target": ["mon-mgr", ""]}]: dispatch
2024-05-14T09:07:48.013 INFO:journalctl@ceph.mon.a.smithi120.stdout:May 14 09:07:47 smithi120 ceph-mon[31085]: mgrmap e13: x(active, since 6s)
2024-05-14T09:07:48.013 INFO:journalctl@ceph.mon.a.smithi120.stdout:May 14 09:07:47 smithi120 ceph-mon[31085]: from='client.? 172.21.15.120:0/217817323' entity='client.admin' cmd=[{"prefix": "config get", "who": "mgr", "key": "mgr/dashboard/ssl_server_port"}]: dispatch
2024-05-14T09:07:48.026 INFO:teuthology.orchestra.run.smithi120.stdout:/usr/bin/ceph: stdout 8443
2024-05-14T09:07:48.026 INFO:teuthology.orchestra.run.smithi120.stdout:/usr/bin/ceph: stderr
2024-05-14T09:07:46.829+0000 7fba7e600700 1 Processor -- start
2024-05-14T09:07:48.026 INFO:teuthology.orchestra.run.smithi120.stdout:/usr/bin/ceph: stderr
2024-05-14T09:07:46.829+0000 7fba7e600700 1 -- start start
2024-05-14T09:07:48.026 INFO:teuthology.orchestra.run.smithi120.stdout:/usr/bin/ceph: stderr
2024-05-14T09:07:46.829+0000 7fba7e600700 1 --2- >> [v2:172.21.15.120:3300/0,v1:172.21.15.120:6789/0] conn(0x7fba7807fff0 0x7fba78080400 unknown :-1 s=NONE pgs=0 cs=0 l=0 rev1=0 crypto rx=0 tx=0 comp rx=0 tx=0).connect
2024-05-14T09:07:48.026 INFO:teuthology.orchestra.run.smithi120.stdout:/usr/bin/ceph: stderr
2024-05-14T09:07:46.829+0000 7fba7e600700 1 -- --> [v2:172.21.15.120:3300/0,v1:172.21.15.120:6789/0] -- mon_getmap magic: 0 -- 0x7fba78080a10 con 0x7fba7807fff0
2024-05-14T09:07:48.026 INFO:teuthology.orchestra.run.smithi120.stdout:/usr/bin/ceph: stderr
2024-05-14T09:07:46.830+0000 7fba77400700 1 --2- >> [v2:172.21.15.120:3300/0,v1:172.21.15.120:6789/0] conn(0x7fba7807fff0 0x7fba78080400 unknown :-1 s=BANNER_CONNECTING pgs=0 cs=0 l=0 rev1=0 crypto rx=0 tx=0 comp rx=0 tx=0)._handle_peer_banner_payload supported=3 required=0
2024-05-14T09:07:48.026 INFO:teuthology.orchestra.run.smithi120.stdout:/usr/bin/ceph: stderr
2024-05-14T09:07:46.830+0000 7fba77400700 1 --2- >> [v2:172.21.15.120:3300/0,v1:172.21.15.120:6789/0] conn(0x7fba7807fff0 0x7fba78080400 unknown :-1 s=HELLO_CONNECTING pgs=0 cs=0 l=0 rev1=1 crypto rx=0 tx=0 comp rx=0 tx=0).handle_hello peer v2:172.21.15.120:3300/0 says I am v2:172.21.15.120:38558/0 (socket says 172.21.15.120:38558)
2024-05-14T09:07:48.026 INFO:teuthology.orchestra.run.smithi120.stdout:/usr/bin/ceph: stderr
2024-05-14T09:07:46.830+0000 7fba77400700 1 -- 172.21.15.120:0/3766081352 learned_addr learned my addr 172.21.15.120:0/3766081352 (peer_addr_for_me v2:172.21.15.120:0/0)
2024-05-14T09:07:48.026 INFO:teuthology.orchestra.run.smithi120.stdout:/usr/bin/ceph: stderr
2024-05-14T09:07:46.830+0000 7fba77400700 1 -- 172.21.15.120:0/3766081352 --> [v2:172.21.15.120:3300/0,v1:172.21.15.120:6789/0] -- mon_subscribe({config=0+,monmap=0+}) -- 0x7fba78081170 con 0x7fba7807fff0
2024-05-14T09:07:48.026 INFO:teuthology.orchestra.run.smithi120.stdout:/usr/bin/ceph: stderr
