2024-05-14T09:07:12.697+0000 7f88faa00700 1 -- 172.21.15.120:0/2367042985 --> [v2:172.21.15.120:3300/0,v1:172.21.15.120:6789/0] -- mon_subscribe({config=0+,monmap=0+}) -- 0x7f88fc109660 con 0x7f88fc10aee0
2024-05-14T09:07:13.602 INFO:teuthology.orchestra.run.smithi120.stdout:/usr/bin/ceph: stderr
2024-05-14T09:07:12.697+0000 7f88faa00700 1 --2- 172.21.15.120:0/2367042985 >> [v2:172.21.15.120:3300/0,v1:172.21.15.120:6789/0] conn(0x7f88fc10aee0 0x7f88fc10b2f0 secure :-1 s=READY pgs=43 cs=0 l=1 rev1=1 crypto rx=0x7f88ec0098a0 tx=0x7f88ec009bb0 comp rx=0 tx=0).ready entity=mon.0 client_cookie=a8bbe618ed12087f server_cookie=0 in_seq=0 out_seq=0
2024-05-14T09:07:13.602 INFO:teuthology.orchestra.run.smithi120.stdout:/usr/bin/ceph: stderr
2024-05-14T09:07:12.697+0000 7f88fa000700 1 -- 172.21.15.120:0/2367042985 <== mon.0 v2:172.21.15.120:3300/0 1 ==== mon_map magic: 0 ==== 205+0+0 (secure 0 0 0) 0x7f88ec004160 con 0x7f88fc10aee0
2024-05-14T09:07:13.602 INFO:teuthology.orchestra.run.smithi120.stdout:/usr/bin/ceph: stderr
2024-05-14T09:07:12.697+0000 7f88fa000700 1 -- 172.21.15.120:0/2367042985 <== mon.0 v2:172.21.15.120:3300/0 2 ==== config(25 keys) ==== 1032+0+0 (secure 0 0 0) 0x7f88ec004300 con 0x7f88fc10aee0
2024-05-14T09:07:13.602 INFO:teuthology.orchestra.run.smithi120.stdout:/usr/bin/ceph: stderr
2024-05-14T09:07:12.697+0000 7f88fa000700 1 -- 172.21.15.120:0/2367042985 <== mon.0 v2:172.21.15.120:3300/0 3 ==== mon_map magic: 0 ==== 205+0+0 (secure 0 0 0) 0x7f88ec0119e0 con 0x7f88fc10aee0
2024-05-14T09:07:13.602 INFO:teuthology.orchestra.run.smithi120.stdout:/usr/bin/ceph: stderr
2024-05-14T09:07:12.698+0000 7f8901600700 1 -- 172.21.15.120:0/2367042985 >> [v2:172.21.15.120:3300/0,v1:172.21.15.120:6789/0] conn(0x7f88fc10aee0 msgr2=0x7f88fc10b2f0 secure :-1 s=STATE_CONNECTION_ESTABLISHED l=1).mark_down
2024-05-14T09:07:13.602 INFO:teuthology.orchestra.run.smithi120.stdout:/usr/bin/ceph: stderr
2024-05-14T09:07:12.698+0000 7f8901600700 1 --2- 172.21.15.120:0/2367042985 >> [v2:172.21.15.120:3300/0,v1:172.21.15.120:6789/0] conn(0x7f88fc10aee0 0x7f88fc10b2f0 secure :-1 s=READY pgs=43 cs=0 l=1 rev1=1 crypto rx=0x7f88ec0098a0 tx=0x7f88ec009bb0 comp rx=0 tx=0).stop
2024-05-14T09:07:13.602 INFO:teuthology.orchestra.run.smithi120.stdout:/usr/bin/ceph: stderr
2024-05-14T09:07:12.698+0000 7f8901600700 1 -- 172.21.15.120:0/2367042985 shutdown_connections
2024-05-14T09:07:13.602 INFO:teuthology.orchestra.run.smithi120.stdout:/usr/bin/ceph: stderr
2024-05-14T09:07:12.698+0000 7f8901600700 1 --2- 172.21.15.120:0/2367042985 >> [v2:172.21.15.120:3300/0,v1:172.21.15.120:6789/0] conn(0x7f88fc10aee0 0x7f88fc10b2f0 unknown :-1 s=CLOSED pgs=43 cs=0 l=1 rev1=1 crypto rx=0 tx=0 comp rx=0 tx=0).stop
2024-05-14T09:07:13.602 INFO:teuthology.orchestra.run.smithi120.stdout:/usr/bin/ceph: stderr
2024-05-14T09:07:12.698+0000 7f8901600700 1 -- 172.21.15.120:0/2367042985 >> 172.21.15.120:0/2367042985 conn(0x7f88fc104f10 msgr2=0x7f88fc1073e0 unknown :-1 s=STATE_NONE l=0).mark_down
2024-05-14T09:07:13.602 INFO:teuthology.orchestra.run.smithi120.stdout:/usr/bin/ceph: stderr
2024-05-14T09:07:12.698+0000 7f8901600700 1 -- 172.21.15.120:0/2367042985 shutdown_connections
2024-05-14T09:07:13.603 INFO:teuthology.orchestra.run.smithi120.stdout:/usr/bin/ceph: stderr
2024-05-14T09:07:12.698+0000 7f8901600700 1 -- 172.21.15.120:0/2367042985 wait complete.
2024-05-14T09:07:13.603 INFO:teuthology.orchestra.run.smithi120.stdout:/usr/bin/ceph: stderr
2024-05-14T09:07:12.699+0000 7f8901600700 1 Processor -- start
2024-05-14T09:07:13.603 INFO:teuthology.orchestra.run.smithi120.stdout:/usr/bin/ceph: stderr
2024-05-14T09:07:12.700+0000 7f8901600700 1 -- start start
2024-05-14T09:07:13.603 INFO:teuthology.orchestra.run.smithi120.stdout:/usr/bin/ceph: stderr
2024-05-14T09:07:12.700+0000 7f8901600700 1 --2- >> [v2:172.21.15.120:3300/0,v1:172.21.15.120:6789/0] conn(0x7f88fc10aee0 0x7f88fc07e9e0 unknown :-1 s=NONE pgs=0 cs=0 l=1 rev1=0 crypto rx=0 tx=0 comp rx=0 tx=0).connect
2024-05-14T09:07:13.603 INFO:teuthology.orchestra.run.smithi120.stdout:/usr/bin/ceph: stderr
2024-05-14T09:07:12.700+0000 7f8901600700 1 -- --> [v2:172.21.15.120:3300/0,v1:172.21.15.120:6789/0] -- mon_getmap magic: 0 -- 0x7f88fc10dd80 con 0x7f88fc10aee0
2024-05-14T09:07:13.603 INFO:teuthology.orchestra.run.smithi120.stdout:/usr/bin/ceph: stderr
2024-05-14T09:07:12.700+0000 7f88faa00700 1 --2- >> [v2:172.21.15.120:3300/0,v1:172.21.15.120:6789/0] conn(0x7f88fc10aee0 0x7f88fc07e9e0 unknown :-1 s=BANNER_CONNECTING pgs=0 cs=0 l=1 rev1=0 crypto rx=0 tx=0 comp rx=0 tx=0)._handle_peer_banner_payload supported=3 required=0
2024-05-14T09:07:13.603 INFO:teuthology.orchestra.run.smithi120.stdout:/usr/bin/ceph: stderr
2024-05-14T09:07:12.700+0000 7f88faa00700 1 --2- >> [v2:172.21.15.120:3300/0,v1:172.21.15.120:6789/0] conn(0x7f88fc10aee0 0x7f88fc07e9e0 unknown :-1 s=HELLO_CONNECTING pgs=0 cs=0 l=1 rev1=1 crypto rx=0 tx=0 comp rx=0 tx=0).handle_hello peer v2:172.21.15.120:3300/0 says I am v2:172.21.15.120:37272/0 (socket says 172.21.15.120:37272)
2024-05-14T09:07:13.603 INFO:teuthology.orchestra.run.smithi120.stdout:/usr/bin/ceph: stderr
2024-05-14T09:07:12.700+0000 7f88faa00700 1 -- 172.21.15.120:0/2139620369 learned_addr learned my addr 172.21.15.120:0/2139620369 (peer_addr_for_me v2:172.21.15.120:0/0)
2024-05-14T09:07:13.603 INFO:teuthology.orchestra.run.smithi120.stdout:/usr/bin/ceph: stderr
2024-05-14T09:07:12.701+0000 7f88faa00700 1 -- 172.21.15.120:0/2139620369 --> [v2:172.21.15.120:3300/0,v1:172.21.15.120:6789/0] -- mon_subscribe({config=0+,monmap=0+}) -- 0x7f88fc07ef20 con 0x7f88fc10aee0
2024-05-14T09:07:13.603 INFO:teuthology.orchestra.run.smithi120.stdout:/usr/bin/ceph: stderr
2024-05-14T09:07:12.701+0000 7f88faa00700 1 --2- 172.21.15.120:0/2139620369 >> [v2:172.21.15.120:3300/0,v1:172.21.15.120:6789/0] conn(0x7f88fc10aee0 0x7f88fc07e9e0 secure :-1 s=READY pgs=44 cs=0 l=1 rev1=1 crypto rx=0x7f88ec0119b0 tx=0x7f88ec011a90 comp rx=0 tx=0).ready entity=mon.0 client_cookie=0 server_cookie=0 in_seq=0 out_seq=0
2024-05-14T09:07:13.603 INFO:teuthology.orchestra.run.smithi120.stdout:/usr/bin/ceph: stderr
2024-05-14T09:07:12.701+0000 7f88f3400700 1 -- 172.21.15.120:0/2139620369 <== mon.0 v2:172.21.15.120:3300/0 1 ==== mon_map magic: 0 ==== 205+0+0 (secure 0 0 0) 0x7f88ec003af0 con 0x7f88fc10aee0
2024-05-14T09:07:13.603 INFO:teuthology.orchestra.run.smithi120.stdout:/usr/bin/ceph: stderr
2024-05-14T09:07:12.701+0000 7f88f3400700 1 -- 172.21.15.120:0/2139620369 <== mon.0 v2:172.21.15.120:3300/0 2 ==== config(25 keys) ==== 1032+0+0 (secure 0 0 0) 0x7f88ec01a8a0 con 0x7f88fc10aee0
2024-05-14T09:07:13.603 INFO:teuthology.orchestra.run.smithi120.stdout:/usr/bin/ceph: stderr
2024-05-14T09:07:12.701+0000 7f8901600700 1 -- 172.21.15.120:0/2139620369 --> [v2:172.21.15.120:3300/0,v1:172.21.15.120:6789/0] -- mon_subscribe({mgrmap=0+}) -- 0x7f88fc07d170 con 0x7f88fc10aee0
2024-05-14T09:07:13.603 INFO:teuthology.orchestra.run.smithi120.stdout:/usr/bin/ceph: stderr
2024-05-14T09:07:12.701+0000 7f88f3400700 1 -- 172.21.15.120:0/2139620369 <== mon.0 v2:172.21.15.120:3300/0 3 ==== mon_map magic: 0 ==== 205+0+0 (secure 0 0 0) 0x7f88ec024780 con 0x7f88fc10aee0
2024-05-14T09:07:13.604 INFO:teuthology.orchestra.run.smithi120.stdout:/usr/bin/ceph: stderr
2024-05-14T09:07:12.701+0000 7f8901600700 1 -- 172.21.15.120:0/2139620369 --> [v2:172.21.15.120:3300/0,v1:172.21.15.120:6789/0] -- mon_subscribe({osdmap=0}) -- 0x7f88fc07d650 con 0x7f88fc10aee0
2024-05-14T09:07:13.604 INFO:teuthology.orchestra.run.smithi120.stdout:/usr/bin/ceph: stderr
2024-05-14T09:07:12.703+0000 7f88f3400700 1 -- 172.21.15.120:0/2139620369 <== mon.0 v2:172.21.15.120:3300/0 4 ==== mgrmap(e 8) ==== 50222+0+0 (secure 0 0 0) 0x7f88ec022020 con 0x7f88fc10aee0
2024-05-14T09:07:13.604 INFO:teuthology.orchestra.run.smithi120.stdout:/usr/bin/ceph: stderr
2024-05-14T09:07:12.703+0000 7f8901600700 1 -- 172.21.15.120:0/2139620369 --> [v2:172.21.15.120:3300/0,v1:172.21.15.120:6789/0] -- mon_command({"prefix": "get_command_descriptions"} v 0) -- 0x7f88fc064e20 con 0x7f88fc10aee0
2024-05-14T09:07:13.604 INFO:teuthology.orchestra.run.smithi120.stdout:/usr/bin/ceph: stderr
2024-05-14T09:07:12.703+0000 7f88f3400700 1 --2- 172.21.15.120:0/2139620369 >> [v2:172.21.15.120:6800/975840748,v1:172.21.15.120:6801/975840748] conn(0x7f88e003e470 0x7f88e0040980 unknown :-1 s=NONE pgs=0 cs=0 l=1 rev1=0 crypto rx=0 tx=0 comp rx=0 tx=0).connect
2024-05-14T09:07:13.604 INFO:teuthology.orchestra.run.smithi120.stdout:/usr/bin/ceph: stderr
2024-05-14T09:07:12.703+0000 7f88f3400700 1 -- 172.21.15.120:0/2139620369 <== mon.0 v2:172.21.15.120:3300/0 5 ==== osd_map(2..2 src has 1..2) ==== 940+0+0 (secure 0 0 0) 0x7f88ec053960 con 0x7f88fc10aee0
2024-05-14T09:07:13.604 INFO:teuthology.orchestra.run.smithi120.stdout:/usr/bin/ceph: stderr
2024-05-14T09:07:12.704+0000 7f88f3e00700 1 --2- 172.21.15.120:0/2139620369 >> [v2:172.21.15.120:6800/975840748,v1:172.21.15.120:6801/975840748] conn(0x7f88e003e470 0x7f88e0040980 unknown :-1 s=BANNER_CONNECTING pgs=0 cs=0 l=1 rev1=0 crypto rx=0 tx=0 comp rx=0 tx=0)._handle_peer_banner_payload supported=3 required=0
2024-05-14T09:07:13.604 INFO:teuthology.orchestra.run.smithi120.stdout:/usr/bin/ceph: stderr
2024-05-14T09:07:12.704+0000 7f88f3e00700 1 --2- 172.21.15.120:0/2139620369 >> [v2:172.21.15.120:6800/975840748,v1:172.21.15.120:6801/975840748] conn(0x7f88e003e470 0x7f88e0040980 secure :-1 s=READY pgs=10 cs=0 l=1 rev1=1 crypto rx=0x7f88e4006fd0 tx=0x7f88e4006e40 comp rx=0 tx=0).ready entity=mgr.14120 client_cookie=0 server_cookie=0 in_seq=0 out_seq=0
2024-05-14T09:07:13.604 INFO:teuthology.orchestra.run.smithi120.stdout:/usr/bin/ceph: stderr
2024-05-14T09:07:12.710+0000 7f88f3400700 1 -- 172.21.15.120:0/2139620369 <== mon.0 v2:172.21.15.120:3300/0 6 ==== mon_command_ack([{"prefix": "get_command_descriptions"}]=0 v0) ==== 72+0+191963 (secure 0 0 0) 0x7f88ec01aa50 con 0x7f88fc10aee0
2024-05-14T09:07:13.604 INFO:teuthology.orchestra.run.smithi120.stdout:/usr/bin/ceph: stderr
2024-05-14T09:07:12.945+0000 7f8901600700 1 -- 172.21.15.120:0/2139620369 --> [v2:172.21.15.120:6800/975840748,v1:172.21.15.120:6801/975840748] -- mgr_command(tid 0: {"prefix": "cephadm get-pub-key", "target": ["mon-mgr", ""]}) -- 0x7f88fc07dcf0 con 0x7f88e003e470
2024-05-14T09:07:13.604 INFO:teuthology.orchestra.run.smithi120.stdout:/usr/bin/ceph: stderr
2024-05-14T09:07:12.946+0000 7f88f3400700 1 -- 172.21.15.120:0/2139620369 <== mgr.14120 v2:172.21.15.120:6800/975840748 1 ==== mgr_command_reply(tid 0: 0 ) ==== 8+0+595 (secure 0 0 0) 0x7f88fc07dcf0 con 0x7f88e003e470
2024-05-14T09:07:13.604 INFO:teuthology.orchestra.run.smithi120.stdout:/usr/bin/ceph: stderr
2024-05-14T09:07:12.949+0000 7f8901600700 1 -- 172.21.15.120:0/2139620369 >> [v2:172.21.15.120:6800/975840748,v1:172.21.15.120:6801/975840748] conn(0x7f88e003e470 msgr2=0x7f88e0040980 secure :-1 s=STATE_CONNECTION_ESTABLISHED l=1).mark_down
2024-05-14T09:07:13.604 INFO:teuthology.orchestra.run.smithi120.stdout:/usr/bin/ceph: stderr
2024-05-14T09:07:12.949+0000 7f8901600700 1 --2- 172.21.15.120:0/2139620369 >> [v2:172.21.15.120:6800/975840748,v1:172.21.15.120:6801/975840748] conn(0x7f88e003e470 0x7f88e0040980 secure :-1 s=READY pgs=10 cs=0 l=1 rev1=1 crypto rx=0x7f88e4006fd0 tx=0x7f88e4006e40 comp rx=0 tx=0).stop
2024-05-14T09:07:13.604 INFO:teuthology.orchestra.run.smithi120.stdout:/usr/bin/ceph: stderr
2024-05-14T09:07:12.949+0000 7f8901600700 1 -- 172.21.15.120:0/2139620369 >> [v2:172.21.15.120:3300/0,v1:172.21.15.120:6789/0] conn(0x7f88fc10aee0 msgr2=0x7f88fc07e9e0 secure :-1 s=STATE_CONNECTION_ESTABLISHED l=1).mark_down
2024-05-14T09:07:13.604 INFO:teuthology.orchestra.run.smithi120.stdout:/usr/bin/ceph: stderr
2024-05-14T09:07:12.949+0000 7f8901600700 1 --2- 172.21.15.120:0/2139620369 >> [v2:172.21.15.120:3300/0,v1:172.21.15.120:6789/0] conn(0x7f88fc10aee0 0x7f88fc07e9e0 secure :-1 s=READY pgs=44 cs=0 l=1 rev1=1 crypto rx=0x7f88ec0119b0 tx=0x7f88ec011a90 comp rx=0 tx=0).stop
2024-05-14T09:07:13.605 INFO:teuthology.orchestra.run.smithi120.stdout:/usr/bin/ceph: stderr
2024-05-14T09:07:12.950+0000 7f8901600700 1 -- 172.21.15.120:0/2139620369 shutdown_connections
2024-05-14T09:07:13.605 INFO:teuthology.orchestra.run.smithi120.stdout:/usr/bin/ceph: stderr
2024-05-14T09:07:12.950+0000 7f8901600700 1 --2- 172.21.15.120:0/2139620369 >> [v2:172.21.15.120:6800/975840748,v1:172.21.15.120:6801/975840748] conn(0x7f88e003e470 0x7f88e0040980 unknown :-1 s=CLOSED pgs=10 cs=0 l=1 rev1=1 crypto rx=0 tx=0 comp rx=0 tx=0).stop
2024-05-14T09:07:13.605 INFO:teuthology.orchestra.run.smithi120.stdout:/usr/bin/ceph: stderr
2024-05-14T09:07:12.950+0000 7f8901600700 1 --2- 172.21.15.120:0/2139620369 >> [v2:172.21.15.120:3300/0,v1:172.21.15.120:6789/0] conn(0x7f88fc10aee0 0x7f88fc07e9e0 unknown :-1 s=CLOSED pgs=44 cs=0 l=1 rev1=1 crypto rx=0 tx=0 comp rx=0 tx=0).stop
2024-05-14T09:07:13.605 INFO:teuthology.orchestra.run.smithi120.stdout:/usr/bin/ceph: stderr
2024-05-14T09:07:12.950+0000 7f8901600700 1 -- 172.21.15.120:0/2139620369 >> 172.21.15.120:0/2139620369 conn(0x7f88fc104f10 msgr2=0x7f88fc1058b0 unknown :-1 s=STATE_NONE l=0).mark_down
2024-05-14T09:07:13.605 INFO:teuthology.orchestra.run.smithi120.stdout:/usr/bin/ceph: stderr
2024-05-14T09:07:12.950+0000 7f8901600700 1 -- 172.21.15.120:0/2139620369 shutdown_connections
2024-05-14T09:07:13.605 INFO:teuthology.orchestra.run.smithi120.stdout:/usr/bin/ceph: stderr
2024-05-14T09:07:12.950+0000 7f8901600700 1 -- 172.21.15.120:0/2139620369 wait complete.
2024-05-14T09:07:13.605 INFO:teuthology.orchestra.run.smithi120.stdout:Wrote public SSH key to /home/ubuntu/cephtest/ceph.pub
2024-05-14T09:07:13.605 INFO:teuthology.orchestra.run.smithi120.stdout:Adding key to root@localhost authorized_keys...
2024-05-14T09:07:13.606 INFO:teuthology.orchestra.run.smithi120.stdout:Adding host smithi120...
2024-05-14T09:07:13.881 INFO:journalctl@ceph.mon.a.smithi120.stdout:May 14 09:07:13 smithi120 ceph-mon[31085]: from='client.14138 -' entity='client.admin' cmd=[{"prefix": "cephadm get-pub-key", "target": ["mon-mgr", ""]}]: dispatch
2024-05-14T09:07:14.832 INFO:journalctl@ceph.mon.a.smithi120.stdout:May 14 09:07:14 smithi120 ceph-mon[31085]: from='client.14140 -' entity='client.admin' cmd=[{"prefix": "orch host add", "hostname": "smithi120", "addr": "172.21.15.120", "target": ["mon-mgr", ""]}]: dispatch
2024-05-14T09:07:16.884 INFO:journalctl@ceph.mon.a.smithi120.stdout:May 14 09:07:16 smithi120 ceph-mon[31085]: Deploying cephadm binary to smithi120
2024-05-14T09:07:20.974 INFO:teuthology.orchestra.run.smithi120.stdout:/usr/bin/ceph: stdout Added host 'smithi120' with addr '172.21.15.120'
2024-05-14T09:07:20.974 INFO:teuthology.orchestra.run.smithi120.stdout:/usr/bin/ceph: stderr
2024-05-14T09:07:14.259+0000 7eff2a800700 1 Processor -- start
2024-05-14T09:07:20.974 INFO:teuthology.orchestra.run.smithi120.stdout:/usr/bin/ceph: stderr
2024-05-14T09:07:14.260+0000 7eff2a800700 1 -- start start
2024-05-14T09:07:20.974 INFO:teuthology.orchestra.run.smithi120.stdout:/usr/bin/ceph: stderr
2024-05-14T09:07:14.260+0000 7eff2a800700 1 --2- >> [v2:172.21.15.120:3300/0,v1:172.21.15.120:6789/0] conn(0x7eff2407edd0 0x7eff2407d1f0 unknown :-1 s=NONE pgs=0 cs=0 l=0 rev1=0 crypto rx=0 tx=0 comp rx=0 tx=0).connect
2024-05-14T09:07:20.974 INFO:teuthology.orchestra.run.smithi120.stdout:/usr/bin/ceph: stderr
2024-05-14T09:07:14.260+0000 7eff2a800700 1 -- --> [v2:172.21.15.120:3300/0,v1:172.21.15.120:6789/0] -- mon_getmap magic: 0 -- 0x7eff2407d7c0 con 0x7eff2407edd0
2024-05-14T09:07:20.974 INFO:teuthology.orchestra.run.smithi120.stdout:/usr/bin/ceph: stderr
2024-05-14T09:07:14.261+0000 7eff23400700 1 --2- >> [v2:172.21.15.120:3300/0,v1:172.21.15.120:6789/0] conn(0x7eff2407edd0 0x7eff2407d1f0 unknown :-1 s=BANNER_CONNECTING pgs=0 cs=0 l=0 rev1=0 crypto rx=0 tx=0 comp rx=0 tx=0)._handle_peer_banner_payload supported=3 required=0
2024-05-14T09:07:20.975 INFO:teuthology.orchestra.run.smithi120.stdout:/usr/bin/ceph: stderr
2024-05-14T09:07:14.261+0000 7eff23400700 1 --2- >> [v2:172.21.15.120:3300/0,v1:172.21.15.120:6789/0] conn(0x7eff2407edd0 0x7eff2407d1f0 unknown :-1 s=HELLO_CONNECTING pgs=0 cs=0 l=0 rev1=1 crypto rx=0 tx=0 comp rx=0 tx=0).handle_hello peer v2:172.21.15.120:3300/0 says I am v2:172.21.15.120:37274/0 (socket says 172.21.15.120:37274)
2024-05-14T09:07:20.975 INFO:teuthology.orchestra.run.smithi120.stdout:/usr/bin/ceph: stderr
2024-05-14T09:07:14.261+0000 7eff23400700 1 -- 172.21.15.120:0/1341643865 learned_addr learned my addr 172.21.15.120:0/1341643865 (peer_addr_for_me v2:172.21.15.120:0/0)
2024-05-14T09:07:20.975 INFO:teuthology.orchestra.run.smithi120.stdout:/usr/bin/ceph: stderr
2024-05-14T09:07:14.261+0000 7eff23400700 1 -- 172.21.15.120:0/1341643865 --> [v2:172.21.15.120:3300/0,v1:172.21.15.120:6789/0] -- mon_subscribe({config=0+,monmap=0+}) -- 0x7eff2407d940 con 0x7eff2407edd0
2024-05-14T09:07:20.975 INFO:teuthology.orchestra.run.smithi120.stdout:/usr/bin/ceph: stderr
2024-05-14T09:07:14.261+0000 7eff23400700 1 --2- 172.21.15.120:0/1341643865 >> [v2:172.21.15.120:3300/0,v1:172.21.15.120:6789/0] conn(0x7eff2407edd0 0x7eff2407d1f0 secure :-1 s=READY pgs=45 cs=0 l=1 rev1=1 crypto rx=0x7eff140098a0 tx=0x7eff14009bb0 comp rx=0 tx=0).ready entity=mon.0 client_cookie=4f10a7546072b8a server_cookie=0 in_seq=0 out_seq=0
2024-05-14T09:07:20.975 INFO:teuthology.orchestra.run.smithi120.stdout:/usr/bin/ceph: stderr
2024-05-14T09:07:14.262+0000 7eff22a00700 1 -- 172.21.15.120:0/1341643865 <== mon.0 v2:172.21.15.120:3300/0 1 ==== mon_map magic: 0 ==== 205+0+0 (secure 0 0 0) 0x7eff14004160 con 0x7eff2407edd0
2024-05-14T09:07:20.975 INFO:teuthology.orchestra.run.smithi120.stdout:/usr/bin/ceph: stderr
2024-05-14T09:07:14.262+0000 7eff22a00700 1 -- 172.21.15.120:0/1341643865 <== mon.0 v2:172.21.15.120:3300/0 2 ==== config(25 keys) ==== 1032+0+0 (secure 0 0 0) 0x7eff14004300 con 0x7eff2407edd0
2024-05-14T09:07:20.975 INFO:teuthology.orchestra.run.smithi120.stdout:/usr/bin/ceph: stderr
2024-05-14T09:07:14.262+0000 7eff22a00700 1 -- 172.21.15.120:0/1341643865 <== mon.0 v2:172.21.15.120:3300/0 3 ==== mon_map magic: 0 ==== 205+0+0 (secure 0 0 0) 0x7eff140119e0 con 0x7eff2407edd0
2024-05-14T09:07:20.975 INFO:teuthology.orchestra.run.smithi120.stdout:/usr/bin/ceph: stderr
2024-05-14T09:07:14.263+0000 7eff2a800700 1 -- 172.21.15.120:0/1341643865 >> [v2:172.21.15.120:3300/0,v1:172.21.15.120:6789/0] conn(0x7eff2407edd0 msgr2=0x7eff2407d1f0 secure :-1 s=STATE_CONNECTION_ESTABLISHED l=1).mark_down
2024-05-14T09:07:20.975 INFO:teuthology.orchestra.run.smithi120.stdout:/usr/bin/ceph: stderr
2024-05-14T09:07:14.263+0000 7eff2a800700 1 --2- 172.21.15.120:0/1341643865 >> [v2:172.21.15.120:3300/0,v1:172.21.15.120:6789/0] conn(0x7eff2407edd0 0x7eff2407d1f0 secure :-1 s=READY pgs=45 cs=0 l=1 rev1=1 crypto rx=0x7eff140098a0 tx=0x7eff14009bb0 comp rx=0 tx=0).stop
2024-05-14T09:07:20.975 INFO:teuthology.orchestra.run.smithi120.stdout:/usr/bin/ceph: stderr
2024-05-14T09:07:14.263+0000 7eff2a800700 1 -- 172.21.15.120:0/1341643865 shutdown_connections
2024-05-14T09:07:20.975 INFO:teuthology.orchestra.run.smithi120.stdout:/usr/bin/ceph: stderr
2024-05-14T09:07:14.263+0000 7eff2a800700 1 --2- 172.21.15.120:0/1341643865 >> [v2:172.21.15.120:3300/0,v1:172.21.15.120:6789/0] conn(0x7eff2407edd0 0x7eff2407d1f0 unknown :-1 s=CLOSED pgs=45 cs=0 l=1 rev1=1 crypto rx=0 tx=0 comp rx=0 tx=0).stop
2024-05-14T09:07:20.975 INFO:teuthology.orchestra.run.smithi120.stdout:/usr/bin/ceph: stderr
2024-05-14T09:07:14.263+0000 7eff2a800700 1 -- 172.21.15.120:0/1341643865 >> 172.21.15.120:0/1341643865 conn(0x7eff24104f10 msgr2=0x7eff241073e0 unknown :-1 s=STATE_NONE l=0).mark_down
2024-05-14T09:07:20.975 INFO:teuthology.orchestra.run.smithi120.stdout:/usr/bin/ceph: stderr
2024-05-14T09:07:14.263+0000 7eff2a800700 1 -- 172.21.15.120:0/1341643865 shutdown_connections
2024-05-14T09:07:20.975 INFO:teuthology.orchestra.run.smithi120.stdout:/usr/bin/ceph: stderr
2024-05-14T09:07:14.263+0000 7eff2a800700 1 -- 172.21.15.120:0/1341643865 wait complete.
2024-05-14T09:07:20.976 INFO:teuthology.orchestra.run.smithi120.stdout:/usr/bin/ceph: stderr
2024-05-14T09:07:14.264+0000 7eff2a800700 1 Processor -- start
2024-05-14T09:07:20.976 INFO:teuthology.orchestra.run.smithi120.stdout:/usr/bin/ceph: stderr
2024-05-14T09:07:14.264+0000 7eff2a800700 1 -- start start
2024-05-14T09:07:20.976 INFO:teuthology.orchestra.run.smithi120.stdout:/usr/bin/ceph: stderr
2024-05-14T09:07:14.265+0000 7eff2a800700 1 --2- >> [v2:172.21.15.120:3300/0,v1:172.21.15.120:6789/0] conn(0x7eff2407edd0 0x7eff2419fef0 unknown :-1 s=NONE pgs=0 cs=0 l=1 rev1=0 crypto rx=0 tx=0 comp rx=0 tx=0).connect
2024-05-14T09:07:20.976 INFO:teuthology.orchestra.run.smithi120.stdout:/usr/bin/ceph: stderr
2024-05-14T09:07:14.265+0000 7eff2a800700 1 -- --> [v2:172.21.15.120:3300/0,v1:172.21.15.120:6789/0] -- mon_getmap magic: 0 -- 0x7eff2410fee0 con 0x7eff2407edd0
2024-05-14T09:07:20.976 INFO:teuthology.orchestra.run.smithi120.stdout:/usr/bin/ceph: stderr
2024-05-14T09:07:14.265+0000 7eff23400700 1 --2- >> [v2:172.21.15.120:3300/0,v1:172.21.15.120:6789/0] conn(0x7eff2407edd0 0x7eff2419fef0 unknown :-1 s=BANNER_CONNECTING pgs=0 cs=0 l=1 rev1=0 crypto rx=0 tx=0 comp rx=0 tx=0)._handle_peer_banner_payload supported=3 required=0
2024-05-14T09:07:20.976 INFO:teuthology.orchestra.run.smithi120.stdout:/usr/bin/ceph: stderr
2024-05-14T09:07:14.265+0000 7eff23400700 1 --2- >> [v2:172.21.15.120:3300/0,v1:172.21.15.120:6789/0] conn(0x7eff2407edd0 0x7eff2419fef0 unknown :-1 s=HELLO_CONNECTING pgs=0 cs=0 l=1 rev1=1 crypto rx=0 tx=0 comp rx=0 tx=0).handle_hello peer v2:172.21.15.120:3300/0 says I am v2:172.21.15.120:37280/0 (socket says 172.21.15.120:37280)
2024-05-14T09:07:20.976 INFO:teuthology.orchestra.run.smithi120.stdout:/usr/bin/ceph: stderr
2024-05-14T09:07:14.265+0000 7eff23400700 1 -- 172.21.15.120:0/3181498830 learned_addr learned my addr 172.21.15.120:0/3181498830 (peer_addr_for_me v2:172.21.15.120:0/0)
2024-05-14T09:07:20.976 INFO:teuthology.orchestra.run.smithi120.stdout:/usr/bin/ceph: stderr
2024-05-14T09:07:14.265+0000 7eff23400700 1 -- 172.21.15.120:0/3181498830 --> [v2:172.21.15.120:3300/0,v1:172.21.15.120:6789/0] -- mon_subscribe({config=0+,monmap=0+}) -- 0x7eff241a0430 con 0x7eff2407edd0
2024-05-14T09:07:20.976 INFO:teuthology.orchestra.run.smithi120.stdout:/usr/bin/ceph: stderr
2024-05-14T09:07:14.266+0000 7eff23400700 1 --2- 172.21.15.120:0/3181498830 >> [v2:172.21.15.120:3300/0,v1:172.21.15.120:6789/0] conn(0x7eff2407edd0 0x7eff2419fef0 secure :-1 s=READY pgs=46 cs=0 l=1 rev1=1 crypto rx=0x7eff140119b0 tx=0x7eff14011a90 comp rx=0 tx=0).ready entity=mon.0 client_cookie=0 server_cookie=0 in_seq=0 out_seq=0
2024-05-14T09:07:20.976 INFO:teuthology.orchestra.run.smithi120.stdout:/usr/bin/ceph: stderr
2024-05-14T09:07:14.266+0000 7eff20c00700 1 -- 172.21.15.120:0/3181498830 <== mon.0 v2:172.21.15.120:3300/0 1 ==== mon_map magic: 0 ==== 205+0+0 (secure 0 0 0) 0x7eff14003af0 con 0x7eff2407edd0
2024-05-14T09:07:20.976 INFO:teuthology.orchestra.run.smithi120.stdout:/usr/bin/ceph: stderr
2024-05-14T09:07:14.266+0000 7eff20c00700 1 -- 172.21.15.120:0/3181498830 <== mon.0 v2:172.21.15.120:3300/0 2 ==== config(25 keys) ==== 1032+0+0 (secure 0 0 0) 0x7eff1401a8a0 con 0x7eff2407edd0
2024-05-14T09:07:20.976 INFO:teuthology.orchestra.run.smithi120.stdout:/usr/bin/ceph: stderr
2024-05-14T09:07:14.266+0000 7eff2a800700 1 -- 172.21.15.120:0/3181498830 --> [v2:172.21.15.120:3300/0,v1:172.21.15.120:6789/0] -- mon_subscribe({mgrmap=0+}) -- 0x7eff241a06c0 con 0x7eff2407edd0
2024-05-14T09:07:20.976 INFO:teuthology.orchestra.run.smithi120.stdout:/usr/bin/ceph: stderr
2024-05-14T09:07:14.266+0000 7eff20c00700 1 -- 172.21.15.120:0/3181498830 <== mon.0 v2:172.21.15.120:3300/0 3 ==== mon_map magic: 0 ==== 205+0+0 (secure 0 0 0) 0x7eff14024830 con 0x7eff2407edd0
2024-05-14T09:07:20.976 INFO:teuthology.orchestra.run.smithi120.stdout:/usr/bin/ceph: stderr
2024-05-14T09:07:14.266+0000 7eff2a800700 1 -- 172.21.15.120:0/3181498830 --> [v2:172.21.15.120:3300/0,v1:172.21.15.120:6789/0] -- mon_subscribe({osdmap=0}) -- 0x7eff241a32d0 con 0x7eff2407edd0
2024-05-14T09:07:20.976 INFO:teuthology.orchestra.run.smithi120.stdout:/usr/bin/ceph: stderr
2024-05-14T09:07:14.268+0000 7eff20c00700 1 -- 172.21.15.120:0/3181498830 <== mon.0 v2:172.21.15.120:3300/0 4 ==== mgrmap(e 8) ==== 50222+0+0 (secure 0 0 0) 0x7eff14022020 con 0x7eff2407edd0
2024-05-14T09:07:20.977 INFO:teuthology.orchestra.run.smithi120.stdout:/usr/bin/ceph: stderr
2024-05-14T09:07:14.268+0000 7eff2a800700 1 -- 172.21.15.120:0/3181498830 --> [v2:172.21.15.120:3300/0,v1:172.21.15.120:6789/0] -- mon_command({"prefix": "get_command_descriptions"} v 0) -- 0x7eff24064e20 con 0x7eff2407edd0
2024-05-14T09:07:20.977 INFO:teuthology.orchestra.run.smithi120.stdout:/usr/bin/ceph: stderr
2024-05-14T09:07:14.268+0000 7eff20c00700 1 --2- 172.21.15.120:0/3181498830 >> [v2:172.21.15.120:6800/975840748,v1:172.21.15.120:6801/975840748] conn(0x7eff0803e4c0 0x7eff080409d0 unknown :-1 s=NONE pgs=0 cs=0 l=1 rev1=0 crypto rx=0 tx=0 comp rx=0 tx=0).connect
2024-05-14T09:07:20.977 INFO:teuthology.orchestra.run.smithi120.stdout:/usr/bin/ceph: stderr
2024-05-14T09:07:14.268+0000 7eff20c00700 1 -- 172.21.15.120:0/3181498830 <== mon.0 v2:172.21.15.120:3300/0 5 ==== osd_map(2..2 src has 1..2) ==== 940+0+0 (secure 0 0 0) 0x7eff14053900 con 0x7eff2407edd0
2024-05-14T09:07:20.977 INFO:teuthology.orchestra.run.smithi120.stdout:/usr/bin/ceph: stderr
2024-05-14T09:07:14.269+0000 7eff1aa00700 1 --2- 172.21.15.120:0/3181498830 >> [v2:172.21.15.120:6800/975840748,v1:172.21.15.120:6801/975840748] conn(0x7eff0803e4c0 0x7eff080409d0 unknown :-1 s=BANNER_CONNECTING pgs=0 cs=0 l=1 rev1=0 crypto rx=0 tx=0 comp rx=0 tx=0)._handle_peer_banner_payload supported=3 required=0
2024-05-14T09:07:20.977 INFO:teuthology.orchestra.run.smithi120.stdout:/usr/bin/ceph: stderr
2024-05-14T09:07:14.269+0000 7eff1aa00700 1 --2- 172.21.15.120:0/3181498830 >> [v2:172.21.15.120:6800/975840748,v1:172.21.15.120:6801/975840748] conn(0x7eff0803e4c0 0x7eff080409d0 secure :-1 s=READY pgs=11 cs=0 l=1 rev1=1 crypto rx=0x7eff0c006fd0 tx=0x7eff0c006e40 comp rx=0 tx=0).ready entity=mgr.14120 client_cookie=0 server_cookie=0 in_seq=0 out_seq=0
2024-05-14T09:07:20.977 INFO:teuthology.orchestra.run.smithi120.stdout:/usr/bin/ceph: stderr
2024-05-14T09:07:14.274+0000 7eff20c00700 1 -- 172.21.15.120:0/3181498830 <== mon.0 v2:172.21.15.120:3300/0 6 ==== mon_command_ack([{"prefix": "get_command_descriptions"}]=0 v0) ==== 72+0+191963 (secure 0 0 0) 0x7eff1400b3e0 con 0x7eff2407edd0
2024-05-14T09:07:20.977 INFO:teuthology.orchestra.run.smithi120.stdout:/usr/bin/ceph: stderr
2024-05-14T09:07:14.506+0000 7eff2a800700 1 -- 172.21.15.120:0/3181498830 --> [v2:172.21.15.120:6800/975840748,v1:172.21.15.120:6801/975840748] -- mgr_command(tid 0: {"prefix": "orch host add", "hostname": "smithi120", "addr": "172.21.15.120", "target": ["mon-mgr", ""]}) -- 0x7eff24106030 con 0x7eff0803e4c0
2024-05-14T09:07:20.977 INFO:teuthology.orchestra.run.smithi120.stdout:/usr/bin/ceph: stderr
2024-05-14T09:07:20.301+0000 7eff20c00700 1 -- 172.21.15.120:0/3181498830 <== mgr.14120 v2:172.21.15.120:6800/975840748 1 ==== mgr_command_reply(tid 0: 0 ) ==== 8+0+49 (secure 0 0 0) 0x7eff24106030 con 0x7eff0803e4c0
2024-05-14T09:07:20.977 INFO:teuthology.orchestra.run.smithi120.stdout:/usr/bin/ceph: stderr
2024-05-14T09:07:20.305+0000 7eff2a800700 1 -- 172.21.15.120:0/3181498830 >> [v2:172.21.15.120:6800/975840748,v1:172.21.15.120:6801/975840748] conn(0x7eff0803e4c0 msgr2=0x7eff080409d0 secure :-1 s=STATE_CONNECTION_ESTABLISHED l=1).mark_down
2024-05-14T09:07:20.977 INFO:teuthology.orchestra.run.smithi120.stdout:/usr/bin/ceph: stderr
2024-05-14T09:07:20.305+0000 7eff2a800700 1 --2- 172.21.15.120:0/3181498830 >> [v2:172.21.15.120:6800/975840748,v1:172.21.15.120:6801/975840748] conn(0x7eff0803e4c0 0x7eff080409d0 secure :-1 s=READY pgs=11 cs=0 l=1 rev1=1 crypto rx=0x7eff0c006fd0 tx=0x7eff0c006e40 comp rx=0 tx=0).stop
2024-05-14T09:07:20.977 INFO:teuthology.orchestra.run.smithi120.stdout:/usr/bin/ceph: stderr
2024-05-14T09:07:20.305+0000 7eff2a800700 1 -- 172.21.15.120:0/3181498830 >> [v2:172.21.15.120:3300/0,v1:172.21.15.120:6789/0] conn(0x7eff2407edd0 msgr2=0x7eff2419fef0 secure :-1 s=STATE_CONNECTION_ESTABLISHED l=1).mark_down
2024-05-14T09:07:20.977 INFO:teuthology.orchestra.run.smithi120.stdout:/usr/bin/ceph: stderr
2024-05-14T09:07:20.305+0000 7eff2a800700 1 --2- 172.21.15.120:0/3181498830 >> [v2:172.21.15.120:3300/0,v1:172.21.15.120:6789/0] conn(0x7eff2407edd0 0x7eff2419fef0 secure :-1 s=READY pgs=46 cs=0 l=1 rev1=1 crypto rx=0x7eff140119b0 tx=0x7eff14011a90 comp rx=0 tx=0).stop
2024-05-14T09:07:20.977 INFO:teuthology.orchestra.run.smithi120.stdout:/usr/bin/ceph: stderr
2024-05-14T09:07:20.305+0000 7eff2a800700 1 -- 172.21.15.120:0/3181498830 shutdown_connections
2024-05-14T09:07:20.978 INFO:teuthology.orchestra.run.smithi120.stdout:/usr/bin/ceph: stderr
2024-05-14T09:07:20.305+0000 7eff2a800700 1 --2- 172.21.15.120:0/3181498830 >> [v2:172.21.15.120:6800/975840748,v1:172.21.15.120:6801/975840748] conn(0x7eff0803e4c0 0x7eff080409d0 unknown :-1 s=CLOSED pgs=11 cs=0 l=1 rev1=1 crypto rx=0 tx=0 comp rx=0 tx=0).stop
2024-05-14T09:07:20.978 INFO:teuthology.orchestra.run.smithi120.stdout:/usr/bin/ceph: stderr
2024-05-14T09:07:20.305+0000 7eff2a800700 1 --2- 172.21.15.120:0/3181498830 >> [v2:172.21.15.120:3300/0,v1:172.21.15.120:6789/0] conn(0x7eff2407edd0 0x7eff2419fef0 unknown :-1 s=CLOSED pgs=46 cs=0 l=1 rev1=1 crypto rx=0 tx=0 comp rx=0 tx=0).stop
2024-05-14T09:07:20.978 INFO:teuthology.orchestra.run.smithi120.stdout:/usr/bin/ceph: stderr
2024-05-14T09:07:20.305+0000 7eff2a800700 1 -- 172.21.15.120:0/3181498830 >> 172.21.15.120:0/3181498830 conn(0x7eff24104f10 msgr2=0x7eff241058a0 unknown :-1 s=STATE_NONE l=0).mark_down
2024-05-14T09:07:20.978 INFO:teuthology.orchestra.run.smithi120.stdout:/usr/bin/ceph: stderr
2024-05-14T09:07:20.306+0000 7eff2a800700 1 -- 172.21.15.120:0/3181498830 shutdown_connections
2024-05-14T09:07:20.978 INFO:teuthology.orchestra.run.smithi120.stdout:/usr/bin/ceph: stderr
2024-05-14T09:07:20.306+0000 7eff2a800700 1 -- 172.21.15.120:0/3181498830 wait complete.
2024-05-14T09:07:20.978 INFO:teuthology.orchestra.run.smithi120.stdout:Deploying unmanaged mon service...
2024-05-14T09:07:21.592 INFO:journalctl@ceph.mon.a.smithi120.stdout:May 14 09:07:21 smithi120 ceph-mon[31085]: from='mgr.14120 172.21.15.120:0/3571312812' entity='mgr.x'
2024-05-14T09:07:21.592 INFO:journalctl@ceph.mon.a.smithi120.stdout:May 14 09:07:21 smithi120 ceph-mon[31085]: Added host smithi120
2024-05-14T09:07:21.592 INFO:journalctl@ceph.mon.a.smithi120.stdout:May 14 09:07:21 smithi120 ceph-mon[31085]: from='mgr.14120 172.21.15.120:0/3571312812' entity='mgr.x' cmd=[{"prefix": "config dump", "format": "json"}]: dispatch
2024-05-14T09:07:22.819 INFO:teuthology.orchestra.run.smithi120.stdout:/usr/bin/ceph: stdout Scheduled mon update...
2024-05-14T09:07:22.820 INFO:teuthology.orchestra.run.smithi120.stdout:/usr/bin/ceph: stderr
2024-05-14T09:07:21.682+0000 7fd08c400700 1 Processor -- start
2024-05-14T09:07:22.821 INFO:teuthology.orchestra.run.smithi120.stdout:/usr/bin/ceph: stderr
2024-05-14T09:07:21.683+0000 7fd08c400700 1 -- start start
2024-05-14T09:07:22.821 INFO:teuthology.orchestra.run.smithi120.stdout:/usr/bin/ceph: stderr
2024-05-14T09:07:21.683+0000 7fd08c400700 1 --2- >> [v2:172.21.15.120:3300/0,v1:172.21.15.120:6789/0] conn(0x7fd08410bb10 0x7fd08410bf20 unknown :-1 s=NONE pgs=0 cs=0 l=0 rev1=0 crypto rx=0 tx=0 comp rx=0 tx=0).connect
2024-05-14T09:07:22.821 INFO:teuthology.orchestra.run.smithi120.stdout:/usr/bin/ceph: stderr
2024-05-14T09:07:21.683+0000 7fd08c400700 1 -- --> [v2:172.21.15.120:3300/0,v1:172.21.15.120:6789/0] -- mon_getmap magic: 0 -- 0x7fd08410c510 con 0x7fd08410bb10
2024-05-14T09:07:22.821 INFO:teuthology.orchestra.run.smithi120.stdout:/usr/bin/ceph: stderr
2024-05-14T09:07:21.684+0000 7fd089a00700 1 --2- >> [v2:172.21.15.120:3300/0,v1:172.21.15.120:6789/0] conn(0x7fd08410bb10 0x7fd08410bf20 unknown :-1 s=BANNER_CONNECTING pgs=0 cs=0 l=0 rev1=0 crypto rx=0 tx=0 comp rx=0 tx=0)._handle_peer_banner_payload supported=3 required=0
2024-05-14T09:07:22.821 INFO:teuthology.orchestra.run.smithi120.stdout:/usr/bin/ceph: stderr
2024-05-14T09:07:21.684+0000 7fd089a00700 1 --2- >> [v2:172.21.15.120:3300/0,v1:172.21.15.120:6789/0] conn(0x7fd08410bb10 0x7fd08410bf20 unknown :-1 s=HELLO_CONNECTING pgs=0 cs=0 l=0 rev1=1 crypto rx=0 tx=0 comp rx=0 tx=0).handle_hello peer v2:172.21.15.120:3300/0 says I am v2:172.21.15.120:49634/0 (socket says 172.21.15.120:49634)
2024-05-14T09:07:22.821 INFO:teuthology.orchestra.run.smithi120.stdout:/usr/bin/ceph: stderr
2024-05-14T09:07:21.684+0000 7fd089a00700 1 -- 172.21.15.120:0/2417120537 learned_addr learned my addr 172.21.15.120:0/2417120537 (peer_addr_for_me v2:172.21.15.120:0/0)
2024-05-14T09:07:22.821 INFO:teuthology.orchestra.run.smithi120.stdout:/usr/bin/ceph: stderr
2024-05-14T09:07:21.684+0000 7fd089a00700 1 -- 172.21.15.120:0/2417120537 --> [v2:172.21.15.120:3300/0,v1:172.21.15.120:6789/0] -- mon_subscribe({config=0+,monmap=0+}) -- 0x7fd08410cc40 con 0x7fd08410bb10
2024-05-14T09:07:22.821 INFO:teuthology.orchestra.run.smithi120.stdout:/usr/bin/ceph: stderr
2024-05-14T09:07:21.685+0000 7fd089a00700 1 --2- 172.21.15.120:0/2417120537 >> [v2:172.21.15.120:3300/0,v1:172.21.15.120:6789/0] conn(0x7fd08410bb10 0x7fd08410bf20 secure :-1 s=READY pgs=47 cs=0 l=1 rev1=1 crypto rx=0x7fd0780098a0 tx=0x7fd078009bb0 comp rx=0 tx=0).ready entity=mon.0 client_cookie=c92e8511758dca69 server_cookie=0 in_seq=0 out_seq=0
2024-05-14T09:07:22.821 INFO:teuthology.orchestra.run.smithi120.stdout:/usr/bin/ceph: stderr
2024-05-14T09:07:21.685+0000 7fd083e00700 1 -- 172.21.15.120:0/2417120537 <== mon.0 v2:172.21.15.120:3300/0 1 ==== mon_map magic: 0 ==== 205+0+0 (secure 0 0 0) 0x7fd078004160 con 0x7fd08410bb10
2024-05-14T09:07:22.821 INFO:teuthology.orchestra.run.smithi120.stdout:/usr/bin/ceph: stderr
2024-05-14T09:07:21.685+0000 7fd083e00700 1 -- 172.21.15.120:0/2417120537 <== mon.0 v2:172.21.15.120:3300/0 2 ==== config(25 keys) ==== 1032+0+0 (secure 0 0 0) 0x7fd078004300 con 0x7fd08410bb10
2024-05-14T09:07:22.821 INFO:teuthology.orchestra.run.smithi120.stdout:/usr/bin/ceph: stderr
2024-05-14T09:07:21.685+0000 7fd083e00700 1 -- 172.21.15.120:0/2417120537 <== mon.0 v2:172.21.15.120:3300/0 3 ==== mon_map magic: 0 ==== 205+0+0 (secure 0 0 0) 0x7fd0780119e0 con 0x7fd08410bb10
2024-05-14T09:07:22.821 INFO:teuthology.orchestra.run.smithi120.stdout:/usr/bin/ceph: stderr
2024-05-14T09:07:21.686+0000 7fd08c400700 1 -- 172.21.15.120:0/2417120537 >> [v2:172.21.15.120:3300/0,v1:172.21.15.120:6789/0] conn(0x7fd08410bb10 msgr2=0x7fd08410bf20 secure :-1 s=STATE_CONNECTION_ESTABLISHED l=1).mark_down
2024-05-14T09:07:22.826 INFO:teuthology.orchestra.run.smithi120.stdout:/usr/bin/ceph: stderr
2024-05-14T09:07:21.686+0000 7fd08c400700 1 --2- 172.21.15.120:0/2417120537 >> [v2:172.21.15.120:3300/0,v1:172.21.15.120:6789/0] conn(0x7fd08410bb10 0x7fd08410bf20 secure :-1 s=READY pgs=47 cs=0 l=1 rev1=1 crypto rx=0x7fd0780098a0 tx=0x7fd078009bb0 comp rx=0 tx=0).stop
2024-05-14T09:07:22.826 INFO:teuthology.orchestra.run.smithi120.stdout:/usr/bin/ceph: stderr
2024-05-14T09:07:21.686+0000 7fd08c400700 1 -- 172.21.15.120:0/2417120537 shutdown_connections
2024-05-14T09:07:22.826 INFO:teuthology.orchestra.run.smithi120.stdout:/usr/bin/ceph: stderr
2024-05-14T09:07:21.686+0000 7fd08c400700 1 --2- 172.21.15.120:0/2417120537 >> [v2:172.21.15.120:3300/0,v1:172.21.15.120:6789/0] conn(0x7fd08410bb10 0x7fd08410bf20 unknown :-1 s=CLOSED pgs=47 cs=0 l=1 rev1=1 crypto rx=0 tx=0 comp rx=0 tx=0).stop
2024-05-14T09:07:22.826 INFO:teuthology.orchestra.run.smithi120.stdout:/usr/bin/ceph: stderr
2024-05-14T09:07:21.686+0000 7fd08c400700 1 -- 172.21.15.120:0/2417120537 >> 172.21.15.120:0/2417120537 conn(0x7fd084107430 msgr2=0x7fd084109850 unknown :-1 s=STATE_NONE l=0).mark_down
2024-05-14T09:07:22.826 INFO:teuthology.orchestra.run.smithi120.stdout:/usr/bin/ceph: stderr
2024-05-14T09:07:21.686+0000 7fd08c400700 1 -- 172.21.15.120:0/2417120537 shutdown_connections
2024-05-14T09:07:22.826 INFO:teuthology.orchestra.run.smithi120.stdout:/usr/bin/ceph: stderr
2024-05-14T09:07:21.686+0000 7fd08c400700 1 -- 172.21.15.120:0/2417120537 wait complete.
2024-05-14T09:07:22.826 INFO:teuthology.orchestra.run.smithi120.stdout:/usr/bin/ceph: stderr
2024-05-14T09:07:21.687+0000 7fd08c400700 1 Processor -- start
2024-05-14T09:07:22.826 INFO:teuthology.orchestra.run.smithi120.stdout:/usr/bin/ceph: stderr
2024-05-14T09:07:21.687+0000 7fd08c400700 1 -- start start
2024-05-14T09:07:22.826 INFO:teuthology.orchestra.run.smithi120.stdout:/usr/bin/ceph: stderr
2024-05-14T09:07:21.688+0000 7fd08c400700 1 --2- >> [v2:172.21.15.120:3300/0,v1:172.21.15.120:6789/0] conn(0x7fd08410bb10 0x7fd08419fde0 unknown :-1 s=NONE pgs=0 cs=0 l=1 rev1=0 crypto rx=0 tx=0 comp rx=0 tx=0).connect
2024-05-14T09:07:22.826 INFO:teuthology.orchestra.run.smithi120.stdout:/usr/bin/ceph: stderr
2024-05-14T09:07:21.688+0000 7fd08c400700 1 -- --> [v2:172.21.15.120:3300/0,v1:172.21.15.120:6789/0] -- mon_getmap magic: 0 -- 0x7fd08410fe70 con 0x7fd08410bb10
2024-05-14T09:07:22.827 INFO:teuthology.orchestra.run.smithi120.stdout:/usr/bin/ceph: stderr
2024-05-14T09:07:21.688+0000 7fd089a00700 1 --2- >> [v2:172.21.15.120:3300/0,v1:172.21.15.120:6789/0] conn(0x7fd08410bb10 0x7fd08419fde0 unknown :-1 s=BANNER_CONNECTING pgs=0 cs=0 l=1 rev1=0 crypto rx=0 tx=0 comp rx=0 tx=0)._handle_peer_banner_payload supported=3 required=0
2024-05-14T09:07:22.827 INFO:teuthology.orchestra.run.smithi120.stdout:/usr/bin/ceph: stderr
2024-05-14T09:07:21.688+0000 7fd089a00700 1 --2- >> [v2:172.21.15.120:3300/0,v1:172.21.15.120:6789/0] conn(0x7fd08410bb10 0x7fd08419fde0 unknown :-1 s=HELLO_CONNECTING pgs=0 cs=0 l=1 rev1=1 crypto rx=0 tx=0 comp rx=0 tx=0).handle_hello peer v2:172.21.15.120:3300/0 says I am v2:172.21.15.120:49636/0 (socket says 172.21.15.120:49636)
2024-05-14T09:07:22.827 INFO:teuthology.orchestra.run.smithi120.stdout:/usr/bin/ceph: stderr
2024-05-14T09:07:21.688+0000 7fd089a00700 1 -- 172.21.15.120:0/3410340427 learned_addr learned my addr 172.21.15.120:0/3410340427 (peer_addr_for_me v2:172.21.15.120:0/0)
2024-05-14T09:07:22.827 INFO:teuthology.orchestra.run.smithi120.stdout:/usr/bin/ceph: stderr
2024-05-14T09:07:21.689+0000 7fd089a00700 1 -- 172.21.15.120:0/3410340427 --> [v2:172.21.15.120:3300/0,v1:172.21.15.120:6789/0] -- mon_subscribe({config=0+,monmap=0+}) -- 0x7fd0841a0320 con 0x7fd08410bb10
2024-05-14T09:07:22.827 INFO:teuthology.orchestra.run.smithi120.stdout:/usr/bin/ceph: stderr
2024-05-14T09:07:21.689+0000 7fd089a00700 1 --2- 172.21.15.120:0/3410340427 >> [v2:172.21.15.120:3300/0,v1:172.21.15.120:6789/0] conn(0x7fd08410bb10 0x7fd08419fde0 secure :-1 s=READY pgs=48 cs=0 l=1 rev1=1 crypto rx=0x7fd0780119b0 tx=0x7fd078011a90 comp rx=0 tx=0).ready entity=mon.0 client_cookie=0 server_cookie=0 in_seq=0 out_seq=0
2024-05-14T09:07:22.827 INFO:teuthology.orchestra.run.smithi120.stdout:/usr/bin/ceph: stderr
2024-05-14T09:07:21.689+0000 7fd082000700 1 -- 172.21.15.120:0/3410340427 <== mon.0 v2:172.21.15.120:3300/0 1 ==== mon_map magic: 0 ==== 205+0+0 (secure 0 0 0) 0x7fd078003970 con 0x7fd08410bb10
2024-05-14T09:07:22.827 INFO:teuthology.orchestra.run.smithi120.stdout:/usr/bin/ceph: stderr
2024-05-14T09:07:21.689+0000 7fd082000700 1 -- 172.21.15.120:0/3410340427 <== mon.0 v2:172.21.15.120:3300/0 2 ==== config(25 keys) ==== 1032+0+0 (secure 0 0 0) 0x7fd078003b10 con 0x7fd08410bb10
2024-05-14T09:07:22.827 INFO:teuthology.orchestra.run.smithi120.stdout:/usr/bin/ceph: stderr
2024-05-14T09:07:21.689+0000 7fd08c400700 1 -- 172.21.15.120:0/3410340427 --> [v2:172.21.15.120:3300/0,v1:172.21.15.120:6789/0] -- mon_subscribe({mgrmap=0+}) -- 0x7fd0841a05b0 con 0x7fd08410bb10
2024-05-14T09:07:22.827 INFO:teuthology.orchestra.run.smithi120.stdout:/usr/bin/ceph: stderr
2024-05-14T09:07:21.690+0000 7fd082000700 1 -- 172.21.15.120:0/3410340427 <== mon.0 v2:172.21.15.120:3300/0 3 ==== mon_map magic: 0 ==== 205+0+0 (secure 0 0 0) 0x7fd078024610 con 0x7fd08410bb10
2024-05-14T09:07:22.827 INFO:teuthology.orchestra.run.smithi120.stdout:/usr/bin/ceph: stderr
2024-05-14T09:07:21.690+0000 7fd08c400700 1 -- 172.21.15.120:0/3410340427 --> [v2:172.21.15.120:3300/0,v1:172.21.15.120:6789/0] -- mon_subscribe({osdmap=0}) -- 0x7fd0841a31c0 con 0x7fd08410bb10
2024-05-14T09:07:22.827 INFO:teuthology.orchestra.run.smithi120.stdout:/usr/bin/ceph: stderr
2024-05-14T09:07:21.691+0000 7fd08c400700 1 -- 172.21.15.120:0/3410340427 --> [v2:172.21.15.120:3300/0,v1:172.21.15.120:6789/0] -- mon_command({"prefix": "get_command_descriptions"} v 0) -- 0x7fd084064e20 con 0x7fd08410bb10
2024-05-14T09:07:22.827 INFO:teuthology.orchestra.run.smithi120.stdout:/usr/bin/ceph: stderr
2024-05-14T09:07:21.691+0000 7fd082000700 1 -- 172.21.15.120:0/3410340427 <== mon.0 v2:172.21.15.120:3300/0 4 ==== mgrmap(e 8) ==== 50222+0+0 (secure 0 0 0) 0x7fd07801a430 con 0x7fd08410bb10
2024-05-14T09:07:22.827 INFO:teuthology.orchestra.run.smithi120.stdout:/usr/bin/ceph: stderr
2024-05-14T09:07:21.691+0000 7fd082000700 1 --2- 172.21.15.120:0/3410340427 >> [v2:172.21.15.120:6800/975840748,v1:172.21.15.120:6801/975840748] conn(0x7fd06c03e4c0 0x7fd06c0409d0 unknown :-1 s=NONE pgs=0 cs=0 l=1 rev1=0 crypto rx=0 tx=0 comp rx=0 tx=0).connect
2024-05-14T09:07:22.828 INFO:teuthology.orchestra.run.smithi120.stdout:/usr/bin/ceph: stderr
2024-05-14T09:07:21.692+0000 7fd082000700 1 -- 172.21.15.120:0/3410340427 <== mon.0 v2:172.21.15.120:3300/0 5 ==== osd_map(2..2 src has 1..2) ==== 940+0+0 (secure 0 0 0) 0x7fd0780539d0 con 0x7fd08410bb10
2024-05-14T09:07:22.828 INFO:teuthology.orchestra.run.smithi120.stdout:/usr/bin/ceph: stderr
2024-05-14T09:07:21.692+0000 7fd089000700 1 --2- 172.21.15.120:0/3410340427 >> [v2:172.21.15.120:6800/975840748,v1:172.21.15.120:6801/975840748] conn(0x7fd06c03e4c0 0x7fd06c0409d0 unknown :-1 s=BANNER_CONNECTING pgs=0 cs=0 l=1 rev1=0 crypto rx=0 tx=0 comp rx=0 tx=0)._handle_peer_banner_payload supported=3 required=0
2024-05-14T09:07:22.828 INFO:teuthology.orchestra.run.smithi120.stdout:/usr/bin/ceph: stderr
2024-05-14T09:07:21.692+0000 7fd089000700 1 --2- 172.21.15.120:0/3410340427 >> [v2:172.21.15.120:6800/975840748,v1:172.21.15.120:6801/975840748] conn(0x7fd06c03e4c0 0x7fd06c0409d0 secure :-1 s=READY pgs=12 cs=0 l=1 rev1=1 crypto rx=0x7fd070006fd0 tx=0x7fd070006e40 comp rx=0 tx=0).ready entity=mgr.14120 client_cookie=0 server_cookie=0 in_seq=0 out_seq=0
2024-05-14T09:07:22.828 INFO:teuthology.orchestra.run.smithi120.stdout:/usr/bin/ceph: stderr
2024-05-14T09:07:21.698+0000 7fd082000700 1 -- 172.21.15.120:0/3410340427 <== mon.0 v2:172.21.15.120:3300/0 6 ==== mon_command_ack([{"prefix": "get_command_descriptions"}]=0 v0) ==== 72+0+191963 (secure 0 0 0) 0x7fd0780212a0 con 0x7fd08410bb10
2024-05-14T09:07:22.828 INFO:teuthology.orchestra.run.smithi120.stdout:/usr/bin/ceph: stderr
2024-05-14T09:07:21.953+0000 7fd08c400700 1 -- 172.21.15.120:0/3410340427 --> [v2:172.21.15.120:6800/975840748,v1:172.21.15.120:6801/975840748] -- mgr_command(tid 0: {"prefix": "orch apply", "service_type": "mon", "unmanaged": true, "target": ["mon-mgr", ""]}) -- 0x7fd0841093c0 con 0x7fd06c03e4c0
2024-05-14T09:07:22.828 INFO:teuthology.orchestra.run.smithi120.stdout:/usr/bin/ceph: stderr
2024-05-14T09:07:21.962+0000 7fd082000700 1 -- 172.21.15.120:0/3410340427 <== mgr.14120 v2:172.21.15.120:6800/975840748 1 ==== mgr_command_reply(tid 0: 0 ) ==== 8+0+24 (secure 0 0 0) 0x7fd0841093c0 con 0x7fd06c03e4c0
2024-05-14T09:07:22.828 INFO:teuthology.orchestra.run.smithi120.stdout:/usr/bin/ceph: stderr
2024-05-14T09:07:21.965+0000 7fd08c400700 1 -- 172.21.15.120:0/3410340427 >> [v2:172.21.15.120:6800/975840748,v1:172.21.15.120:6801/975840748] conn(0x7fd06c03e4c0 msgr2=0x7fd06c0409d0 secure :-1 s=STATE_CONNECTION_ESTABLISHED l=1).mark_down
2024-05-14T09:07:22.828 INFO:teuthology.orchestra.run.smithi120.stdout:/usr/bin/ceph: stderr
2024-05-14T09:07:21.965+0000 7fd08c400700 1 --2- 172.21.15.120:0/3410340427 >> [v2:172.21.15.120:6800/975840748,v1:172.21.15.120:6801/975840748] conn(0x7fd06c03e4c0 0x7fd06c0409d0 secure :-1 s=READY pgs=12 cs=0 l=1 rev1=1 crypto rx=0x7fd070006fd0 tx=0x7fd070006e40 comp rx=0 tx=0).stop
2024-05-14T09:07:22.828 INFO:teuthology.orchestra.run.smithi120.stdout:/usr/bin/ceph: stderr
2024-05-14T09:07:21.965+0000 7fd08c400700 1 -- 172.21.15.120:0/3410340427 >> [v2:172.21.15.120:3300/0,v1:172.21.15.120:6789/0] conn(0x7fd08410bb10 msgr2=0x7fd08419fde0 secure :-1 s=STATE_CONNECTION_ESTABLISHED l=1).mark_down
2024-05-14T09:07:22.828 INFO:teuthology.orchestra.run.smithi120.stdout:/usr/bin/ceph: stderr
2024-05-14T09:07:21.965+0000 7fd08c400700 1 --2- 172.21.15.120:0/3410340427 >> [v2:172.21.15.120:3300/0,v1:172.21.15.120:6789/0] conn(0x7fd08410bb10 0x7fd08419fde0 secure :-1 s=READY pgs=48 cs=0 l=1 rev1=1 crypto rx=0x7fd0780119b0 tx=0x7fd078011a90 comp rx=0 tx=0).stop
2024-05-14T09:07:22.828 INFO:teuthology.orchestra.run.smithi120.stdout:/usr/bin/ceph: stderr
2024-05-14T09:07:21.965+0000 7fd08c400700 1 -- 172.21.15.120:0/3410340427 shutdown_connections
2024-05-14T09:07:22.828 INFO:teuthology.orchestra.run.smithi120.stdout:/usr/bin/ceph: stderr
2024-05-14T09:07:21.965+0000 7fd08c400700 1 --2- 172.21.15.120:0/3410340427 >> [v2:172.21.15.120:6800/975840748,v1:172.21.15.120:6801/975840748] conn(0x7fd06c03e4c0 0x7fd06c0409d0 unknown :-1 s=CLOSED pgs=12 cs=0 l=1 rev1=1 crypto rx=0 tx=0 comp rx=0 tx=0).stop
2024-05-14T09:07:22.828 INFO:teuthology.orchestra.run.smithi120.stdout:/usr/bin/ceph: stderr
2024-05-14T09:07:21.965+0000 7fd08c400700 1 --2- 172.21.15.120:0/3410340427 >> [v2:172.21.15.120:3300/0,v1:172.21.15.120:6789/0] conn(0x7fd08410bb10 0x7fd08419fde0 unknown :-1 s=CLOSED pgs=48 cs=0 l=1 rev1=1 crypto rx=0 tx=0 comp rx=0 tx=0).stop
2024-05-14T09:07:22.829 INFO:teuthology.orchestra.run.smithi120.stdout:/usr/bin/ceph: stderr
2024-05-14T09:07:21.965+0000 7fd08c400700 1 -- 172.21.15.120:0/3410340427 >> 172.21.15.120:0/3410340427 conn(0x7fd084107430 msgr2=0x7fd084108cb0 unknown :-1 s=STATE_NONE l=0).mark_down
2024-05-14T09:07:22.829 INFO:teuthology.orchestra.run.smithi120.stdout:/usr/bin/ceph: stderr
2024-05-14T09:07:21.965+0000 7fd08c400700 1 -- 172.21.15.120:0/3410340427 shutdown_connections
2024-05-14T09:07:22.829 INFO:teuthology.orchestra.run.smithi120.stdout:/usr/bin/ceph: stderr
2024-05-14T09:07:21.966+0000 7fd08c400700 1 -- 172.21.15.120:0/3410340427 wait complete.
2024-05-14T09:07:22.829 INFO:teuthology.orchestra.run.smithi120.stdout:Deploying unmanaged mgr service...
2024-05-14T09:07:23.134 INFO:journalctl@ceph.mon.a.smithi120.stdout:May 14 09:07:22 smithi120 ceph-mon[31085]: from='client.14142 -' entity='client.admin' cmd=[{"prefix": "orch apply", "service_type": "mon", "unmanaged": true, "target": ["mon-mgr", ""]}]: dispatch
2024-05-14T09:07:23.134 INFO:journalctl@ceph.mon.a.smithi120.stdout:May 14 09:07:22 smithi120 ceph-mon[31085]: Saving service mon spec with placement count:5
2024-05-14T09:07:23.134 INFO:journalctl@ceph.mon.a.smithi120.stdout:May 14 09:07:22 smithi120 ceph-mon[31085]: from='mgr.14120 172.21.15.120:0/3571312812' entity='mgr.x'
2024-05-14T09:07:24.799 INFO:teuthology.orchestra.run.smithi120.stdout:/usr/bin/ceph: stdout Scheduled mgr update...
2024-05-14T09:07:24.799 INFO:teuthology.orchestra.run.smithi120.stdout:/usr/bin/ceph: stderr
2024-05-14T09:07:23.760+0000 7fd0e0e00700 1 Processor -- start
2024-05-14T09:07:24.799 INFO:teuthology.orchestra.run.smithi120.stdout:/usr/bin/ceph: stderr
2024-05-14T09:07:23.760+0000 7fd0e0e00700 1 -- start start
2024-05-14T09:07:24.799 INFO:teuthology.orchestra.run.smithi120.stdout:/usr/bin/ceph: stderr
2024-05-14T09:07:23.761+0000 7fd0e0e00700 1 --2- >> [v2:172.21.15.120:3300/0,v1:172.21.15.120:6789/0] conn(0x7fd0dc07edd0 0x7fd0dc07d1f0 unknown :-1 s=NONE pgs=0 cs=0 l=0 rev1=0 crypto rx=0 tx=0 comp rx=0 tx=0).connect
2024-05-14T09:07:24.799 INFO:teuthology.orchestra.run.smithi120.stdout:/usr/bin/ceph: stderr
2024-05-14T09:07:23.761+0000 7fd0e0e00700 1 -- --> [v2:172.21.15.120:3300/0,v1:172.21.15.120:6789/0] -- mon_getmap magic: 0 -- 0x7fd0dc07d7c0 con 0x7fd0dc07edd0
2024-05-14T09:07:24.799 INFO:teuthology.orchestra.run.smithi120.stdout:/usr/bin/ceph: stderr
2024-05-14T09:07:23.761+0000 7fd0d9e00700 1 --2- >> [v2:172.21.15.120:3300/0,v1:172.21.15.120:6789/0] conn(0x7fd0dc07edd0 0x7fd0dc07d1f0 unknown :-1 s=BANNER_CONNECTING pgs=0 cs=0 l=0 rev1=0 crypto rx=0 tx=0 comp rx=0 tx=0)._handle_peer_banner_payload supported=3 required=0
2024-05-14T09:07:24.799 INFO:teuthology.orchestra.run.smithi120.stdout:/usr/bin/ceph: stderr
2024-05-14T09:07:23.761+0000 7fd0d9e00700 1 --2- >> [v2:172.21.15.120:3300/0,v1:172.21.15.120:6789/0] conn(0x7fd0dc07edd0 0x7fd0dc07d1f0 unknown :-1 s=HELLO_CONNECTING pgs=0 cs=0 l=0 rev1=1 crypto rx=0 tx=0 comp rx=0 tx=0).handle_hello peer v2:172.21.15.120:3300/0 says I am v2:172.21.15.120:49644/0 (socket says 172.21.15.120:49644)
2024-05-14T09:07:24.799 INFO:teuthology.orchestra.run.smithi120.stdout:/usr/bin/ceph: stderr
2024-05-14T09:07:23.762+0000 7fd0d9e00700 1 -- 172.21.15.120:0/1025895415 learned_addr learned my addr 172.21.15.120:0/1025895415 (peer_addr_for_me v2:172.21.15.120:0/0)
2024-05-14T09:07:24.799 INFO:teuthology.orchestra.run.smithi120.stdout:/usr/bin/ceph: stderr
2024-05-14T09:07:23.762+0000 7fd0d9e00700 1 -- 172.21.15.120:0/1025895415 --> [v2:172.21.15.120:3300/0,v1:172.21.15.120:6789/0] -- mon_subscribe({config=0+,monmap=0+}) -- 0x7fd0dc07d940 con 0x7fd0dc07edd0
2024-05-14T09:07:24.799 INFO:teuthology.orchestra.run.smithi120.stdout:/usr/bin/ceph: stderr
